213.153.47.173 - - [24/Sep/2019:08:21:41 +0200] "GET /images/title_border.jpg HTTP/1.1" 200 304 "http://renault.activities.at/css/styles.css" "Mozilla/5.0 (Windows NT 10.0; Win64; x64; rv:69.0) Gecko/20100101 Firefox/69.0"
213.153.47.173 - - [24/Sep/2019:08:21:41 +0200] "GET /images/title_border_top.jpg HTTP/1.1" 200 336 "http://renault.activities.at/css/styles.css" "Mozilla/5.0 (Windows NT 10.0; Win64; x64; rv:69.0) Gecko/20100101 Firefox/69.0"
213.153.47.173 - - [24/Sep/2019:08:21:41 +0200] "GET /images/title_corner_left_top.jpg HTTP/1.1" 200 372 "http://renault.activities.at/css/styles.css" "Mozilla/5.0 (Windows NT 10.0; Win64; x64; rv:69.0) Gecko/20100101 Firefox/69.0"
213.153.47.173 - - [24/Sep/2019:08:21:41 +0200] "GET /images/button_left_bg.gif HTTP/1.1" 200 564 "http://renault.activities.at/css/styles.css" "Mozilla/5.0 (Windows NT 10.0; Win64; x64; rv:69.0) Gecko/20100101 Firefox/69.0"
213.153.47.173 - - [24/Sep/2019:08:21:41 +0200] "GET /images/title_corner_right_top.jpg HTTP/1.1" 200 389 "http://renault.activities.at/css/styles.css" "Mozilla/5.0 (Windows NT 10.0; Win64; x64; rv:69.0) Gecko/20100101 Firefox/69.0"
213.153.47.173 - - [24/Sep/2019:08:21:41 +0200] "GET /images/button_bg.gif HTTP/1.1" 200 151 "http://renault.activities.at/css/styles.css" "Mozilla/5.0 (Windows NT 10.0; Win64; x64; rv:69.0) Gecko/20100101 Firefox/69.0"
213.153.47.173 - - [24/Sep/2019:08:21:41 +0200] "GET /images/favicon.ico HTTP/1.1" 404 305 "-" "Mozilla/5.0 (Windows NT 10.0; Win64; x64; rv:69.0) Gecko/20100101 Firefox/69.0"
213.153.47.173 - - [24/Sep/2019:08:21:41 +0200] "GET /loadthumbnail.php?id=11127982 HTTP/1.1" 200 399614 "http://renault.activities.at/login?required=true" "Mozilla/5.0 (Windows NT 10.0; Win64; x64; rv:69.0) Gecko/20100101 Firefox/69.0"
91.113.144.26 - - [24/Sep/2019:08:21:42 +0200] "GET /null HTTP/1.1" 200 3617 "http://renault.activities.at/10260257?dir=DESC&mode=grid&order=name&limit=15&page=3" "Mozilla/5.0 (Windows NT 6.3; WOW64; Trident/7.0; rv:11.0) like Gecko"
91.113.144.26 - - [24/Sep/2019:08:21:44 +0200] "GET /js/default.js HTTP/1.1" 304 - "http://renault.activities.at/null" "Mozilla/5.0 (Windows NT 6.3; WOW64; Trident/7.0; rv:11.0) like Gecko"
91.113.144.26 - - [24/Sep/2019:08:21:44 +0200] "GET /css/reset.css HTTP/1.1" 304 - "http://renault.activities.at/null" "Mozilla/5.0 (Windows NT 6.3; WOW64; Trident/7.0; rv:11.0) like Gecko"
91.113.144.26 - - [24/Sep/2019:08:21:44 +0200] "GET /css/clears.css HTTP/1.1" 304 - "http://renault.activities.at/null" "Mozilla/5.0 (Windows NT 6.3; WOW64; Trident/7.0; rv:11.0) like Gecko"
91.113.144.26 - - [24/Sep/2019:08:21:44 +0200] "GET /css/styles.css HTTP/1.1" 304 - "http://renault.activities.at/null" "Mozilla/5.0 (Windows NT 6.3; WOW64; Trident/7.0; rv:11.0) like Gecko"
91.113.144.26 - - [24/Sep/2019:08:21:44 +0200] "GET /css/print.css HTTP/1.1" 304 - "http://renault.activities.at/null" "Mozilla/5.0 (Windows NT 6.3; WOW64; Trident/7.0; rv:11.0) like Gecko"
91.113.144.26 - - [24/Sep/2019:08:21:44 +0200] "GET /js/index.php?c=auto&f=,prototype/prototype.js,prototype/validation.js,scriptaculous/builder.js,scriptaculous/effects.js,scriptaculous/dragdrop.js,scriptaculous/controls.js,scriptaculous/slider.js,varien/js.js,varien/form.js,varien/menu.js,mage/translate.js,mage/cookies.js,varien/product.js,spinner/SpinnerControl.jsmin.js,prototype/window.js,prototype/window_ext.js HTTP/1.1" 304 - "http://renault.activities.at/null" "Mozilla/5.0 (Windows NT 6.3; WOW64; Trident/7.0; rv:11.0) like Gecko"
91.113.144.26 - - [24/Sep/2019:08:21:44 +0200] "GET /js/checkout.css HTTP/1.1" 304 - "http://renault.activities.at/null" "Mozilla/5.0 (Windows NT 6.3; WOW64; Trident/7.0; rv:11.0) like Gecko"
91.113.144.26 - - [24/Sep/2019:08:21:44 +0200] "GET /css/prototip.css HTTP/1.1" 304 - "http://renault.activities.at/null" "Mozilla/5.0 (Windows NT 6.3; WOW64; Trident/7.0; rv:11.0) like Gecko"
91.113.144.26 - - [24/Sep/2019:08:21:44 +0200] "GET /css/themes/default.css HTTP/1.1" 304 - "http://renault.activities.at/null" "Mozilla/5.0 (Windows NT 6.3; WOW64; Trident/7.0; rv:11.0) like Gecko"
91.113.144.26 - - [24/Sep/2019:08:21:44 +0200] "GET /css/themes/alphacube.css HTTP/1.1" 304 - "http://renault.activities.at/null" "Mozilla/5.0 (Windows NT 6.3; WOW64; Trident/7.0; rv:11.0) like Gecko"
193.194.132.21 - - [24/Sep/2019:08:22:02 +0200] "GET /reload?ser=1569306122805 HTTP/1.1" 200 28 "http://renault.2web.at/result?searchterm=true&search=werkstatt" "Mozilla/5.0 (Windows NT 10.0; WOW64; Trident/7.0; Touch; rv:11.0) like Gecko"
213.153.47.173 - - [24/Sep/2019:08:22:18 +0200] "GET /layout.php HTTP/1.1" 200 1558 "-" "Mozilla/5.0 (Windows NT 10.0; Win64; x64) AppleWebKit/537.36 (KHTML, like Gecko) Chrome/76.0.3809.132 Safari/537.36 OPR/63.0.3368.94"
213.153.47.173 - - [24/Sep/2019:08:22:19 +0200] "GET /images/favicon.ico HTTP/1.1" 404 305 "-" "Mozilla/5.0 (Windows NT 10.0; Win64; x64) AppleWebKit/537.36 (KHTML, like Gecko) Chrome/76.0.3809.132 Safari/537.36 OPR/63.0.3368.94"
91.113.144.26 - - [24/Sep/2019:08:22:23 +0200] "GET /reload?ser=1569306143564 HTTP/1.1" 200 28 "http://renault.activities.at/10260257?dir=DESC&mode=grid&order=name&limit=15&page=3" "Mozilla/5.0 (Windows NT 6.3; WOW64; Trident/7.0; rv:11.0) like Gecko"
91.113.144.26 - - [24/Sep/2019:08:22:38 +0200] "GET /css/reset.css HTTP/1.1" 200 1356 "-" "Mozilla/4.0 (compatible; MSIE 7.0; Windows NT 6.2; WOW64; Trident/7.0; .NET4.0E; .NET4.0C; InfoPath.3; .NET CLR 3.5.30729; .NET CLR 2.0.50727; .NET CLR 3.0.30729; ms-office; MSOffice 15)"
91.113.144.26 - - [24/Sep/2019:08:22:38 +0200] "GET /css/styles.css HTTP/1.1" 200 14664 "-" "Mozilla/4.0 (compatible; MSIE 7.0; Windows NT 6.2; WOW64; Trident/7.0; .NET4.0E; .NET4.0C; InfoPath.3; .NET CLR 3.5.30729; .NET CLR 2.0.50727; .NET CLR 3.0.30729; ms-office; MSOffice 15)"
91.113.144.26 - - [24/Sep/2019:08:22:38 +0200] "GET /css/clears.css HTTP/1.1" 200 851 "-" "Mozilla/4.0 (compatible; MSIE 7.0; Windows NT 6.2; WOW64; Trident/7.0; .NET4.0E; .NET4.0C; InfoPath.3; .NET CLR 3.5.30729; .NET CLR 2.0.50727; .NET CLR 3.0.30729; ms-office; MSOffice 15)"
91.113.144.26 - - [24/Sep/2019:08:22:38 +0200] "GET /js/checkout.css HTTP/1.1" 200 359 "-" "Mozilla/4.0 (compatible; MSIE 7.0; Windows NT 6.2; WOW64; Trident/7.0; .NET4.0E; .NET4.0C; InfoPath.3; .NET CLR 3.5.30729; .NET CLR 2.0.50727; .NET CLR 3.0.30729; ms-office; MSOffice 15)"
91.113.144.26 - - [24/Sep/2019:08:22:38 +0200] "GET /css/prototip.css HTTP/1.1" 200 968 "-" "Mozilla/4.0 (compatible; MSIE 7.0; Windows NT 6.2; WOW64; Trident/7.0; .NET4.0E; .NET4.0C; InfoPath.3; .NET CLR 3.5.30729; .NET CLR 2.0.50727; .NET CLR 3.0.30729; ms-office; MSOffice 15)"
91.113.144.26 - - [24/Sep/2019:08:22:38 +0200] "GET /css/themes/default.css HTTP/1.1" 200 769 "-" "Mozilla/4.0 (compatible; MSIE 7.0; Windows NT 6.2; WOW64; Trident/7.0; .NET4.0E; .NET4.0C; InfoPath.3; .NET CLR 3.5.30729; .NET CLR 2.0.50727; .NET CLR 3.0.30729; ms-office; MSOffice 15)"
91.113.144.26 - - [24/Sep/2019:08:22:39 +0200] "GET /css/themes/alphacube.css HTTP/1.1" 200 743 "-" "Mozilla/4.0 (compatible; MSIE 7.0; Windows NT 6.2; WOW64; Trident/7.0; .NET4.0E; .NET4.0C; InfoPath.3; .NET CLR 3.5.30729; .NET CLR 2.0.50727; .NET CLR 3.0.30729; ms-office; MSOffice 15)"
91.113.144.26 - - [24/Sep/2019:08:22:39 +0200] "GET /loadthumbnail.php?id=11100948&width=113 HTTP/1.1" 200 5083 "-" "Mozilla/4.0 (compatible; MSIE 7.0; Windows NT 6.2; WOW64; Trident/7.0; .NET4.0E; .NET4.0C; InfoPath.3; .NET CLR 3.5.30729; .NET CLR 2.0.50727; .NET CLR 3.0.30729; ms-office; MSOffice 15)"
213.153.47.173 - - [24/Sep/2019:08:22:41 +0200] "GET /reload?ser=1569306161818 HTTP/1.1" 200 28 "http://renault.activities.at/login?required=true" "Mozilla/5.0 (Windows NT 10.0; Win64; x64; rv:69.0) Gecko/20100101 Firefox/69.0"
193.194.132.21 - - [24/Sep/2019:08:23:03 +0200] "GET /reload?ser=1569306183848 HTTP/1.1" 200 28 "http://renault.2web.at/result?searchterm=true&search=werkstatt" "Mozilla/5.0 (Windows NT 10.0; WOW64; Trident/7.0; Touch; rv:11.0) like Gecko"
91.113.144.26 - - [24/Sep/2019:08:23:24 +0200] "GET /reload?ser=1569306204537 HTTP/1.1" 200 28 "http://renault.activities.at/10260257?dir=DESC&mode=grid&order=name&limit=15&page=3" "Mozilla/5.0 (Windows NT 6.3; WOW64; Trident/7.0; rv:11.0) like Gecko"
213.153.47.173 - - [24/Sep/2019:08:23:42 +0200] "GET /reload?ser=1569306222467 HTTP/1.1" 200 28 "http://renault.activities.at/login?required=true" "Mozilla/5.0 (Windows NT 10.0; Win64; x64; rv:69.0) Gecko/20100101 Firefox/69.0"
193.194.132.21 - - [24/Sep/2019:08:24:05 +0200] "GET /reload?ser=1569306244901 HTTP/1.1" 200 28 "http://renault.2web.at/result?searchterm=true&search=werkstatt" "Mozilla/5.0 (Windows NT 10.0; WOW64; Trident/7.0; Touch; rv:11.0) like Gecko"
91.113.144.26 - - [24/Sep/2019:08:24:25 +0200] "GET /reload?ser=1569306265529 HTTP/1.1" 200 28 "http://renault.activities.at/10260257?dir=DESC&mode=grid&order=name&limit=15&page=3" "Mozilla/5.0 (Windows NT 6.3; WOW64; Trident/7.0; rv:11.0) like Gecko"
213.153.47.173 - - [24/Sep/2019:08:24:43 +0200] "GET /reload?ser=1569306283137 HTTP/1.1" 200 28 "http://renault.activities.at/login?required=true" "Mozilla/5.0 (Windows NT 10.0; Win64; x64; rv:69.0) Gecko/20100101 Firefox/69.0"
193.194.132.21 - - [24/Sep/2019:08:25:06 +0200] "GET /reload?ser=1569306305939 HTTP/1.1" 200 28 "http://renault.2web.at/result?searchterm=true&search=werkstatt" "Mozilla/5.0 (Windows NT 10.0; WOW64; Trident/7.0; Touch; rv:11.0) like Gecko"
91.113.144.26 - - [24/Sep/2019:08:25:26 +0200] "GET /reload?ser=1569306326499 HTTP/1.1" 200 28 "http://renault.activities.at/10260257?dir=DESC&mode=grid&order=name&limit=15&page=3" "Mozilla/5.0 (Windows NT 6.3; WOW64; Trident/7.0; rv:11.0) like Gecko"
213.153.47.173 - - [24/Sep/2019:08:25:43 +0200] "GET /reload?ser=1569306343808 HTTP/1.1" 200 28 "http://renault.activities.at/login?required=true" "Mozilla/5.0 (Windows NT 10.0; Win64; x64; rv:69.0) Gecko/20100101 Firefox/69.0"
193.194.132.21 - - [24/Sep/2019:08:26:07 +0200] "GET /reload?ser=1569306366973 HTTP/1.1" 200 28 "http://renault.2web.at/result?searchterm=true&search=werkstatt" "Mozilla/5.0 (Windows NT 10.0; WOW64; Trident/7.0; Touch; rv:11.0) like Gecko"
91.113.144.26 - - [24/Sep/2019:08:26:27 +0200] "GET /reload?ser=1569306387482 HTTP/1.1" 200 28 "http://renault.activities.at/10260257?dir=DESC&mode=grid&order=name&limit=15&page=3" "Mozilla/5.0 (Windows NT 6.3; WOW64; Trident/7.0; rv:11.0) like Gecko"
213.153.47.173 - - [24/Sep/2019:08:26:44 +0200] "GET /reload?ser=1569306404468 HTTP/1.1" 200 28 "http://renault.activities.at/login?required=true" "Mozilla/5.0 (Windows NT 10.0; Win64; x64; rv:69.0) Gecko/20100101 Firefox/69.0"
193.194.132.21 - - [24/Sep/2019:08:27:08 +0200] "GET /reload?ser=1569306428013 HTTP/1.1" 200 28 "http://renault.2web.at/result?searchterm=true&search=werkstatt" "Mozilla/5.0 (Windows NT 10.0; WOW64; Trident/7.0; Touch; rv:11.0) like Gecko"
91.113.144.26 - - [24/Sep/2019:08:27:28 +0200] "GET /reload?ser=1569306448468 HTTP/1.1" 200 28 "http://renault.activities.at/10260257?dir=DESC&mode=grid&order=name&limit=15&page=3" "Mozilla/5.0 (Windows NT 6.3; WOW64; Trident/7.0; rv:11.0) like Gecko"
213.153.47.173 - - [24/Sep/2019:08:27:45 +0200] "GET /reload?ser=1569306465128 HTTP/1.1" 200 28 "http://renault.activities.at/login?required=true" "Mozilla/5.0 (Windows NT 10.0; Win64; x64; rv:69.0) Gecko/20100101 Firefox/69.0"
193.194.132.21 - - [24/Sep/2019:08:28:09 +0200] "GET /reload?ser=1569306489075 HTTP/1.1" 200 28 "http://renault.2web.at/result?searchterm=true&search=werkstatt" "Mozilla/5.0 (Windows NT 10.0; WOW64; Trident/7.0; Touch; rv:11.0) like Gecko"
91.113.144.26 - - [24/Sep/2019:08:28:29 +0200] "GET /reload?ser=1569306509432 HTTP/1.1" 200 28 "http://renault.activities.at/10260257?dir=DESC&mode=grid&order=name&limit=15&page=3" "Mozilla/5.0 (Windows NT 6.3; WOW64; Trident/7.0; rv:11.0) like Gecko"
213.153.47.173 - - [24/Sep/2019:08:28:45 +0200] "GET /reload?ser=1569306525798 HTTP/1.1" 200 28 "http://renault.activities.at/login?required=true" "Mozilla/5.0 (Windows NT 10.0; Win64; x64; rv:69.0) Gecko/20100101 Firefox/69.0"
193.194.132.21 - - [24/Sep/2019:08:29:10 +0200] "GET /reload?ser=1569306550156 HTTP/1.1" 200 28 "http://renault.2web.at/result?searchterm=true&search=werkstatt" "Mozilla/5.0 (Windows NT 10.0; WOW64; Trident/7.0; Touch; rv:11.0) like Gecko"
91.113.144.26 - - [24/Sep/2019:08:29:30 +0200] "GET /reload?ser=1569306570420 HTTP/1.1" 200 28 "http://renault.activities.at/10260257?dir=DESC&mode=grid&order=name&limit=15&page=3" "Mozilla/5.0 (Windows NT 6.3; WOW64; Trident/7.0; rv:11.0) like Gecko"
213.153.47.173 - - [24/Sep/2019:08:29:46 +0200] "GET /reload?ser=1569306586458 HTTP/1.1" 200 28 "http://renault.activities.at/login?required=true" "Mozilla/5.0 (Windows NT 10.0; Win64; x64; rv:69.0) Gecko/20100101 Firefox/69.0"
193.194.132.21 - - [24/Sep/2019:08:30:11 +0200] "GET /reload?ser=1569306611185 HTTP/1.1" 200 28 "http://renault.2web.at/result?searchterm=true&search=werkstatt" "Mozilla/5.0 (Windows NT 10.0; WOW64; Trident/7.0; Touch; rv:11.0) like Gecko"
91.113.144.26 - - [24/Sep/2019:08:30:31 +0200] "GET /reload?ser=1569306631420 HTTP/1.1" 200 28 "http://renault.activities.at/10260257?dir=DESC&mode=grid&order=name&limit=15&page=3" "Mozilla/5.0 (Windows NT 6.3; WOW64; Trident/7.0; rv:11.0) like Gecko"
213.153.47.173 - - [24/Sep/2019:08:30:47 +0200] "GET /reload?ser=1569306647138 HTTP/1.1" 200 28 "http://renault.activities.at/login?required=true" "Mozilla/5.0 (Windows NT 10.0; Win64; x64; rv:69.0) Gecko/20100101 Firefox/69.0"
193.194.132.21 - - [24/Sep/2019:08:31:12 +0200] "GET /reload?ser=1569306672314 HTTP/1.1" 200 28 "http://renault.2web.at/result?searchterm=true&search=werkstatt" "Mozilla/5.0 (Windows NT 10.0; WOW64; Trident/7.0; Touch; rv:11.0) like Gecko"
91.113.144.26 - - [24/Sep/2019:08:31:32 +0200] "GET /reload?ser=1569306692514 HTTP/1.1" 200 28 "http://renault.activities.at/10260257?dir=DESC&mode=grid&order=name&limit=15&page=3" "Mozilla/5.0 (Windows NT 6.3; WOW64; Trident/7.0; rv:11.0) like Gecko"
213.153.47.173 - - [24/Sep/2019:08:31:47 +0200] "GET /reload?ser=1569306707808 HTTP/1.1" 200 28 "http://renault.activities.at/login?required=true" "Mozilla/5.0 (Windows NT 10.0; Win64; x64; rv:69.0) Gecko/20100101 Firefox/69.0"
193.194.132.21 - - [24/Sep/2019:08:32:13 +0200] "GET /reload?ser=1569306733398 HTTP/1.1" 200 28 "http://renault.2web.at/result?searchterm=true&search=werkstatt" "Mozilla/5.0 (Windows NT 10.0; WOW64; Trident/7.0; Touch; rv:11.0) like Gecko"
91.113.144.26 - - [24/Sep/2019:08:32:33 +0200] "GET /reload?ser=1569306753485 HTTP/1.1" 200 28 "http://renault.activities.at/10260257?dir=DESC&mode=grid&order=name&limit=15&page=3" "Mozilla/5.0 (Windows NT 6.3; WOW64; Trident/7.0; rv:11.0) like Gecko"
213.153.47.173 - - [24/Sep/2019:08:32:48 +0200] "GET /reload?ser=1569306768459 HTTP/1.1" 200 28 "http://renault.activities.at/login?required=true" "Mozilla/5.0 (Windows NT 10.0; Win64; x64; rv:69.0) Gecko/20100101 Firefox/69.0"
193.194.132.21 - - [24/Sep/2019:08:33:14 +0200] "GET /reload?ser=1569306794413 HTTP/1.1" 200 28 "http://renault.2web.at/result?searchterm=true&search=werkstatt" "Mozilla/5.0 (Windows NT 10.0; WOW64; Trident/7.0; Touch; rv:11.0) like Gecko"
91.113.144.26 - - [24/Sep/2019:08:33:34 +0200] "GET /reload?ser=1569306814486 HTTP/1.1" 200 28 "http://renault.activities.at/10260257?dir=DESC&mode=grid&order=name&limit=15&page=3" "Mozilla/5.0 (Windows NT 6.3; WOW64; Trident/7.0; rv:11.0) like Gecko"
213.153.47.173 - - [24/Sep/2019:08:33:49 +0200] "GET /reload?ser=1569306829109 HTTP/1.1" 200 28 "http://renault.activities.at/login?required=true" "Mozilla/5.0 (Windows NT 10.0; Win64; x64; rv:69.0) Gecko/20100101 Firefox/69.0"
193.194.132.21 - - [24/Sep/2019:08:34:15 +0200] "GET /reload?ser=1569306855490 HTTP/1.1" 200 28 "http://renault.2web.at/result?searchterm=true&search=werkstatt" "Mozilla/5.0 (Windows NT 10.0; WOW64; Trident/7.0; Touch; rv:11.0) like Gecko"
91.113.144.26 - - [24/Sep/2019:08:34:35 +0200] "GET /reload?ser=1569306875460 HTTP/1.1" 200 28 "http://renault.activities.at/10260257?dir=DESC&mode=grid&order=name&limit=15&page=3" "Mozilla/5.0 (Windows NT 6.3; WOW64; Trident/7.0; rv:11.0) like Gecko"
213.153.47.173 - - [24/Sep/2019:08:34:49 +0200] "GET /reload?ser=1569306889779 HTTP/1.1" 200 28 "http://renault.activities.at/login?required=true" "Mozilla/5.0 (Windows NT 10.0; Win64; x64; rv:69.0) Gecko/20100101 Firefox/69.0"
193.194.132.21 - - [24/Sep/2019:08:35:16 +0200] "GET /reload?ser=1569306916563 HTTP/1.1" 200 28 "http://renault.2web.at/result?searchterm=true&search=werkstatt" "Mozilla/5.0 (Windows NT 10.0; WOW64; Trident/7.0; Touch; rv:11.0) like Gecko"
91.113.144.26 - - [24/Sep/2019:08:35:36 +0200] "GET /reload?ser=1569306936435 HTTP/1.1" 200 28 "http://renault.activities.at/10260257?dir=DESC&mode=grid&order=name&limit=15&page=3" "Mozilla/5.0 (Windows NT 6.3; WOW64; Trident/7.0; rv:11.0) like Gecko"
213.153.47.173 - - [24/Sep/2019:08:35:50 +0200] "GET /reload?ser=1569306950427 HTTP/1.1" 200 28 "http://renault.activities.at/login?required=true" "Mozilla/5.0 (Windows NT 10.0; Win64; x64; rv:69.0) Gecko/20100101 Firefox/69.0"
193.194.132.21 - - [24/Sep/2019:08:36:17 +0200] "GET /reload?ser=1569306977627 HTTP/1.1" 200 28 "http://renault.2web.at/result?searchterm=true&search=werkstatt" "Mozilla/5.0 (Windows NT 10.0; WOW64; Trident/7.0; Touch; rv:11.0) like Gecko"
91.113.144.26 - - [24/Sep/2019:08:36:37 +0200] "GET /reload?ser=1569306997416 HTTP/1.1" 200 28 "http://renault.activities.at/10260257?dir=DESC&mode=grid&order=name&limit=15&page=3" "Mozilla/5.0 (Windows NT 6.3; WOW64; Trident/7.0; rv:11.0) like Gecko"
213.153.47.173 - - [24/Sep/2019:08:36:51 +0200] "GET /reload?ser=1569307011098 HTTP/1.1" 200 28 "http://renault.activities.at/login?required=true" "Mozilla/5.0 (Windows NT 10.0; Win64; x64; rv:69.0) Gecko/20100101 Firefox/69.0"
193.194.132.21 - - [24/Sep/2019:08:37:18 +0200] "GET /reload?ser=1569307038655 HTTP/1.1" 200 28 "http://renault.2web.at/result?searchterm=true&search=werkstatt" "Mozilla/5.0 (Windows NT 10.0; WOW64; Trident/7.0; Touch; rv:11.0) like Gecko"
91.113.144.26 - - [24/Sep/2019:08:37:38 +0200] "GET /reload?ser=1569307058359 HTTP/1.1" 200 28 "http://renault.activities.at/10260257?dir=DESC&mode=grid&order=name&limit=15&page=3" "Mozilla/5.0 (Windows NT 6.3; WOW64; Trident/7.0; rv:11.0) like Gecko"
213.153.47.173 - - [24/Sep/2019:08:37:51 +0200] "GET /reload?ser=1569307071761 HTTP/1.1" 200 28 "http://renault.activities.at/login?required=true" "Mozilla/5.0 (Windows NT 10.0; Win64; x64; rv:69.0) Gecko/20100101 Firefox/69.0"
193.194.132.21 - - [24/Sep/2019:08:38:19 +0200] "GET /reload?ser=1569307099744 HTTP/1.1" 200 28 "http://renault.2web.at/result?searchterm=true&search=werkstatt" "Mozilla/5.0 (Windows NT 10.0; WOW64; Trident/7.0; Touch; rv:11.0) like Gecko"
91.113.144.26 - - [24/Sep/2019:08:38:39 +0200] "GET /reload?ser=1569307119300 HTTP/1.1" 200 28 "http://renault.activities.at/10260257?dir=DESC&mode=grid&order=name&limit=15&page=3" "Mozilla/5.0 (Windows NT 6.3; WOW64; Trident/7.0; rv:11.0) like Gecko"
213.153.47.173 - - [24/Sep/2019:08:38:52 +0200] "GET /reload?ser=1569307132432 HTTP/1.1" 200 28 "http://renault.activities.at/login?required=true" "Mozilla/5.0 (Windows NT 10.0; Win64; x64; rv:69.0) Gecko/20100101 Firefox/69.0"
193.194.132.21 - - [24/Sep/2019:08:39:20 +0200] "GET /reload?ser=1569307160811 HTTP/1.1" 200 28 "http://renault.2web.at/result?searchterm=true&search=werkstatt" "Mozilla/5.0 (Windows NT 10.0; WOW64; Trident/7.0; Touch; rv:11.0) like Gecko"
91.113.144.26 - - [24/Sep/2019:08:39:40 +0200] "GET /reload?ser=1569307180257 HTTP/1.1" 200 28 "http://renault.activities.at/10260257?dir=DESC&mode=grid&order=name&limit=15&page=3" "Mozilla/5.0 (Windows NT 6.3; WOW64; Trident/7.0; rv:11.0) like Gecko"
213.153.47.173 - - [24/Sep/2019:08:39:53 +0200] "GET /reload?ser=1569307193096 HTTP/1.1" 200 28 "http://renault.activities.at/login?required=true" "Mozilla/5.0 (Windows NT 10.0; Win64; x64; rv:69.0) Gecko/20100101 Firefox/69.0"
193.194.132.21 - - [24/Sep/2019:08:40:21 +0200] "GET /reload?ser=1569307221843 HTTP/1.1" 200 28 "http://renault.2web.at/result?searchterm=true&search=werkstatt" "Mozilla/5.0 (Windows NT 10.0; WOW64; Trident/7.0; Touch; rv:11.0) like Gecko"
91.113.144.26 - - [24/Sep/2019:08:40:41 +0200] "GET /reload?ser=1569307241213 HTTP/1.1" 200 28 "http://renault.activities.at/10260257?dir=DESC&mode=grid&order=name&limit=15&page=3" "Mozilla/5.0 (Windows NT 6.3; WOW64; Trident/7.0; rv:11.0) like Gecko"
213.153.47.173 - - [24/Sep/2019:08:40:53 +0200] "GET /reload?ser=1569307253779 HTTP/1.1" 200 28 "http://renault.activities.at/login?required=true" "Mozilla/5.0 (Windows NT 10.0; Win64; x64; rv:69.0) Gecko/20100101 Firefox/69.0"
193.194.132.21 - - [24/Sep/2019:08:41:22 +0200] "GET /reload?ser=1569307282864 HTTP/1.1" 200 28 "http://renault.2web.at/result?searchterm=true&search=werkstatt" "Mozilla/5.0 (Windows NT 10.0; WOW64; Trident/7.0; Touch; rv:11.0) like Gecko"
91.113.144.26 - - [24/Sep/2019:08:41:42 +0200] "GET /reload?ser=1569307302196 HTTP/1.1" 200 28 "http://renault.activities.at/10260257?dir=DESC&mode=grid&order=name&limit=15&page=3" "Mozilla/5.0 (Windows NT 6.3; WOW64; Trident/7.0; rv:11.0) like Gecko"
213.153.47.173 - - [24/Sep/2019:08:41:54 +0200] "GET /reload?ser=1569307314441 HTTP/1.1" 200 28 "http://renault.activities.at/login?required=true" "Mozilla/5.0 (Windows NT 10.0; Win64; x64; rv:69.0) Gecko/20100101 Firefox/69.0"
193.194.132.21 - - [24/Sep/2019:08:42:24 +0200] "GET /reload?ser=1569307343940 HTTP/1.1" 200 28 "http://renault.2web.at/result?searchterm=true&search=werkstatt" "Mozilla/5.0 (Windows NT 10.0; WOW64; Trident/7.0; Touch; rv:11.0) like Gecko"
91.113.144.26 - - [24/Sep/2019:08:42:43 +0200] "GET /reload?ser=1569307363201 HTTP/1.1" 200 28 "http://renault.activities.at/10260257?dir=DESC&mode=grid&order=name&limit=15&page=3" "Mozilla/5.0 (Windows NT 6.3; WOW64; Trident/7.0; rv:11.0) like Gecko"
213.153.47.173 - - [24/Sep/2019:08:42:55 +0200] "GET /reload?ser=1569307375103 HTTP/1.1" 200 28 "http://renault.activities.at/login?required=true" "Mozilla/5.0 (Windows NT 10.0; Win64; x64; rv:69.0) Gecko/20100101 Firefox/69.0"
193.194.132.21 - - [24/Sep/2019:08:43:25 +0200] "GET /reload?ser=1569307404989 HTTP/1.1" 200 28 "http://renault.2web.at/result?searchterm=true&search=werkstatt" "Mozilla/5.0 (Windows NT 10.0; WOW64; Trident/7.0; Touch; rv:11.0) like Gecko"
91.113.144.26 - - [24/Sep/2019:08:43:44 +0200] "GET /reload?ser=1569307424159 HTTP/1.1" 200 28 "http://renault.activities.at/10260257?dir=DESC&mode=grid&order=name&limit=15&page=3" "Mozilla/5.0 (Windows NT 6.3; WOW64; Trident/7.0; rv:11.0) like Gecko"
86.59.113.102 - - [24/Sep/2019:08:43:50 +0200] "GET / HTTP/1.0" 200 13358 "-" "curl/7.21.0 (i486-pc-linux-gnu) libcurl/7.21.0 OpenSSL/0.9.8o zlib/1.2.3.4 libidn/1.15 libssh2/1.2.6"
213.153.47.173 - - [24/Sep/2019:08:43:55 +0200] "GET /reload?ser=1569307435753 HTTP/1.1" 200 28 "http://renault.activities.at/login?required=true" "Mozilla/5.0 (Windows NT 10.0; Win64; x64; rv:69.0) Gecko/20100101 Firefox/69.0"
193.194.132.21 - - [24/Sep/2019:08:44:26 +0200] "GET /reload?ser=1569307466083 HTTP/1.1" 200 28 "http://renault.2web.at/result?searchterm=true&search=werkstatt" "Mozilla/5.0 (Windows NT 10.0; WOW64; Trident/7.0; Touch; rv:11.0) like Gecko"
91.113.144.26 - - [24/Sep/2019:08:44:45 +0200] "GET /reload?ser=1569307485146 HTTP/1.1" 200 28 "http://renault.activities.at/10260257?dir=DESC&mode=grid&order=name&limit=15&page=3" "Mozilla/5.0 (Windows NT 6.3; WOW64; Trident/7.0; rv:11.0) like Gecko"
213.153.47.173 - - [24/Sep/2019:08:44:56 +0200] "GET /reload?ser=1569307496414 HTTP/1.1" 200 28 "http://renault.activities.at/login?required=true" "Mozilla/5.0 (Windows NT 10.0; Win64; x64; rv:69.0) Gecko/20100101 Firefox/69.0"
193.194.132.21 - - [24/Sep/2019:08:45:27 +0200] "GET /reload?ser=1569307527111 HTTP/1.1" 200 28 "http://renault.2web.at/result?searchterm=true&search=werkstatt" "Mozilla/5.0 (Windows NT 10.0; WOW64; Trident/7.0; Touch; rv:11.0) like Gecko"
213.153.47.173 - - [24/Sep/2019:08:45:35 +0200] "GET /layout.php HTTP/1.1" 200 1558 "-" "Mozilla/5.0 (Windows NT 10.0; Win64; x64) AppleWebKit/537.36 (KHTML, like Gecko) Chrome/76.0.3809.132 Safari/537.36 OPR/63.0.3368.94"
213.153.47.173 - - [24/Sep/2019:08:45:36 +0200] "GET /images/favicon.ico HTTP/1.1" 404 305 "-" "Mozilla/5.0 (Windows NT 10.0; Win64; x64) AppleWebKit/537.36 (KHTML, like Gecko) Chrome/76.0.3809.132 Safari/537.36 OPR/63.0.3368.94"
91.113.144.26 - - [24/Sep/2019:08:45:46 +0200] "GET /reload?ser=1569307546116 HTTP/1.1" 200 28 "http://renault.activities.at/10260257?dir=DESC&mode=grid&order=name&limit=15&page=3" "Mozilla/5.0 (Windows NT 6.3; WOW64; Trident/7.0; rv:11.0) like Gecko"
213.153.47.173 - - [24/Sep/2019:08:45:52 +0200] "GET /layout.php HTTP/1.1" 200 1558 "-" "Mozilla/5.0 (Windows NT 10.0; Win64; x64) AppleWebKit/537.36 (KHTML, like Gecko) Chrome/76.0.3809.132 Safari/537.36 OPR/63.0.3368.94"
213.153.47.173 - - [24/Sep/2019:08:45:53 +0200] "GET /images/favicon.ico HTTP/1.1" 404 305 "-" "Mozilla/5.0 (Windows NT 10.0; Win64; x64) AppleWebKit/537.36 (KHTML, like Gecko) Chrome/76.0.3809.132 Safari/537.36 OPR/63.0.3368.94"
213.153.47.173 - - [24/Sep/2019:08:45:57 +0200] "GET /reload?ser=1569307557084 HTTP/1.1" 200 28 "http://renault.activities.at/login?required=true" "Mozilla/5.0 (Windows NT 10.0; Win64; x64; rv:69.0) Gecko/20100101 Firefox/69.0"
193.194.132.21 - - [24/Sep/2019:08:46:28 +0200] "GET /reload?ser=1569307588228 HTTP/1.1" 200 28 "http://renault.2web.at/result?searchterm=true&search=werkstatt" "Mozilla/5.0 (Windows NT 10.0; WOW64; Trident/7.0; Touch; rv:11.0) like Gecko"
91.113.144.26 - - [24/Sep/2019:08:46:47 +0200] "GET /reload?ser=1569307607083 HTTP/1.1" 200 28 "http://renault.activities.at/10260257?dir=DESC&mode=grid&order=name&limit=15&page=3" "Mozilla/5.0 (Windows NT 6.3; WOW64; Trident/7.0; rv:11.0) like Gecko"
213.153.47.173 - - [24/Sep/2019:08:46:57 +0200] "GET /reload?ser=1569307617762 HTTP/1.1" 200 28 "http://renault.activities.at/login?required=true" "Mozilla/5.0 (Windows NT 10.0; Win64; x64; rv:69.0) Gecko/20100101 Firefox/69.0"
193.194.132.21 - - [24/Sep/2019:08:47:29 +0200] "GET /reload?ser=1569307649319 HTTP/1.1" 200 28 "http://renault.2web.at/result?searchterm=true&search=werkstatt" "Mozilla/5.0 (Windows NT 10.0; WOW64; Trident/7.0; Touch; rv:11.0) like Gecko"
91.113.144.26 - - [24/Sep/2019:08:47:48 +0200] "GET /reload?ser=1569307668069 HTTP/1.1" 200 28 "http://renault.activities.at/10260257?dir=DESC&mode=grid&order=name&limit=15&page=3" "Mozilla/5.0 (Windows NT 6.3; WOW64; Trident/7.0; rv:11.0) like Gecko"
213.153.47.173 - - [24/Sep/2019:08:47:58 +0200] "GET /reload?ser=1569307678434 HTTP/1.1" 200 28 "http://renault.activities.at/login?required=true" "Mozilla/5.0 (Windows NT 10.0; Win64; x64; rv:69.0) Gecko/20100101 Firefox/69.0"
193.194.132.21 - - [24/Sep/2019:08:48:30 +0200] "GET /reload?ser=1569307710412 HTTP/1.1" 200 28 "http://renault.2web.at/result?searchterm=true&search=werkstatt" "Mozilla/5.0 (Windows NT 10.0; WOW64; Trident/7.0; Touch; rv:11.0) like Gecko"
91.113.144.26 - - [24/Sep/2019:08:48:49 +0200] "GET /reload?ser=1569307729026 HTTP/1.1" 200 28 "http://renault.activities.at/10260257?dir=DESC&mode=grid&order=name&limit=15&page=3" "Mozilla/5.0 (Windows NT 6.3; WOW64; Trident/7.0; rv:11.0) like Gecko"
213.153.47.173 - - [24/Sep/2019:08:48:59 +0200] "GET /reload?ser=1569307739093 HTTP/1.1" 200 28 "http://renault.activities.at/login?required=true" "Mozilla/5.0 (Windows NT 10.0; Win64; x64; rv:69.0) Gecko/20100101 Firefox/69.0"
178.188.249.126 - - [24/Sep/2019:08:49:15 +0200] "GET / HTTP/1.1" 200 3380 "-" "Mozilla/5.0 (Windows NT 6.1; Win64; x64) AppleWebKit/537.36 (KHTML, like Gecko) Chrome/76.0.3809.132 Safari/537.36 OPR/63.0.3368.94"
178.188.249.126 - - [24/Sep/2019:08:49:16 +0200] "GET /images/favicon.ico HTTP/1.1" 404 305 "-" "Mozilla/5.0 (Windows NT 6.1; Win64; x64) AppleWebKit/537.36 (KHTML, like Gecko) Chrome/76.0.3809.132 Safari/537.36 OPR/63.0.3368.94"
193.194.132.21 - - [24/Sep/2019:08:49:31 +0200] "GET /reload?ser=1569307771463 HTTP/1.1" 200 28 "http://renault.2web.at/result?searchterm=true&search=werkstatt" "Mozilla/5.0 (Windows NT 10.0; WOW64; Trident/7.0; Touch; rv:11.0) like Gecko"
91.113.144.26 - - [24/Sep/2019:08:49:50 +0200] "GET /reload?ser=1569307790014 HTTP/1.1" 200 28 "http://renault.activities.at/10260257?dir=DESC&mode=grid&order=name&limit=15&page=3" "Mozilla/5.0 (Windows NT 6.3; WOW64; Trident/7.0; rv:11.0) like Gecko"
213.153.47.173 - - [24/Sep/2019:08:49:59 +0200] "GET /reload?ser=1569307799754 HTTP/1.1" 200 28 "http://renault.activities.at/login?required=true" "Mozilla/5.0 (Windows NT 10.0; Win64; x64; rv:69.0) Gecko/20100101 Firefox/69.0"
193.194.132.21 - - [24/Sep/2019:08:50:32 +0200] "GET /reload?ser=1569307832506 HTTP/1.1" 200 28 "http://renault.2web.at/result?searchterm=true&search=werkstatt" "Mozilla/5.0 (Windows NT 10.0; WOW64; Trident/7.0; Touch; rv:11.0) like Gecko"
91.113.144.26 - - [24/Sep/2019:08:50:51 +0200] "GET /reload?ser=1569307850987 HTTP/1.1" 200 28 "http://renault.activities.at/10260257?dir=DESC&mode=grid&order=name&limit=15&page=3" "Mozilla/5.0 (Windows NT 6.3; WOW64; Trident/7.0; rv:11.0) like Gecko"
213.153.47.173 - - [24/Sep/2019:08:51:00 +0200] "GET /reload?ser=1569307860404 HTTP/1.1" 200 28 "http://renault.activities.at/login?required=true" "Mozilla/5.0 (Windows NT 10.0; Win64; x64; rv:69.0) Gecko/20100101 Firefox/69.0"
193.194.132.21 - - [24/Sep/2019:08:51:33 +0200] "GET /reload?ser=1569307893563 HTTP/1.1" 200 28 "http://renault.2web.at/result?searchterm=true&search=werkstatt" "Mozilla/5.0 (Windows NT 10.0; WOW64; Trident/7.0; Touch; rv:11.0) like Gecko"
91.113.144.26 - - [24/Sep/2019:08:51:51 +0200] "GET /reload?ser=1569307911931 HTTP/1.1" 200 28 "http://renault.activities.at/10260257?dir=DESC&mode=grid&order=name&limit=15&page=3" "Mozilla/5.0 (Windows NT 6.3; WOW64; Trident/7.0; rv:11.0) like Gecko"
213.153.47.173 - - [24/Sep/2019:08:52:01 +0200] "GET /reload?ser=1569307921064 HTTP/1.1" 200 28 "http://renault.activities.at/login?required=true" "Mozilla/5.0 (Windows NT 10.0; Win64; x64; rv:69.0) Gecko/20100101 Firefox/69.0"
193.194.132.21 - - [24/Sep/2019:08:52:34 +0200] "GET /reload?ser=1569307954624 HTTP/1.1" 200 28 "http://renault.2web.at/result?searchterm=true&search=werkstatt" "Mozilla/5.0 (Windows NT 10.0; WOW64; Trident/7.0; Touch; rv:11.0) like Gecko"
91.113.144.26 - - [24/Sep/2019:08:52:52 +0200] "GET /reload?ser=1569307972901 HTTP/1.1" 200 28 "http://renault.activities.at/10260257?dir=DESC&mode=grid&order=name&limit=15&page=3" "Mozilla/5.0 (Windows NT 6.3; WOW64; Trident/7.0; rv:11.0) like Gecko"
213.153.47.173 - - [24/Sep/2019:08:53:01 +0200] "GET /reload?ser=1569307981734 HTTP/1.1" 200 28 "http://renault.activities.at/login?required=true" "Mozilla/5.0 (Windows NT 10.0; Win64; x64; rv:69.0) Gecko/20100101 Firefox/69.0"
193.194.132.21 - - [24/Sep/2019:08:53:35 +0200] "GET /reload?ser=1569308015698 HTTP/1.1" 200 28 "http://renault.2web.at/result?searchterm=true&search=werkstatt" "Mozilla/5.0 (Windows NT 10.0; WOW64; Trident/7.0; Touch; rv:11.0) like Gecko"
91.113.144.26 - - [24/Sep/2019:08:53:53 +0200] "GET /reload?ser=1569308033865 HTTP/1.1" 200 28 "http://renault.activities.at/10260257?dir=DESC&mode=grid&order=name&limit=15&page=3" "Mozilla/5.0 (Windows NT 6.3; WOW64; Trident/7.0; rv:11.0) like Gecko"
213.153.47.173 - - [24/Sep/2019:08:54:02 +0200] "GET /reload?ser=1569308042424 HTTP/1.1" 200 28 "http://renault.activities.at/login?required=true" "Mozilla/5.0 (Windows NT 10.0; Win64; x64; rv:69.0) Gecko/20100101 Firefox/69.0"
193.194.132.21 - - [24/Sep/2019:08:54:36 +0200] "GET /reload?ser=1569308076763 HTTP/1.1" 200 28 "http://renault.2web.at/result?searchterm=true&search=werkstatt" "Mozilla/5.0 (Windows NT 10.0; WOW64; Trident/7.0; Touch; rv:11.0) like Gecko"
91.113.144.26 - - [24/Sep/2019:08:54:54 +0200] "GET /reload?ser=1569308094868 HTTP/1.1" 200 28 "http://renault.activities.at/10260257?dir=DESC&mode=grid&order=name&limit=15&page=3" "Mozilla/5.0 (Windows NT 6.3; WOW64; Trident/7.0; rv:11.0) like Gecko"
213.153.47.173 - - [24/Sep/2019:08:55:03 +0200] "GET /reload?ser=1569308103084 HTTP/1.1" 200 28 "http://renault.activities.at/login?required=true" "Mozilla/5.0 (Windows NT 10.0; Win64; x64; rv:69.0) Gecko/20100101 Firefox/69.0"
193.194.132.21 - - [24/Sep/2019:08:55:38 +0200] "GET /reload?ser=1569308137847 HTTP/1.1" 200 28 "http://renault.2web.at/result?searchterm=true&search=werkstatt" "Mozilla/5.0 (Windows NT 10.0; WOW64; Trident/7.0; Touch; rv:11.0) like Gecko"
91.113.144.26 - - [24/Sep/2019:08:55:55 +0200] "GET /reload?ser=1569308155851 HTTP/1.1" 200 28 "http://renault.activities.at/10260257?dir=DESC&mode=grid&order=name&limit=15&page=3" "Mozilla/5.0 (Windows NT 6.3; WOW64; Trident/7.0; rv:11.0) like Gecko"
213.153.47.173 - - [24/Sep/2019:08:56:03 +0200] "GET /reload?ser=1569308163744 HTTP/1.1" 200 28 "http://renault.activities.at/login?required=true" "Mozilla/5.0 (Windows NT 10.0; Win64; x64; rv:69.0) Gecko/20100101 Firefox/69.0"
193.194.132.21 - - [24/Sep/2019:08:56:39 +0200] "GET /reload?ser=1569308198886 HTTP/1.1" 200 28 "http://renault.2web.at/result?searchterm=true&search=werkstatt" "Mozilla/5.0 (Windows NT 10.0; WOW64; Trident/7.0; Touch; rv:11.0) like Gecko"
91.113.144.26 - - [24/Sep/2019:08:56:56 +0200] "GET /reload?ser=1569308216840 HTTP/1.1" 200 28 "http://renault.activities.at/10260257?dir=DESC&mode=grid&order=name&limit=15&page=3" "Mozilla/5.0 (Windows NT 6.3; WOW64; Trident/7.0; rv:11.0) like Gecko"
213.153.47.173 - - [24/Sep/2019:08:57:04 +0200] "GET /reload?ser=1569308224413 HTTP/1.1" 200 28 "http://renault.activities.at/login?required=true" "Mozilla/5.0 (Windows NT 10.0; Win64; x64; rv:69.0) Gecko/20100101 Firefox/69.0"
193.194.132.21 - - [24/Sep/2019:08:57:40 +0200] "GET /reload?ser=1569308259933 HTTP/1.1" 200 28 "http://renault.2web.at/result?searchterm=true&search=werkstatt" "Mozilla/5.0 (Windows NT 10.0; WOW64; Trident/7.0; Touch; rv:11.0) like Gecko"
91.113.144.26 - - [24/Sep/2019:08:57:57 +0200] "GET /reload?ser=1569308277798 HTTP/1.1" 200 28 "http://renault.activities.at/10260257?dir=DESC&mode=grid&order=name&limit=15&page=3" "Mozilla/5.0 (Windows NT 6.3; WOW64; Trident/7.0; rv:11.0) like Gecko"
213.153.47.173 - - [24/Sep/2019:08:58:05 +0200] "GET /reload?ser=1569308285085 HTTP/1.1" 200 28 "http://renault.activities.at/login?required=true" "Mozilla/5.0 (Windows NT 10.0; Win64; x64; rv:69.0) Gecko/20100101 Firefox/69.0"
193.194.132.21 - - [24/Sep/2019:08:58:41 +0200] "GET /reload?ser=1569308321013 HTTP/1.1" 200 28 "http://renault.2web.at/result?searchterm=true&search=werkstatt" "Mozilla/5.0 (Windows NT 10.0; WOW64; Trident/7.0; Touch; rv:11.0) like Gecko"
91.113.144.26 - - [24/Sep/2019:08:58:58 +0200] "GET /reload?ser=1569308338767 HTTP/1.1" 200 28 "http://renault.activities.at/10260257?dir=DESC&mode=grid&order=name&limit=15&page=3" "Mozilla/5.0 (Windows NT 6.3; WOW64; Trident/7.0; rv:11.0) like Gecko"
213.153.47.173 - - [24/Sep/2019:08:59:05 +0200] "GET /reload?ser=1569308345734 HTTP/1.1" 200 28 "http://renault.activities.at/login?required=true" "Mozilla/5.0 (Windows NT 10.0; Win64; x64; rv:69.0) Gecko/20100101 Firefox/69.0"
193.194.132.21 - - [24/Sep/2019:08:59:42 +0200] "GET /reload?ser=1569308382208 HTTP/1.1" 200 28 "http://renault.2web.at/result?searchterm=true&search=werkstatt" "Mozilla/5.0 (Windows NT 10.0; WOW64; Trident/7.0; Touch; rv:11.0) like Gecko"
91.113.144.26 - - [24/Sep/2019:08:59:59 +0200] "GET /reload?ser=1569308399741 HTTP/1.1" 200 28 "http://renault.activities.at/10260257?dir=DESC&mode=grid&order=name&limit=15&page=3" "Mozilla/5.0 (Windows NT 6.3; WOW64; Trident/7.0; rv:11.0) like Gecko"
213.153.47.173 - - [24/Sep/2019:09:00:06 +0200] "GET /reload?ser=1569308406423 HTTP/1.1" 200 28 "http://renault.activities.at/login?required=true" "Mozilla/5.0 (Windows NT 10.0; Win64; x64; rv:69.0) Gecko/20100101 Firefox/69.0"
193.194.132.21 - - [24/Sep/2019:09:00:43 +0200] "GET /reload?ser=1569308443375 HTTP/1.1" 200 28 "http://renault.2web.at/result?searchterm=true&search=werkstatt" "Mozilla/5.0 (Windows NT 10.0; WOW64; Trident/7.0; Touch; rv:11.0) like Gecko"
91.113.144.26 - - [24/Sep/2019:09:01:00 +0200] "GET /reload?ser=1569308460717 HTTP/1.1" 200 28 "http://renault.activities.at/10260257?dir=DESC&mode=grid&order=name&limit=15&page=3" "Mozilla/5.0 (Windows NT 6.3; WOW64; Trident/7.0; rv:11.0) like Gecko"
213.153.47.173 - - [24/Sep/2019:09:01:07 +0200] "GET /reload?ser=1569308467093 HTTP/1.1" 200 28 "http://renault.activities.at/login?required=true" "Mozilla/5.0 (Windows NT 10.0; Win64; x64; rv:69.0) Gecko/20100101 Firefox/69.0"
193.194.132.21 - - [24/Sep/2019:09:01:44 +0200] "GET /reload?ser=1569308504444 HTTP/1.1" 200 28 "http://renault.2web.at/result?searchterm=true&search=werkstatt" "Mozilla/5.0 (Windows NT 10.0; WOW64; Trident/7.0; Touch; rv:11.0) like Gecko"
91.113.144.26 - - [24/Sep/2019:09:02:01 +0200] "GET /reload?ser=1569308521688 HTTP/1.1" 200 28 "http://renault.activities.at/10260257?dir=DESC&mode=grid&order=name&limit=15&page=3" "Mozilla/5.0 (Windows NT 6.3; WOW64; Trident/7.0; rv:11.0) like Gecko"
213.153.47.173 - - [24/Sep/2019:09:02:07 +0200] "GET /reload?ser=1569308527763 HTTP/1.1" 200 28 "http://renault.activities.at/login?required=true" "Mozilla/5.0 (Windows NT 10.0; Win64; x64; rv:69.0) Gecko/20100101 Firefox/69.0"
80.123.225.36 - - [24/Sep/2019:09:02:30 +0200] "GET / HTTP/1.1" 200 3380 "-" "Mozilla/5.0 (compatible; MSIE 10.0; Windows NT 6.1; WOW64; Trident/6.0)"
80.123.225.36 - - [24/Sep/2019:09:02:31 +0200] "GET /js/default.js HTTP/1.1" 200 14698 "http://renault.activities.at/" "Mozilla/5.0 (compatible; MSIE 10.0; Windows NT 6.1; WOW64; Trident/6.0)"
80.123.225.36 - - [24/Sep/2019:09:02:32 +0200] "GET /css/print.css HTTP/1.1" 200 543 "http://renault.activities.at/" "Mozilla/5.0 (compatible; MSIE 10.0; Windows NT 6.1; WOW64; Trident/6.0)"
80.123.225.36 - - [24/Sep/2019:09:02:32 +0200] "GET /css/reset.css HTTP/1.1" 200 1356 "http://renault.activities.at/" "Mozilla/5.0 (compatible; MSIE 10.0; Windows NT 6.1; WOW64; Trident/6.0)"
80.123.225.36 - - [24/Sep/2019:09:02:32 +0200] "GET /css/styles.css HTTP/1.1" 200 14664 "http://renault.activities.at/" "Mozilla/5.0 (compatible; MSIE 10.0; Windows NT 6.1; WOW64; Trident/6.0)"
80.123.225.36 - - [24/Sep/2019:09:02:32 +0200] "GET /css/clears.css HTTP/1.1" 200 851 "http://renault.activities.at/" "Mozilla/5.0 (compatible; MSIE 10.0; Windows NT 6.1; WOW64; Trident/6.0)"
80.123.225.36 - - [24/Sep/2019:09:02:32 +0200] "GET /js/flashdetection.js HTTP/1.1" 200 1059 "http://renault.activities.at/" "Mozilla/5.0 (compatible; MSIE 10.0; Windows NT 6.1; WOW64; Trident/6.0)"
80.123.225.36 - - [24/Sep/2019:09:02:32 +0200] "GET /js/checkout.css HTTP/1.1" 200 359 "http://renault.activities.at/" "Mozilla/5.0 (compatible; MSIE 10.0; Windows NT 6.1; WOW64; Trident/6.0)"
80.123.225.36 - - [24/Sep/2019:09:02:32 +0200] "GET /css/prototip.css HTTP/1.1" 200 968 "http://renault.activities.at/" "Mozilla/5.0 (compatible; MSIE 10.0; Windows NT 6.1; WOW64; Trident/6.0)"
80.123.225.36 - - [24/Sep/2019:09:02:32 +0200] "GET /js/index.php?c=auto&f=,prototype/prototype.js,prototype/validation.js,scriptaculous/builder.js,scriptaculous/effects.js,scriptaculous/dragdrop.js,scriptaculous/controls.js,scriptaculous/slider.js,varien/js.js,varien/form.js,varien/menu.js,mage/translate.js,mage/cookies.js,varien/product.js,spinner/SpinnerControl.jsmin.js,prototype/window.js,prototype/window_ext.js HTTP/1.1" 304 - "http://renault.activities.at/" "Mozilla/5.0 (compatible; MSIE 10.0; Windows NT 6.1; WOW64; Trident/6.0)"
80.123.225.36 - - [24/Sep/2019:09:02:32 +0200] "GET /css/themes/default.css HTTP/1.1" 200 769 "http://renault.activities.at/" "Mozilla/5.0 (compatible; MSIE 10.0; Windows NT 6.1; WOW64; Trident/6.0)"
80.123.225.36 - - [24/Sep/2019:09:02:32 +0200] "GET /css/themes/alphacube.css HTTP/1.1" 200 743 "http://renault.activities.at/" "Mozilla/5.0 (compatible; MSIE 10.0; Windows NT 6.1; WOW64; Trident/6.0)"
80.123.225.36 - - [24/Sep/2019:09:02:32 +0200] "GET /images/header_block_corner_right_top.gif HTTP/1.1" 200 160 "http://renault.activities.at/" "Mozilla/5.0 (compatible; MSIE 10.0; Windows NT 6.1; WOW64; Trident/6.0)"
80.123.225.36 - - [24/Sep/2019:09:02:32 +0200] "GET /images/main_block_border.gif HTTP/1.1" 200 43 "http://renault.activities.at/" "Mozilla/5.0 (compatible; MSIE 10.0; Windows NT 6.1; WOW64; Trident/6.0)"
80.123.225.36 - - [24/Sep/2019:09:02:32 +0200] "GET /images/header_block_corner_left_top.gif HTTP/1.1" 200 160 "http://renault.activities.at/" "Mozilla/5.0 (compatible; MSIE 10.0; Windows NT 6.1; WOW64; Trident/6.0)"
80.123.225.36 - - [24/Sep/2019:09:02:32 +0200] "GET /images/main_block_corner_right_top.gif HTTP/1.1" 200 159 "http://renault.activities.at/" "Mozilla/5.0 (compatible; MSIE 10.0; Windows NT 6.1; WOW64; Trident/6.0)"
80.123.225.36 - - [24/Sep/2019:09:02:32 +0200] "GET /images/header_block_border.gif HTTP/1.1" 200 43 "http://renault.activities.at/" "Mozilla/5.0 (compatible; MSIE 10.0; Windows NT 6.1; WOW64; Trident/6.0)"
80.123.225.36 - - [24/Sep/2019:09:02:32 +0200] "GET /images/main_block_corner_left_top.gif HTTP/1.1" 200 159 "http://renault.activities.at/" "Mozilla/5.0 (compatible; MSIE 10.0; Windows NT 6.1; WOW64; Trident/6.0)"
80.123.225.36 - - [24/Sep/2019:09:02:32 +0200] "GET /images/main_block_corner_left_bot.gif HTTP/1.1" 200 159 "http://renault.activities.at/" "Mozilla/5.0 (compatible; MSIE 10.0; Windows NT 6.1; WOW64; Trident/6.0)"
80.123.225.36 - - [24/Sep/2019:09:02:32 +0200] "GET /images/main_block_corner_right_bot.gif HTTP/1.1" 200 158 "http://renault.activities.at/" "Mozilla/5.0 (compatible; MSIE 10.0; Windows NT 6.1; WOW64; Trident/6.0)"
80.123.225.36 - - [24/Sep/2019:09:02:33 +0200] "GET /images/title_corner_right_top.jpg HTTP/1.1" 200 389 "http://renault.activities.at/" "Mozilla/5.0 (compatible; MSIE 10.0; Windows NT 6.1; WOW64; Trident/6.0)"
80.123.225.36 - - [24/Sep/2019:09:02:33 +0200] "GET /images/title_border.jpg HTTP/1.1" 200 304 "http://renault.activities.at/" "Mozilla/5.0 (compatible; MSIE 10.0; Windows NT 6.1; WOW64; Trident/6.0)"
80.123.225.36 - - [24/Sep/2019:09:02:33 +0200] "GET /images/title_border_top.jpg HTTP/1.1" 200 336 "http://renault.activities.at/" "Mozilla/5.0 (compatible; MSIE 10.0; Windows NT 6.1; WOW64; Trident/6.0)"
80.123.225.36 - - [24/Sep/2019:09:02:33 +0200] "GET /images/title_corner_left_top.jpg HTTP/1.1" 200 372 "http://renault.activities.at/" "Mozilla/5.0 (compatible; MSIE 10.0; Windows NT 6.1; WOW64; Trident/6.0)"
80.123.225.36 - - [24/Sep/2019:09:02:33 +0200] "GET /loadthumbnail.php?id=11127982 HTTP/1.1" 200 399614 "http://renault.activities.at/" "Mozilla/5.0 (compatible; MSIE 10.0; Windows NT 6.1; WOW64; Trident/6.0)"
80.123.225.36 - - [24/Sep/2019:09:02:34 +0200] "GET /images/favicon.ico HTTP/1.1" 404 305 "-" "Mozilla/5.0 (compatible; MSIE 10.0; Windows NT 6.1; WOW64; Trident/6.0)"
193.194.132.21 - - [24/Sep/2019:09:02:45 +0200] "GET /reload?ser=1569308565635 HTTP/1.1" 200 28 "http://renault.2web.at/result?searchterm=true&search=werkstatt" "Mozilla/5.0 (Windows NT 10.0; WOW64; Trident/7.0; Touch; rv:11.0) like Gecko"
80.123.225.36 - - [24/Sep/2019:09:02:46 +0200] "GET /login HTTP/1.1" 200 2085 "http://renault.activities.at/" "Mozilla/5.0 (compatible; MSIE 10.0; Windows NT 6.1; WOW64; Trident/6.0)"
80.123.225.36 - - [24/Sep/2019:09:02:46 +0200] "GET /js/index.php?c=auto&f=,prototype/prototype.js,prototype/validation.js,scriptaculous/builder.js,scriptaculous/effects.js,scriptaculous/dragdrop.js,scriptaculous/controls.js,scriptaculous/slider.js,varien/js.js,varien/form.js,varien/menu.js,mage/translate.js,mage/cookies.js,varien/product.js,spinner/SpinnerControl.jsmin.js,prototype/window.js,prototype/window_ext.js HTTP/1.1" 304 - "http://renault.activities.at/login" "Mozilla/5.0 (compatible; MSIE 10.0; Windows NT 6.1; WOW64; Trident/6.0)"
80.123.225.36 - - [24/Sep/2019:09:02:47 +0200] "GET /images/button_left_bg.gif HTTP/1.1" 200 564 "http://renault.activities.at/login" "Mozilla/5.0 (compatible; MSIE 10.0; Windows NT 6.1; WOW64; Trident/6.0)"
80.123.225.36 - - [24/Sep/2019:09:02:47 +0200] "GET /images/button_right_bg.gif HTTP/1.1" 200 561 "http://renault.activities.at/login" "Mozilla/5.0 (compatible; MSIE 10.0; Windows NT 6.1; WOW64; Trident/6.0)"
80.123.225.36 - - [24/Sep/2019:09:02:47 +0200] "GET /images/button_bg.gif HTTP/1.1" 200 151 "http://renault.activities.at/login" "Mozilla/5.0 (compatible; MSIE 10.0; Windows NT 6.1; WOW64; Trident/6.0)"
80.123.225.36 - - [24/Sep/2019:09:02:47 +0200] "GET /images/favicon.ico HTTP/1.1" 404 305 "-" "Mozilla/5.0 (compatible; MSIE 10.0; Windows NT 6.1; WOW64; Trident/6.0)"
80.123.225.36 - - [24/Sep/2019:09:02:56 +0200] "POST /login HTTP/1.1" 302 140 "http://renault.activities.at/login" "Mozilla/5.0 (compatible; MSIE 10.0; Windows NT 6.1; WOW64; Trident/6.0)"
80.123.225.36 - - [24/Sep/2019:09:02:58 +0200] "GET /account HTTP/1.1" 200 5968 "http://renault.activities.at/login" "Mozilla/5.0 (compatible; MSIE 10.0; Windows NT 6.1; WOW64; Trident/6.0)"
80.123.225.36 - - [24/Sep/2019:09:03:03 +0200] "GET /js/index.php?c=auto&f=,prototype/prototype.js,prototype/validation.js,scriptaculous/builder.js,scriptaculous/effects.js,scriptaculous/dragdrop.js,scriptaculous/controls.js,scriptaculous/slider.js,varien/js.js,varien/form.js,varien/menu.js,mage/translate.js,mage/cookies.js,varien/product.js,spinner/SpinnerControl.jsmin.js,prototype/window.js,prototype/window_ext.js HTTP/1.1" 304 - "http://renault.activities.at/account" "Mozilla/5.0 (compatible; MSIE 10.0; Windows NT 6.1; WOW64; Trident/6.0)"
80.123.225.36 - - [24/Sep/2019:09:03:03 +0200] "GET /js/account.js HTTP/1.1" 200 953 "http://renault.activities.at/account" "Mozilla/5.0 (compatible; MSIE 10.0; Windows NT 6.1; WOW64; Trident/6.0)"
91.113.144.26 - - [24/Sep/2019:09:03:02 +0200] "GET /reload?ser=1569308582645 HTTP/1.1" 200 28 "http://renault.activities.at/10260257?dir=DESC&mode=grid&order=name&limit=15&page=3" "Mozilla/5.0 (Windows NT 6.3; WOW64; Trident/7.0; rv:11.0) like Gecko"
80.123.225.36 - - [24/Sep/2019:09:03:03 +0200] "GET /loadthumbnail.php?id=12094699&width=50&height=50 HTTP/1.1" 200 991 "http://renault.activities.at/account" "Mozilla/5.0 (compatible; MSIE 10.0; Windows NT 6.1; WOW64; Trident/6.0)"
80.123.225.36 - - [24/Sep/2019:09:03:03 +0200] "GET /images/nav_divider.gif HTTP/1.1" 200 43 "http://renault.activities.at/account" "Mozilla/5.0 (compatible; MSIE 10.0; Windows NT 6.1; WOW64; Trident/6.0)"
80.123.225.36 - - [24/Sep/2019:09:03:03 +0200] "GET /loadthumbnail.php?id=12094698&width=50&height=50 HTTP/1.1" 200 991 "http://renault.activities.at/account" "Mozilla/5.0 (compatible; MSIE 10.0; Windows NT 6.1; WOW64; Trident/6.0)"
80.123.225.36 - - [24/Sep/2019:09:03:03 +0200] "GET /images/search_bg.gif HTTP/1.1" 200 1726 "http://renault.activities.at/account" "Mozilla/5.0 (compatible; MSIE 10.0; Windows NT 6.1; WOW64; Trident/6.0)"
80.123.225.36 - - [24/Sep/2019:09:03:03 +0200] "GET /images/menu_button_bg.jpg HTTP/1.1" 200 322 "http://renault.activities.at/account" "Mozilla/5.0 (compatible; MSIE 10.0; Windows NT 6.1; WOW64; Trident/6.0)"
80.123.225.36 - - [24/Sep/2019:09:03:03 +0200] "GET /images/top_links_divider.gif HTTP/1.1" 200 44 "http://renault.activities.at/account" "Mozilla/5.0 (compatible; MSIE 10.0; Windows NT 6.1; WOW64; Trident/6.0)"
80.123.225.36 - - [24/Sep/2019:09:03:03 +0200] "GET /images/menu_divider.gif HTTP/1.1" 200 176 "http://renault.activities.at/account" "Mozilla/5.0 (compatible; MSIE 10.0; Windows NT 6.1; WOW64; Trident/6.0)"
80.123.225.36 - - [24/Sep/2019:09:03:03 +0200] "GET /images/sidebar_title_border.gif HTTP/1.1" 200 43 "http://renault.activities.at/account" "Mozilla/5.0 (compatible; MSIE 10.0; Windows NT 6.1; WOW64; Trident/6.0)"
80.123.225.36 - - [24/Sep/2019:09:03:03 +0200] "GET /images/sidebar_title_border_top.gif HTTP/1.1" 200 155 "http://renault.activities.at/account" "Mozilla/5.0 (compatible; MSIE 10.0; Windows NT 6.1; WOW64; Trident/6.0)"
80.123.225.36 - - [24/Sep/2019:09:03:03 +0200] "GET /images/sidebar_title_corner_left_top.gif HTTP/1.1" 200 1124 "http://renault.activities.at/account" "Mozilla/5.0 (compatible; MSIE 10.0; Windows NT 6.1; WOW64; Trident/6.0)"
80.123.225.36 - - [24/Sep/2019:09:03:04 +0200] "GET /images/sidebar_title_corner_right_top.gif HTTP/1.1" 200 383 "http://renault.activities.at/account" "Mozilla/5.0 (compatible; MSIE 10.0; Windows NT 6.1; WOW64; Trident/6.0)"
80.123.225.36 - - [24/Sep/2019:09:03:04 +0200] "GET /images/footer_divider.gif HTTP/1.1" 200 44 "http://renault.activities.at/account" "Mozilla/5.0 (compatible; MSIE 10.0; Windows NT 6.1; WOW64; Trident/6.0)"
213.153.47.173 - - [24/Sep/2019:09:03:08 +0200] "GET /reload?ser=1569308588409 HTTP/1.1" 200 28 "http://renault.activities.at/login?required=true" "Mozilla/5.0 (Windows NT 10.0; Win64; x64; rv:69.0) Gecko/20100101 Firefox/69.0"
80.123.225.36 - - [24/Sep/2019:09:03:08 +0200] "GET /10260009 HTTP/1.1" 200 7224 "http://renault.activities.at/account" "Mozilla/5.0 (compatible; MSIE 10.0; Windows NT 6.1; WOW64; Trident/6.0)"
80.123.225.36 - - [24/Sep/2019:09:03:12 +0200] "GET /js/index.php?c=auto&f=,prototype/prototype.js,prototype/validation.js,scriptaculous/builder.js,scriptaculous/effects.js,scriptaculous/dragdrop.js,scriptaculous/controls.js,scriptaculous/slider.js,varien/js.js,varien/form.js,varien/menu.js,mage/translate.js,mage/cookies.js,varien/product.js,spinner/SpinnerControl.jsmin.js,prototype/window.js,prototype/window_ext.js HTTP/1.1" 304 - "http://renault.activities.at/10260009" "Mozilla/5.0 (compatible; MSIE 10.0; Windows NT 6.1; WOW64; Trident/6.0)"
80.123.225.36 - - [24/Sep/2019:09:03:13 +0200] "GET /js/prototip.js HTTP/1.1" 200 4588 "http://renault.activities.at/10260009" "Mozilla/5.0 (compatible; MSIE 10.0; Windows NT 6.1; WOW64; Trident/6.0)"
