80.123.225.36 - - [26/Sep/2019:13:26:00 +0200] "GET /js/tiny_mce/plugins/contextmenu/editor_plugin.js HTTP/1.1" 304 - "http://renault.activities.at/imprints?print=true&mode=edit&template=10222756&object=10327381" "Mozilla/5.0 (compatible; MSIE 10.0; Windows NT 6.1; WOW64; Trident/6.0)"
80.123.225.36 - - [26/Sep/2019:13:26:00 +0200] "GET /js/tiny_mce/plugins/customerinsert/editor_plugin.js HTTP/1.1" 304 - "http://renault.activities.at/imprints?print=true&mode=edit&template=10222756&object=10327381" "Mozilla/5.0 (compatible; MSIE 10.0; Windows NT 6.1; WOW64; Trident/6.0)"
80.123.225.36 - - [26/Sep/2019:13:26:00 +0200] "GET /js/tiny_mce/themes/advanced/langs/de.js HTTP/1.1" 304 - "http://renault.activities.at/imprints?print=true&mode=edit&template=10222756&object=10327381" "Mozilla/5.0 (compatible; MSIE 10.0; Windows NT 6.1; WOW64; Trident/6.0)"
80.123.225.36 - - [26/Sep/2019:13:26:00 +0200] "GET /js/tiny_mce/plugins/customerinsert/langs/de.js HTTP/1.1" 304 - "http://renault.activities.at/imprints?print=true&mode=edit&template=10222756&object=10327381" "Mozilla/5.0 (compatible; MSIE 10.0; Windows NT 6.1; WOW64; Trident/6.0)"
80.123.225.36 - - [26/Sep/2019:13:26:00 +0200] "GET /js/tiny_mce/themes/advanced/skins/default/ui.css HTTP/1.1" 304 - "http://renault.activities.at/imprints?print=true&mode=edit&template=10222756&object=10327381" "Mozilla/5.0 (compatible; MSIE 10.0; Windows NT 6.1; WOW64; Trident/6.0)"
80.123.225.36 - - [26/Sep/2019:13:26:00 +0200] "GET /images/icons/custom_inserts.gif HTTP/1.1" 304 - "http://renault.activities.at/imprints?print=true&mode=edit&template=10222756&object=10327381" "Mozilla/5.0 (compatible; MSIE 10.0; Windows NT 6.1; WOW64; Trident/6.0)"
80.123.225.36 - - [26/Sep/2019:13:26:00 +0200] "GET /js/tiny_mce/themes/advanced/skins/default/content.css HTTP/1.1" 304 - "http://renault.activities.at/imprints?print=true&mode=edit&template=10222756&object=10327381" "Mozilla/5.0 (compatible; MSIE 10.0; Windows NT 6.1; WOW64; Trident/6.0)"
80.123.225.36 - - [26/Sep/2019:13:26:00 +0200] "GET /js/tiny_mce/themes/advanced/img/icons.gif HTTP/1.1" 304 - "http://renault.activities.at/imprints?print=true&mode=edit&template=10222756&object=10327381" "Mozilla/5.0 (compatible; MSIE 10.0; Windows NT 6.1; WOW64; Trident/6.0)"
80.123.225.36 - - [26/Sep/2019:13:26:03 +0200] "GET /images/ajax_loading.gif HTTP/1.1" 304 - "http://renault.activities.at/imprints" "Mozilla/5.0 (compatible; MSIE 10.0; Windows NT 6.1; WOW64; Trident/6.0)"
80.123.225.36 - - [26/Sep/2019:13:26:03 +0200] "GET /null HTTP/1.1" 200 3620 "http://renault.activities.at/imprints" "Mozilla/5.0 (compatible; MSIE 10.0; Windows NT 6.1; WOW64; Trident/6.0)"
80.123.225.36 - - [26/Sep/2019:13:26:04 +0200] "GET /js/default.js HTTP/1.1" 304 - "http://renault.activities.at/null" "Mozilla/5.0 (compatible; MSIE 10.0; Windows NT 6.1; WOW64; Trident/6.0)"
80.123.225.36 - - [26/Sep/2019:13:26:04 +0200] "GET /css/reset.css HTTP/1.1" 304 - "http://renault.activities.at/null" "Mozilla/5.0 (compatible; MSIE 10.0; Windows NT 6.1; WOW64; Trident/6.0)"
80.123.225.36 - - [26/Sep/2019:13:26:04 +0200] "GET /css/styles.css HTTP/1.1" 304 - "http://renault.activities.at/null" "Mozilla/5.0 (compatible; MSIE 10.0; Windows NT 6.1; WOW64; Trident/6.0)"
80.123.225.36 - - [26/Sep/2019:13:26:04 +0200] "GET /css/clears.css HTTP/1.1" 304 - "http://renault.activities.at/null" "Mozilla/5.0 (compatible; MSIE 10.0; Windows NT 6.1; WOW64; Trident/6.0)"
80.123.225.36 - - [26/Sep/2019:13:26:04 +0200] "GET /css/print.css HTTP/1.1" 304 - "http://renault.activities.at/null" "Mozilla/5.0 (compatible; MSIE 10.0; Windows NT 6.1; WOW64; Trident/6.0)"
80.123.225.36 - - [26/Sep/2019:13:26:04 +0200] "GET /js/checkout.css HTTP/1.1" 304 - "http://renault.activities.at/null" "Mozilla/5.0 (compatible; MSIE 10.0; Windows NT 6.1; WOW64; Trident/6.0)"
80.123.225.36 - - [26/Sep/2019:13:26:04 +0200] "GET /css/prototip.css HTTP/1.1" 304 - "http://renault.activities.at/null" "Mozilla/5.0 (compatible; MSIE 10.0; Windows NT 6.1; WOW64; Trident/6.0)"
80.123.225.36 - - [26/Sep/2019:13:26:04 +0200] "GET /css/themes/default.css HTTP/1.1" 304 - "http://renault.activities.at/null" "Mozilla/5.0 (compatible; MSIE 10.0; Windows NT 6.1; WOW64; Trident/6.0)"
80.123.225.36 - - [26/Sep/2019:13:26:05 +0200] "GET /css/themes/alphacube.css HTTP/1.1" 304 - "http://renault.activities.at/null" "Mozilla/5.0 (compatible; MSIE 10.0; Windows NT 6.1; WOW64; Trident/6.0)"
80.123.225.36 - - [26/Sep/2019:13:26:03 +0200] "GET /imprints?print=true&mode=edit&template=10222757&object=10327382 HTTP/1.1" 200 5456 "http://renault.activities.at/imprints" "Mozilla/5.0 (compatible; MSIE 10.0; Windows NT 6.1; WOW64; Trident/6.0)"
80.123.225.36 - - [26/Sep/2019:13:26:06 +0200] "GET /js/default.js HTTP/1.1" 304 - "http://renault.activities.at/imprints?print=true&mode=edit&template=10222757&object=10327382" "Mozilla/5.0 (compatible; MSIE 10.0; Windows NT 6.1; WOW64; Trident/6.0)"
80.123.225.36 - - [26/Sep/2019:13:26:06 +0200] "GET /css/styles.css HTTP/1.1" 304 - "http://renault.activities.at/imprints?print=true&mode=edit&template=10222757&object=10327382" "Mozilla/5.0 (compatible; MSIE 10.0; Windows NT 6.1; WOW64; Trident/6.0)"
80.123.225.36 - - [26/Sep/2019:13:26:06 +0200] "GET /css/print.css HTTP/1.1" 304 - "http://renault.activities.at/imprints?print=true&mode=edit&template=10222757&object=10327382" "Mozilla/5.0 (compatible; MSIE 10.0; Windows NT 6.1; WOW64; Trident/6.0)"
80.123.225.36 - - [26/Sep/2019:13:26:06 +0200] "GET /css/reset.css HTTP/1.1" 304 - "http://renault.activities.at/imprints?print=true&mode=edit&template=10222757&object=10327382" "Mozilla/5.0 (compatible; MSIE 10.0; Windows NT 6.1; WOW64; Trident/6.0)"
80.123.225.36 - - [26/Sep/2019:13:26:06 +0200] "GET /css/clears.css HTTP/1.1" 304 - "http://renault.activities.at/imprints?print=true&mode=edit&template=10222757&object=10327382" "Mozilla/5.0 (compatible; MSIE 10.0; Windows NT 6.1; WOW64; Trident/6.0)"
80.123.225.36 - - [26/Sep/2019:13:26:06 +0200] "GET /js/checkout.css HTTP/1.1" 304 - "http://renault.activities.at/imprints?print=true&mode=edit&template=10222757&object=10327382" "Mozilla/5.0 (compatible; MSIE 10.0; Windows NT 6.1; WOW64; Trident/6.0)"
80.123.225.36 - - [26/Sep/2019:13:26:06 +0200] "GET /css/prototip.css HTTP/1.1" 304 - "http://renault.activities.at/imprints?print=true&mode=edit&template=10222757&object=10327382" "Mozilla/5.0 (compatible; MSIE 10.0; Windows NT 6.1; WOW64; Trident/6.0)"
80.123.225.36 - - [26/Sep/2019:13:26:06 +0200] "GET /css/themes/alphacube.css HTTP/1.1" 304 - "http://renault.activities.at/imprints?print=true&mode=edit&template=10222757&object=10327382" "Mozilla/5.0 (compatible; MSIE 10.0; Windows NT 6.1; WOW64; Trident/6.0)"
80.123.225.36 - - [26/Sep/2019:13:26:06 +0200] "GET /css/themes/default.css HTTP/1.1" 304 - "http://renault.activities.at/imprints?print=true&mode=edit&template=10222757&object=10327382" "Mozilla/5.0 (compatible; MSIE 10.0; Windows NT 6.1; WOW64; Trident/6.0)"
80.123.225.36 - - [26/Sep/2019:13:26:06 +0200] "GET /js/ImprintEdit.js HTTP/1.1" 304 - "http://renault.activities.at/imprints?print=true&mode=edit&template=10222757&object=10327382" "Mozilla/5.0 (compatible; MSIE 10.0; Windows NT 6.1; WOW64; Trident/6.0)"
80.123.225.36 - - [26/Sep/2019:13:26:06 +0200] "GET /js/tiny_mce/tiny_mce.js HTTP/1.1" 304 - "http://renault.activities.at/imprints?print=true&mode=edit&template=10222757&object=10327382" "Mozilla/5.0 (compatible; MSIE 10.0; Windows NT 6.1; WOW64; Trident/6.0)"
80.123.225.36 - - [26/Sep/2019:13:26:06 +0200] "GET /js/tiny_mce/themes/advanced/editor_template.js HTTP/1.1" 304 - "http://renault.activities.at/imprints?print=true&mode=edit&template=10222757&object=10327382" "Mozilla/5.0 (compatible; MSIE 10.0; Windows NT 6.1; WOW64; Trident/6.0)"
80.123.225.36 - - [26/Sep/2019:13:26:06 +0200] "GET /js/tiny_mce/plugins/table/editor_plugin.js HTTP/1.1" 304 - "http://renault.activities.at/imprints?print=true&mode=edit&template=10222757&object=10327382" "Mozilla/5.0 (compatible; MSIE 10.0; Windows NT 6.1; WOW64; Trident/6.0)"
80.123.225.36 - - [26/Sep/2019:13:26:06 +0200] "GET /js/tiny_mce/langs/de.js HTTP/1.1" 304 - "http://renault.activities.at/imprints?print=true&mode=edit&template=10222757&object=10327382" "Mozilla/5.0 (compatible; MSIE 10.0; Windows NT 6.1; WOW64; Trident/6.0)"
80.123.225.36 - - [26/Sep/2019:13:26:06 +0200] "GET /js/tiny_mce/plugins/contextmenu/editor_plugin.js HTTP/1.1" 304 - "http://renault.activities.at/imprints?print=true&mode=edit&template=10222757&object=10327382" "Mozilla/5.0 (compatible; MSIE 10.0; Windows NT 6.1; WOW64; Trident/6.0)"
80.123.225.36 - - [26/Sep/2019:13:26:06 +0200] "GET /js/tiny_mce/plugins/customerinsert/editor_plugin.js HTTP/1.1" 304 - "http://renault.activities.at/imprints?print=true&mode=edit&template=10222757&object=10327382" "Mozilla/5.0 (compatible; MSIE 10.0; Windows NT 6.1; WOW64; Trident/6.0)"
80.123.225.36 - - [26/Sep/2019:13:26:06 +0200] "GET /js/tiny_mce/themes/advanced/langs/de.js HTTP/1.1" 304 - "http://renault.activities.at/imprints?print=true&mode=edit&template=10222757&object=10327382" "Mozilla/5.0 (compatible; MSIE 10.0; Windows NT 6.1; WOW64; Trident/6.0)"
80.123.225.36 - - [26/Sep/2019:13:26:06 +0200] "GET /js/tiny_mce/plugins/customerinsert/langs/de.js HTTP/1.1" 304 - "http://renault.activities.at/imprints?print=true&mode=edit&template=10222757&object=10327382" "Mozilla/5.0 (compatible; MSIE 10.0; Windows NT 6.1; WOW64; Trident/6.0)"
80.123.225.36 - - [26/Sep/2019:13:26:06 +0200] "GET /js/tiny_mce/themes/advanced/skins/default/ui.css HTTP/1.1" 304 - "http://renault.activities.at/imprints?print=true&mode=edit&template=10222757&object=10327382" "Mozilla/5.0 (compatible; MSIE 10.0; Windows NT 6.1; WOW64; Trident/6.0)"
80.123.225.36 - - [26/Sep/2019:13:26:06 +0200] "GET /images/icons/custom_inserts.gif HTTP/1.1" 304 - "http://renault.activities.at/imprints?print=true&mode=edit&template=10222757&object=10327382" "Mozilla/5.0 (compatible; MSIE 10.0; Windows NT 6.1; WOW64; Trident/6.0)"
80.123.225.36 - - [26/Sep/2019:13:26:07 +0200] "GET /js/tiny_mce/themes/advanced/skins/default/content.css HTTP/1.1" 304 - "http://renault.activities.at/imprints?print=true&mode=edit&template=10222757&object=10327382" "Mozilla/5.0 (compatible; MSIE 10.0; Windows NT 6.1; WOW64; Trident/6.0)"
80.123.225.36 - - [26/Sep/2019:13:26:07 +0200] "GET /js/tiny_mce/themes/advanced/img/icons.gif HTTP/1.1" 304 - "http://renault.activities.at/imprints?print=true&mode=edit&template=10222757&object=10327382" "Mozilla/5.0 (compatible; MSIE 10.0; Windows NT 6.1; WOW64; Trident/6.0)"
80.123.225.36 - - [26/Sep/2019:13:26:10 +0200] "GET /images/ajax_loading.gif HTTP/1.1" 304 - "http://renault.activities.at/imprints" "Mozilla/5.0 (compatible; MSIE 10.0; Windows NT 6.1; WOW64; Trident/6.0)"
80.123.225.36 - - [26/Sep/2019:13:26:09 +0200] "GET /null HTTP/1.1" 200 3620 "http://renault.activities.at/imprints" "Mozilla/5.0 (compatible; MSIE 10.0; Windows NT 6.1; WOW64; Trident/6.0)"
80.123.225.36 - - [26/Sep/2019:13:26:11 +0200] "GET /js/default.js HTTP/1.1" 304 - "http://renault.activities.at/null" "Mozilla/5.0 (compatible; MSIE 10.0; Windows NT 6.1; WOW64; Trident/6.0)"
80.123.225.36 - - [26/Sep/2019:13:26:11 +0200] "GET /css/reset.css HTTP/1.1" 304 - "http://renault.activities.at/null" "Mozilla/5.0 (compatible; MSIE 10.0; Windows NT 6.1; WOW64; Trident/6.0)"
80.123.225.36 - - [26/Sep/2019:13:26:11 +0200] "GET /css/clears.css HTTP/1.1" 304 - "http://renault.activities.at/null" "Mozilla/5.0 (compatible; MSIE 10.0; Windows NT 6.1; WOW64; Trident/6.0)"
80.123.225.36 - - [26/Sep/2019:13:26:11 +0200] "GET /css/styles.css HTTP/1.1" 304 - "http://renault.activities.at/null" "Mozilla/5.0 (compatible; MSIE 10.0; Windows NT 6.1; WOW64; Trident/6.0)"
80.123.225.36 - - [26/Sep/2019:13:26:11 +0200] "GET /css/print.css HTTP/1.1" 304 - "http://renault.activities.at/null" "Mozilla/5.0 (compatible; MSIE 10.0; Windows NT 6.1; WOW64; Trident/6.0)"
80.123.225.36 - - [26/Sep/2019:13:26:11 +0200] "GET /js/checkout.css HTTP/1.1" 304 - "http://renault.activities.at/null" "Mozilla/5.0 (compatible; MSIE 10.0; Windows NT 6.1; WOW64; Trident/6.0)"
80.123.225.36 - - [26/Sep/2019:13:26:11 +0200] "GET /css/prototip.css HTTP/1.1" 304 - "http://renault.activities.at/null" "Mozilla/5.0 (compatible; MSIE 10.0; Windows NT 6.1; WOW64; Trident/6.0)"
80.123.225.36 - - [26/Sep/2019:13:26:11 +0200] "GET /css/themes/default.css HTTP/1.1" 304 - "http://renault.activities.at/null" "Mozilla/5.0 (compatible; MSIE 10.0; Windows NT 6.1; WOW64; Trident/6.0)"
80.123.225.36 - - [26/Sep/2019:13:26:11 +0200] "GET /css/themes/alphacube.css HTTP/1.1" 304 - "http://renault.activities.at/null" "Mozilla/5.0 (compatible; MSIE 10.0; Windows NT 6.1; WOW64; Trident/6.0)"
80.123.225.36 - - [26/Sep/2019:13:26:10 +0200] "GET /imprints?print=true&mode=edit&template=10222758&object=10327383 HTTP/1.1" 200 5469 "http://renault.activities.at/imprints" "Mozilla/5.0 (compatible; MSIE 10.0; Windows NT 6.1; WOW64; Trident/6.0)"
80.123.225.36 - - [26/Sep/2019:13:26:12 +0200] "GET /js/default.js HTTP/1.1" 304 - "http://renault.activities.at/imprints?print=true&mode=edit&template=10222758&object=10327383" "Mozilla/5.0 (compatible; MSIE 10.0; Windows NT 6.1; WOW64; Trident/6.0)"
80.123.225.36 - - [26/Sep/2019:13:26:12 +0200] "GET /css/reset.css HTTP/1.1" 304 - "http://renault.activities.at/imprints?print=true&mode=edit&template=10222758&object=10327383" "Mozilla/5.0 (compatible; MSIE 10.0; Windows NT 6.1; WOW64; Trident/6.0)"
80.123.225.36 - - [26/Sep/2019:13:26:12 +0200] "GET /css/styles.css HTTP/1.1" 304 - "http://renault.activities.at/imprints?print=true&mode=edit&template=10222758&object=10327383" "Mozilla/5.0 (compatible; MSIE 10.0; Windows NT 6.1; WOW64; Trident/6.0)"
80.123.225.36 - - [26/Sep/2019:13:26:12 +0200] "GET /css/clears.css HTTP/1.1" 304 - "http://renault.activities.at/imprints?print=true&mode=edit&template=10222758&object=10327383" "Mozilla/5.0 (compatible; MSIE 10.0; Windows NT 6.1; WOW64; Trident/6.0)"
80.123.225.36 - - [26/Sep/2019:13:26:12 +0200] "GET /css/print.css HTTP/1.1" 304 - "http://renault.activities.at/imprints?print=true&mode=edit&template=10222758&object=10327383" "Mozilla/5.0 (compatible; MSIE 10.0; Windows NT 6.1; WOW64; Trident/6.0)"
80.123.225.36 - - [26/Sep/2019:13:26:12 +0200] "GET /js/checkout.css HTTP/1.1" 304 - "http://renault.activities.at/imprints?print=true&mode=edit&template=10222758&object=10327383" "Mozilla/5.0 (compatible; MSIE 10.0; Windows NT 6.1; WOW64; Trident/6.0)"
80.123.225.36 - - [26/Sep/2019:13:26:13 +0200] "GET /css/prototip.css HTTP/1.1" 304 - "http://renault.activities.at/imprints?print=true&mode=edit&template=10222758&object=10327383" "Mozilla/5.0 (compatible; MSIE 10.0; Windows NT 6.1; WOW64; Trident/6.0)"
80.123.225.36 - - [26/Sep/2019:13:26:13 +0200] "GET /css/themes/default.css HTTP/1.1" 304 - "http://renault.activities.at/imprints?print=true&mode=edit&template=10222758&object=10327383" "Mozilla/5.0 (compatible; MSIE 10.0; Windows NT 6.1; WOW64; Trident/6.0)"
80.123.225.36 - - [26/Sep/2019:13:26:13 +0200] "GET /css/themes/alphacube.css HTTP/1.1" 304 - "http://renault.activities.at/imprints?print=true&mode=edit&template=10222758&object=10327383" "Mozilla/5.0 (compatible; MSIE 10.0; Windows NT 6.1; WOW64; Trident/6.0)"
80.123.225.36 - - [26/Sep/2019:13:26:13 +0200] "GET /js/ImprintEdit.js HTTP/1.1" 304 - "http://renault.activities.at/imprints?print=true&mode=edit&template=10222758&object=10327383" "Mozilla/5.0 (compatible; MSIE 10.0; Windows NT 6.1; WOW64; Trident/6.0)"
80.123.225.36 - - [26/Sep/2019:13:26:13 +0200] "GET /js/tiny_mce/tiny_mce.js HTTP/1.1" 304 - "http://renault.activities.at/imprints?print=true&mode=edit&template=10222758&object=10327383" "Mozilla/5.0 (compatible; MSIE 10.0; Windows NT 6.1; WOW64; Trident/6.0)"
80.123.225.36 - - [26/Sep/2019:13:26:13 +0200] "GET /js/tiny_mce/langs/de.js HTTP/1.1" 304 - "http://renault.activities.at/imprints?print=true&mode=edit&template=10222758&object=10327383" "Mozilla/5.0 (compatible; MSIE 10.0; Windows NT 6.1; WOW64; Trident/6.0)"
80.123.225.36 - - [26/Sep/2019:13:26:13 +0200] "GET /js/tiny_mce/themes/advanced/editor_template.js HTTP/1.1" 304 - "http://renault.activities.at/imprints?print=true&mode=edit&template=10222758&object=10327383" "Mozilla/5.0 (compatible; MSIE 10.0; Windows NT 6.1; WOW64; Trident/6.0)"
80.123.225.36 - - [26/Sep/2019:13:26:13 +0200] "GET /js/tiny_mce/plugins/table/editor_plugin.js HTTP/1.1" 304 - "http://renault.activities.at/imprints?print=true&mode=edit&template=10222758&object=10327383" "Mozilla/5.0 (compatible; MSIE 10.0; Windows NT 6.1; WOW64; Trident/6.0)"
80.123.225.36 - - [26/Sep/2019:13:26:13 +0200] "GET /js/tiny_mce/plugins/contextmenu/editor_plugin.js HTTP/1.1" 304 - "http://renault.activities.at/imprints?print=true&mode=edit&template=10222758&object=10327383" "Mozilla/5.0 (compatible; MSIE 10.0; Windows NT 6.1; WOW64; Trident/6.0)"
80.123.225.36 - - [26/Sep/2019:13:26:13 +0200] "GET /js/tiny_mce/plugins/customerinsert/editor_plugin.js HTTP/1.1" 304 - "http://renault.activities.at/imprints?print=true&mode=edit&template=10222758&object=10327383" "Mozilla/5.0 (compatible; MSIE 10.0; Windows NT 6.1; WOW64; Trident/6.0)"
80.123.225.36 - - [26/Sep/2019:13:26:13 +0200] "GET /js/tiny_mce/themes/advanced/langs/de.js HTTP/1.1" 304 - "http://renault.activities.at/imprints?print=true&mode=edit&template=10222758&object=10327383" "Mozilla/5.0 (compatible; MSIE 10.0; Windows NT 6.1; WOW64; Trident/6.0)"
80.123.225.36 - - [26/Sep/2019:13:26:13 +0200] "GET /js/tiny_mce/plugins/customerinsert/langs/de.js HTTP/1.1" 304 - "http://renault.activities.at/imprints?print=true&mode=edit&template=10222758&object=10327383" "Mozilla/5.0 (compatible; MSIE 10.0; Windows NT 6.1; WOW64; Trident/6.0)"
80.123.225.36 - - [26/Sep/2019:13:26:13 +0200] "GET /js/tiny_mce/themes/advanced/skins/default/ui.css HTTP/1.1" 304 - "http://renault.activities.at/imprints?print=true&mode=edit&template=10222758&object=10327383" "Mozilla/5.0 (compatible; MSIE 10.0; Windows NT 6.1; WOW64; Trident/6.0)"
80.123.225.36 - - [26/Sep/2019:13:26:13 +0200] "GET /images/icons/custom_inserts.gif HTTP/1.1" 304 - "http://renault.activities.at/imprints?print=true&mode=edit&template=10222758&object=10327383" "Mozilla/5.0 (compatible; MSIE 10.0; Windows NT 6.1; WOW64; Trident/6.0)"
80.123.225.36 - - [26/Sep/2019:13:26:13 +0200] "GET /js/tiny_mce/themes/advanced/skins/default/content.css HTTP/1.1" 304 - "http://renault.activities.at/imprints?print=true&mode=edit&template=10222758&object=10327383" "Mozilla/5.0 (compatible; MSIE 10.0; Windows NT 6.1; WOW64; Trident/6.0)"
80.123.225.36 - - [26/Sep/2019:13:26:13 +0200] "GET /js/tiny_mce/themes/advanced/img/icons.gif HTTP/1.1" 304 - "http://renault.activities.at/imprints?print=true&mode=edit&template=10222758&object=10327383" "Mozilla/5.0 (compatible; MSIE 10.0; Windows NT 6.1; WOW64; Trident/6.0)"
80.123.225.36 - - [26/Sep/2019:13:26:17 +0200] "GET /null HTTP/1.1" 200 3620 "http://renault.activities.at/imprints" "Mozilla/5.0 (compatible; MSIE 10.0; Windows NT 6.1; WOW64; Trident/6.0)"
80.123.225.36 - - [26/Sep/2019:13:26:18 +0200] "GET /js/default.js HTTP/1.1" 304 - "http://renault.activities.at/null" "Mozilla/5.0 (compatible; MSIE 10.0; Windows NT 6.1; WOW64; Trident/6.0)"
80.123.225.36 - - [26/Sep/2019:13:26:18 +0200] "GET /css/styles.css HTTP/1.1" 304 - "http://renault.activities.at/null" "Mozilla/5.0 (compatible; MSIE 10.0; Windows NT 6.1; WOW64; Trident/6.0)"
80.123.225.36 - - [26/Sep/2019:13:26:18 +0200] "GET /css/reset.css HTTP/1.1" 304 - "http://renault.activities.at/null" "Mozilla/5.0 (compatible; MSIE 10.0; Windows NT 6.1; WOW64; Trident/6.0)"
80.123.225.36 - - [26/Sep/2019:13:26:18 +0200] "GET /css/clears.css HTTP/1.1" 304 - "http://renault.activities.at/null" "Mozilla/5.0 (compatible; MSIE 10.0; Windows NT 6.1; WOW64; Trident/6.0)"
80.123.225.36 - - [26/Sep/2019:13:26:18 +0200] "GET /css/print.css HTTP/1.1" 304 - "http://renault.activities.at/null" "Mozilla/5.0 (compatible; MSIE 10.0; Windows NT 6.1; WOW64; Trident/6.0)"
80.123.225.36 - - [26/Sep/2019:13:26:18 +0200] "GET /js/checkout.css HTTP/1.1" 304 - "http://renault.activities.at/null" "Mozilla/5.0 (compatible; MSIE 10.0; Windows NT 6.1; WOW64; Trident/6.0)"
80.123.225.36 - - [26/Sep/2019:13:26:18 +0200] "GET /css/prototip.css HTTP/1.1" 304 - "http://renault.activities.at/null" "Mozilla/5.0 (compatible; MSIE 10.0; Windows NT 6.1; WOW64; Trident/6.0)"
80.123.225.36 - - [26/Sep/2019:13:26:18 +0200] "GET /css/themes/default.css HTTP/1.1" 304 - "http://renault.activities.at/null" "Mozilla/5.0 (compatible; MSIE 10.0; Windows NT 6.1; WOW64; Trident/6.0)"
80.123.225.36 - - [26/Sep/2019:13:26:18 +0200] "GET /css/themes/alphacube.css HTTP/1.1" 304 - "http://renault.activities.at/null" "Mozilla/5.0 (compatible; MSIE 10.0; Windows NT 6.1; WOW64; Trident/6.0)"
80.123.225.36 - - [26/Sep/2019:13:26:18 +0200] "GET /address HTTP/1.1" 200 5204 "http://renault.activities.at/imprints" "Mozilla/5.0 (compatible; MSIE 10.0; Windows NT 6.1; WOW64; Trident/6.0)"
80.123.225.36 - - [26/Sep/2019:13:26:20 +0200] "GET /js/default.js HTTP/1.1" 304 - "http://renault.activities.at/address" "Mozilla/5.0 (compatible; MSIE 10.0; Windows NT 6.1; WOW64; Trident/6.0)"
80.123.225.36 - - [26/Sep/2019:13:26:20 +0200] "GET /css/reset.css HTTP/1.1" 304 - "http://renault.activities.at/address" "Mozilla/5.0 (compatible; MSIE 10.0; Windows NT 6.1; WOW64; Trident/6.0)"
80.123.225.36 - - [26/Sep/2019:13:26:20 +0200] "GET /css/styles.css HTTP/1.1" 304 - "http://renault.activities.at/address" "Mozilla/5.0 (compatible; MSIE 10.0; Windows NT 6.1; WOW64; Trident/6.0)"
80.123.225.36 - - [26/Sep/2019:13:26:20 +0200] "GET /css/clears.css HTTP/1.1" 304 - "http://renault.activities.at/address" "Mozilla/5.0 (compatible; MSIE 10.0; Windows NT 6.1; WOW64; Trident/6.0)"
80.123.225.36 - - [26/Sep/2019:13:26:20 +0200] "GET /css/print.css HTTP/1.1" 304 - "http://renault.activities.at/address" "Mozilla/5.0 (compatible; MSIE 10.0; Windows NT 6.1; WOW64; Trident/6.0)"
80.123.225.36 - - [26/Sep/2019:13:26:20 +0200] "GET /js/checkout.css HTTP/1.1" 304 - "http://renault.activities.at/address" "Mozilla/5.0 (compatible; MSIE 10.0; Windows NT 6.1; WOW64; Trident/6.0)"
80.123.225.36 - - [26/Sep/2019:13:26:20 +0200] "GET /css/prototip.css HTTP/1.1" 304 - "http://renault.activities.at/address" "Mozilla/5.0 (compatible; MSIE 10.0; Windows NT 6.1; WOW64; Trident/6.0)"
80.123.225.36 - - [26/Sep/2019:13:26:20 +0200] "GET /css/themes/default.css HTTP/1.1" 304 - "http://renault.activities.at/address" "Mozilla/5.0 (compatible; MSIE 10.0; Windows NT 6.1; WOW64; Trident/6.0)"
80.123.225.36 - - [26/Sep/2019:13:26:20 +0200] "GET /css/themes/alphacube.css HTTP/1.1" 304 - "http://renault.activities.at/address" "Mozilla/5.0 (compatible; MSIE 10.0; Windows NT 6.1; WOW64; Trident/6.0)"
80.123.225.36 - - [26/Sep/2019:13:26:20 +0200] "GET /images/main_block_corner_left_bot.gif HTTP/1.1" 304 - "http://renault.activities.at/address" "Mozilla/5.0 (compatible; MSIE 10.0; Windows NT 6.1; WOW64; Trident/6.0)"
80.123.225.36 - - [26/Sep/2019:13:26:20 +0200] "GET /images/main_block_corner_right_top.gif HTTP/1.1" 304 - "http://renault.activities.at/address" "Mozilla/5.0 (compatible; MSIE 10.0; Windows NT 6.1; WOW64; Trident/6.0)"
80.123.225.36 - - [26/Sep/2019:13:26:20 +0200] "GET /images/main_block_corner_right_bot.gif HTTP/1.1" 304 - "http://renault.activities.at/address" "Mozilla/5.0 (compatible; MSIE 10.0; Windows NT 6.1; WOW64; Trident/6.0)"
80.123.225.36 - - [26/Sep/2019:13:26:20 +0200] "GET /images/main_block_corner_left_top.gif HTTP/1.1" 304 - "http://renault.activities.at/address" "Mozilla/5.0 (compatible; MSIE 10.0; Windows NT 6.1; WOW64; Trident/6.0)"
80.123.225.36 - - [26/Sep/2019:13:26:20 +0200] "GET /images/main_block_border.gif HTTP/1.1" 304 - "http://renault.activities.at/address" "Mozilla/5.0 (compatible; MSIE 10.0; Windows NT 6.1; WOW64; Trident/6.0)"
80.123.225.36 - - [26/Sep/2019:13:26:20 +0200] "GET /images/search_bg.gif HTTP/1.1" 304 - "http://renault.activities.at/address" "Mozilla/5.0 (compatible; MSIE 10.0; Windows NT 6.1; WOW64; Trident/6.0)"
80.123.225.36 - - [26/Sep/2019:13:26:20 +0200] "GET /images/nav_divider.gif HTTP/1.1" 304 - "http://renault.activities.at/address" "Mozilla/5.0 (compatible; MSIE 10.0; Windows NT 6.1; WOW64; Trident/6.0)"
80.123.225.36 - - [26/Sep/2019:13:26:20 +0200] "GET /images/menu_button_bg.jpg HTTP/1.1" 304 - "http://renault.activities.at/address" "Mozilla/5.0 (compatible; MSIE 10.0; Windows NT 6.1; WOW64; Trident/6.0)"
80.123.225.36 - - [26/Sep/2019:13:26:20 +0200] "GET /images/header_block_corner_right_top.gif HTTP/1.1" 304 - "http://renault.activities.at/address" "Mozilla/5.0 (compatible; MSIE 10.0; Windows NT 6.1; WOW64; Trident/6.0)"
80.123.225.36 - - [26/Sep/2019:13:26:20 +0200] "GET /images/header_block_border.gif HTTP/1.1" 304 - "http://renault.activities.at/address" "Mozilla/5.0 (compatible; MSIE 10.0; Windows NT 6.1; WOW64; Trident/6.0)"
80.123.225.36 - - [26/Sep/2019:13:26:20 +0200] "GET /images/header_block_corner_left_top.gif HTTP/1.1" 304 - "http://renault.activities.at/address" "Mozilla/5.0 (compatible; MSIE 10.0; Windows NT 6.1; WOW64; Trident/6.0)"
80.123.225.36 - - [26/Sep/2019:13:26:20 +0200] "GET /images/footer_divider.gif HTTP/1.1" 304 - "http://renault.activities.at/address" "Mozilla/5.0 (compatible; MSIE 10.0; Windows NT 6.1; WOW64; Trident/6.0)"
80.123.225.36 - - [26/Sep/2019:13:26:20 +0200] "GET /images/title_corner_right_top.jpg HTTP/1.1" 304 - "http://renault.activities.at/address" "Mozilla/5.0 (compatible; MSIE 10.0; Windows NT 6.1; WOW64; Trident/6.0)"
80.123.225.36 - - [26/Sep/2019:13:26:20 +0200] "GET /images/title_border_top.jpg HTTP/1.1" 304 - "http://renault.activities.at/address" "Mozilla/5.0 (compatible; MSIE 10.0; Windows NT 6.1; WOW64; Trident/6.0)"
80.123.225.36 - - [26/Sep/2019:13:26:20 +0200] "GET /images/title_corner_left_top.jpg HTTP/1.1" 304 - "http://renault.activities.at/address" "Mozilla/5.0 (compatible; MSIE 10.0; Windows NT 6.1; WOW64; Trident/6.0)"
80.123.225.36 - - [26/Sep/2019:13:26:20 +0200] "GET /images/title_border.jpg HTTP/1.1" 304 - "http://renault.activities.at/address" "Mozilla/5.0 (compatible; MSIE 10.0; Windows NT 6.1; WOW64; Trident/6.0)"
80.123.225.36 - - [26/Sep/2019:13:26:20 +0200] "GET /images/button_bg.gif HTTP/1.1" 304 - "http://renault.activities.at/address" "Mozilla/5.0 (compatible; MSIE 10.0; Windows NT 6.1; WOW64; Trident/6.0)"
80.123.225.36 - - [26/Sep/2019:13:26:20 +0200] "GET /images/button_right_bg.gif HTTP/1.1" 304 - "http://renault.activities.at/address" "Mozilla/5.0 (compatible; MSIE 10.0; Windows NT 6.1; WOW64; Trident/6.0)"
80.123.225.36 - - [26/Sep/2019:13:26:20 +0200] "GET /images/sidebar_title_corner_right_top.gif HTTP/1.1" 304 - "http://renault.activities.at/address" "Mozilla/5.0 (compatible; MSIE 10.0; Windows NT 6.1; WOW64; Trident/6.0)"
80.123.225.36 - - [26/Sep/2019:13:26:20 +0200] "GET /images/sidebar_title_corner_left_top.gif HTTP/1.1" 304 - "http://renault.activities.at/address" "Mozilla/5.0 (compatible; MSIE 10.0; Windows NT 6.1; WOW64; Trident/6.0)"
80.123.225.36 - - [26/Sep/2019:13:26:20 +0200] "GET /images/sidebar_title_border_top.gif HTTP/1.1" 304 - "http://renault.activities.at/address" "Mozilla/5.0 (compatible; MSIE 10.0; Windows NT 6.1; WOW64; Trident/6.0)"
80.123.225.36 - - [26/Sep/2019:13:26:20 +0200] "GET /images/sidebar_title_border.gif HTTP/1.1" 304 - "http://renault.activities.at/address" "Mozilla/5.0 (compatible; MSIE 10.0; Windows NT 6.1; WOW64; Trident/6.0)"
80.123.225.36 - - [26/Sep/2019:13:26:20 +0200] "GET /images/button_left_bg.gif HTTP/1.1" 304 - "http://renault.activities.at/address" "Mozilla/5.0 (compatible; MSIE 10.0; Windows NT 6.1; WOW64; Trident/6.0)"
80.123.225.36 - - [26/Sep/2019:13:26:20 +0200] "GET /images/menu_divider.gif HTTP/1.1" 304 - "http://renault.activities.at/address" "Mozilla/5.0 (compatible; MSIE 10.0; Windows NT 6.1; WOW64; Trident/6.0)"
80.123.225.36 - - [26/Sep/2019:13:26:20 +0200] "GET /images/top_links_divider.gif HTTP/1.1" 304 - "http://renault.activities.at/address" "Mozilla/5.0 (compatible; MSIE 10.0; Windows NT 6.1; WOW64; Trident/6.0)"
213.153.47.173 - - [26/Sep/2019:13:26:21 +0200] "GET /reload?ser=1569497181160 HTTP/1.1" 200 28 "http://renault.activities.at/login?required=true" "Mozilla/5.0 (Windows NT 10.0; Win64; x64; rv:69.0) Gecko/20100101 Firefox/69.0"
80.123.225.36 - - [26/Sep/2019:13:26:37 +0200] "POST /address HTTP/1.1" 200 8793 "http://renault.activities.at/address" "Mozilla/5.0 (compatible; MSIE 10.0; Windows NT 6.1; WOW64; Trident/6.0)"
80.123.225.36 - - [26/Sep/2019:13:26:38 +0200] "GET /js/default.js HTTP/1.1" 304 - "http://renault.activities.at/address" "Mozilla/5.0 (compatible; MSIE 10.0; Windows NT 6.1; WOW64; Trident/6.0)"
80.123.225.36 - - [26/Sep/2019:13:26:38 +0200] "GET /css/reset.css HTTP/1.1" 304 - "http://renault.activities.at/address" "Mozilla/5.0 (compatible; MSIE 10.0; Windows NT 6.1; WOW64; Trident/6.0)"
80.123.225.36 - - [26/Sep/2019:13:26:38 +0200] "GET /css/styles.css HTTP/1.1" 304 - "http://renault.activities.at/address" "Mozilla/5.0 (compatible; MSIE 10.0; Windows NT 6.1; WOW64; Trident/6.0)"
80.123.225.36 - - [26/Sep/2019:13:26:38 +0200] "GET /css/clears.css HTTP/1.1" 304 - "http://renault.activities.at/address" "Mozilla/5.0 (compatible; MSIE 10.0; Windows NT 6.1; WOW64; Trident/6.0)"
80.123.225.36 - - [26/Sep/2019:13:26:38 +0200] "GET /css/print.css HTTP/1.1" 304 - "http://renault.activities.at/address" "Mozilla/5.0 (compatible; MSIE 10.0; Windows NT 6.1; WOW64; Trident/6.0)"
80.123.225.36 - - [26/Sep/2019:13:26:38 +0200] "GET /js/checkout.css HTTP/1.1" 304 - "http://renault.activities.at/address" "Mozilla/5.0 (compatible; MSIE 10.0; Windows NT 6.1; WOW64; Trident/6.0)"
80.123.225.36 - - [26/Sep/2019:13:26:38 +0200] "GET /css/prototip.css HTTP/1.1" 304 - "http://renault.activities.at/address" "Mozilla/5.0 (compatible; MSIE 10.0; Windows NT 6.1; WOW64; Trident/6.0)"
80.123.225.36 - - [26/Sep/2019:13:26:38 +0200] "GET /css/themes/default.css HTTP/1.1" 304 - "http://renault.activities.at/address" "Mozilla/5.0 (compatible; MSIE 10.0; Windows NT 6.1; WOW64; Trident/6.0)"
80.123.225.36 - - [26/Sep/2019:13:26:38 +0200] "GET /css/themes/alphacube.css HTTP/1.1" 304 - "http://renault.activities.at/address" "Mozilla/5.0 (compatible; MSIE 10.0; Windows NT 6.1; WOW64; Trident/6.0)"
80.123.225.36 - - [26/Sep/2019:13:26:38 +0200] "GET /images/note_msg_icon.gif HTTP/1.1" 200 1022 "http://renault.activities.at/address" "Mozilla/5.0 (compatible; MSIE 10.0; Windows NT 6.1; WOW64; Trident/6.0)"
80.123.225.36 - - [26/Sep/2019:13:26:38 +0200] "GET /images/main_block_corner_right_bot.gif HTTP/1.1" 304 - "http://renault.activities.at/address" "Mozilla/5.0 (compatible; MSIE 10.0; Windows NT 6.1; WOW64; Trident/6.0)"
80.123.225.36 - - [26/Sep/2019:13:26:38 +0200] "GET /images/main_block_corner_left_bot.gif HTTP/1.1" 304 - "http://renault.activities.at/address" "Mozilla/5.0 (compatible; MSIE 10.0; Windows NT 6.1; WOW64; Trident/6.0)"
80.123.225.36 - - [26/Sep/2019:13:26:38 +0200] "GET /images/main_block_corner_right_top.gif HTTP/1.1" 304 - "http://renault.activities.at/address" "Mozilla/5.0 (compatible; MSIE 10.0; Windows NT 6.1; WOW64; Trident/6.0)"
80.123.225.36 - - [26/Sep/2019:13:26:38 +0200] "GET /images/main_block_corner_left_top.gif HTTP/1.1" 304 - "http://renault.activities.at/address" "Mozilla/5.0 (compatible; MSIE 10.0; Windows NT 6.1; WOW64; Trident/6.0)"
80.123.225.36 - - [26/Sep/2019:13:26:38 +0200] "GET /images/main_block_border.gif HTTP/1.1" 304 - "http://renault.activities.at/address" "Mozilla/5.0 (compatible; MSIE 10.0; Windows NT 6.1; WOW64; Trident/6.0)"
80.123.225.36 - - [26/Sep/2019:13:26:38 +0200] "GET /images/nav_divider.gif HTTP/1.1" 304 - "http://renault.activities.at/address" "Mozilla/5.0 (compatible; MSIE 10.0; Windows NT 6.1; WOW64; Trident/6.0)"
80.123.225.36 - - [26/Sep/2019:13:26:38 +0200] "GET /images/search_bg.gif HTTP/1.1" 304 - "http://renault.activities.at/address" "Mozilla/5.0 (compatible; MSIE 10.0; Windows NT 6.1; WOW64; Trident/6.0)"
80.123.225.36 - - [26/Sep/2019:13:26:38 +0200] "GET /images/menu_button_bg.jpg HTTP/1.1" 304 - "http://renault.activities.at/address" "Mozilla/5.0 (compatible; MSIE 10.0; Windows NT 6.1; WOW64; Trident/6.0)"
80.123.225.36 - - [26/Sep/2019:13:26:38 +0200] "GET /images/header_block_corner_right_top.gif HTTP/1.1" 304 - "http://renault.activities.at/address" "Mozilla/5.0 (compatible; MSIE 10.0; Windows NT 6.1; WOW64; Trident/6.0)"
80.123.225.36 - - [26/Sep/2019:13:26:38 +0200] "GET /images/header_block_corner_left_top.gif HTTP/1.1" 304 - "http://renault.activities.at/address" "Mozilla/5.0 (compatible; MSIE 10.0; Windows NT 6.1; WOW64; Trident/6.0)"
80.123.225.36 - - [26/Sep/2019:13:26:39 +0200] "GET /images/header_block_border.gif HTTP/1.1" 304 - "http://renault.activities.at/address" "Mozilla/5.0 (compatible; MSIE 10.0; Windows NT 6.1; WOW64; Trident/6.0)"
80.123.225.36 - - [26/Sep/2019:13:26:39 +0200] "GET /images/footer_divider.gif HTTP/1.1" 304 - "http://renault.activities.at/address" "Mozilla/5.0 (compatible; MSIE 10.0; Windows NT 6.1; WOW64; Trident/6.0)"
80.123.225.36 - - [26/Sep/2019:13:26:39 +0200] "GET /images/title_corner_right_top.jpg HTTP/1.1" 304 - "http://renault.activities.at/address" "Mozilla/5.0 (compatible; MSIE 10.0; Windows NT 6.1; WOW64; Trident/6.0)"
80.123.225.36 - - [26/Sep/2019:13:26:39 +0200] "GET /images/title_corner_left_top.jpg HTTP/1.1" 304 - "http://renault.activities.at/address" "Mozilla/5.0 (compatible; MSIE 10.0; Windows NT 6.1; WOW64; Trident/6.0)"
80.123.225.36 - - [26/Sep/2019:13:26:39 +0200] "GET /images/title_border_top.jpg HTTP/1.1" 304 - "http://renault.activities.at/address" "Mozilla/5.0 (compatible; MSIE 10.0; Windows NT 6.1; WOW64; Trident/6.0)"
80.123.225.36 - - [26/Sep/2019:13:26:39 +0200] "GET /images/title_border.jpg HTTP/1.1" 304 - "http://renault.activities.at/address" "Mozilla/5.0 (compatible; MSIE 10.0; Windows NT 6.1; WOW64; Trident/6.0)"
80.123.225.36 - - [26/Sep/2019:13:26:39 +0200] "GET /images/button_bg.gif HTTP/1.1" 304 - "http://renault.activities.at/address" "Mozilla/5.0 (compatible; MSIE 10.0; Windows NT 6.1; WOW64; Trident/6.0)"
80.123.225.36 - - [26/Sep/2019:13:26:39 +0200] "GET /images/button_right_bg.gif HTTP/1.1" 304 - "http://renault.activities.at/address" "Mozilla/5.0 (compatible; MSIE 10.0; Windows NT 6.1; WOW64; Trident/6.0)"
80.123.225.36 - - [26/Sep/2019:13:26:39 +0200] "GET /images/sidebar_title_corner_right_top.gif HTTP/1.1" 304 - "http://renault.activities.at/address" "Mozilla/5.0 (compatible; MSIE 10.0; Windows NT 6.1; WOW64; Trident/6.0)"
80.123.225.36 - - [26/Sep/2019:13:26:39 +0200] "GET /images/sidebar_title_corner_left_top.gif HTTP/1.1" 304 - "http://renault.activities.at/address" "Mozilla/5.0 (compatible; MSIE 10.0; Windows NT 6.1; WOW64; Trident/6.0)"
80.123.225.36 - - [26/Sep/2019:13:26:39 +0200] "GET /images/sidebar_title_border_top.gif HTTP/1.1" 304 - "http://renault.activities.at/address" "Mozilla/5.0 (compatible; MSIE 10.0; Windows NT 6.1; WOW64; Trident/6.0)"
80.123.225.36 - - [26/Sep/2019:13:26:39 +0200] "GET /images/sidebar_title_border.gif HTTP/1.1" 304 - "http://renault.activities.at/address" "Mozilla/5.0 (compatible; MSIE 10.0; Windows NT 6.1; WOW64; Trident/6.0)"
80.123.225.36 - - [26/Sep/2019:13:26:39 +0200] "GET /images/button_left_bg.gif HTTP/1.1" 304 - "http://renault.activities.at/address" "Mozilla/5.0 (compatible; MSIE 10.0; Windows NT 6.1; WOW64; Trident/6.0)"
80.123.225.36 - - [26/Sep/2019:13:26:39 +0200] "GET /images/menu_divider.gif HTTP/1.1" 304 - "http://renault.activities.at/address" "Mozilla/5.0 (compatible; MSIE 10.0; Windows NT 6.1; WOW64; Trident/6.0)"
80.123.225.36 - - [26/Sep/2019:13:26:39 +0200] "GET /images/top_links_divider.gif HTTP/1.1" 304 - "http://renault.activities.at/address" "Mozilla/5.0 (compatible; MSIE 10.0; Windows NT 6.1; WOW64; Trident/6.0)"
212.152.246.131 - - [26/Sep/2019:13:26:38 +0200] "GET /reload?ser=1569497201028 HTTP/1.1" 200 28 "http://renault.activities.at/success" "Mozilla/5.0 (Windows NT 6.1; Win64; x64) AppleWebKit/537.36 (KHTML, like Gecko) Chrome/77.0.3865.90 Safari/537.36"
80.123.225.36 - - [26/Sep/2019:13:26:42 +0200] "GET /account HTTP/1.1" 200 5910 "http://renault.activities.at/address" "Mozilla/5.0 (compatible; MSIE 10.0; Windows NT 6.1; WOW64; Trident/6.0)"
80.123.225.36 - - [26/Sep/2019:13:26:44 +0200] "GET /js/default.js HTTP/1.1" 304 - "http://renault.activities.at/account" "Mozilla/5.0 (compatible; MSIE 10.0; Windows NT 6.1; WOW64; Trident/6.0)"
80.123.225.36 - - [26/Sep/2019:13:26:44 +0200] "GET /css/reset.css HTTP/1.1" 304 - "http://renault.activities.at/account" "Mozilla/5.0 (compatible; MSIE 10.0; Windows NT 6.1; WOW64; Trident/6.0)"
80.123.225.36 - - [26/Sep/2019:13:26:44 +0200] "GET /css/styles.css HTTP/1.1" 304 - "http://renault.activities.at/account" "Mozilla/5.0 (compatible; MSIE 10.0; Windows NT 6.1; WOW64; Trident/6.0)"
80.123.225.36 - - [26/Sep/2019:13:26:44 +0200] "GET /css/clears.css HTTP/1.1" 304 - "http://renault.activities.at/account" "Mozilla/5.0 (compatible; MSIE 10.0; Windows NT 6.1; WOW64; Trident/6.0)"
80.123.225.36 - - [26/Sep/2019:13:26:44 +0200] "GET /css/print.css HTTP/1.1" 304 - "http://renault.activities.at/account" "Mozilla/5.0 (compatible; MSIE 10.0; Windows NT 6.1; WOW64; Trident/6.0)"
80.123.225.36 - - [26/Sep/2019:13:26:44 +0200] "GET /js/checkout.css HTTP/1.1" 304 - "http://renault.activities.at/account" "Mozilla/5.0 (compatible; MSIE 10.0; Windows NT 6.1; WOW64; Trident/6.0)"
80.123.225.36 - - [26/Sep/2019:13:26:44 +0200] "GET /css/prototip.css HTTP/1.1" 304 - "http://renault.activities.at/account" "Mozilla/5.0 (compatible; MSIE 10.0; Windows NT 6.1; WOW64; Trident/6.0)"
80.123.225.36 - - [26/Sep/2019:13:26:44 +0200] "GET /css/themes/default.css HTTP/1.1" 304 - "http://renault.activities.at/account" "Mozilla/5.0 (compatible; MSIE 10.0; Windows NT 6.1; WOW64; Trident/6.0)"
80.123.225.36 - - [26/Sep/2019:13:26:44 +0200] "GET /css/themes/alphacube.css HTTP/1.1" 304 - "http://renault.activities.at/account" "Mozilla/5.0 (compatible; MSIE 10.0; Windows NT 6.1; WOW64; Trident/6.0)"
80.123.225.36 - - [26/Sep/2019:13:26:44 +0200] "GET /js/account.js HTTP/1.1" 304 - "http://renault.activities.at/account" "Mozilla/5.0 (compatible; MSIE 10.0; Windows NT 6.1; WOW64; Trident/6.0)"
80.123.225.36 - - [26/Sep/2019:13:26:44 +0200] "GET /images/main_block_corner_right_bot.gif HTTP/1.1" 304 - "http://renault.activities.at/account" "Mozilla/5.0 (compatible; MSIE 10.0; Windows NT 6.1; WOW64; Trident/6.0)"
80.123.225.36 - - [26/Sep/2019:13:26:44 +0200] "GET /images/main_block_corner_left_bot.gif HTTP/1.1" 304 - "http://renault.activities.at/account" "Mozilla/5.0 (compatible; MSIE 10.0; Windows NT 6.1; WOW64; Trident/6.0)"
80.123.225.36 - - [26/Sep/2019:13:26:44 +0200] "GET /images/main_block_corner_right_top.gif HTTP/1.1" 304 - "http://renault.activities.at/account" "Mozilla/5.0 (compatible; MSIE 10.0; Windows NT 6.1; WOW64; Trident/6.0)"
80.123.225.36 - - [26/Sep/2019:13:26:44 +0200] "GET /images/main_block_corner_left_top.gif HTTP/1.1" 304 - "http://renault.activities.at/account" "Mozilla/5.0 (compatible; MSIE 10.0; Windows NT 6.1; WOW64; Trident/6.0)"
80.123.225.36 - - [26/Sep/2019:13:26:44 +0200] "GET /images/main_block_border.gif HTTP/1.1" 304 - "http://renault.activities.at/account" "Mozilla/5.0 (compatible; MSIE 10.0; Windows NT 6.1; WOW64; Trident/6.0)"
80.123.225.36 - - [26/Sep/2019:13:26:44 +0200] "GET /images/search_bg.gif HTTP/1.1" 304 - "http://renault.activities.at/account" "Mozilla/5.0 (compatible; MSIE 10.0; Windows NT 6.1; WOW64; Trident/6.0)"
80.123.225.36 - - [26/Sep/2019:13:26:44 +0200] "GET /images/nav_divider.gif HTTP/1.1" 304 - "http://renault.activities.at/account" "Mozilla/5.0 (compatible; MSIE 10.0; Windows NT 6.1; WOW64; Trident/6.0)"
80.123.225.36 - - [26/Sep/2019:13:26:44 +0200] "GET /images/menu_button_bg.jpg HTTP/1.1" 304 - "http://renault.activities.at/account" "Mozilla/5.0 (compatible; MSIE 10.0; Windows NT 6.1; WOW64; Trident/6.0)"
80.123.225.36 - - [26/Sep/2019:13:26:44 +0200] "GET /images/header_block_corner_right_top.gif HTTP/1.1" 304 - "http://renault.activities.at/account" "Mozilla/5.0 (compatible; MSIE 10.0; Windows NT 6.1; WOW64; Trident/6.0)"
80.123.225.36 - - [26/Sep/2019:13:26:44 +0200] "GET /images/header_block_corner_left_top.gif HTTP/1.1" 304 - "http://renault.activities.at/account" "Mozilla/5.0 (compatible; MSIE 10.0; Windows NT 6.1; WOW64; Trident/6.0)"
80.123.225.36 - - [26/Sep/2019:13:26:44 +0200] "GET /images/header_block_border.gif HTTP/1.1" 304 - "http://renault.activities.at/account" "Mozilla/5.0 (compatible; MSIE 10.0; Windows NT 6.1; WOW64; Trident/6.0)"
80.123.225.36 - - [26/Sep/2019:13:26:44 +0200] "GET /images/footer_divider.gif HTTP/1.1" 304 - "http://renault.activities.at/account" "Mozilla/5.0 (compatible; MSIE 10.0; Windows NT 6.1; WOW64; Trident/6.0)"
80.123.225.36 - - [26/Sep/2019:13:26:44 +0200] "GET /images/title_corner_right_top.jpg HTTP/1.1" 304 - "http://renault.activities.at/account" "Mozilla/5.0 (compatible; MSIE 10.0; Windows NT 6.1; WOW64; Trident/6.0)"
80.123.225.36 - - [26/Sep/2019:13:26:44 +0200] "GET /images/title_corner_left_top.jpg HTTP/1.1" 304 - "http://renault.activities.at/account" "Mozilla/5.0 (compatible; MSIE 10.0; Windows NT 6.1; WOW64; Trident/6.0)"
80.123.225.36 - - [26/Sep/2019:13:26:44 +0200] "GET /images/title_border_top.jpg HTTP/1.1" 304 - "http://renault.activities.at/account" "Mozilla/5.0 (compatible; MSIE 10.0; Windows NT 6.1; WOW64; Trident/6.0)"
80.123.225.36 - - [26/Sep/2019:13:26:44 +0200] "GET /images/title_border.jpg HTTP/1.1" 304 - "http://renault.activities.at/account" "Mozilla/5.0 (compatible; MSIE 10.0; Windows NT 6.1; WOW64; Trident/6.0)"
80.123.225.36 - - [26/Sep/2019:13:26:44 +0200] "GET /images/button_bg.gif HTTP/1.1" 304 - "http://renault.activities.at/account" "Mozilla/5.0 (compatible; MSIE 10.0; Windows NT 6.1; WOW64; Trident/6.0)"
80.123.225.36 - - [26/Sep/2019:13:26:44 +0200] "GET /images/button_right_bg.gif HTTP/1.1" 304 - "http://renault.activities.at/account" "Mozilla/5.0 (compatible; MSIE 10.0; Windows NT 6.1; WOW64; Trident/6.0)"
80.123.225.36 - - [26/Sep/2019:13:26:44 +0200] "GET /images/sidebar_title_corner_right_top.gif HTTP/1.1" 304 - "http://renault.activities.at/account" "Mozilla/5.0 (compatible; MSIE 10.0; Windows NT 6.1; WOW64; Trident/6.0)"
80.123.225.36 - - [26/Sep/2019:13:26:44 +0200] "GET /images/sidebar_title_corner_left_top.gif HTTP/1.1" 304 - "http://renault.activities.at/account" "Mozilla/5.0 (compatible; MSIE 10.0; Windows NT 6.1; WOW64; Trident/6.0)"
80.123.225.36 - - [26/Sep/2019:13:26:44 +0200] "GET /images/sidebar_title_border_top.gif HTTP/1.1" 304 - "http://renault.activities.at/account" "Mozilla/5.0 (compatible; MSIE 10.0; Windows NT 6.1; WOW64; Trident/6.0)"
80.123.225.36 - - [26/Sep/2019:13:26:44 +0200] "GET /images/sidebar_title_border.gif HTTP/1.1" 304 - "http://renault.activities.at/account" "Mozilla/5.0 (compatible; MSIE 10.0; Windows NT 6.1; WOW64; Trident/6.0)"
80.123.225.36 - - [26/Sep/2019:13:26:44 +0200] "GET /images/button_left_bg.gif HTTP/1.1" 304 - "http://renault.activities.at/account" "Mozilla/5.0 (compatible; MSIE 10.0; Windows NT 6.1; WOW64; Trident/6.0)"
80.123.225.36 - - [26/Sep/2019:13:26:44 +0200] "GET /images/menu_divider.gif HTTP/1.1" 304 - "http://renault.activities.at/account" "Mozilla/5.0 (compatible; MSIE 10.0; Windows NT 6.1; WOW64; Trident/6.0)"
80.123.225.36 - - [26/Sep/2019:13:26:44 +0200] "GET /images/top_links_divider.gif HTTP/1.1" 304 - "http://renault.activities.at/account" "Mozilla/5.0 (compatible; MSIE 10.0; Windows NT 6.1; WOW64; Trident/6.0)"
138.21.12.25 - - [26/Sep/2019:13:26:52 +0200] "GET /reload?ser=1569497212418 HTTP/1.1" 200 28 "http://renault.2web.at/account?loadrequest=true" "Mozilla/5.0 (Windows NT 10.0; WOW64; Trident/7.0; Touch; rv:11.0) like Gecko"
213.153.47.173 - - [26/Sep/2019:13:27:21 +0200] "GET /reload?ser=1569497241840 HTTP/1.1" 200 28 "http://renault.activities.at/login?required=true" "Mozilla/5.0 (Windows NT 10.0; Win64; x64; rv:69.0) Gecko/20100101 Firefox/69.0"
212.152.246.131 - - [26/Sep/2019:13:27:39 +0200] "GET /reload?ser=1569497262009 HTTP/1.1" 200 28 "http://renault.activities.at/success" "Mozilla/5.0 (Windows NT 6.1; Win64; x64) AppleWebKit/537.36 (KHTML, like Gecko) Chrome/77.0.3865.90 Safari/537.36"
80.123.225.36 - - [26/Sep/2019:13:27:45 +0200] "GET /reload?ser=1569497265709 HTTP/1.1" 200 28 "http://renault.activities.at/account" "Mozilla/5.0 (compatible; MSIE 10.0; Windows NT 6.1; WOW64; Trident/6.0)"
138.21.12.25 - - [26/Sep/2019:13:27:53 +0200] "GET /reload?ser=1569497273468 HTTP/1.1" 200 28 "http://renault.2web.at/account?loadrequest=true" "Mozilla/5.0 (Windows NT 10.0; WOW64; Trident/7.0; Touch; rv:11.0) like Gecko"
213.153.47.173 - - [26/Sep/2019:13:28:22 +0200] "GET /reload?ser=1569497302509 HTTP/1.1" 200 28 "http://renault.activities.at/login?required=true" "Mozilla/5.0 (Windows NT 10.0; Win64; x64; rv:69.0) Gecko/20100101 Firefox/69.0"
212.152.246.131 - - [26/Sep/2019:13:28:40 +0200] "GET /reload?ser=1569497322961 HTTP/1.1" 200 28 "http://renault.activities.at/success" "Mozilla/5.0 (Windows NT 6.1; Win64; x64) AppleWebKit/537.36 (KHTML, like Gecko) Chrome/77.0.3865.90 Safari/537.36"
80.123.225.36 - - [26/Sep/2019:13:28:46 +0200] "GET /reload?ser=1569497327089 HTTP/1.1" 200 28 "http://renault.activities.at/account" "Mozilla/5.0 (compatible; MSIE 10.0; Windows NT 6.1; WOW64; Trident/6.0)"
138.21.12.25 - - [26/Sep/2019:13:28:54 +0200] "GET /reload?ser=1569497334501 HTTP/1.1" 200 28 "http://renault.2web.at/account?loadrequest=true" "Mozilla/5.0 (Windows NT 10.0; WOW64; Trident/7.0; Touch; rv:11.0) like Gecko"
213.153.47.173 - - [26/Sep/2019:13:29:23 +0200] "GET /reload?ser=1569497363220 HTTP/1.1" 200 28 "http://renault.activities.at/login?required=true" "Mozilla/5.0 (Windows NT 10.0; Win64; x64; rv:69.0) Gecko/20100101 Firefox/69.0"
212.152.246.131 - - [26/Sep/2019:13:29:41 +0200] "GET /reload?ser=1569497383910 HTTP/1.1" 200 28 "http://renault.activities.at/success" "Mozilla/5.0 (Windows NT 6.1; Win64; x64) AppleWebKit/537.36 (KHTML, like Gecko) Chrome/77.0.3865.90 Safari/537.36"
80.123.225.36 - - [26/Sep/2019:13:29:47 +0200] "GET /reload?ser=1569497388043 HTTP/1.1" 200 28 "http://renault.activities.at/account" "Mozilla/5.0 (compatible; MSIE 10.0; Windows NT 6.1; WOW64; Trident/6.0)"
138.21.12.25 - - [26/Sep/2019:13:29:55 +0200] "GET /reload?ser=1569497395656 HTTP/1.1" 200 28 "http://renault.2web.at/account?loadrequest=true" "Mozilla/5.0 (Windows NT 10.0; WOW64; Trident/7.0; Touch; rv:11.0) like Gecko"
213.153.47.173 - - [26/Sep/2019:13:30:24 +0200] "GET /reload?ser=1569497423900 HTTP/1.1" 200 28 "http://renault.activities.at/login?required=true" "Mozilla/5.0 (Windows NT 10.0; Win64; x64; rv:69.0) Gecko/20100101 Firefox/69.0"
212.152.246.131 - - [26/Sep/2019:13:30:42 +0200] "GET /reload?ser=1569497444875 HTTP/1.1" 200 28 "http://renault.activities.at/success" "Mozilla/5.0 (Windows NT 6.1; Win64; x64) AppleWebKit/537.36 (KHTML, like Gecko) Chrome/77.0.3865.90 Safari/537.36"
80.123.225.36 - - [26/Sep/2019:13:30:48 +0200] "GET /reload?ser=1569497449023 HTTP/1.1" 200 28 "http://renault.activities.at/account" "Mozilla/5.0 (compatible; MSIE 10.0; Windows NT 6.1; WOW64; Trident/6.0)"
138.21.12.25 - - [26/Sep/2019:13:30:56 +0200] "GET /reload?ser=1569497456725 HTTP/1.1" 200 28 "http://renault.2web.at/account?loadrequest=true" "Mozilla/5.0 (Windows NT 10.0; WOW64; Trident/7.0; Touch; rv:11.0) like Gecko"
213.153.47.173 - - [26/Sep/2019:13:31:24 +0200] "GET /reload?ser=1569497484621 HTTP/1.1" 200 28 "http://renault.activities.at/login?required=true" "Mozilla/5.0 (Windows NT 10.0; Win64; x64; rv:69.0) Gecko/20100101 Firefox/69.0"
212.152.246.131 - - [26/Sep/2019:13:31:43 +0200] "GET /reload?ser=1569497505824 HTTP/1.1" 200 28 "http://renault.activities.at/success" "Mozilla/5.0 (Windows NT 6.1; Win64; x64) AppleWebKit/537.36 (KHTML, like Gecko) Chrome/77.0.3865.90 Safari/537.36"
80.123.225.36 - - [26/Sep/2019:13:31:49 +0200] "GET /reload?ser=1569497510038 HTTP/1.1" 200 28 "http://renault.activities.at/account" "Mozilla/5.0 (compatible; MSIE 10.0; Windows NT 6.1; WOW64; Trident/6.0)"
138.21.12.25 - - [26/Sep/2019:13:31:57 +0200] "GET /reload?ser=1569497517844 HTTP/1.1" 200 28 "http://renault.2web.at/account?loadrequest=true" "Mozilla/5.0 (Windows NT 10.0; WOW64; Trident/7.0; Touch; rv:11.0) like Gecko"
213.153.47.173 - - [26/Sep/2019:13:32:25 +0200] "GET /reload?ser=1569497545290 HTTP/1.1" 200 28 "http://renault.activities.at/login?required=true" "Mozilla/5.0 (Windows NT 10.0; Win64; x64; rv:69.0) Gecko/20100101 Firefox/69.0"
212.152.246.131 - - [26/Sep/2019:13:32:44 +0200] "GET /reload?ser=1569497566805 HTTP/1.1" 200 28 "http://renault.activities.at/success" "Mozilla/5.0 (Windows NT 6.1; Win64; x64) AppleWebKit/537.36 (KHTML, like Gecko) Chrome/77.0.3865.90 Safari/537.36"
80.123.225.36 - - [26/Sep/2019:13:32:50 +0200] "GET /reload?ser=1569497571015 HTTP/1.1" 200 28 "http://renault.activities.at/account" "Mozilla/5.0 (compatible; MSIE 10.0; Windows NT 6.1; WOW64; Trident/6.0)"
138.21.12.25 - - [26/Sep/2019:13:32:58 +0200] "GET /reload?ser=1569497578866 HTTP/1.1" 200 28 "http://renault.2web.at/account?loadrequest=true" "Mozilla/5.0 (Windows NT 10.0; WOW64; Trident/7.0; Touch; rv:11.0) like Gecko"
213.153.47.173 - - [26/Sep/2019:13:33:26 +0200] "GET /reload?ser=1569497605960 HTTP/1.1" 200 28 "http://renault.activities.at/login?required=true" "Mozilla/5.0 (Windows NT 10.0; Win64; x64; rv:69.0) Gecko/20100101 Firefox/69.0"
66.249.64.129 - - [26/Sep/2019:13:33:42 +0200] "GET / HTTP/1.1" 200 3380 "-" "Mozilla/5.0 (Linux; Android 6.0.1; Nexus 5X Build/MMB29P) AppleWebKit/537.36 (KHTML, like Gecko) Chrome/41.0.2272.96 Mobile Safari/537.36 (compatible; Googlebot/2.1; +http://www.google.com/bot.html)"
