82.135.5.126 - - [26/Sep/2019:14:48:42 +0200] "GET /loadthumbnail.php?id=11784466&width=113 HTTP/1.1" 200 3044 "http://renault.activities.at/result?dir=DESC&mode=grid&order=name&limit=15&page=3&search=poster" "Mozilla/5.0 (Windows NT 10.0; WOW64; Trident/7.0; rv:11.0) like Gecko"
82.135.5.126 - - [26/Sep/2019:14:48:42 +0200] "GET /loadthumbnail.php?id=11784479&width=113 HTTP/1.1" 200 2490 "http://renault.activities.at/result?dir=DESC&mode=grid&order=name&limit=15&page=3&search=poster" "Mozilla/5.0 (Windows NT 10.0; WOW64; Trident/7.0; rv:11.0) like Gecko"
82.135.5.126 - - [26/Sep/2019:14:48:42 +0200] "GET /loadthumbnail.php?id=11314594&width=113 HTTP/1.1" 200 4859 "http://renault.activities.at/result?dir=DESC&mode=grid&order=name&limit=15&page=3&search=poster" "Mozilla/5.0 (Windows NT 10.0; WOW64; Trident/7.0; rv:11.0) like Gecko"
82.135.5.126 - - [26/Sep/2019:14:48:42 +0200] "GET /loadthumbnail.php?id=12088452&width=113 HTTP/1.1" 200 4203 "http://renault.activities.at/result?dir=DESC&mode=grid&order=name&limit=15&page=3&search=poster" "Mozilla/5.0 (Windows NT 10.0; WOW64; Trident/7.0; rv:11.0) like Gecko"
82.135.5.126 - - [26/Sep/2019:14:48:42 +0200] "GET /loadthumbnail.php?id=12022101&width=113 HTTP/1.1" 200 2582 "http://renault.activities.at/result?dir=DESC&mode=grid&order=name&limit=15&page=3&search=poster" "Mozilla/5.0 (Windows NT 10.0; WOW64; Trident/7.0; rv:11.0) like Gecko"
82.135.5.126 - - [26/Sep/2019:14:48:42 +0200] "GET /loadthumbnail.php?id=11489823&width=113 HTTP/1.1" 200 2857 "http://renault.activities.at/result?dir=DESC&mode=grid&order=name&limit=15&page=3&search=poster" "Mozilla/5.0 (Windows NT 10.0; WOW64; Trident/7.0; rv:11.0) like Gecko"
82.135.5.126 - - [26/Sep/2019:14:48:42 +0200] "GET /loadthumbnail.php?id=11489819&width=113 HTTP/1.1" 200 3862 "http://renault.activities.at/result?dir=DESC&mode=grid&order=name&limit=15&page=3&search=poster" "Mozilla/5.0 (Windows NT 10.0; WOW64; Trident/7.0; rv:11.0) like Gecko"
82.135.5.126 - - [26/Sep/2019:14:48:59 +0200] "GET /result?dir=DESC&mode=grid&order=name&limit=15&page=4&search=poster HTTP/1.1" 200 8145 "http://renault.activities.at/result?dir=DESC&mode=grid&order=name&limit=15&page=3&search=poster" "Mozilla/5.0 (Windows NT 10.0; WOW64; Trident/7.0; rv:11.0) like Gecko"
82.135.5.126 - - [26/Sep/2019:14:49:02 +0200] "GET /loadthumbnail.php?id=11340121&width=113 HTTP/1.1" 200 4540 "http://renault.activities.at/result?dir=DESC&mode=grid&order=name&limit=15&page=4&search=poster" "Mozilla/5.0 (Windows NT 10.0; WOW64; Trident/7.0; rv:11.0) like Gecko"
82.135.5.126 - - [26/Sep/2019:14:49:02 +0200] "GET /loadthumbnail.php?id=11340122&width=113 HTTP/1.1" 200 3786 "http://renault.activities.at/result?dir=DESC&mode=grid&order=name&limit=15&page=4&search=poster" "Mozilla/5.0 (Windows NT 10.0; WOW64; Trident/7.0; rv:11.0) like Gecko"
82.135.5.126 - - [26/Sep/2019:14:49:02 +0200] "GET /loadthumbnail.php?id=11901055&width=113 HTTP/1.1" 200 14816 "http://renault.activities.at/result?dir=DESC&mode=grid&order=name&limit=15&page=4&search=poster" "Mozilla/5.0 (Windows NT 10.0; WOW64; Trident/7.0; rv:11.0) like Gecko"
82.135.5.126 - - [26/Sep/2019:14:49:02 +0200] "GET /loadthumbnail.php?id=11659629&width=113 HTTP/1.1" 200 2748 "http://renault.activities.at/result?dir=DESC&mode=grid&order=name&limit=15&page=4&search=poster" "Mozilla/5.0 (Windows NT 10.0; WOW64; Trident/7.0; rv:11.0) like Gecko"
82.135.5.126 - - [26/Sep/2019:14:49:02 +0200] "GET /loadthumbnail.php?id=11435681&width=113 HTTP/1.1" 200 3946 "http://renault.activities.at/result?dir=DESC&mode=grid&order=name&limit=15&page=4&search=poster" "Mozilla/5.0 (Windows NT 10.0; WOW64; Trident/7.0; rv:11.0) like Gecko"
82.135.5.126 - - [26/Sep/2019:14:49:02 +0200] "GET /loadthumbnail.php?id=11901068&width=113 HTTP/1.1" 200 14816 "http://renault.activities.at/result?dir=DESC&mode=grid&order=name&limit=15&page=4&search=poster" "Mozilla/5.0 (Windows NT 10.0; WOW64; Trident/7.0; rv:11.0) like Gecko"
82.135.5.126 - - [26/Sep/2019:14:49:02 +0200] "GET /loadthumbnail.php?id=11100948&width=113 HTTP/1.1" 200 5083 "http://renault.activities.at/result?dir=DESC&mode=grid&order=name&limit=15&page=4&search=poster" "Mozilla/5.0 (Windows NT 10.0; WOW64; Trident/7.0; rv:11.0) like Gecko"
82.135.5.126 - - [26/Sep/2019:14:49:02 +0200] "GET /loadthumbnail.php?id=11831525&width=113 HTTP/1.1" 200 4126 "http://renault.activities.at/result?dir=DESC&mode=grid&order=name&limit=15&page=4&search=poster" "Mozilla/5.0 (Windows NT 10.0; WOW64; Trident/7.0; rv:11.0) like Gecko"
82.135.5.126 - - [26/Sep/2019:14:49:10 +0200] "GET /result?dir=DESC&mode=grid&order=name&limit=15&page=3&search=poster HTTP/1.1" 200 8461 "http://renault.activities.at/result?dir=DESC&mode=grid&order=name&limit=15&page=4&search=poster" "Mozilla/5.0 (Windows NT 10.0; WOW64; Trident/7.0; rv:11.0) like Gecko"
213.153.47.173 - - [26/Sep/2019:14:49:16 +0200] "GET /reload?ser=1569502156040 HTTP/1.1" 200 28 "http://renault.activities.at/login?required=true" "Mozilla/5.0 (Windows NT 10.0; Win64; x64; rv:69.0) Gecko/20100101 Firefox/69.0"
138.21.12.25 - - [26/Sep/2019:14:49:19 +0200] "GET /reload?ser=1569502159069 HTTP/1.1" 200 28 "http://renault.2web.at/account?loadrequest=true" "Mozilla/5.0 (Windows NT 10.0; WOW64; Trident/7.0; Touch; rv:11.0) like Gecko"
82.135.5.126 - - [26/Sep/2019:14:49:18 +0200] "GET /12083566?print=true HTTP/1.1" 200 2633 "http://renault.activities.at/result?dir=DESC&mode=grid&order=name&limit=15&page=3&search=poster" "Mozilla/5.0 (Windows NT 10.0; WOW64; Trident/7.0; rv:11.0) like Gecko"
82.135.5.126 - - [26/Sep/2019:14:49:21 +0200] "GET /loadthumbnail.php?id=12088624&width=250 HTTP/1.1" 200 9764 "http://renault.activities.at/12083566?print=true" "Mozilla/5.0 (Windows NT 10.0; WOW64; Trident/7.0; rv:11.0) like Gecko"
82.135.5.126 - - [26/Sep/2019:14:49:21 +0200] "GET /loadthumbnail.php?id=12088624&width=900&height=900 HTTP/1.1" 200 91884 "http://renault.activities.at/12083566?print=true" "Mozilla/5.0 (Windows NT 10.0; WOW64; Trident/7.0; rv:11.0) like Gecko"
82.135.5.126 - - [26/Sep/2019:14:49:22 +0200] "GET /graphics/zoomin.cur HTTP/1.1" 200 3624 "http://renault.activities.at/12083566?print=true" "Mozilla/5.0 (Windows NT 10.0; WOW64; Trident/7.0; rv:11.0) like Gecko"
82.135.5.126 - - [26/Sep/2019:14:49:24 +0200] "GET /graphics/zoomin.cur HTTP/1.1" 200 3624 "http://renault.activities.at/12083566?print=true" "Mozilla/5.0 (Windows NT 10.0; WOW64; Trident/7.0; rv:11.0) like Gecko"
82.135.5.126 - - [26/Sep/2019:14:50:13 +0200] "GET /reload?ser=1569502213761 HTTP/1.1" 200 28 "http://renault.activities.at/result?dir=DESC&mode=grid&order=name&limit=15&page=3&search=poster" "Mozilla/5.0 (Windows NT 10.0; WOW64; Trident/7.0; rv:11.0) like Gecko"
213.153.47.173 - - [26/Sep/2019:14:50:16 +0200] "GET /reload?ser=1569502216710 HTTP/1.1" 200 28 "http://renault.activities.at/login?required=true" "Mozilla/5.0 (Windows NT 10.0; Win64; x64; rv:69.0) Gecko/20100101 Firefox/69.0"
138.21.12.25 - - [26/Sep/2019:14:50:20 +0200] "GET /reload?ser=1569502220136 HTTP/1.1" 200 28 "http://renault.2web.at/account?loadrequest=true" "Mozilla/5.0 (Windows NT 10.0; WOW64; Trident/7.0; Touch; rv:11.0) like Gecko"
82.135.5.126 - - [26/Sep/2019:14:51:14 +0200] "GET /reload?ser=1569502274761 HTTP/1.1" 200 28 "http://renault.activities.at/result?dir=DESC&mode=grid&order=name&limit=15&page=3&search=poster" "Mozilla/5.0 (Windows NT 10.0; WOW64; Trident/7.0; rv:11.0) like Gecko"
213.153.47.173 - - [26/Sep/2019:14:51:17 +0200] "GET /reload?ser=1569502277369 HTTP/1.1" 200 28 "http://renault.activities.at/login?required=true" "Mozilla/5.0 (Windows NT 10.0; Win64; x64; rv:69.0) Gecko/20100101 Firefox/69.0"
138.21.12.25 - - [26/Sep/2019:14:51:21 +0200] "GET /reload?ser=1569502281215 HTTP/1.1" 200 28 "http://renault.2web.at/account?loadrequest=true" "Mozilla/5.0 (Windows NT 10.0; WOW64; Trident/7.0; Touch; rv:11.0) like Gecko"
82.135.5.126 - - [26/Sep/2019:14:52:04 +0200] "POST /12083566?print=true HTTP/1.1" 200 2744 "http://renault.activities.at/12083566?print=true" "Mozilla/5.0 (Windows NT 10.0; WOW64; Trident/7.0; rv:11.0) like Gecko"
82.135.5.126 - - [26/Sep/2019:14:52:07 +0200] "GET /images/success_msg_icon.gif HTTP/1.1" 200 1024 "http://renault.activities.at/12083566?print=true" "Mozilla/5.0 (Windows NT 10.0; WOW64; Trident/7.0; rv:11.0) like Gecko"
82.135.5.126 - - [26/Sep/2019:14:52:10 +0200] "GET /null HTTP/1.1" 200 3624 "http://renault.activities.at/result?dir=DESC&mode=grid&order=name&limit=15&page=3&search=poster" "Mozilla/5.0 (Windows NT 10.0; WOW64; Trident/7.0; rv:11.0) like Gecko"
82.135.5.126 - - [26/Sep/2019:14:52:15 +0200] "GET /reload?ser=1569502335762 HTTP/1.1" 200 28 "http://renault.activities.at/result?dir=DESC&mode=grid&order=name&limit=15&page=3&search=poster" "Mozilla/5.0 (Windows NT 10.0; WOW64; Trident/7.0; rv:11.0) like Gecko"
213.153.47.173 - - [26/Sep/2019:14:52:18 +0200] "GET /reload?ser=1569502338040 HTTP/1.1" 200 28 "http://renault.activities.at/login?required=true" "Mozilla/5.0 (Windows NT 10.0; Win64; x64; rv:69.0) Gecko/20100101 Firefox/69.0"
82.135.5.126 - - [26/Sep/2019:14:52:20 +0200] "GET /result?dir=DESC&mode=grid&order=name&limit=15&page=4&search=poster HTTP/1.1" 200 8230 "http://renault.activities.at/result?dir=DESC&mode=grid&order=name&limit=15&page=3&search=poster" "Mozilla/5.0 (Windows NT 10.0; WOW64; Trident/7.0; rv:11.0) like Gecko"
138.21.12.25 - - [26/Sep/2019:14:52:22 +0200] "GET /reload?ser=1569502342284 HTTP/1.1" 200 28 "http://renault.2web.at/account?loadrequest=true" "Mozilla/5.0 (Windows NT 10.0; WOW64; Trident/7.0; Touch; rv:11.0) like Gecko"
82.135.5.126 - - [26/Sep/2019:14:52:27 +0200] "GET /result?dir=DESC&mode=grid&order=name&limit=15&page=1&search=poster HTTP/1.1" 200 8505 "http://renault.activities.at/result?dir=DESC&mode=grid&order=name&limit=15&page=4&search=poster" "Mozilla/5.0 (Windows NT 10.0; WOW64; Trident/7.0; rv:11.0) like Gecko"
82.135.5.126 - - [26/Sep/2019:14:52:42 +0200] "GET /result?dir=DESC&mode=grid&order=name&limit=15&page=2&search=poster HTTP/1.1" 200 8743 "http://renault.activities.at/result?dir=DESC&mode=grid&order=name&limit=15&page=1&search=poster" "Mozilla/5.0 (Windows NT 10.0; WOW64; Trident/7.0; rv:11.0) like Gecko"
82.135.5.126 - - [26/Sep/2019:14:52:55 +0200] "GET /11635103?print=true HTTP/1.1" 200 2649 "http://renault.activities.at/result?dir=DESC&mode=grid&order=name&limit=15&page=2&search=poster" "Mozilla/5.0 (Windows NT 10.0; WOW64; Trident/7.0; rv:11.0) like Gecko"
82.135.5.126 - - [26/Sep/2019:14:52:58 +0200] "GET /loadthumbnail.php?id=11635106&width=250 HTTP/1.1" 200 8782 "http://renault.activities.at/11635103?print=true" "Mozilla/5.0 (Windows NT 10.0; WOW64; Trident/7.0; rv:11.0) like Gecko"
82.135.5.126 - - [26/Sep/2019:14:52:58 +0200] "GET /loadthumbnail.php?id=11635106&width=900&height=900 HTTP/1.1" 200 65126 "http://renault.activities.at/11635103?print=true" "Mozilla/5.0 (Windows NT 10.0; WOW64; Trident/7.0; rv:11.0) like Gecko"
82.135.5.126 - - [26/Sep/2019:14:53:01 +0200] "GET /null HTTP/1.1" 200 3624 "http://renault.activities.at/result?dir=DESC&mode=grid&order=name&limit=15&page=2&search=poster" "Mozilla/5.0 (Windows NT 10.0; WOW64; Trident/7.0; rv:11.0) like Gecko"
82.135.5.126 - - [26/Sep/2019:14:53:07 +0200] "GET /result?dir=DESC&mode=grid&order=name&limit=15&page=3&search=poster HTTP/1.1" 200 8546 "http://renault.activities.at/result?dir=DESC&mode=grid&order=name&limit=15&page=2&search=poster" "Mozilla/5.0 (Windows NT 10.0; WOW64; Trident/7.0; rv:11.0) like Gecko"
213.153.47.173 - - [26/Sep/2019:14:53:18 +0200] "GET /reload?ser=1569502398708 HTTP/1.1" 200 28 "http://renault.activities.at/login?required=true" "Mozilla/5.0 (Windows NT 10.0; Win64; x64; rv:69.0) Gecko/20100101 Firefox/69.0"
212.186.92.126 - - [26/Sep/2019:14:53:23 +0200] "GET / HTTP/1.1" 200 3380 "-" "Mozilla/5.0 (Windows NT 6.1; WOW64; Trident/7.0; rv:11.0) like Gecko"
212.186.92.126 - - [26/Sep/2019:14:53:24 +0200] "GET /js/default.js HTTP/1.1" 304 - "http://renault.activities.at/" "Mozilla/5.0 (Windows NT 6.1; WOW64; Trident/7.0; rv:11.0) like Gecko"
212.186.92.126 - - [26/Sep/2019:14:53:24 +0200] "GET /js/index.php?c=auto&f=,prototype/prototype.js,prototype/validation.js,scriptaculous/builder.js,scriptaculous/effects.js,scriptaculous/dragdrop.js,scriptaculous/controls.js,scriptaculous/slider.js,varien/js.js,varien/form.js,varien/menu.js,mage/translate.js,mage/cookies.js,varien/product.js,spinner/SpinnerControl.jsmin.js,prototype/window.js,prototype/window_ext.js HTTP/1.1" 304 - "http://renault.activities.at/" "Mozilla/5.0 (Windows NT 6.1; WOW64; Trident/7.0; rv:11.0) like Gecko"
212.186.92.126 - - [26/Sep/2019:14:53:24 +0200] "GET /css/styles.css HTTP/1.1" 304 - "http://renault.activities.at/" "Mozilla/5.0 (Windows NT 6.1; WOW64; Trident/7.0; rv:11.0) like Gecko"
212.186.92.126 - - [26/Sep/2019:14:53:24 +0200] "GET /js/flashdetection.js HTTP/1.1" 304 - "http://renault.activities.at/" "Mozilla/5.0 (Windows NT 6.1; WOW64; Trident/7.0; rv:11.0) like Gecko"
212.186.92.126 - - [26/Sep/2019:14:53:24 +0200] "GET /css/reset.css HTTP/1.1" 304 - "http://renault.activities.at/" "Mozilla/5.0 (Windows NT 6.1; WOW64; Trident/7.0; rv:11.0) like Gecko"
212.186.92.126 - - [26/Sep/2019:14:53:24 +0200] "GET /css/clears.css HTTP/1.1" 304 - "http://renault.activities.at/" "Mozilla/5.0 (Windows NT 6.1; WOW64; Trident/7.0; rv:11.0) like Gecko"
212.186.92.126 - - [26/Sep/2019:14:53:24 +0200] "GET /css/print.css HTTP/1.1" 304 - "http://renault.activities.at/" "Mozilla/5.0 (Windows NT 6.1; WOW64; Trident/7.0; rv:11.0) like Gecko"
212.186.92.126 - - [26/Sep/2019:14:53:24 +0200] "GET /js/checkout.css HTTP/1.1" 304 - "http://renault.activities.at/" "Mozilla/5.0 (Windows NT 6.1; WOW64; Trident/7.0; rv:11.0) like Gecko"
212.186.92.126 - - [26/Sep/2019:14:53:24 +0200] "GET /css/prototip.css HTTP/1.1" 304 - "http://renault.activities.at/" "Mozilla/5.0 (Windows NT 6.1; WOW64; Trident/7.0; rv:11.0) like Gecko"
212.186.92.126 - - [26/Sep/2019:14:53:24 +0200] "GET /css/themes/default.css HTTP/1.1" 304 - "http://renault.activities.at/" "Mozilla/5.0 (Windows NT 6.1; WOW64; Trident/7.0; rv:11.0) like Gecko"
212.186.92.126 - - [26/Sep/2019:14:53:24 +0200] "GET /css/themes/alphacube.css HTTP/1.1" 304 - "http://renault.activities.at/" "Mozilla/5.0 (Windows NT 6.1; WOW64; Trident/7.0; rv:11.0) like Gecko"
138.21.12.25 - - [26/Sep/2019:14:53:23 +0200] "GET /reload?ser=1569502403356 HTTP/1.1" 200 28 "http://renault.2web.at/account?loadrequest=true" "Mozilla/5.0 (Windows NT 10.0; WOW64; Trident/7.0; Touch; rv:11.0) like Gecko"
212.186.92.126 - - [26/Sep/2019:14:53:24 +0200] "GET /images/main_block_corner_right_bot.gif HTTP/1.1" 304 - "http://renault.activities.at/" "Mozilla/5.0 (Windows NT 6.1; WOW64; Trident/7.0; rv:11.0) like Gecko"
212.186.92.126 - - [26/Sep/2019:14:53:24 +0200] "GET /images/main_block_border.gif HTTP/1.1" 304 - "http://renault.activities.at/" "Mozilla/5.0 (Windows NT 6.1; WOW64; Trident/7.0; rv:11.0) like Gecko"
212.186.92.126 - - [26/Sep/2019:14:53:24 +0200] "GET /images/main_block_corner_left_bot.gif HTTP/1.1" 304 - "http://renault.activities.at/" "Mozilla/5.0 (Windows NT 6.1; WOW64; Trident/7.0; rv:11.0) like Gecko"
212.186.92.126 - - [26/Sep/2019:14:53:24 +0200] "GET /images/header_block_corner_left_top.gif HTTP/1.1" 304 - "http://renault.activities.at/" "Mozilla/5.0 (Windows NT 6.1; WOW64; Trident/7.0; rv:11.0) like Gecko"
212.186.92.126 - - [26/Sep/2019:14:53:24 +0200] "GET /images/header_block_border.gif HTTP/1.1" 304 - "http://renault.activities.at/" "Mozilla/5.0 (Windows NT 6.1; WOW64; Trident/7.0; rv:11.0) like Gecko"
212.186.92.126 - - [26/Sep/2019:14:53:24 +0200] "GET /images/favicon.ico HTTP/1.1" 404 305 "-" "Mozilla/5.0 (Windows NT 6.1; WOW64; Trident/7.0; rv:11.0) like Gecko"
212.186.92.126 - - [26/Sep/2019:14:53:25 +0200] "GET /images/header_block_corner_right_top.gif HTTP/1.1" 304 - "http://renault.activities.at/" "Mozilla/5.0 (Windows NT 6.1; WOW64; Trident/7.0; rv:11.0) like Gecko"
212.186.92.126 - - [26/Sep/2019:14:53:25 +0200] "GET /images/main_block_corner_left_top.gif HTTP/1.1" 304 - "http://renault.activities.at/" "Mozilla/5.0 (Windows NT 6.1; WOW64; Trident/7.0; rv:11.0) like Gecko"
212.186.92.126 - - [26/Sep/2019:14:53:25 +0200] "GET /images/title_border_top.jpg HTTP/1.1" 304 - "http://renault.activities.at/" "Mozilla/5.0 (Windows NT 6.1; WOW64; Trident/7.0; rv:11.0) like Gecko"
212.186.92.126 - - [26/Sep/2019:14:53:25 +0200] "GET /images/main_block_corner_right_top.gif HTTP/1.1" 304 - "http://renault.activities.at/" "Mozilla/5.0 (Windows NT 6.1; WOW64; Trident/7.0; rv:11.0) like Gecko"
212.186.92.126 - - [26/Sep/2019:14:53:25 +0200] "GET /images/title_border.jpg HTTP/1.1" 304 - "http://renault.activities.at/" "Mozilla/5.0 (Windows NT 6.1; WOW64; Trident/7.0; rv:11.0) like Gecko"
212.186.92.126 - - [26/Sep/2019:14:53:25 +0200] "GET /images/title_corner_left_top.jpg HTTP/1.1" 304 - "http://renault.activities.at/" "Mozilla/5.0 (Windows NT 6.1; WOW64; Trident/7.0; rv:11.0) like Gecko"
212.186.92.126 - - [26/Sep/2019:14:53:25 +0200] "GET /images/title_corner_right_top.jpg HTTP/1.1" 304 - "http://renault.activities.at/" "Mozilla/5.0 (Windows NT 6.1; WOW64; Trident/7.0; rv:11.0) like Gecko"
82.135.5.126 - - [26/Sep/2019:14:53:32 +0200] "GET /11904757?print=true HTTP/1.1" 200 2647 "http://renault.activities.at/result?dir=DESC&mode=grid&order=name&limit=15&page=3&search=poster" "Mozilla/5.0 (Windows NT 10.0; WOW64; Trident/7.0; rv:11.0) like Gecko"
82.135.5.126 - - [26/Sep/2019:14:53:35 +0200] "GET /loadthumbnail.php?id=11927086&width=250 HTTP/1.1" 200 10097 "http://renault.activities.at/11904757?print=true" "Mozilla/5.0 (Windows NT 10.0; WOW64; Trident/7.0; rv:11.0) like Gecko"
82.135.5.126 - - [26/Sep/2019:14:53:35 +0200] "GET /loadthumbnail.php?id=11927086&width=900&height=900 HTTP/1.1" 200 78331 "http://renault.activities.at/11904757?print=true" "Mozilla/5.0 (Windows NT 10.0; WOW64; Trident/7.0; rv:11.0) like Gecko"
82.135.5.126 - - [26/Sep/2019:14:53:37 +0200] "GET /graphics/zoomin.cur HTTP/1.1" 200 3624 "http://renault.activities.at/11904757?print=true" "Mozilla/5.0 (Windows NT 10.0; WOW64; Trident/7.0; rv:11.0) like Gecko"
82.135.5.126 - - [26/Sep/2019:14:53:41 +0200] "POST /11904757?print=true HTTP/1.1" 200 2756 "http://renault.activities.at/11904757?print=true" "Mozilla/5.0 (Windows NT 10.0; WOW64; Trident/7.0; rv:11.0) like Gecko"
82.135.5.126 - - [26/Sep/2019:14:53:44 +0200] "GET /null HTTP/1.1" 200 3624 "http://renault.activities.at/result?dir=DESC&mode=grid&order=name&limit=15&page=3&search=poster" "Mozilla/5.0 (Windows NT 10.0; WOW64; Trident/7.0; rv:11.0) like Gecko"
82.135.5.126 - - [26/Sep/2019:14:53:47 +0200] "POST /axjaxrequest?mode=suggest HTTP/1.1" 200 198 "http://renault.activities.at/result?dir=DESC&mode=grid&order=name&limit=15&page=3&search=poster" "Mozilla/5.0 (Windows NT 10.0; WOW64; Trident/7.0; rv:11.0) like Gecko"
82.135.5.126 - - [26/Sep/2019:14:53:47 +0200] "POST /axjaxrequest?mode=suggest HTTP/1.1" 200 198 "http://renault.activities.at/result?dir=DESC&mode=grid&order=name&limit=15&page=3&search=poster" "Mozilla/5.0 (Windows NT 10.0; WOW64; Trident/7.0; rv:11.0) like Gecko"
82.135.5.126 - - [26/Sep/2019:14:53:48 +0200] "POST /axjaxrequest?mode=suggest HTTP/1.1" 200 21 "http://renault.activities.at/result?dir=DESC&mode=grid&order=name&limit=15&page=3&search=poster" "Mozilla/5.0 (Windows NT 10.0; WOW64; Trident/7.0; rv:11.0) like Gecko"
82.135.5.126 - - [26/Sep/2019:14:53:49 +0200] "GET /result?searchterm=true&search=zubeh%F6r HTTP/1.1" 200 8489 "http://renault.activities.at/result?dir=DESC&mode=grid&order=name&limit=15&page=3&search=poster" "Mozilla/5.0 (Windows NT 10.0; WOW64; Trident/7.0; rv:11.0) like Gecko"
82.135.5.126 - - [26/Sep/2019:14:53:49 +0200] "POST /axjaxrequest?mode=suggest HTTP/1.1" 200 198 "http://renault.activities.at/result?dir=DESC&mode=grid&order=name&limit=15&page=3&search=poster" "Mozilla/5.0 (Windows NT 10.0; WOW64; Trident/7.0; rv:11.0) like Gecko"
82.135.5.126 - - [26/Sep/2019:14:54:01 +0200] "GET /12104288?print=true HTTP/1.1" 200 2656 "http://renault.activities.at/result?searchterm=true&search=zubeh%F6r" "Mozilla/5.0 (Windows NT 10.0; WOW64; Trident/7.0; rv:11.0) like Gecko"
82.135.5.126 - - [26/Sep/2019:14:54:04 +0200] "POST /12104288?print=true HTTP/1.1" 200 2765 "http://renault.activities.at/12104288?print=true" "Mozilla/5.0 (Windows NT 10.0; WOW64; Trident/7.0; rv:11.0) like Gecko"
82.135.5.126 - - [26/Sep/2019:14:54:13 +0200] "GET /null HTTP/1.1" 200 3624 "http://renault.activities.at/result?searchterm=true&search=zubeh%F6r" "Mozilla/5.0 (Windows NT 10.0; WOW64; Trident/7.0; rv:11.0) like Gecko"
213.153.47.173 - - [26/Sep/2019:14:54:19 +0200] "GET /reload?ser=1569502459401 HTTP/1.1" 200 28 "http://renault.activities.at/login?required=true" "Mozilla/5.0 (Windows NT 10.0; Win64; x64; rv:69.0) Gecko/20100101 Firefox/69.0"
138.21.12.25 - - [26/Sep/2019:14:54:25 +0200] "GET /reload?ser=1569502465837 HTTP/1.1" 200 28 "http://renault.2web.at/account?loadrequest=true" "Mozilla/5.0 (Windows NT 10.0; WOW64; Trident/7.0; Touch; rv:11.0) like Gecko"
82.135.5.126 - - [26/Sep/2019:14:54:54 +0200] "GET /reload?ser=1569502494129 HTTP/1.1" 200 28 "http://renault.activities.at/result?searchterm=true&search=zubeh%F6r" "Mozilla/5.0 (Windows NT 10.0; WOW64; Trident/7.0; rv:11.0) like Gecko"
213.153.47.173 - - [26/Sep/2019:14:55:20 +0200] "GET /reload?ser=1569502520052 HTTP/1.1" 200 28 "http://renault.activities.at/login?required=true" "Mozilla/5.0 (Windows NT 10.0; Win64; x64; rv:69.0) Gecko/20100101 Firefox/69.0"
138.21.12.25 - - [26/Sep/2019:14:55:27 +0200] "GET /reload?ser=1569502526872 HTTP/1.1" 200 28 "http://renault.2web.at/account?loadrequest=true" "Mozilla/5.0 (Windows NT 10.0; WOW64; Trident/7.0; Touch; rv:11.0) like Gecko"
82.135.5.126 - - [26/Sep/2019:14:55:27 +0200] "POST /axjaxrequest?mode=suggest HTTP/1.1" 200 141 "http://renault.activities.at/result?searchterm=true&search=zubeh%F6r" "Mozilla/5.0 (Windows NT 10.0; WOW64; Trident/7.0; rv:11.0) like Gecko"
82.135.5.126 - - [26/Sep/2019:14:55:27 +0200] "POST /axjaxrequest?mode=suggest HTTP/1.1" 200 108 "http://renault.activities.at/result?searchterm=true&search=zubeh%F6r" "Mozilla/5.0 (Windows NT 10.0; WOW64; Trident/7.0; rv:11.0) like Gecko"
82.135.5.126 - - [26/Sep/2019:14:55:28 +0200] "POST /axjaxrequest?mode=suggest HTTP/1.1" 200 21 "http://renault.activities.at/result?searchterm=true&search=zubeh%F6r" "Mozilla/5.0 (Windows NT 10.0; WOW64; Trident/7.0; rv:11.0) like Gecko"
82.135.5.126 - - [26/Sep/2019:14:55:29 +0200] "GET /result?searchterm=true&search=clio+v HTTP/1.1" 200 8032 "http://renault.activities.at/result?searchterm=true&search=zubeh%F6r" "Mozilla/5.0 (Windows NT 10.0; WOW64; Trident/7.0; rv:11.0) like Gecko"
82.135.5.126 - - [26/Sep/2019:14:55:29 +0200] "POST /axjaxrequest?mode=suggest HTTP/1.1" 200 21 "http://renault.activities.at/result?searchterm=true&search=zubeh%F6r" "Mozilla/5.0 (Windows NT 10.0; WOW64; Trident/7.0; rv:11.0) like Gecko"
82.135.5.126 - - [26/Sep/2019:14:55:46 +0200] "GET /checkout HTTP/1.1" 200 10280 "http://renault.activities.at/result?searchterm=true&search=clio+v" "Mozilla/5.0 (Windows NT 10.0; WOW64; Trident/7.0; rv:11.0) like Gecko"
82.135.5.126 - - [26/Sep/2019:14:55:51 +0200] "GET /images/ajax_loading.gif HTTP/1.1" 200 1542 "http://renault.activities.at/checkout" "Mozilla/5.0 (Windows NT 10.0; WOW64; Trident/7.0; rv:11.0) like Gecko"
82.135.5.126 - - [26/Sep/2019:14:55:51 +0200] "GET /js/checkout2.js HTTP/1.1" 200 4122 "http://renault.activities.at/checkout" "Mozilla/5.0 (Windows NT 10.0; WOW64; Trident/7.0; rv:11.0) like Gecko"
82.135.5.126 - - [26/Sep/2019:14:55:51 +0200] "GET /loadthumbnail.php?id=10201939 HTTP/1.1" 200 201 "http://renault.activities.at/checkout" "Mozilla/5.0 (Windows NT 10.0; WOW64; Trident/7.0; rv:11.0) like Gecko"
82.135.5.126 - - [26/Sep/2019:14:55:51 +0200] "GET /loadthumbnail.php?id=10202698 HTTP/1.1" 200 16686 "http://renault.activities.at/checkout" "Mozilla/5.0 (Windows NT 10.0; WOW64; Trident/7.0; rv:11.0) like Gecko"
82.135.5.126 - - [26/Sep/2019:14:55:51 +0200] "GET /images/checkout_border_top.gif HTTP/1.1" 200 156 "http://renault.activities.at/checkout" "Mozilla/5.0 (Windows NT 10.0; WOW64; Trident/7.0; rv:11.0) like Gecko"
82.135.5.126 - - [26/Sep/2019:14:55:51 +0200] "GET /images/step_bg.jpg HTTP/1.1" 200 319 "http://renault.activities.at/checkout" "Mozilla/5.0 (Windows NT 10.0; WOW64; Trident/7.0; rv:11.0) like Gecko"
82.135.5.126 - - [26/Sep/2019:14:55:51 +0200] "GET /images/checkout_border.gif HTTP/1.1" 200 43 "http://renault.activities.at/checkout" "Mozilla/5.0 (Windows NT 10.0; WOW64; Trident/7.0; rv:11.0) like Gecko"
82.135.5.126 - - [26/Sep/2019:14:55:51 +0200] "GET /images/step_marker.gif HTTP/1.1" 200 650 "http://renault.activities.at/checkout" "Mozilla/5.0 (Windows NT 10.0; WOW64; Trident/7.0; rv:11.0) like Gecko"
82.135.5.126 - - [26/Sep/2019:14:56:01 +0200] "POST /docheckout HTTP/1.1" 200 462 "http://renault.activities.at/checkout" "Mozilla/5.0 (Windows NT 10.0; WOW64; Trident/7.0; rv:11.0) like Gecko"
82.135.5.126 - - [26/Sep/2019:14:56:05 +0200] "POST /docheckout HTTP/1.1" 200 710 "http://renault.activities.at/checkout" "Mozilla/5.0 (Windows NT 10.0; WOW64; Trident/7.0; rv:11.0) like Gecko"
82.135.5.126 - - [26/Sep/2019:14:56:07 +0200] "GET /images/error_msg_icon.gif HTTP/1.1" 200 1013 "http://renault.activities.at/checkout" "Mozilla/5.0 (Windows NT 10.0; WOW64; Trident/7.0; rv:11.0) like Gecko"
82.135.5.126 - - [26/Sep/2019:14:56:13 +0200] "POST /docheckout HTTP/1.1" 200 68 "http://renault.activities.at/checkout" "Mozilla/5.0 (Windows NT 10.0; WOW64; Trident/7.0; rv:11.0) like Gecko"
82.135.5.126 - - [26/Sep/2019:14:56:16 +0200] "GET /success HTTP/1.1" 200 3792 "http://renault.activities.at/checkout" "Mozilla/5.0 (Windows NT 10.0; WOW64; Trident/7.0; rv:11.0) like Gecko"
213.153.47.173 - - [26/Sep/2019:14:56:20 +0200] "GET /reload?ser=1569502580703 HTTP/1.1" 200 28 "http://renault.activities.at/login?required=true" "Mozilla/5.0 (Windows NT 10.0; Win64; x64; rv:69.0) Gecko/20100101 Firefox/69.0"
138.21.12.25 - - [26/Sep/2019:14:56:28 +0200] "GET /reload?ser=1569502587959 HTTP/1.1" 200 28 "http://renault.2web.at/account?loadrequest=true" "Mozilla/5.0 (Windows NT 10.0; WOW64; Trident/7.0; Touch; rv:11.0) like Gecko"
82.135.5.126 - - [26/Sep/2019:14:57:18 +0200] "GET /reload?ser=1569502638544 HTTP/1.1" 200 28 "http://renault.activities.at/success" "Mozilla/5.0 (Windows NT 10.0; WOW64; Trident/7.0; rv:11.0) like Gecko"
213.153.47.173 - - [26/Sep/2019:14:57:21 +0200] "GET /reload?ser=1569502641375 HTTP/1.1" 200 28 "http://renault.activities.at/login?required=true" "Mozilla/5.0 (Windows NT 10.0; Win64; x64; rv:69.0) Gecko/20100101 Firefox/69.0"
138.21.12.25 - - [26/Sep/2019:14:57:29 +0200] "GET /reload?ser=1569502649026 HTTP/1.1" 200 28 "http://renault.2web.at/account?loadrequest=true" "Mozilla/5.0 (Windows NT 10.0; WOW64; Trident/7.0; Touch; rv:11.0) like Gecko"
82.135.5.126 - - [26/Sep/2019:14:58:19 +0200] "GET /reload?ser=1569502699549 HTTP/1.1" 200 28 "http://renault.activities.at/success" "Mozilla/5.0 (Windows NT 10.0; WOW64; Trident/7.0; rv:11.0) like Gecko"
213.153.47.173 - - [26/Sep/2019:14:58:22 +0200] "GET /reload?ser=1569502702044 HTTP/1.1" 200 28 "http://renault.activities.at/login?required=true" "Mozilla/5.0 (Windows NT 10.0; Win64; x64; rv:69.0) Gecko/20100101 Firefox/69.0"
138.21.12.24 - - [26/Sep/2019:14:58:30 +0200] "GET /reload?ser=1569502710094 HTTP/1.1" 200 28 "http://renault.2web.at/account?loadrequest=true" "Mozilla/5.0 (Windows NT 10.0; WOW64; Trident/7.0; Touch; rv:11.0) like Gecko"
82.135.5.126 - - [26/Sep/2019:14:59:20 +0200] "GET /reload?ser=1569502760557 HTTP/1.1" 200 28 "http://renault.activities.at/success" "Mozilla/5.0 (Windows NT 10.0; WOW64; Trident/7.0; rv:11.0) like Gecko"
213.153.47.173 - - [26/Sep/2019:14:59:22 +0200] "GET /reload?ser=1569502762709 HTTP/1.1" 200 28 "http://renault.activities.at/login?required=true" "Mozilla/5.0 (Windows NT 10.0; Win64; x64; rv:69.0) Gecko/20100101 Firefox/69.0"
138.21.12.24 - - [26/Sep/2019:14:59:31 +0200] "GET /reload?ser=1569502771177 HTTP/1.1" 200 28 "http://renault.2web.at/account?loadrequest=true" "Mozilla/5.0 (Windows NT 10.0; WOW64; Trident/7.0; Touch; rv:11.0) like Gecko"
82.135.5.126 - - [26/Sep/2019:15:00:21 +0200] "GET /reload?ser=1569502821555 HTTP/1.1" 200 28 "http://renault.activities.at/success" "Mozilla/5.0 (Windows NT 10.0; WOW64; Trident/7.0; rv:11.0) like Gecko"
213.153.47.173 - - [26/Sep/2019:15:00:23 +0200] "GET /reload?ser=1569502823385 HTTP/1.1" 200 28 "http://renault.activities.at/login?required=true" "Mozilla/5.0 (Windows NT 10.0; Win64; x64; rv:69.0) Gecko/20100101 Firefox/69.0"
138.21.12.24 - - [26/Sep/2019:15:00:32 +0200] "GET /reload?ser=1569502832237 HTTP/1.1" 200 28 "http://renault.2web.at/account?loadrequest=true" "Mozilla/5.0 (Windows NT 10.0; WOW64; Trident/7.0; Touch; rv:11.0) like Gecko"
82.135.5.126 - - [26/Sep/2019:15:01:22 +0200] "GET /reload?ser=1569502882583 HTTP/1.1" 200 28 "http://renault.activities.at/success" "Mozilla/5.0 (Windows NT 10.0; WOW64; Trident/7.0; rv:11.0) like Gecko"
213.153.47.173 - - [26/Sep/2019:15:01:24 +0200] "GET /reload?ser=1569502884055 HTTP/1.1" 200 28 "http://renault.activities.at/login?required=true" "Mozilla/5.0 (Windows NT 10.0; Win64; x64; rv:69.0) Gecko/20100101 Firefox/69.0"
138.21.12.24 - - [26/Sep/2019:15:01:33 +0200] "GET /reload?ser=1569502893261 HTTP/1.1" 200 28 "http://renault.2web.at/account?loadrequest=true" "Mozilla/5.0 (Windows NT 10.0; WOW64; Trident/7.0; Touch; rv:11.0) like Gecko"
82.135.5.126 - - [26/Sep/2019:15:02:23 +0200] "GET /reload?ser=1569502943577 HTTP/1.1" 200 28 "http://renault.activities.at/success" "Mozilla/5.0 (Windows NT 10.0; WOW64; Trident/7.0; rv:11.0) like Gecko"
213.153.47.173 - - [26/Sep/2019:15:02:24 +0200] "GET /reload?ser=1569502944717 HTTP/1.1" 200 28 "http://renault.activities.at/login?required=true" "Mozilla/5.0 (Windows NT 10.0; Win64; x64; rv:69.0) Gecko/20100101 Firefox/69.0"
138.21.12.24 - - [26/Sep/2019:15:02:34 +0200] "GET /reload?ser=1569502954319 HTTP/1.1" 200 28 "http://renault.2web.at/account?loadrequest=true" "Mozilla/5.0 (Windows NT 10.0; WOW64; Trident/7.0; Touch; rv:11.0) like Gecko"
82.135.5.126 - - [26/Sep/2019:15:03:24 +0200] "GET /reload?ser=1569503004627 HTTP/1.1" 200 28 "http://renault.activities.at/success" "Mozilla/5.0 (Windows NT 10.0; WOW64; Trident/7.0; rv:11.0) like Gecko"
213.153.47.173 - - [26/Sep/2019:15:03:25 +0200] "GET /reload?ser=1569503005396 HTTP/1.1" 200 28 "http://renault.activities.at/login?required=true" "Mozilla/5.0 (Windows NT 10.0; Win64; x64; rv:69.0) Gecko/20100101 Firefox/69.0"
138.21.12.24 - - [26/Sep/2019:15:03:35 +0200] "GET /reload?ser=1569503015382 HTTP/1.1" 200 28 "http://renault.2web.at/account?loadrequest=true" "Mozilla/5.0 (Windows NT 10.0; WOW64; Trident/7.0; Touch; rv:11.0) like Gecko"
82.135.5.126 - - [26/Sep/2019:15:04:25 +0200] "GET /reload?ser=1569503065623 HTTP/1.1" 200 28 "http://renault.activities.at/success" "Mozilla/5.0 (Windows NT 10.0; WOW64; Trident/7.0; rv:11.0) like Gecko"
213.153.47.173 - - [26/Sep/2019:15:04:26 +0200] "GET /reload?ser=1569503066076 HTTP/1.1" 200 28 "http://renault.activities.at/login?required=true" "Mozilla/5.0 (Windows NT 10.0; Win64; x64; rv:69.0) Gecko/20100101 Firefox/69.0"
138.21.12.24 - - [26/Sep/2019:15:04:36 +0200] "GET /reload?ser=1569503076396 HTTP/1.1" 200 28 "http://renault.2web.at/account?loadrequest=true" "Mozilla/5.0 (Windows NT 10.0; WOW64; Trident/7.0; Touch; rv:11.0) like Gecko"
213.153.47.173 - - [26/Sep/2019:15:05:26 +0200] "GET /reload?ser=1569503126776 HTTP/1.1" 200 28 "http://renault.activities.at/login?required=true" "Mozilla/5.0 (Windows NT 10.0; Win64; x64; rv:69.0) Gecko/20100101 Firefox/69.0"
82.135.5.126 - - [26/Sep/2019:15:05:26 +0200] "GET /reload?ser=1569503126676 HTTP/1.1" 200 28 "http://renault.activities.at/success" "Mozilla/5.0 (Windows NT 10.0; WOW64; Trident/7.0; rv:11.0) like Gecko"
138.21.12.24 - - [26/Sep/2019:15:05:37 +0200] "GET /reload?ser=1569503137435 HTTP/1.1" 200 28 "http://renault.2web.at/account?loadrequest=true" "Mozilla/5.0 (Windows NT 10.0; WOW64; Trident/7.0; Touch; rv:11.0) like Gecko"
213.153.47.173 - - [26/Sep/2019:15:06:27 +0200] "GET /reload?ser=1569503187437 HTTP/1.1" 200 28 "http://renault.activities.at/login?required=true" "Mozilla/5.0 (Windows NT 10.0; Win64; x64; rv:69.0) Gecko/20100101 Firefox/69.0"
82.135.5.126 - - [26/Sep/2019:15:06:27 +0200] "GET /reload?ser=1569503187742 HTTP/1.1" 200 28 "http://renault.activities.at/success" "Mozilla/5.0 (Windows NT 10.0; WOW64; Trident/7.0; rv:11.0) like Gecko"
138.21.12.24 - - [26/Sep/2019:15:06:38 +0200] "GET /reload?ser=1569503198498 HTTP/1.1" 200 28 "http://renault.2web.at/account?loadrequest=true" "Mozilla/5.0 (Windows NT 10.0; WOW64; Trident/7.0; Touch; rv:11.0) like Gecko"
213.153.47.173 - - [26/Sep/2019:15:07:28 +0200] "GET /reload?ser=1569503248107 HTTP/1.1" 200 28 "http://renault.activities.at/login?required=true" "Mozilla/5.0 (Windows NT 10.0; Win64; x64; rv:69.0) Gecko/20100101 Firefox/69.0"
82.135.5.126 - - [26/Sep/2019:15:07:28 +0200] "GET /reload?ser=1569503248774 HTTP/1.1" 200 28 "http://renault.activities.at/success" "Mozilla/5.0 (Windows NT 10.0; WOW64; Trident/7.0; rv:11.0) like Gecko"
138.21.12.24 - - [26/Sep/2019:15:07:39 +0200] "GET /reload?ser=1569503259524 HTTP/1.1" 200 28 "http://renault.2web.at/account?loadrequest=true" "Mozilla/5.0 (Windows NT 10.0; WOW64; Trident/7.0; Touch; rv:11.0) like Gecko"
213.153.47.173 - - [26/Sep/2019:15:08:28 +0200] "GET /reload?ser=1569503308768 HTTP/1.1" 200 28 "http://renault.activities.at/login?required=true" "Mozilla/5.0 (Windows NT 10.0; Win64; x64; rv:69.0) Gecko/20100101 Firefox/69.0"
82.135.5.126 - - [26/Sep/2019:15:08:29 +0200] "GET /reload?ser=1569503309854 HTTP/1.1" 200 28 "http://renault.activities.at/success" "Mozilla/5.0 (Windows NT 10.0; WOW64; Trident/7.0; rv:11.0) like Gecko"
138.21.12.24 - - [26/Sep/2019:15:08:40 +0200] "GET /reload?ser=1569503320579 HTTP/1.1" 200 28 "http://renault.2web.at/account?loadrequest=true" "Mozilla/5.0 (Windows NT 10.0; WOW64; Trident/7.0; Touch; rv:11.0) like Gecko"
213.153.47.173 - - [26/Sep/2019:15:09:29 +0200] "GET /reload?ser=1569503369417 HTTP/1.1" 200 28 "http://renault.activities.at/login?required=true" "Mozilla/5.0 (Windows NT 10.0; Win64; x64; rv:69.0) Gecko/20100101 Firefox/69.0"
82.135.5.126 - - [26/Sep/2019:15:09:31 +0200] "GET /reload?ser=1569503370853 HTTP/1.1" 200 28 "http://renault.activities.at/success" "Mozilla/5.0 (Windows NT 10.0; WOW64; Trident/7.0; rv:11.0) like Gecko"
138.21.12.24 - - [26/Sep/2019:15:09:41 +0200] "GET /reload?ser=1569503381625 HTTP/1.1" 200 28 "http://renault.2web.at/account?loadrequest=true" "Mozilla/5.0 (Windows NT 10.0; WOW64; Trident/7.0; Touch; rv:11.0) like Gecko"
213.153.47.173 - - [26/Sep/2019:15:10:30 +0200] "GET /reload?ser=1569503430098 HTTP/1.1" 200 28 "http://renault.activities.at/login?required=true" "Mozilla/5.0 (Windows NT 10.0; Win64; x64; rv:69.0) Gecko/20100101 Firefox/69.0"
82.135.5.126 - - [26/Sep/2019:15:10:32 +0200] "GET /reload?ser=1569503431967 HTTP/1.1" 200 28 "http://renault.activities.at/success" "Mozilla/5.0 (Windows NT 10.0; WOW64; Trident/7.0; rv:11.0) like Gecko"
138.21.12.24 - - [26/Sep/2019:15:10:42 +0200] "GET /reload?ser=1569503442694 HTTP/1.1" 200 28 "http://renault.2web.at/account?loadrequest=true" "Mozilla/5.0 (Windows NT 10.0; WOW64; Trident/7.0; Touch; rv:11.0) like Gecko"
213.153.47.173 - - [26/Sep/2019:15:11:30 +0200] "GET /reload?ser=1569503490758 HTTP/1.1" 200 28 "http://renault.activities.at/login?required=true" "Mozilla/5.0 (Windows NT 10.0; Win64; x64; rv:69.0) Gecko/20100101 Firefox/69.0"
82.135.5.126 - - [26/Sep/2019:15:11:33 +0200] "GET /reload?ser=1569503492958 HTTP/1.1" 200 28 "http://renault.activities.at/success" "Mozilla/5.0 (Windows NT 10.0; WOW64; Trident/7.0; rv:11.0) like Gecko"
138.21.12.24 - - [26/Sep/2019:15:11:43 +0200] "GET /reload?ser=1569503503729 HTTP/1.1" 200 28 "http://renault.2web.at/account?loadrequest=true" "Mozilla/5.0 (Windows NT 10.0; WOW64; Trident/7.0; Touch; rv:11.0) like Gecko"
82.135.5.126 - - [26/Sep/2019:15:12:23 +0200] "GET /account HTTP/1.1" 200 6105 "http://renault.activities.at/success" "Mozilla/5.0 (Windows NT 10.0; WOW64; Trident/7.0; rv:11.0) like Gecko"
82.135.5.126 - - [26/Sep/2019:15:12:25 +0200] "GET /loadthumbnail.php?id=12088624&width=50&height=50 HTTP/1.1" 200 1112 "http://renault.activities.at/account" "Mozilla/5.0 (Windows NT 10.0; WOW64; Trident/7.0; rv:11.0) like Gecko"
82.135.5.126 - - [26/Sep/2019:15:12:25 +0200] "GET /loadthumbnail.php?id=12104297&width=50&height=50 HTTP/1.1" 200 1356 "http://renault.activities.at/account" "Mozilla/5.0 (Windows NT 10.0; WOW64; Trident/7.0; rv:11.0) like Gecko"
82.135.5.126 - - [26/Sep/2019:15:12:25 +0200] "GET /loadthumbnail.php?id=11927086&width=50&height=50 HTTP/1.1" 200 1208 "http://renault.activities.at/account" "Mozilla/5.0 (Windows NT 10.0; WOW64; Trident/7.0; rv:11.0) like Gecko"
213.153.47.173 - - [26/Sep/2019:15:12:31 +0200] "GET /reload?ser=1569503551428 HTTP/1.1" 200 28 "http://renault.activities.at/login?required=true" "Mozilla/5.0 (Windows NT 10.0; Win64; x64; rv:69.0) Gecko/20100101 Firefox/69.0"
138.21.12.24 - - [26/Sep/2019:15:12:44 +0200] "GET /reload?ser=1569503564746 HTTP/1.1" 200 28 "http://renault.2web.at/account?loadrequest=true" "Mozilla/5.0 (Windows NT 10.0; WOW64; Trident/7.0; Touch; rv:11.0) like Gecko"
82.135.5.126 - - [26/Sep/2019:15:13:25 +0200] "GET /reload?ser=1569503605670 HTTP/1.1" 200 28 "http://renault.activities.at/account" "Mozilla/5.0 (Windows NT 10.0; WOW64; Trident/7.0; rv:11.0) like Gecko"
213.153.47.173 - - [26/Sep/2019:15:13:32 +0200] "GET /reload?ser=1569503612088 HTTP/1.1" 200 28 "http://renault.activities.at/login?required=true" "Mozilla/5.0 (Windows NT 10.0; Win64; x64; rv:69.0) Gecko/20100101 Firefox/69.0"
138.21.12.24 - - [26/Sep/2019:15:13:45 +0200] "GET /reload?ser=1569503625798 HTTP/1.1" 200 28 "http://renault.2web.at/account?loadrequest=true" "Mozilla/5.0 (Windows NT 10.0; WOW64; Trident/7.0; Touch; rv:11.0) like Gecko"
82.135.5.126 - - [26/Sep/2019:15:14:26 +0200] "GET /reload?ser=1569503666687 HTTP/1.1" 200 28 "http://renault.activities.at/account" "Mozilla/5.0 (Windows NT 10.0; WOW64; Trident/7.0; rv:11.0) like Gecko"
213.153.47.173 - - [26/Sep/2019:15:14:32 +0200] "GET /reload?ser=1569503672749 HTTP/1.1" 200 28 "http://renault.activities.at/login?required=true" "Mozilla/5.0 (Windows NT 10.0; Win64; x64; rv:69.0) Gecko/20100101 Firefox/69.0"
138.21.12.24 - - [26/Sep/2019:15:14:47 +0200] "GET /reload?ser=1569503686859 HTTP/1.1" 200 28 "http://renault.2web.at/account?loadrequest=true" "Mozilla/5.0 (Windows NT 10.0; WOW64; Trident/7.0; Touch; rv:11.0) like Gecko"
82.135.5.126 - - [26/Sep/2019:15:15:27 +0200] "GET /reload?ser=1569503727676 HTTP/1.1" 200 28 "http://renault.activities.at/account" "Mozilla/5.0 (Windows NT 10.0; WOW64; Trident/7.0; rv:11.0) like Gecko"
213.153.47.173 - - [26/Sep/2019:15:15:33 +0200] "GET /reload?ser=1569503733424 HTTP/1.1" 200 28 "http://renault.activities.at/login?required=true" "Mozilla/5.0 (Windows NT 10.0; Win64; x64; rv:69.0) Gecko/20100101 Firefox/69.0"
138.21.12.24 - - [26/Sep/2019:15:15:48 +0200] "GET /reload?ser=1569503747904 HTTP/1.1" 200 28 "http://renault.2web.at/account?loadrequest=true" "Mozilla/5.0 (Windows NT 10.0; WOW64; Trident/7.0; Touch; rv:11.0) like Gecko"
82.135.5.126 - - [26/Sep/2019:15:16:28 +0200] "GET /reload?ser=1569503788731 HTTP/1.1" 200 28 "http://renault.activities.at/account" "Mozilla/5.0 (Windows NT 10.0; WOW64; Trident/7.0; rv:11.0) like Gecko"
213.153.47.173 - - [26/Sep/2019:15:16:34 +0200] "GET /reload?ser=1569503794079 HTTP/1.1" 200 28 "http://renault.activities.at/login?required=true" "Mozilla/5.0 (Windows NT 10.0; Win64; x64; rv:69.0) Gecko/20100101 Firefox/69.0"
82.135.5.126 - - [26/Sep/2019:15:17:29 +0200] "GET /reload?ser=1569503849709 HTTP/1.1" 200 28 "http://renault.activities.at/account" "Mozilla/5.0 (Windows NT 10.0; WOW64; Trident/7.0; rv:11.0) like Gecko"
213.153.47.173 - - [26/Sep/2019:15:17:34 +0200] "GET /reload?ser=1569503854749 HTTP/1.1" 200 28 "http://renault.activities.at/login?required=true" "Mozilla/5.0 (Windows NT 10.0; Win64; x64; rv:69.0) Gecko/20100101 Firefox/69.0"
82.135.5.126 - - [26/Sep/2019:15:18:30 +0200] "GET /reload?ser=1569503910697 HTTP/1.1" 200 28 "http://renault.activities.at/account" "Mozilla/5.0 (Windows NT 10.0; WOW64; Trident/7.0; rv:11.0) like Gecko"
213.153.47.173 - - [26/Sep/2019:15:18:35 +0200] "GET /reload?ser=1569503915409 HTTP/1.1" 200 28 "http://renault.activities.at/login?required=true" "Mozilla/5.0 (Windows NT 10.0; Win64; x64; rv:69.0) Gecko/20100101 Firefox/69.0"
82.135.5.126 - - [26/Sep/2019:15:19:31 +0200] "GET /reload?ser=1569503971717 HTTP/1.1" 200 28 "http://renault.activities.at/account" "Mozilla/5.0 (Windows NT 10.0; WOW64; Trident/7.0; rv:11.0) like Gecko"
213.153.47.173 - - [26/Sep/2019:15:19:36 +0200] "GET /reload?ser=1569503976080 HTTP/1.1" 200 28 "http://renault.activities.at/login?required=true" "Mozilla/5.0 (Windows NT 10.0; Win64; x64; rv:69.0) Gecko/20100101 Firefox/69.0"
82.135.5.126 - - [26/Sep/2019:15:20:32 +0200] "GET /reload?ser=1569504032731 HTTP/1.1" 200 28 "http://renault.activities.at/account" "Mozilla/5.0 (Windows NT 10.0; WOW64; Trident/7.0; rv:11.0) like Gecko"
213.153.47.173 - - [26/Sep/2019:15:20:36 +0200] "GET /reload?ser=1569504036768 HTTP/1.1" 200 28 "http://renault.activities.at/login?required=true" "Mozilla/5.0 (Windows NT 10.0; Win64; x64; rv:69.0) Gecko/20100101 Firefox/69.0"
82.135.5.126 - - [26/Sep/2019:15:21:33 +0200] "GET /reload?ser=1569504093715 HTTP/1.1" 200 28 "http://renault.activities.at/account" "Mozilla/5.0 (Windows NT 10.0; WOW64; Trident/7.0; rv:11.0) like Gecko"
213.153.47.173 - - [26/Sep/2019:15:21:37 +0200] "GET /reload?ser=1569504097430 HTTP/1.1" 200 28 "http://renault.activities.at/login?required=true" "Mozilla/5.0 (Windows NT 10.0; Win64; x64; rv:69.0) Gecko/20100101 Firefox/69.0"
82.135.5.126 - - [26/Sep/2019:15:22:34 +0200] "GET /reload?ser=1569504154726 HTTP/1.1" 200 28 "http://renault.activities.at/account" "Mozilla/5.0 (Windows NT 10.0; WOW64; Trident/7.0; rv:11.0) like Gecko"
213.153.47.173 - - [26/Sep/2019:15:22:38 +0200] "GET /reload?ser=1569504158100 HTTP/1.1" 200 28 "http://renault.activities.at/login?required=true" "Mozilla/5.0 (Windows NT 10.0; Win64; x64; rv:69.0) Gecko/20100101 Firefox/69.0"
82.135.5.126 - - [26/Sep/2019:15:23:35 +0200] "GET /reload?ser=1569504215796 HTTP/1.1" 200 28 "http://renault.activities.at/account" "Mozilla/5.0 (Windows NT 10.0; WOW64; Trident/7.0; rv:11.0) like Gecko"
213.153.47.173 - - [26/Sep/2019:15:23:38 +0200] "GET /reload?ser=1569504218771 HTTP/1.1" 200 28 "http://renault.activities.at/login?required=true" "Mozilla/5.0 (Windows NT 10.0; Win64; x64; rv:69.0) Gecko/20100101 Firefox/69.0"
82.135.5.126 - - [26/Sep/2019:15:24:36 +0200] "GET /reload?ser=1569504276808 HTTP/1.1" 200 28 "http://renault.activities.at/account" "Mozilla/5.0 (Windows NT 10.0; WOW64; Trident/7.0; rv:11.0) like Gecko"
213.153.47.173 - - [26/Sep/2019:15:24:39 +0200] "GET /reload?ser=1569504279460 HTTP/1.1" 200 28 "http://renault.activities.at/login?required=true" "Mozilla/5.0 (Windows NT 10.0; Win64; x64; rv:69.0) Gecko/20100101 Firefox/69.0"
82.135.5.126 - - [26/Sep/2019:15:25:37 +0200] "GET /reload?ser=1569504337851 HTTP/1.1" 200 28 "http://renault.activities.at/account" "Mozilla/5.0 (Windows NT 10.0; WOW64; Trident/7.0; rv:11.0) like Gecko"
213.153.47.173 - - [26/Sep/2019:15:25:40 +0200] "GET /reload?ser=1569504340130 HTTP/1.1" 200 28 "http://renault.activities.at/login?required=true" "Mozilla/5.0 (Windows NT 10.0; Win64; x64; rv:69.0) Gecko/20100101 Firefox/69.0"
82.135.5.126 - - [26/Sep/2019:15:26:38 +0200] "GET /reload?ser=1569504398840 HTTP/1.1" 200 28 "http://renault.activities.at/account" "Mozilla/5.0 (Windows NT 10.0; WOW64; Trident/7.0; rv:11.0) like Gecko"
213.153.47.173 - - [26/Sep/2019:15:26:40 +0200] "GET /reload?ser=1569504400791 HTTP/1.1" 200 28 "http://renault.activities.at/login?required=true" "Mozilla/5.0 (Windows NT 10.0; Win64; x64; rv:69.0) Gecko/20100101 Firefox/69.0"
82.135.5.126 - - [26/Sep/2019:15:27:39 +0200] "GET /reload?ser=1569504459861 HTTP/1.1" 200 28 "http://renault.activities.at/account" "Mozilla/5.0 (Windows NT 10.0; WOW64; Trident/7.0; rv:11.0) like Gecko"
213.153.47.173 - - [26/Sep/2019:15:27:41 +0200] "GET /reload?ser=1569504461471 HTTP/1.1" 200 28 "http://renault.activities.at/login?required=true" "Mozilla/5.0 (Windows NT 10.0; Win64; x64; rv:69.0) Gecko/20100101 Firefox/69.0"
82.135.5.126 - - [26/Sep/2019:15:28:40 +0200] "GET /reload?ser=1569504520866 HTTP/1.1" 200 28 "http://renault.activities.at/account" "Mozilla/5.0 (Windows NT 10.0; WOW64; Trident/7.0; rv:11.0) like Gecko"
213.153.47.173 - - [26/Sep/2019:15:28:42 +0200] "GET /reload?ser=1569504522131 HTTP/1.1" 200 28 "http://renault.activities.at/login?required=true" "Mozilla/5.0 (Windows NT 10.0; Win64; x64; rv:69.0) Gecko/20100101 Firefox/69.0"
82.135.5.126 - - [26/Sep/2019:15:29:41 +0200] "GET /reload?ser=1569504581909 HTTP/1.1" 200 28 "http://renault.activities.at/account" "Mozilla/5.0 (Windows NT 10.0; WOW64; Trident/7.0; rv:11.0) like Gecko"
213.153.47.173 - - [26/Sep/2019:15:29:42 +0200] "GET /reload?ser=1569504582791 HTTP/1.1" 200 28 "http://renault.activities.at/login?required=true" "Mozilla/5.0 (Windows NT 10.0; Win64; x64; rv:69.0) Gecko/20100101 Firefox/69.0"
82.135.5.126 - - [26/Sep/2019:15:30:42 +0200] "GET /reload?ser=1569504642944 HTTP/1.1" 200 28 "http://renault.activities.at/account" "Mozilla/5.0 (Windows NT 10.0; WOW64; Trident/7.0; rv:11.0) like Gecko"
213.153.47.173 - - [26/Sep/2019:15:30:43 +0200] "GET /reload?ser=1569504643461 HTTP/1.1" 200 28 "http://renault.activities.at/login?required=true" "Mozilla/5.0 (Windows NT 10.0; Win64; x64; rv:69.0) Gecko/20100101 Firefox/69.0"
213.153.47.173 - - [26/Sep/2019:15:31:44 +0200] "GET /reload?ser=1569504704121 HTTP/1.1" 200 28 "http://renault.activities.at/login?required=true" "Mozilla/5.0 (Windows NT 10.0; Win64; x64; rv:69.0) Gecko/20100101 Firefox/69.0"
82.135.5.126 - - [26/Sep/2019:15:31:43 +0200] "GET /reload?ser=1569504703944 HTTP/1.1" 200 28 "http://renault.activities.at/account" "Mozilla/5.0 (Windows NT 10.0; WOW64; Trident/7.0; rv:11.0) like Gecko"
213.153.47.173 - - [26/Sep/2019:15:32:44 +0200] "GET /reload?ser=1569504764882 HTTP/1.1" 200 28 "http://renault.activities.at/login?required=true" "Mozilla/5.0 (Windows NT 10.0; Win64; x64; rv:69.0) Gecko/20100101 Firefox/69.0"
82.135.5.126 - - [26/Sep/2019:15:32:44 +0200] "GET /reload?ser=1569504764943 HTTP/1.1" 200 28 "http://renault.activities.at/account" "Mozilla/5.0 (Windows NT 10.0; WOW64; Trident/7.0; rv:11.0) like Gecko"
213.153.47.173 - - [26/Sep/2019:15:33:45 +0200] "GET /reload?ser=1569504825551 HTTP/1.1" 200 28 "http://renault.activities.at/login?required=true" "Mozilla/5.0 (Windows NT 10.0; Win64; x64; rv:69.0) Gecko/20100101 Firefox/69.0"
82.135.5.126 - - [26/Sep/2019:15:33:46 +0200] "GET /reload?ser=1569504825939 HTTP/1.1" 200 28 "http://renault.activities.at/account" "Mozilla/5.0 (Windows NT 10.0; WOW64; Trident/7.0; rv:11.0) like Gecko"
213.153.47.173 - - [26/Sep/2019:15:34:46 +0200] "GET /reload?ser=1569504886221 HTTP/1.1" 200 28 "http://renault.activities.at/login?required=true" "Mozilla/5.0 (Windows NT 10.0; Win64; x64; rv:69.0) Gecko/20100101 Firefox/69.0"
82.135.5.126 - - [26/Sep/2019:15:34:51 +0200] "GET /reload?ser=1569504889979 HTTP/1.1" 200 28 "http://renault.activities.at/account" "Mozilla/5.0 (Windows NT 10.0; WOW64; Trident/7.0; rv:11.0) like Gecko"
213.153.47.173 - - [26/Sep/2019:15:35:46 +0200] "GET /reload?ser=1569504946883 HTTP/1.1" 200 28 "http://renault.activities.at/login?required=true" "Mozilla/5.0 (Windows NT 10.0; Win64; x64; rv:69.0) Gecko/20100101 Firefox/69.0"
82.135.5.126 - - [26/Sep/2019:15:35:52 +0200] "GET /reload?ser=1569504952647 HTTP/1.1" 200 28 "http://renault.activities.at/account" "Mozilla/5.0 (Windows NT 10.0; WOW64; Trident/7.0; rv:11.0) like Gecko"
213.153.47.173 - - [26/Sep/2019:15:36:47 +0200] "GET /reload?ser=1569505007552 HTTP/1.1" 200 28 "http://renault.activities.at/login?required=true" "Mozilla/5.0 (Windows NT 10.0; Win64; x64; rv:69.0) Gecko/20100101 Firefox/69.0"
82.135.5.126 - - [26/Sep/2019:15:36:53 +0200] "GET /reload?ser=1569505013658 HTTP/1.1" 200 28 "http://renault.activities.at/account" "Mozilla/5.0 (Windows NT 10.0; WOW64; Trident/7.0; rv:11.0) like Gecko"
213.153.47.173 - - [26/Sep/2019:15:37:48 +0200] "GET /reload?ser=1569505068225 HTTP/1.1" 200 28 "http://renault.activities.at/login?required=true" "Mozilla/5.0 (Windows NT 10.0; Win64; x64; rv:69.0) Gecko/20100101 Firefox/69.0"
82.135.5.126 - - [26/Sep/2019:15:37:54 +0200] "GET /reload?ser=1569505074686 HTTP/1.1" 200 28 "http://renault.activities.at/account" "Mozilla/5.0 (Windows NT 10.0; WOW64; Trident/7.0; rv:11.0) like Gecko"
213.153.47.173 - - [26/Sep/2019:15:38:48 +0200] "GET /reload?ser=1569505128893 HTTP/1.1" 200 28 "http://renault.activities.at/login?required=true" "Mozilla/5.0 (Windows NT 10.0; Win64; x64; rv:69.0) Gecko/20100101 Firefox/69.0"
82.135.5.126 - - [26/Sep/2019:15:38:55 +0200] "GET /reload?ser=1569505135699 HTTP/1.1" 200 28 "http://renault.activities.at/account" "Mozilla/5.0 (Windows NT 10.0; WOW64; Trident/7.0; rv:11.0) like Gecko"
213.153.47.173 - - [26/Sep/2019:15:39:49 +0200] "GET /reload?ser=1569505189562 HTTP/1.1" 200 28 "http://renault.activities.at/login?required=true" "Mozilla/5.0 (Windows NT 10.0; Win64; x64; rv:69.0) Gecko/20100101 Firefox/69.0"
82.135.5.126 - - [26/Sep/2019:15:39:56 +0200] "GET /reload?ser=1569505196667 HTTP/1.1" 200 28 "http://renault.activities.at/account" "Mozilla/5.0 (Windows NT 10.0; WOW64; Trident/7.0; rv:11.0) like Gecko"
