193.194.132.30 - - [26/Sep/2019:11:58:01 +0200] "GET /images/title_corner_left_top.jpg HTTP/1.1" 304 - "http://renault.2web.at/login?required=true" "Mozilla/5.0 (Windows NT 10.0; WOW64; Trident/7.0; Touch; rv:11.0) like Gecko"
193.194.132.30 - - [26/Sep/2019:11:58:01 +0200] "GET /images/title_border_top.jpg HTTP/1.1" 304 - "http://renault.2web.at/login?required=true" "Mozilla/5.0 (Windows NT 10.0; WOW64; Trident/7.0; Touch; rv:11.0) like Gecko"
193.194.132.30 - - [26/Sep/2019:11:58:01 +0200] "GET /images/header_block_corner_right_top.gif HTTP/1.1" 304 - "http://renault.2web.at/login?required=true" "Mozilla/5.0 (Windows NT 10.0; WOW64; Trident/7.0; Touch; rv:11.0) like Gecko"
193.194.132.30 - - [26/Sep/2019:11:58:01 +0200] "GET /images/main_block_corner_left_bot.gif HTTP/1.1" 304 - "http://renault.2web.at/login?required=true" "Mozilla/5.0 (Windows NT 10.0; WOW64; Trident/7.0; Touch; rv:11.0) like Gecko"
193.194.132.30 - - [26/Sep/2019:11:58:01 +0200] "GET /images/header_block_corner_left_top.gif HTTP/1.1" 304 - "http://renault.2web.at/login?required=true" "Mozilla/5.0 (Windows NT 10.0; WOW64; Trident/7.0; Touch; rv:11.0) like Gecko"
193.194.132.30 - - [26/Sep/2019:11:58:01 +0200] "GET /images/main_block_corner_right_bot.gif HTTP/1.1" 304 - "http://renault.2web.at/login?required=true" "Mozilla/5.0 (Windows NT 10.0; WOW64; Trident/7.0; Touch; rv:11.0) like Gecko"
193.194.132.30 - - [26/Sep/2019:11:58:01 +0200] "GET /images/title_border.jpg HTTP/1.1" 304 - "http://renault.2web.at/login?required=true" "Mozilla/5.0 (Windows NT 10.0; WOW64; Trident/7.0; Touch; rv:11.0) like Gecko"
193.194.132.30 - - [26/Sep/2019:11:58:01 +0200] "GET /images/title_corner_right_top.jpg HTTP/1.1" 304 - "http://renault.2web.at/login?required=true" "Mozilla/5.0 (Windows NT 10.0; WOW64; Trident/7.0; Touch; rv:11.0) like Gecko"
193.194.132.30 - - [26/Sep/2019:11:58:01 +0200] "GET /images/button_bg.gif HTTP/1.1" 304 - "http://renault.2web.at/login?required=true" "Mozilla/5.0 (Windows NT 10.0; WOW64; Trident/7.0; Touch; rv:11.0) like Gecko"
193.194.132.30 - - [26/Sep/2019:11:58:01 +0200] "GET /images/button_right_bg.gif HTTP/1.1" 304 - "http://renault.2web.at/login?required=true" "Mozilla/5.0 (Windows NT 10.0; WOW64; Trident/7.0; Touch; rv:11.0) like Gecko"
193.194.132.30 - - [26/Sep/2019:11:58:01 +0200] "GET /images/button_left_bg.gif HTTP/1.1" 304 - "http://renault.2web.at/login?required=true" "Mozilla/5.0 (Windows NT 10.0; WOW64; Trident/7.0; Touch; rv:11.0) like Gecko"
193.194.132.30 - - [26/Sep/2019:11:58:08 +0200] "POST /login HTTP/1.1" 302 149 "http://renault.2web.at/login?required=true" "Mozilla/5.0 (Windows NT 10.0; WOW64; Trident/7.0; Touch; rv:11.0) like Gecko"
193.194.132.30 - - [26/Sep/2019:11:58:11 +0200] "GET /account?loadrequest=true HTTP/1.1" 200 9532 "http://renault.2web.at/login?required=true" "Mozilla/5.0 (Windows NT 10.0; WOW64; Trident/7.0; Touch; rv:11.0) like Gecko"
193.194.132.30 - - [26/Sep/2019:11:58:20 +0200] "GET /js/account.js HTTP/1.1" 304 - "http://renault.2web.at/account?loadrequest=true" "Mozilla/5.0 (Windows NT 10.0; WOW64; Trident/7.0; Touch; rv:11.0) like Gecko"
193.194.132.30 - - [26/Sep/2019:11:58:20 +0200] "GET /images/ajax_loading.gif HTTP/1.1" 304 - "http://renault.2web.at/account?loadrequest=true" "Mozilla/5.0 (Windows NT 10.0; WOW64; Trident/7.0; Touch; rv:11.0) like Gecko"
193.194.132.30 - - [26/Sep/2019:11:58:20 +0200] "GET /images/search_bg.gif HTTP/1.1" 304 - "http://renault.2web.at/account?loadrequest=true" "Mozilla/5.0 (Windows NT 10.0; WOW64; Trident/7.0; Touch; rv:11.0) like Gecko"
193.194.132.30 - - [26/Sep/2019:11:58:20 +0200] "GET /images/sidebar_title_border.gif HTTP/1.1" 304 - "http://renault.2web.at/account?loadrequest=true" "Mozilla/5.0 (Windows NT 10.0; WOW64; Trident/7.0; Touch; rv:11.0) like Gecko"
193.194.132.30 - - [26/Sep/2019:11:58:20 +0200] "GET /images/sidebar_title_border_top.gif HTTP/1.1" 304 - "http://renault.2web.at/account?loadrequest=true" "Mozilla/5.0 (Windows NT 10.0; WOW64; Trident/7.0; Touch; rv:11.0) like Gecko"
193.194.132.30 - - [26/Sep/2019:11:58:20 +0200] "GET /images/menu_button_bg.jpg HTTP/1.1" 304 - "http://renault.2web.at/account?loadrequest=true" "Mozilla/5.0 (Windows NT 10.0; WOW64; Trident/7.0; Touch; rv:11.0) like Gecko"
193.194.132.30 - - [26/Sep/2019:11:58:20 +0200] "GET /images/top_links_divider.gif HTTP/1.1" 304 - "http://renault.2web.at/account?loadrequest=true" "Mozilla/5.0 (Windows NT 10.0; WOW64; Trident/7.0; Touch; rv:11.0) like Gecko"
193.194.132.30 - - [26/Sep/2019:11:58:20 +0200] "GET /images/sidebar_title_corner_right_top.gif HTTP/1.1" 304 - "http://renault.2web.at/account?loadrequest=true" "Mozilla/5.0 (Windows NT 10.0; WOW64; Trident/7.0; Touch; rv:11.0) like Gecko"
193.194.132.30 - - [26/Sep/2019:11:58:20 +0200] "GET /images/sidebar_title_corner_left_top.gif HTTP/1.1" 304 - "http://renault.2web.at/account?loadrequest=true" "Mozilla/5.0 (Windows NT 10.0; WOW64; Trident/7.0; Touch; rv:11.0) like Gecko"
193.194.132.30 - - [26/Sep/2019:11:58:20 +0200] "GET /images/nav_divider.gif HTTP/1.1" 304 - "http://renault.2web.at/account?loadrequest=true" "Mozilla/5.0 (Windows NT 10.0; WOW64; Trident/7.0; Touch; rv:11.0) like Gecko"
193.194.132.30 - - [26/Sep/2019:11:58:20 +0200] "GET /images/validation_advice_bg.gif HTTP/1.1" 304 - "http://renault.2web.at/account?loadrequest=true" "Mozilla/5.0 (Windows NT 10.0; WOW64; Trident/7.0; Touch; rv:11.0) like Gecko"
193.194.132.30 - - [26/Sep/2019:11:58:20 +0200] "GET /images/footer_divider.gif HTTP/1.1" 304 - "http://renault.2web.at/account?loadrequest=true" "Mozilla/5.0 (Windows NT 10.0; WOW64; Trident/7.0; Touch; rv:11.0) like Gecko"
193.194.132.30 - - [26/Sep/2019:11:58:20 +0200] "GET /images/menu_divider.gif HTTP/1.1" 304 - "http://renault.2web.at/account?loadrequest=true" "Mozilla/5.0 (Windows NT 10.0; WOW64; Trident/7.0; Touch; rv:11.0) like Gecko"
193.194.132.30 - - [26/Sep/2019:11:58:20 +0200] "GET /images/reset_bg.gif HTTP/1.1" 304 - "http://renault.2web.at/account?loadrequest=true" "Mozilla/5.0 (Windows NT 10.0; WOW64; Trident/7.0; Touch; rv:11.0) like Gecko"
213.153.47.173 - - [26/Sep/2019:11:58:22 +0200] "GET /reload?ser=1569491902922 HTTP/1.1" 200 28 "http://renault.activities.at/login?required=true" "Mozilla/5.0 (Windows NT 10.0; Win64; x64; rv:69.0) Gecko/20100101 Firefox/69.0"
80.123.225.36 - - [26/Sep/2019:11:58:47 +0200] "GET /reload?ser=1569491962776 HTTP/1.1" 200 28 "http://renault.activities.at/result?searchterm=true&search=motor" "Mozilla/5.0 (Windows NT 6.1; WOW64; Trident/7.0; rv:11.0) like Gecko"
212.152.158.195 - - [26/Sep/2019:11:58:52 +0200] "GET /reload?ser=1569492485976 HTTP/1.1" 200 28 "http://renault.activities.at/10227795" "Mozilla/5.0 (Windows NT 6.1; WOW64; Trident/7.0; rv:11.0) like Gecko"
193.194.132.30 - - [26/Sep/2019:11:59:20 +0200] "GET /reload?ser=1569491960337 HTTP/1.1" 200 28 "http://renault.2web.at/account?loadrequest=true" "Mozilla/5.0 (Windows NT 10.0; WOW64; Trident/7.0; Touch; rv:11.0) like Gecko"
213.153.47.173 - - [26/Sep/2019:11:59:23 +0200] "GET /reload?ser=1569491963582 HTTP/1.1" 200 28 "http://renault.activities.at/login?required=true" "Mozilla/5.0 (Windows NT 10.0; Win64; x64; rv:69.0) Gecko/20100101 Firefox/69.0"
80.123.225.36 - - [26/Sep/2019:11:59:48 +0200] "GET /reload?ser=1569492023789 HTTP/1.1" 200 28 "http://renault.activities.at/result?searchterm=true&search=motor" "Mozilla/5.0 (Windows NT 6.1; WOW64; Trident/7.0; rv:11.0) like Gecko"
212.152.158.195 - - [26/Sep/2019:11:59:53 +0200] "GET /reload?ser=1569492546935 HTTP/1.1" 200 28 "http://renault.activities.at/10227795" "Mozilla/5.0 (Windows NT 6.1; WOW64; Trident/7.0; rv:11.0) like Gecko"
193.194.132.30 - - [26/Sep/2019:12:00:21 +0200] "GET /reload?ser=1569492021515 HTTP/1.1" 200 28 "http://renault.2web.at/account?loadrequest=true" "Mozilla/5.0 (Windows NT 10.0; WOW64; Trident/7.0; Touch; rv:11.0) like Gecko"
213.153.47.173 - - [26/Sep/2019:12:00:24 +0200] "GET /reload?ser=1569492024272 HTTP/1.1" 200 28 "http://renault.activities.at/login?required=true" "Mozilla/5.0 (Windows NT 10.0; Win64; x64; rv:69.0) Gecko/20100101 Firefox/69.0"
80.123.225.36 - - [26/Sep/2019:12:00:49 +0200] "GET /reload?ser=1569492084794 HTTP/1.1" 200 28 "http://renault.activities.at/result?searchterm=true&search=motor" "Mozilla/5.0 (Windows NT 6.1; WOW64; Trident/7.0; rv:11.0) like Gecko"
212.152.158.195 - - [26/Sep/2019:12:00:54 +0200] "GET /reload?ser=1569492607931 HTTP/1.1" 200 28 "http://renault.activities.at/10227795" "Mozilla/5.0 (Windows NT 6.1; WOW64; Trident/7.0; rv:11.0) like Gecko"
193.194.132.30 - - [26/Sep/2019:12:01:22 +0200] "GET /reload?ser=1569492082542 HTTP/1.1" 200 28 "http://renault.2web.at/account?loadrequest=true" "Mozilla/5.0 (Windows NT 10.0; WOW64; Trident/7.0; Touch; rv:11.0) like Gecko"
213.153.47.173 - - [26/Sep/2019:12:01:25 +0200] "GET /reload?ser=1569492084937 HTTP/1.1" 200 28 "http://renault.activities.at/login?required=true" "Mozilla/5.0 (Windows NT 10.0; Win64; x64; rv:69.0) Gecko/20100101 Firefox/69.0"
80.123.225.36 - - [26/Sep/2019:12:01:50 +0200] "GET /reload?ser=1569492145820 HTTP/1.1" 200 28 "http://renault.activities.at/result?searchterm=true&search=motor" "Mozilla/5.0 (Windows NT 6.1; WOW64; Trident/7.0; rv:11.0) like Gecko"
212.152.158.195 - - [26/Sep/2019:12:01:55 +0200] "GET /reload?ser=1569492668903 HTTP/1.1" 200 28 "http://renault.activities.at/10227795" "Mozilla/5.0 (Windows NT 6.1; WOW64; Trident/7.0; rv:11.0) like Gecko"
193.194.132.30 - - [26/Sep/2019:12:02:23 +0200] "GET /reload?ser=1569492143600 HTTP/1.1" 200 28 "http://renault.2web.at/account?loadrequest=true" "Mozilla/5.0 (Windows NT 10.0; WOW64; Trident/7.0; Touch; rv:11.0) like Gecko"
213.153.47.173 - - [26/Sep/2019:12:02:25 +0200] "GET /reload?ser=1569492145593 HTTP/1.1" 200 28 "http://renault.activities.at/login?required=true" "Mozilla/5.0 (Windows NT 10.0; Win64; x64; rv:69.0) Gecko/20100101 Firefox/69.0"
80.123.225.36 - - [26/Sep/2019:12:02:51 +0200] "GET /reload?ser=1569492206821 HTTP/1.1" 200 28 "http://renault.activities.at/result?searchterm=true&search=motor" "Mozilla/5.0 (Windows NT 6.1; WOW64; Trident/7.0; rv:11.0) like Gecko"
212.152.158.195 - - [26/Sep/2019:12:02:56 +0200] "GET /reload?ser=1569492729960 HTTP/1.1" 200 28 "http://renault.activities.at/10227795" "Mozilla/5.0 (Windows NT 6.1; WOW64; Trident/7.0; rv:11.0) like Gecko"
193.194.132.30 - - [26/Sep/2019:12:03:24 +0200] "GET /reload?ser=1569492204642 HTTP/1.1" 200 28 "http://renault.2web.at/account?loadrequest=true" "Mozilla/5.0 (Windows NT 10.0; WOW64; Trident/7.0; Touch; rv:11.0) like Gecko"
213.153.47.173 - - [26/Sep/2019:12:03:26 +0200] "GET /reload?ser=1569492206272 HTTP/1.1" 200 28 "http://renault.activities.at/login?required=true" "Mozilla/5.0 (Windows NT 10.0; Win64; x64; rv:69.0) Gecko/20100101 Firefox/69.0"
80.123.225.36 - - [26/Sep/2019:12:03:52 +0200] "GET /reload?ser=1569492267816 HTTP/1.1" 200 28 "http://renault.activities.at/result?searchterm=true&search=motor" "Mozilla/5.0 (Windows NT 6.1; WOW64; Trident/7.0; rv:11.0) like Gecko"
212.152.158.195 - - [26/Sep/2019:12:03:57 +0200] "GET /reload?ser=1569492790951 HTTP/1.1" 200 28 "http://renault.activities.at/10227795" "Mozilla/5.0 (Windows NT 6.1; WOW64; Trident/7.0; rv:11.0) like Gecko"
193.194.132.30 - - [26/Sep/2019:12:04:25 +0200] "GET /reload?ser=1569492265655 HTTP/1.1" 200 28 "http://renault.2web.at/account?loadrequest=true" "Mozilla/5.0 (Windows NT 10.0; WOW64; Trident/7.0; Touch; rv:11.0) like Gecko"
213.153.47.173 - - [26/Sep/2019:12:04:27 +0200] "GET /reload?ser=1569492266937 HTTP/1.1" 200 28 "http://renault.activities.at/login?required=true" "Mozilla/5.0 (Windows NT 10.0; Win64; x64; rv:69.0) Gecko/20100101 Firefox/69.0"
80.123.225.36 - - [26/Sep/2019:12:04:53 +0200] "GET /reload?ser=1569492328818 HTTP/1.1" 200 28 "http://renault.activities.at/result?searchterm=true&search=motor" "Mozilla/5.0 (Windows NT 6.1; WOW64; Trident/7.0; rv:11.0) like Gecko"
212.152.158.195 - - [26/Sep/2019:12:04:58 +0200] "GET /reload?ser=1569492851930 HTTP/1.1" 200 28 "http://renault.activities.at/10227795" "Mozilla/5.0 (Windows NT 6.1; WOW64; Trident/7.0; rv:11.0) like Gecko"
193.194.132.30 - - [26/Sep/2019:12:05:26 +0200] "GET /reload?ser=1569492326719 HTTP/1.1" 200 28 "http://renault.2web.at/account?loadrequest=true" "Mozilla/5.0 (Windows NT 10.0; WOW64; Trident/7.0; Touch; rv:11.0) like Gecko"
213.153.47.173 - - [26/Sep/2019:12:05:27 +0200] "GET /reload?ser=1569492327592 HTTP/1.1" 200 28 "http://renault.activities.at/login?required=true" "Mozilla/5.0 (Windows NT 10.0; Win64; x64; rv:69.0) Gecko/20100101 Firefox/69.0"
80.123.225.36 - - [26/Sep/2019:12:05:54 +0200] "GET /reload?ser=1569492389830 HTTP/1.1" 200 28 "http://renault.activities.at/result?searchterm=true&search=motor" "Mozilla/5.0 (Windows NT 6.1; WOW64; Trident/7.0; rv:11.0) like Gecko"
212.152.158.195 - - [26/Sep/2019:12:05:59 +0200] "GET /reload?ser=1569492912906 HTTP/1.1" 200 28 "http://renault.activities.at/10227795" "Mozilla/5.0 (Windows NT 6.1; WOW64; Trident/7.0; rv:11.0) like Gecko"
193.194.132.30 - - [26/Sep/2019:12:06:27 +0200] "GET /reload?ser=1569492387783 HTTP/1.1" 200 28 "http://renault.2web.at/account?loadrequest=true" "Mozilla/5.0 (Windows NT 10.0; WOW64; Trident/7.0; Touch; rv:11.0) like Gecko"
213.153.47.173 - - [26/Sep/2019:12:06:28 +0200] "GET /reload?ser=1569492388262 HTTP/1.1" 200 28 "http://renault.activities.at/login?required=true" "Mozilla/5.0 (Windows NT 10.0; Win64; x64; rv:69.0) Gecko/20100101 Firefox/69.0"
80.123.225.36 - - [26/Sep/2019:12:06:55 +0200] "GET /reload?ser=1569492451260 HTTP/1.1" 200 28 "http://renault.activities.at/result?searchterm=true&search=motor" "Mozilla/5.0 (Windows NT 6.1; WOW64; Trident/7.0; rv:11.0) like Gecko"
212.152.158.195 - - [26/Sep/2019:12:07:00 +0200] "GET /reload?ser=1569492973911 HTTP/1.1" 200 28 "http://renault.activities.at/10227795" "Mozilla/5.0 (Windows NT 6.1; WOW64; Trident/7.0; rv:11.0) like Gecko"
213.153.47.173 - - [26/Sep/2019:12:07:29 +0200] "GET /reload?ser=1569492448933 HTTP/1.1" 200 28 "http://renault.activities.at/login?required=true" "Mozilla/5.0 (Windows NT 10.0; Win64; x64; rv:69.0) Gecko/20100101 Firefox/69.0"
193.194.132.30 - - [26/Sep/2019:12:07:28 +0200] "GET /reload?ser=1569492448820 HTTP/1.1" 200 28 "http://renault.2web.at/account?loadrequest=true" "Mozilla/5.0 (Windows NT 10.0; WOW64; Trident/7.0; Touch; rv:11.0) like Gecko"
80.123.225.36 - - [26/Sep/2019:12:07:56 +0200] "GET /reload?ser=1569492512231 HTTP/1.1" 200 28 "http://renault.activities.at/result?searchterm=true&search=motor" "Mozilla/5.0 (Windows NT 6.1; WOW64; Trident/7.0; rv:11.0) like Gecko"
212.152.158.195 - - [26/Sep/2019:12:08:01 +0200] "GET /reload?ser=1569493034893 HTTP/1.1" 200 28 "http://renault.activities.at/10227795" "Mozilla/5.0 (Windows NT 6.1; WOW64; Trident/7.0; rv:11.0) like Gecko"
213.153.47.173 - - [26/Sep/2019:12:08:29 +0200] "GET /reload?ser=1569492509623 HTTP/1.1" 200 28 "http://renault.activities.at/login?required=true" "Mozilla/5.0 (Windows NT 10.0; Win64; x64; rv:69.0) Gecko/20100101 Firefox/69.0"
193.194.132.30 - - [26/Sep/2019:12:08:29 +0200] "GET /reload?ser=1569492509855 HTTP/1.1" 200 28 "http://renault.2web.at/account?loadrequest=true" "Mozilla/5.0 (Windows NT 10.0; WOW64; Trident/7.0; Touch; rv:11.0) like Gecko"
80.123.225.36 - - [26/Sep/2019:12:08:57 +0200] "GET /reload?ser=1569492573519 HTTP/1.1" 200 28 "http://renault.activities.at/result?searchterm=true&search=motor" "Mozilla/5.0 (Windows NT 6.1; WOW64; Trident/7.0; rv:11.0) like Gecko"
212.152.158.195 - - [26/Sep/2019:12:09:02 +0200] "GET /reload?ser=1569493095861 HTTP/1.1" 200 28 "http://renault.activities.at/10227795" "Mozilla/5.0 (Windows NT 6.1; WOW64; Trident/7.0; rv:11.0) like Gecko"
213.153.47.173 - - [26/Sep/2019:12:09:30 +0200] "GET /reload?ser=1569492570292 HTTP/1.1" 200 28 "http://renault.activities.at/login?required=true" "Mozilla/5.0 (Windows NT 10.0; Win64; x64; rv:69.0) Gecko/20100101 Firefox/69.0"
193.194.132.30 - - [26/Sep/2019:12:09:30 +0200] "GET /reload?ser=1569492570897 HTTP/1.1" 200 28 "http://renault.2web.at/account?loadrequest=true" "Mozilla/5.0 (Windows NT 10.0; WOW64; Trident/7.0; Touch; rv:11.0) like Gecko"
80.123.225.36 - - [26/Sep/2019:12:09:58 +0200] "GET /reload?ser=1569492634563 HTTP/1.1" 200 28 "http://renault.activities.at/result?searchterm=true&search=motor" "Mozilla/5.0 (Windows NT 6.1; WOW64; Trident/7.0; rv:11.0) like Gecko"
212.152.158.195 - - [26/Sep/2019:12:10:03 +0200] "GET /reload?ser=1569493156834 HTTP/1.1" 200 28 "http://renault.activities.at/10227795" "Mozilla/5.0 (Windows NT 6.1; WOW64; Trident/7.0; rv:11.0) like Gecko"
213.153.47.173 - - [26/Sep/2019:12:10:31 +0200] "GET /reload?ser=1569492630962 HTTP/1.1" 200 28 "http://renault.activities.at/login?required=true" "Mozilla/5.0 (Windows NT 10.0; Win64; x64; rv:69.0) Gecko/20100101 Firefox/69.0"
193.194.132.30 - - [26/Sep/2019:12:10:32 +0200] "GET /reload?ser=1569492631916 HTTP/1.1" 200 28 "http://renault.2web.at/account?loadrequest=true" "Mozilla/5.0 (Windows NT 10.0; WOW64; Trident/7.0; Touch; rv:11.0) like Gecko"
80.123.225.36 - - [26/Sep/2019:12:10:59 +0200] "GET /reload?ser=1569492695590 HTTP/1.1" 200 28 "http://renault.activities.at/result?searchterm=true&search=motor" "Mozilla/5.0 (Windows NT 6.1; WOW64; Trident/7.0; rv:11.0) like Gecko"
212.152.158.195 - - [26/Sep/2019:12:11:04 +0200] "GET /reload?ser=1569493217815 HTTP/1.1" 200 28 "http://renault.activities.at/10227795" "Mozilla/5.0 (Windows NT 6.1; WOW64; Trident/7.0; rv:11.0) like Gecko"
213.153.47.173 - - [26/Sep/2019:12:11:31 +0200] "GET /reload?ser=1569492691632 HTTP/1.1" 200 28 "http://renault.activities.at/login?required=true" "Mozilla/5.0 (Windows NT 10.0; Win64; x64; rv:69.0) Gecko/20100101 Firefox/69.0"
193.194.132.30 - - [26/Sep/2019:12:11:33 +0200] "GET /reload?ser=1569492692939 HTTP/1.1" 200 28 "http://renault.2web.at/account?loadrequest=true" "Mozilla/5.0 (Windows NT 10.0; WOW64; Trident/7.0; Touch; rv:11.0) like Gecko"
80.123.225.36 - - [26/Sep/2019:12:12:00 +0200] "GET /reload?ser=1569492756649 HTTP/1.1" 200 28 "http://renault.activities.at/result?searchterm=true&search=motor" "Mozilla/5.0 (Windows NT 6.1; WOW64; Trident/7.0; rv:11.0) like Gecko"
212.152.158.195 - - [26/Sep/2019:12:12:05 +0200] "GET /reload?ser=1569493278761 HTTP/1.1" 200 28 "http://renault.activities.at/10227795" "Mozilla/5.0 (Windows NT 6.1; WOW64; Trident/7.0; rv:11.0) like Gecko"
213.153.47.173 - - [26/Sep/2019:12:12:32 +0200] "GET /reload?ser=1569492752303 HTTP/1.1" 200 28 "http://renault.activities.at/login?required=true" "Mozilla/5.0 (Windows NT 10.0; Win64; x64; rv:69.0) Gecko/20100101 Firefox/69.0"
193.194.132.30 - - [26/Sep/2019:12:12:34 +0200] "GET /reload?ser=1569492753950 HTTP/1.1" 200 28 "http://renault.2web.at/account?loadrequest=true" "Mozilla/5.0 (Windows NT 10.0; WOW64; Trident/7.0; Touch; rv:11.0) like Gecko"
80.123.225.36 - - [26/Sep/2019:12:13:01 +0200] "GET /reload?ser=1569492817637 HTTP/1.1" 200 28 "http://renault.activities.at/result?searchterm=true&search=motor" "Mozilla/5.0 (Windows NT 6.1; WOW64; Trident/7.0; rv:11.0) like Gecko"
80.123.225.36 - - [26/Sep/2019:12:13:02 +0200] "POST /axjaxrequest?mode=suggest HTTP/1.1" 200 348 "http://renault.activities.at/result?searchterm=true&search=motor" "Mozilla/5.0 (Windows NT 6.1; WOW64; Trident/7.0; rv:11.0) like Gecko"
80.123.225.36 - - [26/Sep/2019:12:13:02 +0200] "GET /result?searchterm=true&search=aufkleber HTTP/1.1" 200 8569 "http://renault.activities.at/result?searchterm=true&search=motor" "Mozilla/5.0 (Windows NT 6.1; WOW64; Trident/7.0; rv:11.0) like Gecko"
80.123.225.36 - - [26/Sep/2019:12:13:06 +0200] "GET /loadthumbnail.php?id=11304858&width=113 HTTP/1.1" 200 1289 "http://renault.activities.at/result?searchterm=true&search=aufkleber" "Mozilla/5.0 (Windows NT 6.1; WOW64; Trident/7.0; rv:11.0) like Gecko"
80.123.225.36 - - [26/Sep/2019:12:13:06 +0200] "GET /loadthumbnail.php?id=10729892&width=113 HTTP/1.1" 200 4176 "http://renault.activities.at/result?searchterm=true&search=aufkleber" "Mozilla/5.0 (Windows NT 6.1; WOW64; Trident/7.0; rv:11.0) like Gecko"
80.123.225.36 - - [26/Sep/2019:12:13:06 +0200] "GET /loadthumbnail.php?id=10460287&width=113 HTTP/1.1" 200 2135 "http://renault.activities.at/result?searchterm=true&search=aufkleber" "Mozilla/5.0 (Windows NT 6.1; WOW64; Trident/7.0; rv:11.0) like Gecko"
80.123.225.36 - - [26/Sep/2019:12:13:06 +0200] "GET /loadthumbnail.php?id=11431080&width=113 HTTP/1.1" 200 3991 "http://renault.activities.at/result?searchterm=true&search=aufkleber" "Mozilla/5.0 (Windows NT 6.1; WOW64; Trident/7.0; rv:11.0) like Gecko"
80.123.225.36 - - [26/Sep/2019:12:13:06 +0200] "GET /loadthumbnail.php?id=11351226&width=113 HTTP/1.1" 200 16210 "http://renault.activities.at/result?searchterm=true&search=aufkleber" "Mozilla/5.0 (Windows NT 6.1; WOW64; Trident/7.0; rv:11.0) like Gecko"
80.123.225.36 - - [26/Sep/2019:12:13:06 +0200] "GET /loadthumbnail.php?id=11351222&width=113 HTTP/1.1" 200 17851 "http://renault.activities.at/result?searchterm=true&search=aufkleber" "Mozilla/5.0 (Windows NT 6.1; WOW64; Trident/7.0; rv:11.0) like Gecko"
80.123.225.36 - - [26/Sep/2019:12:13:06 +0200] "GET /loadthumbnail.php?id=11089820&width=113 HTTP/1.1" 200 2212 "http://renault.activities.at/result?searchterm=true&search=aufkleber" "Mozilla/5.0 (Windows NT 6.1; WOW64; Trident/7.0; rv:11.0) like Gecko"
212.152.158.195 - - [26/Sep/2019:12:13:06 +0200] "GET /reload?ser=1569493339694 HTTP/1.1" 200 28 "http://renault.activities.at/10227795" "Mozilla/5.0 (Windows NT 6.1; WOW64; Trident/7.0; rv:11.0) like Gecko"
80.123.225.36 - - [26/Sep/2019:12:13:03 +0200] "POST /axjaxrequest?mode=suggest HTTP/1.1" 200 134 "http://renault.activities.at/result?searchterm=true&search=motor" "Mozilla/5.0 (Windows NT 6.1; WOW64; Trident/7.0; rv:11.0) like Gecko"
213.153.47.173 - - [26/Sep/2019:12:13:33 +0200] "GET /reload?ser=1569492812982 HTTP/1.1" 200 28 "http://renault.activities.at/login?required=true" "Mozilla/5.0 (Windows NT 10.0; Win64; x64; rv:69.0) Gecko/20100101 Firefox/69.0"
193.194.132.30 - - [26/Sep/2019:12:13:35 +0200] "GET /reload?ser=1569492815015 HTTP/1.1" 200 28 "http://renault.2web.at/account?loadrequest=true" "Mozilla/5.0 (Windows NT 10.0; WOW64; Trident/7.0; Touch; rv:11.0) like Gecko"
212.152.158.195 - - [26/Sep/2019:12:14:07 +0200] "GET /reload?ser=1569493400665 HTTP/1.1" 200 28 "http://renault.activities.at/10227795" "Mozilla/5.0 (Windows NT 6.1; WOW64; Trident/7.0; rv:11.0) like Gecko"
213.153.47.173 - - [26/Sep/2019:12:14:33 +0200] "GET /reload?ser=1569492873632 HTTP/1.1" 200 28 "http://renault.activities.at/login?required=true" "Mozilla/5.0 (Windows NT 10.0; Win64; x64; rv:69.0) Gecko/20100101 Firefox/69.0"
193.194.132.30 - - [26/Sep/2019:12:14:36 +0200] "GET /reload?ser=1569492876035 HTTP/1.1" 200 28 "http://renault.2web.at/account?loadrequest=true" "Mozilla/5.0 (Windows NT 10.0; WOW64; Trident/7.0; Touch; rv:11.0) like Gecko"
212.152.158.195 - - [26/Sep/2019:12:15:07 +0200] "GET /reload?ser=1569493461606 HTTP/1.1" 200 28 "http://renault.activities.at/10227795" "Mozilla/5.0 (Windows NT 6.1; WOW64; Trident/7.0; rv:11.0) like Gecko"
213.153.47.173 - - [26/Sep/2019:12:15:34 +0200] "GET /reload?ser=1569492934282 HTTP/1.1" 200 28 "http://renault.activities.at/login?required=true" "Mozilla/5.0 (Windows NT 10.0; Win64; x64; rv:69.0) Gecko/20100101 Firefox/69.0"
193.194.132.30 - - [26/Sep/2019:12:15:37 +0200] "GET /reload?ser=1569492937062 HTTP/1.1" 200 28 "http://renault.2web.at/account?loadrequest=true" "Mozilla/5.0 (Windows NT 10.0; WOW64; Trident/7.0; Touch; rv:11.0) like Gecko"
213.153.47.173 - - [26/Sep/2019:12:16:35 +0200] "GET /reload?ser=1569492994963 HTTP/1.1" 200 28 "http://renault.activities.at/login?required=true" "Mozilla/5.0 (Windows NT 10.0; Win64; x64; rv:69.0) Gecko/20100101 Firefox/69.0"
193.194.132.30 - - [26/Sep/2019:12:16:38 +0200] "GET /reload?ser=1569492998114 HTTP/1.1" 200 28 "http://renault.2web.at/account?loadrequest=true" "Mozilla/5.0 (Windows NT 10.0; WOW64; Trident/7.0; Touch; rv:11.0) like Gecko"
213.153.47.173 - - [26/Sep/2019:12:17:35 +0200] "GET /reload?ser=1569493055653 HTTP/1.1" 200 28 "http://renault.activities.at/login?required=true" "Mozilla/5.0 (Windows NT 10.0; Win64; x64; rv:69.0) Gecko/20100101 Firefox/69.0"
193.194.132.30 - - [26/Sep/2019:12:17:39 +0200] "GET /reload?ser=1569493059170 HTTP/1.1" 200 28 "http://renault.2web.at/account?loadrequest=true" "Mozilla/5.0 (Windows NT 10.0; WOW64; Trident/7.0; Touch; rv:11.0) like Gecko"
213.153.47.173 - - [26/Sep/2019:12:18:36 +0200] "GET /reload?ser=1569493116312 HTTP/1.1" 200 28 "http://renault.activities.at/login?required=true" "Mozilla/5.0 (Windows NT 10.0; Win64; x64; rv:69.0) Gecko/20100101 Firefox/69.0"
193.194.132.30 - - [26/Sep/2019:12:18:40 +0200] "GET /reload?ser=1569493120253 HTTP/1.1" 200 28 "http://renault.2web.at/account?loadrequest=true" "Mozilla/5.0 (Windows NT 10.0; WOW64; Trident/7.0; Touch; rv:11.0) like Gecko"
213.153.47.173 - - [26/Sep/2019:12:19:37 +0200] "GET /reload?ser=1569493176963 HTTP/1.1" 200 28 "http://renault.activities.at/login?required=true" "Mozilla/5.0 (Windows NT 10.0; Win64; x64; rv:69.0) Gecko/20100101 Firefox/69.0"
193.194.132.30 - - [26/Sep/2019:12:19:41 +0200] "GET /reload?ser=1569493181313 HTTP/1.1" 200 28 "http://renault.2web.at/account?loadrequest=true" "Mozilla/5.0 (Windows NT 10.0; WOW64; Trident/7.0; Touch; rv:11.0) like Gecko"
213.153.47.173 - - [26/Sep/2019:12:20:37 +0200] "GET /reload?ser=1569493237618 HTTP/1.1" 200 28 "http://renault.activities.at/login?required=true" "Mozilla/5.0 (Windows NT 10.0; Win64; x64; rv:69.0) Gecko/20100101 Firefox/69.0"
193.194.132.30 - - [26/Sep/2019:12:20:42 +0200] "GET /reload?ser=1569493242344 HTTP/1.1" 200 28 "http://renault.2web.at/account?loadrequest=true" "Mozilla/5.0 (Windows NT 10.0; WOW64; Trident/7.0; Touch; rv:11.0) like Gecko"
213.153.47.173 - - [26/Sep/2019:12:21:38 +0200] "GET /reload?ser=1569493298282 HTTP/1.1" 200 28 "http://renault.activities.at/login?required=true" "Mozilla/5.0 (Windows NT 10.0; Win64; x64; rv:69.0) Gecko/20100101 Firefox/69.0"
193.194.132.30 - - [26/Sep/2019:12:21:43 +0200] "GET /reload?ser=1569493303388 HTTP/1.1" 200 28 "http://renault.2web.at/account?loadrequest=true" "Mozilla/5.0 (Windows NT 10.0; WOW64; Trident/7.0; Touch; rv:11.0) like Gecko"
213.153.47.173 - - [26/Sep/2019:12:22:39 +0200] "GET /reload?ser=1569493358962 HTTP/1.1" 200 28 "http://renault.activities.at/login?required=true" "Mozilla/5.0 (Windows NT 10.0; Win64; x64; rv:69.0) Gecko/20100101 Firefox/69.0"
193.194.132.30 - - [26/Sep/2019:12:22:44 +0200] "GET /reload?ser=1569493364441 HTTP/1.1" 200 28 "http://renault.2web.at/account?loadrequest=true" "Mozilla/5.0 (Windows NT 10.0; WOW64; Trident/7.0; Touch; rv:11.0) like Gecko"
213.153.47.173 - - [26/Sep/2019:12:23:39 +0200] "GET /reload?ser=1569493419633 HTTP/1.1" 200 28 "http://renault.activities.at/login?required=true" "Mozilla/5.0 (Windows NT 10.0; Win64; x64; rv:69.0) Gecko/20100101 Firefox/69.0"
193.194.132.30 - - [26/Sep/2019:12:23:45 +0200] "GET /reload?ser=1569493425472 HTTP/1.1" 200 28 "http://renault.2web.at/account?loadrequest=true" "Mozilla/5.0 (Windows NT 10.0; WOW64; Trident/7.0; Touch; rv:11.0) like Gecko"
213.153.47.173 - - [26/Sep/2019:12:24:40 +0200] "GET /reload?ser=1569493480314 HTTP/1.1" 200 28 "http://renault.activities.at/login?required=true" "Mozilla/5.0 (Windows NT 10.0; Win64; x64; rv:69.0) Gecko/20100101 Firefox/69.0"
193.194.132.30 - - [26/Sep/2019:12:24:46 +0200] "GET /reload?ser=1569493486510 HTTP/1.1" 200 28 "http://renault.2web.at/account?loadrequest=true" "Mozilla/5.0 (Windows NT 10.0; WOW64; Trident/7.0; Touch; rv:11.0) like Gecko"
213.153.47.173 - - [26/Sep/2019:12:25:41 +0200] "GET /reload?ser=1569493540993 HTTP/1.1" 200 28 "http://renault.activities.at/login?required=true" "Mozilla/5.0 (Windows NT 10.0; Win64; x64; rv:69.0) Gecko/20100101 Firefox/69.0"
193.194.132.30 - - [26/Sep/2019:12:25:47 +0200] "GET /reload?ser=1569493547571 HTTP/1.1" 200 28 "http://renault.2web.at/account?loadrequest=true" "Mozilla/5.0 (Windows NT 10.0; WOW64; Trident/7.0; Touch; rv:11.0) like Gecko"
213.153.47.173 - - [26/Sep/2019:12:26:41 +0200] "GET /reload?ser=1569493601662 HTTP/1.1" 200 28 "http://renault.activities.at/login?required=true" "Mozilla/5.0 (Windows NT 10.0; Win64; x64; rv:69.0) Gecko/20100101 Firefox/69.0"
193.194.132.30 - - [26/Sep/2019:12:26:48 +0200] "GET /reload?ser=1569493608606 HTTP/1.1" 200 28 "http://renault.2web.at/account?loadrequest=true" "Mozilla/5.0 (Windows NT 10.0; WOW64; Trident/7.0; Touch; rv:11.0) like Gecko"
213.153.47.173 - - [26/Sep/2019:12:27:42 +0200] "GET /reload?ser=1569493662323 HTTP/1.1" 200 28 "http://renault.activities.at/login?required=true" "Mozilla/5.0 (Windows NT 10.0; Win64; x64; rv:69.0) Gecko/20100101 Firefox/69.0"
193.194.132.30 - - [26/Sep/2019:12:27:49 +0200] "GET /reload?ser=1569493669648 HTTP/1.1" 200 28 "http://renault.2web.at/account?loadrequest=true" "Mozilla/5.0 (Windows NT 10.0; WOW64; Trident/7.0; Touch; rv:11.0) like Gecko"
213.153.47.173 - - [26/Sep/2019:12:28:43 +0200] "GET /reload?ser=1569493722983 HTTP/1.1" 200 28 "http://renault.activities.at/login?required=true" "Mozilla/5.0 (Windows NT 10.0; Win64; x64; rv:69.0) Gecko/20100101 Firefox/69.0"
193.194.132.30 - - [26/Sep/2019:12:28:50 +0200] "GET /reload?ser=1569493730722 HTTP/1.1" 200 28 "http://renault.2web.at/account?loadrequest=true" "Mozilla/5.0 (Windows NT 10.0; WOW64; Trident/7.0; Touch; rv:11.0) like Gecko"
213.153.47.173 - - [26/Sep/2019:12:29:43 +0200] "GET /reload?ser=1569493783665 HTTP/1.1" 200 28 "http://renault.activities.at/login?required=true" "Mozilla/5.0 (Windows NT 10.0; Win64; x64; rv:69.0) Gecko/20100101 Firefox/69.0"
193.194.132.30 - - [26/Sep/2019:12:29:51 +0200] "GET /reload?ser=1569493791785 HTTP/1.1" 200 28 "http://renault.2web.at/account?loadrequest=true" "Mozilla/5.0 (Windows NT 10.0; WOW64; Trident/7.0; Touch; rv:11.0) like Gecko"
213.153.47.173 - - [26/Sep/2019:12:30:44 +0200] "GET /reload?ser=1569493844364 HTTP/1.1" 200 28 "http://renault.activities.at/login?required=true" "Mozilla/5.0 (Windows NT 10.0; Win64; x64; rv:69.0) Gecko/20100101 Firefox/69.0"
193.194.132.30 - - [26/Sep/2019:12:30:53 +0200] "GET /reload?ser=1569493852934 HTTP/1.1" 200 28 "http://renault.2web.at/account?loadrequest=true" "Mozilla/5.0 (Windows NT 10.0; WOW64; Trident/7.0; Touch; rv:11.0) like Gecko"
213.153.47.173 - - [26/Sep/2019:12:31:45 +0200] "GET /reload?ser=1569493905035 HTTP/1.1" 200 28 "http://renault.activities.at/login?required=true" "Mozilla/5.0 (Windows NT 10.0; Win64; x64; rv:69.0) Gecko/20100101 Firefox/69.0"
193.194.132.30 - - [26/Sep/2019:12:31:54 +0200] "GET /reload?ser=1569493913986 HTTP/1.1" 200 28 "http://renault.2web.at/account?loadrequest=true" "Mozilla/5.0 (Windows NT 10.0; WOW64; Trident/7.0; Touch; rv:11.0) like Gecko"
213.153.47.173 - - [26/Sep/2019:12:32:45 +0200] "GET /reload?ser=1569493965727 HTTP/1.1" 200 28 "http://renault.activities.at/login?required=true" "Mozilla/5.0 (Windows NT 10.0; Win64; x64; rv:69.0) Gecko/20100101 Firefox/69.0"
193.194.132.30 - - [26/Sep/2019:12:32:55 +0200] "GET /reload?ser=1569493975023 HTTP/1.1" 200 28 "http://renault.2web.at/account?loadrequest=true" "Mozilla/5.0 (Windows NT 10.0; WOW64; Trident/7.0; Touch; rv:11.0) like Gecko"
213.153.47.173 - - [26/Sep/2019:12:33:46 +0200] "GET /reload?ser=1569494026408 HTTP/1.1" 200 28 "http://renault.activities.at/login?required=true" "Mozilla/5.0 (Windows NT 10.0; Win64; x64; rv:69.0) Gecko/20100101 Firefox/69.0"
193.194.132.30 - - [26/Sep/2019:12:33:56 +0200] "GET /reload?ser=1569494036646 HTTP/1.1" 200 28 "http://renault.2web.at/account?loadrequest=true" "Mozilla/5.0 (Windows NT 10.0; WOW64; Trident/7.0; Touch; rv:11.0) like Gecko"
213.153.47.173 - - [26/Sep/2019:12:34:47 +0200] "GET /reload?ser=1569494087077 HTTP/1.1" 200 28 "http://renault.activities.at/login?required=true" "Mozilla/5.0 (Windows NT 10.0; Win64; x64; rv:69.0) Gecko/20100101 Firefox/69.0"
193.194.132.30 - - [26/Sep/2019:12:34:57 +0200] "GET /reload?ser=1569494097685 HTTP/1.1" 200 28 "http://renault.2web.at/account?loadrequest=true" "Mozilla/5.0 (Windows NT 10.0; WOW64; Trident/7.0; Touch; rv:11.0) like Gecko"
213.153.47.173 - - [26/Sep/2019:12:35:47 +0200] "GET /reload?ser=1569494147738 HTTP/1.1" 200 28 "http://renault.activities.at/login?required=true" "Mozilla/5.0 (Windows NT 10.0; Win64; x64; rv:69.0) Gecko/20100101 Firefox/69.0"
212.152.246.131 - - [26/Sep/2019:12:35:52 +0200] "GET /login HTTP/1.1" 200 2085 "-" "Mozilla/5.0 (Windows NT 6.1; Win64; x64) AppleWebKit/537.36 (KHTML, like Gecko) Chrome/77.0.3865.90 Safari/537.36"
212.152.246.131 - - [26/Sep/2019:12:35:53 +0200] "GET /js/default.js HTTP/1.1" 200 14698 "http://renault.activities.at/login" "Mozilla/5.0 (Windows NT 6.1; Win64; x64) AppleWebKit/537.36 (KHTML, like Gecko) Chrome/77.0.3865.90 Safari/537.36"
212.152.246.131 - - [26/Sep/2019:12:35:53 +0200] "GET /css/reset.css HTTP/1.1" 200 1356 "http://renault.activities.at/login" "Mozilla/5.0 (Windows NT 6.1; Win64; x64) AppleWebKit/537.36 (KHTML, like Gecko) Chrome/77.0.3865.90 Safari/537.36"
212.152.246.131 - - [26/Sep/2019:12:35:53 +0200] "GET /css/clears.css HTTP/1.1" 200 851 "http://renault.activities.at/login" "Mozilla/5.0 (Windows NT 6.1; Win64; x64) AppleWebKit/537.36 (KHTML, like Gecko) Chrome/77.0.3865.90 Safari/537.36"
212.152.246.131 - - [26/Sep/2019:12:35:53 +0200] "GET /js/checkout.css HTTP/1.1" 200 359 "http://renault.activities.at/login" "Mozilla/5.0 (Windows NT 6.1; Win64; x64) AppleWebKit/537.36 (KHTML, like Gecko) Chrome/77.0.3865.90 Safari/537.36"
212.152.246.131 - - [26/Sep/2019:12:35:53 +0200] "GET /css/prototip.css HTTP/1.1" 200 968 "http://renault.activities.at/login" "Mozilla/5.0 (Windows NT 6.1; Win64; x64) AppleWebKit/537.36 (KHTML, like Gecko) Chrome/77.0.3865.90 Safari/537.36"
212.152.246.131 - - [26/Sep/2019:12:35:53 +0200] "GET /css/styles.css HTTP/1.1" 200 14664 "http://renault.activities.at/login" "Mozilla/5.0 (Windows NT 6.1; Win64; x64) AppleWebKit/537.36 (KHTML, like Gecko) Chrome/77.0.3865.90 Safari/537.36"
212.152.246.131 - - [26/Sep/2019:12:35:53 +0200] "GET /css/themes/default.css HTTP/1.1" 200 769 "http://renault.activities.at/login" "Mozilla/5.0 (Windows NT 6.1; Win64; x64) AppleWebKit/537.36 (KHTML, like Gecko) Chrome/77.0.3865.90 Safari/537.36"
212.152.246.131 - - [26/Sep/2019:12:35:54 +0200] "GET /css/themes/alphacube.css HTTP/1.1" 200 743 "http://renault.activities.at/login" "Mozilla/5.0 (Windows NT 6.1; Win64; x64) AppleWebKit/537.36 (KHTML, like Gecko) Chrome/77.0.3865.90 Safari/537.36"
212.152.246.131 - - [26/Sep/2019:12:35:54 +0200] "GET /js/index.php?c=auto&f=,prototype/prototype.js,prototype/validation.js,scriptaculous/builder.js,scriptaculous/effects.js,scriptaculous/dragdrop.js,scriptaculous/controls.js,scriptaculous/slider.js,varien/js.js,varien/form.js,varien/menu.js,mage/translate.js,mage/cookies.js,varien/product.js,spinner/SpinnerControl.jsmin.js,prototype/window.js,prototype/window_ext.js HTTP/1.1" 200 94182 "http://renault.activities.at/login" "Mozilla/5.0 (Windows NT 6.1; Win64; x64) AppleWebKit/537.36 (KHTML, like Gecko) Chrome/77.0.3865.90 Safari/537.36"
212.152.246.131 - - [26/Sep/2019:12:35:55 +0200] "GET /images/main_block_border.gif HTTP/1.1" 200 43 "http://renault.activities.at/css/styles.css" "Mozilla/5.0 (Windows NT 6.1; Win64; x64) AppleWebKit/537.36 (KHTML, like Gecko) Chrome/77.0.3865.90 Safari/537.36"
212.152.246.131 - - [26/Sep/2019:12:35:55 +0200] "GET /images/main_block_corner_left_bot.gif HTTP/1.1" 200 159 "http://renault.activities.at/css/styles.css" "Mozilla/5.0 (Windows NT 6.1; Win64; x64) AppleWebKit/537.36 (KHTML, like Gecko) Chrome/77.0.3865.90 Safari/537.36"
212.152.246.131 - - [26/Sep/2019:12:35:55 +0200] "GET /images/main_block_corner_right_bot.gif HTTP/1.1" 200 158 "http://renault.activities.at/css/styles.css" "Mozilla/5.0 (Windows NT 6.1; Win64; x64) AppleWebKit/537.36 (KHTML, like Gecko) Chrome/77.0.3865.90 Safari/537.36"
212.152.246.131 - - [26/Sep/2019:12:35:55 +0200] "GET /images/header_block_border.gif HTTP/1.1" 200 43 "http://renault.activities.at/css/styles.css" "Mozilla/5.0 (Windows NT 6.1; Win64; x64) AppleWebKit/537.36 (KHTML, like Gecko) Chrome/77.0.3865.90 Safari/537.36"
212.152.246.131 - - [26/Sep/2019:12:35:55 +0200] "GET /images/header_block_corner_left_top.gif HTTP/1.1" 200 160 "http://renault.activities.at/css/styles.css" "Mozilla/5.0 (Windows NT 6.1; Win64; x64) AppleWebKit/537.36 (KHTML, like Gecko) Chrome/77.0.3865.90 Safari/537.36"
212.152.246.131 - - [26/Sep/2019:12:35:55 +0200] "GET /css/print.css HTTP/1.1" 200 543 "http://renault.activities.at/login" "Mozilla/5.0 (Windows NT 6.1; Win64; x64) AppleWebKit/537.36 (KHTML, like Gecko) Chrome/77.0.3865.90 Safari/537.36"
212.152.246.131 - - [26/Sep/2019:12:35:55 +0200] "GET /images/header_block_corner_right_top.gif HTTP/1.1" 200 160 "http://renault.activities.at/css/styles.css" "Mozilla/5.0 (Windows NT 6.1; Win64; x64) AppleWebKit/537.36 (KHTML, like Gecko) Chrome/77.0.3865.90 Safari/537.36"
212.152.246.131 - - [26/Sep/2019:12:35:55 +0200] "GET /images/main_block_corner_left_top.gif HTTP/1.1" 200 159 "http://renault.activities.at/css/styles.css" "Mozilla/5.0 (Windows NT 6.1; Win64; x64) AppleWebKit/537.36 (KHTML, like Gecko) Chrome/77.0.3865.90 Safari/537.36"
212.152.246.131 - - [26/Sep/2019:12:35:55 +0200] "GET /images/main_block_corner_right_top.gif HTTP/1.1" 200 159 "http://renault.activities.at/css/styles.css" "Mozilla/5.0 (Windows NT 6.1; Win64; x64) AppleWebKit/537.36 (KHTML, like Gecko) Chrome/77.0.3865.90 Safari/537.36"
212.152.246.131 - - [26/Sep/2019:12:35:55 +0200] "GET /images/title_border.jpg HTTP/1.1" 200 304 "http://renault.activities.at/css/styles.css" "Mozilla/5.0 (Windows NT 6.1; Win64; x64) AppleWebKit/537.36 (KHTML, like Gecko) Chrome/77.0.3865.90 Safari/537.36"
212.152.246.131 - - [26/Sep/2019:12:35:55 +0200] "GET /images/title_border_top.jpg HTTP/1.1" 200 336 "http://renault.activities.at/css/styles.css" "Mozilla/5.0 (Windows NT 6.1; Win64; x64) AppleWebKit/537.36 (KHTML, like Gecko) Chrome/77.0.3865.90 Safari/537.36"
212.152.246.131 - - [26/Sep/2019:12:35:55 +0200] "GET /images/title_corner_left_top.jpg HTTP/1.1" 200 372 "http://renault.activities.at/css/styles.css" "Mozilla/5.0 (Windows NT 6.1; Win64; x64) AppleWebKit/537.36 (KHTML, like Gecko) Chrome/77.0.3865.90 Safari/537.36"
212.152.246.131 - - [26/Sep/2019:12:35:55 +0200] "GET /images/title_corner_right_top.jpg HTTP/1.1" 200 389 "http://renault.activities.at/css/styles.css" "Mozilla/5.0 (Windows NT 6.1; Win64; x64) AppleWebKit/537.36 (KHTML, like Gecko) Chrome/77.0.3865.90 Safari/537.36"
212.152.246.131 - - [26/Sep/2019:12:35:55 +0200] "GET /images/button_left_bg.gif HTTP/1.1" 200 564 "http://renault.activities.at/css/styles.css" "Mozilla/5.0 (Windows NT 6.1; Win64; x64) AppleWebKit/537.36 (KHTML, like Gecko) Chrome/77.0.3865.90 Safari/537.36"
212.152.246.131 - - [26/Sep/2019:12:35:55 +0200] "GET /images/button_right_bg.gif HTTP/1.1" 200 561 "http://renault.activities.at/css/styles.css" "Mozilla/5.0 (Windows NT 6.1; Win64; x64) AppleWebKit/537.36 (KHTML, like Gecko) Chrome/77.0.3865.90 Safari/537.36"
212.152.246.131 - - [26/Sep/2019:12:35:55 +0200] "GET /images/button_bg.gif HTTP/1.1" 200 151 "http://renault.activities.at/css/styles.css" "Mozilla/5.0 (Windows NT 6.1; Win64; x64) AppleWebKit/537.36 (KHTML, like Gecko) Chrome/77.0.3865.90 Safari/537.36"
212.152.246.131 - - [26/Sep/2019:12:35:55 +0200] "GET /loadthumbnail.php?id=11127982 HTTP/1.1" 200 399614 "http://renault.activities.at/login" "Mozilla/5.0 (Windows NT 6.1; Win64; x64) AppleWebKit/537.36 (KHTML, like Gecko) Chrome/77.0.3865.90 Safari/537.36"
212.152.246.131 - - [26/Sep/2019:12:35:56 +0200] "GET /images/favicon.ico HTTP/1.1" 404 305 "http://renault.activities.at/login" "Mozilla/5.0 (Windows NT 6.1; Win64; x64) AppleWebKit/537.36 (KHTML, like Gecko) Chrome/77.0.3865.90 Safari/537.36"
193.194.132.30 - - [26/Sep/2019:12:35:58 +0200] "GET /reload?ser=1569494158761 HTTP/1.1" 200 28 "http://renault.2web.at/account?loadrequest=true" "Mozilla/5.0 (Windows NT 10.0; WOW64; Trident/7.0; Touch; rv:11.0) like Gecko"
213.153.47.173 - - [26/Sep/2019:12:36:48 +0200] "GET /reload?ser=1569494208409 HTTP/1.1" 200 28 "http://renault.activities.at/login?required=true" "Mozilla/5.0 (Windows NT 10.0; Win64; x64; rv:69.0) Gecko/20100101 Firefox/69.0"
212.152.246.131 - - [26/Sep/2019:12:36:56 +0200] "GET /reload?ser=1569494219072 HTTP/1.1" 200 28 "http://renault.activities.at/login" "Mozilla/5.0 (Windows NT 6.1; Win64; x64) AppleWebKit/537.36 (KHTML, like Gecko) Chrome/77.0.3865.90 Safari/537.36"
193.194.132.30 - - [26/Sep/2019:12:36:59 +0200] "GET /reload?ser=1569494219797 HTTP/1.1" 200 28 "http://renault.2web.at/account?loadrequest=true" "Mozilla/5.0 (Windows NT 10.0; WOW64; Trident/7.0; Touch; rv:11.0) like Gecko"
212.152.246.131 - - [26/Sep/2019:12:37:19 +0200] "POST /login HTTP/1.1" 302 140 "http://renault.activities.at/login" "Mozilla/5.0 (Windows NT 6.1; Win64; x64) AppleWebKit/537.36 (KHTML, like Gecko) Chrome/77.0.3865.90 Safari/537.36"
212.152.246.131 - - [26/Sep/2019:12:37:21 +0200] "GET /account HTTP/1.1" 200 6194 "http://renault.activities.at/login" "Mozilla/5.0 (Windows NT 6.1; Win64; x64) AppleWebKit/537.36 (KHTML, like Gecko) Chrome/77.0.3865.90 Safari/537.36"
212.152.246.131 - - [26/Sep/2019:12:37:23 +0200] "GET /js/account.js HTTP/1.1" 200 953 "http://renault.activities.at/account" "Mozilla/5.0 (Windows NT 6.1; Win64; x64) AppleWebKit/537.36 (KHTML, like Gecko) Chrome/77.0.3865.90 Safari/537.36"
212.152.246.131 - - [26/Sep/2019:12:37:23 +0200] "GET /images/top_links_divider.gif HTTP/1.1" 200 44 "http://renault.activities.at/css/styles.css" "Mozilla/5.0 (Windows NT 6.1; Win64; x64) AppleWebKit/537.36 (KHTML, like Gecko) Chrome/77.0.3865.90 Safari/537.36"
212.152.246.131 - - [26/Sep/2019:12:37:23 +0200] "GET /images/menu_button_bg.jpg HTTP/1.1" 200 322 "http://renault.activities.at/css/styles.css" "Mozilla/5.0 (Windows NT 6.1; Win64; x64) AppleWebKit/537.36 (KHTML, like Gecko) Chrome/77.0.3865.90 Safari/537.36"
212.152.246.131 - - [26/Sep/2019:12:37:23 +0200] "GET /images/nav_divider.gif HTTP/1.1" 200 43 "http://renault.activities.at/css/styles.css" "Mozilla/5.0 (Windows NT 6.1; Win64; x64) AppleWebKit/537.36 (KHTML, like Gecko) Chrome/77.0.3865.90 Safari/537.36"
212.152.246.131 - - [26/Sep/2019:12:37:23 +0200] "GET /images/search_bg.gif HTTP/1.1" 200 1726 "http://renault.activities.at/css/styles.css" "Mozilla/5.0 (Windows NT 6.1; Win64; x64) AppleWebKit/537.36 (KHTML, like Gecko) Chrome/77.0.3865.90 Safari/537.36"
212.152.246.131 - - [26/Sep/2019:12:37:23 +0200] "GET /images/menu_divider.gif HTTP/1.1" 200 176 "http://renault.activities.at/css/styles.css" "Mozilla/5.0 (Windows NT 6.1; Win64; x64) AppleWebKit/537.36 (KHTML, like Gecko) Chrome/77.0.3865.90 Safari/537.36"
212.152.246.131 - - [26/Sep/2019:12:37:23 +0200] "GET /images/sidebar_title_corner_right_top.gif HTTP/1.1" 200 383 "http://renault.activities.at/css/styles.css" "Mozilla/5.0 (Windows NT 6.1; Win64; x64) AppleWebKit/537.36 (KHTML, like Gecko) Chrome/77.0.3865.90 Safari/537.36"
212.152.246.131 - - [26/Sep/2019:12:37:23 +0200] "GET /images/sidebar_title_border_top.gif HTTP/1.1" 200 155 "http://renault.activities.at/css/styles.css" "Mozilla/5.0 (Windows NT 6.1; Win64; x64) AppleWebKit/537.36 (KHTML, like Gecko) Chrome/77.0.3865.90 Safari/537.36"
212.152.246.131 - - [26/Sep/2019:12:37:23 +0200] "GET /images/sidebar_title_corner_left_top.gif HTTP/1.1" 200 1124 "http://renault.activities.at/css/styles.css" "Mozilla/5.0 (Windows NT 6.1; Win64; x64) AppleWebKit/537.36 (KHTML, like Gecko) Chrome/77.0.3865.90 Safari/537.36"
212.152.246.131 - - [26/Sep/2019:12:37:23 +0200] "GET /images/sidebar_title_border.gif HTTP/1.1" 200 43 "http://renault.activities.at/css/styles.css" "Mozilla/5.0 (Windows NT 6.1; Win64; x64) AppleWebKit/537.36 (KHTML, like Gecko) Chrome/77.0.3865.90 Safari/537.36"
212.152.246.131 - - [26/Sep/2019:12:37:23 +0200] "GET /images/footer_divider.gif HTTP/1.1" 200 44 "http://renault.activities.at/css/styles.css" "Mozilla/5.0 (Windows NT 6.1; Win64; x64) AppleWebKit/537.36 (KHTML, like Gecko) Chrome/77.0.3865.90 Safari/537.36"
212.152.246.131 - - [26/Sep/2019:12:37:23 +0200] "GET /loadthumbnail.php?id=11075492&width=50&height=50 HTTP/1.1" 200 1114 "http://renault.activities.at/account" "Mozilla/5.0 (Windows NT 6.1; Win64; x64) AppleWebKit/537.36 (KHTML, like Gecko) Chrome/77.0.3865.90 Safari/537.36"
212.152.246.131 - - [26/Sep/2019:12:37:23 +0200] "GET /loadthumbnail.php?id=10260861&width=50&height=50 HTTP/1.1" 200 734 "http://renault.activities.at/account" "Mozilla/5.0 (Windows NT 6.1; Win64; x64) AppleWebKit/537.36 (KHTML, like Gecko) Chrome/77.0.3865.90 Safari/537.36"
212.152.246.131 - - [26/Sep/2019:12:37:23 +0200] "GET /loadthumbnail.php?id=10269567&width=50&height=50 HTTP/1.1" 200 845 "http://renault.activities.at/account" "Mozilla/5.0 (Windows NT 6.1; Win64; x64) AppleWebKit/537.36 (KHTML, like Gecko) Chrome/77.0.3865.90 Safari/537.36"
212.152.246.131 - - [26/Sep/2019:12:37:27 +0200] "GET /10201442 HTTP/1.1" 200 8864 "http://renault.activities.at/account" "Mozilla/5.0 (Windows NT 6.1; Win64; x64) AppleWebKit/537.36 (KHTML, like Gecko) Chrome/77.0.3865.90 Safari/537.36"
212.152.246.131 - - [26/Sep/2019:12:37:30 +0200] "GET /js/prototip.js HTTP/1.1" 200 4588 "http://renault.activities.at/10201442" "Mozilla/5.0 (Windows NT 6.1; Win64; x64) AppleWebKit/537.36 (KHTML, like Gecko) Chrome/77.0.3865.90 Safari/537.36"
212.152.246.131 - - [26/Sep/2019:12:37:30 +0200] "GET /js/ProduktGrp.js HTTP/1.1" 200 1569 "http://renault.activities.at/10201442" "Mozilla/5.0 (Windows NT 6.1; Win64; x64) AppleWebKit/537.36 (KHTML, like Gecko) Chrome/77.0.3865.90 Safari/537.36"
212.152.246.131 - - [26/Sep/2019:12:37:30 +0200] "GET /images/loading.gif HTTP/1.1" 200 3208 "http://renault.activities.at/10201442" "Mozilla/5.0 (Windows NT 6.1; Win64; x64) AppleWebKit/537.36 (KHTML, like Gecko) Chrome/77.0.3865.90 Safari/537.36"
212.152.246.131 - - [26/Sep/2019:12:37:30 +0200] "GET /images/sub_title_bg.jpg HTTP/1.1" 200 314 "http://renault.activities.at/css/styles.css" "Mozilla/5.0 (Windows NT 6.1; Win64; x64) AppleWebKit/537.36 (KHTML, like Gecko) Chrome/77.0.3865.90 Safari/537.36"
212.152.246.131 - - [26/Sep/2019:12:37:30 +0200] "GET /loadthumbnail.php?id=11926565&width=113 HTTP/1.1" 200 28904 "http://renault.activities.at/10201442" "Mozilla/5.0 (Windows NT 6.1; Win64; x64) AppleWebKit/537.36 (KHTML, like Gecko) Chrome/77.0.3865.90 Safari/537.36"
212.152.246.131 - - [26/Sep/2019:12:37:30 +0200] "GET /loadthumbnail.php?id=10203276 HTTP/1.1" 200 75 "http://renault.activities.at/10201442" "Mozilla/5.0 (Windows NT 6.1; Win64; x64) AppleWebKit/537.36 (KHTML, like Gecko) Chrome/77.0.3865.90 Safari/537.36"
212.152.246.131 - - [26/Sep/2019:12:37:30 +0200] "GET /loadthumbnail.php?id=12061270&width=113 HTTP/1.1" 200 5531 "http://renault.activities.at/10201442" "Mozilla/5.0 (Windows NT 6.1; Win64; x64) AppleWebKit/537.36 (KHTML, like Gecko) Chrome/77.0.3865.90 Safari/537.36"
212.152.246.131 - - [26/Sep/2019:12:37:30 +0200] "GET /loadthumbnail.php?id=11926581&width=113 HTTP/1.1" 200 35255 "http://renault.activities.at/10201442" "Mozilla/5.0 (Windows NT 6.1; Win64; x64) AppleWebKit/537.36 (KHTML, like Gecko) Chrome/77.0.3865.90 Safari/537.36"
212.152.246.131 - - [26/Sep/2019:12:37:30 +0200] "GET /loadthumbnail.php?id=10203255 HTTP/1.1" 200 137 "http://renault.activities.at/10201442" "Mozilla/5.0 (Windows NT 6.1; Win64; x64) AppleWebKit/537.36 (KHTML, like Gecko) Chrome/77.0.3865.90 Safari/537.36"
212.152.246.131 - - [26/Sep/2019:12:37:31 +0200] "GET /images/pager_bg.gif HTTP/1.1" 200 150 "http://renault.activities.at/css/styles.css" "Mozilla/5.0 (Windows NT 6.1; Win64; x64) AppleWebKit/537.36 (KHTML, like Gecko) Chrome/77.0.3865.90 Safari/537.36"
212.152.246.131 - - [26/Sep/2019:12:37:31 +0200] "GET /images/vista-dn.gif HTTP/1.1" 200 128 "http://renault.activities.at/css/styles.css" "Mozilla/5.0 (Windows NT 6.1; Win64; x64) AppleWebKit/537.36 (KHTML, like Gecko) Chrome/77.0.3865.90 Safari/537.36"
212.152.246.131 - - [26/Sep/2019:12:37:31 +0200] "GET /images/vista-up.gif HTTP/1.1" 200 131 "http://renault.activities.at/css/styles.css" "Mozilla/5.0 (Windows NT 6.1; Win64; x64) AppleWebKit/537.36 (KHTML, like Gecko) Chrome/77.0.3865.90 Safari/537.36"
212.152.246.131 - - [26/Sep/2019:12:37:30 +0200] "GET /loadthumbnail.php?id=11926557&width=113 HTTP/1.1" 200 36925 "http://renault.activities.at/10201442" "Mozilla/5.0 (Windows NT 6.1; Win64; x64) AppleWebKit/537.36 (KHTML, like Gecko) Chrome/77.0.3865.90 Safari/537.36"
212.152.246.131 - - [26/Sep/2019:12:37:31 +0200] "GET /loadthumbnail.php?id=11926648&width=113 HTTP/1.1" 200 35142 "http://renault.activities.at/10201442" "Mozilla/5.0 (Windows NT 6.1; Win64; x64) AppleWebKit/537.36 (KHTML, like Gecko) Chrome/77.0.3865.90 Safari/537.36"
212.152.246.131 - - [26/Sep/2019:12:37:31 +0200] "GET /loadthumbnail.php?id=11926666&width=113 HTTP/1.1" 200 36655 "http://renault.activities.at/10201442" "Mozilla/5.0 (Windows NT 6.1; Win64; x64) AppleWebKit/537.36 (KHTML, like Gecko) Chrome/77.0.3865.90 Safari/537.36"
212.152.246.131 - - [26/Sep/2019:12:37:31 +0200] "GET /loadthumbnail.php?id=11926644&width=113 HTTP/1.1" 200 35735 "http://renault.activities.at/10201442" "Mozilla/5.0 (Windows NT 6.1; Win64; x64) AppleWebKit/537.36 (KHTML, like Gecko) Chrome/77.0.3865.90 Safari/537.36"
212.152.246.131 - - [26/Sep/2019:12:37:31 +0200] "GET /loadthumbnail.php?id=11926679&width=113 HTTP/1.1" 200 33362 "http://renault.activities.at/10201442" "Mozilla/5.0 (Windows NT 6.1; Win64; x64) AppleWebKit/537.36 (KHTML, like Gecko) Chrome/77.0.3865.90 Safari/537.36"
212.152.246.131 - - [26/Sep/2019:12:37:31 +0200] "GET /loadthumbnail.php?id=11926591&width=113 HTTP/1.1" 200 34469 "http://renault.activities.at/10201442" "Mozilla/5.0 (Windows NT 6.1; Win64; x64) AppleWebKit/537.36 (KHTML, like Gecko) Chrome/77.0.3865.90 Safari/537.36"
