80.123.221.50 - - [30/Sep/2019:11:16:07 +0200] "GET /loadthumbnail.php?id=11760072&width=113 HTTP/1.1" 200 22371 "http://renault.2web.at/result?searchterm=true&search=Clio" "Mozilla/5.0 (Windows NT 6.1; Win64; x64; rv:69.0) Gecko/20100101 Firefox/69.0"
80.123.221.50 - - [30/Sep/2019:11:16:07 +0200] "GET /loadthumbnail.php?id=12064387&width=113 HTTP/1.1" 200 3233 "http://renault.2web.at/result?searchterm=true&search=Clio" "Mozilla/5.0 (Windows NT 6.1; Win64; x64; rv:69.0) Gecko/20100101 Firefox/69.0"
80.123.221.50 - - [30/Sep/2019:11:16:07 +0200] "GET /images/vista-up.gif HTTP/1.1" 200 131 "http://renault.2web.at/css/styles.css" "Mozilla/5.0 (Windows NT 6.1; Win64; x64; rv:69.0) Gecko/20100101 Firefox/69.0"
82.135.5.126 - - [30/Sep/2019:11:16:06 +0200] "GET /reload?ser=1569834966392 HTTP/1.1" 200 28 "http://renault.activities.at/success" "Mozilla/5.0 (Windows NT 10.0; WOW64; Trident/7.0; rv:11.0) like Gecko"
80.123.221.50 - - [30/Sep/2019:11:16:07 +0200] "GET /loadthumbnail.php?id=11926636&width=113 HTTP/1.1" 200 36118 "http://renault.2web.at/result?searchterm=true&search=Clio" "Mozilla/5.0 (Windows NT 6.1; Win64; x64; rv:69.0) Gecko/20100101 Firefox/69.0"
80.123.221.50 - - [30/Sep/2019:11:16:07 +0200] "GET /images/vista-dn.gif HTTP/1.1" 200 128 "http://renault.2web.at/css/styles.css" "Mozilla/5.0 (Windows NT 6.1; Win64; x64; rv:69.0) Gecko/20100101 Firefox/69.0"
80.123.221.50 - - [30/Sep/2019:11:16:07 +0200] "GET /loadthumbnail.php?id=11181180&width=113 HTTP/1.1" 200 1834 "http://renault.2web.at/result?searchterm=true&search=Clio" "Mozilla/5.0 (Windows NT 6.1; Win64; x64; rv:69.0) Gecko/20100101 Firefox/69.0"
80.123.221.50 - - [30/Sep/2019:11:16:07 +0200] "GET /loadthumbnail.php?id=11181187&width=113 HTTP/1.1" 200 1532 "http://renault.2web.at/result?searchterm=true&search=Clio" "Mozilla/5.0 (Windows NT 6.1; Win64; x64; rv:69.0) Gecko/20100101 Firefox/69.0"
80.123.221.50 - - [30/Sep/2019:11:16:07 +0200] "GET /loadthumbnail.php?id=11181185&width=113 HTTP/1.1" 200 1532 "http://renault.2web.at/result?searchterm=true&search=Clio" "Mozilla/5.0 (Windows NT 6.1; Win64; x64; rv:69.0) Gecko/20100101 Firefox/69.0"
80.123.221.50 - - [30/Sep/2019:11:16:07 +0200] "GET /loadthumbnail.php?id=12094699&width=113 HTTP/1.1" 200 1921 "http://renault.2web.at/result?searchterm=true&search=Clio" "Mozilla/5.0 (Windows NT 6.1; Win64; x64; rv:69.0) Gecko/20100101 Firefox/69.0"
80.123.221.50 - - [30/Sep/2019:11:16:07 +0200] "GET /loadthumbnail.php?id=11181178&width=113 HTTP/1.1" 200 1834 "http://renault.2web.at/result?searchterm=true&search=Clio" "Mozilla/5.0 (Windows NT 6.1; Win64; x64; rv:69.0) Gecko/20100101 Firefox/69.0"
80.123.221.50 - - [30/Sep/2019:11:16:07 +0200] "GET /loadthumbnail.php?id=10203650&width=113 HTTP/1.1" 200 2741 "http://renault.2web.at/result?searchterm=true&search=Clio" "Mozilla/5.0 (Windows NT 6.1; Win64; x64; rv:69.0) Gecko/20100101 Firefox/69.0"
80.123.221.50 - - [30/Sep/2019:11:16:07 +0200] "GET /loadthumbnail.php?id=12094698&width=113 HTTP/1.1" 200 1921 "http://renault.2web.at/result?searchterm=true&search=Clio" "Mozilla/5.0 (Windows NT 6.1; Win64; x64; rv:69.0) Gecko/20100101 Firefox/69.0"
80.123.221.50 - - [30/Sep/2019:11:16:07 +0200] "GET /loadthumbnail.php?id=11181168&width=113 HTTP/1.1" 200 847 "http://renault.2web.at/result?searchterm=true&search=Clio" "Mozilla/5.0 (Windows NT 6.1; Win64; x64; rv:69.0) Gecko/20100101 Firefox/69.0"
80.123.221.50 - - [30/Sep/2019:11:16:07 +0200] "GET /loadthumbnail.php?id=11181166&width=113 HTTP/1.1" 200 847 "http://renault.2web.at/result?searchterm=true&search=Clio" "Mozilla/5.0 (Windows NT 6.1; Win64; x64; rv:69.0) Gecko/20100101 Firefox/69.0"
80.123.221.50 - - [30/Sep/2019:11:16:07 +0200] "GET /loadthumbnail.php?id=11181172&width=113 HTTP/1.1" 200 1576 "http://renault.2web.at/result?searchterm=true&search=Clio" "Mozilla/5.0 (Windows NT 6.1; Win64; x64; rv:69.0) Gecko/20100101 Firefox/69.0"
80.123.221.50 - - [30/Sep/2019:11:16:07 +0200] "GET /loadthumbnail.php?id=11181170&width=113 HTTP/1.1" 200 1576 "http://renault.2web.at/result?searchterm=true&search=Clio" "Mozilla/5.0 (Windows NT 6.1; Win64; x64; rv:69.0) Gecko/20100101 Firefox/69.0"
80.123.221.50 - - [30/Sep/2019:11:16:22 +0200] "GET /result?dir=DESC&mode=grid&order=name&limit=15&page=2&search=Clio HTTP/1.1" 200 6985 "http://renault.2web.at/result?searchterm=true&search=Clio" "Mozilla/5.0 (Windows NT 6.1; Win64; x64; rv:69.0) Gecko/20100101 Firefox/69.0"
80.123.221.50 - - [30/Sep/2019:11:16:24 +0200] "GET /loadthumbnail.php?id=10203275 HTTP/1.1" 200 85 "http://renault.2web.at/result?dir=DESC&mode=grid&order=name&limit=15&page=2&search=Clio" "Mozilla/5.0 (Windows NT 6.1; Win64; x64; rv:69.0) Gecko/20100101 Firefox/69.0"
80.123.221.50 - - [30/Sep/2019:11:16:24 +0200] "GET /loadthumbnail.php?id=11141133&width=113 HTTP/1.1" 200 1050 "http://renault.2web.at/result?dir=DESC&mode=grid&order=name&limit=15&page=2&search=Clio" "Mozilla/5.0 (Windows NT 6.1; Win64; x64; rv:69.0) Gecko/20100101 Firefox/69.0"
80.123.221.50 - - [30/Sep/2019:11:16:24 +0200] "GET /loadthumbnail.php?id=12088624&width=113 HTTP/1.1" 200 2886 "http://renault.2web.at/result?dir=DESC&mode=grid&order=name&limit=15&page=2&search=Clio" "Mozilla/5.0 (Windows NT 6.1; Win64; x64; rv:69.0) Gecko/20100101 Firefox/69.0"
80.123.221.50 - - [30/Sep/2019:11:16:24 +0200] "GET /loadthumbnail.php?id=12088452&width=113 HTTP/1.1" 200 4203 "http://renault.2web.at/result?dir=DESC&mode=grid&order=name&limit=15&page=2&search=Clio" "Mozilla/5.0 (Windows NT 6.1; Win64; x64; rv:69.0) Gecko/20100101 Firefox/69.0"
80.123.221.50 - - [30/Sep/2019:11:16:24 +0200] "GET /loadthumbnail.php?id=12023913&width=113 HTTP/1.1" 200 3224 "http://renault.2web.at/result?dir=DESC&mode=grid&order=name&limit=15&page=2&search=Clio" "Mozilla/5.0 (Windows NT 6.1; Win64; x64; rv:69.0) Gecko/20100101 Firefox/69.0"
80.123.221.50 - - [30/Sep/2019:11:16:24 +0200] "GET /loadthumbnail.php?id=11819630&width=113 HTTP/1.1" 200 2902 "http://renault.2web.at/result?dir=DESC&mode=grid&order=name&limit=15&page=2&search=Clio" "Mozilla/5.0 (Windows NT 6.1; Win64; x64; rv:69.0) Gecko/20100101 Firefox/69.0"
193.194.132.24 - - [30/Sep/2019:11:16:44 +0200] "GET /reload?ser=1569835004346 HTTP/1.1" 200 28 "http://renault.2web.at/account?loadrequest=true" "Mozilla/5.0 (Windows NT 10.0; WOW64; Trident/7.0; Touch; rv:11.0) like Gecko"
80.123.221.50 - - [30/Sep/2019:11:16:53 +0200] "GET /css/themes/alphacube/frame_left.gif HTTP/1.1" 200 64 "http://renault.2web.at/css/themes/alphacube.css" "Mozilla/5.0 (Windows NT 6.1; Win64; x64; rv:69.0) Gecko/20100101 Firefox/69.0"
80.123.221.50 - - [30/Sep/2019:11:16:53 +0200] "GET /css/themes/alphacube/top_mid.gif HTTP/1.1" 200 833 "http://renault.2web.at/css/themes/alphacube.css" "Mozilla/5.0 (Windows NT 6.1; Win64; x64; rv:69.0) Gecko/20100101 Firefox/69.0"
80.123.221.50 - - [30/Sep/2019:11:16:53 +0200] "GET /css/themes/alphacube/bottom_middle.gif HTTP/1.1" 200 44 "http://renault.2web.at/css/themes/alphacube.css" "Mozilla/5.0 (Windows NT 6.1; Win64; x64; rv:69.0) Gecko/20100101 Firefox/69.0"
80.123.221.50 - - [30/Sep/2019:11:16:53 +0200] "GET /css/themes/alphacube/frame_right.gif HTTP/1.1" 200 64 "http://renault.2web.at/css/themes/alphacube.css" "Mozilla/5.0 (Windows NT 6.1; Win64; x64; rv:69.0) Gecko/20100101 Firefox/69.0"
80.123.221.50 - - [30/Sep/2019:11:16:53 +0200] "GET /css/themes/alphacube/top_left.gif HTTP/1.1" 200 973 "http://renault.2web.at/css/themes/alphacube.css" "Mozilla/5.0 (Windows NT 6.1; Win64; x64; rv:69.0) Gecko/20100101 Firefox/69.0"
80.123.221.50 - - [30/Sep/2019:11:16:53 +0200] "GET /css/themes/alphacube/bottom_right-c.gif HTTP/1.1" 200 62 "http://renault.2web.at/css/themes/alphacube.css" "Mozilla/5.0 (Windows NT 6.1; Win64; x64; rv:69.0) Gecko/20100101 Firefox/69.0"
80.123.221.50 - - [30/Sep/2019:11:16:53 +0200] "GET /css/themes/alphacube/button-close-focus.gif HTTP/1.1" 200 699 "http://renault.2web.at/css/themes/alphacube.css" "Mozilla/5.0 (Windows NT 6.1; Win64; x64; rv:69.0) Gecko/20100101 Firefox/69.0"
80.123.221.50 - - [30/Sep/2019:11:16:53 +0200] "GET /css/themes/alphacube/bottom_left-c.gif HTTP/1.1" 200 62 "http://renault.2web.at/css/themes/alphacube.css" "Mozilla/5.0 (Windows NT 6.1; Win64; x64; rv:69.0) Gecko/20100101 Firefox/69.0"
80.123.221.50 - - [30/Sep/2019:11:16:53 +0200] "GET /css/themes/alphacube/top_right.gif HTTP/1.1" 200 972 "http://renault.2web.at/css/themes/alphacube.css" "Mozilla/5.0 (Windows NT 6.1; Win64; x64; rv:69.0) Gecko/20100101 Firefox/69.0"
80.123.221.50 - - [30/Sep/2019:11:16:53 +0200] "GET /12023910?print=true HTTP/1.1" 200 2650 "http://renault.2web.at/result?dir=DESC&mode=grid&order=name&limit=15&page=2&search=Clio" "Mozilla/5.0 (Windows NT 6.1; Win64; x64; rv:69.0) Gecko/20100101 Firefox/69.0"
80.123.221.50 - - [30/Sep/2019:11:16:56 +0200] "GET /js/magiczoom/magiczoom.css HTTP/1.1" 200 1210 "http://renault.2web.at/12023910?print=true" "Mozilla/5.0 (Windows NT 6.1; Win64; x64; rv:69.0) Gecko/20100101 Firefox/69.0"
80.123.221.50 - - [30/Sep/2019:11:16:56 +0200] "GET /js/Produkt.js HTTP/1.1" 200 852 "http://renault.2web.at/12023910?print=true" "Mozilla/5.0 (Windows NT 6.1; Win64; x64; rv:69.0) Gecko/20100101 Firefox/69.0"
80.123.221.50 - - [30/Sep/2019:11:16:56 +0200] "GET /js/magiczoom/magiczoom.js HTTP/1.1" 200 26397 "http://renault.2web.at/12023910?print=true" "Mozilla/5.0 (Windows NT 6.1; Win64; x64; rv:69.0) Gecko/20100101 Firefox/69.0"
80.123.221.50 - - [30/Sep/2019:11:16:56 +0200] "GET /loadthumbnail.php?id=12023913&width=250 HTTP/1.1" 200 11176 "http://renault.2web.at/12023910?print=true" "Mozilla/5.0 (Windows NT 6.1; Win64; x64; rv:69.0) Gecko/20100101 Firefox/69.0"
80.123.221.50 - - [30/Sep/2019:11:16:56 +0200] "GET /loadthumbnail.php?id=12023913&width=250 HTTP/1.1" 200 11176 "http://renault.2web.at/12023910?print=true" "Mozilla/5.0 (Windows NT 6.1; Win64; x64; rv:69.0) Gecko/20100101 Firefox/69.0"
80.123.221.50 - - [30/Sep/2019:11:16:56 +0200] "GET /loadthumbnail.php?id=12023913&width=900&height=900 HTTP/1.1" 200 88550 "http://renault.2web.at/12023910?print=true" "Mozilla/5.0 (Windows NT 6.1; Win64; x64; rv:69.0) Gecko/20100101 Firefox/69.0"
80.123.221.50 - - [30/Sep/2019:11:16:56 +0200] "GET /js/magiczoom/graphics/hint.gif HTTP/1.1" 200 73 "http://renault.2web.at/js/magiczoom/magiczoom.css" "Mozilla/5.0 (Windows NT 6.1; Win64; x64; rv:69.0) Gecko/20100101 Firefox/69.0"
82.135.5.126 - - [30/Sep/2019:11:17:07 +0200] "GET /reload?ser=1569835027502 HTTP/1.1" 200 28 "http://renault.activities.at/success" "Mozilla/5.0 (Windows NT 10.0; WOW64; Trident/7.0; rv:11.0) like Gecko"
80.123.221.50 - - [30/Sep/2019:11:17:24 +0200] "GET /reload?ser=1569835289143 HTTP/1.1" 200 28 "http://renault.2web.at/result?dir=DESC&mode=grid&order=name&limit=15&page=2&search=Clio" "Mozilla/5.0 (Windows NT 6.1; Win64; x64; rv:69.0) Gecko/20100101 Firefox/69.0"
193.194.132.24 - - [30/Sep/2019:11:17:45 +0200] "GET /reload?ser=1569835065559 HTTP/1.1" 200 28 "http://renault.2web.at/account?loadrequest=true" "Mozilla/5.0 (Windows NT 10.0; WOW64; Trident/7.0; Touch; rv:11.0) like Gecko"
80.123.221.50 - - [30/Sep/2019:11:17:54 +0200] "GET /result?dir=DESC&mode=grid&order=name&limit=15&page=1&search=Clio HTTP/1.1" 200 8934 "http://renault.2web.at/result?dir=DESC&mode=grid&order=name&limit=15&page=2&search=Clio" "Mozilla/5.0 (Windows NT 6.1; Win64; x64; rv:69.0) Gecko/20100101 Firefox/69.0"
82.135.5.126 - - [30/Sep/2019:11:18:08 +0200] "GET /reload?ser=1569835088492 HTTP/1.1" 200 28 "http://renault.activities.at/success" "Mozilla/5.0 (Windows NT 10.0; WOW64; Trident/7.0; rv:11.0) like Gecko"
193.194.132.24 - - [30/Sep/2019:11:18:46 +0200] "GET /reload?ser=1569835126726 HTTP/1.1" 200 28 "http://renault.2web.at/account?loadrequest=true" "Mozilla/5.0 (Windows NT 10.0; WOW64; Trident/7.0; Touch; rv:11.0) like Gecko"
80.123.221.50 - - [30/Sep/2019:11:18:49 +0200] "GET /images/vista-dn-hover.gif HTTP/1.1" 200 127 "http://renault.2web.at/css/styles.css" "Mozilla/5.0 (Windows NT 6.1; Win64; x64; rv:69.0) Gecko/20100101 Firefox/69.0"
80.123.221.50 - - [30/Sep/2019:11:18:50 +0200] "GET /result?dir=DESC&mode=grid&order=name&limit=15&page=2&search=Clio HTTP/1.1" 200 6985 "http://renault.2web.at/result?dir=DESC&mode=grid&order=name&limit=15&page=1&search=Clio" "Mozilla/5.0 (Windows NT 6.1; Win64; x64; rv:69.0) Gecko/20100101 Firefox/69.0"
82.135.5.126 - - [30/Sep/2019:11:19:09 +0200] "GET /reload?ser=1569835149480 HTTP/1.1" 200 28 "http://renault.activities.at/success" "Mozilla/5.0 (Windows NT 10.0; WOW64; Trident/7.0; rv:11.0) like Gecko"
80.123.221.50 - - [30/Sep/2019:11:19:18 +0200] "GET /images/vista-up-hover.gif HTTP/1.1" 200 130 "http://renault.2web.at/css/styles.css" "Mozilla/5.0 (Windows NT 6.1; Win64; x64; rv:69.0) Gecko/20100101 Firefox/69.0"
80.123.221.50 - - [30/Sep/2019:11:19:30 +0200] "POST /axjaxrequest?mode=suggest HTTP/1.1" 200 159 "http://renault.2web.at/result?dir=DESC&mode=grid&order=name&limit=15&page=2&search=Clio" "Mozilla/5.0 (Windows NT 6.1; Win64; x64; rv:69.0) Gecko/20100101 Firefox/69.0"
80.123.221.50 - - [30/Sep/2019:11:19:31 +0200] "POST /axjaxrequest?mode=suggest HTTP/1.1" 200 111 "http://renault.2web.at/result?dir=DESC&mode=grid&order=name&limit=15&page=2&search=Clio" "Mozilla/5.0 (Windows NT 6.1; Win64; x64; rv:69.0) Gecko/20100101 Firefox/69.0"
80.123.221.50 - - [30/Sep/2019:11:19:32 +0200] "POST /axjaxrequest?mode=suggest HTTP/1.1" 200 111 "http://renault.2web.at/result?dir=DESC&mode=grid&order=name&limit=15&page=2&search=Clio" "Mozilla/5.0 (Windows NT 6.1; Win64; x64; rv:69.0) Gecko/20100101 Firefox/69.0"
80.123.221.50 - - [30/Sep/2019:11:19:32 +0200] "POST /axjaxrequest?mode=suggest HTTP/1.1" 200 111 "http://renault.2web.at/result?dir=DESC&mode=grid&order=name&limit=15&page=2&search=Clio" "Mozilla/5.0 (Windows NT 6.1; Win64; x64; rv:69.0) Gecko/20100101 Firefox/69.0"
80.123.221.50 - - [30/Sep/2019:11:19:33 +0200] "POST /axjaxrequest?mode=suggest HTTP/1.1" 200 111 "http://renault.2web.at/result?dir=DESC&mode=grid&order=name&limit=15&page=2&search=Clio" "Mozilla/5.0 (Windows NT 6.1; Win64; x64; rv:69.0) Gecko/20100101 Firefox/69.0"
80.123.221.50 - - [30/Sep/2019:11:19:35 +0200] "GET /result?searchterm=true&search=Captur HTTP/1.1" 200 8801 "http://renault.2web.at/result?dir=DESC&mode=grid&order=name&limit=15&page=2&search=Clio" "Mozilla/5.0 (Windows NT 6.1; Win64; x64; rv:69.0) Gecko/20100101 Firefox/69.0"
80.123.221.50 - - [30/Sep/2019:11:19:39 +0200] "GET /loadthumbnail.php?id=11926537&width=113 HTTP/1.1" 200 32860 "http://renault.2web.at/result?searchterm=true&search=Captur" "Mozilla/5.0 (Windows NT 6.1; Win64; x64; rv:69.0) Gecko/20100101 Firefox/69.0"
80.123.221.50 - - [30/Sep/2019:11:19:39 +0200] "GET /loadthumbnail.php?id=11181223&width=113 HTTP/1.1" 200 1171 "http://renault.2web.at/result?searchterm=true&search=Captur" "Mozilla/5.0 (Windows NT 6.1; Win64; x64; rv:69.0) Gecko/20100101 Firefox/69.0"
80.123.221.50 - - [30/Sep/2019:11:19:39 +0200] "GET /loadthumbnail.php?id=11181221&width=113 HTTP/1.1" 200 1171 "http://renault.2web.at/result?searchterm=true&search=Captur" "Mozilla/5.0 (Windows NT 6.1; Win64; x64; rv:69.0) Gecko/20100101 Firefox/69.0"
80.123.221.50 - - [30/Sep/2019:11:19:39 +0200] "GET /loadthumbnail.php?id=12010039&width=113 HTTP/1.1" 200 19412 "http://renault.2web.at/result?searchterm=true&search=Captur" "Mozilla/5.0 (Windows NT 6.1; Win64; x64; rv:69.0) Gecko/20100101 Firefox/69.0"
80.123.221.50 - - [30/Sep/2019:11:19:39 +0200] "GET /loadthumbnail.php?id=11194713&width=113 HTTP/1.1" 200 1171 "http://renault.2web.at/result?searchterm=true&search=Captur" "Mozilla/5.0 (Windows NT 6.1; Win64; x64; rv:69.0) Gecko/20100101 Firefox/69.0"
80.123.221.50 - - [30/Sep/2019:11:19:39 +0200] "GET /loadthumbnail.php?id=11489823&width=113 HTTP/1.1" 200 2857 "http://renault.2web.at/result?searchterm=true&search=Captur" "Mozilla/5.0 (Windows NT 6.1; Win64; x64; rv:69.0) Gecko/20100101 Firefox/69.0"
80.123.221.50 - - [30/Sep/2019:11:19:39 +0200] "GET /loadthumbnail.php?id=11489819&width=113 HTTP/1.1" 200 3862 "http://renault.2web.at/result?searchterm=true&search=Captur" "Mozilla/5.0 (Windows NT 6.1; Win64; x64; rv:69.0) Gecko/20100101 Firefox/69.0"
193.194.132.24 - - [30/Sep/2019:11:19:48 +0200] "GET /reload?ser=1569835187854 HTTP/1.1" 200 28 "http://renault.2web.at/account?loadrequest=true" "Mozilla/5.0 (Windows NT 10.0; WOW64; Trident/7.0; Touch; rv:11.0) like Gecko"
80.123.221.50 - - [30/Sep/2019:11:19:52 +0200] "GET /result?dir=DESC&mode=grid&order=name&limit=15&page=2&search=Captur HTTP/1.1" 200 6867 "http://renault.2web.at/result?searchterm=true&search=Captur" "Mozilla/5.0 (Windows NT 6.1; Win64; x64; rv:69.0) Gecko/20100101 Firefox/69.0"
80.123.221.50 - - [30/Sep/2019:11:19:54 +0200] "GET /loadthumbnail.php?id=11990631&width=113 HTTP/1.1" 200 3037 "http://renault.2web.at/result?dir=DESC&mode=grid&order=name&limit=15&page=2&search=Captur" "Mozilla/5.0 (Windows NT 6.1; Win64; x64; rv:69.0) Gecko/20100101 Firefox/69.0"
80.123.221.50 - - [30/Sep/2019:11:19:54 +0200] "GET /loadthumbnail.php?id=11334755&width=113 HTTP/1.1" 200 23865 "http://renault.2web.at/result?dir=DESC&mode=grid&order=name&limit=15&page=2&search=Captur" "Mozilla/5.0 (Windows NT 6.1; Win64; x64; rv:69.0) Gecko/20100101 Firefox/69.0"
80.123.221.50 - - [30/Sep/2019:11:19:54 +0200] "GET /loadthumbnail.php?id=11715013&width=113 HTTP/1.1" 200 33856 "http://renault.2web.at/result?dir=DESC&mode=grid&order=name&limit=15&page=2&search=Captur" "Mozilla/5.0 (Windows NT 6.1; Win64; x64; rv:69.0) Gecko/20100101 Firefox/69.0"
80.123.221.50 - - [30/Sep/2019:11:19:54 +0200] "GET /loadthumbnail.php?id=10995605&width=113 HTTP/1.1" 200 1252 "http://renault.2web.at/result?dir=DESC&mode=grid&order=name&limit=15&page=2&search=Captur" "Mozilla/5.0 (Windows NT 6.1; Win64; x64; rv:69.0) Gecko/20100101 Firefox/69.0"
80.123.221.50 - - [30/Sep/2019:11:20:05 +0200] "POST /axjaxrequest?mode=suggest HTTP/1.1" 200 141 "http://renault.2web.at/result?dir=DESC&mode=grid&order=name&limit=15&page=2&search=Captur" "Mozilla/5.0 (Windows NT 6.1; Win64; x64; rv:69.0) Gecko/20100101 Firefox/69.0"
80.123.221.50 - - [30/Sep/2019:11:20:06 +0200] "POST /axjaxrequest?mode=suggest HTTP/1.1" 200 108 "http://renault.2web.at/result?dir=DESC&mode=grid&order=name&limit=15&page=2&search=Captur" "Mozilla/5.0 (Windows NT 6.1; Win64; x64; rv:69.0) Gecko/20100101 Firefox/69.0"
82.135.5.126 - - [30/Sep/2019:11:20:10 +0200] "GET /reload?ser=1569835210554 HTTP/1.1" 200 28 "http://renault.activities.at/success" "Mozilla/5.0 (Windows NT 10.0; WOW64; Trident/7.0; rv:11.0) like Gecko"
80.123.221.50 - - [30/Sep/2019:11:20:09 +0200] "GET /result?searchterm=true&search=Clio HTTP/1.1" 200 8934 "http://renault.2web.at/result?dir=DESC&mode=grid&order=name&limit=15&page=2&search=Captur" "Mozilla/5.0 (Windows NT 6.1; Win64; x64; rv:69.0) Gecko/20100101 Firefox/69.0"
91.133.70.9 - - [30/Sep/2019:11:20:47 +0200] "GET / HTTP/1.1" 200 6220 "-" "Mozilla/5.0 (Windows NT 10.0; WOW64; Trident/7.0; rv:11.0) like Gecko"
91.133.70.9 - - [30/Sep/2019:11:20:49 +0200] "GET /loadthumbnail.php?id=11108158&width=50&height=50 HTTP/1.1" 200 778 "http://renault.activities.at/" "Mozilla/5.0 (Windows NT 10.0; WOW64; Trident/7.0; rv:11.0) like Gecko"
91.133.70.9 - - [30/Sep/2019:11:20:49 +0200] "GET /loadthumbnail.php?id=11721290&width=50&height=50 HTTP/1.1" 200 705 "http://renault.activities.at/" "Mozilla/5.0 (Windows NT 10.0; WOW64; Trident/7.0; rv:11.0) like Gecko"
193.194.132.24 - - [30/Sep/2019:11:20:49 +0200] "GET /reload?ser=1569835249059 HTTP/1.1" 200 28 "http://renault.2web.at/account?loadrequest=true" "Mozilla/5.0 (Windows NT 10.0; WOW64; Trident/7.0; Touch; rv:11.0) like Gecko"
91.133.70.9 - - [30/Sep/2019:11:20:56 +0200] "GET /result?searchterm=true&search=Mappe HTTP/1.1" 200 7040 "http://renault.activities.at/" "Mozilla/5.0 (Windows NT 10.0; WOW64; Trident/7.0; rv:11.0) like Gecko"
91.133.70.9 - - [30/Sep/2019:11:20:56 +0200] "POST /axjaxrequest?mode=suggest HTTP/1.1" 200 223 "http://renault.activities.at/" "Mozilla/5.0 (Windows NT 10.0; WOW64; Trident/7.0; rv:11.0) like Gecko"
91.133.70.9 - - [30/Sep/2019:11:20:58 +0200] "GET /result?searchterm=true&search=Mappe HTTP/1.1" 200 7040 "http://renault.activities.at/" "Mozilla/5.0 (Windows NT 10.0; WOW64; Trident/7.0; rv:11.0) like Gecko"
82.135.5.126 - - [30/Sep/2019:11:21:11 +0200] "GET /reload?ser=1569835271581 HTTP/1.1" 200 28 "http://renault.activities.at/success" "Mozilla/5.0 (Windows NT 10.0; WOW64; Trident/7.0; rv:11.0) like Gecko"
80.123.221.50 - - [30/Sep/2019:11:21:12 +0200] "GET /reload?ser=1569835517295 HTTP/1.1" 200 28 "http://renault.2web.at/result?searchterm=true&search=Clio" "Mozilla/5.0 (Windows NT 6.1; Win64; x64; rv:69.0) Gecko/20100101 Firefox/69.0"
91.133.70.9 - - [30/Sep/2019:11:21:30 +0200] "GET /result?searchterm=true&search=rci HTTP/1.1" 200 4633 "http://renault.activities.at/result?searchterm=true&search=Mappe" "Mozilla/5.0 (Windows NT 10.0; WOW64; Trident/7.0; rv:11.0) like Gecko"
91.133.70.9 - - [30/Sep/2019:11:21:30 +0200] "POST /axjaxrequest?mode=suggest HTTP/1.1" 200 21 "http://renault.activities.at/result?searchterm=true&search=Mappe" "Mozilla/5.0 (Windows NT 10.0; WOW64; Trident/7.0; rv:11.0) like Gecko"
91.133.70.9 - - [30/Sep/2019:11:21:35 +0200] "POST /axjaxrequest?mode=suggest HTTP/1.1" 200 159 "http://renault.activities.at/result?searchterm=true&search=rci" "Mozilla/5.0 (Windows NT 10.0; WOW64; Trident/7.0; rv:11.0) like Gecko"
91.133.70.9 - - [30/Sep/2019:11:21:36 +0200] "GET /result?searchterm=true&search=RCi HTTP/1.1" 200 4634 "http://renault.activities.at/result?searchterm=true&search=rci" "Mozilla/5.0 (Windows NT 10.0; WOW64; Trident/7.0; rv:11.0) like Gecko"
91.133.70.9 - - [30/Sep/2019:11:21:36 +0200] "POST /axjaxrequest?mode=suggest HTTP/1.1" 200 21 "http://renault.activities.at/result?searchterm=true&search=rci" "Mozilla/5.0 (Windows NT 10.0; WOW64; Trident/7.0; rv:11.0) like Gecko"
91.133.70.9 - - [30/Sep/2019:11:21:37 +0200] "GET /result?searchterm=true&search=RCi HTTP/1.1" 200 4634 "http://renault.activities.at/result?searchterm=true&search=rci" "Mozilla/5.0 (Windows NT 10.0; WOW64; Trident/7.0; rv:11.0) like Gecko"
193.194.132.24 - - [30/Sep/2019:11:21:50 +0200] "GET /reload?ser=1569835310572 HTTP/1.1" 200 28 "http://renault.2web.at/account?loadrequest=true" "Mozilla/5.0 (Windows NT 10.0; WOW64; Trident/7.0; Touch; rv:11.0) like Gecko"
91.133.70.9 - - [30/Sep/2019:11:21:58 +0200] "POST /axjaxrequest?mode=suggest HTTP/1.1" 200 21 "http://renault.activities.at/result?searchterm=true&search=RCi" "Mozilla/5.0 (Windows NT 10.0; WOW64; Trident/7.0; rv:11.0) like Gecko"
91.133.70.9 - - [30/Sep/2019:11:21:58 +0200] "GET /result?searchterm=true&search=RCi HTTP/1.1" 200 4634 "http://renault.activities.at/result?searchterm=true&search=RCi" "Mozilla/5.0 (Windows NT 10.0; WOW64; Trident/7.0; rv:11.0) like Gecko"
91.133.70.9 - - [30/Sep/2019:11:22:00 +0200] "GET /result?searchterm=true&search=RCi HTTP/1.1" 200 4634 "http://renault.activities.at/result?searchterm=true&search=RCi" "Mozilla/5.0 (Windows NT 10.0; WOW64; Trident/7.0; rv:11.0) like Gecko"
91.133.70.9 - - [30/Sep/2019:11:22:07 +0200] "GET /result?searchterm=true&search=heft HTTP/1.1" 200 6407 "http://renault.activities.at/result?searchterm=true&search=RCi" "Mozilla/5.0 (Windows NT 10.0; WOW64; Trident/7.0; rv:11.0) like Gecko"
91.133.70.9 - - [30/Sep/2019:11:22:07 +0200] "POST /axjaxrequest?mode=suggest HTTP/1.1" 200 161 "http://renault.activities.at/result?searchterm=true&search=RCi" "Mozilla/5.0 (Windows NT 10.0; WOW64; Trident/7.0; rv:11.0) like Gecko"
91.133.70.9 - - [30/Sep/2019:11:22:09 +0200] "GET /result?searchterm=true&search=heft HTTP/1.1" 200 6407 "http://renault.activities.at/result?searchterm=true&search=RCi" "Mozilla/5.0 (Windows NT 10.0; WOW64; Trident/7.0; rv:11.0) like Gecko"
91.133.70.9 - - [30/Sep/2019:11:22:12 +0200] "GET /loadthumbnail.php?id=12094749&width=113 HTTP/1.1" 200 15117 "http://renault.activities.at/result?searchterm=true&search=heft" "Mozilla/5.0 (Windows NT 10.0; WOW64; Trident/7.0; rv:11.0) like Gecko"
91.133.70.9 - - [30/Sep/2019:11:22:12 +0200] "GET /loadthumbnail.php?id=10269569&width=113 HTTP/1.1" 200 1309 "http://renault.activities.at/result?searchterm=true&search=heft" "Mozilla/5.0 (Windows NT 10.0; WOW64; Trident/7.0; rv:11.0) like Gecko"
91.133.70.9 - - [30/Sep/2019:11:22:12 +0200] "GET /loadthumbnail.php?id=12029408&width=113 HTTP/1.1" 200 2367 "http://renault.activities.at/result?searchterm=true&search=heft" "Mozilla/5.0 (Windows NT 10.0; WOW64; Trident/7.0; rv:11.0) like Gecko"
82.135.5.126 - - [30/Sep/2019:11:22:12 +0200] "GET /reload?ser=1569835332575 HTTP/1.1" 200 28 "http://renault.activities.at/success" "Mozilla/5.0 (Windows NT 10.0; WOW64; Trident/7.0; rv:11.0) like Gecko"
80.123.221.50 - - [30/Sep/2019:11:22:13 +0200] "GET /reload?ser=1569835578271 HTTP/1.1" 200 28 "http://renault.2web.at/result?searchterm=true&search=Clio" "Mozilla/5.0 (Windows NT 6.1; Win64; x64; rv:69.0) Gecko/20100101 Firefox/69.0"
91.133.70.9 - - [30/Sep/2019:11:22:21 +0200] "POST /axjaxrequest?mode=suggest HTTP/1.1" 200 390 "http://renault.activities.at/result?searchterm=true&search=heft" "Mozilla/5.0 (Windows NT 10.0; WOW64; Trident/7.0; rv:11.0) like Gecko"
91.133.70.9 - - [30/Sep/2019:11:22:22 +0200] "GET /result?searchterm=true&search=Termin HTTP/1.1" 200 5905 "http://renault.activities.at/result?searchterm=true&search=heft" "Mozilla/5.0 (Windows NT 10.0; WOW64; Trident/7.0; rv:11.0) like Gecko"
91.133.70.9 - - [30/Sep/2019:11:22:24 +0200] "GET /loadthumbnail.php?id=10260226&width=113 HTTP/1.1" 200 2395 "http://renault.activities.at/result?searchterm=true&search=Termin" "Mozilla/5.0 (Windows NT 10.0; WOW64; Trident/7.0; rv:11.0) like Gecko"
91.133.70.9 - - [30/Sep/2019:11:22:22 +0200] "POST /axjaxrequest?mode=suggest HTTP/1.1" 200 112 "http://renault.activities.at/result?searchterm=true&search=heft" "Mozilla/5.0 (Windows NT 10.0; WOW64; Trident/7.0; rv:11.0) like Gecko"
91.133.70.9 - - [30/Sep/2019:11:22:37 +0200] "GET /10201442 HTTP/1.1" 200 8675 "http://renault.activities.at/result?searchterm=true&search=Termin" "Mozilla/5.0 (Windows NT 10.0; WOW64; Trident/7.0; rv:11.0) like Gecko"
91.133.70.9 - - [30/Sep/2019:11:22:40 +0200] "GET /loadthumbnail.php?id=11926565&width=113 HTTP/1.1" 200 28904 "http://renault.activities.at/10201442" "Mozilla/5.0 (Windows NT 10.0; WOW64; Trident/7.0; rv:11.0) like Gecko"
91.133.70.9 - - [30/Sep/2019:11:22:40 +0200] "GET /loadthumbnail.php?id=11926581&width=113 HTTP/1.1" 200 35255 "http://renault.activities.at/10201442" "Mozilla/5.0 (Windows NT 10.0; WOW64; Trident/7.0; rv:11.0) like Gecko"
91.133.70.9 - - [30/Sep/2019:11:22:40 +0200] "GET /loadthumbnail.php?id=10203276 HTTP/1.1" 200 75 "http://renault.activities.at/10201442" "Mozilla/5.0 (Windows NT 10.0; WOW64; Trident/7.0; rv:11.0) like Gecko"
91.133.70.9 - - [30/Sep/2019:11:22:40 +0200] "GET /loadthumbnail.php?id=11926557&width=113 HTTP/1.1" 200 36925 "http://renault.activities.at/10201442" "Mozilla/5.0 (Windows NT 10.0; WOW64; Trident/7.0; rv:11.0) like Gecko"
91.133.70.9 - - [30/Sep/2019:11:22:40 +0200] "GET /loadthumbnail.php?id=11926648&width=113 HTTP/1.1" 200 35142 "http://renault.activities.at/10201442" "Mozilla/5.0 (Windows NT 10.0; WOW64; Trident/7.0; rv:11.0) like Gecko"
91.133.70.9 - - [30/Sep/2019:11:22:40 +0200] "GET /loadthumbnail.php?id=12061270&width=113 HTTP/1.1" 200 5531 "http://renault.activities.at/10201442" "Mozilla/5.0 (Windows NT 10.0; WOW64; Trident/7.0; rv:11.0) like Gecko"
91.133.70.9 - - [30/Sep/2019:11:22:41 +0200] "GET /images/sub_title_bg.jpg HTTP/1.1" 200 314 "http://renault.activities.at/10201442" "Mozilla/5.0 (Windows NT 10.0; WOW64; Trident/7.0; rv:11.0) like Gecko"
91.133.70.9 - - [30/Sep/2019:11:22:41 +0200] "GET /loadthumbnail.php?id=11926666&width=113 HTTP/1.1" 200 36655 "http://renault.activities.at/10201442" "Mozilla/5.0 (Windows NT 10.0; WOW64; Trident/7.0; rv:11.0) like Gecko"
91.133.70.9 - - [30/Sep/2019:11:22:41 +0200] "GET /loadthumbnail.php?id=11926679&width=113 HTTP/1.1" 200 33362 "http://renault.activities.at/10201442" "Mozilla/5.0 (Windows NT 10.0; WOW64; Trident/7.0; rv:11.0) like Gecko"
91.133.70.9 - - [30/Sep/2019:11:22:41 +0200] "GET /loadthumbnail.php?id=11926585&width=113 HTTP/1.1" 200 37549 "http://renault.activities.at/10201442" "Mozilla/5.0 (Windows NT 10.0; WOW64; Trident/7.0; rv:11.0) like Gecko"
91.133.70.9 - - [30/Sep/2019:11:22:41 +0200] "GET /loadthumbnail.php?id=11926644&width=113 HTTP/1.1" 200 35735 "http://renault.activities.at/10201442" "Mozilla/5.0 (Windows NT 10.0; WOW64; Trident/7.0; rv:11.0) like Gecko"
91.133.70.9 - - [30/Sep/2019:11:22:41 +0200] "GET /loadthumbnail.php?id=11926591&width=113 HTTP/1.1" 200 34469 "http://renault.activities.at/10201442" "Mozilla/5.0 (Windows NT 10.0; WOW64; Trident/7.0; rv:11.0) like Gecko"
91.133.70.9 - - [30/Sep/2019:11:22:41 +0200] "GET /loadthumbnail.php?id=11926552&width=113 HTTP/1.1" 200 35098 "http://renault.activities.at/10201442" "Mozilla/5.0 (Windows NT 10.0; WOW64; Trident/7.0; rv:11.0) like Gecko"
91.133.70.9 - - [30/Sep/2019:11:22:41 +0200] "GET /loadthumbnail.php?id=12049947&width=113 HTTP/1.1" 200 34656 "http://renault.activities.at/10201442" "Mozilla/5.0 (Windows NT 10.0; WOW64; Trident/7.0; rv:11.0) like Gecko"
91.133.70.9 - - [30/Sep/2019:11:22:41 +0200] "GET /loadthumbnail.php?id=11926595&width=113 HTTP/1.1" 200 34271 "http://renault.activities.at/10201442" "Mozilla/5.0 (Windows NT 10.0; WOW64; Trident/7.0; rv:11.0) like Gecko"
91.133.70.9 - - [30/Sep/2019:11:22:41 +0200] "GET /loadthumbnail.php?id=12104297&width=113 HTTP/1.1" 200 6598 "http://renault.activities.at/10201442" "Mozilla/5.0 (Windows NT 10.0; WOW64; Trident/7.0; rv:11.0) like Gecko"
91.133.70.9 - - [30/Sep/2019:11:22:41 +0200] "GET /loadthumbnail.php?id=11926640&width=113 HTTP/1.1" 200 36074 "http://renault.activities.at/10201442" "Mozilla/5.0 (Windows NT 10.0; WOW64; Trident/7.0; rv:11.0) like Gecko"
91.133.70.9 - - [30/Sep/2019:11:22:48 +0200] "GET /10260249 HTTP/1.1" 200 8942 "http://renault.activities.at/10201442" "Mozilla/5.0 (Windows NT 10.0; WOW64; Trident/7.0; rv:11.0) like Gecko"
91.133.70.9 - - [30/Sep/2019:11:22:51 +0200] "GET /loadthumbnail.php?id=11194750&width=113 HTTP/1.1" 200 2347 "http://renault.activities.at/10260249" "Mozilla/5.0 (Windows NT 10.0; WOW64; Trident/7.0; rv:11.0) like Gecko"
91.133.70.9 - - [30/Sep/2019:11:22:51 +0200] "GET /loadthumbnail.php?id=11573493&width=113 HTTP/1.1" 200 8256 "http://renault.activities.at/10260249" "Mozilla/5.0 (Windows NT 10.0; WOW64; Trident/7.0; rv:11.0) like Gecko"
91.133.70.9 - - [30/Sep/2019:11:22:51 +0200] "GET /loadthumbnail.php?id=11117056&width=113 HTTP/1.1" 200 2184 "http://renault.activities.at/10260249" "Mozilla/5.0 (Windows NT 10.0; WOW64; Trident/7.0; rv:11.0) like Gecko"
91.133.70.9 - - [30/Sep/2019:11:22:51 +0200] "GET /loadthumbnail.php?id=11270805&width=113 HTTP/1.1" 200 5169 "http://renault.activities.at/10260249" "Mozilla/5.0 (Windows NT 10.0; WOW64; Trident/7.0; rv:11.0) like Gecko"
91.133.70.9 - - [30/Sep/2019:11:22:51 +0200] "GET /loadthumbnail.php?id=11226381&width=113 HTTP/1.1" 200 2887 "http://renault.activities.at/10260249" "Mozilla/5.0 (Windows NT 10.0; WOW64; Trident/7.0; rv:11.0) like Gecko"
91.133.70.9 - - [30/Sep/2019:11:22:51 +0200] "GET /loadthumbnail.php?id=11146700&width=113 HTTP/1.1" 200 1415 "http://renault.activities.at/10260249" "Mozilla/5.0 (Windows NT 10.0; WOW64; Trident/7.0; rv:11.0) like Gecko"
91.133.70.9 - - [30/Sep/2019:11:22:51 +0200] "GET /loadthumbnail.php?id=11776453&width=113 HTTP/1.1" 200 1248 "http://renault.activities.at/10260249" "Mozilla/5.0 (Windows NT 10.0; WOW64; Trident/7.0; rv:11.0) like Gecko"
91.133.70.9 - - [30/Sep/2019:11:22:51 +0200] "GET /loadthumbnail.php?id=10413489&width=113 HTTP/1.1" 200 3213 "http://renault.activities.at/10260249" "Mozilla/5.0 (Windows NT 10.0; WOW64; Trident/7.0; rv:11.0) like Gecko"
91.133.70.9 - - [30/Sep/2019:11:22:51 +0200] "GET /loadthumbnail.php?id=11538169&width=113 HTTP/1.1" 200 20088 "http://renault.activities.at/10260249" "Mozilla/5.0 (Windows NT 10.0; WOW64; Trident/7.0; rv:11.0) like Gecko"
193.194.132.24 - - [30/Sep/2019:11:22:51 +0200] "GET /reload?ser=1569835371640 HTTP/1.1" 200 28 "http://renault.2web.at/account?loadrequest=true" "Mozilla/5.0 (Windows NT 10.0; WOW64; Trident/7.0; Touch; rv:11.0) like Gecko"
80.123.221.50 - - [30/Sep/2019:11:22:51 +0200] "GET /result?dir=DESC&mode=grid&order=name&limit=15&page=2&search=Clio HTTP/1.1" 200 6985 "http://renault.2web.at/result?searchterm=true&search=Clio" "Mozilla/5.0 (Windows NT 6.1; Win64; x64; rv:69.0) Gecko/20100101 Firefox/69.0"
91.133.70.9 - - [30/Sep/2019:11:23:09 +0200] "GET /10260249?dir=DESC&mode=grid&order=name&limit=15&page=2 HTTP/1.1" 200 8793 "http://renault.activities.at/10260249" "Mozilla/5.0 (Windows NT 10.0; WOW64; Trident/7.0; rv:11.0) like Gecko"
91.133.70.9 - - [30/Sep/2019:11:23:12 +0200] "GET /loadthumbnail.php?id=10203275 HTTP/1.1" 200 85 "http://renault.activities.at/10260249?dir=DESC&mode=grid&order=name&limit=15&page=2" "Mozilla/5.0 (Windows NT 10.0; WOW64; Trident/7.0; rv:11.0) like Gecko"
91.133.70.9 - - [30/Sep/2019:11:23:12 +0200] "GET /loadthumbnail.php?id=11165054&width=113 HTTP/1.1" 200 34777 "http://renault.activities.at/10260249?dir=DESC&mode=grid&order=name&limit=15&page=2" "Mozilla/5.0 (Windows NT 10.0; WOW64; Trident/7.0; rv:11.0) like Gecko"
91.133.70.9 - - [30/Sep/2019:11:23:12 +0200] "GET /loadthumbnail.php?id=11715013&width=113 HTTP/1.1" 200 33856 "http://renault.activities.at/10260249?dir=DESC&mode=grid&order=name&limit=15&page=2" "Mozilla/5.0 (Windows NT 10.0; WOW64; Trident/7.0; rv:11.0) like Gecko"
91.133.70.9 - - [30/Sep/2019:11:23:12 +0200] "GET /loadthumbnail.php?id=11715017&width=113 HTTP/1.1" 200 37395 "http://renault.activities.at/10260249?dir=DESC&mode=grid&order=name&limit=15&page=2" "Mozilla/5.0 (Windows NT 10.0; WOW64; Trident/7.0; rv:11.0) like Gecko"
91.133.70.9 - - [30/Sep/2019:11:23:12 +0200] "GET /loadthumbnail.php?id=11314432&width=113 HTTP/1.1" 200 36566 "http://renault.activities.at/10260249?dir=DESC&mode=grid&order=name&limit=15&page=2" "Mozilla/5.0 (Windows NT 10.0; WOW64; Trident/7.0; rv:11.0) like Gecko"
91.133.70.9 - - [30/Sep/2019:11:23:12 +0200] "GET /loadthumbnail.php?id=11031880&width=113 HTTP/1.1" 200 39263 "http://renault.activities.at/10260249?dir=DESC&mode=grid&order=name&limit=15&page=2" "Mozilla/5.0 (Windows NT 10.0; WOW64; Trident/7.0; rv:11.0) like Gecko"
91.133.70.9 - - [30/Sep/2019:11:23:12 +0200] "GET /loadthumbnail.php?id=11877757&width=113 HTTP/1.1" 200 32396 "http://renault.activities.at/10260249?dir=DESC&mode=grid&order=name&limit=15&page=2" "Mozilla/5.0 (Windows NT 10.0; WOW64; Trident/7.0; rv:11.0) like Gecko"
91.133.70.9 - - [30/Sep/2019:11:23:12 +0200] "GET /loadthumbnail.php?id=12017023&width=113 HTTP/1.1" 200 34650 "http://renault.activities.at/10260249?dir=DESC&mode=grid&order=name&limit=15&page=2" "Mozilla/5.0 (Windows NT 10.0; WOW64; Trident/7.0; rv:11.0) like Gecko"
91.133.70.9 - - [30/Sep/2019:11:23:12 +0200] "GET /loadthumbnail.php?id=12034916&width=113 HTTP/1.1" 200 5915 "http://renault.activities.at/10260249?dir=DESC&mode=grid&order=name&limit=15&page=2" "Mozilla/5.0 (Windows NT 10.0; WOW64; Trident/7.0; rv:11.0) like Gecko"
91.133.70.9 - - [30/Sep/2019:11:23:12 +0200] "GET /loadthumbnail.php?id=11342067&width=113 HTTP/1.1" 200 21913 "http://renault.activities.at/10260249?dir=DESC&mode=grid&order=name&limit=15&page=2" "Mozilla/5.0 (Windows NT 10.0; WOW64; Trident/7.0; rv:11.0) like Gecko"
91.133.70.9 - - [30/Sep/2019:11:23:12 +0200] "GET /loadthumbnail.php?id=11342066&width=113 HTTP/1.1" 200 28015 "http://renault.activities.at/10260249?dir=DESC&mode=grid&order=name&limit=15&page=2" "Mozilla/5.0 (Windows NT 10.0; WOW64; Trident/7.0; rv:11.0) like Gecko"
91.133.70.9 - - [30/Sep/2019:11:23:12 +0200] "GET /loadthumbnail.php?id=11164747&width=113 HTTP/1.1" 200 26121 "http://renault.activities.at/10260249?dir=DESC&mode=grid&order=name&limit=15&page=2" "Mozilla/5.0 (Windows NT 10.0; WOW64; Trident/7.0; rv:11.0) like Gecko"
91.133.70.9 - - [30/Sep/2019:11:23:12 +0200] "GET /loadthumbnail.php?id=11319961&width=113 HTTP/1.1" 200 27077 "http://renault.activities.at/10260249?dir=DESC&mode=grid&order=name&limit=15&page=2" "Mozilla/5.0 (Windows NT 10.0; WOW64; Trident/7.0; rv:11.0) like Gecko"
91.133.70.9 - - [30/Sep/2019:11:23:12 +0200] "GET /loadthumbnail.php?id=11577924&width=113 HTTP/1.1" 200 28282 "http://renault.activities.at/10260249?dir=DESC&mode=grid&order=name&limit=15&page=2" "Mozilla/5.0 (Windows NT 10.0; WOW64; Trident/7.0; rv:11.0) like Gecko"
91.133.70.9 - - [30/Sep/2019:11:23:12 +0200] "GET /loadthumbnail.php?id=11031873&width=113 HTTP/1.1" 200 24451 "http://renault.activities.at/10260249?dir=DESC&mode=grid&order=name&limit=15&page=2" "Mozilla/5.0 (Windows NT 10.0; WOW64; Trident/7.0; rv:11.0) like Gecko"
91.133.70.9 - - [30/Sep/2019:11:23:12 +0200] "GET /loadthumbnail.php?id=11715005&width=113 HTTP/1.1" 200 30128 "http://renault.activities.at/10260249?dir=DESC&mode=grid&order=name&limit=15&page=2" "Mozilla/5.0 (Windows NT 10.0; WOW64; Trident/7.0; rv:11.0) like Gecko"
82.135.5.126 - - [30/Sep/2019:11:23:13 +0200] "GET /reload?ser=1569835393593 HTTP/1.1" 200 28 "http://renault.activities.at/success" "Mozilla/5.0 (Windows NT 10.0; WOW64; Trident/7.0; rv:11.0) like Gecko"
91.133.70.9 - - [30/Sep/2019:11:23:27 +0200] "GET /10260249?dir=DESC&mode=grid&order=name&limit=15&page=3 HTTP/1.1" 200 7072 "http://renault.activities.at/10260249?dir=DESC&mode=grid&order=name&limit=15&page=2" "Mozilla/5.0 (Windows NT 10.0; WOW64; Trident/7.0; rv:11.0) like Gecko"
91.133.70.9 - - [30/Sep/2019:11:23:30 +0200] "GET /loadthumbnail.php?id=11877811&width=113 HTTP/1.1" 200 27053 "http://renault.activities.at/10260249?dir=DESC&mode=grid&order=name&limit=15&page=3" "Mozilla/5.0 (Windows NT 10.0; WOW64; Trident/7.0; rv:11.0) like Gecko"
91.133.70.9 - - [30/Sep/2019:11:23:30 +0200] "GET /loadthumbnail.php?id=11351226&width=113 HTTP/1.1" 200 16210 "http://renault.activities.at/10260249?dir=DESC&mode=grid&order=name&limit=15&page=3" "Mozilla/5.0 (Windows NT 10.0; WOW64; Trident/7.0; rv:11.0) like Gecko"
91.133.70.9 - - [30/Sep/2019:11:23:30 +0200] "GET /loadthumbnail.php?id=11351222&width=113 HTTP/1.1" 200 17851 "http://renault.activities.at/10260249?dir=DESC&mode=grid&order=name&limit=15&page=3" "Mozilla/5.0 (Windows NT 10.0; WOW64; Trident/7.0; rv:11.0) like Gecko"
91.133.70.9 - - [30/Sep/2019:11:23:30 +0200] "GET /loadthumbnail.php?id=11715009&width=113 HTTP/1.1" 200 22295 "http://renault.activities.at/10260249?dir=DESC&mode=grid&order=name&limit=15&page=3" "Mozilla/5.0 (Windows NT 10.0; WOW64; Trident/7.0; rv:11.0) like Gecko"
91.133.70.9 - - [30/Sep/2019:11:23:30 +0200] "GET /loadthumbnail.php?id=11197547&width=113 HTTP/1.1" 200 9073 "http://renault.activities.at/10260249?dir=DESC&mode=grid&order=name&limit=15&page=3" "Mozilla/5.0 (Windows NT 10.0; WOW64; Trident/7.0; rv:11.0) like Gecko"
91.133.70.9 - - [30/Sep/2019:11:23:30 +0200] "GET /loadthumbnail.php?id=10633817&width=113 HTTP/1.1" 200 2614 "http://renault.activities.at/10260249?dir=DESC&mode=grid&order=name&limit=15&page=3" "Mozilla/5.0 (Windows NT 10.0; WOW64; Trident/7.0; rv:11.0) like Gecko"
91.133.70.9 - - [30/Sep/2019:11:23:39 +0200] "GET /10260249?dir=DESC&mode=grid&order=name&limit=15&page=1 HTTP/1.1" 200 8944 "http://renault.activities.at/10260249?dir=DESC&mode=grid&order=name&limit=15&page=3" "Mozilla/5.0 (Windows NT 10.0; WOW64; Trident/7.0; rv:11.0) like Gecko"
193.194.132.24 - - [30/Sep/2019:11:23:53 +0200] "GET /reload?ser=1569835432795 HTTP/1.1" 200 28 "http://renault.2web.at/account?loadrequest=true" "Mozilla/5.0 (Windows NT 10.0; WOW64; Trident/7.0; Touch; rv:11.0) like Gecko"
80.123.221.50 - - [30/Sep/2019:11:23:53 +0200] "GET /reload?ser=1569835678564 HTTP/1.1" 200 28 "http://renault.2web.at/result?dir=DESC&mode=grid&order=name&limit=15&page=2&search=Clio" "Mozilla/5.0 (Windows NT 6.1; Win64; x64; rv:69.0) Gecko/20100101 Firefox/69.0"
91.133.70.9 - - [30/Sep/2019:11:24:07 +0200] "GET /10201442 HTTP/1.1" 200 8675 "http://renault.activities.at/10260249?dir=DESC&mode=grid&order=name&limit=15&page=1" "Mozilla/5.0 (Windows NT 10.0; WOW64; Trident/7.0; rv:11.0) like Gecko"
91.133.70.9 - - [30/Sep/2019:11:24:10 +0200] "GET /10201442 HTTP/1.1" 200 8675 "http://renault.activities.at/10201442" "Mozilla/5.0 (Windows NT 10.0; WOW64; Trident/7.0; rv:11.0) like Gecko"
82.135.5.126 - - [30/Sep/2019:11:24:14 +0200] "GET /reload?ser=1569835454584 HTTP/1.1" 200 28 "http://renault.activities.at/success" "Mozilla/5.0 (Windows NT 10.0; WOW64; Trident/7.0; rv:11.0) like Gecko"
193.194.132.24 - - [30/Sep/2019:11:24:54 +0200] "GET /reload?ser=1569835493922 HTTP/1.1" 200 28 "http://renault.2web.at/account?loadrequest=true" "Mozilla/5.0 (Windows NT 10.0; WOW64; Trident/7.0; Touch; rv:11.0) like Gecko"
80.123.221.50 - - [30/Sep/2019:11:24:54 +0200] "GET /reload?ser=1569835739505 HTTP/1.1" 200 28 "http://renault.2web.at/result?dir=DESC&mode=grid&order=name&limit=15&page=2&search=Clio" "Mozilla/5.0 (Windows NT 6.1; Win64; x64; rv:69.0) Gecko/20100101 Firefox/69.0"
91.133.70.9 - - [30/Sep/2019:11:25:11 +0200] "GET /reload?ser=1569835369464 HTTP/1.1" 200 28 "http://renault.activities.at/10201442" "Mozilla/5.0 (Windows NT 10.0; WOW64; Trident/7.0; rv:11.0) like Gecko"
82.135.5.126 - - [30/Sep/2019:11:25:15 +0200] "GET /reload?ser=1569835515658 HTTP/1.1" 200 28 "http://renault.activities.at/success" "Mozilla/5.0 (Windows NT 10.0; WOW64; Trident/7.0; rv:11.0) like Gecko"
193.194.132.24 - - [30/Sep/2019:11:25:55 +0200] "GET /reload?ser=1569835555124 HTTP/1.1" 200 28 "http://renault.2web.at/account?loadrequest=true" "Mozilla/5.0 (Windows NT 10.0; WOW64; Trident/7.0; Touch; rv:11.0) like Gecko"
80.123.221.50 - - [30/Sep/2019:11:25:55 +0200] "GET /reload?ser=1569835800446 HTTP/1.1" 200 28 "http://renault.2web.at/result?dir=DESC&mode=grid&order=name&limit=15&page=2&search=Clio" "Mozilla/5.0 (Windows NT 6.1; Win64; x64; rv:69.0) Gecko/20100101 Firefox/69.0"
91.133.70.9 - - [30/Sep/2019:11:26:12 +0200] "GET /reload?ser=1569835430445 HTTP/1.1" 200 28 "http://renault.activities.at/10201442" "Mozilla/5.0 (Windows NT 10.0; WOW64; Trident/7.0; rv:11.0) like Gecko"
82.135.5.126 - - [30/Sep/2019:11:26:16 +0200] "GET /reload?ser=1569835576673 HTTP/1.1" 200 28 "http://renault.activities.at/success" "Mozilla/5.0 (Windows NT 10.0; WOW64; Trident/7.0; rv:11.0) like Gecko"
193.194.132.24 - - [30/Sep/2019:11:26:56 +0200] "GET /reload?ser=1569835616227 HTTP/1.1" 200 28 "http://renault.2web.at/account?loadrequest=true" "Mozilla/5.0 (Windows NT 10.0; WOW64; Trident/7.0; Touch; rv:11.0) like Gecko"
80.123.221.50 - - [30/Sep/2019:11:26:56 +0200] "GET /reload?ser=1569835861404 HTTP/1.1" 200 28 "http://renault.2web.at/result?dir=DESC&mode=grid&order=name&limit=15&page=2&search=Clio" "Mozilla/5.0 (Windows NT 6.1; Win64; x64; rv:69.0) Gecko/20100101 Firefox/69.0"
91.133.70.9 - - [30/Sep/2019:11:27:13 +0200] "GET /reload?ser=1569835491421 HTTP/1.1" 200 28 "http://renault.activities.at/10201442" "Mozilla/5.0 (Windows NT 10.0; WOW64; Trident/7.0; rv:11.0) like Gecko"
82.135.5.126 - - [30/Sep/2019:11:27:17 +0200] "GET /reload?ser=1569835637676 HTTP/1.1" 200 28 "http://renault.activities.at/success" "Mozilla/5.0 (Windows NT 10.0; WOW64; Trident/7.0; rv:11.0) like Gecko"
193.194.132.24 - - [30/Sep/2019:11:27:57 +0200] "GET /reload?ser=1569835677472 HTTP/1.1" 200 28 "http://renault.2web.at/account?loadrequest=true" "Mozilla/5.0 (Windows NT 10.0; WOW64; Trident/7.0; Touch; rv:11.0) like Gecko"
80.123.221.50 - - [30/Sep/2019:11:27:57 +0200] "GET /reload?ser=1569835922340 HTTP/1.1" 200 28 "http://renault.2web.at/result?dir=DESC&mode=grid&order=name&limit=15&page=2&search=Clio" "Mozilla/5.0 (Windows NT 6.1; Win64; x64; rv:69.0) Gecko/20100101 Firefox/69.0"
91.133.70.9 - - [30/Sep/2019:11:28:14 +0200] "GET /reload?ser=1569835552398 HTTP/1.1" 200 28 "http://renault.activities.at/10201442" "Mozilla/5.0 (Windows NT 10.0; WOW64; Trident/7.0; rv:11.0) like Gecko"
82.135.5.126 - - [30/Sep/2019:11:28:18 +0200] "GET /reload?ser=1569835698610 HTTP/1.1" 200 28 "http://renault.activities.at/success" "Mozilla/5.0 (Windows NT 10.0; WOW64; Trident/7.0; rv:11.0) like Gecko"
193.194.132.24 - - [30/Sep/2019:11:28:58 +0200] "GET /reload?ser=1569835738537 HTTP/1.1" 200 28 "http://renault.2web.at/account?loadrequest=true" "Mozilla/5.0 (Windows NT 10.0; WOW64; Trident/7.0; Touch; rv:11.0) like Gecko"
80.123.221.50 - - [30/Sep/2019:11:28:58 +0200] "GET /reload?ser=1569835983440 HTTP/1.1" 200 28 "http://renault.2web.at/result?dir=DESC&mode=grid&order=name&limit=15&page=2&search=Clio" "Mozilla/5.0 (Windows NT 6.1; Win64; x64; rv:69.0) Gecko/20100101 Firefox/69.0"
91.133.70.9 - - [30/Sep/2019:11:29:15 +0200] "GET /reload?ser=1569835613350 HTTP/1.1" 200 28 "http://renault.activities.at/10201442" "Mozilla/5.0 (Windows NT 10.0; WOW64; Trident/7.0; rv:11.0) like Gecko"
82.135.5.126 - - [30/Sep/2019:11:29:19 +0200] "GET /reload?ser=1569835759575 HTTP/1.1" 200 28 "http://renault.activities.at/success" "Mozilla/5.0 (Windows NT 10.0; WOW64; Trident/7.0; rv:11.0) like Gecko"
80.123.221.50 - - [30/Sep/2019:11:29:59 +0200] "GET /reload?ser=1569836044396 HTTP/1.1" 200 28 "http://renault.2web.at/result?dir=DESC&mode=grid&order=name&limit=15&page=2&search=Clio" "Mozilla/5.0 (Windows NT 6.1; Win64; x64; rv:69.0) Gecko/20100101 Firefox/69.0"
193.194.132.24 - - [30/Sep/2019:11:29:59 +0200] "GET /reload?ser=1569835799624 HTTP/1.1" 200 28 "http://renault.2web.at/account?loadrequest=true" "Mozilla/5.0 (Windows NT 10.0; WOW64; Trident/7.0; Touch; rv:11.0) like Gecko"
91.133.70.9 - - [30/Sep/2019:11:30:16 +0200] "GET /reload?ser=1569835674308 HTTP/1.1" 200 28 "http://renault.activities.at/10201442" "Mozilla/5.0 (Windows NT 10.0; WOW64; Trident/7.0; rv:11.0) like Gecko"
82.135.5.126 - - [30/Sep/2019:11:30:20 +0200] "GET /reload?ser=1569835820575 HTTP/1.1" 200 28 "http://renault.activities.at/success" "Mozilla/5.0 (Windows NT 10.0; WOW64; Trident/7.0; rv:11.0) like Gecko"
80.123.221.50 - - [30/Sep/2019:11:31:00 +0200] "GET /reload?ser=1569836105414 HTTP/1.1" 200 28 "http://renault.2web.at/result?dir=DESC&mode=grid&order=name&limit=15&page=2&search=Clio" "Mozilla/5.0 (Windows NT 6.1; Win64; x64; rv:69.0) Gecko/20100101 Firefox/69.0"
193.194.132.24 - - [30/Sep/2019:11:31:01 +0200] "GET /reload?ser=1569835860854 HTTP/1.1" 200 28 "http://renault.2web.at/account?loadrequest=true" "Mozilla/5.0 (Windows NT 10.0; WOW64; Trident/7.0; Touch; rv:11.0) like Gecko"
91.133.70.9 - - [30/Sep/2019:11:31:17 +0200] "GET /reload?ser=1569835735260 HTTP/1.1" 200 28 "http://renault.activities.at/10201442" "Mozilla/5.0 (Windows NT 10.0; WOW64; Trident/7.0; rv:11.0) like Gecko"
82.135.5.126 - - [30/Sep/2019:11:31:21 +0200] "GET /reload?ser=1569835881589 HTTP/1.1" 200 28 "http://renault.activities.at/success" "Mozilla/5.0 (Windows NT 10.0; WOW64; Trident/7.0; rv:11.0) like Gecko"
80.123.221.50 - - [30/Sep/2019:11:32:01 +0200] "GET /reload?ser=1569836166338 HTTP/1.1" 200 28 "http://renault.2web.at/result?dir=DESC&mode=grid&order=name&limit=15&page=2&search=Clio" "Mozilla/5.0 (Windows NT 6.1; Win64; x64; rv:69.0) Gecko/20100101 Firefox/69.0"
193.194.132.24 - - [30/Sep/2019:11:32:02 +0200] "GET /reload?ser=1569835922143 HTTP/1.1" 200 28 "http://renault.2web.at/account?loadrequest=true" "Mozilla/5.0 (Windows NT 10.0; WOW64; Trident/7.0; Touch; rv:11.0) like Gecko"
91.133.70.9 - - [30/Sep/2019:11:32:18 +0200] "GET /reload?ser=1569835796229 HTTP/1.1" 200 28 "http://renault.activities.at/10201442" "Mozilla/5.0 (Windows NT 10.0; WOW64; Trident/7.0; rv:11.0) like Gecko"
82.135.5.126 - - [30/Sep/2019:11:32:22 +0200] "GET /reload?ser=1569835942550 HTTP/1.1" 200 28 "http://renault.activities.at/success" "Mozilla/5.0 (Windows NT 10.0; WOW64; Trident/7.0; rv:11.0) like Gecko"
80.123.221.50 - - [30/Sep/2019:11:33:02 +0200] "GET /reload?ser=1569836227296 HTTP/1.1" 200 28 "http://renault.2web.at/result?dir=DESC&mode=grid&order=name&limit=15&page=2&search=Clio" "Mozilla/5.0 (Windows NT 6.1; Win64; x64; rv:69.0) Gecko/20100101 Firefox/69.0"
193.194.132.24 - - [30/Sep/2019:11:33:03 +0200] "GET /reload?ser=1569835983245 HTTP/1.1" 200 28 "http://renault.2web.at/account?loadrequest=true" "Mozilla/5.0 (Windows NT 10.0; WOW64; Trident/7.0; Touch; rv:11.0) like Gecko"
91.133.70.9 - - [30/Sep/2019:11:33:19 +0200] "GET /reload?ser=1569835857196 HTTP/1.1" 200 28 "http://renault.activities.at/10201442" "Mozilla/5.0 (Windows NT 10.0; WOW64; Trident/7.0; rv:11.0) like Gecko"
82.135.5.126 - - [30/Sep/2019:11:33:23 +0200] "GET /reload?ser=1569836003533 HTTP/1.1" 200 28 "http://renault.activities.at/success" "Mozilla/5.0 (Windows NT 10.0; WOW64; Trident/7.0; rv:11.0) like Gecko"
80.123.221.50 - - [30/Sep/2019:11:34:03 +0200] "GET /reload?ser=1569836288262 HTTP/1.1" 200 28 "http://renault.2web.at/result?dir=DESC&mode=grid&order=name&limit=15&page=2&search=Clio" "Mozilla/5.0 (Windows NT 6.1; Win64; x64; rv:69.0) Gecko/20100101 Firefox/69.0"
193.194.132.24 - - [30/Sep/2019:11:34:04 +0200] "GET /reload?ser=1569836044431 HTTP/1.1" 200 28 "http://renault.2web.at/account?loadrequest=true" "Mozilla/5.0 (Windows NT 10.0; WOW64; Trident/7.0; Touch; rv:11.0) like Gecko"
91.133.70.9 - - [30/Sep/2019:11:34:20 +0200] "GET /reload?ser=1569835918138 HTTP/1.1" 200 28 "http://renault.activities.at/10201442" "Mozilla/5.0 (Windows NT 10.0; WOW64; Trident/7.0; rv:11.0) like Gecko"
82.135.5.126 - - [30/Sep/2019:11:34:24 +0200] "GET /reload?ser=1569836064532 HTTP/1.1" 200 28 "http://renault.activities.at/success" "Mozilla/5.0 (Windows NT 10.0; WOW64; Trident/7.0; rv:11.0) like Gecko"
66.249.93.64 - - [30/Sep/2019:11:34:36 +0200] "GET /images/favicon.ico HTTP/1.1" 404 305 "-" "Mozilla/5.0 (X11; Linux x86_64) AppleWebKit/537.36 (KHTML, like Gecko) Chrome/49.0.2623.75 Safari/537.36 Google Favicon"
