91.113.165.162 - - [01/Oct/2019:11:54:49 +0200] "GET /loadthumbnail.php?id=11592506&width=50&height=50 HTTP/1.1" 200 1999 "http://renault.activities.at/account" "Mozilla/5.0 (Windows NT 10.0; WOW64; Trident/7.0; rv:11.0) like Gecko"
91.113.165.162 - - [01/Oct/2019:11:54:49 +0200] "GET /images/main_block_corner_right_top.gif HTTP/1.1" 200 159 "http://renault.activities.at/account" "Mozilla/5.0 (Windows NT 10.0; WOW64; Trident/7.0; rv:11.0) like Gecko"
91.113.165.162 - - [01/Oct/2019:11:54:49 +0200] "GET /images/main_block_corner_left_top.gif HTTP/1.1" 304 - "http://renault.activities.at/account" "Mozilla/5.0 (Windows NT 10.0; WOW64; Trident/7.0; rv:11.0) like Gecko"
91.113.165.162 - - [01/Oct/2019:11:54:49 +0200] "GET /images/main_block_corner_right_bot.gif HTTP/1.1" 304 - "http://renault.activities.at/account" "Mozilla/5.0 (Windows NT 10.0; WOW64; Trident/7.0; rv:11.0) like Gecko"
91.113.165.162 - - [01/Oct/2019:11:54:49 +0200] "GET /images/main_block_corner_left_bot.gif HTTP/1.1" 304 - "http://renault.activities.at/account" "Mozilla/5.0 (Windows NT 10.0; WOW64; Trident/7.0; rv:11.0) like Gecko"
91.113.165.162 - - [01/Oct/2019:11:54:49 +0200] "GET /images/top_links_divider.gif HTTP/1.1" 200 44 "http://renault.activities.at/account" "Mozilla/5.0 (Windows NT 10.0; WOW64; Trident/7.0; rv:11.0) like Gecko"
91.113.165.162 - - [01/Oct/2019:11:54:49 +0200] "GET /images/menu_button_bg.jpg HTTP/1.1" 200 322 "http://renault.activities.at/account" "Mozilla/5.0 (Windows NT 10.0; WOW64; Trident/7.0; rv:11.0) like Gecko"
91.113.165.162 - - [01/Oct/2019:11:54:49 +0200] "GET /images/nav_divider.gif HTTP/1.1" 200 43 "http://renault.activities.at/account" "Mozilla/5.0 (Windows NT 10.0; WOW64; Trident/7.0; rv:11.0) like Gecko"
91.113.165.162 - - [01/Oct/2019:11:54:49 +0200] "GET /images/menu_divider.gif HTTP/1.1" 200 176 "http://renault.activities.at/account" "Mozilla/5.0 (Windows NT 10.0; WOW64; Trident/7.0; rv:11.0) like Gecko"
91.113.165.162 - - [01/Oct/2019:11:54:49 +0200] "GET /images/button_left_bg.gif HTTP/1.1" 304 - "http://renault.activities.at/account" "Mozilla/5.0 (Windows NT 10.0; WOW64; Trident/7.0; rv:11.0) like Gecko"
91.113.165.162 - - [01/Oct/2019:11:54:49 +0200] "GET /images/sidebar_title_border.gif HTTP/1.1" 200 43 "http://renault.activities.at/account" "Mozilla/5.0 (Windows NT 10.0; WOW64; Trident/7.0; rv:11.0) like Gecko"
91.113.165.162 - - [01/Oct/2019:11:54:49 +0200] "GET /images/sidebar_title_corner_left_top.gif HTTP/1.1" 200 1124 "http://renault.activities.at/account" "Mozilla/5.0 (Windows NT 10.0; WOW64; Trident/7.0; rv:11.0) like Gecko"
91.113.165.162 - - [01/Oct/2019:11:54:49 +0200] "GET /images/sidebar_title_border_top.gif HTTP/1.1" 200 155 "http://renault.activities.at/account" "Mozilla/5.0 (Windows NT 10.0; WOW64; Trident/7.0; rv:11.0) like Gecko"
91.113.165.162 - - [01/Oct/2019:11:54:49 +0200] "GET /images/sidebar_title_corner_right_top.gif HTTP/1.1" 200 383 "http://renault.activities.at/account" "Mozilla/5.0 (Windows NT 10.0; WOW64; Trident/7.0; rv:11.0) like Gecko"
91.113.165.162 - - [01/Oct/2019:11:54:49 +0200] "GET /images/button_right_bg.gif HTTP/1.1" 304 - "http://renault.activities.at/account" "Mozilla/5.0 (Windows NT 10.0; WOW64; Trident/7.0; rv:11.0) like Gecko"
91.113.165.162 - - [01/Oct/2019:11:54:49 +0200] "GET /images/button_bg.gif HTTP/1.1" 304 - "http://renault.activities.at/account" "Mozilla/5.0 (Windows NT 10.0; WOW64; Trident/7.0; rv:11.0) like Gecko"
91.113.165.162 - - [01/Oct/2019:11:54:49 +0200] "GET /images/title_border.jpg HTTP/1.1" 304 - "http://renault.activities.at/account" "Mozilla/5.0 (Windows NT 10.0; WOW64; Trident/7.0; rv:11.0) like Gecko"
91.113.165.162 - - [01/Oct/2019:11:54:49 +0200] "GET /images/title_border_top.jpg HTTP/1.1" 200 336 "http://renault.activities.at/account" "Mozilla/5.0 (Windows NT 10.0; WOW64; Trident/7.0; rv:11.0) like Gecko"
91.113.165.162 - - [01/Oct/2019:11:54:49 +0200] "GET /images/title_corner_left_top.jpg HTTP/1.1" 304 - "http://renault.activities.at/account" "Mozilla/5.0 (Windows NT 10.0; WOW64; Trident/7.0; rv:11.0) like Gecko"
91.113.165.162 - - [01/Oct/2019:11:54:49 +0200] "GET /images/title_corner_right_top.jpg HTTP/1.1" 200 389 "http://renault.activities.at/account" "Mozilla/5.0 (Windows NT 10.0; WOW64; Trident/7.0; rv:11.0) like Gecko"
91.113.165.162 - - [01/Oct/2019:11:54:49 +0200] "GET /images/reset_bg.gif HTTP/1.1" 200 785 "http://renault.activities.at/account" "Mozilla/5.0 (Windows NT 10.0; WOW64; Trident/7.0; rv:11.0) like Gecko"
91.113.165.162 - - [01/Oct/2019:11:54:49 +0200] "GET /images/validation_advice_bg.gif HTTP/1.1" 200 134 "http://renault.activities.at/account" "Mozilla/5.0 (Windows NT 10.0; WOW64; Trident/7.0; rv:11.0) like Gecko"
91.113.165.162 - - [01/Oct/2019:11:54:49 +0200] "GET /images/footer_divider.gif HTTP/1.1" 200 44 "http://renault.activities.at/account" "Mozilla/5.0 (Windows NT 10.0; WOW64; Trident/7.0; rv:11.0) like Gecko"
138.21.12.22 - - [01/Oct/2019:11:54:49 +0200] "GET /reload?ser=1569923688921 HTTP/1.1" 200 28 "http://renault.2web.at/result?searchterm=true&search=garantie" "Mozilla/5.0 (Windows NT 10.0; WOW64; Trident/7.0; Touch; rv:11.0) like Gecko"
213.153.47.173 - - [01/Oct/2019:11:54:57 +0200] "GET /layout.php HTTP/1.1" 200 1558 "-" "Mozilla/5.0 (Windows NT 10.0; Win64; x64) AppleWebKit/537.36 (KHTML, like Gecko) Chrome/76.0.3809.132 Safari/537.36 OPR/63.0.3368.94"
213.153.47.173 - - [01/Oct/2019:11:54:58 +0200] "GET /images/favicon.ico HTTP/1.1" 404 305 "-" "Mozilla/5.0 (Windows NT 10.0; Win64; x64) AppleWebKit/537.36 (KHTML, like Gecko) Chrome/76.0.3809.132 Safari/537.36 OPR/63.0.3368.94"
91.113.165.162 - - [01/Oct/2019:11:55:09 +0200] "POST /axjaxrequest?mode=suggest HTTP/1.1" 200 127 "http://renault.activities.at/account" "Mozilla/5.0 (Windows NT 10.0; WOW64; Trident/7.0; rv:11.0) like Gecko"
91.113.165.162 - - [01/Oct/2019:11:55:09 +0200] "GET /result?searchterm=true&search=motorraumaufh%E4nger HTTP/1.1" 200 6301 "http://renault.activities.at/account" "Mozilla/5.0 (Windows NT 10.0; WOW64; Trident/7.0; rv:11.0) like Gecko"
91.113.165.162 - - [01/Oct/2019:11:55:12 +0200] "GET /js/default.js HTTP/1.1" 304 - "http://renault.activities.at/result?searchterm=true&search=motorraumaufh%E4nger" "Mozilla/5.0 (Windows NT 10.0; WOW64; Trident/7.0; rv:11.0) like Gecko"
91.113.165.162 - - [01/Oct/2019:11:55:12 +0200] "GET /css/reset.css HTTP/1.1" 304 - "http://renault.activities.at/result?searchterm=true&search=motorraumaufh%E4nger" "Mozilla/5.0 (Windows NT 10.0; WOW64; Trident/7.0; rv:11.0) like Gecko"
91.113.165.162 - - [01/Oct/2019:11:55:12 +0200] "GET /js/prototip.js HTTP/1.1" 200 4588 "http://renault.activities.at/result?searchterm=true&search=motorraumaufh%E4nger" "Mozilla/5.0 (Windows NT 10.0; WOW64; Trident/7.0; rv:11.0) like Gecko"
91.113.165.162 - - [01/Oct/2019:11:55:12 +0200] "GET /css/styles.css HTTP/1.1" 304 - "http://renault.activities.at/result?searchterm=true&search=motorraumaufh%E4nger" "Mozilla/5.0 (Windows NT 10.0; WOW64; Trident/7.0; rv:11.0) like Gecko"
91.113.165.162 - - [01/Oct/2019:11:55:12 +0200] "GET /css/clears.css HTTP/1.1" 200 851 "http://renault.activities.at/result?searchterm=true&search=motorraumaufh%E4nger" "Mozilla/5.0 (Windows NT 10.0; WOW64; Trident/7.0; rv:11.0) like Gecko"
91.113.165.162 - - [01/Oct/2019:11:55:12 +0200] "GET /css/print.css HTTP/1.1" 200 543 "http://renault.activities.at/result?searchterm=true&search=motorraumaufh%E4nger" "Mozilla/5.0 (Windows NT 10.0; WOW64; Trident/7.0; rv:11.0) like Gecko"
91.113.165.162 - - [01/Oct/2019:11:55:12 +0200] "GET /js/checkout.css HTTP/1.1" 200 359 "http://renault.activities.at/result?searchterm=true&search=motorraumaufh%E4nger" "Mozilla/5.0 (Windows NT 10.0; WOW64; Trident/7.0; rv:11.0) like Gecko"
91.113.165.162 - - [01/Oct/2019:11:55:12 +0200] "GET /css/prototip.css HTTP/1.1" 304 - "http://renault.activities.at/result?searchterm=true&search=motorraumaufh%E4nger" "Mozilla/5.0 (Windows NT 10.0; WOW64; Trident/7.0; rv:11.0) like Gecko"
91.113.165.162 - - [01/Oct/2019:11:55:12 +0200] "GET /css/themes/default.css HTTP/1.1" 304 - "http://renault.activities.at/result?searchterm=true&search=motorraumaufh%E4nger" "Mozilla/5.0 (Windows NT 10.0; WOW64; Trident/7.0; rv:11.0) like Gecko"
91.113.165.162 - - [01/Oct/2019:11:55:12 +0200] "GET /css/themes/alphacube.css HTTP/1.1" 200 743 "http://renault.activities.at/result?searchterm=true&search=motorraumaufh%E4nger" "Mozilla/5.0 (Windows NT 10.0; WOW64; Trident/7.0; rv:11.0) like Gecko"
91.113.165.162 - - [01/Oct/2019:11:55:12 +0200] "GET /js/ProduktGrp.js HTTP/1.1" 200 1569 "http://renault.activities.at/result?searchterm=true&search=motorraumaufh%E4nger" "Mozilla/5.0 (Windows NT 10.0; WOW64; Trident/7.0; rv:11.0) like Gecko"
91.113.165.162 - - [01/Oct/2019:11:55:12 +0200] "GET /images/loading.gif HTTP/1.1" 200 3208 "http://renault.activities.at/result?searchterm=true&search=motorraumaufh%E4nger" "Mozilla/5.0 (Windows NT 10.0; WOW64; Trident/7.0; rv:11.0) like Gecko"
91.113.165.162 - - [01/Oct/2019:11:55:12 +0200] "GET /js/index.php?c=auto&f=,prototype/prototype.js,prototype/validation.js,scriptaculous/builder.js,scriptaculous/effects.js,scriptaculous/dragdrop.js,scriptaculous/controls.js,scriptaculous/slider.js,varien/js.js,varien/form.js,varien/menu.js,mage/translate.js,mage/cookies.js,varien/product.js,spinner/SpinnerControl.jsmin.js,prototype/window.js,prototype/window_ext.js HTTP/1.1" 200 94182 "http://renault.activities.at/result?searchterm=true&search=motorraumaufh%E4nger" "Mozilla/5.0 (Windows NT 10.0; WOW64; Trident/7.0; rv:11.0) like Gecko"
91.113.165.162 - - [01/Oct/2019:11:55:12 +0200] "GET /loadthumbnail.php?id=10203255 HTTP/1.1" 200 137 "http://renault.activities.at/result?searchterm=true&search=motorraumaufh%E4nger" "Mozilla/5.0 (Windows NT 10.0; WOW64; Trident/7.0; rv:11.0) like Gecko"
91.113.165.162 - - [01/Oct/2019:11:55:12 +0200] "GET /loadthumbnail.php?id=11592489&width=113 HTTP/1.1" 200 16712 "http://renault.activities.at/result?searchterm=true&search=motorraumaufh%E4nger" "Mozilla/5.0 (Windows NT 10.0; WOW64; Trident/7.0; rv:11.0) like Gecko"
91.113.165.162 - - [01/Oct/2019:11:55:12 +0200] "GET /loadthumbnail.php?id=11592511&width=113 HTTP/1.1" 200 21270 "http://renault.activities.at/result?searchterm=true&search=motorraumaufh%E4nger" "Mozilla/5.0 (Windows NT 10.0; WOW64; Trident/7.0; rv:11.0) like Gecko"
91.113.165.162 - - [01/Oct/2019:11:55:12 +0200] "GET /images/header_block_border.gif HTTP/1.1" 200 43 "http://renault.activities.at/result?searchterm=true&search=motorraumaufh%E4nger" "Mozilla/5.0 (Windows NT 10.0; WOW64; Trident/7.0; rv:11.0) like Gecko"
91.113.165.162 - - [01/Oct/2019:11:55:12 +0200] "GET /images/search_bg.gif HTTP/1.1" 304 - "http://renault.activities.at/result?searchterm=true&search=motorraumaufh%E4nger" "Mozilla/5.0 (Windows NT 10.0; WOW64; Trident/7.0; rv:11.0) like Gecko"
91.113.165.162 - - [01/Oct/2019:11:55:12 +0200] "GET /images/main_block_border.gif HTTP/1.1" 200 43 "http://renault.activities.at/result?searchterm=true&search=motorraumaufh%E4nger" "Mozilla/5.0 (Windows NT 10.0; WOW64; Trident/7.0; rv:11.0) like Gecko"
91.113.165.162 - - [01/Oct/2019:11:55:12 +0200] "GET /images/main_block_corner_left_top.gif HTTP/1.1" 304 - "http://renault.activities.at/result?searchterm=true&search=motorraumaufh%E4nger" "Mozilla/5.0 (Windows NT 10.0; WOW64; Trident/7.0; rv:11.0) like Gecko"
91.113.165.162 - - [01/Oct/2019:11:55:12 +0200] "GET /images/main_block_corner_right_top.gif HTTP/1.1" 200 159 "http://renault.activities.at/result?searchterm=true&search=motorraumaufh%E4nger" "Mozilla/5.0 (Windows NT 10.0; WOW64; Trident/7.0; rv:11.0) like Gecko"
91.113.165.162 - - [01/Oct/2019:11:55:12 +0200] "GET /loadthumbnail.php?id=11592506&width=113 HTTP/1.1" 200 18179 "http://renault.activities.at/result?searchterm=true&search=motorraumaufh%E4nger" "Mozilla/5.0 (Windows NT 10.0; WOW64; Trident/7.0; rv:11.0) like Gecko"
91.113.165.162 - - [01/Oct/2019:11:55:12 +0200] "GET /images/main_block_corner_left_bot.gif HTTP/1.1" 304 - "http://renault.activities.at/result?searchterm=true&search=motorraumaufh%E4nger" "Mozilla/5.0 (Windows NT 10.0; WOW64; Trident/7.0; rv:11.0) like Gecko"
91.113.165.162 - - [01/Oct/2019:11:55:12 +0200] "GET /images/main_block_corner_right_bot.gif HTTP/1.1" 304 - "http://renault.activities.at/result?searchterm=true&search=motorraumaufh%E4nger" "Mozilla/5.0 (Windows NT 10.0; WOW64; Trident/7.0; rv:11.0) like Gecko"
91.113.165.162 - - [01/Oct/2019:11:55:12 +0200] "GET /images/header_block_corner_right_top.gif HTTP/1.1" 304 - "http://renault.activities.at/result?searchterm=true&search=motorraumaufh%E4nger" "Mozilla/5.0 (Windows NT 10.0; WOW64; Trident/7.0; rv:11.0) like Gecko"
91.113.165.162 - - [01/Oct/2019:11:55:12 +0200] "GET /images/header_block_corner_left_top.gif HTTP/1.1" 304 - "http://renault.activities.at/result?searchterm=true&search=motorraumaufh%E4nger" "Mozilla/5.0 (Windows NT 10.0; WOW64; Trident/7.0; rv:11.0) like Gecko"
91.113.165.162 - - [01/Oct/2019:11:55:12 +0200] "GET /images/title_corner_right_top.jpg HTTP/1.1" 200 389 "http://renault.activities.at/result?searchterm=true&search=motorraumaufh%E4nger" "Mozilla/5.0 (Windows NT 10.0; WOW64; Trident/7.0; rv:11.0) like Gecko"
91.113.165.162 - - [01/Oct/2019:11:55:12 +0200] "GET /images/pager_bg.gif HTTP/1.1" 200 150 "http://renault.activities.at/result?searchterm=true&search=motorraumaufh%E4nger" "Mozilla/5.0 (Windows NT 10.0; WOW64; Trident/7.0; rv:11.0) like Gecko"
91.113.165.162 - - [01/Oct/2019:11:55:12 +0200] "GET /images/vista-up.gif HTTP/1.1" 200 131 "http://renault.activities.at/result?searchterm=true&search=motorraumaufh%E4nger" "Mozilla/5.0 (Windows NT 10.0; WOW64; Trident/7.0; rv:11.0) like Gecko"
91.113.165.162 - - [01/Oct/2019:11:55:12 +0200] "GET /images/title_border_top.jpg HTTP/1.1" 200 336 "http://renault.activities.at/result?searchterm=true&search=motorraumaufh%E4nger" "Mozilla/5.0 (Windows NT 10.0; WOW64; Trident/7.0; rv:11.0) like Gecko"
91.113.165.162 - - [01/Oct/2019:11:55:12 +0200] "GET /images/title_corner_left_top.jpg HTTP/1.1" 304 - "http://renault.activities.at/result?searchterm=true&search=motorraumaufh%E4nger" "Mozilla/5.0 (Windows NT 10.0; WOW64; Trident/7.0; rv:11.0) like Gecko"
91.113.165.162 - - [01/Oct/2019:11:55:12 +0200] "GET /images/button_right_bg.gif HTTP/1.1" 304 - "http://renault.activities.at/result?searchterm=true&search=motorraumaufh%E4nger" "Mozilla/5.0 (Windows NT 10.0; WOW64; Trident/7.0; rv:11.0) like Gecko"
91.113.165.162 - - [01/Oct/2019:11:55:12 +0200] "GET /images/title_border.jpg HTTP/1.1" 304 - "http://renault.activities.at/result?searchterm=true&search=motorraumaufh%E4nger" "Mozilla/5.0 (Windows NT 10.0; WOW64; Trident/7.0; rv:11.0) like Gecko"
91.113.165.162 - - [01/Oct/2019:11:55:12 +0200] "GET /images/button_bg.gif HTTP/1.1" 304 - "http://renault.activities.at/result?searchterm=true&search=motorraumaufh%E4nger" "Mozilla/5.0 (Windows NT 10.0; WOW64; Trident/7.0; rv:11.0) like Gecko"
91.113.165.162 - - [01/Oct/2019:11:55:12 +0200] "GET /images/sidebar_title_border_top.gif HTTP/1.1" 304 - "http://renault.activities.at/result?searchterm=true&search=motorraumaufh%E4nger" "Mozilla/5.0 (Windows NT 10.0; WOW64; Trident/7.0; rv:11.0) like Gecko"
91.113.165.162 - - [01/Oct/2019:11:55:12 +0200] "GET /images/sidebar_title_border.gif HTTP/1.1" 304 - "http://renault.activities.at/result?searchterm=true&search=motorraumaufh%E4nger" "Mozilla/5.0 (Windows NT 10.0; WOW64; Trident/7.0; rv:11.0) like Gecko"
91.113.165.162 - - [01/Oct/2019:11:55:12 +0200] "GET /images/nav_divider.gif HTTP/1.1" 304 - "http://renault.activities.at/result?searchterm=true&search=motorraumaufh%E4nger" "Mozilla/5.0 (Windows NT 10.0; WOW64; Trident/7.0; rv:11.0) like Gecko"
91.113.165.162 - - [01/Oct/2019:11:55:12 +0200] "GET /images/sidebar_title_corner_left_top.gif HTTP/1.1" 304 - "http://renault.activities.at/result?searchterm=true&search=motorraumaufh%E4nger" "Mozilla/5.0 (Windows NT 10.0; WOW64; Trident/7.0; rv:11.0) like Gecko"
91.113.165.162 - - [01/Oct/2019:11:55:12 +0200] "GET /images/menu_divider.gif HTTP/1.1" 304 - "http://renault.activities.at/result?searchterm=true&search=motorraumaufh%E4nger" "Mozilla/5.0 (Windows NT 10.0; WOW64; Trident/7.0; rv:11.0) like Gecko"
91.113.165.162 - - [01/Oct/2019:11:55:12 +0200] "GET /images/sidebar_title_corner_right_top.gif HTTP/1.1" 304 - "http://renault.activities.at/result?searchterm=true&search=motorraumaufh%E4nger" "Mozilla/5.0 (Windows NT 10.0; WOW64; Trident/7.0; rv:11.0) like Gecko"
91.113.165.162 - - [01/Oct/2019:11:55:12 +0200] "GET /images/top_links_divider.gif HTTP/1.1" 304 - "http://renault.activities.at/result?searchterm=true&search=motorraumaufh%E4nger" "Mozilla/5.0 (Windows NT 10.0; WOW64; Trident/7.0; rv:11.0) like Gecko"
91.113.165.162 - - [01/Oct/2019:11:55:12 +0200] "GET /images/button_left_bg.gif HTTP/1.1" 304 - "http://renault.activities.at/result?searchterm=true&search=motorraumaufh%E4nger" "Mozilla/5.0 (Windows NT 10.0; WOW64; Trident/7.0; rv:11.0) like Gecko"
91.113.165.162 - - [01/Oct/2019:11:55:12 +0200] "GET /images/menu_button_bg.jpg HTTP/1.1" 304 - "http://renault.activities.at/result?searchterm=true&search=motorraumaufh%E4nger" "Mozilla/5.0 (Windows NT 10.0; WOW64; Trident/7.0; rv:11.0) like Gecko"
91.113.165.162 - - [01/Oct/2019:11:55:12 +0200] "GET /images/vista-dn.gif HTTP/1.1" 200 128 "http://renault.activities.at/result?searchterm=true&search=motorraumaufh%E4nger" "Mozilla/5.0 (Windows NT 10.0; WOW64; Trident/7.0; rv:11.0) like Gecko"
91.113.165.162 - - [01/Oct/2019:11:55:12 +0200] "GET /images/validation_advice_bg.gif HTTP/1.1" 304 - "http://renault.activities.at/result?searchterm=true&search=motorraumaufh%E4nger" "Mozilla/5.0 (Windows NT 10.0; WOW64; Trident/7.0; rv:11.0) like Gecko"
91.113.165.162 - - [01/Oct/2019:11:55:12 +0200] "GET /images/footer_divider.gif HTTP/1.1" 304 - "http://renault.activities.at/result?searchterm=true&search=motorraumaufh%E4nger" "Mozilla/5.0 (Windows NT 10.0; WOW64; Trident/7.0; rv:11.0) like Gecko"
80.123.225.36 - - [01/Oct/2019:11:55:24 +0200] "GET /reload?ser=1569923738652 HTTP/1.1" 200 28 "http://renault.activities.at/success" "Mozilla/5.0 (Windows NT 6.1; WOW64; Trident/7.0; rv:11.0) like Gecko"
81.189.133.90 - - [01/Oct/2019:11:55:48 +0200] "GET /reload?ser=1569923748122 HTTP/1.1" 200 28 "http://renault.activities.at/login" "Mozilla/5.0 (Windows NT 10.0; WOW64; Trident/7.0; rv:11.0) like Gecko"
138.21.12.22 - - [01/Oct/2019:11:55:50 +0200] "GET /reload?ser=1569923749971 HTTP/1.1" 200 28 "http://renault.2web.at/result?searchterm=true&search=garantie" "Mozilla/5.0 (Windows NT 10.0; WOW64; Trident/7.0; Touch; rv:11.0) like Gecko"
81.189.133.90 - - [01/Oct/2019:11:56:48 +0200] "GET /reload?ser=1569923808763 HTTP/1.1" 200 28 "http://renault.activities.at/login" "Mozilla/5.0 (Windows NT 10.0; WOW64; Trident/7.0; rv:11.0) like Gecko"
138.21.12.22 - - [01/Oct/2019:11:56:51 +0200] "GET /reload?ser=1569923811017 HTTP/1.1" 200 28 "http://renault.2web.at/result?searchterm=true&search=garantie" "Mozilla/5.0 (Windows NT 10.0; WOW64; Trident/7.0; Touch; rv:11.0) like Gecko"
81.189.133.90 - - [01/Oct/2019:11:57:49 +0200] "GET /reload?ser=1569923869407 HTTP/1.1" 200 28 "http://renault.activities.at/login" "Mozilla/5.0 (Windows NT 10.0; WOW64; Trident/7.0; rv:11.0) like Gecko"
138.21.12.22 - - [01/Oct/2019:11:57:52 +0200] "GET /reload?ser=1569923872044 HTTP/1.1" 200 28 "http://renault.2web.at/result?searchterm=true&search=garantie" "Mozilla/5.0 (Windows NT 10.0; WOW64; Trident/7.0; Touch; rv:11.0) like Gecko"
81.189.133.90 - - [01/Oct/2019:11:58:50 +0200] "GET /reload?ser=1569923930078 HTTP/1.1" 200 28 "http://renault.activities.at/login" "Mozilla/5.0 (Windows NT 10.0; WOW64; Trident/7.0; rv:11.0) like Gecko"
138.21.12.22 - - [01/Oct/2019:11:58:53 +0200] "GET /reload?ser=1569923933079 HTTP/1.1" 200 28 "http://renault.2web.at/result?searchterm=true&search=garantie" "Mozilla/5.0 (Windows NT 10.0; WOW64; Trident/7.0; Touch; rv:11.0) like Gecko"
81.189.133.90 - - [01/Oct/2019:11:59:50 +0200] "GET /reload?ser=1569923990744 HTTP/1.1" 200 28 "http://renault.activities.at/login" "Mozilla/5.0 (Windows NT 10.0; WOW64; Trident/7.0; rv:11.0) like Gecko"
138.21.12.22 - - [01/Oct/2019:11:59:54 +0200] "GET /reload?ser=1569923994108 HTTP/1.1" 200 28 "http://renault.2web.at/result?searchterm=true&search=garantie" "Mozilla/5.0 (Windows NT 10.0; WOW64; Trident/7.0; Touch; rv:11.0) like Gecko"
81.189.133.90 - - [01/Oct/2019:12:00:51 +0200] "GET /reload?ser=1569924051380 HTTP/1.1" 200 28 "http://renault.activities.at/login" "Mozilla/5.0 (Windows NT 10.0; WOW64; Trident/7.0; rv:11.0) like Gecko"
138.21.12.22 - - [01/Oct/2019:12:00:55 +0200] "GET /reload?ser=1569924055154 HTTP/1.1" 200 28 "http://renault.2web.at/result?searchterm=true&search=garantie" "Mozilla/5.0 (Windows NT 10.0; WOW64; Trident/7.0; Touch; rv:11.0) like Gecko"
81.189.133.90 - - [01/Oct/2019:12:01:52 +0200] "GET /reload?ser=1569924112024 HTTP/1.1" 200 28 "http://renault.activities.at/login" "Mozilla/5.0 (Windows NT 10.0; WOW64; Trident/7.0; rv:11.0) like Gecko"
138.21.12.22 - - [01/Oct/2019:12:01:56 +0200] "GET /reload?ser=1569924116195 HTTP/1.1" 200 28 "http://renault.2web.at/result?searchterm=true&search=garantie" "Mozilla/5.0 (Windows NT 10.0; WOW64; Trident/7.0; Touch; rv:11.0) like Gecko"
81.189.133.90 - - [01/Oct/2019:12:02:52 +0200] "GET /reload?ser=1569924172673 HTTP/1.1" 200 28 "http://renault.activities.at/login" "Mozilla/5.0 (Windows NT 10.0; WOW64; Trident/7.0; rv:11.0) like Gecko"
138.21.12.22 - - [01/Oct/2019:12:02:57 +0200] "GET /reload?ser=1569924177240 HTTP/1.1" 200 28 "http://renault.2web.at/result?searchterm=true&search=garantie" "Mozilla/5.0 (Windows NT 10.0; WOW64; Trident/7.0; Touch; rv:11.0) like Gecko"
81.189.133.90 - - [01/Oct/2019:12:03:53 +0200] "GET /reload?ser=1569924233325 HTTP/1.1" 200 28 "http://renault.activities.at/login" "Mozilla/5.0 (Windows NT 10.0; WOW64; Trident/7.0; rv:11.0) like Gecko"
138.21.12.22 - - [01/Oct/2019:12:03:58 +0200] "GET /reload?ser=1569924238317 HTTP/1.1" 200 28 "http://renault.2web.at/result?searchterm=true&search=garantie" "Mozilla/5.0 (Windows NT 10.0; WOW64; Trident/7.0; Touch; rv:11.0) like Gecko"
81.189.133.90 - - [01/Oct/2019:12:04:53 +0200] "GET /reload?ser=1569924293988 HTTP/1.1" 200 28 "http://renault.activities.at/login" "Mozilla/5.0 (Windows NT 10.0; WOW64; Trident/7.0; rv:11.0) like Gecko"
138.21.12.22 - - [01/Oct/2019:12:05:00 +0200] "GET /reload?ser=1569924300060 HTTP/1.1" 200 28 "http://renault.2web.at/result?searchterm=true&search=garantie" "Mozilla/5.0 (Windows NT 10.0; WOW64; Trident/7.0; Touch; rv:11.0) like Gecko"
81.189.133.90 - - [01/Oct/2019:12:05:54 +0200] "GET /reload?ser=1569924354645 HTTP/1.1" 200 28 "http://renault.activities.at/login" "Mozilla/5.0 (Windows NT 10.0; WOW64; Trident/7.0; rv:11.0) like Gecko"
138.21.12.22 - - [01/Oct/2019:12:06:01 +0200] "GET /reload?ser=1569924361161 HTTP/1.1" 200 28 "http://renault.2web.at/result?searchterm=true&search=garantie" "Mozilla/5.0 (Windows NT 10.0; WOW64; Trident/7.0; Touch; rv:11.0) like Gecko"
81.189.133.90 - - [01/Oct/2019:12:06:55 +0200] "GET /reload?ser=1569924415297 HTTP/1.1" 200 28 "http://renault.activities.at/login" "Mozilla/5.0 (Windows NT 10.0; WOW64; Trident/7.0; rv:11.0) like Gecko"
138.21.12.22 - - [01/Oct/2019:12:07:02 +0200] "GET /reload?ser=1569924422292 HTTP/1.1" 200 28 "http://renault.2web.at/result?searchterm=true&search=garantie" "Mozilla/5.0 (Windows NT 10.0; WOW64; Trident/7.0; Touch; rv:11.0) like Gecko"
81.189.133.90 - - [01/Oct/2019:12:07:55 +0200] "GET /reload?ser=1569924475957 HTTP/1.1" 200 28 "http://renault.activities.at/login" "Mozilla/5.0 (Windows NT 10.0; WOW64; Trident/7.0; rv:11.0) like Gecko"
138.21.12.22 - - [01/Oct/2019:12:08:03 +0200] "GET /reload?ser=1569924483319 HTTP/1.1" 200 28 "http://renault.2web.at/result?searchterm=true&search=garantie" "Mozilla/5.0 (Windows NT 10.0; WOW64; Trident/7.0; Touch; rv:11.0) like Gecko"
81.189.133.90 - - [01/Oct/2019:12:08:56 +0200] "GET /reload?ser=1569924536614 HTTP/1.1" 200 28 "http://renault.activities.at/login" "Mozilla/5.0 (Windows NT 10.0; WOW64; Trident/7.0; rv:11.0) like Gecko"
138.21.12.22 - - [01/Oct/2019:12:09:04 +0200] "GET /reload?ser=1569924544368 HTTP/1.1" 200 28 "http://renault.2web.at/result?searchterm=true&search=garantie" "Mozilla/5.0 (Windows NT 10.0; WOW64; Trident/7.0; Touch; rv:11.0) like Gecko"
81.189.133.90 - - [01/Oct/2019:12:09:57 +0200] "GET /reload?ser=1569924597277 HTTP/1.1" 200 28 "http://renault.activities.at/login" "Mozilla/5.0 (Windows NT 10.0; WOW64; Trident/7.0; rv:11.0) like Gecko"
138.21.12.22 - - [01/Oct/2019:12:10:05 +0200] "GET /reload?ser=1569924605446 HTTP/1.1" 200 28 "http://renault.2web.at/result?searchterm=true&search=garantie" "Mozilla/5.0 (Windows NT 10.0; WOW64; Trident/7.0; Touch; rv:11.0) like Gecko"
81.189.133.90 - - [01/Oct/2019:12:10:57 +0200] "GET /reload?ser=1569924657935 HTTP/1.1" 200 28 "http://renault.activities.at/login" "Mozilla/5.0 (Windows NT 10.0; WOW64; Trident/7.0; rv:11.0) like Gecko"
138.21.12.22 - - [01/Oct/2019:12:11:06 +0200] "GET /reload?ser=1569924666501 HTTP/1.1" 200 28 "http://renault.2web.at/result?searchterm=true&search=garantie" "Mozilla/5.0 (Windows NT 10.0; WOW64; Trident/7.0; Touch; rv:11.0) like Gecko"
81.189.133.90 - - [01/Oct/2019:12:11:58 +0200] "GET /reload?ser=1569924718592 HTTP/1.1" 200 28 "http://renault.activities.at/login" "Mozilla/5.0 (Windows NT 10.0; WOW64; Trident/7.0; rv:11.0) like Gecko"
138.21.12.22 - - [01/Oct/2019:12:12:07 +0200] "GET /reload?ser=1569924727548 HTTP/1.1" 200 28 "http://renault.2web.at/result?searchterm=true&search=garantie" "Mozilla/5.0 (Windows NT 10.0; WOW64; Trident/7.0; Touch; rv:11.0) like Gecko"
81.189.133.90 - - [01/Oct/2019:12:12:59 +0200] "GET /reload?ser=1569924779297 HTTP/1.1" 200 28 "http://renault.activities.at/login" "Mozilla/5.0 (Windows NT 10.0; WOW64; Trident/7.0; rv:11.0) like Gecko"
138.21.12.22 - - [01/Oct/2019:12:13:08 +0200] "GET /reload?ser=1569924788657 HTTP/1.1" 200 28 "http://renault.2web.at/result?searchterm=true&search=garantie" "Mozilla/5.0 (Windows NT 10.0; WOW64; Trident/7.0; Touch; rv:11.0) like Gecko"
81.189.133.90 - - [01/Oct/2019:12:13:59 +0200] "GET /reload?ser=1569924839929 HTTP/1.1" 200 28 "http://renault.activities.at/login" "Mozilla/5.0 (Windows NT 10.0; WOW64; Trident/7.0; rv:11.0) like Gecko"
138.21.12.22 - - [01/Oct/2019:12:14:09 +0200] "GET /reload?ser=1569924849722 HTTP/1.1" 200 28 "http://renault.2web.at/result?searchterm=true&search=garantie" "Mozilla/5.0 (Windows NT 10.0; WOW64; Trident/7.0; Touch; rv:11.0) like Gecko"
81.189.133.90 - - [01/Oct/2019:12:15:00 +0200] "GET /reload?ser=1569924900578 HTTP/1.1" 200 28 "http://renault.activities.at/login" "Mozilla/5.0 (Windows NT 10.0; WOW64; Trident/7.0; rv:11.0) like Gecko"
138.21.12.22 - - [01/Oct/2019:12:15:10 +0200] "GET /reload?ser=1569924910742 HTTP/1.1" 200 28 "http://renault.2web.at/result?searchterm=true&search=garantie" "Mozilla/5.0 (Windows NT 10.0; WOW64; Trident/7.0; Touch; rv:11.0) like Gecko"
81.189.133.90 - - [01/Oct/2019:12:16:01 +0200] "GET /reload?ser=1569924961237 HTTP/1.1" 200 28 "http://renault.activities.at/login" "Mozilla/5.0 (Windows NT 10.0; WOW64; Trident/7.0; rv:11.0) like Gecko"
138.21.12.22 - - [01/Oct/2019:12:16:11 +0200] "GET /reload?ser=1569924971785 HTTP/1.1" 200 28 "http://renault.2web.at/result?searchterm=true&search=garantie" "Mozilla/5.0 (Windows NT 10.0; WOW64; Trident/7.0; Touch; rv:11.0) like Gecko"
81.189.133.90 - - [01/Oct/2019:12:17:01 +0200] "GET /reload?ser=1569925021881 HTTP/1.1" 200 28 "http://renault.activities.at/login" "Mozilla/5.0 (Windows NT 10.0; WOW64; Trident/7.0; rv:11.0) like Gecko"
138.21.12.22 - - [01/Oct/2019:12:17:13 +0200] "GET /reload?ser=1569925032858 HTTP/1.1" 200 28 "http://renault.2web.at/result?searchterm=true&search=garantie" "Mozilla/5.0 (Windows NT 10.0; WOW64; Trident/7.0; Touch; rv:11.0) like Gecko"
81.189.133.90 - - [01/Oct/2019:12:18:02 +0200] "GET /reload?ser=1569925082509 HTTP/1.1" 200 28 "http://renault.activities.at/login" "Mozilla/5.0 (Windows NT 10.0; WOW64; Trident/7.0; rv:11.0) like Gecko"
138.21.12.22 - - [01/Oct/2019:12:18:14 +0200] "GET /reload?ser=1569925093944 HTTP/1.1" 200 28 "http://renault.2web.at/result?searchterm=true&search=garantie" "Mozilla/5.0 (Windows NT 10.0; WOW64; Trident/7.0; Touch; rv:11.0) like Gecko"
81.189.133.90 - - [01/Oct/2019:12:19:03 +0200] "GET /reload?ser=1569925143174 HTTP/1.1" 200 28 "http://renault.activities.at/login" "Mozilla/5.0 (Windows NT 10.0; WOW64; Trident/7.0; rv:11.0) like Gecko"
138.21.12.22 - - [01/Oct/2019:12:19:15 +0200] "GET /reload?ser=1569925155009 HTTP/1.1" 200 28 "http://renault.2web.at/result?searchterm=true&search=garantie" "Mozilla/5.0 (Windows NT 10.0; WOW64; Trident/7.0; Touch; rv:11.0) like Gecko"
81.189.133.90 - - [01/Oct/2019:12:20:06 +0200] "GET /reload?ser=1569925206835 HTTP/1.1" 200 28 "http://renault.activities.at/login" "Mozilla/5.0 (Windows NT 10.0; WOW64; Trident/7.0; rv:11.0) like Gecko"
138.21.12.22 - - [01/Oct/2019:12:20:16 +0200] "GET /reload?ser=1569925216083 HTTP/1.1" 200 28 "http://renault.2web.at/result?searchterm=true&search=garantie" "Mozilla/5.0 (Windows NT 10.0; WOW64; Trident/7.0; Touch; rv:11.0) like Gecko"
81.189.133.90 - - [01/Oct/2019:12:21:07 +0200] "GET /reload?ser=1569925267493 HTTP/1.1" 200 28 "http://renault.activities.at/login" "Mozilla/5.0 (Windows NT 10.0; WOW64; Trident/7.0; rv:11.0) like Gecko"
138.21.12.22 - - [01/Oct/2019:12:21:17 +0200] "GET /reload?ser=1569925277120 HTTP/1.1" 200 28 "http://renault.2web.at/result?searchterm=true&search=garantie" "Mozilla/5.0 (Windows NT 10.0; WOW64; Trident/7.0; Touch; rv:11.0) like Gecko"
81.189.133.90 - - [01/Oct/2019:12:22:08 +0200] "GET /reload?ser=1569925328150 HTTP/1.1" 200 28 "http://renault.activities.at/login" "Mozilla/5.0 (Windows NT 10.0; WOW64; Trident/7.0; rv:11.0) like Gecko"
138.21.12.22 - - [01/Oct/2019:12:22:18 +0200] "GET /reload?ser=1569925338162 HTTP/1.1" 200 28 "http://renault.2web.at/result?searchterm=true&search=garantie" "Mozilla/5.0 (Windows NT 10.0; WOW64; Trident/7.0; Touch; rv:11.0) like Gecko"
81.189.133.90 - - [01/Oct/2019:12:23:08 +0200] "GET /reload?ser=1569925388804 HTTP/1.1" 200 28 "http://renault.activities.at/login" "Mozilla/5.0 (Windows NT 10.0; WOW64; Trident/7.0; rv:11.0) like Gecko"
138.21.12.22 - - [01/Oct/2019:12:23:19 +0200] "GET /reload?ser=1569925399253 HTTP/1.1" 200 28 "http://renault.2web.at/result?searchterm=true&search=garantie" "Mozilla/5.0 (Windows NT 10.0; WOW64; Trident/7.0; Touch; rv:11.0) like Gecko"
81.189.133.90 - - [01/Oct/2019:12:24:09 +0200] "GET /reload?ser=1569925449441 HTTP/1.1" 200 28 "http://renault.activities.at/login" "Mozilla/5.0 (Windows NT 10.0; WOW64; Trident/7.0; rv:11.0) like Gecko"
138.21.12.22 - - [01/Oct/2019:12:24:20 +0200] "GET /reload?ser=1569925460301 HTTP/1.1" 200 28 "http://renault.2web.at/result?searchterm=true&search=garantie" "Mozilla/5.0 (Windows NT 10.0; WOW64; Trident/7.0; Touch; rv:11.0) like Gecko"
81.189.133.90 - - [01/Oct/2019:12:25:10 +0200] "GET /reload?ser=1569925510095 HTTP/1.1" 200 28 "http://renault.activities.at/login" "Mozilla/5.0 (Windows NT 10.0; WOW64; Trident/7.0; rv:11.0) like Gecko"
138.21.12.22 - - [01/Oct/2019:12:25:21 +0200] "GET /reload?ser=1569925521323 HTTP/1.1" 200 28 "http://renault.2web.at/result?searchterm=true&search=garantie" "Mozilla/5.0 (Windows NT 10.0; WOW64; Trident/7.0; Touch; rv:11.0) like Gecko"
81.189.133.90 - - [01/Oct/2019:12:26:10 +0200] "GET /reload?ser=1569925570741 HTTP/1.1" 200 28 "http://renault.activities.at/login" "Mozilla/5.0 (Windows NT 10.0; WOW64; Trident/7.0; rv:11.0) like Gecko"
138.21.12.22 - - [01/Oct/2019:12:26:22 +0200] "GET /reload?ser=1569925582404 HTTP/1.1" 200 28 "http://renault.2web.at/result?searchterm=true&search=garantie" "Mozilla/5.0 (Windows NT 10.0; WOW64; Trident/7.0; Touch; rv:11.0) like Gecko"
81.189.133.90 - - [01/Oct/2019:12:27:11 +0200] "GET /reload?ser=1569925631411 HTTP/1.1" 200 28 "http://renault.activities.at/login" "Mozilla/5.0 (Windows NT 10.0; WOW64; Trident/7.0; rv:11.0) like Gecko"
138.21.12.22 - - [01/Oct/2019:12:27:23 +0200] "GET /reload?ser=1569925643432 HTTP/1.1" 200 28 "http://renault.2web.at/result?searchterm=true&search=garantie" "Mozilla/5.0 (Windows NT 10.0; WOW64; Trident/7.0; Touch; rv:11.0) like Gecko"
81.189.133.90 - - [01/Oct/2019:12:28:12 +0200] "GET /reload?ser=1569925692065 HTTP/1.1" 200 28 "http://renault.activities.at/login" "Mozilla/5.0 (Windows NT 10.0; WOW64; Trident/7.0; rv:11.0) like Gecko"
138.21.12.22 - - [01/Oct/2019:12:28:24 +0200] "GET /reload?ser=1569925704459 HTTP/1.1" 200 28 "http://renault.2web.at/result?searchterm=true&search=garantie" "Mozilla/5.0 (Windows NT 10.0; WOW64; Trident/7.0; Touch; rv:11.0) like Gecko"
81.189.133.90 - - [01/Oct/2019:12:29:12 +0200] "GET /reload?ser=1569925752703 HTTP/1.1" 200 28 "http://renault.activities.at/login" "Mozilla/5.0 (Windows NT 10.0; WOW64; Trident/7.0; rv:11.0) like Gecko"
138.21.12.22 - - [01/Oct/2019:12:29:25 +0200] "GET /reload?ser=1569925765529 HTTP/1.1" 200 28 "http://renault.2web.at/result?searchterm=true&search=garantie" "Mozilla/5.0 (Windows NT 10.0; WOW64; Trident/7.0; Touch; rv:11.0) like Gecko"
81.189.133.90 - - [01/Oct/2019:12:30:13 +0200] "GET /reload?ser=1569925813350 HTTP/1.1" 200 28 "http://renault.activities.at/login" "Mozilla/5.0 (Windows NT 10.0; WOW64; Trident/7.0; rv:11.0) like Gecko"
138.21.12.22 - - [01/Oct/2019:12:30:26 +0200] "GET /reload?ser=1569925826643 HTTP/1.1" 200 28 "http://renault.2web.at/result?searchterm=true&search=garantie" "Mozilla/5.0 (Windows NT 10.0; WOW64; Trident/7.0; Touch; rv:11.0) like Gecko"
81.189.133.90 - - [01/Oct/2019:12:31:14 +0200] "GET /reload?ser=1569925874012 HTTP/1.1" 200 28 "http://renault.activities.at/login" "Mozilla/5.0 (Windows NT 10.0; WOW64; Trident/7.0; rv:11.0) like Gecko"
138.21.12.22 - - [01/Oct/2019:12:31:27 +0200] "GET /reload?ser=1569925887756 HTTP/1.1" 200 28 "http://renault.2web.at/result?searchterm=true&search=garantie" "Mozilla/5.0 (Windows NT 10.0; WOW64; Trident/7.0; Touch; rv:11.0) like Gecko"
81.189.133.90 - - [01/Oct/2019:12:32:14 +0200] "GET /reload?ser=1569925934650 HTTP/1.1" 200 28 "http://renault.activities.at/login" "Mozilla/5.0 (Windows NT 10.0; WOW64; Trident/7.0; rv:11.0) like Gecko"
138.21.12.22 - - [01/Oct/2019:12:32:28 +0200] "GET /reload?ser=1569925948817 HTTP/1.1" 200 28 "http://renault.2web.at/result?searchterm=true&search=garantie" "Mozilla/5.0 (Windows NT 10.0; WOW64; Trident/7.0; Touch; rv:11.0) like Gecko"
138.21.12.22 - - [01/Oct/2019:12:33:30 +0200] "GET /reload?ser=1569926009871 HTTP/1.1" 200 28 "http://renault.2web.at/result?searchterm=true&search=garantie" "Mozilla/5.0 (Windows NT 10.0; WOW64; Trident/7.0; Touch; rv:11.0) like Gecko"
138.21.12.22 - - [01/Oct/2019:12:34:31 +0200] "GET /reload?ser=1569926070921 HTTP/1.1" 200 28 "http://renault.2web.at/result?searchterm=true&search=garantie" "Mozilla/5.0 (Windows NT 10.0; WOW64; Trident/7.0; Touch; rv:11.0) like Gecko"
138.21.12.22 - - [01/Oct/2019:12:35:32 +0200] "GET /reload?ser=1569926131979 HTTP/1.1" 200 28 "http://renault.2web.at/result?searchterm=true&search=garantie" "Mozilla/5.0 (Windows NT 10.0; WOW64; Trident/7.0; Touch; rv:11.0) like Gecko"
138.21.12.22 - - [01/Oct/2019:12:36:33 +0200] "GET /reload?ser=1569926193032 HTTP/1.1" 200 28 "http://renault.2web.at/result?searchterm=true&search=garantie" "Mozilla/5.0 (Windows NT 10.0; WOW64; Trident/7.0; Touch; rv:11.0) like Gecko"
138.21.12.22 - - [01/Oct/2019:12:37:34 +0200] "GET /reload?ser=1569926254074 HTTP/1.1" 200 28 "http://renault.2web.at/result?searchterm=true&search=garantie" "Mozilla/5.0 (Windows NT 10.0; WOW64; Trident/7.0; Touch; rv:11.0) like Gecko"
138.21.12.22 - - [01/Oct/2019:12:38:35 +0200] "GET /reload?ser=1569926315120 HTTP/1.1" 200 28 "http://renault.2web.at/result?searchterm=true&search=garantie" "Mozilla/5.0 (Windows NT 10.0; WOW64; Trident/7.0; Touch; rv:11.0) like Gecko"
138.21.12.22 - - [01/Oct/2019:12:39:36 +0200] "GET /reload?ser=1569926376200 HTTP/1.1" 200 28 "http://renault.2web.at/result?searchterm=true&search=garantie" "Mozilla/5.0 (Windows NT 10.0; WOW64; Trident/7.0; Touch; rv:11.0) like Gecko"
138.21.12.22 - - [01/Oct/2019:12:40:37 +0200] "GET /reload?ser=1569926437252 HTTP/1.1" 200 28 "http://renault.2web.at/result?searchterm=true&search=garantie" "Mozilla/5.0 (Windows NT 10.0; WOW64; Trident/7.0; Touch; rv:11.0) like Gecko"
138.21.12.22 - - [01/Oct/2019:12:41:38 +0200] "GET /reload?ser=1569926498292 HTTP/1.1" 200 28 "http://renault.2web.at/result?searchterm=true&search=garantie" "Mozilla/5.0 (Windows NT 10.0; WOW64; Trident/7.0; Touch; rv:11.0) like Gecko"
138.21.12.22 - - [01/Oct/2019:12:42:39 +0200] "GET /reload?ser=1569926559329 HTTP/1.1" 200 28 "http://renault.2web.at/result?searchterm=true&search=garantie" "Mozilla/5.0 (Windows NT 10.0; WOW64; Trident/7.0; Touch; rv:11.0) like Gecko"
138.21.12.22 - - [01/Oct/2019:12:43:40 +0200] "GET /reload?ser=1569926620447 HTTP/1.1" 200 28 "http://renault.2web.at/result?searchterm=true&search=garantie" "Mozilla/5.0 (Windows NT 10.0; WOW64; Trident/7.0; Touch; rv:11.0) like Gecko"
138.21.12.22 - - [01/Oct/2019:12:44:41 +0200] "GET /reload?ser=1569926681502 HTTP/1.1" 200 28 "http://renault.2web.at/result?searchterm=true&search=garantie" "Mozilla/5.0 (Windows NT 10.0; WOW64; Trident/7.0; Touch; rv:11.0) like Gecko"
138.21.12.22 - - [01/Oct/2019:12:45:42 +0200] "GET /reload?ser=1569926742564 HTTP/1.1" 200 28 "http://renault.2web.at/result?searchterm=true&search=garantie" "Mozilla/5.0 (Windows NT 10.0; WOW64; Trident/7.0; Touch; rv:11.0) like Gecko"
138.21.12.22 - - [01/Oct/2019:12:46:43 +0200] "GET /reload?ser=1569926803619 HTTP/1.1" 200 28 "http://renault.2web.at/result?searchterm=true&search=garantie" "Mozilla/5.0 (Windows NT 10.0; WOW64; Trident/7.0; Touch; rv:11.0) like Gecko"
138.21.12.22 - - [01/Oct/2019:12:47:45 +0200] "GET /reload?ser=1569926865374 HTTP/1.1" 200 28 "http://renault.2web.at/result?searchterm=true&search=garantie" "Mozilla/5.0 (Windows NT 10.0; WOW64; Trident/7.0; Touch; rv:11.0) like Gecko"
138.21.12.22 - - [01/Oct/2019:12:48:46 +0200] "GET /reload?ser=1569926926462 HTTP/1.1" 200 28 "http://renault.2web.at/result?searchterm=true&search=garantie" "Mozilla/5.0 (Windows NT 10.0; WOW64; Trident/7.0; Touch; rv:11.0) like Gecko"
138.21.12.22 - - [01/Oct/2019:12:49:47 +0200] "GET /reload?ser=1569926987541 HTTP/1.1" 200 28 "http://renault.2web.at/result?searchterm=true&search=garantie" "Mozilla/5.0 (Windows NT 10.0; WOW64; Trident/7.0; Touch; rv:11.0) like Gecko"
138.21.12.22 - - [01/Oct/2019:12:50:48 +0200] "GET /reload?ser=1569927048566 HTTP/1.1" 200 28 "http://renault.2web.at/result?searchterm=true&search=garantie" "Mozilla/5.0 (Windows NT 10.0; WOW64; Trident/7.0; Touch; rv:11.0) like Gecko"
138.21.12.22 - - [01/Oct/2019:12:51:49 +0200] "GET /reload?ser=1569927109737 HTTP/1.1" 200 28 "http://renault.2web.at/result?searchterm=true&search=garantie" "Mozilla/5.0 (Windows NT 10.0; WOW64; Trident/7.0; Touch; rv:11.0) like Gecko"
138.21.12.22 - - [01/Oct/2019:12:52:50 +0200] "GET /reload?ser=1569927170794 HTTP/1.1" 200 28 "http://renault.2web.at/result?searchterm=true&search=garantie" "Mozilla/5.0 (Windows NT 10.0; WOW64; Trident/7.0; Touch; rv:11.0) like Gecko"
138.21.12.22 - - [01/Oct/2019:12:53:51 +0200] "GET /reload?ser=1569927231842 HTTP/1.1" 200 28 "http://renault.2web.at/result?searchterm=true&search=garantie" "Mozilla/5.0 (Windows NT 10.0; WOW64; Trident/7.0; Touch; rv:11.0) like Gecko"
138.21.12.22 - - [01/Oct/2019:12:54:53 +0200] "GET /reload?ser=1569927292897 HTTP/1.1" 200 28 "http://renault.2web.at/result?searchterm=true&search=garantie" "Mozilla/5.0 (Windows NT 10.0; WOW64; Trident/7.0; Touch; rv:11.0) like Gecko"
138.21.12.22 - - [01/Oct/2019:12:55:54 +0200] "GET /reload?ser=1569927353938 HTTP/1.1" 200 28 "http://renault.2web.at/result?searchterm=true&search=garantie" "Mozilla/5.0 (Windows NT 10.0; WOW64; Trident/7.0; Touch; rv:11.0) like Gecko"
138.21.12.22 - - [01/Oct/2019:12:56:55 +0200] "GET /reload?ser=1569927415006 HTTP/1.1" 200 28 "http://renault.2web.at/result?searchterm=true&search=garantie" "Mozilla/5.0 (Windows NT 10.0; WOW64; Trident/7.0; Touch; rv:11.0) like Gecko"
138.21.12.22 - - [01/Oct/2019:12:57:56 +0200] "GET /reload?ser=1569927476055 HTTP/1.1" 200 28 "http://renault.2web.at/result?searchterm=true&search=garantie" "Mozilla/5.0 (Windows NT 10.0; WOW64; Trident/7.0; Touch; rv:11.0) like Gecko"
138.21.12.22 - - [01/Oct/2019:12:58:57 +0200] "GET /reload?ser=1569927537102 HTTP/1.1" 200 28 "http://renault.2web.at/result?searchterm=true&search=garantie" "Mozilla/5.0 (Windows NT 10.0; WOW64; Trident/7.0; Touch; rv:11.0) like Gecko"
138.21.12.22 - - [01/Oct/2019:12:59:58 +0200] "GET /reload?ser=1569927598145 HTTP/1.1" 200 28 "http://renault.2web.at/result?searchterm=true&search=garantie" "Mozilla/5.0 (Windows NT 10.0; WOW64; Trident/7.0; Touch; rv:11.0) like Gecko"
138.21.12.22 - - [01/Oct/2019:13:00:59 +0200] "GET /reload?ser=1569927659160 HTTP/1.1" 200 28 "http://renault.2web.at/result?searchterm=true&search=garantie" "Mozilla/5.0 (Windows NT 10.0; WOW64; Trident/7.0; Touch; rv:11.0) like Gecko"
138.21.12.22 - - [01/Oct/2019:13:02:00 +0200] "GET /reload?ser=1569927720200 HTTP/1.1" 200 28 "http://renault.2web.at/result?searchterm=true&search=garantie" "Mozilla/5.0 (Windows NT 10.0; WOW64; Trident/7.0; Touch; rv:11.0) like Gecko"
138.21.12.22 - - [01/Oct/2019:13:03:01 +0200] "GET /reload?ser=1569927781262 HTTP/1.1" 200 28 "http://renault.2web.at/result?searchterm=true&search=garantie" "Mozilla/5.0 (Windows NT 10.0; WOW64; Trident/7.0; Touch; rv:11.0) like Gecko"
138.21.12.22 - - [01/Oct/2019:13:04:02 +0200] "GET /reload?ser=1569927842329 HTTP/1.1" 200 28 "http://renault.2web.at/result?searchterm=true&search=garantie" "Mozilla/5.0 (Windows NT 10.0; WOW64; Trident/7.0; Touch; rv:11.0) like Gecko"
138.21.12.22 - - [01/Oct/2019:13:05:03 +0200] "GET /reload?ser=1569927903391 HTTP/1.1" 200 28 "http://renault.2web.at/result?searchterm=true&search=garantie" "Mozilla/5.0 (Windows NT 10.0; WOW64; Trident/7.0; Touch; rv:11.0) like Gecko"
138.21.12.22 - - [01/Oct/2019:13:06:04 +0200] "GET /reload?ser=1569927964455 HTTP/1.1" 200 28 "http://renault.2web.at/result?searchterm=true&search=garantie" "Mozilla/5.0 (Windows NT 10.0; WOW64; Trident/7.0; Touch; rv:11.0) like Gecko"
138.21.12.22 - - [01/Oct/2019:13:07:05 +0200] "GET /reload?ser=1569928025459 HTTP/1.1" 200 28 "http://renault.2web.at/result?searchterm=true&search=garantie" "Mozilla/5.0 (Windows NT 10.0; WOW64; Trident/7.0; Touch; rv:11.0) like Gecko"
138.21.12.22 - - [01/Oct/2019:13:08:06 +0200] "GET /reload?ser=1569928086508 HTTP/1.1" 200 28 "http://renault.2web.at/result?searchterm=true&search=garantie" "Mozilla/5.0 (Windows NT 10.0; WOW64; Trident/7.0; Touch; rv:11.0) like Gecko"
138.21.12.22 - - [01/Oct/2019:13:09:07 +0200] "GET /reload?ser=1569928147560 HTTP/1.1" 200 28 "http://renault.2web.at/result?searchterm=true&search=garantie" "Mozilla/5.0 (Windows NT 10.0; WOW64; Trident/7.0; Touch; rv:11.0) like Gecko"
138.21.12.22 - - [01/Oct/2019:13:10:08 +0200] "GET /reload?ser=1569928208598 HTTP/1.1" 200 28 "http://renault.2web.at/result?searchterm=true&search=garantie" "Mozilla/5.0 (Windows NT 10.0; WOW64; Trident/7.0; Touch; rv:11.0) like Gecko"
138.21.12.22 - - [01/Oct/2019:13:11:09 +0200] "GET /reload?ser=1569928269637 HTTP/1.1" 200 28 "http://renault.2web.at/result?searchterm=true&search=garantie" "Mozilla/5.0 (Windows NT 10.0; WOW64; Trident/7.0; Touch; rv:11.0) like Gecko"
138.21.12.22 - - [01/Oct/2019:13:12:10 +0200] "GET /reload?ser=1569928330674 HTTP/1.1" 200 28 "http://renault.2web.at/result?searchterm=true&search=garantie" "Mozilla/5.0 (Windows NT 10.0; WOW64; Trident/7.0; Touch; rv:11.0) like Gecko"
157.55.39.67 - - [01/Oct/2019:13:12:30 +0200] "GET / HTTP/1.1" 200 3380 "-" "Mozilla/5.0 (compatible; bingbot/2.0; +http://www.bing.com/bingbot.htm)"
138.21.12.22 - - [01/Oct/2019:13:13:11 +0200] "GET /reload?ser=1569928391721 HTTP/1.1" 200 28 "http://renault.2web.at/result?searchterm=true&search=garantie" "Mozilla/5.0 (Windows NT 10.0; WOW64; Trident/7.0; Touch; rv:11.0) like Gecko"
138.21.12.22 - - [01/Oct/2019:13:14:12 +0200] "GET /reload?ser=1569928452774 HTTP/1.1" 200 28 "http://renault.2web.at/result?searchterm=true&search=garantie" "Mozilla/5.0 (Windows NT 10.0; WOW64; Trident/7.0; Touch; rv:11.0) like Gecko"
138.21.12.22 - - [01/Oct/2019:13:15:14 +0200] "GET /reload?ser=1569928513827 HTTP/1.1" 200 28 "http://renault.2web.at/result?searchterm=true&search=garantie" "Mozilla/5.0 (Windows NT 10.0; WOW64; Trident/7.0; Touch; rv:11.0) like Gecko"
138.21.12.22 - - [01/Oct/2019:13:16:15 +0200] "GET /reload?ser=1569928574936 HTTP/1.1" 200 28 "http://renault.2web.at/result?searchterm=true&search=garantie" "Mozilla/5.0 (Windows NT 10.0; WOW64; Trident/7.0; Touch; rv:11.0) like Gecko"
138.21.12.22 - - [01/Oct/2019:13:17:16 +0200] "GET /reload?ser=1569928635997 HTTP/1.1" 200 28 "http://renault.2web.at/result?searchterm=true&search=garantie" "Mozilla/5.0 (Windows NT 10.0; WOW64; Trident/7.0; Touch; rv:11.0) like Gecko"
138.21.12.22 - - [01/Oct/2019:13:18:17 +0200] "GET /reload?ser=1569928697040 HTTP/1.1" 200 28 "http://renault.2web.at/result?searchterm=true&search=garantie" "Mozilla/5.0 (Windows NT 10.0; WOW64; Trident/7.0; Touch; rv:11.0) like Gecko"
138.21.12.22 - - [01/Oct/2019:13:19:18 +0200] "GET /reload?ser=1569928758073 HTTP/1.1" 200 28 "http://renault.2web.at/result?searchterm=true&search=garantie" "Mozilla/5.0 (Windows NT 10.0; WOW64; Trident/7.0; Touch; rv:11.0) like Gecko"
40.77.190.83 - - [01/Oct/2019:13:19:24 +0200] "GET /js/default.js HTTP/1.1" 200 82829 "-" "Mozilla/5.0 (Windows NT 6.1; WOW64) AppleWebKit/534+ (KHTML, like Gecko) BingPreview/1.0b"
40.77.190.146 - - [01/Oct/2019:13:19:25 +0200] "GET /js/index.php?c=auto&f=,prototype/prototype.js,prototype/validation.js,scriptaculous/builder.js,scriptaculous/effects.js,scriptaculous/dragdrop.js,scriptaculous/controls.js,scriptaculous/slider.js,varien/js.js,varien/form.js,varien/menu.js,mage/translate.js,mage/cookies.js,varien/product.js,spinner/SpinnerControl.jsmin.js,prototype/window.js,prototype/window_ext.js HTTP/1.1" 200 398646 "-" "Mozilla/5.0 (Windows NT 6.1; WOW64) AppleWebKit/534+ (KHTML, like Gecko) BingPreview/1.0b"
40.77.190.107 - - [01/Oct/2019:13:19:28 +0200] "GET /js/flashdetection.js HTTP/1.1" 200 2841 "-" "Mozilla/5.0 (Windows NT 6.1; WOW64) AppleWebKit/534+ (KHTML, like Gecko) BingPreview/1.0b"
40.77.190.89 - - [01/Oct/2019:13:19:29 +0200] "GET /css/reset.css HTTP/1.1" 200 3591 "-" "Mozilla/5.0 (Windows NT 6.1; WOW64) AppleWebKit/534+ (KHTML, like Gecko) BingPreview/1.0b"
40.77.188.213 - - [01/Oct/2019:13:19:30 +0200] "GET /css/clears.css HTTP/1.1" 200 1978 "-" "Mozilla/5.0 (Windows NT 6.1; WOW64) AppleWebKit/534+ (KHTML, like Gecko) BingPreview/1.0b"
40.77.188.136 - - [01/Oct/2019:13:19:31 +0200] "GET /js/checkout.css HTTP/1.1" 200 767 "-" "Mozilla/5.0 (Windows NT 6.1; WOW64) AppleWebKit/534+ (KHTML, like Gecko) BingPreview/1.0b"
40.77.189.23 - - [01/Oct/2019:13:19:31 +0200] "GET /css/prototip.css HTTP/1.1" 200 3299 "-" "Mozilla/5.0 (Windows NT 6.1; WOW64) AppleWebKit/534+ (KHTML, like Gecko) BingPreview/1.0b"
40.77.189.51 - - [01/Oct/2019:13:19:32 +0200] "GET /css/themes/default.css HTTP/1.1" 200 2674 "-" "Mozilla/5.0 (Windows NT 6.1; WOW64) AppleWebKit/534+ (KHTML, like Gecko) BingPreview/1.0b"
40.77.188.3 - - [01/Oct/2019:13:19:33 +0200] "GET /loadthumbnail.php?id=11127982 HTTP/1.1" 200 586642 "-" "Mozilla/5.0 (Windows NT 6.1; WOW64) AppleWebKit/534+ (KHTML, like Gecko) BingPreview/1.0b"
40.77.191.6 - - [01/Oct/2019:13:19:36 +0200] "GET /css/print.css HTTP/1.1" 200 1042 "-" "Mozilla/5.0 (Windows NT 6.1; WOW64) AppleWebKit/534+ (KHTML, like Gecko) BingPreview/1.0b"
138.21.12.22 - - [01/Oct/2019:13:20:19 +0200] "GET /reload?ser=1569928819135 HTTP/1.1" 200 28 "http://renault.2web.at/result?searchterm=true&search=garantie" "Mozilla/5.0 (Windows NT 10.0; WOW64; Trident/7.0; Touch; rv:11.0) like Gecko"
80.122.53.230 - - [01/Oct/2019:13:20:50 +0200] "GET / HTTP/1.1" 200 3380 "-" "Mozilla/5.0 (Windows NT 6.1; WOW64; Trident/7.0; rv:11.0) like Gecko"
80.122.53.230 - - [01/Oct/2019:13:20:51 +0200] "GET /css/reset.css HTTP/1.1" 200 1356 "http://renault.activities.at/" "Mozilla/5.0 (Windows NT 6.1; WOW64; Trident/7.0; rv:11.0) like Gecko"
80.122.53.230 - - [01/Oct/2019:13:20:51 +0200] "GET /css/styles.css HTTP/1.1" 200 14664 "http://renault.activities.at/" "Mozilla/5.0 (Windows NT 6.1; WOW64; Trident/7.0; rv:11.0) like Gecko"
80.122.53.230 - - [01/Oct/2019:13:20:51 +0200] "GET /js/default.js HTTP/1.1" 200 14698 "http://renault.activities.at/" "Mozilla/5.0 (Windows NT 6.1; WOW64; Trident/7.0; rv:11.0) like Gecko"
80.122.53.230 - - [01/Oct/2019:13:20:51 +0200] "GET /js/flashdetection.js HTTP/1.1" 200 1059 "http://renault.activities.at/" "Mozilla/5.0 (Windows NT 6.1; WOW64; Trident/7.0; rv:11.0) like Gecko"
80.122.53.230 - - [01/Oct/2019:13:20:51 +0200] "GET /css/clears.css HTTP/1.1" 200 851 "http://renault.activities.at/" "Mozilla/5.0 (Windows NT 6.1; WOW64; Trident/7.0; rv:11.0) like Gecko"
80.122.53.230 - - [01/Oct/2019:13:20:51 +0200] "GET /css/print.css HTTP/1.1" 200 543 "http://renault.activities.at/" "Mozilla/5.0 (Windows NT 6.1; WOW64; Trident/7.0; rv:11.0) like Gecko"
80.122.53.230 - - [01/Oct/2019:13:20:51 +0200] "GET /js/checkout.css HTTP/1.1" 200 359 "http://renault.activities.at/" "Mozilla/5.0 (Windows NT 6.1; WOW64; Trident/7.0; rv:11.0) like Gecko"
80.122.53.230 - - [01/Oct/2019:13:20:51 +0200] "GET /css/prototip.css HTTP/1.1" 200 968 "http://renault.activities.at/" "Mozilla/5.0 (Windows NT 6.1; WOW64; Trident/7.0; rv:11.0) like Gecko"
80.122.53.230 - - [01/Oct/2019:13:20:51 +0200] "GET /css/themes/alphacube.css HTTP/1.1" 200 743 "http://renault.activities.at/" "Mozilla/5.0 (Windows NT 6.1; WOW64; Trident/7.0; rv:11.0) like Gecko"
