83.219.165.34 - - [03/Oct/2019:07:16:26 +0200] "GET /loadthumbnail.php?id=10260863&width=113 HTTP/1.1" 200 1170 "http://renault.activities.at/result?searchterm=true&search=kennzei" "Mozilla/5.0 (Windows NT 10.0; Win64; x64) AppleWebKit/537.36 (KHTML, like Gecko) Chrome/77.0.3865.90 Safari/537.36"
83.219.165.34 - - [03/Oct/2019:07:16:26 +0200] "GET /loadthumbnail.php?id=11036124&width=113 HTTP/1.1" 200 1328 "http://renault.activities.at/result?searchterm=true&search=kennzei" "Mozilla/5.0 (Windows NT 10.0; Win64; x64) AppleWebKit/537.36 (KHTML, like Gecko) Chrome/77.0.3865.90 Safari/537.36"
83.219.165.34 - - [03/Oct/2019:07:16:26 +0200] "GET /loadthumbnail.php?id=10260861&width=113 HTTP/1.1" 200 1170 "http://renault.activities.at/result?searchterm=true&search=kennzei" "Mozilla/5.0 (Windows NT 10.0; Win64; x64) AppleWebKit/537.36 (KHTML, like Gecko) Chrome/77.0.3865.90 Safari/537.36"
83.219.165.34 - - [03/Oct/2019:07:16:26 +0200] "GET /loadthumbnail.php?id=11885850&width=113 HTTP/1.1" 200 1552 "http://renault.activities.at/result?searchterm=true&search=kennzei" "Mozilla/5.0 (Windows NT 10.0; Win64; x64) AppleWebKit/537.36 (KHTML, like Gecko) Chrome/77.0.3865.90 Safari/537.36"
83.219.165.34 - - [03/Oct/2019:07:16:26 +0200] "GET /loadthumbnail.php?id=10260875&width=113 HTTP/1.1" 200 1170 "http://renault.activities.at/result?searchterm=true&search=kennzei" "Mozilla/5.0 (Windows NT 10.0; Win64; x64) AppleWebKit/537.36 (KHTML, like Gecko) Chrome/77.0.3865.90 Safari/537.36"
83.219.165.34 - - [03/Oct/2019:07:16:26 +0200] "GET /loadthumbnail.php?id=11885851&width=113 HTTP/1.1" 200 1576 "http://renault.activities.at/result?searchterm=true&search=kennzei" "Mozilla/5.0 (Windows NT 10.0; Win64; x64) AppleWebKit/537.36 (KHTML, like Gecko) Chrome/77.0.3865.90 Safari/537.36"
83.219.165.34 - - [03/Oct/2019:07:16:26 +0200] "GET /loadthumbnail.php?id=11036126&width=113 HTTP/1.1" 200 1377 "http://renault.activities.at/result?searchterm=true&search=kennzei" "Mozilla/5.0 (Windows NT 10.0; Win64; x64) AppleWebKit/537.36 (KHTML, like Gecko) Chrome/77.0.3865.90 Safari/537.36"
193.194.132.26 - - [03/Oct/2019:07:16:32 +0200] "GET /reload?ser=1570079792594 HTTP/1.1" 200 28 "http://renault.2web.at/account?loadrequest=true" "Mozilla/5.0 (Windows NT 10.0; WOW64; Trident/7.0; Touch; rv:11.0) like Gecko"
83.219.165.34 - - [03/Oct/2019:07:16:34 +0200] "POST /result?searchterm=true&search=kennzei HTTP/1.1" 200 8664 "http://renault.activities.at/result?searchterm=true&search=kennzei" "Mozilla/5.0 (Windows NT 10.0; Win64; x64) AppleWebKit/537.36 (KHTML, like Gecko) Chrome/77.0.3865.90 Safari/537.36"
83.219.165.34 - - [03/Oct/2019:07:16:51 +0200] "POST /result?searchterm=true&search=kennzei HTTP/1.1" 200 8669 "http://renault.activities.at/result?searchterm=true&search=kennzei" "Mozilla/5.0 (Windows NT 10.0; Win64; x64) AppleWebKit/537.36 (KHTML, like Gecko) Chrome/77.0.3865.90 Safari/537.36"
83.219.165.34 - - [03/Oct/2019:07:17:02 +0200] "POST /result?searchterm=true&search=kennzei HTTP/1.1" 200 8672 "http://renault.activities.at/result?searchterm=true&search=kennzei" "Mozilla/5.0 (Windows NT 10.0; Win64; x64) AppleWebKit/537.36 (KHTML, like Gecko) Chrome/77.0.3865.90 Safari/537.36"
83.219.165.34 - - [03/Oct/2019:07:17:17 +0200] "POST /result?searchterm=true&search=kennzei HTTP/1.1" 200 8672 "http://renault.activities.at/result?searchterm=true&search=kennzei" "Mozilla/5.0 (Windows NT 10.0; Win64; x64) AppleWebKit/537.36 (KHTML, like Gecko) Chrome/77.0.3865.90 Safari/537.36"
193.194.132.26 - - [03/Oct/2019:07:17:33 +0200] "GET /reload?ser=1570079853595 HTTP/1.1" 200 28 "http://renault.2web.at/account?loadrequest=true" "Mozilla/5.0 (Windows NT 10.0; WOW64; Trident/7.0; Touch; rv:11.0) like Gecko"
83.219.165.34 - - [03/Oct/2019:07:17:32 +0200] "GET /result?dir=DESC&mode=grid&order=name&limit=15&page=2&search=kennzei HTTP/1.1" 200 8158 "http://renault.activities.at/result?searchterm=true&search=kennzei" "Mozilla/5.0 (Windows NT 10.0; Win64; x64) AppleWebKit/537.36 (KHTML, like Gecko) Chrome/77.0.3865.90 Safari/537.36"
83.219.165.34 - - [03/Oct/2019:07:17:35 +0200] "GET /loadthumbnail.php?id=10203275 HTTP/1.1" 200 85 "http://renault.activities.at/result?dir=DESC&mode=grid&order=name&limit=15&page=2&search=kennzei" "Mozilla/5.0 (Windows NT 10.0; Win64; x64) AppleWebKit/537.36 (KHTML, like Gecko) Chrome/77.0.3865.90 Safari/537.36"
83.219.165.34 - - [03/Oct/2019:07:17:35 +0200] "GET /loadthumbnail.php?id=10915652&width=113 HTTP/1.1" 200 1387 "http://renault.activities.at/result?dir=DESC&mode=grid&order=name&limit=15&page=2&search=kennzei" "Mozilla/5.0 (Windows NT 10.0; Win64; x64) AppleWebKit/537.36 (KHTML, like Gecko) Chrome/77.0.3865.90 Safari/537.36"
83.219.165.34 - - [03/Oct/2019:07:17:35 +0200] "GET /loadthumbnail.php?id=10915886&width=113 HTTP/1.1" 200 1376 "http://renault.activities.at/result?dir=DESC&mode=grid&order=name&limit=15&page=2&search=kennzei" "Mozilla/5.0 (Windows NT 10.0; Win64; x64) AppleWebKit/537.36 (KHTML, like Gecko) Chrome/77.0.3865.90 Safari/537.36"
83.219.165.34 - - [03/Oct/2019:07:17:35 +0200] "GET /loadthumbnail.php?id=10919466&width=113 HTTP/1.1" 200 1477 "http://renault.activities.at/result?dir=DESC&mode=grid&order=name&limit=15&page=2&search=kennzei" "Mozilla/5.0 (Windows NT 10.0; Win64; x64) AppleWebKit/537.36 (KHTML, like Gecko) Chrome/77.0.3865.90 Safari/537.36"
83.219.165.34 - - [03/Oct/2019:07:17:35 +0200] "GET /loadthumbnail.php?id=10260890&width=113 HTTP/1.1" 200 1170 "http://renault.activities.at/result?dir=DESC&mode=grid&order=name&limit=15&page=2&search=kennzei" "Mozilla/5.0 (Windows NT 10.0; Win64; x64) AppleWebKit/537.36 (KHTML, like Gecko) Chrome/77.0.3865.90 Safari/537.36"
83.219.165.34 - - [03/Oct/2019:07:17:35 +0200] "GET /loadthumbnail.php?id=11243081&width=113 HTTP/1.1" 200 1218 "http://renault.activities.at/result?dir=DESC&mode=grid&order=name&limit=15&page=2&search=kennzei" "Mozilla/5.0 (Windows NT 10.0; Win64; x64) AppleWebKit/537.36 (KHTML, like Gecko) Chrome/77.0.3865.90 Safari/537.36"
83.219.165.34 - - [03/Oct/2019:07:17:35 +0200] "GET /loadthumbnail.php?id=10995605&width=113 HTTP/1.1" 200 1252 "http://renault.activities.at/result?dir=DESC&mode=grid&order=name&limit=15&page=2&search=kennzei" "Mozilla/5.0 (Windows NT 10.0; Win64; x64) AppleWebKit/537.36 (KHTML, like Gecko) Chrome/77.0.3865.90 Safari/537.36"
83.219.165.34 - - [03/Oct/2019:07:17:35 +0200] "GET /loadthumbnail.php?id=11141133&width=113 HTTP/1.1" 200 1050 "http://renault.activities.at/result?dir=DESC&mode=grid&order=name&limit=15&page=2&search=kennzei" "Mozilla/5.0 (Windows NT 10.0; Win64; x64) AppleWebKit/537.36 (KHTML, like Gecko) Chrome/77.0.3865.90 Safari/537.36"
83.219.165.34 - - [03/Oct/2019:07:18:10 +0200] "GET /result?dir=DESC&mode=grid&order=name&limit=15&page=1&search=kennzei HTTP/1.1" 200 8565 "http://renault.activities.at/result?dir=DESC&mode=grid&order=name&limit=15&page=2&search=kennzei" "Mozilla/5.0 (Windows NT 10.0; Win64; x64) AppleWebKit/537.36 (KHTML, like Gecko) Chrome/77.0.3865.90 Safari/537.36"
193.194.132.26 - - [03/Oct/2019:07:18:34 +0200] "GET /reload?ser=1570079914589 HTTP/1.1" 200 28 "http://renault.2web.at/account?loadrequest=true" "Mozilla/5.0 (Windows NT 10.0; WOW64; Trident/7.0; Touch; rv:11.0) like Gecko"
83.219.165.34 - - [03/Oct/2019:07:18:40 +0200] "GET /result?dir=DESC&mode=grid&order=name&limit=15&page=2&search=kennzei HTTP/1.1" 200 8158 "http://renault.activities.at/result?dir=DESC&mode=grid&order=name&limit=15&page=1&search=kennzei" "Mozilla/5.0 (Windows NT 10.0; Win64; x64) AppleWebKit/537.36 (KHTML, like Gecko) Chrome/77.0.3865.90 Safari/537.36"
83.219.165.34 - - [03/Oct/2019:07:19:05 +0200] "POST /result?dir=DESC&mode=grid&order=name&limit=15&page=2&search=kennzei HTTP/1.1" 200 8264 "http://renault.activities.at/result?dir=DESC&mode=grid&order=name&limit=15&page=2&search=kennzei" "Mozilla/5.0 (Windows NT 10.0; Win64; x64) AppleWebKit/537.36 (KHTML, like Gecko) Chrome/77.0.3865.90 Safari/537.36"
83.219.165.34 - - [03/Oct/2019:07:19:12 +0200] "POST /result?dir=DESC&mode=grid&order=name&limit=15&page=2&search=kennzei HTTP/1.1" 200 8264 "http://renault.activities.at/result?dir=DESC&mode=grid&order=name&limit=15&page=2&search=kennzei" "Mozilla/5.0 (Windows NT 10.0; Win64; x64) AppleWebKit/537.36 (KHTML, like Gecko) Chrome/77.0.3865.90 Safari/537.36"
193.194.132.26 - - [03/Oct/2019:07:19:35 +0200] "GET /reload?ser=1570079975616 HTTP/1.1" 200 28 "http://renault.2web.at/account?loadrequest=true" "Mozilla/5.0 (Windows NT 10.0; WOW64; Trident/7.0; Touch; rv:11.0) like Gecko"
83.219.165.34 - - [03/Oct/2019:07:20:13 +0200] "POST /axjaxrequest?mode=suggest HTTP/1.1" 200 110 "http://renault.activities.at/result?dir=DESC&mode=grid&order=name&limit=15&page=2&search=kennzei" "Mozilla/5.0 (Windows NT 10.0; Win64; x64) AppleWebKit/537.36 (KHTML, like Gecko) Chrome/77.0.3865.90 Safari/537.36"
83.219.165.34 - - [03/Oct/2019:07:20:14 +0200] "GET /result?searchterm=true&search=Checkliste HTTP/1.1" 200 6023 "http://renault.activities.at/result?dir=DESC&mode=grid&order=name&limit=15&page=2&search=kennzei" "Mozilla/5.0 (Windows NT 10.0; Win64; x64) AppleWebKit/537.36 (KHTML, like Gecko) Chrome/77.0.3865.90 Safari/537.36"
83.219.165.34 - - [03/Oct/2019:07:20:16 +0200] "GET /loadthumbnail.php?id=11730248&width=113 HTTP/1.1" 200 4910 "http://renault.activities.at/result?searchterm=true&search=Checkliste" "Mozilla/5.0 (Windows NT 10.0; Win64; x64) AppleWebKit/537.36 (KHTML, like Gecko) Chrome/77.0.3865.90 Safari/537.36"
83.219.165.34 - - [03/Oct/2019:07:20:14 +0200] "POST /axjaxrequest?mode=suggest HTTP/1.1" 200 112 "http://renault.activities.at/result?dir=DESC&mode=grid&order=name&limit=15&page=2&search=kennzei" "Mozilla/5.0 (Windows NT 10.0; Win64; x64) AppleWebKit/537.36 (KHTML, like Gecko) Chrome/77.0.3865.90 Safari/537.36"
83.219.165.34 - - [03/Oct/2019:07:20:16 +0200] "GET /reload?ser=1570080018217 HTTP/1.1" 200 28 "http://renault.activities.at/result?dir=DESC&mode=grid&order=name&limit=15&page=2&search=kennzei" "Mozilla/5.0 (Windows NT 10.0; Win64; x64) AppleWebKit/537.36 (KHTML, like Gecko) Chrome/77.0.3865.90 Safari/537.36"
83.219.165.34 - - [03/Oct/2019:07:20:16 +0200] "GET /result?searchterm=true&search=Checkliste HTTP/1.1" 200 6023 "http://renault.activities.at/result?searchterm=true&search=Checkliste" "Mozilla/5.0 (Windows NT 10.0; Win64; x64) AppleWebKit/537.36 (KHTML, like Gecko) Chrome/77.0.3865.90 Safari/537.36"
83.219.165.34 - - [03/Oct/2019:07:20:23 +0200] "GET /css/themes/alphacube/bottom_middle.gif HTTP/1.1" 200 44 "http://renault.activities.at/css/themes/alphacube.css" "Mozilla/5.0 (Windows NT 10.0; Win64; x64) AppleWebKit/537.36 (KHTML, like Gecko) Chrome/77.0.3865.90 Safari/537.36"
83.219.165.34 - - [03/Oct/2019:07:20:23 +0200] "GET /css/themes/alphacube/top_mid.gif HTTP/1.1" 200 833 "http://renault.activities.at/css/themes/alphacube.css" "Mozilla/5.0 (Windows NT 10.0; Win64; x64) AppleWebKit/537.36 (KHTML, like Gecko) Chrome/77.0.3865.90 Safari/537.36"
83.219.165.34 - - [03/Oct/2019:07:20:23 +0200] "GET /css/themes/alphacube/frame_left.gif HTTP/1.1" 200 64 "http://renault.activities.at/css/themes/alphacube.css" "Mozilla/5.0 (Windows NT 10.0; Win64; x64) AppleWebKit/537.36 (KHTML, like Gecko) Chrome/77.0.3865.90 Safari/537.36"
83.219.165.34 - - [03/Oct/2019:07:20:23 +0200] "GET /css/themes/alphacube/frame_right.gif HTTP/1.1" 200 64 "http://renault.activities.at/css/themes/alphacube.css" "Mozilla/5.0 (Windows NT 10.0; Win64; x64) AppleWebKit/537.36 (KHTML, like Gecko) Chrome/77.0.3865.90 Safari/537.36"
83.219.165.34 - - [03/Oct/2019:07:20:23 +0200] "GET /css/themes/alphacube/button-close-focus.gif HTTP/1.1" 200 699 "http://renault.activities.at/css/themes/alphacube.css" "Mozilla/5.0 (Windows NT 10.0; Win64; x64) AppleWebKit/537.36 (KHTML, like Gecko) Chrome/77.0.3865.90 Safari/537.36"
83.219.165.34 - - [03/Oct/2019:07:20:23 +0200] "GET /css/themes/alphacube/top_left.gif HTTP/1.1" 200 973 "http://renault.activities.at/css/themes/alphacube.css" "Mozilla/5.0 (Windows NT 10.0; Win64; x64) AppleWebKit/537.36 (KHTML, like Gecko) Chrome/77.0.3865.90 Safari/537.36"
83.219.165.34 - - [03/Oct/2019:07:20:23 +0200] "GET /css/themes/alphacube/bottom_left-c.gif HTTP/1.1" 200 62 "http://renault.activities.at/css/themes/alphacube.css" "Mozilla/5.0 (Windows NT 10.0; Win64; x64) AppleWebKit/537.36 (KHTML, like Gecko) Chrome/77.0.3865.90 Safari/537.36"
83.219.165.34 - - [03/Oct/2019:07:20:23 +0200] "GET /css/themes/alphacube/top_right.gif HTTP/1.1" 200 972 "http://renault.activities.at/css/themes/alphacube.css" "Mozilla/5.0 (Windows NT 10.0; Win64; x64) AppleWebKit/537.36 (KHTML, like Gecko) Chrome/77.0.3865.90 Safari/537.36"
83.219.165.34 - - [03/Oct/2019:07:20:23 +0200] "GET /css/themes/alphacube/bottom_right-c.gif HTTP/1.1" 200 62 "http://renault.activities.at/css/themes/alphacube.css" "Mozilla/5.0 (Windows NT 10.0; Win64; x64) AppleWebKit/537.36 (KHTML, like Gecko) Chrome/77.0.3865.90 Safari/537.36"
83.219.165.34 - - [03/Oct/2019:07:20:23 +0200] "GET /717264?print=true HTTP/1.1" 200 2711 "http://renault.activities.at/result?searchterm=true&search=Checkliste" "Mozilla/5.0 (Windows NT 10.0; Win64; x64) AppleWebKit/537.36 (KHTML, like Gecko) Chrome/77.0.3865.90 Safari/537.36"
193.194.132.26 - - [03/Oct/2019:07:20:36 +0200] "GET /reload?ser=1570080036656 HTTP/1.1" 200 28 "http://renault.2web.at/account?loadrequest=true" "Mozilla/5.0 (Windows NT 10.0; WOW64; Trident/7.0; Touch; rv:11.0) like Gecko"
83.219.165.34 - - [03/Oct/2019:07:20:47 +0200] "GET /10260260 HTTP/1.1" 200 9050 "http://renault.activities.at/result?searchterm=true&search=Checkliste" "Mozilla/5.0 (Windows NT 10.0; Win64; x64) AppleWebKit/537.36 (KHTML, like Gecko) Chrome/77.0.3865.90 Safari/537.36"
83.219.165.34 - - [03/Oct/2019:07:20:51 +0200] "GET /loadthumbnail.php?id=11491560&width=113 HTTP/1.1" 200 9826 "http://renault.activities.at/10260260" "Mozilla/5.0 (Windows NT 10.0; Win64; x64) AppleWebKit/537.36 (KHTML, like Gecko) Chrome/77.0.3865.90 Safari/537.36"
83.219.165.34 - - [03/Oct/2019:07:20:51 +0200] "GET /loadthumbnail.php?id=10272696&width=113 HTTP/1.1" 200 6494 "http://renault.activities.at/10260260" "Mozilla/5.0 (Windows NT 10.0; Win64; x64) AppleWebKit/537.36 (KHTML, like Gecko) Chrome/77.0.3865.90 Safari/537.36"
83.219.165.34 - - [03/Oct/2019:07:20:51 +0200] "GET /loadthumbnail.php?id=11831340&width=113 HTTP/1.1" 200 4684 "http://renault.activities.at/10260260" "Mozilla/5.0 (Windows NT 10.0; Win64; x64) AppleWebKit/537.36 (KHTML, like Gecko) Chrome/77.0.3865.90 Safari/537.36"
83.219.165.34 - - [03/Oct/2019:07:20:51 +0200] "GET /loadthumbnail.php?id=11423690&width=113 HTTP/1.1" 200 1470 "http://renault.activities.at/10260260" "Mozilla/5.0 (Windows NT 10.0; Win64; x64) AppleWebKit/537.36 (KHTML, like Gecko) Chrome/77.0.3865.90 Safari/537.36"
83.219.165.34 - - [03/Oct/2019:07:20:51 +0200] "GET /loadthumbnail.php?id=11592511&width=113 HTTP/1.1" 200 21270 "http://renault.activities.at/10260260" "Mozilla/5.0 (Windows NT 10.0; Win64; x64) AppleWebKit/537.36 (KHTML, like Gecko) Chrome/77.0.3865.90 Safari/537.36"
83.219.165.34 - - [03/Oct/2019:07:20:51 +0200] "GET /loadthumbnail.php?id=11592489&width=113 HTTP/1.1" 200 16712 "http://renault.activities.at/10260260" "Mozilla/5.0 (Windows NT 10.0; Win64; x64) AppleWebKit/537.36 (KHTML, like Gecko) Chrome/77.0.3865.90 Safari/537.36"
83.219.165.34 - - [03/Oct/2019:07:20:51 +0200] "GET /loadthumbnail.php?id=11592506&width=113 HTTP/1.1" 200 18179 "http://renault.activities.at/10260260" "Mozilla/5.0 (Windows NT 10.0; Win64; x64) AppleWebKit/537.36 (KHTML, like Gecko) Chrome/77.0.3865.90 Safari/537.36"
83.219.165.34 - - [03/Oct/2019:07:20:51 +0200] "GET /loadthumbnail.php?id=10614830&width=113 HTTP/1.1" 200 2000 "http://renault.activities.at/10260260" "Mozilla/5.0 (Windows NT 10.0; Win64; x64) AppleWebKit/537.36 (KHTML, like Gecko) Chrome/77.0.3865.90 Safari/537.36"
83.219.165.34 - - [03/Oct/2019:07:20:51 +0200] "GET /loadthumbnail.php?id=11211825&width=113 HTTP/1.1" 200 1953 "http://renault.activities.at/10260260" "Mozilla/5.0 (Windows NT 10.0; Win64; x64) AppleWebKit/537.36 (KHTML, like Gecko) Chrome/77.0.3865.90 Safari/537.36"
83.219.165.34 - - [03/Oct/2019:07:20:51 +0200] "GET /loadthumbnail.php?id=10260174&width=113 HTTP/1.1" 200 3715 "http://renault.activities.at/10260260" "Mozilla/5.0 (Windows NT 10.0; Win64; x64) AppleWebKit/537.36 (KHTML, like Gecko) Chrome/77.0.3865.90 Safari/537.36"
83.219.165.34 - - [03/Oct/2019:07:20:51 +0200] "GET /loadthumbnail.php?id=11730239&width=113 HTTP/1.1" 200 4665 "http://renault.activities.at/10260260" "Mozilla/5.0 (Windows NT 10.0; Win64; x64) AppleWebKit/537.36 (KHTML, like Gecko) Chrome/77.0.3865.90 Safari/537.36"
83.219.165.34 - - [03/Oct/2019:07:20:51 +0200] "GET /loadthumbnail.php?id=10260190&width=113 HTTP/1.1" 200 4509 "http://renault.activities.at/10260260" "Mozilla/5.0 (Windows NT 10.0; Win64; x64) AppleWebKit/537.36 (KHTML, like Gecko) Chrome/77.0.3865.90 Safari/537.36"
83.219.165.34 - - [03/Oct/2019:07:20:51 +0200] "GET /loadthumbnail.php?id=11340118&width=113 HTTP/1.1" 200 5862 "http://renault.activities.at/10260260" "Mozilla/5.0 (Windows NT 10.0; Win64; x64) AppleWebKit/537.36 (KHTML, like Gecko) Chrome/77.0.3865.90 Safari/537.36"
83.219.165.34 - - [03/Oct/2019:07:21:18 +0200] "POST /10260260 HTTP/1.1" 200 9156 "http://renault.activities.at/10260260" "Mozilla/5.0 (Windows NT 10.0; Win64; x64) AppleWebKit/537.36 (KHTML, like Gecko) Chrome/77.0.3865.90 Safari/537.36"
83.219.165.34 - - [03/Oct/2019:07:21:33 +0200] "POST /10260260 HTTP/1.1" 200 9150 "http://renault.activities.at/10260260" "Mozilla/5.0 (Windows NT 10.0; Win64; x64) AppleWebKit/537.36 (KHTML, like Gecko) Chrome/77.0.3865.90 Safari/537.36"
193.194.132.26 - - [03/Oct/2019:07:21:37 +0200] "GET /reload?ser=1570080097707 HTTP/1.1" 200 28 "http://renault.2web.at/account?loadrequest=true" "Mozilla/5.0 (Windows NT 10.0; WOW64; Trident/7.0; Touch; rv:11.0) like Gecko"
83.219.165.34 - - [03/Oct/2019:07:22:13 +0200] "GET /11592486?print=true HTTP/1.1" 200 2683 "http://renault.activities.at/10260260" "Mozilla/5.0 (Windows NT 10.0; Win64; x64) AppleWebKit/537.36 (KHTML, like Gecko) Chrome/77.0.3865.90 Safari/537.36"
83.219.165.34 - - [03/Oct/2019:07:22:14 +0200] "GET /js/magiczoom/magiczoom.css HTTP/1.1" 200 1210 "http://renault.activities.at/11592486?print=true" "Mozilla/5.0 (Windows NT 10.0; Win64; x64) AppleWebKit/537.36 (KHTML, like Gecko) Chrome/77.0.3865.90 Safari/537.36"
83.219.165.34 - - [03/Oct/2019:07:22:14 +0200] "GET /js/Produkt.js HTTP/1.1" 200 852 "http://renault.activities.at/11592486?print=true" "Mozilla/5.0 (Windows NT 10.0; Win64; x64) AppleWebKit/537.36 (KHTML, like Gecko) Chrome/77.0.3865.90 Safari/537.36"
83.219.165.34 - - [03/Oct/2019:07:22:14 +0200] "GET /js/magiczoom/magiczoom.js HTTP/1.1" 200 26397 "http://renault.activities.at/11592486?print=true" "Mozilla/5.0 (Windows NT 10.0; Win64; x64) AppleWebKit/537.36 (KHTML, like Gecko) Chrome/77.0.3865.90 Safari/537.36"
83.219.165.34 - - [03/Oct/2019:07:22:14 +0200] "GET /loadthumbnail.php?id=11592489&width=250 HTTP/1.1" 200 69973 "http://renault.activities.at/11592486?print=true" "Mozilla/5.0 (Windows NT 10.0; Win64; x64) AppleWebKit/537.36 (KHTML, like Gecko) Chrome/77.0.3865.90 Safari/537.36"
83.219.165.34 - - [03/Oct/2019:07:22:14 +0200] "GET /loadthumbnail.php?id=11592489&width=900&height=900 HTTP/1.1" 200 19129 "http://renault.activities.at/11592486?print=true" "Mozilla/5.0 (Windows NT 10.0; Win64; x64) AppleWebKit/537.36 (KHTML, like Gecko) Chrome/77.0.3865.90 Safari/537.36"
83.219.165.34 - - [03/Oct/2019:07:22:14 +0200] "GET /js/magiczoom/graphics/zoomin.cur HTTP/1.1" 200 326 "http://renault.activities.at/js/magiczoom/magiczoom.css" "Mozilla/5.0 (Windows NT 10.0; Win64; x64) AppleWebKit/537.36 (KHTML, like Gecko) Chrome/77.0.3865.90 Safari/537.36"
83.219.165.34 - - [03/Oct/2019:07:22:14 +0200] "GET /js/magiczoom/graphics/hint.gif HTTP/1.1" 200 73 "http://renault.activities.at/js/magiczoom/magiczoom.css" "Mozilla/5.0 (Windows NT 10.0; Win64; x64) AppleWebKit/537.36 (KHTML, like Gecko) Chrome/77.0.3865.90 Safari/537.36"
83.219.165.34 - - [03/Oct/2019:07:22:35 +0200] "GET /reload?ser=1570080157485 HTTP/1.1" 200 28 "http://renault.activities.at/10260260" "Mozilla/5.0 (Windows NT 10.0; Win64; x64) AppleWebKit/537.36 (KHTML, like Gecko) Chrome/77.0.3865.90 Safari/537.36"
193.194.132.26 - - [03/Oct/2019:07:22:38 +0200] "GET /reload?ser=1570080158727 HTTP/1.1" 200 28 "http://renault.2web.at/account?loadrequest=true" "Mozilla/5.0 (Windows NT 10.0; WOW64; Trident/7.0; Touch; rv:11.0) like Gecko"
83.219.165.34 - - [03/Oct/2019:07:23:01 +0200] "GET /10260260?dir=DESC&mode=grid&order=name&limit=15&page=2 HTTP/1.1" 200 7068 "http://renault.activities.at/10260260" "Mozilla/5.0 (Windows NT 10.0; Win64; x64) AppleWebKit/537.36 (KHTML, like Gecko) Chrome/77.0.3865.90 Safari/537.36"
83.219.165.34 - - [03/Oct/2019:07:23:03 +0200] "GET /loadthumbnail.php?id=11340119&width=113 HTTP/1.1" 200 5321 "http://renault.activities.at/10260260?dir=DESC&mode=grid&order=name&limit=15&page=2" "Mozilla/5.0 (Windows NT 10.0; Win64; x64) AppleWebKit/537.36 (KHTML, like Gecko) Chrome/77.0.3865.90 Safari/537.36"
83.219.165.34 - - [03/Oct/2019:07:23:03 +0200] "GET /loadthumbnail.php?id=11351226&width=113 HTTP/1.1" 200 16210 "http://renault.activities.at/10260260?dir=DESC&mode=grid&order=name&limit=15&page=2" "Mozilla/5.0 (Windows NT 10.0; Win64; x64) AppleWebKit/537.36 (KHTML, like Gecko) Chrome/77.0.3865.90 Safari/537.36"
83.219.165.34 - - [03/Oct/2019:07:23:03 +0200] "GET /loadthumbnail.php?id=11340120&width=113 HTTP/1.1" 200 2962 "http://renault.activities.at/10260260?dir=DESC&mode=grid&order=name&limit=15&page=2" "Mozilla/5.0 (Windows NT 10.0; Win64; x64) AppleWebKit/537.36 (KHTML, like Gecko) Chrome/77.0.3865.90 Safari/537.36"
83.219.165.34 - - [03/Oct/2019:07:23:03 +0200] "GET /loadthumbnail.php?id=11351222&width=113 HTTP/1.1" 200 17851 "http://renault.activities.at/10260260?dir=DESC&mode=grid&order=name&limit=15&page=2" "Mozilla/5.0 (Windows NT 10.0; Win64; x64) AppleWebKit/537.36 (KHTML, like Gecko) Chrome/77.0.3865.90 Safari/537.36"
83.219.165.34 - - [03/Oct/2019:07:23:16 +0200] "GET /10260249 HTTP/1.1" 200 9143 "http://renault.activities.at/10260260?dir=DESC&mode=grid&order=name&limit=15&page=2" "Mozilla/5.0 (Windows NT 10.0; Win64; x64) AppleWebKit/537.36 (KHTML, like Gecko) Chrome/77.0.3865.90 Safari/537.36"
83.219.165.34 - - [03/Oct/2019:07:23:19 +0200] "GET /loadthumbnail.php?id=11194750&width=113 HTTP/1.1" 200 2347 "http://renault.activities.at/10260249" "Mozilla/5.0 (Windows NT 10.0; Win64; x64) AppleWebKit/537.36 (KHTML, like Gecko) Chrome/77.0.3865.90 Safari/537.36"
83.219.165.34 - - [03/Oct/2019:07:23:19 +0200] "GET /loadthumbnail.php?id=11573493&width=113 HTTP/1.1" 200 8256 "http://renault.activities.at/10260249" "Mozilla/5.0 (Windows NT 10.0; Win64; x64) AppleWebKit/537.36 (KHTML, like Gecko) Chrome/77.0.3865.90 Safari/537.36"
83.219.165.34 - - [03/Oct/2019:07:23:19 +0200] "GET /loadthumbnail.php?id=11108158&width=113 HTTP/1.1" 200 1545 "http://renault.activities.at/10260249" "Mozilla/5.0 (Windows NT 10.0; Win64; x64) AppleWebKit/537.36 (KHTML, like Gecko) Chrome/77.0.3865.90 Safari/537.36"
83.219.165.34 - - [03/Oct/2019:07:23:19 +0200] "GET /loadthumbnail.php?id=11146700&width=113 HTTP/1.1" 200 1415 "http://renault.activities.at/10260249" "Mozilla/5.0 (Windows NT 10.0; Win64; x64) AppleWebKit/537.36 (KHTML, like Gecko) Chrome/77.0.3865.90 Safari/537.36"
83.219.165.34 - - [03/Oct/2019:07:23:19 +0200] "GET /loadthumbnail.php?id=11117056&width=113 HTTP/1.1" 200 2184 "http://renault.activities.at/10260249" "Mozilla/5.0 (Windows NT 10.0; Win64; x64) AppleWebKit/537.36 (KHTML, like Gecko) Chrome/77.0.3865.90 Safari/537.36"
83.219.165.34 - - [03/Oct/2019:07:23:19 +0200] "GET /loadthumbnail.php?id=11721290&width=113 HTTP/1.1" 200 1179 "http://renault.activities.at/10260249" "Mozilla/5.0 (Windows NT 10.0; Win64; x64) AppleWebKit/537.36 (KHTML, like Gecko) Chrome/77.0.3865.90 Safari/537.36"
83.219.165.34 - - [03/Oct/2019:07:23:19 +0200] "GET /loadthumbnail.php?id=11270805&width=113 HTTP/1.1" 200 5169 "http://renault.activities.at/10260249" "Mozilla/5.0 (Windows NT 10.0; Win64; x64) AppleWebKit/537.36 (KHTML, like Gecko) Chrome/77.0.3865.90 Safari/537.36"
83.219.165.34 - - [03/Oct/2019:07:23:19 +0200] "GET /loadthumbnail.php?id=10269567&width=113 HTTP/1.1" 200 1590 "http://renault.activities.at/10260249" "Mozilla/5.0 (Windows NT 10.0; Win64; x64) AppleWebKit/537.36 (KHTML, like Gecko) Chrome/77.0.3865.90 Safari/537.36"
83.219.165.34 - - [03/Oct/2019:07:23:19 +0200] "GET /loadthumbnail.php?id=11776453&width=113 HTTP/1.1" 200 1248 "http://renault.activities.at/10260249" "Mozilla/5.0 (Windows NT 10.0; Win64; x64) AppleWebKit/537.36 (KHTML, like Gecko) Chrome/77.0.3865.90 Safari/537.36"
83.219.165.34 - - [03/Oct/2019:07:23:19 +0200] "GET /loadthumbnail.php?id=10413489&width=113 HTTP/1.1" 200 3213 "http://renault.activities.at/10260249" "Mozilla/5.0 (Windows NT 10.0; Win64; x64) AppleWebKit/537.36 (KHTML, like Gecko) Chrome/77.0.3865.90 Safari/537.36"
83.219.165.34 - - [03/Oct/2019:07:23:19 +0200] "GET /loadthumbnail.php?id=11538169&width=113 HTTP/1.1" 200 20088 "http://renault.activities.at/10260249" "Mozilla/5.0 (Windows NT 10.0; Win64; x64) AppleWebKit/537.36 (KHTML, like Gecko) Chrome/77.0.3865.90 Safari/537.36"
83.219.165.34 - - [03/Oct/2019:07:23:33 +0200] "POST /axjaxrequest?mode=suggest HTTP/1.1" 200 177 "http://renault.activities.at/10260249" "Mozilla/5.0 (Windows NT 10.0; Win64; x64) AppleWebKit/537.36 (KHTML, like Gecko) Chrome/77.0.3865.90 Safari/537.36"
83.219.165.34 - - [03/Oct/2019:07:23:34 +0200] "GET /result?searchterm=true&search=Garanti HTTP/1.1" 200 7160 "http://renault.activities.at/10260249" "Mozilla/5.0 (Windows NT 10.0; Win64; x64) AppleWebKit/537.36 (KHTML, like Gecko) Chrome/77.0.3865.90 Safari/537.36"
83.219.165.34 - - [03/Oct/2019:07:23:37 +0200] "GET /loadthumbnail.php?id=11228497&width=113 HTTP/1.1" 200 3267 "http://renault.activities.at/result?searchterm=true&search=Garanti" "Mozilla/5.0 (Windows NT 10.0; Win64; x64) AppleWebKit/537.36 (KHTML, like Gecko) Chrome/77.0.3865.90 Safari/537.36"
83.219.165.34 - - [03/Oct/2019:07:23:37 +0200] "GET /loadthumbnail.php?id=11075492&width=113 HTTP/1.1" 200 2349 "http://renault.activities.at/result?searchterm=true&search=Garanti" "Mozilla/5.0 (Windows NT 10.0; Win64; x64) AppleWebKit/537.36 (KHTML, like Gecko) Chrome/77.0.3865.90 Safari/537.36"
83.219.165.34 - - [03/Oct/2019:07:23:37 +0200] "GET /loadthumbnail.php?id=12094749&width=113 HTTP/1.1" 200 15117 "http://renault.activities.at/result?searchterm=true&search=Garanti" "Mozilla/5.0 (Windows NT 10.0; Win64; x64) AppleWebKit/537.36 (KHTML, like Gecko) Chrome/77.0.3865.90 Safari/537.36"
83.219.165.34 - - [03/Oct/2019:07:23:37 +0200] "GET /loadthumbnail.php?id=11228502&width=113 HTTP/1.1" 200 1524 "http://renault.activities.at/result?searchterm=true&search=Garanti" "Mozilla/5.0 (Windows NT 10.0; Win64; x64) AppleWebKit/537.36 (KHTML, like Gecko) Chrome/77.0.3865.90 Safari/537.36"
83.219.165.34 - - [03/Oct/2019:07:23:34 +0200] "POST /axjaxrequest?mode=suggest HTTP/1.1" 200 177 "http://renault.activities.at/10260249" "Mozilla/5.0 (Windows NT 10.0; Win64; x64) AppleWebKit/537.36 (KHTML, like Gecko) Chrome/77.0.3865.90 Safari/537.36"
193.194.132.26 - - [03/Oct/2019:07:23:39 +0200] "GET /reload?ser=1570080219760 HTTP/1.1" 200 28 "http://renault.2web.at/account?loadrequest=true" "Mozilla/5.0 (Windows NT 10.0; WOW64; Trident/7.0; Touch; rv:11.0) like Gecko"
83.219.165.34 - - [03/Oct/2019:07:23:43 +0200] "POST /axjaxrequest?mode=suggest HTTP/1.1" 200 177 "http://renault.activities.at/result?searchterm=true&search=Garanti" "Mozilla/5.0 (Windows NT 10.0; Win64; x64) AppleWebKit/537.36 (KHTML, like Gecko) Chrome/77.0.3865.90 Safari/537.36"
83.219.165.34 - - [03/Oct/2019:07:23:44 +0200] "GET /result?searchterm=true&search=Garantie HTTP/1.1" 200 7162 "http://renault.activities.at/result?searchterm=true&search=Garanti" "Mozilla/5.0 (Windows NT 10.0; Win64; x64) AppleWebKit/537.36 (KHTML, like Gecko) Chrome/77.0.3865.90 Safari/537.36"
83.219.165.34 - - [03/Oct/2019:07:23:56 +0200] "POST /axjaxrequest?mode=suggest HTTP/1.1" 200 177 "http://renault.activities.at/result?searchterm=true&search=Garantie" "Mozilla/5.0 (Windows NT 10.0; Win64; x64) AppleWebKit/537.36 (KHTML, like Gecko) Chrome/77.0.3865.90 Safari/537.36"
83.219.165.34 - - [03/Oct/2019:07:23:56 +0200] "GET /result?searchterm=true&search=Garant HTTP/1.1" 200 7161 "http://renault.activities.at/result?searchterm=true&search=Garantie" "Mozilla/5.0 (Windows NT 10.0; Win64; x64) AppleWebKit/537.36 (KHTML, like Gecko) Chrome/77.0.3865.90 Safari/537.36"
83.219.165.34 - - [03/Oct/2019:07:24:06 +0200] "GET /result?searchterm=true&search=Aufkleber HTTP/1.1" 200 7091 "http://renault.activities.at/result?searchterm=true&search=Garant" "Mozilla/5.0 (Windows NT 10.0; Win64; x64) AppleWebKit/537.36 (KHTML, like Gecko) Chrome/77.0.3865.90 Safari/537.36"
83.219.165.34 - - [03/Oct/2019:07:24:06 +0200] "POST /axjaxrequest?mode=suggest HTTP/1.1" 200 134 "http://renault.activities.at/result?searchterm=true&search=Garant" "Mozilla/5.0 (Windows NT 10.0; Win64; x64) AppleWebKit/537.36 (KHTML, like Gecko) Chrome/77.0.3865.90 Safari/537.36"
83.219.165.34 - - [03/Oct/2019:07:24:07 +0200] "GET /result?searchterm=true&search=Aufkleber HTTP/1.1" 200 7091 "http://renault.activities.at/result?searchterm=true&search=Garant" "Mozilla/5.0 (Windows NT 10.0; Win64; x64) AppleWebKit/537.36 (KHTML, like Gecko) Chrome/77.0.3865.90 Safari/537.36"
83.219.165.34 - - [03/Oct/2019:07:24:11 +0200] "GET /loadthumbnail.php?id=11431080&width=113 HTTP/1.1" 200 3991 "http://renault.activities.at/result?searchterm=true&search=Aufkleber" "Mozilla/5.0 (Windows NT 10.0; Win64; x64) AppleWebKit/537.36 (KHTML, like Gecko) Chrome/77.0.3865.90 Safari/537.36"
83.219.165.34 - - [03/Oct/2019:07:24:11 +0200] "GET /loadthumbnail.php?id=10460287&width=113 HTTP/1.1" 200 2135 "http://renault.activities.at/result?searchterm=true&search=Aufkleber" "Mozilla/5.0 (Windows NT 10.0; Win64; x64) AppleWebKit/537.36 (KHTML, like Gecko) Chrome/77.0.3865.90 Safari/537.36"
83.219.165.34 - - [03/Oct/2019:07:24:11 +0200] "GET /loadthumbnail.php?id=11304858&width=113 HTTP/1.1" 200 1289 "http://renault.activities.at/result?searchterm=true&search=Aufkleber" "Mozilla/5.0 (Windows NT 10.0; Win64; x64) AppleWebKit/537.36 (KHTML, like Gecko) Chrome/77.0.3865.90 Safari/537.36"
83.219.165.34 - - [03/Oct/2019:07:24:11 +0200] "GET /loadthumbnail.php?id=11089820&width=113 HTTP/1.1" 200 2212 "http://renault.activities.at/result?searchterm=true&search=Aufkleber" "Mozilla/5.0 (Windows NT 10.0; Win64; x64) AppleWebKit/537.36 (KHTML, like Gecko) Chrome/77.0.3865.90 Safari/537.36"
83.219.165.34 - - [03/Oct/2019:07:24:11 +0200] "GET /loadthumbnail.php?id=10729892&width=113 HTTP/1.1" 200 4176 "http://renault.activities.at/result?searchterm=true&search=Aufkleber" "Mozilla/5.0 (Windows NT 10.0; Win64; x64) AppleWebKit/537.36 (KHTML, like Gecko) Chrome/77.0.3865.90 Safari/537.36"
83.219.165.34 - - [03/Oct/2019:07:24:21 +0200] "POST /result?searchterm=true&search=Aufkleber HTTP/1.1" 200 7195 "http://renault.activities.at/result?searchterm=true&search=Aufkleber" "Mozilla/5.0 (Windows NT 10.0; Win64; x64) AppleWebKit/537.36 (KHTML, like Gecko) Chrome/77.0.3865.90 Safari/537.36"
83.219.165.34 - - [03/Oct/2019:07:24:30 +0200] "GET /checkout HTTP/1.1" 200 20328 "http://renault.activities.at/result?searchterm=true&search=Aufkleber" "Mozilla/5.0 (Windows NT 10.0; Win64; x64) AppleWebKit/537.36 (KHTML, like Gecko) Chrome/77.0.3865.90 Safari/537.36"
193.194.132.26 - - [03/Oct/2019:07:24:40 +0200] "GET /reload?ser=1570080280788 HTTP/1.1" 200 28 "http://renault.2web.at/account?loadrequest=true" "Mozilla/5.0 (Windows NT 10.0; WOW64; Trident/7.0; Touch; rv:11.0) like Gecko"
83.219.165.34 - - [03/Oct/2019:07:24:32 +0200] "GET /checkout HTTP/1.1" 200 20328 "http://renault.activities.at/result?searchterm=true&search=Aufkleber" "Mozilla/5.0 (Windows NT 10.0; Win64; x64) AppleWebKit/537.36 (KHTML, like Gecko) Chrome/77.0.3865.90 Safari/537.36"
83.219.165.34 - - [03/Oct/2019:07:24:42 +0200] "GET /js/checkout2.js HTTP/1.1" 200 4122 "http://renault.activities.at/checkout" "Mozilla/5.0 (Windows NT 10.0; Win64; x64) AppleWebKit/537.36 (KHTML, like Gecko) Chrome/77.0.3865.90 Safari/537.36"
83.219.165.34 - - [03/Oct/2019:07:24:42 +0200] "GET /images/step_marker.gif HTTP/1.1" 200 650 "http://renault.activities.at/css/styles.css" "Mozilla/5.0 (Windows NT 10.0; Win64; x64) AppleWebKit/537.36 (KHTML, like Gecko) Chrome/77.0.3865.90 Safari/537.36"
83.219.165.34 - - [03/Oct/2019:07:24:42 +0200] "GET /images/step_bg.jpg HTTP/1.1" 200 319 "http://renault.activities.at/css/styles.css" "Mozilla/5.0 (Windows NT 10.0; Win64; x64) AppleWebKit/537.36 (KHTML, like Gecko) Chrome/77.0.3865.90 Safari/537.36"
83.219.165.34 - - [03/Oct/2019:07:24:42 +0200] "GET /images/checkout_border.gif HTTP/1.1" 200 43 "http://renault.activities.at/css/styles.css" "Mozilla/5.0 (Windows NT 10.0; Win64; x64) AppleWebKit/537.36 (KHTML, like Gecko) Chrome/77.0.3865.90 Safari/537.36"
83.219.165.34 - - [03/Oct/2019:07:24:42 +0200] "GET /images/checkout_border_top.gif HTTP/1.1" 200 156 "http://renault.activities.at/css/styles.css" "Mozilla/5.0 (Windows NT 10.0; Win64; x64) AppleWebKit/537.36 (KHTML, like Gecko) Chrome/77.0.3865.90 Safari/537.36"
83.219.165.34 - - [03/Oct/2019:07:24:42 +0200] "GET /loadthumbnail.php?id=10201939 HTTP/1.1" 200 201 "http://renault.activities.at/checkout" "Mozilla/5.0 (Windows NT 10.0; Win64; x64) AppleWebKit/537.36 (KHTML, like Gecko) Chrome/77.0.3865.90 Safari/537.36"
83.219.165.34 - - [03/Oct/2019:07:24:42 +0200] "GET /loadthumbnail.php?id=10202698 HTTP/1.1" 200 16686 "http://renault.activities.at/checkout" "Mozilla/5.0 (Windows NT 10.0; Win64; x64) AppleWebKit/537.36 (KHTML, like Gecko) Chrome/77.0.3865.90 Safari/537.36"
83.219.165.34 - - [03/Oct/2019:07:24:46 +0200] "POST /docheckout HTTP/1.1" 200 455 "http://renault.activities.at/checkout" "Mozilla/5.0 (Windows NT 10.0; Win64; x64) AppleWebKit/537.36 (KHTML, like Gecko) Chrome/77.0.3865.90 Safari/537.36"
83.219.165.34 - - [03/Oct/2019:07:24:50 +0200] "POST /docheckout HTTP/1.1" 200 944 "http://renault.activities.at/checkout" "Mozilla/5.0 (Windows NT 10.0; Win64; x64) AppleWebKit/537.36 (KHTML, like Gecko) Chrome/77.0.3865.90 Safari/537.36"
83.219.165.34 - - [03/Oct/2019:07:24:53 +0200] "GET /images/error_msg_icon.gif HTTP/1.1" 200 1013 "http://renault.activities.at/checkout" "Mozilla/5.0 (Windows NT 10.0; Win64; x64) AppleWebKit/537.36 (KHTML, like Gecko) Chrome/77.0.3865.90 Safari/537.36"
83.219.165.34 - - [03/Oct/2019:07:25:19 +0200] "POST /docheckout HTTP/1.1" 200 68 "http://renault.activities.at/checkout" "Mozilla/5.0 (Windows NT 10.0; Win64; x64) AppleWebKit/537.36 (KHTML, like Gecko) Chrome/77.0.3865.90 Safari/537.36"
83.219.165.34 - - [03/Oct/2019:07:25:25 +0200] "GET /success HTTP/1.1" 200 3942 "http://renault.activities.at/checkout" "Mozilla/5.0 (Windows NT 10.0; Win64; x64) AppleWebKit/537.36 (KHTML, like Gecko) Chrome/77.0.3865.90 Safari/537.36"
193.194.132.26 - - [03/Oct/2019:07:25:41 +0200] "GET /reload?ser=1570080341820 HTTP/1.1" 200 28 "http://renault.2web.at/account?loadrequest=true" "Mozilla/5.0 (Windows NT 10.0; WOW64; Trident/7.0; Touch; rv:11.0) like Gecko"
83.219.165.34 - - [03/Oct/2019:07:26:28 +0200] "GET /reload?ser=1570080390204 HTTP/1.1" 200 28 "http://renault.activities.at/success" "Mozilla/5.0 (Windows NT 10.0; Win64; x64) AppleWebKit/537.36 (KHTML, like Gecko) Chrome/77.0.3865.90 Safari/537.36"
193.194.132.26 - - [03/Oct/2019:07:26:42 +0200] "GET /reload?ser=1570080402794 HTTP/1.1" 200 28 "http://renault.2web.at/account?loadrequest=true" "Mozilla/5.0 (Windows NT 10.0; WOW64; Trident/7.0; Touch; rv:11.0) like Gecko"
83.219.165.34 - - [03/Oct/2019:07:27:29 +0200] "GET /reload?ser=1570080451174 HTTP/1.1" 200 28 "http://renault.activities.at/success" "Mozilla/5.0 (Windows NT 10.0; Win64; x64) AppleWebKit/537.36 (KHTML, like Gecko) Chrome/77.0.3865.90 Safari/537.36"
193.194.132.26 - - [03/Oct/2019:07:27:43 +0200] "GET /reload?ser=1570080463803 HTTP/1.1" 200 28 "http://renault.2web.at/account?loadrequest=true" "Mozilla/5.0 (Windows NT 10.0; WOW64; Trident/7.0; Touch; rv:11.0) like Gecko"
193.194.132.26 - - [03/Oct/2019:07:28:44 +0200] "GET /reload?ser=1570080524818 HTTP/1.1" 200 28 "http://renault.2web.at/account?loadrequest=true" "Mozilla/5.0 (Windows NT 10.0; WOW64; Trident/7.0; Touch; rv:11.0) like Gecko"
193.194.132.26 - - [03/Oct/2019:07:29:45 +0200] "GET /reload?ser=1570080585864 HTTP/1.1" 200 28 "http://renault.2web.at/account?loadrequest=true" "Mozilla/5.0 (Windows NT 10.0; WOW64; Trident/7.0; Touch; rv:11.0) like Gecko"
193.194.132.26 - - [03/Oct/2019:07:30:47 +0200] "GET /reload?ser=1570080646885 HTTP/1.1" 200 28 "http://renault.2web.at/account?loadrequest=true" "Mozilla/5.0 (Windows NT 10.0; WOW64; Trident/7.0; Touch; rv:11.0) like Gecko"
193.194.132.26 - - [03/Oct/2019:07:31:48 +0200] "GET /reload?ser=1570080707926 HTTP/1.1" 200 28 "http://renault.2web.at/account?loadrequest=true" "Mozilla/5.0 (Windows NT 10.0; WOW64; Trident/7.0; Touch; rv:11.0) like Gecko"
193.194.132.26 - - [03/Oct/2019:07:32:49 +0200] "GET /reload?ser=1570080768965 HTTP/1.1" 200 28 "http://renault.2web.at/account?loadrequest=true" "Mozilla/5.0 (Windows NT 10.0; WOW64; Trident/7.0; Touch; rv:11.0) like Gecko"
193.194.132.26 - - [03/Oct/2019:07:33:50 +0200] "GET /reload?ser=1570080829974 HTTP/1.1" 200 28 "http://renault.2web.at/account?loadrequest=true" "Mozilla/5.0 (Windows NT 10.0; WOW64; Trident/7.0; Touch; rv:11.0) like Gecko"
193.194.132.26 - - [03/Oct/2019:07:34:51 +0200] "GET /reload?ser=1570080891005 HTTP/1.1" 200 28 "http://renault.2web.at/account?loadrequest=true" "Mozilla/5.0 (Windows NT 10.0; WOW64; Trident/7.0; Touch; rv:11.0) like Gecko"
193.194.132.26 - - [03/Oct/2019:07:35:52 +0200] "GET /reload?ser=1570080952041 HTTP/1.1" 200 28 "http://renault.2web.at/account?loadrequest=true" "Mozilla/5.0 (Windows NT 10.0; WOW64; Trident/7.0; Touch; rv:11.0) like Gecko"
193.194.132.26 - - [03/Oct/2019:07:36:53 +0200] "GET /reload?ser=1570081013070 HTTP/1.1" 200 28 "http://renault.2web.at/account?loadrequest=true" "Mozilla/5.0 (Windows NT 10.0; WOW64; Trident/7.0; Touch; rv:11.0) like Gecko"
193.194.132.26 - - [03/Oct/2019:07:37:54 +0200] "GET /reload?ser=1570081074145 HTTP/1.1" 200 28 "http://renault.2web.at/account?loadrequest=true" "Mozilla/5.0 (Windows NT 10.0; WOW64; Trident/7.0; Touch; rv:11.0) like Gecko"
193.194.132.26 - - [03/Oct/2019:07:38:55 +0200] "GET /reload?ser=1570081135735 HTTP/1.1" 200 28 "http://renault.2web.at/account?loadrequest=true" "Mozilla/5.0 (Windows NT 10.0; WOW64; Trident/7.0; Touch; rv:11.0) like Gecko"
81.189.133.90 - - [03/Oct/2019:07:39:19 +0200] "GET /login HTTP/1.1" 200 2085 "-" "Mozilla/5.0 (Windows NT 10.0; WOW64; Trident/7.0; rv:11.0) like Gecko"
81.189.133.90 - - [03/Oct/2019:07:39:20 +0200] "GET /css/clears.css HTTP/1.1" 200 851 "http://renault.activities.at/login" "Mozilla/5.0 (Windows NT 10.0; WOW64; Trident/7.0; rv:11.0) like Gecko"
81.189.133.90 - - [03/Oct/2019:07:39:20 +0200] "GET /css/reset.css HTTP/1.1" 200 1356 "http://renault.activities.at/login" "Mozilla/5.0 (Windows NT 10.0; WOW64; Trident/7.0; rv:11.0) like Gecko"
81.189.133.90 - - [03/Oct/2019:07:39:20 +0200] "GET /js/default.js HTTP/1.1" 200 14698 "http://renault.activities.at/login" "Mozilla/5.0 (Windows NT 10.0; WOW64; Trident/7.0; rv:11.0) like Gecko"
81.189.133.90 - - [03/Oct/2019:07:39:20 +0200] "GET /css/styles.css HTTP/1.1" 200 14664 "http://renault.activities.at/login" "Mozilla/5.0 (Windows NT 10.0; WOW64; Trident/7.0; rv:11.0) like Gecko"
81.189.133.90 - - [03/Oct/2019:07:39:20 +0200] "GET /css/print.css HTTP/1.1" 200 543 "http://renault.activities.at/login" "Mozilla/5.0 (Windows NT 10.0; WOW64; Trident/7.0; rv:11.0) like Gecko"
81.189.133.90 - - [03/Oct/2019:07:39:20 +0200] "GET /js/checkout.css HTTP/1.1" 200 359 "http://renault.activities.at/login" "Mozilla/5.0 (Windows NT 10.0; WOW64; Trident/7.0; rv:11.0) like Gecko"
81.189.133.90 - - [03/Oct/2019:07:39:20 +0200] "GET /css/prototip.css HTTP/1.1" 200 968 "http://renault.activities.at/login" "Mozilla/5.0 (Windows NT 10.0; WOW64; Trident/7.0; rv:11.0) like Gecko"
81.189.133.90 - - [03/Oct/2019:07:39:20 +0200] "GET /css/themes/default.css HTTP/1.1" 200 769 "http://renault.activities.at/login" "Mozilla/5.0 (Windows NT 10.0; WOW64; Trident/7.0; rv:11.0) like Gecko"
81.189.133.90 - - [03/Oct/2019:07:39:20 +0200] "GET /js/index.php?c=auto&f=,prototype/prototype.js,prototype/validation.js,scriptaculous/builder.js,scriptaculous/effects.js,scriptaculous/dragdrop.js,scriptaculous/controls.js,scriptaculous/slider.js,varien/js.js,varien/form.js,varien/menu.js,mage/translate.js,mage/cookies.js,varien/product.js,spinner/SpinnerControl.jsmin.js,prototype/window.js,prototype/window_ext.js HTTP/1.1" 200 94182 "http://renault.activities.at/login" "Mozilla/5.0 (Windows NT 10.0; WOW64; Trident/7.0; rv:11.0) like Gecko"
81.189.133.90 - - [03/Oct/2019:07:39:20 +0200] "GET /css/themes/alphacube.css HTTP/1.1" 200 743 "http://renault.activities.at/login" "Mozilla/5.0 (Windows NT 10.0; WOW64; Trident/7.0; rv:11.0) like Gecko"
81.189.133.90 - - [03/Oct/2019:07:39:20 +0200] "GET /images/main_block_border.gif HTTP/1.1" 200 43 "http://renault.activities.at/login" "Mozilla/5.0 (Windows NT 10.0; WOW64; Trident/7.0; rv:11.0) like Gecko"
81.189.133.90 - - [03/Oct/2019:07:39:20 +0200] "GET /images/main_block_corner_left_top.gif HTTP/1.1" 200 159 "http://renault.activities.at/login" "Mozilla/5.0 (Windows NT 10.0; WOW64; Trident/7.0; rv:11.0) like Gecko"
81.189.133.90 - - [03/Oct/2019:07:39:20 +0200] "GET /images/main_block_corner_right_bot.gif HTTP/1.1" 200 158 "http://renault.activities.at/login" "Mozilla/5.0 (Windows NT 10.0; WOW64; Trident/7.0; rv:11.0) like Gecko"
81.189.133.90 - - [03/Oct/2019:07:39:20 +0200] "GET /images/header_block_border.gif HTTP/1.1" 200 43 "http://renault.activities.at/login" "Mozilla/5.0 (Windows NT 10.0; WOW64; Trident/7.0; rv:11.0) like Gecko"
81.189.133.90 - - [03/Oct/2019:07:39:20 +0200] "GET /images/main_block_corner_left_bot.gif HTTP/1.1" 200 159 "http://renault.activities.at/login" "Mozilla/5.0 (Windows NT 10.0; WOW64; Trident/7.0; rv:11.0) like Gecko"
81.189.133.90 - - [03/Oct/2019:07:39:20 +0200] "GET /images/main_block_corner_right_top.gif HTTP/1.1" 200 159 "http://renault.activities.at/login" "Mozilla/5.0 (Windows NT 10.0; WOW64; Trident/7.0; rv:11.0) like Gecko"
81.189.133.90 - - [03/Oct/2019:07:39:20 +0200] "GET /images/header_block_corner_right_top.gif HTTP/1.1" 200 160 "http://renault.activities.at/login" "Mozilla/5.0 (Windows NT 10.0; WOW64; Trident/7.0; rv:11.0) like Gecko"
81.189.133.90 - - [03/Oct/2019:07:39:20 +0200] "GET /images/header_block_corner_left_top.gif HTTP/1.1" 200 160 "http://renault.activities.at/login" "Mozilla/5.0 (Windows NT 10.0; WOW64; Trident/7.0; rv:11.0) like Gecko"
81.189.133.90 - - [03/Oct/2019:07:39:20 +0200] "GET /images/title_border.jpg HTTP/1.1" 200 304 "http://renault.activities.at/login" "Mozilla/5.0 (Windows NT 10.0; WOW64; Trident/7.0; rv:11.0) like Gecko"
81.189.133.90 - - [03/Oct/2019:07:39:20 +0200] "GET /images/title_border_top.jpg HTTP/1.1" 200 336 "http://renault.activities.at/login" "Mozilla/5.0 (Windows NT 10.0; WOW64; Trident/7.0; rv:11.0) like Gecko"
81.189.133.90 - - [03/Oct/2019:07:39:20 +0200] "GET /images/title_corner_left_top.jpg HTTP/1.1" 200 372 "http://renault.activities.at/login" "Mozilla/5.0 (Windows NT 10.0; WOW64; Trident/7.0; rv:11.0) like Gecko"
81.189.133.90 - - [03/Oct/2019:07:39:20 +0200] "GET /images/title_corner_right_top.jpg HTTP/1.1" 200 389 "http://renault.activities.at/login" "Mozilla/5.0 (Windows NT 10.0; WOW64; Trident/7.0; rv:11.0) like Gecko"
81.189.133.90 - - [03/Oct/2019:07:39:20 +0200] "GET /images/button_left_bg.gif HTTP/1.1" 200 564 "http://renault.activities.at/login" "Mozilla/5.0 (Windows NT 10.0; WOW64; Trident/7.0; rv:11.0) like Gecko"
81.189.133.90 - - [03/Oct/2019:07:39:20 +0200] "GET /images/button_right_bg.gif HTTP/1.1" 200 561 "http://renault.activities.at/login" "Mozilla/5.0 (Windows NT 10.0; WOW64; Trident/7.0; rv:11.0) like Gecko"
81.189.133.90 - - [03/Oct/2019:07:39:20 +0200] "GET /images/button_bg.gif HTTP/1.1" 200 151 "http://renault.activities.at/login" "Mozilla/5.0 (Windows NT 10.0; WOW64; Trident/7.0; rv:11.0) like Gecko"
81.189.133.90 - - [03/Oct/2019:07:39:20 +0200] "GET /loadthumbnail.php?id=11127982 HTTP/1.1" 200 399614 "http://renault.activities.at/login" "Mozilla/5.0 (Windows NT 10.0; WOW64; Trident/7.0; rv:11.0) like Gecko"
193.194.132.26 - - [03/Oct/2019:07:39:56 +0200] "GET /reload?ser=1570081196745 HTTP/1.1" 200 28 "http://renault.2web.at/account?loadrequest=true" "Mozilla/5.0 (Windows NT 10.0; WOW64; Trident/7.0; Touch; rv:11.0) like Gecko"
81.189.133.90 - - [03/Oct/2019:07:40:21 +0200] "GET /reload?ser=1570081221607 HTTP/1.1" 200 28 "http://renault.activities.at/login" "Mozilla/5.0 (Windows NT 10.0; WOW64; Trident/7.0; rv:11.0) like Gecko"
193.194.132.26 - - [03/Oct/2019:07:40:57 +0200] "GET /reload?ser=1570081257795 HTTP/1.1" 200 28 "http://renault.2web.at/account?loadrequest=true" "Mozilla/5.0 (Windows NT 10.0; WOW64; Trident/7.0; Touch; rv:11.0) like Gecko"
81.189.133.90 - - [03/Oct/2019:07:41:22 +0200] "GET /reload?ser=1570081282252 HTTP/1.1" 200 28 "http://renault.activities.at/login" "Mozilla/5.0 (Windows NT 10.0; WOW64; Trident/7.0; rv:11.0) like Gecko"
193.194.132.26 - - [03/Oct/2019:07:41:58 +0200] "GET /reload?ser=1570081318851 HTTP/1.1" 200 28 "http://renault.2web.at/account?loadrequest=true" "Mozilla/5.0 (Windows NT 10.0; WOW64; Trident/7.0; Touch; rv:11.0) like Gecko"
81.189.133.90 - - [03/Oct/2019:07:42:22 +0200] "GET /reload?ser=1570081342910 HTTP/1.1" 200 28 "http://renault.activities.at/login" "Mozilla/5.0 (Windows NT 10.0; WOW64; Trident/7.0; rv:11.0) like Gecko"
193.194.132.26 - - [03/Oct/2019:07:43:00 +0200] "GET /reload?ser=1570081379914 HTTP/1.1" 200 28 "http://renault.2web.at/account?loadrequest=true" "Mozilla/5.0 (Windows NT 10.0; WOW64; Trident/7.0; Touch; rv:11.0) like Gecko"
81.189.133.90 - - [03/Oct/2019:07:43:23 +0200] "GET /reload?ser=1570081403552 HTTP/1.1" 200 28 "http://renault.activities.at/login" "Mozilla/5.0 (Windows NT 10.0; WOW64; Trident/7.0; rv:11.0) like Gecko"
193.194.132.26 - - [03/Oct/2019:07:44:01 +0200] "GET /reload?ser=1570081440957 HTTP/1.1" 200 28 "http://renault.2web.at/account?loadrequest=true" "Mozilla/5.0 (Windows NT 10.0; WOW64; Trident/7.0; Touch; rv:11.0) like Gecko"
81.189.133.90 - - [03/Oct/2019:07:44:24 +0200] "GET /reload?ser=1570081464201 HTTP/1.1" 200 28 "http://renault.activities.at/login" "Mozilla/5.0 (Windows NT 10.0; WOW64; Trident/7.0; rv:11.0) like Gecko"
93.83.241.1 - - [03/Oct/2019:07:45:01 +0200] "GET / HTTP/1.1" 200 3380 "-" "Mozilla/5.0 (Windows NT 6.1; Trident/7.0; rv:11.0) like Gecko"
93.83.241.1 - - [03/Oct/2019:07:45:02 +0200] "GET /js/index.php?c=auto&f=,prototype/prototype.js,prototype/validation.js,scriptaculous/builder.js,scriptaculous/effects.js,scriptaculous/dragdrop.js,scriptaculous/controls.js,scriptaculous/slider.js,varien/js.js,varien/form.js,varien/menu.js,mage/translate.js,mage/cookies.js,varien/product.js,spinner/SpinnerControl.jsmin.js,prototype/window.js,prototype/window_ext.js HTTP/1.1" 304 - "http://renault.activities.at/" "Mozilla/5.0 (Windows NT 6.1; Trident/7.0; rv:11.0) like Gecko"
193.194.132.26 - - [03/Oct/2019:07:45:02 +0200] "GET /reload?ser=1570081501983 HTTP/1.1" 200 28 "http://renault.2web.at/account?loadrequest=true" "Mozilla/5.0 (Windows NT 10.0; WOW64; Trident/7.0; Touch; rv:11.0) like Gecko"
93.83.241.1 - - [03/Oct/2019:07:45:03 +0200] "GET /loadthumbnail.php?id=11127982 HTTP/1.1" 200 399614 "http://renault.activities.at/" "Mozilla/5.0 (Windows NT 6.1; Trident/7.0; rv:11.0) like Gecko"
93.83.241.1 - - [03/Oct/2019:07:45:04 +0200] "GET /login HTTP/1.1" 200 2085 "http://renault.activities.at/" "Mozilla/5.0 (Windows NT 6.1; Trident/7.0; rv:11.0) like Gecko"
93.83.241.1 - - [03/Oct/2019:07:45:05 +0200] "GET /js/index.php?c=auto&f=,prototype/prototype.js,prototype/validation.js,scriptaculous/builder.js,scriptaculous/effects.js,scriptaculous/dragdrop.js,scriptaculous/controls.js,scriptaculous/slider.js,varien/js.js,varien/form.js,varien/menu.js,mage/translate.js,mage/cookies.js,varien/product.js,spinner/SpinnerControl.jsmin.js,prototype/window.js,prototype/window_ext.js HTTP/1.1" 304 - "http://renault.activities.at/login" "Mozilla/5.0 (Windows NT 6.1; Trident/7.0; rv:11.0) like Gecko"
207.46.13.26 - - [03/Oct/2019:07:45:06 +0200] "GET /10260003?mode=list HTTP/1.1" 200 5900 "-" "Mozilla/5.0 (compatible; bingbot/2.0; +http://www.bing.com/bingbot.htm)"
207.46.13.18 - - [03/Oct/2019:07:45:20 +0200] "GET /css/print.css HTTP/1.1" 200 543 "-" "Mozilla/5.0 (compatible; bingbot/2.0; +http://www.bing.com/bingbot.htm)"
93.83.241.1 - - [03/Oct/2019:07:45:19 +0200] "POST /login HTTP/1.1" 302 140 "http://renault.activities.at/login" "Mozilla/5.0 (Windows NT 6.1; Trident/7.0; rv:11.0) like Gecko"
207.46.13.18 - - [03/Oct/2019:07:45:21 +0200] "GET /css/themes/default.css HTTP/1.1" 200 769 "-" "Mozilla/5.0 (compatible; bingbot/2.0; +http://www.bing.com/bingbot.htm)"
157.55.39.0 - - [03/Oct/2019:07:45:21 +0200] "GET /robots.txt HTTP/1.1" 404 300 "-" "Mozilla/5.0 (compatible; bingbot/2.0; +http://www.bing.com/bingbot.htm)"
207.46.13.18 - - [03/Oct/2019:07:45:21 +0200] "GET /js/ProduktGrp.js HTTP/1.1" 200 1569 "-" "Mozilla/5.0 (compatible; bingbot/2.0; +http://www.bing.com/bingbot.htm)"
207.46.13.18 - - [03/Oct/2019:07:45:22 +0200] "GET /js/default.js HTTP/1.1" 200 14698 "-" "Mozilla/5.0 (compatible; bingbot/2.0; +http://www.bing.com/bingbot.htm)"
207.46.13.18 - - [03/Oct/2019:07:45:22 +0200] "GET /js/prototip.js HTTP/1.1" 200 4588 "-" "Mozilla/5.0 (compatible; bingbot/2.0; +http://www.bing.com/bingbot.htm)"
