80.123.225.36 - - [22/Oct/2019:16:36:43 +0200] "GET /js/checkout.css HTTP/1.1" 200 359 "http://renault.activities.at/" "Mozilla/5.0 (Windows NT 10.0; Win64; x64) AppleWebKit/537.36 (KHTML, like Gecko) Chrome/77.0.3865.120 Safari/537.36"
80.123.225.36 - - [22/Oct/2019:16:36:43 +0200] "GET /css/prototip.css HTTP/1.1" 200 968 "http://renault.activities.at/" "Mozilla/5.0 (Windows NT 10.0; Win64; x64) AppleWebKit/537.36 (KHTML, like Gecko) Chrome/77.0.3865.120 Safari/537.36"
80.123.225.36 - - [22/Oct/2019:16:36:43 +0200] "GET /css/themes/default.css HTTP/1.1" 200 769 "http://renault.activities.at/" "Mozilla/5.0 (Windows NT 10.0; Win64; x64) AppleWebKit/537.36 (KHTML, like Gecko) Chrome/77.0.3865.120 Safari/537.36"
80.123.225.36 - - [22/Oct/2019:16:36:43 +0200] "GET /css/themes/alphacube.css HTTP/1.1" 200 743 "http://renault.activities.at/" "Mozilla/5.0 (Windows NT 10.0; Win64; x64) AppleWebKit/537.36 (KHTML, like Gecko) Chrome/77.0.3865.120 Safari/537.36"
80.123.225.36 - - [22/Oct/2019:16:36:43 +0200] "GET /js/index.php?c=auto&f=,prototype/prototype.js,prototype/validation.js,scriptaculous/builder.js,scriptaculous/effects.js,scriptaculous/dragdrop.js,scriptaculous/controls.js,scriptaculous/slider.js,varien/js.js,varien/form.js,varien/menu.js,mage/translate.js,mage/cookies.js,varien/product.js,spinner/SpinnerControl.jsmin.js,prototype/window.js,prototype/window_ext.js HTTP/1.1" 200 94182 "http://renault.activities.at/" "Mozilla/5.0 (Windows NT 10.0; Win64; x64) AppleWebKit/537.36 (KHTML, like Gecko) Chrome/77.0.3865.120 Safari/537.36"
80.123.225.36 - - [22/Oct/2019:16:36:46 +0200] "GET / HTTP/1.1" 200 3380 "https://www.google.com/" "Mozilla/5.0 (Windows NT 10.0; Win64; x64) AppleWebKit/537.36 (KHTML, like Gecko) Chrome/77.0.3865.120 Safari/537.36"
80.123.225.36 - - [22/Oct/2019:16:36:47 +0200] "GET /css/print.css HTTP/1.1" 200 543 "http://renault.activities.at/" "Mozilla/5.0 (Windows NT 10.0; Win64; x64) AppleWebKit/537.36 (KHTML, like Gecko) Chrome/77.0.3865.120 Safari/537.36"
80.123.225.36 - - [22/Oct/2019:16:36:47 +0200] "GET /images/main_block_border.gif HTTP/1.1" 200 43 "http://renault.activities.at/css/styles.css" "Mozilla/5.0 (Windows NT 10.0; Win64; x64) AppleWebKit/537.36 (KHTML, like Gecko) Chrome/77.0.3865.120 Safari/537.36"
80.123.225.36 - - [22/Oct/2019:16:36:47 +0200] "GET /images/main_block_corner_left_bot.gif HTTP/1.1" 200 159 "http://renault.activities.at/css/styles.css" "Mozilla/5.0 (Windows NT 10.0; Win64; x64) AppleWebKit/537.36 (KHTML, like Gecko) Chrome/77.0.3865.120 Safari/537.36"
80.123.225.36 - - [22/Oct/2019:16:36:47 +0200] "GET /images/main_block_corner_right_bot.gif HTTP/1.1" 200 158 "http://renault.activities.at/css/styles.css" "Mozilla/5.0 (Windows NT 10.0; Win64; x64) AppleWebKit/537.36 (KHTML, like Gecko) Chrome/77.0.3865.120 Safari/537.36"
80.123.225.36 - - [22/Oct/2019:16:36:47 +0200] "GET /images/header_block_border.gif HTTP/1.1" 200 43 "http://renault.activities.at/css/styles.css" "Mozilla/5.0 (Windows NT 10.0; Win64; x64) AppleWebKit/537.36 (KHTML, like Gecko) Chrome/77.0.3865.120 Safari/537.36"
80.123.225.36 - - [22/Oct/2019:16:36:47 +0200] "GET /images/header_block_corner_left_top.gif HTTP/1.1" 200 160 "http://renault.activities.at/css/styles.css" "Mozilla/5.0 (Windows NT 10.0; Win64; x64) AppleWebKit/537.36 (KHTML, like Gecko) Chrome/77.0.3865.120 Safari/537.36"
80.123.225.36 - - [22/Oct/2019:16:36:48 +0200] "GET /images/header_block_corner_right_top.gif HTTP/1.1" 200 160 "http://renault.activities.at/css/styles.css" "Mozilla/5.0 (Windows NT 10.0; Win64; x64) AppleWebKit/537.36 (KHTML, like Gecko) Chrome/77.0.3865.120 Safari/537.36"
80.123.225.36 - - [22/Oct/2019:16:36:48 +0200] "GET /images/main_block_corner_left_top.gif HTTP/1.1" 200 159 "http://renault.activities.at/css/styles.css" "Mozilla/5.0 (Windows NT 10.0; Win64; x64) AppleWebKit/537.36 (KHTML, like Gecko) Chrome/77.0.3865.120 Safari/537.36"
80.123.225.36 - - [22/Oct/2019:16:36:48 +0200] "GET /images/title_border.jpg HTTP/1.1" 200 304 "http://renault.activities.at/css/styles.css" "Mozilla/5.0 (Windows NT 10.0; Win64; x64) AppleWebKit/537.36 (KHTML, like Gecko) Chrome/77.0.3865.120 Safari/537.36"
80.123.225.36 - - [22/Oct/2019:16:36:48 +0200] "GET /images/main_block_corner_right_top.gif HTTP/1.1" 200 159 "http://renault.activities.at/css/styles.css" "Mozilla/5.0 (Windows NT 10.0; Win64; x64) AppleWebKit/537.36 (KHTML, like Gecko) Chrome/77.0.3865.120 Safari/537.36"
80.123.225.36 - - [22/Oct/2019:16:36:48 +0200] "GET /images/title_border_top.jpg HTTP/1.1" 200 336 "http://renault.activities.at/css/styles.css" "Mozilla/5.0 (Windows NT 10.0; Win64; x64) AppleWebKit/537.36 (KHTML, like Gecko) Chrome/77.0.3865.120 Safari/537.36"
80.123.225.36 - - [22/Oct/2019:16:36:48 +0200] "GET /images/title_corner_left_top.jpg HTTP/1.1" 200 372 "http://renault.activities.at/css/styles.css" "Mozilla/5.0 (Windows NT 10.0; Win64; x64) AppleWebKit/537.36 (KHTML, like Gecko) Chrome/77.0.3865.120 Safari/537.36"
80.123.225.36 - - [22/Oct/2019:16:36:48 +0200] "GET /images/title_corner_right_top.jpg HTTP/1.1" 200 389 "http://renault.activities.at/css/styles.css" "Mozilla/5.0 (Windows NT 10.0; Win64; x64) AppleWebKit/537.36 (KHTML, like Gecko) Chrome/77.0.3865.120 Safari/537.36"
80.123.225.36 - - [22/Oct/2019:16:36:48 +0200] "GET /loadthumbnail.php?id=11127982 HTTP/1.1" 200 399614 "http://renault.activities.at/" "Mozilla/5.0 (Windows NT 10.0; Win64; x64) AppleWebKit/537.36 (KHTML, like Gecko) Chrome/77.0.3865.120 Safari/537.36"
80.123.225.36 - - [22/Oct/2019:16:36:48 +0200] "GET /images/favicon.ico HTTP/1.1" 404 305 "http://renault.activities.at/" "Mozilla/5.0 (Windows NT 10.0; Win64; x64) AppleWebKit/537.36 (KHTML, like Gecko) Chrome/77.0.3865.120 Safari/537.36"
80.120.5.131 - - [22/Oct/2019:16:37:04 +0200] "GET /reload?ser=1571755024888 HTTP/1.1" 200 28 "http://renault.activities.at/result?searchterm=true&search=4+jahre" "Mozilla/5.0 (Windows NT 10.0; WOW64; Trident/7.0; rv:11.0) like Gecko"
213.153.47.173 - - [22/Oct/2019:16:37:11 +0200] "GET /reload?ser=1571755031519 HTTP/1.1" 200 28 "http://renault.activities.at/login?required=true" "Mozilla/5.0 (Windows NT 10.0; Win64; x64; rv:69.0) Gecko/20100101 Firefox/69.0"
80.123.225.36 - - [22/Oct/2019:16:37:28 +0200] "GET /login HTTP/1.1" 200 2085 "http://renault.activities.at/" "Mozilla/5.0 (Windows NT 10.0; Win64; x64) AppleWebKit/537.36 (KHTML, like Gecko) Chrome/77.0.3865.120 Safari/537.36"
80.123.225.36 - - [22/Oct/2019:16:37:28 +0200] "GET /images/button_left_bg.gif HTTP/1.1" 200 564 "http://renault.activities.at/css/styles.css" "Mozilla/5.0 (Windows NT 10.0; Win64; x64) AppleWebKit/537.36 (KHTML, like Gecko) Chrome/77.0.3865.120 Safari/537.36"
80.123.225.36 - - [22/Oct/2019:16:37:28 +0200] "GET /images/button_right_bg.gif HTTP/1.1" 200 561 "http://renault.activities.at/css/styles.css" "Mozilla/5.0 (Windows NT 10.0; Win64; x64) AppleWebKit/537.36 (KHTML, like Gecko) Chrome/77.0.3865.120 Safari/537.36"
80.123.225.36 - - [22/Oct/2019:16:37:28 +0200] "GET /images/button_bg.gif HTTP/1.1" 200 151 "http://renault.activities.at/css/styles.css" "Mozilla/5.0 (Windows NT 10.0; Win64; x64) AppleWebKit/537.36 (KHTML, like Gecko) Chrome/77.0.3865.120 Safari/537.36"
80.123.225.36 - - [22/Oct/2019:16:37:36 +0200] "GET / HTTP/1.1" 200 3380 "http://renault.activities.at/login" "Mozilla/5.0 (Windows NT 10.0; Win64; x64) AppleWebKit/537.36 (KHTML, like Gecko) Chrome/77.0.3865.120 Safari/537.36"
80.120.5.131 - - [22/Oct/2019:16:38:05 +0200] "GET /reload?ser=1571755085841 HTTP/1.1" 200 28 "http://renault.activities.at/result?searchterm=true&search=4+jahre" "Mozilla/5.0 (Windows NT 10.0; WOW64; Trident/7.0; rv:11.0) like Gecko"
213.153.47.173 - - [22/Oct/2019:16:38:12 +0200] "GET /reload?ser=1571755092189 HTTP/1.1" 200 28 "http://renault.activities.at/login?required=true" "Mozilla/5.0 (Windows NT 10.0; Win64; x64; rv:69.0) Gecko/20100101 Firefox/69.0"
80.123.225.36 - - [22/Oct/2019:16:38:37 +0200] "GET /reload?ser=1571755116963 HTTP/1.1" 200 28 "http://renault.activities.at/" "Mozilla/5.0 (Windows NT 10.0; Win64; x64) AppleWebKit/537.36 (KHTML, like Gecko) Chrome/77.0.3865.120 Safari/537.36"
80.120.5.131 - - [22/Oct/2019:16:39:06 +0200] "GET /reload?ser=1571755146872 HTTP/1.1" 200 28 "http://renault.activities.at/result?searchterm=true&search=4+jahre" "Mozilla/5.0 (Windows NT 10.0; WOW64; Trident/7.0; rv:11.0) like Gecko"
213.153.47.173 - - [22/Oct/2019:16:39:12 +0200] "GET /reload?ser=1571755152868 HTTP/1.1" 200 28 "http://renault.activities.at/login?required=true" "Mozilla/5.0 (Windows NT 10.0; Win64; x64; rv:69.0) Gecko/20100101 Firefox/69.0"
80.123.225.36 - - [22/Oct/2019:16:39:37 +0200] "GET /reload?ser=1571755177623 HTTP/1.1" 200 28 "http://renault.activities.at/" "Mozilla/5.0 (Windows NT 10.0; Win64; x64) AppleWebKit/537.36 (KHTML, like Gecko) Chrome/77.0.3865.120 Safari/537.36"
80.120.5.131 - - [22/Oct/2019:16:40:07 +0200] "GET /reload?ser=1571755207873 HTTP/1.1" 200 28 "http://renault.activities.at/result?searchterm=true&search=4+jahre" "Mozilla/5.0 (Windows NT 10.0; WOW64; Trident/7.0; rv:11.0) like Gecko"
213.153.47.173 - - [22/Oct/2019:16:40:13 +0200] "GET /reload?ser=1571755213519 HTTP/1.1" 200 28 "http://renault.activities.at/login?required=true" "Mozilla/5.0 (Windows NT 10.0; Win64; x64; rv:69.0) Gecko/20100101 Firefox/69.0"
80.120.5.131 - - [22/Oct/2019:16:41:08 +0200] "GET /reload?ser=1571755268888 HTTP/1.1" 200 28 "http://renault.activities.at/result?searchterm=true&search=4+jahre" "Mozilla/5.0 (Windows NT 10.0; WOW64; Trident/7.0; rv:11.0) like Gecko"
213.153.47.173 - - [22/Oct/2019:16:41:14 +0200] "GET /reload?ser=1571755274189 HTTP/1.1" 200 28 "http://renault.activities.at/login?required=true" "Mozilla/5.0 (Windows NT 10.0; Win64; x64; rv:69.0) Gecko/20100101 Firefox/69.0"
80.120.5.131 - - [22/Oct/2019:16:42:09 +0200] "GET /reload?ser=1571755329913 HTTP/1.1" 200 28 "http://renault.activities.at/result?searchterm=true&search=4+jahre" "Mozilla/5.0 (Windows NT 10.0; WOW64; Trident/7.0; rv:11.0) like Gecko"
213.153.47.173 - - [22/Oct/2019:16:42:14 +0200] "GET /reload?ser=1571755334859 HTTP/1.1" 200 28 "http://renault.activities.at/login?required=true" "Mozilla/5.0 (Windows NT 10.0; Win64; x64; rv:69.0) Gecko/20100101 Firefox/69.0"
80.120.5.131 - - [22/Oct/2019:16:43:10 +0200] "GET /reload?ser=1571755390867 HTTP/1.1" 200 28 "http://renault.activities.at/result?searchterm=true&search=4+jahre" "Mozilla/5.0 (Windows NT 10.0; WOW64; Trident/7.0; rv:11.0) like Gecko"
213.153.47.173 - - [22/Oct/2019:16:43:15 +0200] "GET /reload?ser=1571755395519 HTTP/1.1" 200 28 "http://renault.activities.at/login?required=true" "Mozilla/5.0 (Windows NT 10.0; Win64; x64; rv:69.0) Gecko/20100101 Firefox/69.0"
80.120.5.131 - - [22/Oct/2019:16:44:11 +0200] "GET /reload?ser=1571755451866 HTTP/1.1" 200 28 "http://renault.activities.at/result?searchterm=true&search=4+jahre" "Mozilla/5.0 (Windows NT 10.0; WOW64; Trident/7.0; rv:11.0) like Gecko"
213.153.47.173 - - [22/Oct/2019:16:44:16 +0200] "GET /reload?ser=1571755456169 HTTP/1.1" 200 28 "http://renault.activities.at/login?required=true" "Mozilla/5.0 (Windows NT 10.0; Win64; x64; rv:69.0) Gecko/20100101 Firefox/69.0"
80.120.5.131 - - [22/Oct/2019:16:45:12 +0200] "GET /reload?ser=1571755512828 HTTP/1.1" 200 28 "http://renault.activities.at/result?searchterm=true&search=4+jahre" "Mozilla/5.0 (Windows NT 10.0; WOW64; Trident/7.0; rv:11.0) like Gecko"
213.153.47.173 - - [22/Oct/2019:16:45:16 +0200] "GET /reload?ser=1571755516830 HTTP/1.1" 200 28 "http://renault.activities.at/login?required=true" "Mozilla/5.0 (Windows NT 10.0; Win64; x64; rv:69.0) Gecko/20100101 Firefox/69.0"
80.120.5.131 - - [22/Oct/2019:16:46:13 +0200] "GET /reload?ser=1571755573829 HTTP/1.1" 200 28 "http://renault.activities.at/result?searchterm=true&search=4+jahre" "Mozilla/5.0 (Windows NT 10.0; WOW64; Trident/7.0; rv:11.0) like Gecko"
213.153.47.173 - - [22/Oct/2019:16:46:17 +0200] "GET /reload?ser=1571755577489 HTTP/1.1" 200 28 "http://renault.activities.at/login?required=true" "Mozilla/5.0 (Windows NT 10.0; Win64; x64; rv:69.0) Gecko/20100101 Firefox/69.0"
80.120.5.131 - - [22/Oct/2019:16:47:14 +0200] "GET /reload?ser=1571755634828 HTTP/1.1" 200 28 "http://renault.activities.at/result?searchterm=true&search=4+jahre" "Mozilla/5.0 (Windows NT 10.0; WOW64; Trident/7.0; rv:11.0) like Gecko"
213.153.47.173 - - [22/Oct/2019:16:47:18 +0200] "GET /reload?ser=1571755638160 HTTP/1.1" 200 28 "http://renault.activities.at/login?required=true" "Mozilla/5.0 (Windows NT 10.0; Win64; x64; rv:69.0) Gecko/20100101 Firefox/69.0"
80.120.5.131 - - [22/Oct/2019:16:48:15 +0200] "GET /reload?ser=1571755695781 HTTP/1.1" 200 28 "http://renault.activities.at/result?searchterm=true&search=4+jahre" "Mozilla/5.0 (Windows NT 10.0; WOW64; Trident/7.0; rv:11.0) like Gecko"
80.120.5.131 - - [22/Oct/2019:16:49:16 +0200] "GET /reload?ser=1571755756751 HTTP/1.1" 200 28 "http://renault.activities.at/result?searchterm=true&search=4+jahre" "Mozilla/5.0 (Windows NT 10.0; WOW64; Trident/7.0; rv:11.0) like Gecko"
80.122.133.118 - - [22/Oct/2019:16:49:25 +0200] "GET /10260273?dir=DESC&mode=grid&order=name&limit=15&page=1 HTTP/1.1" 302 150 "-" "Mozilla/5.0 (Windows NT 6.1; Win64; x64; rv:69.0) Gecko/20100101 Firefox/69.0"
80.122.133.118 - - [22/Oct/2019:16:49:30 +0200] "GET /login?required=true HTTP/1.1" 200 2085 "-" "Mozilla/5.0 (Windows NT 6.1; Win64; x64; rv:69.0) Gecko/20100101 Firefox/69.0"
80.122.133.118 - - [22/Oct/2019:16:49:32 +0200] "GET /js/default.js HTTP/1.1" 200 14698 "http://renault.activities.at/login?required=true" "Mozilla/5.0 (Windows NT 6.1; Win64; x64; rv:69.0) Gecko/20100101 Firefox/69.0"
80.122.133.118 - - [22/Oct/2019:16:49:32 +0200] "GET /css/reset.css HTTP/1.1" 200 1356 "http://renault.activities.at/login?required=true" "Mozilla/5.0 (Windows NT 6.1; Win64; x64; rv:69.0) Gecko/20100101 Firefox/69.0"
80.122.133.118 - - [22/Oct/2019:16:49:32 +0200] "GET /css/styles.css HTTP/1.1" 200 14664 "http://renault.activities.at/login?required=true" "Mozilla/5.0 (Windows NT 6.1; Win64; x64; rv:69.0) Gecko/20100101 Firefox/69.0"
80.122.133.118 - - [22/Oct/2019:16:49:32 +0200] "GET /css/print.css HTTP/1.1" 200 543 "http://renault.activities.at/login?required=true" "Mozilla/5.0 (Windows NT 6.1; Win64; x64; rv:69.0) Gecko/20100101 Firefox/69.0"
80.122.133.118 - - [22/Oct/2019:16:49:32 +0200] "GET /css/clears.css HTTP/1.1" 200 851 "http://renault.activities.at/login?required=true" "Mozilla/5.0 (Windows NT 6.1; Win64; x64; rv:69.0) Gecko/20100101 Firefox/69.0"
80.122.133.118 - - [22/Oct/2019:16:49:32 +0200] "GET /js/checkout.css HTTP/1.1" 200 359 "http://renault.activities.at/login?required=true" "Mozilla/5.0 (Windows NT 6.1; Win64; x64; rv:69.0) Gecko/20100101 Firefox/69.0"
80.122.133.118 - - [22/Oct/2019:16:49:32 +0200] "GET /css/prototip.css HTTP/1.1" 200 968 "http://renault.activities.at/login?required=true" "Mozilla/5.0 (Windows NT 6.1; Win64; x64; rv:69.0) Gecko/20100101 Firefox/69.0"
80.122.133.118 - - [22/Oct/2019:16:49:32 +0200] "GET /css/themes/default.css HTTP/1.1" 200 769 "http://renault.activities.at/login?required=true" "Mozilla/5.0 (Windows NT 6.1; Win64; x64; rv:69.0) Gecko/20100101 Firefox/69.0"
80.122.133.118 - - [22/Oct/2019:16:49:32 +0200] "GET /css/themes/alphacube.css HTTP/1.1" 200 743 "http://renault.activities.at/login?required=true" "Mozilla/5.0 (Windows NT 6.1; Win64; x64; rv:69.0) Gecko/20100101 Firefox/69.0"
80.122.133.118 - - [22/Oct/2019:16:49:32 +0200] "GET /js/index.php?c=auto&f=,prototype/prototype.js,prototype/validation.js,scriptaculous/builder.js,scriptaculous/effects.js,scriptaculous/dragdrop.js,scriptaculous/controls.js,scriptaculous/slider.js,varien/js.js,varien/form.js,varien/menu.js,mage/translate.js,mage/cookies.js,varien/product.js,spinner/SpinnerControl.jsmin.js,prototype/window.js,prototype/window_ext.js HTTP/1.1" 200 94182 "http://renault.activities.at/login?required=true" "Mozilla/5.0 (Windows NT 6.1; Win64; x64; rv:69.0) Gecko/20100101 Firefox/69.0"
80.122.133.118 - - [22/Oct/2019:16:49:33 +0200] "GET /images/main_block_border.gif HTTP/1.1" 200 43 "http://renault.activities.at/css/styles.css" "Mozilla/5.0 (Windows NT 6.1; Win64; x64; rv:69.0) Gecko/20100101 Firefox/69.0"
80.122.133.118 - - [22/Oct/2019:16:49:33 +0200] "GET /images/main_block_corner_right_bot.gif HTTP/1.1" 200 158 "http://renault.activities.at/css/styles.css" "Mozilla/5.0 (Windows NT 6.1; Win64; x64; rv:69.0) Gecko/20100101 Firefox/69.0"
80.122.133.118 - - [22/Oct/2019:16:49:33 +0200] "GET /images/main_block_corner_left_bot.gif HTTP/1.1" 200 159 "http://renault.activities.at/css/styles.css" "Mozilla/5.0 (Windows NT 6.1; Win64; x64; rv:69.0) Gecko/20100101 Firefox/69.0"
80.122.133.118 - - [22/Oct/2019:16:49:33 +0200] "GET /images/header_block_border.gif HTTP/1.1" 200 43 "http://renault.activities.at/css/styles.css" "Mozilla/5.0 (Windows NT 6.1; Win64; x64; rv:69.0) Gecko/20100101 Firefox/69.0"
80.122.133.118 - - [22/Oct/2019:16:49:33 +0200] "GET /images/header_block_corner_right_top.gif HTTP/1.1" 200 160 "http://renault.activities.at/css/styles.css" "Mozilla/5.0 (Windows NT 6.1; Win64; x64; rv:69.0) Gecko/20100101 Firefox/69.0"
80.122.133.118 - - [22/Oct/2019:16:49:33 +0200] "GET /images/header_block_corner_left_top.gif HTTP/1.1" 200 160 "http://renault.activities.at/css/styles.css" "Mozilla/5.0 (Windows NT 6.1; Win64; x64; rv:69.0) Gecko/20100101 Firefox/69.0"
80.122.133.118 - - [22/Oct/2019:16:49:33 +0200] "GET /images/main_block_corner_left_top.gif HTTP/1.1" 200 159 "http://renault.activities.at/css/styles.css" "Mozilla/5.0 (Windows NT 6.1; Win64; x64; rv:69.0) Gecko/20100101 Firefox/69.0"
80.122.133.118 - - [22/Oct/2019:16:49:33 +0200] "GET /images/main_block_corner_right_top.gif HTTP/1.1" 200 159 "http://renault.activities.at/css/styles.css" "Mozilla/5.0 (Windows NT 6.1; Win64; x64; rv:69.0) Gecko/20100101 Firefox/69.0"
80.122.133.118 - - [22/Oct/2019:16:49:33 +0200] "GET /images/title_border.jpg HTTP/1.1" 200 304 "http://renault.activities.at/css/styles.css" "Mozilla/5.0 (Windows NT 6.1; Win64; x64; rv:69.0) Gecko/20100101 Firefox/69.0"
80.122.133.118 - - [22/Oct/2019:16:49:33 +0200] "GET /images/title_border_top.jpg HTTP/1.1" 200 336 "http://renault.activities.at/css/styles.css" "Mozilla/5.0 (Windows NT 6.1; Win64; x64; rv:69.0) Gecko/20100101 Firefox/69.0"
80.122.133.118 - - [22/Oct/2019:16:49:33 +0200] "GET /images/title_corner_left_top.jpg HTTP/1.1" 200 372 "http://renault.activities.at/css/styles.css" "Mozilla/5.0 (Windows NT 6.1; Win64; x64; rv:69.0) Gecko/20100101 Firefox/69.0"
80.122.133.118 - - [22/Oct/2019:16:49:33 +0200] "GET /images/title_corner_right_top.jpg HTTP/1.1" 200 389 "http://renault.activities.at/css/styles.css" "Mozilla/5.0 (Windows NT 6.1; Win64; x64; rv:69.0) Gecko/20100101 Firefox/69.0"
80.122.133.118 - - [22/Oct/2019:16:49:33 +0200] "GET /images/button_left_bg.gif HTTP/1.1" 200 564 "http://renault.activities.at/css/styles.css" "Mozilla/5.0 (Windows NT 6.1; Win64; x64; rv:69.0) Gecko/20100101 Firefox/69.0"
80.122.133.118 - - [22/Oct/2019:16:49:33 +0200] "GET /images/button_right_bg.gif HTTP/1.1" 200 561 "http://renault.activities.at/css/styles.css" "Mozilla/5.0 (Windows NT 6.1; Win64; x64; rv:69.0) Gecko/20100101 Firefox/69.0"
80.122.133.118 - - [22/Oct/2019:16:49:33 +0200] "GET /images/button_bg.gif HTTP/1.1" 200 151 "http://renault.activities.at/css/styles.css" "Mozilla/5.0 (Windows NT 6.1; Win64; x64; rv:69.0) Gecko/20100101 Firefox/69.0"
80.122.133.118 - - [22/Oct/2019:16:49:33 +0200] "GET /images/favicon.ico HTTP/1.1" 404 305 "-" "Mozilla/5.0 (Windows NT 6.1; Win64; x64; rv:69.0) Gecko/20100101 Firefox/69.0"
80.122.133.118 - - [22/Oct/2019:16:49:33 +0200] "GET /loadthumbnail.php?id=11127982 HTTP/1.1" 200 399614 "http://renault.activities.at/login?required=true" "Mozilla/5.0 (Windows NT 6.1; Win64; x64; rv:69.0) Gecko/20100101 Firefox/69.0"
80.120.5.131 - - [22/Oct/2019:16:50:17 +0200] "GET /reload?ser=1571755817751 HTTP/1.1" 200 28 "http://renault.activities.at/result?searchterm=true&search=4+jahre" "Mozilla/5.0 (Windows NT 10.0; WOW64; Trident/7.0; rv:11.0) like Gecko"
80.120.5.131 - - [22/Oct/2019:16:51:18 +0200] "GET /reload?ser=1571755878737 HTTP/1.1" 200 28 "http://renault.activities.at/result?searchterm=true&search=4+jahre" "Mozilla/5.0 (Windows NT 10.0; WOW64; Trident/7.0; rv:11.0) like Gecko"
80.120.5.131 - - [22/Oct/2019:16:52:19 +0200] "GET /reload?ser=1571755939738 HTTP/1.1" 200 28 "http://renault.activities.at/result?searchterm=true&search=4+jahre" "Mozilla/5.0 (Windows NT 10.0; WOW64; Trident/7.0; rv:11.0) like Gecko"
80.120.5.131 - - [22/Oct/2019:16:53:20 +0200] "GET /reload?ser=1571756000690 HTTP/1.1" 200 28 "http://renault.activities.at/result?searchterm=true&search=4+jahre" "Mozilla/5.0 (Windows NT 10.0; WOW64; Trident/7.0; rv:11.0) like Gecko"
80.120.5.131 - - [22/Oct/2019:16:54:21 +0200] "GET /reload?ser=1571756061674 HTTP/1.1" 200 28 "http://renault.activities.at/result?searchterm=true&search=4+jahre" "Mozilla/5.0 (Windows NT 10.0; WOW64; Trident/7.0; rv:11.0) like Gecko"
80.120.5.131 - - [22/Oct/2019:16:55:22 +0200] "GET /reload?ser=1571756122630 HTTP/1.1" 200 28 "http://renault.activities.at/result?searchterm=true&search=4+jahre" "Mozilla/5.0 (Windows NT 10.0; WOW64; Trident/7.0; rv:11.0) like Gecko"
80.120.5.131 - - [22/Oct/2019:16:56:23 +0200] "GET /reload?ser=1571756183646 HTTP/1.1" 200 28 "http://renault.activities.at/result?searchterm=true&search=4+jahre" "Mozilla/5.0 (Windows NT 10.0; WOW64; Trident/7.0; rv:11.0) like Gecko"
80.120.5.131 - - [22/Oct/2019:16:57:24 +0200] "GET /reload?ser=1571756244632 HTTP/1.1" 200 28 "http://renault.activities.at/result?searchterm=true&search=4+jahre" "Mozilla/5.0 (Windows NT 10.0; WOW64; Trident/7.0; rv:11.0) like Gecko"
80.120.5.131 - - [22/Oct/2019:16:58:25 +0200] "GET /reload?ser=1571756305570 HTTP/1.1" 200 28 "http://renault.activities.at/result?searchterm=true&search=4+jahre" "Mozilla/5.0 (Windows NT 10.0; WOW64; Trident/7.0; rv:11.0) like Gecko"
80.120.5.131 - - [22/Oct/2019:16:59:26 +0200] "GET /reload?ser=1571756366539 HTTP/1.1" 200 28 "http://renault.activities.at/result?searchterm=true&search=4+jahre" "Mozilla/5.0 (Windows NT 10.0; WOW64; Trident/7.0; rv:11.0) like Gecko"
80.120.5.131 - - [22/Oct/2019:17:00:27 +0200] "GET /reload?ser=1571756427518 HTTP/1.1" 200 28 "http://renault.activities.at/result?searchterm=true&search=4+jahre" "Mozilla/5.0 (Windows NT 10.0; WOW64; Trident/7.0; rv:11.0) like Gecko"
80.120.5.131 - - [22/Oct/2019:17:01:28 +0200] "GET /reload?ser=1571756488486 HTTP/1.1" 200 28 "http://renault.activities.at/result?searchterm=true&search=4+jahre" "Mozilla/5.0 (Windows NT 10.0; WOW64; Trident/7.0; rv:11.0) like Gecko"
80.120.5.131 - - [22/Oct/2019:17:02:29 +0200] "GET /reload?ser=1571756549446 HTTP/1.1" 200 28 "http://renault.activities.at/result?searchterm=true&search=4+jahre" "Mozilla/5.0 (Windows NT 10.0; WOW64; Trident/7.0; rv:11.0) like Gecko"
80.120.5.131 - - [22/Oct/2019:17:03:30 +0200] "GET /reload?ser=1571756610456 HTTP/1.1" 200 28 "http://renault.activities.at/result?searchterm=true&search=4+jahre" "Mozilla/5.0 (Windows NT 10.0; WOW64; Trident/7.0; rv:11.0) like Gecko"
80.120.5.131 - - [22/Oct/2019:17:04:31 +0200] "GET /reload?ser=1571756671444 HTTP/1.1" 200 28 "http://renault.activities.at/result?searchterm=true&search=4+jahre" "Mozilla/5.0 (Windows NT 10.0; WOW64; Trident/7.0; rv:11.0) like Gecko"
80.120.5.131 - - [22/Oct/2019:17:05:32 +0200] "GET /reload?ser=1571756732445 HTTP/1.1" 200 28 "http://renault.activities.at/result?searchterm=true&search=4+jahre" "Mozilla/5.0 (Windows NT 10.0; WOW64; Trident/7.0; rv:11.0) like Gecko"
80.120.5.131 - - [22/Oct/2019:17:06:33 +0200] "GET /reload?ser=1571756793458 HTTP/1.1" 200 28 "http://renault.activities.at/result?searchterm=true&search=4+jahre" "Mozilla/5.0 (Windows NT 10.0; WOW64; Trident/7.0; rv:11.0) like Gecko"
157.55.39.51 - - [22/Oct/2019:17:28:39 +0200] "GET /10260003?cat=10260300 HTTP/1.1" 200 6362 "-" "Mozilla/5.0 (compatible; bingbot/2.0; +http://www.bing.com/bingbot.htm)"
207.46.13.6 - - [22/Oct/2019:17:38:20 +0200] "GET /10260004 HTTP/1.1" 200 4830 "-" "Mozilla/5.0 (compatible; bingbot/2.0; +http://www.bing.com/bingbot.htm)"
40.77.191.81 - - [22/Oct/2019:17:41:01 +0200] "GET /js/default.js HTTP/1.1" 200 82829 "-" "Mozilla/5.0 (Windows NT 6.1; WOW64) AppleWebKit/534+ (KHTML, like Gecko) BingPreview/1.0b"
40.77.189.227 - - [22/Oct/2019:17:41:03 +0200] "GET /js/index.php?c=auto&f=,prototype/prototype.js,prototype/validation.js,scriptaculous/builder.js,scriptaculous/effects.js,scriptaculous/dragdrop.js,scriptaculous/controls.js,scriptaculous/slider.js,varien/js.js,varien/form.js,varien/menu.js,mage/translate.js,mage/cookies.js,varien/product.js,spinner/SpinnerControl.jsmin.js,prototype/window.js,prototype/window_ext.js HTTP/1.1" 200 398646 "-" "Mozilla/5.0 (Windows NT 6.1; WOW64) AppleWebKit/534+ (KHTML, like Gecko) BingPreview/1.0b"
40.77.189.65 - - [22/Oct/2019:17:41:05 +0200] "GET /js/prototip.js HTTP/1.1" 200 9211 "-" "Mozilla/5.0 (Windows NT 6.1; WOW64) AppleWebKit/534+ (KHTML, like Gecko) BingPreview/1.0b"
40.77.188.120 - - [22/Oct/2019:17:41:07 +0200] "GET /css/reset.css HTTP/1.1" 200 3591 "-" "Mozilla/5.0 (Windows NT 6.1; WOW64) AppleWebKit/534+ (KHTML, like Gecko) BingPreview/1.0b"
40.77.189.38 - - [22/Oct/2019:17:41:08 +0200] "GET /css/styles.css HTTP/1.1" 200 78636 "-" "Mozilla/5.0 (Windows NT 6.1; WOW64) AppleWebKit/534+ (KHTML, like Gecko) BingPreview/1.0b"
40.77.188.234 - - [22/Oct/2019:17:41:09 +0200] "GET /css/clears.css HTTP/1.1" 200 1978 "-" "Mozilla/5.0 (Windows NT 6.1; WOW64) AppleWebKit/534+ (KHTML, like Gecko) BingPreview/1.0b"
40.77.190.76 - - [22/Oct/2019:17:41:10 +0200] "GET /js/checkout.css HTTP/1.1" 200 767 "-" "Mozilla/5.0 (Windows NT 6.1; WOW64) AppleWebKit/534+ (KHTML, like Gecko) BingPreview/1.0b"
40.77.188.173 - - [22/Oct/2019:17:41:11 +0200] "GET /css/prototip.css HTTP/1.1" 200 3299 "-" "Mozilla/5.0 (Windows NT 6.1; WOW64) AppleWebKit/534+ (KHTML, like Gecko) BingPreview/1.0b"
40.77.188.176 - - [22/Oct/2019:17:41:11 +0200] "GET /css/themes/default.css HTTP/1.1" 200 2674 "-" "Mozilla/5.0 (Windows NT 6.1; WOW64) AppleWebKit/534+ (KHTML, like Gecko) BingPreview/1.0b"
40.77.190.43 - - [22/Oct/2019:17:41:13 +0200] "GET /js/ProduktGrp.js HTTP/1.1" 200 7759 "-" "Mozilla/5.0 (Windows NT 6.1; WOW64) AppleWebKit/534+ (KHTML, like Gecko) BingPreview/1.0b"
40.77.189.200 - - [22/Oct/2019:17:41:14 +0200] "GET /loadthumbnail.php?id=10203255 HTTP/1.1" 200 114 "-" "Mozilla/5.0 (Windows NT 6.1; WOW64) AppleWebKit/534+ (KHTML, like Gecko) BingPreview/1.0b"
40.77.190.76 - - [22/Oct/2019:17:41:15 +0200] "GET /loadthumbnail.php?id=10203650&width=113 HTTP/1.1" 200 2916 "-" "Mozilla/5.0 (Windows NT 6.1; WOW64) AppleWebKit/534+ (KHTML, like Gecko) BingPreview/1.0b"
40.77.188.107 - - [22/Oct/2019:17:41:16 +0200] "GET /loadthumbnail.php?id=10562347&width=113 HTTP/1.1" 200 5158 "-" "Mozilla/5.0 (Windows NT 6.1; WOW64) AppleWebKit/534+ (KHTML, like Gecko) BingPreview/1.0b"
40.77.189.65 - - [22/Oct/2019:17:41:17 +0200] "GET /loadthumbnail.php?id=11127982 HTTP/1.1" 200 586642 "-" "Mozilla/5.0 (Windows NT 6.1; WOW64) AppleWebKit/534+ (KHTML, like Gecko) BingPreview/1.0b"
40.77.188.176 - - [22/Oct/2019:17:41:19 +0200] "GET /loadthumbnail.php?id=10562346&width=113 HTTP/1.1" 200 5459 "-" "Mozilla/5.0 (Windows NT 6.1; WOW64) AppleWebKit/534+ (KHTML, like Gecko) BingPreview/1.0b"
40.77.189.60 - - [22/Oct/2019:17:41:20 +0200] "GET /css/print.css HTTP/1.1" 200 1042 "-" "Mozilla/5.0 (Windows NT 6.1; WOW64) AppleWebKit/534+ (KHTML, like Gecko) BingPreview/1.0b"
207.46.13.6 - - [22/Oct/2019:17:42:09 +0200] "GET /robots.txt HTTP/1.1" 404 300 "-" "msnbot/2.0b (+http://search.msn.com/msnbot.htm)"