138.21.12.23 - - [28/Oct/2019:08:56:35 +0100] "GET /reload?ser=1572249395779 HTTP/1.1" 200 28 "http://renault.2web.at/account?loadrequest=true" "Mozilla/5.0 (Windows NT 10.0; WOW64; Trident/7.0; Touch; rv:11.0) like Gecko"
213.153.47.173 - - [28/Oct/2019:08:57:20 +0100] "GET /reload?ser=1572249440024 HTTP/1.1" 200 28 "http://renault.activities.at/login?required=true" "Mozilla/5.0 (Windows NT 10.0; Win64; x64; rv:70.0) Gecko/20100101 Firefox/70.0"
89.26.36.153 - - [28/Oct/2019:08:57:24 +0100] "GET /reload?ser=1572249443884 HTTP/1.1" 200 28 "http://renault.activities.at/result?searchterm=true&search=service" "Mozilla/5.0 (Windows NT 6.1; Win64; x64) AppleWebKit/537.36 (KHTML, like Gecko) Chrome/77.0.3865.120 Safari/537.36"
213.153.47.173 - - [28/Oct/2019:08:57:27 +0100] "GET /reload?ser=1572249446995 HTTP/1.1" 200 28 "http://renault.activities.at/login?required=true" "Mozilla/5.0 (Windows NT 10.0; Win64; x64; rv:70.0) Gecko/20100101 Firefox/70.0"
138.21.12.23 - - [28/Oct/2019:08:57:36 +0100] "GET /reload?ser=1572249456822 HTTP/1.1" 200 28 "http://renault.2web.at/account?loadrequest=true" "Mozilla/5.0 (Windows NT 10.0; WOW64; Trident/7.0; Touch; rv:11.0) like Gecko"
213.153.47.173 - - [28/Oct/2019:08:58:20 +0100] "GET /reload?ser=1572249500710 HTTP/1.1" 200 28 "http://renault.activities.at/login?required=true" "Mozilla/5.0 (Windows NT 10.0; Win64; x64; rv:70.0) Gecko/20100101 Firefox/70.0"
89.26.36.153 - - [28/Oct/2019:08:58:25 +0100] "GET /reload?ser=1572249504915 HTTP/1.1" 200 28 "http://renault.activities.at/result?searchterm=true&search=service" "Mozilla/5.0 (Windows NT 6.1; Win64; x64) AppleWebKit/537.36 (KHTML, like Gecko) Chrome/77.0.3865.120 Safari/537.36"
213.153.47.173 - - [28/Oct/2019:08:58:27 +0100] "GET /reload?ser=1572249507655 HTTP/1.1" 200 28 "http://renault.activities.at/login?required=true" "Mozilla/5.0 (Windows NT 10.0; Win64; x64; rv:70.0) Gecko/20100101 Firefox/70.0"
138.21.12.23 - - [28/Oct/2019:08:58:37 +0100] "GET /reload?ser=1572249517846 HTTP/1.1" 200 28 "http://renault.2web.at/account?loadrequest=true" "Mozilla/5.0 (Windows NT 10.0; WOW64; Trident/7.0; Touch; rv:11.0) like Gecko"
213.153.47.173 - - [28/Oct/2019:08:59:21 +0100] "GET /reload?ser=1572249561375 HTTP/1.1" 200 28 "http://renault.activities.at/login?required=true" "Mozilla/5.0 (Windows NT 10.0; Win64; x64; rv:70.0) Gecko/20100101 Firefox/70.0"
89.26.36.153 - - [28/Oct/2019:08:59:26 +0100] "GET /reload?ser=1572249565890 HTTP/1.1" 200 28 "http://renault.activities.at/result?searchterm=true&search=service" "Mozilla/5.0 (Windows NT 6.1; Win64; x64) AppleWebKit/537.36 (KHTML, like Gecko) Chrome/77.0.3865.120 Safari/537.36"
213.153.47.173 - - [28/Oct/2019:08:59:28 +0100] "GET /reload?ser=1572249568335 HTTP/1.1" 200 28 "http://renault.activities.at/login?required=true" "Mozilla/5.0 (Windows NT 10.0; Win64; x64; rv:70.0) Gecko/20100101 Firefox/70.0"
138.21.12.23 - - [28/Oct/2019:08:59:39 +0100] "GET /reload?ser=1572249578895 HTTP/1.1" 200 28 "http://renault.2web.at/account?loadrequest=true" "Mozilla/5.0 (Windows NT 10.0; WOW64; Trident/7.0; Touch; rv:11.0) like Gecko"
89.26.36.153 - - [28/Oct/2019:08:59:38 +0100] "GET /checkout HTTP/1.1" 200 10303 "http://renault.activities.at/result?searchterm=true&search=service" "Mozilla/5.0 (Windows NT 6.1; Win64; x64) AppleWebKit/537.36 (KHTML, like Gecko) Chrome/77.0.3865.120 Safari/537.36"
89.26.36.153 - - [28/Oct/2019:08:59:42 +0100] "GET /checkout HTTP/1.1" 200 10303 "http://renault.activities.at/result?searchterm=true&search=service" "Mozilla/5.0 (Windows NT 6.1; Win64; x64) AppleWebKit/537.36 (KHTML, like Gecko) Chrome/77.0.3865.120 Safari/537.36"
89.26.36.153 - - [28/Oct/2019:08:59:47 +0100] "GET /js/checkout2.js HTTP/1.1" 200 4122 "http://renault.activities.at/checkout" "Mozilla/5.0 (Windows NT 6.1; Win64; x64) AppleWebKit/537.36 (KHTML, like Gecko) Chrome/77.0.3865.120 Safari/537.36"
89.26.36.153 - - [28/Oct/2019:08:59:47 +0100] "GET /images/ajax_loading.gif HTTP/1.1" 200 1542 "http://renault.activities.at/checkout" "Mozilla/5.0 (Windows NT 6.1; Win64; x64) AppleWebKit/537.36 (KHTML, like Gecko) Chrome/77.0.3865.120 Safari/537.36"
89.26.36.153 - - [28/Oct/2019:08:59:47 +0100] "GET /images/step_bg.jpg HTTP/1.1" 200 319 "http://renault.activities.at/css/styles.css" "Mozilla/5.0 (Windows NT 6.1; Win64; x64) AppleWebKit/537.36 (KHTML, like Gecko) Chrome/77.0.3865.120 Safari/537.36"
89.26.36.153 - - [28/Oct/2019:08:59:47 +0100] "GET /images/checkout_border_top.gif HTTP/1.1" 200 156 "http://renault.activities.at/css/styles.css" "Mozilla/5.0 (Windows NT 6.1; Win64; x64) AppleWebKit/537.36 (KHTML, like Gecko) Chrome/77.0.3865.120 Safari/537.36"
89.26.36.153 - - [28/Oct/2019:08:59:47 +0100] "GET /images/step_marker.gif HTTP/1.1" 200 650 "http://renault.activities.at/css/styles.css" "Mozilla/5.0 (Windows NT 6.1; Win64; x64) AppleWebKit/537.36 (KHTML, like Gecko) Chrome/77.0.3865.120 Safari/537.36"
89.26.36.153 - - [28/Oct/2019:08:59:47 +0100] "GET /images/checkout_border.gif HTTP/1.1" 200 43 "http://renault.activities.at/css/styles.css" "Mozilla/5.0 (Windows NT 6.1; Win64; x64) AppleWebKit/537.36 (KHTML, like Gecko) Chrome/77.0.3865.120 Safari/537.36"
89.26.36.153 - - [28/Oct/2019:08:59:47 +0100] "GET /loadthumbnail.php?id=10201939 HTTP/1.1" 200 201 "http://renault.activities.at/checkout" "Mozilla/5.0 (Windows NT 6.1; Win64; x64) AppleWebKit/537.36 (KHTML, like Gecko) Chrome/77.0.3865.120 Safari/537.36"
89.26.36.153 - - [28/Oct/2019:08:59:47 +0100] "GET /loadthumbnail.php?id=10202698 HTTP/1.1" 200 16686 "http://renault.activities.at/checkout" "Mozilla/5.0 (Windows NT 6.1; Win64; x64) AppleWebKit/537.36 (KHTML, like Gecko) Chrome/77.0.3865.120 Safari/537.36"
89.26.36.153 - - [28/Oct/2019:08:59:50 +0100] "POST /docheckout HTTP/1.1" 200 457 "http://renault.activities.at/checkout" "Mozilla/5.0 (Windows NT 6.1; Win64; x64) AppleWebKit/537.36 (KHTML, like Gecko) Chrome/77.0.3865.120 Safari/537.36"
89.26.36.153 - - [28/Oct/2019:08:59:54 +0100] "POST /docheckout HTTP/1.1" 200 671 "http://renault.activities.at/checkout" "Mozilla/5.0 (Windows NT 6.1; Win64; x64) AppleWebKit/537.36 (KHTML, like Gecko) Chrome/77.0.3865.120 Safari/537.36"
89.26.36.153 - - [28/Oct/2019:08:59:56 +0100] "GET /images/error_msg_icon.gif HTTP/1.1" 200 1013 "http://renault.activities.at/checkout" "Mozilla/5.0 (Windows NT 6.1; Win64; x64) AppleWebKit/537.36 (KHTML, like Gecko) Chrome/77.0.3865.120 Safari/537.36"
213.153.47.173 - - [28/Oct/2019:09:00:22 +0100] "GET /reload?ser=1572249622046 HTTP/1.1" 200 28 "http://renault.activities.at/login?required=true" "Mozilla/5.0 (Windows NT 10.0; Win64; x64; rv:70.0) Gecko/20100101 Firefox/70.0"
213.153.47.173 - - [28/Oct/2019:09:00:29 +0100] "GET /reload?ser=1572249629004 HTTP/1.1" 200 28 "http://renault.activities.at/login?required=true" "Mozilla/5.0 (Windows NT 10.0; Win64; x64; rv:70.0) Gecko/20100101 Firefox/70.0"
138.21.12.23 - - [28/Oct/2019:09:00:40 +0100] "GET /reload?ser=1572249639933 HTTP/1.1" 200 28 "http://renault.2web.at/account?loadrequest=true" "Mozilla/5.0 (Windows NT 10.0; WOW64; Trident/7.0; Touch; rv:11.0) like Gecko"
89.26.36.153 - - [28/Oct/2019:09:00:48 +0100] "GET /reload?ser=1572249647508 HTTP/1.1" 200 28 "http://renault.activities.at/checkout" "Mozilla/5.0 (Windows NT 6.1; Win64; x64) AppleWebKit/537.36 (KHTML, like Gecko) Chrome/77.0.3865.120 Safari/537.36"
213.153.47.173 - - [28/Oct/2019:09:01:22 +0100] "GET /reload?ser=1572249682726 HTTP/1.1" 200 28 "http://renault.activities.at/login?required=true" "Mozilla/5.0 (Windows NT 10.0; Win64; x64; rv:70.0) Gecko/20100101 Firefox/70.0"
213.153.47.173 - - [28/Oct/2019:09:01:29 +0100] "GET /reload?ser=1572249689677 HTTP/1.1" 200 28 "http://renault.activities.at/login?required=true" "Mozilla/5.0 (Windows NT 10.0; Win64; x64; rv:70.0) Gecko/20100101 Firefox/70.0"
138.21.12.23 - - [28/Oct/2019:09:01:41 +0100] "GET /reload?ser=1572249701003 HTTP/1.1" 200 28 "http://renault.2web.at/account?loadrequest=true" "Mozilla/5.0 (Windows NT 10.0; WOW64; Trident/7.0; Touch; rv:11.0) like Gecko"
89.26.36.153 - - [28/Oct/2019:09:01:49 +0100] "GET /reload?ser=1572249708493 HTTP/1.1" 200 28 "http://renault.activities.at/checkout" "Mozilla/5.0 (Windows NT 6.1; Win64; x64) AppleWebKit/537.36 (KHTML, like Gecko) Chrome/77.0.3865.120 Safari/537.36"
213.153.47.173 - - [28/Oct/2019:09:02:23 +0100] "GET /reload?ser=1572249743396 HTTP/1.1" 200 28 "http://renault.activities.at/login?required=true" "Mozilla/5.0 (Windows NT 10.0; Win64; x64; rv:70.0) Gecko/20100101 Firefox/70.0"
213.153.47.173 - - [28/Oct/2019:09:02:30 +0100] "GET /reload?ser=1572249750335 HTTP/1.1" 200 28 "http://renault.activities.at/login?required=true" "Mozilla/5.0 (Windows NT 10.0; Win64; x64; rv:70.0) Gecko/20100101 Firefox/70.0"
138.21.12.23 - - [28/Oct/2019:09:02:42 +0100] "GET /reload?ser=1572249762029 HTTP/1.1" 200 28 "http://renault.2web.at/account?loadrequest=true" "Mozilla/5.0 (Windows NT 10.0; WOW64; Trident/7.0; Touch; rv:11.0) like Gecko"
89.26.36.153 - - [28/Oct/2019:09:02:50 +0100] "GET /reload?ser=1572249769485 HTTP/1.1" 200 28 "http://renault.activities.at/checkout" "Mozilla/5.0 (Windows NT 6.1; Win64; x64) AppleWebKit/537.36 (KHTML, like Gecko) Chrome/77.0.3865.120 Safari/537.36"
213.153.47.173 - - [28/Oct/2019:09:03:24 +0100] "GET /reload?ser=1572249804047 HTTP/1.1" 200 28 "http://renault.activities.at/login?required=true" "Mozilla/5.0 (Windows NT 10.0; Win64; x64; rv:70.0) Gecko/20100101 Firefox/70.0"
213.153.47.173 - - [28/Oct/2019:09:03:31 +0100] "GET /reload?ser=1572249811007 HTTP/1.1" 200 28 "http://renault.activities.at/login?required=true" "Mozilla/5.0 (Windows NT 10.0; Win64; x64; rv:70.0) Gecko/20100101 Firefox/70.0"
138.21.12.23 - - [28/Oct/2019:09:03:43 +0100] "GET /reload?ser=1572249823091 HTTP/1.1" 200 28 "http://renault.2web.at/account?loadrequest=true" "Mozilla/5.0 (Windows NT 10.0; WOW64; Trident/7.0; Touch; rv:11.0) like Gecko"
89.26.36.153 - - [28/Oct/2019:09:03:51 +0100] "GET /reload?ser=1572249830471 HTTP/1.1" 200 28 "http://renault.activities.at/checkout" "Mozilla/5.0 (Windows NT 6.1; Win64; x64) AppleWebKit/537.36 (KHTML, like Gecko) Chrome/77.0.3865.120 Safari/537.36"
193.194.132.25 - - [28/Oct/2019:09:04:16 +0100] "GET /login HTTP/1.1" 200 2095 "-" "Mozilla/5.0 (Windows NT 10.0; WOW64; Trident/7.0; Touch; rv:11.0) like Gecko"
193.194.132.25 - - [28/Oct/2019:09:04:17 +0100] "GET /js/default.js HTTP/1.1" 304 - "http://renault.2web.at/login" "Mozilla/5.0 (Windows NT 10.0; WOW64; Trident/7.0; Touch; rv:11.0) like Gecko"
193.194.132.25 - - [28/Oct/2019:09:04:17 +0100] "GET /js/index.php?c=auto&f=,prototype/prototype.js,prototype/validation.js,scriptaculous/builder.js,scriptaculous/effects.js,scriptaculous/dragdrop.js,scriptaculous/controls.js,scriptaculous/slider.js,varien/js.js,varien/form.js,varien/menu.js,mage/translate.js,mage/cookies.js,varien/product.js,spinner/SpinnerControl.jsmin.js,prototype/window.js,prototype/window_ext.js HTTP/1.1" 304 - "http://renault.2web.at/login" "Mozilla/5.0 (Windows NT 10.0; WOW64; Trident/7.0; Touch; rv:11.0) like Gecko"
193.194.132.25 - - [28/Oct/2019:09:04:17 +0100] "GET /css/clears.css HTTP/1.1" 304 - "http://renault.2web.at/login" "Mozilla/5.0 (Windows NT 10.0; WOW64; Trident/7.0; Touch; rv:11.0) like Gecko"
193.194.132.25 - - [28/Oct/2019:09:04:17 +0100] "GET /css/themes/default.css HTTP/1.1" 304 - "http://renault.2web.at/login" "Mozilla/5.0 (Windows NT 10.0; WOW64; Trident/7.0; Touch; rv:11.0) like Gecko"
193.194.132.25 - - [28/Oct/2019:09:04:17 +0100] "GET /css/styles.css HTTP/1.1" 304 - "http://renault.2web.at/login" "Mozilla/5.0 (Windows NT 10.0; WOW64; Trident/7.0; Touch; rv:11.0) like Gecko"
193.194.132.25 - - [28/Oct/2019:09:04:17 +0100] "GET /css/themes/alphacube.css HTTP/1.1" 304 - "http://renault.2web.at/login" "Mozilla/5.0 (Windows NT 10.0; WOW64; Trident/7.0; Touch; rv:11.0) like Gecko"
193.194.132.25 - - [28/Oct/2019:09:04:17 +0100] "GET /css/prototip.css HTTP/1.1" 304 - "http://renault.2web.at/login" "Mozilla/5.0 (Windows NT 10.0; WOW64; Trident/7.0; Touch; rv:11.0) like Gecko"
193.194.132.25 - - [28/Oct/2019:09:04:17 +0100] "GET /css/print.css HTTP/1.1" 304 - "http://renault.2web.at/login" "Mozilla/5.0 (Windows NT 10.0; WOW64; Trident/7.0; Touch; rv:11.0) like Gecko"
193.194.132.25 - - [28/Oct/2019:09:04:17 +0100] "GET /css/reset.css HTTP/1.1" 304 - "http://renault.2web.at/login" "Mozilla/5.0 (Windows NT 10.0; WOW64; Trident/7.0; Touch; rv:11.0) like Gecko"
193.194.132.25 - - [28/Oct/2019:09:04:17 +0100] "GET /js/checkout.css HTTP/1.1" 304 - "http://renault.2web.at/login" "Mozilla/5.0 (Windows NT 10.0; WOW64; Trident/7.0; Touch; rv:11.0) like Gecko"
193.194.132.25 - - [28/Oct/2019:09:04:18 +0100] "GET /images/main_block_border.gif HTTP/1.1" 304 - "http://renault.2web.at/login" "Mozilla/5.0 (Windows NT 10.0; WOW64; Trident/7.0; Touch; rv:11.0) like Gecko"
193.194.132.25 - - [28/Oct/2019:09:04:18 +0100] "GET /images/main_block_corner_left_top.gif HTTP/1.1" 304 - "http://renault.2web.at/login" "Mozilla/5.0 (Windows NT 10.0; WOW64; Trident/7.0; Touch; rv:11.0) like Gecko"
193.194.132.25 - - [28/Oct/2019:09:04:18 +0100] "GET /images/header_block_border.gif HTTP/1.1" 304 - "http://renault.2web.at/login" "Mozilla/5.0 (Windows NT 10.0; WOW64; Trident/7.0; Touch; rv:11.0) like Gecko"
193.194.132.25 - - [28/Oct/2019:09:04:18 +0100] "GET /images/header_block_corner_right_top.gif HTTP/1.1" 304 - "http://renault.2web.at/login" "Mozilla/5.0 (Windows NT 10.0; WOW64; Trident/7.0; Touch; rv:11.0) like Gecko"
193.194.132.25 - - [28/Oct/2019:09:04:18 +0100] "GET /images/main_block_corner_left_bot.gif HTTP/1.1" 304 - "http://renault.2web.at/login" "Mozilla/5.0 (Windows NT 10.0; WOW64; Trident/7.0; Touch; rv:11.0) like Gecko"
193.194.132.25 - - [28/Oct/2019:09:04:18 +0100] "GET /images/header_block_corner_left_top.gif HTTP/1.1" 304 - "http://renault.2web.at/login" "Mozilla/5.0 (Windows NT 10.0; WOW64; Trident/7.0; Touch; rv:11.0) like Gecko"
193.194.132.25 - - [28/Oct/2019:09:04:18 +0100] "GET /images/main_block_corner_right_bot.gif HTTP/1.1" 304 - "http://renault.2web.at/login" "Mozilla/5.0 (Windows NT 10.0; WOW64; Trident/7.0; Touch; rv:11.0) like Gecko"
193.194.132.25 - - [28/Oct/2019:09:04:18 +0100] "GET /images/main_block_corner_right_top.gif HTTP/1.1" 304 - "http://renault.2web.at/login" "Mozilla/5.0 (Windows NT 10.0; WOW64; Trident/7.0; Touch; rv:11.0) like Gecko"
193.194.132.25 - - [28/Oct/2019:09:04:18 +0100] "GET /images/title_border.jpg HTTP/1.1" 304 - "http://renault.2web.at/login" "Mozilla/5.0 (Windows NT 10.0; WOW64; Trident/7.0; Touch; rv:11.0) like Gecko"
193.194.132.25 - - [28/Oct/2019:09:04:18 +0100] "GET /images/title_corner_left_top.jpg HTTP/1.1" 304 - "http://renault.2web.at/login" "Mozilla/5.0 (Windows NT 10.0; WOW64; Trident/7.0; Touch; rv:11.0) like Gecko"
193.194.132.25 - - [28/Oct/2019:09:04:18 +0100] "GET /images/title_border_top.jpg HTTP/1.1" 304 - "http://renault.2web.at/login" "Mozilla/5.0 (Windows NT 10.0; WOW64; Trident/7.0; Touch; rv:11.0) like Gecko"
193.194.132.25 - - [28/Oct/2019:09:04:18 +0100] "GET /images/title_corner_right_top.jpg HTTP/1.1" 304 - "http://renault.2web.at/login" "Mozilla/5.0 (Windows NT 10.0; WOW64; Trident/7.0; Touch; rv:11.0) like Gecko"
193.194.132.25 - - [28/Oct/2019:09:04:18 +0100] "GET /images/button_left_bg.gif HTTP/1.1" 304 - "http://renault.2web.at/login" "Mozilla/5.0 (Windows NT 10.0; WOW64; Trident/7.0; Touch; rv:11.0) like Gecko"
193.194.132.25 - - [28/Oct/2019:09:04:18 +0100] "GET /images/button_right_bg.gif HTTP/1.1" 304 - "http://renault.2web.at/login" "Mozilla/5.0 (Windows NT 10.0; WOW64; Trident/7.0; Touch; rv:11.0) like Gecko"
193.194.132.25 - - [28/Oct/2019:09:04:18 +0100] "GET /images/button_bg.gif HTTP/1.1" 304 - "http://renault.2web.at/login" "Mozilla/5.0 (Windows NT 10.0; WOW64; Trident/7.0; Touch; rv:11.0) like Gecko"
193.194.132.25 - - [28/Oct/2019:09:04:18 +0100] "GET /loadthumbnail.php?id=11127982 HTTP/1.1" 200 399614 "http://renault.2web.at/login" "Mozilla/5.0 (Windows NT 10.0; WOW64; Trident/7.0; Touch; rv:11.0) like Gecko"
193.194.132.25 - - [28/Oct/2019:09:04:19 +0100] "GET /images/favicon.ico HTTP/1.1" 404 300 "-" "Mozilla/5.0 (Windows NT 10.0; Win64; x64; Trident/7.0; Touch; rv:11.0) like Gecko"
213.153.47.173 - - [28/Oct/2019:09:04:24 +0100] "GET /reload?ser=1572249864727 HTTP/1.1" 200 28 "http://renault.activities.at/login?required=true" "Mozilla/5.0 (Windows NT 10.0; Win64; x64; rv:70.0) Gecko/20100101 Firefox/70.0"
193.194.132.25 - - [28/Oct/2019:09:04:25 +0100] "POST /login HTTP/1.1" 302 137 "http://renault.2web.at/login" "Mozilla/5.0 (Windows NT 10.0; WOW64; Trident/7.0; Touch; rv:11.0) like Gecko"
193.194.132.25 - - [28/Oct/2019:09:04:27 +0100] "GET /account HTTP/1.1" 200 8679 "http://renault.2web.at/login" "Mozilla/5.0 (Windows NT 10.0; WOW64; Trident/7.0; Touch; rv:11.0) like Gecko"
213.153.47.173 - - [28/Oct/2019:09:04:31 +0100] "GET /reload?ser=1572249871676 HTTP/1.1" 200 28 "http://renault.activities.at/login?required=true" "Mozilla/5.0 (Windows NT 10.0; Win64; x64; rv:70.0) Gecko/20100101 Firefox/70.0"
193.194.132.25 - - [28/Oct/2019:09:04:27 +0100] "POST /login HTTP/1.1" 302 137 "http://renault.2web.at/login" "Mozilla/5.0 (Windows NT 10.0; WOW64; Trident/7.0; Touch; rv:11.0) like Gecko"
193.194.132.25 - - [28/Oct/2019:09:04:33 +0100] "GET /account HTTP/1.1" 200 8679 "http://renault.2web.at/login" "Mozilla/5.0 (Windows NT 10.0; WOW64; Trident/7.0; Touch; rv:11.0) like Gecko"
193.194.132.25 - - [28/Oct/2019:09:04:36 +0100] "GET /js/account.js HTTP/1.1" 304 - "http://renault.2web.at/account" "Mozilla/5.0 (Windows NT 10.0; WOW64; Trident/7.0; Touch; rv:11.0) like Gecko"
193.194.132.25 - - [28/Oct/2019:09:04:37 +0100] "GET /images/ajax_loading.gif HTTP/1.1" 304 - "http://renault.2web.at/account" "Mozilla/5.0 (Windows NT 10.0; WOW64; Trident/7.0; Touch; rv:11.0) like Gecko"
193.194.132.25 - - [28/Oct/2019:09:04:37 +0100] "GET /loadthumbnail.php?id=12122446&width=50&height=50 HTTP/1.1" 200 1253 "http://renault.2web.at/account" "Mozilla/5.0 (Windows NT 10.0; WOW64; Trident/7.0; Touch; rv:11.0) like Gecko"
193.194.132.25 - - [28/Oct/2019:09:04:37 +0100] "GET /images/search_bg.gif HTTP/1.1" 304 - "http://renault.2web.at/account" "Mozilla/5.0 (Windows NT 10.0; WOW64; Trident/7.0; Touch; rv:11.0) like Gecko"
193.194.132.25 - - [28/Oct/2019:09:04:37 +0100] "GET /images/sidebar_title_corner_left_top.gif HTTP/1.1" 304 - "http://renault.2web.at/account" "Mozilla/5.0 (Windows NT 10.0; WOW64; Trident/7.0; Touch; rv:11.0) like Gecko"
193.194.132.25 - - [28/Oct/2019:09:04:37 +0100] "GET /images/sidebar_title_border.gif HTTP/1.1" 304 - "http://renault.2web.at/account" "Mozilla/5.0 (Windows NT 10.0; WOW64; Trident/7.0; Touch; rv:11.0) like Gecko"
193.194.132.25 - - [28/Oct/2019:09:04:37 +0100] "GET /images/menu_divider.gif HTTP/1.1" 304 - "http://renault.2web.at/account" "Mozilla/5.0 (Windows NT 10.0; WOW64; Trident/7.0; Touch; rv:11.0) like Gecko"
193.194.132.25 - - [28/Oct/2019:09:04:37 +0100] "GET /images/top_links_divider.gif HTTP/1.1" 304 - "http://renault.2web.at/account" "Mozilla/5.0 (Windows NT 10.0; WOW64; Trident/7.0; Touch; rv:11.0) like Gecko"
193.194.132.25 - - [28/Oct/2019:09:04:37 +0100] "GET /images/sidebar_title_corner_right_top.gif HTTP/1.1" 304 - "http://renault.2web.at/account" "Mozilla/5.0 (Windows NT 10.0; WOW64; Trident/7.0; Touch; rv:11.0) like Gecko"
193.194.132.25 - - [28/Oct/2019:09:04:37 +0100] "GET /images/nav_divider.gif HTTP/1.1" 304 - "http://renault.2web.at/account" "Mozilla/5.0 (Windows NT 10.0; WOW64; Trident/7.0; Touch; rv:11.0) like Gecko"
193.194.132.25 - - [28/Oct/2019:09:04:37 +0100] "GET /images/menu_button_bg.jpg HTTP/1.1" 304 - "http://renault.2web.at/account" "Mozilla/5.0 (Windows NT 10.0; WOW64; Trident/7.0; Touch; rv:11.0) like Gecko"
193.194.132.25 - - [28/Oct/2019:09:04:37 +0100] "GET /images/reset_bg.gif HTTP/1.1" 304 - "http://renault.2web.at/account" "Mozilla/5.0 (Windows NT 10.0; WOW64; Trident/7.0; Touch; rv:11.0) like Gecko"
193.194.132.25 - - [28/Oct/2019:09:04:37 +0100] "GET /images/sidebar_title_border_top.gif HTTP/1.1" 304 - "http://renault.2web.at/account" "Mozilla/5.0 (Windows NT 10.0; WOW64; Trident/7.0; Touch; rv:11.0) like Gecko"
193.194.132.25 - - [28/Oct/2019:09:04:37 +0100] "GET /images/validation_advice_bg.gif HTTP/1.1" 304 - "http://renault.2web.at/account" "Mozilla/5.0 (Windows NT 10.0; WOW64; Trident/7.0; Touch; rv:11.0) like Gecko"
193.194.132.25 - - [28/Oct/2019:09:04:37 +0100] "GET /images/footer_divider.gif HTTP/1.1" 304 - "http://renault.2web.at/account" "Mozilla/5.0 (Windows NT 10.0; WOW64; Trident/7.0; Touch; rv:11.0) like Gecko"
193.194.132.25 - - [28/Oct/2019:09:04:37 +0100] "GET /images/favicon.ico HTTP/1.1" 404 300 "-" "Mozilla/5.0 (Windows NT 10.0; Win64; x64; Trident/7.0; Touch; rv:11.0) like Gecko"
193.194.132.25 - - [28/Oct/2019:09:04:37 +0100] "GET /favicon.ico HTTP/1.1" 304 - "-" "Mozilla/5.0 (Windows NT 10.0; Win64; x64; Trident/7.0; Touch; rv:11.0) like Gecko"
138.21.12.23 - - [28/Oct/2019:09:04:44 +0100] "GET /reload?ser=1572249884199 HTTP/1.1" 200 28 "http://renault.2web.at/account?loadrequest=true" "Mozilla/5.0 (Windows NT 10.0; WOW64; Trident/7.0; Touch; rv:11.0) like Gecko"
193.194.132.25 - - [28/Oct/2019:09:04:47 +0100] "POST /account HTTP/1.1" 302 137 "http://renault.2web.at/account" "Mozilla/5.0 (Windows NT 10.0; WOW64; Trident/7.0; Touch; rv:11.0) like Gecko"
193.194.132.25 - - [28/Oct/2019:09:04:48 +0100] "GET /account HTTP/1.1" 200 8630 "http://renault.2web.at/account" "Mozilla/5.0 (Windows NT 10.0; WOW64; Trident/7.0; Touch; rv:11.0) like Gecko"
89.26.36.153 - - [28/Oct/2019:09:04:52 +0100] "GET /reload?ser=1572249891414 HTTP/1.1" 200 28 "http://renault.activities.at/checkout" "Mozilla/5.0 (Windows NT 6.1; Win64; x64) AppleWebKit/537.36 (KHTML, like Gecko) Chrome/77.0.3865.120 Safari/537.36"
193.194.132.25 - - [28/Oct/2019:09:05:02 +0100] "GET /imprintaddress HTTP/1.1" 200 8960 "http://renault.2web.at/account" "Mozilla/5.0 (Windows NT 10.0; WOW64; Trident/7.0; Touch; rv:11.0) like Gecko"
193.194.132.25 - - [28/Oct/2019:09:05:05 +0100] "GET /js/CompanyImprint.js HTTP/1.1" 200 1197 "http://renault.2web.at/imprintaddress" "Mozilla/5.0 (Windows NT 10.0; WOW64; Trident/7.0; Touch; rv:11.0) like Gecko"
193.194.132.25 - - [28/Oct/2019:09:05:05 +0100] "GET /images/information.gif HTTP/1.1" 200 1025 "http://renault.2web.at/imprintaddress" "Mozilla/5.0 (Windows NT 10.0; WOW64; Trident/7.0; Touch; rv:11.0) like Gecko"
193.194.132.25 - - [28/Oct/2019:09:05:05 +0100] "GET /images/loading.gif HTTP/1.1" 304 - "http://renault.2web.at/imprintaddress" "Mozilla/5.0 (Windows NT 10.0; WOW64; Trident/7.0; Touch; rv:11.0) like Gecko"
193.194.132.25 - - [28/Oct/2019:09:05:05 +0100] "GET /js/prototip.js HTTP/1.1" 304 - "http://renault.2web.at/imprintaddress" "Mozilla/5.0 (Windows NT 10.0; WOW64; Trident/7.0; Touch; rv:11.0) like Gecko"
213.153.47.173 - - [28/Oct/2019:09:05:25 +0100] "GET /reload?ser=1572249925397 HTTP/1.1" 200 28 "http://renault.activities.at/login?required=true" "Mozilla/5.0 (Windows NT 10.0; Win64; x64; rv:70.0) Gecko/20100101 Firefox/70.0"
193.194.132.25 - - [28/Oct/2019:09:05:24 +0100] "GET /imprints HTTP/1.1" 200 8246 "http://renault.2web.at/imprintaddress" "Mozilla/5.0 (Windows NT 10.0; WOW64; Trident/7.0; Touch; rv:11.0) like Gecko"
193.194.132.25 - - [28/Oct/2019:09:05:27 +0100] "GET /js/ImprintEdit.js HTTP/1.1" 200 5933 "http://renault.2web.at/imprints" "Mozilla/5.0 (Windows NT 10.0; WOW64; Trident/7.0; Touch; rv:11.0) like Gecko"
193.194.132.25 - - [28/Oct/2019:09:05:27 +0100] "GET /images/icons/page_green.gif HTTP/1.1" 200 1048 "http://renault.2web.at/imprints" "Mozilla/5.0 (Windows NT 10.0; WOW64; Trident/7.0; Touch; rv:11.0) like Gecko"
193.194.132.25 - - [28/Oct/2019:09:05:27 +0100] "GET /images/icons/page_lupe.gif HTTP/1.1" 200 1070 "http://renault.2web.at/imprints" "Mozilla/5.0 (Windows NT 10.0; WOW64; Trident/7.0; Touch; rv:11.0) like Gecko"
193.194.132.25 - - [28/Oct/2019:09:05:27 +0100] "GET /images/icons/page_edit.gif HTTP/1.1" 200 1077 "http://renault.2web.at/imprints" "Mozilla/5.0 (Windows NT 10.0; WOW64; Trident/7.0; Touch; rv:11.0) like Gecko"
193.194.132.25 - - [28/Oct/2019:09:05:27 +0100] "GET /images/icons/page_go.gif HTTP/1.1" 200 1071 "http://renault.2web.at/imprints" "Mozilla/5.0 (Windows NT 10.0; WOW64; Trident/7.0; Touch; rv:11.0) like Gecko"
193.194.132.25 - - [28/Oct/2019:09:05:27 +0100] "GET /images/icons/disabled_page_go.gif HTTP/1.1" 200 660 "http://renault.2web.at/imprints" "Mozilla/5.0 (Windows NT 10.0; WOW64; Trident/7.0; Touch; rv:11.0) like Gecko"
193.194.132.25 - - [28/Oct/2019:09:05:27 +0100] "GET /images/icons/user.gif HTTP/1.1" 200 1001 "http://renault.2web.at/imprints" "Mozilla/5.0 (Windows NT 10.0; WOW64; Trident/7.0; Touch; rv:11.0) like Gecko"
193.194.132.25 - - [28/Oct/2019:09:05:27 +0100] "GET /images/icons/page_key.gif HTTP/1.1" 200 1074 "http://renault.2web.at/imprints" "Mozilla/5.0 (Windows NT 10.0; WOW64; Trident/7.0; Touch; rv:11.0) like Gecko"
193.194.132.25 - - [28/Oct/2019:09:05:27 +0100] "GET /images/icons/group.gif HTTP/1.1" 200 1014 "http://renault.2web.at/imprints" "Mozilla/5.0 (Windows NT 10.0; WOW64; Trident/7.0; Touch; rv:11.0) like Gecko"
193.194.132.25 - - [28/Oct/2019:09:05:27 +0100] "GET /images/icons/page_delete.gif HTTP/1.1" 200 1072 "http://renault.2web.at/imprints" "Mozilla/5.0 (Windows NT 10.0; WOW64; Trident/7.0; Touch; rv:11.0) like Gecko"
193.194.132.25 - - [28/Oct/2019:09:05:27 +0100] "GET /images/icons/page_red.gif HTTP/1.1" 200 1068 "http://renault.2web.at/imprints" "Mozilla/5.0 (Windows NT 10.0; WOW64; Trident/7.0; Touch; rv:11.0) like Gecko"
193.194.132.25 - - [28/Oct/2019:09:05:27 +0100] "GET /images/pager_bg.gif HTTP/1.1" 304 - "http://renault.2web.at/imprints" "Mozilla/5.0 (Windows NT 10.0; WOW64; Trident/7.0; Touch; rv:11.0) like Gecko"
213.153.47.173 - - [28/Oct/2019:09:05:32 +0100] "GET /reload?ser=1572249932336 HTTP/1.1" 200 28 "http://renault.activities.at/login?required=true" "Mozilla/5.0 (Windows NT 10.0; Win64; x64; rv:70.0) Gecko/20100101 Firefox/70.0"
193.194.132.25 - - [28/Oct/2019:09:05:45 +0100] "GET /css/themes/alphacube/top_mid.gif HTTP/1.1" 200 833 "http://renault.2web.at/imprints" "Mozilla/5.0 (Windows NT 10.0; WOW64; Trident/7.0; Touch; rv:11.0) like Gecko"
193.194.132.25 - - [28/Oct/2019:09:05:45 +0100] "GET /css/themes/alphacube/frame_right.gif HTTP/1.1" 200 64 "http://renault.2web.at/imprints" "Mozilla/5.0 (Windows NT 10.0; WOW64; Trident/7.0; Touch; rv:11.0) like Gecko"
193.194.132.25 - - [28/Oct/2019:09:05:45 +0100] "GET /css/themes/alphacube/bottom_middle.gif HTTP/1.1" 200 44 "http://renault.2web.at/imprints" "Mozilla/5.0 (Windows NT 10.0; WOW64; Trident/7.0; Touch; rv:11.0) like Gecko"
193.194.132.25 - - [28/Oct/2019:09:05:45 +0100] "GET /css/themes/alphacube/frame_left.gif HTTP/1.1" 200 64 "http://renault.2web.at/imprints" "Mozilla/5.0 (Windows NT 10.0; WOW64; Trident/7.0; Touch; rv:11.0) like Gecko"
193.194.132.25 - - [28/Oct/2019:09:05:45 +0100] "GET /css/themes/alphacube/top_right.gif HTTP/1.1" 200 972 "http://renault.2web.at/imprints" "Mozilla/5.0 (Windows NT 10.0; WOW64; Trident/7.0; Touch; rv:11.0) like Gecko"
193.194.132.25 - - [28/Oct/2019:09:05:45 +0100] "GET /css/themes/alphacube/bottom_right-c.gif HTTP/1.1" 200 62 "http://renault.2web.at/imprints" "Mozilla/5.0 (Windows NT 10.0; WOW64; Trident/7.0; Touch; rv:11.0) like Gecko"
193.194.132.25 - - [28/Oct/2019:09:05:45 +0100] "GET /css/themes/alphacube/button-close-focus.gif HTTP/1.1" 200 699 "http://renault.2web.at/imprints" "Mozilla/5.0 (Windows NT 10.0; WOW64; Trident/7.0; Touch; rv:11.0) like Gecko"
193.194.132.25 - - [28/Oct/2019:09:05:45 +0100] "GET /css/themes/alphacube/bottom_left-c.gif HTTP/1.1" 200 62 "http://renault.2web.at/imprints" "Mozilla/5.0 (Windows NT 10.0; WOW64; Trident/7.0; Touch; rv:11.0) like Gecko"
193.194.132.25 - - [28/Oct/2019:09:05:45 +0100] "GET /css/themes/alphacube/top_left.gif HTTP/1.1" 304 - "http://renault.2web.at/imprints" "Mozilla/5.0 (Windows NT 10.0; WOW64; Trident/7.0; Touch; rv:11.0) like Gecko"
138.21.12.23 - - [28/Oct/2019:09:05:45 +0100] "GET /reload?ser=1572249945273 HTTP/1.1" 200 28 "http://renault.2web.at/account?loadrequest=true" "Mozilla/5.0 (Windows NT 10.0; WOW64; Trident/7.0; Touch; rv:11.0) like Gecko"
193.194.132.25 - - [28/Oct/2019:09:05:45 +0100] "GET /imprintview?req=true&template=10222755&imprint=10327835 HTTP/1.1" 200 777 "http://renault.2web.at/imprints" "Mozilla/5.0 (Windows NT 10.0; WOW64; Trident/7.0; Touch; rv:11.0) like Gecko"
193.194.132.25 - - [28/Oct/2019:09:05:51 +0100] "GET /null HTTP/1.1" 200 5736 "http://renault.2web.at/imprints" "Mozilla/5.0 (Windows NT 10.0; WOW64; Trident/7.0; Touch; rv:11.0) like Gecko"
89.26.36.153 - - [28/Oct/2019:09:05:53 +0100] "GET /reload?ser=1572249952390 HTTP/1.1" 200 28 "http://renault.activities.at/checkout" "Mozilla/5.0 (Windows NT 6.1; Win64; x64) AppleWebKit/537.36 (KHTML, like Gecko) Chrome/77.0.3865.120 Safari/537.36"
193.194.132.25 - - [28/Oct/2019:09:05:51 +0100] "GET /imprints?print=true&mode=edit&template=10222756&object=10327836 HTTP/1.1" 200 5520 "http://renault.2web.at/imprints" "Mozilla/5.0 (Windows NT 10.0; WOW64; Trident/7.0; Touch; rv:11.0) like Gecko"
193.194.132.25 - - [28/Oct/2019:09:05:54 +0100] "GET /js/tiny_mce/tiny_mce.js HTTP/1.1" 200 78928 "http://renault.2web.at/imprints?print=true&mode=edit&template=10222756&object=10327836" "Mozilla/5.0 (Windows NT 10.0; WOW64; Trident/7.0; Touch; rv:11.0) like Gecko"
193.194.132.25 - - [28/Oct/2019:09:05:55 +0100] "GET /js/tiny_mce/langs/de.js HTTP/1.1" 200 2904 "http://renault.2web.at/imprints?print=true&mode=edit&template=10222756&object=10327836" "Mozilla/5.0 (Windows NT 10.0; WOW64; Trident/7.0; Touch; rv:11.0) like Gecko"
193.194.132.25 - - [28/Oct/2019:09:05:55 +0100] "GET /js/tiny_mce/plugins/table/editor_plugin.js HTTP/1.1" 200 6131 "http://renault.2web.at/imprints?print=true&mode=edit&template=10222756&object=10327836" "Mozilla/5.0 (Windows NT 10.0; WOW64; Trident/7.0; Touch; rv:11.0) like Gecko"
193.194.132.25 - - [28/Oct/2019:09:05:55 +0100] "GET /js/tiny_mce/themes/advanced/editor_template.js HTTP/1.1" 200 8752 "http://renault.2web.at/imprints?print=true&mode=edit&template=10222756&object=10327836" "Mozilla/5.0 (Windows NT 10.0; WOW64; Trident/7.0; Touch; rv:11.0) like Gecko"
193.194.132.25 - - [28/Oct/2019:09:05:55 +0100] "GET /js/tiny_mce/plugins/contextmenu/editor_plugin.js HTTP/1.1" 200 1082 "http://renault.2web.at/imprints?print=true&mode=edit&template=10222756&object=10327836" "Mozilla/5.0 (Windows NT 10.0; WOW64; Trident/7.0; Touch; rv:11.0) like Gecko"
193.194.132.25 - - [28/Oct/2019:09:05:55 +0100] "GET /js/tiny_mce/plugins/customerinsert/editor_plugin.js HTTP/1.1" 200 860 "http://renault.2web.at/imprints?print=true&mode=edit&template=10222756&object=10327836" "Mozilla/5.0 (Windows NT 10.0; WOW64; Trident/7.0; Touch; rv:11.0) like Gecko"
193.194.132.25 - - [28/Oct/2019:09:05:55 +0100] "GET /js/tiny_mce/plugins/customerinsert/langs/de.js HTTP/1.1" 200 198 "http://renault.2web.at/imprints?print=true&mode=edit&template=10222756&object=10327836" "Mozilla/5.0 (Windows NT 10.0; WOW64; Trident/7.0; Touch; rv:11.0) like Gecko"
193.194.132.25 - - [28/Oct/2019:09:05:55 +0100] "GET /js/tiny_mce/themes/advanced/langs/de.js HTTP/1.1" 200 1185 "http://renault.2web.at/imprints?print=true&mode=edit&template=10222756&object=10327836" "Mozilla/5.0 (Windows NT 10.0; WOW64; Trident/7.0; Touch; rv:11.0) like Gecko"
193.194.132.25 - - [28/Oct/2019:09:05:56 +0100] "GET /js/tiny_mce/themes/advanced/skins/default/ui.css HTTP/1.1" 200 2956 "http://renault.2web.at/imprints?print=true&mode=edit&template=10222756&object=10327836" "Mozilla/5.0 (Windows NT 10.0; WOW64; Trident/7.0; Touch; rv:11.0) like Gecko"
193.194.132.25 - - [28/Oct/2019:09:05:56 +0100] "GET /images/icons/custom_inserts.gif HTTP/1.1" 200 1041 "http://renault.2web.at/imprints?print=true&mode=edit&template=10222756&object=10327836" "Mozilla/5.0 (Windows NT 10.0; WOW64; Trident/7.0; Touch; rv:11.0) like Gecko"
193.194.132.25 - - [28/Oct/2019:09:05:56 +0100] "GET /js/tiny_mce/themes/advanced/skins/default/content.css HTTP/1.1" 200 991 "http://renault.2web.at/imprints?print=true&mode=edit&template=10222756&object=10327836" "Mozilla/5.0 (Windows NT 10.0; WOW64; Trident/7.0; Touch; rv:11.0) like Gecko"
193.194.132.25 - - [28/Oct/2019:09:05:56 +0100] "GET /js/tiny_mce/themes/advanced/img/icons.gif HTTP/1.1" 200 11982 "http://renault.2web.at/imprints?print=true&mode=edit&template=10222756&object=10327836" "Mozilla/5.0 (Windows NT 10.0; WOW64; Trident/7.0; Touch; rv:11.0) like Gecko"
193.194.132.25 - - [28/Oct/2019:09:06:01 +0100] "GET /imprintview?req=true&template=10222756&imprint=10327836 HTTP/1.1" 200 779 "http://renault.2web.at/imprints" "Mozilla/5.0 (Windows NT 10.0; WOW64; Trident/7.0; Touch; rv:11.0) like Gecko"
193.194.132.25 - - [28/Oct/2019:09:06:08 +0100] "GET /null HTTP/1.1" 200 5736 "http://renault.2web.at/imprints" "Mozilla/5.0 (Windows NT 10.0; WOW64; Trident/7.0; Touch; rv:11.0) like Gecko"
193.194.132.25 - - [28/Oct/2019:09:06:10 +0100] "GET /null HTTP/1.1" 200 5736 "http://renault.2web.at/imprints" "Mozilla/5.0 (Windows NT 10.0; WOW64; Trident/7.0; Touch; rv:11.0) like Gecko"
193.194.132.25 - - [28/Oct/2019:09:06:10 +0100] "GET /imprintview?req=true&template=10222757&imprint=10327837 HTTP/1.1" 200 712 "http://renault.2web.at/imprints" "Mozilla/5.0 (Windows NT 10.0; WOW64; Trident/7.0; Touch; rv:11.0) like Gecko"
193.194.132.25 - - [28/Oct/2019:09:06:16 +0100] "GET /null HTTP/1.1" 200 5736 "http://renault.2web.at/imprints" "Mozilla/5.0 (Windows NT 10.0; WOW64; Trident/7.0; Touch; rv:11.0) like Gecko"
193.194.132.25 - - [28/Oct/2019:09:06:16 +0100] "GET /imprintview?req=true&template=10222758&imprint=10327838 HTTP/1.1" 200 720 "http://renault.2web.at/imprints" "Mozilla/5.0 (Windows NT 10.0; WOW64; Trident/7.0; Touch; rv:11.0) like Gecko"
193.194.132.25 - - [28/Oct/2019:09:06:23 +0100] "GET /null HTTP/1.1" 200 5736 "http://renault.2web.at/imprints" "Mozilla/5.0 (Windows NT 10.0; WOW64; Trident/7.0; Touch; rv:11.0) like Gecko"
193.194.132.25 - - [28/Oct/2019:09:06:24 +0100] "GET /imprintview?req=true&template=10222758&imprint=10327839 HTTP/1.1" 200 713 "http://renault.2web.at/imprints" "Mozilla/5.0 (Windows NT 10.0; WOW64; Trident/7.0; Touch; rv:11.0) like Gecko"
213.153.47.173 - - [28/Oct/2019:09:06:26 +0100] "GET /reload?ser=1572249986066 HTTP/1.1" 200 28 "http://renault.activities.at/login?required=true" "Mozilla/5.0 (Windows NT 10.0; Win64; x64; rv:70.0) Gecko/20100101 Firefox/70.0"
193.194.132.25 - - [28/Oct/2019:09:06:27 +0100] "GET /reload?ser=1572249987829 HTTP/1.1" 200 28 "http://renault.2web.at/imprints" "Mozilla/5.0 (Windows NT 10.0; WOW64; Trident/7.0; Touch; rv:11.0) like Gecko"
193.194.132.25 - - [28/Oct/2019:09:06:30 +0100] "GET /null HTTP/1.1" 200 5736 "http://renault.2web.at/imprints" "Mozilla/5.0 (Windows NT 10.0; WOW64; Trident/7.0; Touch; rv:11.0) like Gecko"
213.153.47.173 - - [28/Oct/2019:09:06:33 +0100] "GET /reload?ser=1572249992998 HTTP/1.1" 200 28 "http://renault.activities.at/login?required=true" "Mozilla/5.0 (Windows NT 10.0; Win64; x64; rv:70.0) Gecko/20100101 Firefox/70.0"
193.194.132.25 - - [28/Oct/2019:09:06:33 +0100] "GET /logout HTTP/1.1" 302 136 "http://renault.2web.at/imprints" "Mozilla/5.0 (Windows NT 10.0; WOW64; Trident/7.0; Touch; rv:11.0) like Gecko"
193.194.132.25 - - [28/Oct/2019:09:06:35 +0100] "GET /logout HTTP/1.1" 200 1592 "http://renault.2web.at/imprints" "Mozilla/5.0 (Windows NT 10.0; WOW64; Trident/7.0; Touch; rv:11.0) like Gecko"
138.21.12.23 - - [28/Oct/2019:09:06:46 +0100] "GET /reload?ser=1572250006305 HTTP/1.1" 200 28 "http://renault.2web.at/account?loadrequest=true" "Mozilla/5.0 (Windows NT 10.0; WOW64; Trident/7.0; Touch; rv:11.0) like Gecko"
89.26.36.153 - - [28/Oct/2019:09:06:54 +0100] "GET /reload?ser=1572250013360 HTTP/1.1" 200 28 "http://renault.activities.at/checkout" "Mozilla/5.0 (Windows NT 6.1; Win64; x64) AppleWebKit/537.36 (KHTML, like Gecko) Chrome/77.0.3865.120 Safari/537.36"
213.153.47.173 - - [28/Oct/2019:09:07:26 +0100] "GET /reload?ser=1572250046708 HTTP/1.1" 200 28 "http://renault.activities.at/login?required=true" "Mozilla/5.0 (Windows NT 10.0; Win64; x64; rv:70.0) Gecko/20100101 Firefox/70.0"
213.153.47.173 - - [28/Oct/2019:09:07:33 +0100] "GET /reload?ser=1572250053667 HTTP/1.1" 200 28 "http://renault.activities.at/login?required=true" "Mozilla/5.0 (Windows NT 10.0; Win64; x64; rv:70.0) Gecko/20100101 Firefox/70.0"
138.21.12.23 - - [28/Oct/2019:09:07:47 +0100] "GET /reload?ser=1572250067399 HTTP/1.1" 200 28 "http://renault.2web.at/account?loadrequest=true" "Mozilla/5.0 (Windows NT 10.0; WOW64; Trident/7.0; Touch; rv:11.0) like Gecko"
89.26.36.153 - - [28/Oct/2019:09:07:55 +0100] "GET /reload?ser=1572250074328 HTTP/1.1" 200 28 "http://renault.activities.at/checkout" "Mozilla/5.0 (Windows NT 6.1; Win64; x64) AppleWebKit/537.36 (KHTML, like Gecko) Chrome/77.0.3865.120 Safari/537.36"
213.153.47.173 - - [28/Oct/2019:09:08:27 +0100] "GET /reload?ser=1572250107367 HTTP/1.1" 200 28 "http://renault.activities.at/login?required=true" "Mozilla/5.0 (Windows NT 10.0; Win64; x64; rv:70.0) Gecko/20100101 Firefox/70.0"
213.153.47.173 - - [28/Oct/2019:09:08:34 +0100] "GET /reload?ser=1572250114317 HTTP/1.1" 200 28 "http://renault.activities.at/login?required=true" "Mozilla/5.0 (Windows NT 10.0; Win64; x64; rv:70.0) Gecko/20100101 Firefox/70.0"
138.21.12.23 - - [28/Oct/2019:09:08:48 +0100] "GET /reload?ser=1572250128415 HTTP/1.1" 200 28 "http://renault.2web.at/account?loadrequest=true" "Mozilla/5.0 (Windows NT 10.0; WOW64; Trident/7.0; Touch; rv:11.0) like Gecko"
89.26.36.153 - - [28/Oct/2019:09:08:56 +0100] "GET /reload?ser=1572250135854 HTTP/1.1" 200 28 "http://renault.activities.at/checkout" "Mozilla/5.0 (Windows NT 6.1; Win64; x64) AppleWebKit/537.36 (KHTML, like Gecko) Chrome/77.0.3865.120 Safari/537.36"
213.153.47.173 - - [28/Oct/2019:09:09:28 +0100] "GET /reload?ser=1572250168020 HTTP/1.1" 200 28 "http://renault.activities.at/login?required=true" "Mozilla/5.0 (Windows NT 10.0; Win64; x64; rv:70.0) Gecko/20100101 Firefox/70.0"
213.153.47.173 - - [28/Oct/2019:09:09:35 +0100] "GET /reload?ser=1572250174988 HTTP/1.1" 200 28 "http://renault.activities.at/login?required=true" "Mozilla/5.0 (Windows NT 10.0; Win64; x64; rv:70.0) Gecko/20100101 Firefox/70.0"
138.21.12.23 - - [28/Oct/2019:09:09:49 +0100] "GET /reload?ser=1572250189471 HTTP/1.1" 200 28 "http://renault.2web.at/account?loadrequest=true" "Mozilla/5.0 (Windows NT 10.0; WOW64; Trident/7.0; Touch; rv:11.0) like Gecko"
89.26.36.153 - - [28/Oct/2019:09:09:57 +0100] "GET /reload?ser=1572250196874 HTTP/1.1" 200 28 "http://renault.activities.at/checkout" "Mozilla/5.0 (Windows NT 6.1; Win64; x64) AppleWebKit/537.36 (KHTML, like Gecko) Chrome/77.0.3865.120 Safari/537.36"
213.153.47.173 - - [28/Oct/2019:09:10:28 +0100] "GET /reload?ser=1572250228679 HTTP/1.1" 200 28 "http://renault.activities.at/login?required=true" "Mozilla/5.0 (Windows NT 10.0; Win64; x64; rv:70.0) Gecko/20100101 Firefox/70.0"
213.153.47.173 - - [28/Oct/2019:09:10:35 +0100] "GET /reload?ser=1572250235648 HTTP/1.1" 200 28 "http://renault.activities.at/login?required=true" "Mozilla/5.0 (Windows NT 10.0; Win64; x64; rv:70.0) Gecko/20100101 Firefox/70.0"
89.26.36.153 - - [28/Oct/2019:09:10:41 +0100] "GET /checkout HTTP/1.1" 200 10303 "http://renault.activities.at/result?searchterm=true&search=service" "Mozilla/5.0 (Windows NT 6.1; Win64; x64) AppleWebKit/537.36 (KHTML, like Gecko) Chrome/77.0.3865.120 Safari/537.36"
138.21.12.23 - - [28/Oct/2019:09:10:50 +0100] "GET /reload?ser=1572250250475 HTTP/1.1" 200 28 "http://renault.2web.at/account?loadrequest=true" "Mozilla/5.0 (Windows NT 10.0; WOW64; Trident/7.0; Touch; rv:11.0) like Gecko"
89.26.36.153 - - [28/Oct/2019:09:11:03 +0100] "GET /cart HTTP/1.1" 200 5327 "http://renault.activities.at/checkout" "Mozilla/5.0 (Windows NT 6.1; Win64; x64) AppleWebKit/537.36 (KHTML, like Gecko) Chrome/77.0.3865.120 Safari/537.36"
89.26.36.153 - - [28/Oct/2019:09:11:05 +0100] "GET /loadthumbnail.php?id=10232009&width=16&height=16 HTTP/1.1" 200 700 "http://renault.activities.at/cart" "Mozilla/5.0 (Windows NT 6.1; Win64; x64) AppleWebKit/537.36 (KHTML, like Gecko) Chrome/77.0.3865.120 Safari/537.36"
89.26.36.153 - - [28/Oct/2019:09:11:05 +0100] "GET /loadthumbnail.php?id=11075492&width=100 HTTP/1.1" 200 2117 "http://renault.activities.at/cart" "Mozilla/5.0 (Windows NT 6.1; Win64; x64) AppleWebKit/537.36 (KHTML, like Gecko) Chrome/77.0.3865.120 Safari/537.36"
89.26.36.153 - - [28/Oct/2019:09:11:05 +0100] "GET /loadthumbnail.php?id=12088443&width=100 HTTP/1.1" 200 5459 "http://renault.activities.at/cart" "Mozilla/5.0 (Windows NT 6.1; Win64; x64) AppleWebKit/537.36 (KHTML, like Gecko) Chrome/77.0.3865.120 Safari/537.36"
89.26.36.153 - - [28/Oct/2019:09:11:05 +0100] "GET /loadthumbnail.php?id=12094749&width=100 HTTP/1.1" 200 11995 "http://renault.activities.at/cart" "Mozilla/5.0 (Windows NT 6.1; Win64; x64) AppleWebKit/537.36 (KHTML, like Gecko) Chrome/77.0.3865.120 Safari/537.36"
89.26.36.153 - - [28/Oct/2019:09:11:17 +0100] "POST /cart HTTP/1.1" 200 5245 "http://renault.activities.at/cart" "Mozilla/5.0 (Windows NT 6.1; Win64; x64) AppleWebKit/537.36 (KHTML, like Gecko) Chrome/77.0.3865.120 Safari/537.36"
89.26.36.153 - - [28/Oct/2019:09:11:24 +0100] "GET /result?searchterm=true&search=service HTTP/1.1" 200 8442 "http://renault.activities.at/cart" "Mozilla/5.0 (Windows NT 6.1; Win64; x64) AppleWebKit/537.36 (KHTML, like Gecko) Chrome/77.0.3865.120 Safari/537.36"
89.26.36.153 - - [28/Oct/2019:09:11:24 +0100] "POST /axjaxrequest?mode=suggest HTTP/1.1" 200 176 "http://renault.activities.at/cart" "Mozilla/5.0 (Windows NT 6.1; Win64; x64) AppleWebKit/537.36 (KHTML, like Gecko) Chrome/77.0.3865.120 Safari/537.36"
213.153.47.173 - - [28/Oct/2019:09:11:29 +0100] "GET /reload?ser=1572250289348 HTTP/1.1" 200 28 "http://renault.activities.at/login?required=true" "Mozilla/5.0 (Windows NT 10.0; Win64; x64; rv:70.0) Gecko/20100101 Firefox/70.0"
213.153.47.173 - - [28/Oct/2019:09:11:36 +0100] "GET /reload?ser=1572250296318 HTTP/1.1" 200 28 "http://renault.activities.at/login?required=true" "Mozilla/5.0 (Windows NT 10.0; Win64; x64; rv:70.0) Gecko/20100101 Firefox/70.0"
138.21.12.23 - - [28/Oct/2019:09:11:51 +0100] "GET /reload?ser=1572250311543 HTTP/1.1" 200 28 "http://renault.2web.at/account?loadrequest=true" "Mozilla/5.0 (Windows NT 10.0; WOW64; Trident/7.0; Touch; rv:11.0) like Gecko"
89.26.36.153 - - [28/Oct/2019:09:11:51 +0100] "POST /result?searchterm=true&search=service HTTP/1.1" 200 8543 "http://renault.activities.at/result?searchterm=true&search=service" "Mozilla/5.0 (Windows NT 6.1; Win64; x64) AppleWebKit/537.36 (KHTML, like Gecko) Chrome/77.0.3865.120 Safari/537.36"
213.153.47.173 - - [28/Oct/2019:09:12:30 +0100] "GET /reload?ser=1572250350029 HTTP/1.1" 200 28 "http://renault.activities.at/login?required=true" "Mozilla/5.0 (Windows NT 10.0; Win64; x64; rv:70.0) Gecko/20100101 Firefox/70.0"
89.26.36.153 - - [28/Oct/2019:09:12:28 +0100] "POST /result?searchterm=true&search=service HTTP/1.1" 200 8544 "http://renault.activities.at/result?searchterm=true&search=service" "Mozilla/5.0 (Windows NT 6.1; Win64; x64) AppleWebKit/537.36 (KHTML, like Gecko) Chrome/77.0.3865.120 Safari/537.36"
213.153.47.173 - - [28/Oct/2019:09:12:37 +0100] "GET /reload?ser=1572250356995 HTTP/1.1" 200 28 "http://renault.activities.at/login?required=true" "Mozilla/5.0 (Windows NT 10.0; Win64; x64; rv:70.0) Gecko/20100101 Firefox/70.0"
138.21.12.23 - - [28/Oct/2019:09:12:52 +0100] "GET /reload?ser=1572250372580 HTTP/1.1" 200 28 "http://renault.2web.at/account?loadrequest=true" "Mozilla/5.0 (Windows NT 10.0; WOW64; Trident/7.0; Touch; rv:11.0) like Gecko"
213.153.47.173 - - [28/Oct/2019:09:13:30 +0100] "GET /reload?ser=1572250410699 HTTP/1.1" 200 28 "http://renault.activities.at/login?required=true" "Mozilla/5.0 (Windows NT 10.0; Win64; x64; rv:70.0) Gecko/20100101 Firefox/70.0"
89.26.36.153 - - [28/Oct/2019:09:13:31 +0100] "GET /reload?ser=1572250411412 HTTP/1.1" 200 28 "http://renault.activities.at/result?searchterm=true&search=service" "Mozilla/5.0 (Windows NT 6.1; Win64; x64) AppleWebKit/537.36 (KHTML, like Gecko) Chrome/77.0.3865.120 Safari/537.36"
213.153.47.173 - - [28/Oct/2019:09:13:37 +0100] "GET /reload?ser=1572250417650 HTTP/1.1" 200 28 "http://renault.activities.at/login?required=true" "Mozilla/5.0 (Windows NT 10.0; Win64; x64; rv:70.0) Gecko/20100101 Firefox/70.0"
138.21.12.23 - - [28/Oct/2019:09:13:53 +0100] "GET /reload?ser=1572250433633 HTTP/1.1" 200 28 "http://renault.2web.at/account?loadrequest=true" "Mozilla/5.0 (Windows NT 10.0; WOW64; Trident/7.0; Touch; rv:11.0) like Gecko"
213.153.47.173 - - [28/Oct/2019:09:14:31 +0100] "GET /reload?ser=1572250471350 HTTP/1.1" 200 28 "http://renault.activities.at/login?required=true" "Mozilla/5.0 (Windows NT 10.0; Win64; x64; rv:70.0) Gecko/20100101 Firefox/70.0"
89.26.36.153 - - [28/Oct/2019:09:14:32 +0100] "GET /reload?ser=1572250472450 HTTP/1.1" 200 28 "http://renault.activities.at/result?searchterm=true&search=service" "Mozilla/5.0 (Windows NT 6.1; Win64; x64) AppleWebKit/537.36 (KHTML, like Gecko) Chrome/77.0.3865.120 Safari/537.36"
213.153.47.173 - - [28/Oct/2019:09:14:38 +0100] "GET /reload?ser=1572250478315 HTTP/1.1" 200 28 "http://renault.activities.at/login?required=true" "Mozilla/5.0 (Windows NT 10.0; Win64; x64; rv:70.0) Gecko/20100101 Firefox/70.0"
138.21.12.23 - - [28/Oct/2019:09:14:54 +0100] "GET /reload?ser=1572250494665 HTTP/1.1" 200 28 "http://renault.2web.at/account?loadrequest=true" "Mozilla/5.0 (Windows NT 10.0; WOW64; Trident/7.0; Touch; rv:11.0) like Gecko"
213.153.47.173 - - [28/Oct/2019:09:15:32 +0100] "GET /reload?ser=1572250532019 HTTP/1.1" 200 28 "http://renault.activities.at/login?required=true" "Mozilla/5.0 (Windows NT 10.0; Win64; x64; rv:70.0) Gecko/20100101 Firefox/70.0"
89.26.36.153 - - [28/Oct/2019:09:15:33 +0100] "GET /reload?ser=1572250533434 HTTP/1.1" 200 28 "http://renault.activities.at/result?searchterm=true&search=service" "Mozilla/5.0 (Windows NT 6.1; Win64; x64) AppleWebKit/537.36 (KHTML, like Gecko) Chrome/77.0.3865.120 Safari/537.36"
213.153.47.173 - - [28/Oct/2019:09:15:39 +0100] "GET /reload?ser=1572250538975 HTTP/1.1" 200 28 "http://renault.activities.at/login?required=true" "Mozilla/5.0 (Windows NT 10.0; Win64; x64; rv:70.0) Gecko/20100101 Firefox/70.0"
138.21.12.23 - - [28/Oct/2019:09:15:55 +0100] "GET /reload?ser=1572250555716 HTTP/1.1" 200 28 "http://renault.2web.at/account?loadrequest=true" "Mozilla/5.0 (Windows NT 10.0; WOW64; Trident/7.0; Touch; rv:11.0) like Gecko"
213.153.47.173 - - [28/Oct/2019:09:16:32 +0100] "GET /reload?ser=1572250592679 HTTP/1.1" 200 28 "http://renault.activities.at/login?required=true" "Mozilla/5.0 (Windows NT 10.0; Win64; x64; rv:70.0) Gecko/20100101 Firefox/70.0"
89.26.36.153 - - [28/Oct/2019:09:16:34 +0100] "GET /reload?ser=1572250594432 HTTP/1.1" 200 28 "http://renault.activities.at/result?searchterm=true&search=service" "Mozilla/5.0 (Windows NT 6.1; Win64; x64) AppleWebKit/537.36 (KHTML, like Gecko) Chrome/77.0.3865.120 Safari/537.36"
213.153.47.173 - - [28/Oct/2019:09:16:39 +0100] "GET /reload?ser=1572250599635 HTTP/1.1" 200 28 "http://renault.activities.at/login?required=true" "Mozilla/5.0 (Windows NT 10.0; Win64; x64; rv:70.0) Gecko/20100101 Firefox/70.0"
138.21.12.23 - - [28/Oct/2019:09:16:56 +0100] "GET /reload?ser=1572250616769 HTTP/1.1" 200 28 "http://renault.2web.at/account?loadrequest=true" "Mozilla/5.0 (Windows NT 10.0; WOW64; Trident/7.0; Touch; rv:11.0) like Gecko"
213.153.47.173 - - [28/Oct/2019:09:17:33 +0100] "GET /reload?ser=1572250653348 HTTP/1.1" 200 28 "http://renault.activities.at/login?required=true" "Mozilla/5.0 (Windows NT 10.0; Win64; x64; rv:70.0) Gecko/20100101 Firefox/70.0"
89.26.36.153 - - [28/Oct/2019:09:17:35 +0100] "GET /reload?ser=1572250655431 HTTP/1.1" 200 28 "http://renault.activities.at/result?searchterm=true&search=service" "Mozilla/5.0 (Windows NT 6.1; Win64; x64) AppleWebKit/537.36 (KHTML, like Gecko) Chrome/77.0.3865.120 Safari/537.36"
213.153.47.173 - - [28/Oct/2019:09:17:40 +0100] "GET /reload?ser=1572250660290 HTTP/1.1" 200 28 "http://renault.activities.at/login?required=true" "Mozilla/5.0 (Windows NT 10.0; Win64; x64; rv:70.0) Gecko/20100101 Firefox/70.0"
138.21.12.23 - - [28/Oct/2019:09:17:57 +0100] "GET /reload?ser=1572250677853 HTTP/1.1" 200 28 "http://renault.2web.at/account?loadrequest=true" "Mozilla/5.0 (Windows NT 10.0; WOW64; Trident/7.0; Touch; rv:11.0) like Gecko"
213.153.47.173 - - [28/Oct/2019:09:18:34 +0100] "GET /reload?ser=1572250714031 HTTP/1.1" 200 28 "http://renault.activities.at/login?required=true" "Mozilla/5.0 (Windows NT 10.0; Win64; x64; rv:70.0) Gecko/20100101 Firefox/70.0"
89.26.36.153 - - [28/Oct/2019:09:18:36 +0100] "GET /reload?ser=1572250716431 HTTP/1.1" 200 28 "http://renault.activities.at/result?searchterm=true&search=service" "Mozilla/5.0 (Windows NT 6.1; Win64; x64) AppleWebKit/537.36 (KHTML, like Gecko) Chrome/77.0.3865.120 Safari/537.36"
213.153.47.173 - - [28/Oct/2019:09:18:41 +0100] "GET /reload?ser=1572250720960 HTTP/1.1" 200 28 "http://renault.activities.at/login?required=true" "Mozilla/5.0 (Windows NT 10.0; Win64; x64; rv:70.0) Gecko/20100101 Firefox/70.0"
138.21.12.23 - - [28/Oct/2019:09:18:59 +0100] "GET /reload?ser=1572250738913 HTTP/1.1" 200 28 "http://renault.2web.at/account?loadrequest=true" "Mozilla/5.0 (Windows NT 10.0; WOW64; Trident/7.0; Touch; rv:11.0) like Gecko"
213.153.47.173 - - [28/Oct/2019:09:19:34 +0100] "GET /reload?ser=1572250774690 HTTP/1.1" 200 28 "http://renault.activities.at/login?required=true" "Mozilla/5.0 (Windows NT 10.0; Win64; x64; rv:70.0) Gecko/20100101 Firefox/70.0"
89.26.36.153 - - [28/Oct/2019:09:19:37 +0100] "GET /reload?ser=1572250777382 HTTP/1.1" 200 28 "http://renault.activities.at/result?searchterm=true&search=service" "Mozilla/5.0 (Windows NT 6.1; Win64; x64) AppleWebKit/537.36 (KHTML, like Gecko) Chrome/77.0.3865.120 Safari/537.36"
