80.123.225.36 - - [29/Oct/2019:14:00:13 +0100] "GET /loadthumbnail.php?id=11181193&width=113 HTTP/1.1" 200 1448 "http://renault.activities.at/result?dir=DESC&mode=grid&order=name&limit=15&page=2&search=zoe" "Mozilla/5.0 (Windows NT 6.1; WOW64; Trident/7.0; rv:11.0) like Gecko"
80.123.225.36 - - [29/Oct/2019:14:00:13 +0100] "GET /loadthumbnail.php?id=11342067&width=113 HTTP/1.1" 200 21913 "http://renault.activities.at/result?dir=DESC&mode=grid&order=name&limit=15&page=2&search=zoe" "Mozilla/5.0 (Windows NT 6.1; WOW64; Trident/7.0; rv:11.0) like Gecko"
80.123.225.36 - - [29/Oct/2019:14:00:20 +0100] "POST /axjaxrequest?mode=suggest HTTP/1.1" 200 161 "http://renault.activities.at/result?dir=DESC&mode=grid&order=name&limit=15&page=2&search=zoe" "Mozilla/5.0 (Windows NT 6.1; WOW64; Trident/7.0; rv:11.0) like Gecko"
80.123.225.36 - - [29/Oct/2019:14:00:21 +0100] "GET /result?searchterm=true&search=neu HTTP/1.1" 200 8265 "http://renault.activities.at/result?dir=DESC&mode=grid&order=name&limit=15&page=2&search=zoe" "Mozilla/5.0 (Windows NT 6.1; WOW64; Trident/7.0; rv:11.0) like Gecko"
80.123.225.36 - - [29/Oct/2019:14:00:25 +0100] "GET /loadthumbnail.php?id=11186518&width=113 HTTP/1.1" 200 1516 "http://renault.activities.at/result?searchterm=true&search=neu" "Mozilla/5.0 (Windows NT 6.1; WOW64; Trident/7.0; rv:11.0) like Gecko"
80.123.225.36 - - [29/Oct/2019:14:00:25 +0100] "GET /loadthumbnail.php?id=11186505&width=113 HTTP/1.1" 200 1516 "http://renault.activities.at/result?searchterm=true&search=neu" "Mozilla/5.0 (Windows NT 6.1; WOW64; Trident/7.0; rv:11.0) like Gecko"
80.123.225.36 - - [29/Oct/2019:14:00:43 +0100] "GET /result?dir=DESC&mode=grid&order=name&limit=15&page=2&search=neu HTTP/1.1" 200 8361 "http://renault.activities.at/result?searchterm=true&search=neu" "Mozilla/5.0 (Windows NT 6.1; WOW64; Trident/7.0; rv:11.0) like Gecko"
80.123.225.36 - - [29/Oct/2019:14:00:47 +0100] "GET /loadthumbnail.php?id=11137061&width=113 HTTP/1.1" 200 2095 "http://renault.activities.at/result?dir=DESC&mode=grid&order=name&limit=15&page=2&search=neu" "Mozilla/5.0 (Windows NT 6.1; WOW64; Trident/7.0; rv:11.0) like Gecko"
80.123.225.36 - - [29/Oct/2019:14:00:47 +0100] "GET /loadthumbnail.php?id=11339768&width=113 HTTP/1.1" 200 2128 "http://renault.activities.at/result?dir=DESC&mode=grid&order=name&limit=15&page=2&search=neu" "Mozilla/5.0 (Windows NT 6.1; WOW64; Trident/7.0; rv:11.0) like Gecko"
80.123.225.36 - - [29/Oct/2019:14:00:47 +0100] "GET /loadthumbnail.php?id=11339764&width=113 HTTP/1.1" 200 2128 "http://renault.activities.at/result?dir=DESC&mode=grid&order=name&limit=15&page=2&search=neu" "Mozilla/5.0 (Windows NT 6.1; WOW64; Trident/7.0; rv:11.0) like Gecko"
80.123.225.36 - - [29/Oct/2019:14:00:47 +0100] "GET /loadthumbnail.php?id=11183285&width=113 HTTP/1.1" 200 1898 "http://renault.activities.at/result?dir=DESC&mode=grid&order=name&limit=15&page=2&search=neu" "Mozilla/5.0 (Windows NT 6.1; WOW64; Trident/7.0; rv:11.0) like Gecko"
80.123.225.36 - - [29/Oct/2019:14:00:47 +0100] "GET /loadthumbnail.php?id=11195908&width=113 HTTP/1.1" 200 1279 "http://renault.activities.at/result?dir=DESC&mode=grid&order=name&limit=15&page=2&search=neu" "Mozilla/5.0 (Windows NT 6.1; WOW64; Trident/7.0; rv:11.0) like Gecko"
80.123.225.36 - - [29/Oct/2019:14:00:47 +0100] "GET /loadthumbnail.php?id=11181207&width=113 HTTP/1.1" 200 1279 "http://renault.activities.at/result?dir=DESC&mode=grid&order=name&limit=15&page=2&search=neu" "Mozilla/5.0 (Windows NT 6.1; WOW64; Trident/7.0; rv:11.0) like Gecko"
80.123.225.36 - - [29/Oct/2019:14:00:47 +0100] "GET /loadthumbnail.php?id=11181201&width=113 HTTP/1.1" 200 1279 "http://renault.activities.at/result?dir=DESC&mode=grid&order=name&limit=15&page=2&search=neu" "Mozilla/5.0 (Windows NT 6.1; WOW64; Trident/7.0; rv:11.0) like Gecko"
80.123.225.36 - - [29/Oct/2019:14:00:47 +0100] "GET /loadthumbnail.php?id=11194725&width=113 HTTP/1.1" 200 1322 "http://renault.activities.at/result?dir=DESC&mode=grid&order=name&limit=15&page=2&search=neu" "Mozilla/5.0 (Windows NT 6.1; WOW64; Trident/7.0; rv:11.0) like Gecko"
80.123.225.36 - - [29/Oct/2019:14:00:47 +0100] "GET /loadthumbnail.php?id=11181227&width=113 HTTP/1.1" 200 1322 "http://renault.activities.at/result?dir=DESC&mode=grid&order=name&limit=15&page=2&search=neu" "Mozilla/5.0 (Windows NT 6.1; WOW64; Trident/7.0; rv:11.0) like Gecko"
80.123.225.36 - - [29/Oct/2019:14:00:47 +0100] "GET /loadthumbnail.php?id=11308367&width=113 HTTP/1.1" 200 1939 "http://renault.activities.at/result?dir=DESC&mode=grid&order=name&limit=15&page=2&search=neu" "Mozilla/5.0 (Windows NT 6.1; WOW64; Trident/7.0; rv:11.0) like Gecko"
80.123.225.36 - - [29/Oct/2019:14:00:47 +0100] "GET /loadthumbnail.php?id=11181225&width=113 HTTP/1.1" 200 1322 "http://renault.activities.at/result?dir=DESC&mode=grid&order=name&limit=15&page=2&search=neu" "Mozilla/5.0 (Windows NT 6.1; WOW64; Trident/7.0; rv:11.0) like Gecko"
80.123.225.36 - - [29/Oct/2019:14:00:47 +0100] "GET /loadthumbnail.php?id=11308371&width=113 HTTP/1.1" 200 1939 "http://renault.activities.at/result?dir=DESC&mode=grid&order=name&limit=15&page=2&search=neu" "Mozilla/5.0 (Windows NT 6.1; WOW64; Trident/7.0; rv:11.0) like Gecko"
80.123.225.36 - - [29/Oct/2019:14:00:47 +0100] "GET /loadthumbnail.php?id=11181199&width=113 HTTP/1.1" 200 1829 "http://renault.activities.at/result?dir=DESC&mode=grid&order=name&limit=15&page=2&search=neu" "Mozilla/5.0 (Windows NT 6.1; WOW64; Trident/7.0; rv:11.0) like Gecko"
80.123.225.36 - - [29/Oct/2019:14:00:47 +0100] "GET /loadthumbnail.php?id=11194700&width=113 HTTP/1.1" 200 1829 "http://renault.activities.at/result?dir=DESC&mode=grid&order=name&limit=15&page=2&search=neu" "Mozilla/5.0 (Windows NT 6.1; WOW64; Trident/7.0; rv:11.0) like Gecko"
193.194.132.22 - - [29/Oct/2019:14:00:49 +0100] "GET /reload?ser=1572354049172 HTTP/1.1" 200 28 "http://renault.2web.at/account?loadrequest=true" "Mozilla/5.0 (Windows NT 10.0; WOW64; Trident/7.0; Touch; rv:11.0) like Gecko"
80.123.225.36 - - [29/Oct/2019:14:00:53 +0100] "GET /css/themes/alphacube/top_mid.gif HTTP/1.1" 200 833 "http://renault.activities.at/result?dir=DESC&mode=grid&order=name&limit=15&page=2&search=neu" "Mozilla/5.0 (Windows NT 6.1; WOW64; Trident/7.0; rv:11.0) like Gecko"
80.123.225.36 - - [29/Oct/2019:14:00:53 +0100] "GET /css/themes/alphacube/frame_left.gif HTTP/1.1" 200 64 "http://renault.activities.at/result?dir=DESC&mode=grid&order=name&limit=15&page=2&search=neu" "Mozilla/5.0 (Windows NT 6.1; WOW64; Trident/7.0; rv:11.0) like Gecko"
80.123.225.36 - - [29/Oct/2019:14:00:53 +0100] "GET /css/themes/alphacube/bottom_middle.gif HTTP/1.1" 200 44 "http://renault.activities.at/result?dir=DESC&mode=grid&order=name&limit=15&page=2&search=neu" "Mozilla/5.0 (Windows NT 6.1; WOW64; Trident/7.0; rv:11.0) like Gecko"
80.123.225.36 - - [29/Oct/2019:14:00:53 +0100] "GET /css/themes/alphacube/frame_right.gif HTTP/1.1" 200 64 "http://renault.activities.at/result?dir=DESC&mode=grid&order=name&limit=15&page=2&search=neu" "Mozilla/5.0 (Windows NT 6.1; WOW64; Trident/7.0; rv:11.0) like Gecko"
80.123.225.36 - - [29/Oct/2019:14:00:53 +0100] "GET /css/themes/alphacube/bottom_right-c.gif HTTP/1.1" 200 62 "http://renault.activities.at/result?dir=DESC&mode=grid&order=name&limit=15&page=2&search=neu" "Mozilla/5.0 (Windows NT 6.1; WOW64; Trident/7.0; rv:11.0) like Gecko"
80.123.225.36 - - [29/Oct/2019:14:00:53 +0100] "GET /css/themes/alphacube/button-close-focus.gif HTTP/1.1" 200 699 "http://renault.activities.at/result?dir=DESC&mode=grid&order=name&limit=15&page=2&search=neu" "Mozilla/5.0 (Windows NT 6.1; WOW64; Trident/7.0; rv:11.0) like Gecko"
80.123.225.36 - - [29/Oct/2019:14:00:53 +0100] "GET /css/themes/alphacube/bottom_left-c.gif HTTP/1.1" 200 62 "http://renault.activities.at/result?dir=DESC&mode=grid&order=name&limit=15&page=2&search=neu" "Mozilla/5.0 (Windows NT 6.1; WOW64; Trident/7.0; rv:11.0) like Gecko"
80.123.225.36 - - [29/Oct/2019:14:00:53 +0100] "GET /css/themes/alphacube/top_right.gif HTTP/1.1" 200 972 "http://renault.activities.at/result?dir=DESC&mode=grid&order=name&limit=15&page=2&search=neu" "Mozilla/5.0 (Windows NT 6.1; WOW64; Trident/7.0; rv:11.0) like Gecko"
80.123.225.36 - - [29/Oct/2019:14:00:53 +0100] "GET /css/themes/alphacube/top_left.gif HTTP/1.1" 200 973 "http://renault.activities.at/result?dir=DESC&mode=grid&order=name&limit=15&page=2&search=neu" "Mozilla/5.0 (Windows NT 6.1; WOW64; Trident/7.0; rv:11.0) like Gecko"
80.123.225.36 - - [29/Oct/2019:14:00:53 +0100] "GET /11136654?print=true HTTP/1.1" 200 2935 "http://renault.activities.at/result?dir=DESC&mode=grid&order=name&limit=15&page=2&search=neu" "Mozilla/5.0 (Windows NT 6.1; WOW64; Trident/7.0; rv:11.0) like Gecko"
80.123.225.36 - - [29/Oct/2019:14:00:56 +0100] "GET /js/magiczoom/magiczoom.css HTTP/1.1" 200 1210 "http://renault.activities.at/11136654?print=true" "Mozilla/5.0 (Windows NT 6.1; WOW64; Trident/7.0; rv:11.0) like Gecko"
80.123.225.36 - - [29/Oct/2019:14:00:56 +0100] "GET /js/Produkt.js HTTP/1.1" 200 852 "http://renault.activities.at/11136654?print=true" "Mozilla/5.0 (Windows NT 6.1; WOW64; Trident/7.0; rv:11.0) like Gecko"
80.123.225.36 - - [29/Oct/2019:14:00:56 +0100] "GET /js/tabs.js HTTP/1.1" 200 519 "http://renault.activities.at/11136654?print=true" "Mozilla/5.0 (Windows NT 6.1; WOW64; Trident/7.0; rv:11.0) like Gecko"
80.123.225.36 - - [29/Oct/2019:14:00:56 +0100] "GET /js/magiczoom/magiczoom.js HTTP/1.1" 200 26397 "http://renault.activities.at/11136654?print=true" "Mozilla/5.0 (Windows NT 6.1; WOW64; Trident/7.0; rv:11.0) like Gecko"
80.123.225.36 - - [29/Oct/2019:14:00:56 +0100] "GET /images/tabs_button_corner_right_top_active.gif HTTP/1.1" 200 136 "http://renault.activities.at/11136654?print=true" "Mozilla/5.0 (Windows NT 6.1; WOW64; Trident/7.0; rv:11.0) like Gecko"
80.123.225.36 - - [29/Oct/2019:14:00:56 +0100] "GET /images/tabs_border.gif HTTP/1.1" 200 43 "http://renault.activities.at/11136654?print=true" "Mozilla/5.0 (Windows NT 6.1; WOW64; Trident/7.0; rv:11.0) like Gecko"
80.123.225.36 - - [29/Oct/2019:14:00:56 +0100] "GET /images/tabs_corner_left_bot.gif HTTP/1.1" 200 98 "http://renault.activities.at/11136654?print=true" "Mozilla/5.0 (Windows NT 6.1; WOW64; Trident/7.0; rv:11.0) like Gecko"
80.123.225.36 - - [29/Oct/2019:14:00:56 +0100] "GET /images/tabs_corner_left_top.gif HTTP/1.1" 200 99 "http://renault.activities.at/11136654?print=true" "Mozilla/5.0 (Windows NT 6.1; WOW64; Trident/7.0; rv:11.0) like Gecko"
80.123.225.36 - - [29/Oct/2019:14:00:56 +0100] "GET /images/tabs_corner_right_top.gif HTTP/1.1" 200 98 "http://renault.activities.at/11136654?print=true" "Mozilla/5.0 (Windows NT 6.1; WOW64; Trident/7.0; rv:11.0) like Gecko"
80.123.225.36 - - [29/Oct/2019:14:00:56 +0100] "GET /loadthumbnail.php?id=11137061&width=250 HTTP/1.1" 200 6003 "http://renault.activities.at/11136654?print=true" "Mozilla/5.0 (Windows NT 6.1; WOW64; Trident/7.0; rv:11.0) like Gecko"
80.123.225.36 - - [29/Oct/2019:14:00:56 +0100] "GET /images/tabs_button_corner_left_top_active.gif HTTP/1.1" 200 138 "http://renault.activities.at/11136654?print=true" "Mozilla/5.0 (Windows NT 6.1; WOW64; Trident/7.0; rv:11.0) like Gecko"
80.123.225.36 - - [29/Oct/2019:14:00:56 +0100] "GET /images/tabs_corner_right_bot.gif HTTP/1.1" 200 99 "http://renault.activities.at/11136654?print=true" "Mozilla/5.0 (Windows NT 6.1; WOW64; Trident/7.0; rv:11.0) like Gecko"
80.123.225.36 - - [29/Oct/2019:14:00:56 +0100] "GET /loadthumbnail.php?id=11137061&width=900&height=900 HTTP/1.1" 200 42008 "http://renault.activities.at/11136654?print=true" "Mozilla/5.0 (Windows NT 6.1; WOW64; Trident/7.0; rv:11.0) like Gecko"
80.123.225.36 - - [29/Oct/2019:14:00:56 +0100] "GET /js/magiczoom/graphics/hint.gif HTTP/1.1" 200 73 "http://renault.activities.at/11136654?print=true" "Mozilla/5.0 (Windows NT 6.1; WOW64; Trident/7.0; rv:11.0) like Gecko"
80.123.225.36 - - [29/Oct/2019:14:01:00 +0100] "GET /null HTTP/1.1" 200 3615 "http://renault.activities.at/result?dir=DESC&mode=grid&order=name&limit=15&page=2&search=neu" "Mozilla/5.0 (Windows NT 6.1; WOW64; Trident/7.0; rv:11.0) like Gecko"
80.123.225.36 - - [29/Oct/2019:14:01:02 +0100] "GET /result?dir=DESC&mode=grid&order=name&limit=15&page=3&search=neu HTTP/1.1" 200 8354 "http://renault.activities.at/result?dir=DESC&mode=grid&order=name&limit=15&page=2&search=neu" "Mozilla/5.0 (Windows NT 6.1; WOW64; Trident/7.0; rv:11.0) like Gecko"
80.123.225.36 - - [29/Oct/2019:14:01:05 +0100] "GET /loadthumbnail.php?id=11181197&width=113 HTTP/1.1" 200 1829 "http://renault.activities.at/result?dir=DESC&mode=grid&order=name&limit=15&page=3&search=neu" "Mozilla/5.0 (Windows NT 6.1; WOW64; Trident/7.0; rv:11.0) like Gecko"
80.123.225.36 - - [29/Oct/2019:14:01:05 +0100] "GET /loadthumbnail.php?id=11195851&width=113 HTTP/1.1" 200 1156 "http://renault.activities.at/result?dir=DESC&mode=grid&order=name&limit=15&page=3&search=neu" "Mozilla/5.0 (Windows NT 6.1; WOW64; Trident/7.0; rv:11.0) like Gecko"
80.123.225.36 - - [29/Oct/2019:14:01:05 +0100] "GET /loadthumbnail.php?id=11186469&width=113 HTTP/1.1" 200 1278 "http://renault.activities.at/result?dir=DESC&mode=grid&order=name&limit=15&page=3&search=neu" "Mozilla/5.0 (Windows NT 6.1; WOW64; Trident/7.0; rv:11.0) like Gecko"
80.123.225.36 - - [29/Oct/2019:14:01:05 +0100] "GET /loadthumbnail.php?id=11181237&width=113 HTTP/1.1" 200 1156 "http://renault.activities.at/result?dir=DESC&mode=grid&order=name&limit=15&page=3&search=neu" "Mozilla/5.0 (Windows NT 6.1; WOW64; Trident/7.0; rv:11.0) like Gecko"
80.123.225.36 - - [29/Oct/2019:14:01:05 +0100] "GET /loadthumbnail.php?id=11194717&width=113 HTTP/1.1" 200 1278 "http://renault.activities.at/result?dir=DESC&mode=grid&order=name&limit=15&page=3&search=neu" "Mozilla/5.0 (Windows NT 6.1; WOW64; Trident/7.0; rv:11.0) like Gecko"
80.123.225.36 - - [29/Oct/2019:14:01:05 +0100] "GET /loadthumbnail.php?id=11186457&width=113 HTTP/1.1" 200 1278 "http://renault.activities.at/result?dir=DESC&mode=grid&order=name&limit=15&page=3&search=neu" "Mozilla/5.0 (Windows NT 6.1; WOW64; Trident/7.0; rv:11.0) like Gecko"
80.123.225.36 - - [29/Oct/2019:14:01:05 +0100] "GET /loadthumbnail.php?id=11181235&width=113 HTTP/1.1" 200 1156 "http://renault.activities.at/result?dir=DESC&mode=grid&order=name&limit=15&page=3&search=neu" "Mozilla/5.0 (Windows NT 6.1; WOW64; Trident/7.0; rv:11.0) like Gecko"
80.123.225.36 - - [29/Oct/2019:14:01:05 +0100] "GET /loadthumbnail.php?id=11186495&width=113 HTTP/1.1" 200 1974 "http://renault.activities.at/result?dir=DESC&mode=grid&order=name&limit=15&page=3&search=neu" "Mozilla/5.0 (Windows NT 6.1; WOW64; Trident/7.0; rv:11.0) like Gecko"
80.123.225.36 - - [29/Oct/2019:14:01:05 +0100] "GET /loadthumbnail.php?id=11186483&width=113 HTTP/1.1" 200 1974 "http://renault.activities.at/result?dir=DESC&mode=grid&order=name&limit=15&page=3&search=neu" "Mozilla/5.0 (Windows NT 6.1; WOW64; Trident/7.0; rv:11.0) like Gecko"
80.123.225.36 - - [29/Oct/2019:14:01:05 +0100] "GET /loadthumbnail.php?id=11181233&width=113 HTTP/1.1" 200 1353 "http://renault.activities.at/result?dir=DESC&mode=grid&order=name&limit=15&page=3&search=neu" "Mozilla/5.0 (Windows NT 6.1; WOW64; Trident/7.0; rv:11.0) like Gecko"
80.123.225.36 - - [29/Oct/2019:14:01:05 +0100] "GET /loadthumbnail.php?id=11194732&width=113 HTTP/1.1" 200 1353 "http://renault.activities.at/result?dir=DESC&mode=grid&order=name&limit=15&page=3&search=neu" "Mozilla/5.0 (Windows NT 6.1; WOW64; Trident/7.0; rv:11.0) like Gecko"
80.123.225.36 - - [29/Oct/2019:14:01:05 +0100] "GET /loadthumbnail.php?id=11181230&width=113 HTTP/1.1" 200 1353 "http://renault.activities.at/result?dir=DESC&mode=grid&order=name&limit=15&page=3&search=neu" "Mozilla/5.0 (Windows NT 6.1; WOW64; Trident/7.0; rv:11.0) like Gecko"
80.123.225.36 - - [29/Oct/2019:14:01:05 +0100] "GET /loadthumbnail.php?id=12094699&width=113 HTTP/1.1" 200 1921 "http://renault.activities.at/result?dir=DESC&mode=grid&order=name&limit=15&page=3&search=neu" "Mozilla/5.0 (Windows NT 6.1; WOW64; Trident/7.0; rv:11.0) like Gecko"
80.123.225.36 - - [29/Oct/2019:14:01:10 +0100] "GET /result?dir=DESC&mode=grid&order=name&limit=15&page=4&search=neu HTTP/1.1" 200 8351 "http://renault.activities.at/result?dir=DESC&mode=grid&order=name&limit=15&page=3&search=neu" "Mozilla/5.0 (Windows NT 6.1; WOW64; Trident/7.0; rv:11.0) like Gecko"
80.123.225.36 - - [29/Oct/2019:14:01:13 +0100] "GET /loadthumbnail.php?id=12094698&width=113 HTTP/1.1" 200 1921 "http://renault.activities.at/result?dir=DESC&mode=grid&order=name&limit=15&page=4&search=neu" "Mozilla/5.0 (Windows NT 6.1; WOW64; Trident/7.0; rv:11.0) like Gecko"
80.123.225.36 - - [29/Oct/2019:14:01:13 +0100] "GET /loadthumbnail.php?id=11194713&width=113 HTTP/1.1" 200 1171 "http://renault.activities.at/result?dir=DESC&mode=grid&order=name&limit=15&page=4&search=neu" "Mozilla/5.0 (Windows NT 6.1; WOW64; Trident/7.0; rv:11.0) like Gecko"
80.123.225.36 - - [29/Oct/2019:14:01:13 +0100] "GET /loadthumbnail.php?id=11181221&width=113 HTTP/1.1" 200 1171 "http://renault.activities.at/result?dir=DESC&mode=grid&order=name&limit=15&page=4&search=neu" "Mozilla/5.0 (Windows NT 6.1; WOW64; Trident/7.0; rv:11.0) like Gecko"
80.123.225.36 - - [29/Oct/2019:14:01:13 +0100] "GET /loadthumbnail.php?id=11181223&width=113 HTTP/1.1" 200 1171 "http://renault.activities.at/result?dir=DESC&mode=grid&order=name&limit=15&page=4&search=neu" "Mozilla/5.0 (Windows NT 6.1; WOW64; Trident/7.0; rv:11.0) like Gecko"
80.123.225.36 - - [29/Oct/2019:14:01:13 +0100] "GET /loadthumbnail.php?id=11555218&width=113 HTTP/1.1" 200 2237 "http://renault.activities.at/result?dir=DESC&mode=grid&order=name&limit=15&page=4&search=neu" "Mozilla/5.0 (Windows NT 6.1; WOW64; Trident/7.0; rv:11.0) like Gecko"
80.123.225.36 - - [29/Oct/2019:14:01:13 +0100] "GET /loadthumbnail.php?id=11555219&width=113 HTTP/1.1" 200 2237 "http://renault.activities.at/result?dir=DESC&mode=grid&order=name&limit=15&page=4&search=neu" "Mozilla/5.0 (Windows NT 6.1; WOW64; Trident/7.0; rv:11.0) like Gecko"
80.123.225.36 - - [29/Oct/2019:14:01:13 +0100] "GET /loadthumbnail.php?id=11181176&width=113 HTTP/1.1" 200 1860 "http://renault.activities.at/result?dir=DESC&mode=grid&order=name&limit=15&page=4&search=neu" "Mozilla/5.0 (Windows NT 6.1; WOW64; Trident/7.0; rv:11.0) like Gecko"
80.123.225.36 - - [29/Oct/2019:14:01:13 +0100] "GET /loadthumbnail.php?id=11181174&width=113 HTTP/1.1" 200 1860 "http://renault.activities.at/result?dir=DESC&mode=grid&order=name&limit=15&page=4&search=neu" "Mozilla/5.0 (Windows NT 6.1; WOW64; Trident/7.0; rv:11.0) like Gecko"
80.123.225.36 - - [29/Oct/2019:14:01:13 +0100] "GET /loadthumbnail.php?id=11722649&width=113 HTTP/1.1" 200 1687 "http://renault.activities.at/result?dir=DESC&mode=grid&order=name&limit=15&page=4&search=neu" "Mozilla/5.0 (Windows NT 6.1; WOW64; Trident/7.0; rv:11.0) like Gecko"
80.123.225.36 - - [29/Oct/2019:14:01:15 +0100] "GET /action HTTP/1.1" 200 3918 "http://renault.activities.at/result?dir=DESC&mode=grid&order=name&limit=15&page=4&search=neu" "Mozilla/5.0 (Windows NT 6.1; WOW64; Trident/7.0; rv:11.0) like Gecko"
80.123.225.36 - - [29/Oct/2019:14:01:17 +0100] "GET /images/note_msg_icon.gif HTTP/1.1" 200 1022 "http://renault.activities.at/action" "Mozilla/5.0 (Windows NT 6.1; WOW64; Trident/7.0; rv:11.0) like Gecko"
80.123.225.36 - - [29/Oct/2019:14:01:19 +0100] "GET /10201442 HTTP/1.1" 200 8600 "http://renault.activities.at/action" "Mozilla/5.0 (Windows NT 6.1; WOW64; Trident/7.0; rv:11.0) like Gecko"
80.123.225.36 - - [29/Oct/2019:14:01:22 +0100] "GET /loadthumbnail.php?id=11926648&width=113 HTTP/1.1" 200 35142 "http://renault.activities.at/10201442" "Mozilla/5.0 (Windows NT 6.1; WOW64; Trident/7.0; rv:11.0) like Gecko"
80.123.225.36 - - [29/Oct/2019:14:01:22 +0100] "GET /loadthumbnail.php?id=12061270&width=113 HTTP/1.1" 200 5531 "http://renault.activities.at/10201442" "Mozilla/5.0 (Windows NT 6.1; WOW64; Trident/7.0; rv:11.0) like Gecko"
80.123.225.36 - - [29/Oct/2019:14:01:22 +0100] "GET /loadthumbnail.php?id=11926557&width=113 HTTP/1.1" 200 36925 "http://renault.activities.at/10201442" "Mozilla/5.0 (Windows NT 6.1; WOW64; Trident/7.0; rv:11.0) like Gecko"
80.123.225.36 - - [29/Oct/2019:14:01:22 +0100] "GET /loadthumbnail.php?id=11926581&width=113 HTTP/1.1" 200 35255 "http://renault.activities.at/10201442" "Mozilla/5.0 (Windows NT 6.1; WOW64; Trident/7.0; rv:11.0) like Gecko"
80.123.225.36 - - [29/Oct/2019:14:01:23 +0100] "GET /images/sub_title_bg.jpg HTTP/1.1" 200 314 "http://renault.activities.at/10201442" "Mozilla/5.0 (Windows NT 6.1; WOW64; Trident/7.0; rv:11.0) like Gecko"
80.123.225.36 - - [29/Oct/2019:14:01:22 +0100] "GET /loadthumbnail.php?id=11926666&width=113 HTTP/1.1" 200 36655 "http://renault.activities.at/10201442" "Mozilla/5.0 (Windows NT 6.1; WOW64; Trident/7.0; rv:11.0) like Gecko"
80.123.225.36 - - [29/Oct/2019:14:01:22 +0100] "GET /loadthumbnail.php?id=11926585&width=113 HTTP/1.1" 200 37549 "http://renault.activities.at/10201442" "Mozilla/5.0 (Windows NT 6.1; WOW64; Trident/7.0; rv:11.0) like Gecko"
80.123.225.36 - - [29/Oct/2019:14:01:23 +0100] "GET /loadthumbnail.php?id=11926644&width=113 HTTP/1.1" 200 35735 "http://renault.activities.at/10201442" "Mozilla/5.0 (Windows NT 6.1; WOW64; Trident/7.0; rv:11.0) like Gecko"
80.123.225.36 - - [29/Oct/2019:14:01:23 +0100] "GET /loadthumbnail.php?id=11926679&width=113 HTTP/1.1" 200 33362 "http://renault.activities.at/10201442" "Mozilla/5.0 (Windows NT 6.1; WOW64; Trident/7.0; rv:11.0) like Gecko"
80.123.225.36 - - [29/Oct/2019:14:01:23 +0100] "GET /loadthumbnail.php?id=11926591&width=113 HTTP/1.1" 200 34469 "http://renault.activities.at/10201442" "Mozilla/5.0 (Windows NT 6.1; WOW64; Trident/7.0; rv:11.0) like Gecko"
80.123.225.36 - - [29/Oct/2019:14:01:23 +0100] "GET /loadthumbnail.php?id=11926552&width=113 HTTP/1.1" 200 35098 "http://renault.activities.at/10201442" "Mozilla/5.0 (Windows NT 6.1; WOW64; Trident/7.0; rv:11.0) like Gecko"
80.123.225.36 - - [29/Oct/2019:14:01:23 +0100] "GET /loadthumbnail.php?id=12049947&width=113 HTTP/1.1" 200 34656 "http://renault.activities.at/10201442" "Mozilla/5.0 (Windows NT 6.1; WOW64; Trident/7.0; rv:11.0) like Gecko"
80.123.225.36 - - [29/Oct/2019:14:01:23 +0100] "GET /loadthumbnail.php?id=11926595&width=113 HTTP/1.1" 200 34271 "http://renault.activities.at/10201442" "Mozilla/5.0 (Windows NT 6.1; WOW64; Trident/7.0; rv:11.0) like Gecko"
80.123.225.36 - - [29/Oct/2019:14:01:23 +0100] "GET /loadthumbnail.php?id=11926640&width=113 HTTP/1.1" 200 36074 "http://renault.activities.at/10201442" "Mozilla/5.0 (Windows NT 6.1; WOW64; Trident/7.0; rv:11.0) like Gecko"
80.123.225.36 - - [29/Oct/2019:14:01:23 +0100] "GET /loadthumbnail.php?id=12104297&width=113 HTTP/1.1" 200 6598 "http://renault.activities.at/10201442" "Mozilla/5.0 (Windows NT 6.1; WOW64; Trident/7.0; rv:11.0) like Gecko"
193.194.132.22 - - [29/Oct/2019:14:01:50 +0100] "GET /reload?ser=1572354110211 HTTP/1.1" 200 28 "http://renault.2web.at/account?loadrequest=true" "Mozilla/5.0 (Windows NT 10.0; WOW64; Trident/7.0; Touch; rv:11.0) like Gecko"
80.123.225.36 - - [29/Oct/2019:14:02:01 +0100] "GET /10260302 HTTP/1.1" 200 4796 "http://renault.activities.at/10201442" "Mozilla/5.0 (Windows NT 6.1; WOW64; Trident/7.0; rv:11.0) like Gecko"
80.123.225.36 - - [29/Oct/2019:14:02:07 +0100] "GET / HTTP/1.1" 200 6145 "http://renault.activities.at/10260302" "Mozilla/5.0 (Windows NT 6.1; WOW64; Trident/7.0; rv:11.0) like Gecko"
193.194.132.22 - - [29/Oct/2019:14:02:51 +0100] "GET /reload?ser=1572354171262 HTTP/1.1" 200 28 "http://renault.2web.at/account?loadrequest=true" "Mozilla/5.0 (Windows NT 10.0; WOW64; Trident/7.0; Touch; rv:11.0) like Gecko"
80.123.225.36 - - [29/Oct/2019:14:02:54 +0100] "GET / HTTP/1.1" 200 6145 "http://renault.activities.at/" "Mozilla/5.0 (Windows NT 6.1; WOW64; Trident/7.0; rv:11.0) like Gecko"
193.194.132.22 - - [29/Oct/2019:14:03:52 +0100] "GET /reload?ser=1572354232275 HTTP/1.1" 200 28 "http://renault.2web.at/account?loadrequest=true" "Mozilla/5.0 (Windows NT 10.0; WOW64; Trident/7.0; Touch; rv:11.0) like Gecko"
80.123.225.36 - - [29/Oct/2019:14:03:56 +0100] "GET /reload?ser=1572354236632 HTTP/1.1" 200 28 "http://renault.activities.at/" "Mozilla/5.0 (Windows NT 6.1; WOW64; Trident/7.0; rv:11.0) like Gecko"
193.194.132.22 - - [29/Oct/2019:14:04:53 +0100] "GET /reload?ser=1572354293308 HTTP/1.1" 200 28 "http://renault.2web.at/account?loadrequest=true" "Mozilla/5.0 (Windows NT 10.0; WOW64; Trident/7.0; Touch; rv:11.0) like Gecko"
80.123.225.36 - - [29/Oct/2019:14:04:57 +0100] "GET /reload?ser=1572354297563 HTTP/1.1" 200 28 "http://renault.activities.at/" "Mozilla/5.0 (Windows NT 6.1; WOW64; Trident/7.0; rv:11.0) like Gecko"
193.194.132.22 - - [29/Oct/2019:14:05:54 +0100] "GET /reload?ser=1572354354352 HTTP/1.1" 200 28 "http://renault.2web.at/account?loadrequest=true" "Mozilla/5.0 (Windows NT 10.0; WOW64; Trident/7.0; Touch; rv:11.0) like Gecko"
80.123.225.36 - - [29/Oct/2019:14:05:58 +0100] "GET /reload?ser=1572354358517 HTTP/1.1" 200 28 "http://renault.activities.at/" "Mozilla/5.0 (Windows NT 6.1; WOW64; Trident/7.0; rv:11.0) like Gecko"
193.194.132.22 - - [29/Oct/2019:14:06:55 +0100] "GET /reload?ser=1572354415444 HTTP/1.1" 200 28 "http://renault.2web.at/account?loadrequest=true" "Mozilla/5.0 (Windows NT 10.0; WOW64; Trident/7.0; Touch; rv:11.0) like Gecko"
80.123.225.36 - - [29/Oct/2019:14:06:59 +0100] "GET /reload?ser=1572354419472 HTTP/1.1" 200 28 "http://renault.activities.at/" "Mozilla/5.0 (Windows NT 6.1; WOW64; Trident/7.0; rv:11.0) like Gecko"
193.194.132.22 - - [29/Oct/2019:14:07:56 +0100] "GET /reload?ser=1572354476482 HTTP/1.1" 200 28 "http://renault.2web.at/account?loadrequest=true" "Mozilla/5.0 (Windows NT 10.0; WOW64; Trident/7.0; Touch; rv:11.0) like Gecko"
80.123.225.36 - - [29/Oct/2019:14:08:00 +0100] "GET /reload?ser=1572354480434 HTTP/1.1" 200 28 "http://renault.activities.at/" "Mozilla/5.0 (Windows NT 6.1; WOW64; Trident/7.0; rv:11.0) like Gecko"
193.194.132.22 - - [29/Oct/2019:14:08:57 +0100] "GET /reload?ser=1572354537563 HTTP/1.1" 200 28 "http://renault.2web.at/account?loadrequest=true" "Mozilla/5.0 (Windows NT 10.0; WOW64; Trident/7.0; Touch; rv:11.0) like Gecko"
80.123.225.36 - - [29/Oct/2019:14:09:01 +0100] "GET /reload?ser=1572354541405 HTTP/1.1" 200 28 "http://renault.activities.at/" "Mozilla/5.0 (Windows NT 6.1; WOW64; Trident/7.0; rv:11.0) like Gecko"
193.194.132.22 - - [29/Oct/2019:14:09:58 +0100] "GET /reload?ser=1572354598690 HTTP/1.1" 200 28 "http://renault.2web.at/account?loadrequest=true" "Mozilla/5.0 (Windows NT 10.0; WOW64; Trident/7.0; Touch; rv:11.0) like Gecko"
80.123.225.36 - - [29/Oct/2019:14:10:02 +0100] "GET /reload?ser=1572354602367 HTTP/1.1" 200 28 "http://renault.activities.at/" "Mozilla/5.0 (Windows NT 6.1; WOW64; Trident/7.0; rv:11.0) like Gecko"
193.194.132.22 - - [29/Oct/2019:14:10:59 +0100] "GET /reload?ser=1572354659734 HTTP/1.1" 200 28 "http://renault.2web.at/account?loadrequest=true" "Mozilla/5.0 (Windows NT 10.0; WOW64; Trident/7.0; Touch; rv:11.0) like Gecko"
80.123.225.36 - - [29/Oct/2019:14:11:03 +0100] "GET /reload?ser=1572354663321 HTTP/1.1" 200 28 "http://renault.activities.at/" "Mozilla/5.0 (Windows NT 6.1; WOW64; Trident/7.0; rv:11.0) like Gecko"
193.194.132.22 - - [29/Oct/2019:14:12:01 +0100] "GET /reload?ser=1572354720811 HTTP/1.1" 200 28 "http://renault.2web.at/account?loadrequest=true" "Mozilla/5.0 (Windows NT 10.0; WOW64; Trident/7.0; Touch; rv:11.0) like Gecko"
80.123.225.36 - - [29/Oct/2019:14:12:04 +0100] "GET /reload?ser=1572354724270 HTTP/1.1" 200 28 "http://renault.activities.at/" "Mozilla/5.0 (Windows NT 6.1; WOW64; Trident/7.0; rv:11.0) like Gecko"
193.194.132.22 - - [29/Oct/2019:14:13:02 +0100] "GET /reload?ser=1572354781854 HTTP/1.1" 200 28 "http://renault.2web.at/account?loadrequest=true" "Mozilla/5.0 (Windows NT 10.0; WOW64; Trident/7.0; Touch; rv:11.0) like Gecko"
80.123.225.36 - - [29/Oct/2019:14:13:05 +0100] "GET /reload?ser=1572354785189 HTTP/1.1" 200 28 "http://renault.activities.at/" "Mozilla/5.0 (Windows NT 6.1; WOW64; Trident/7.0; rv:11.0) like Gecko"
81.189.133.90 - - [29/Oct/2019:14:13:22 +0100] "GET /login HTTP/1.1" 200 2085 "-" "Mozilla/5.0 (Windows NT 10.0; WOW64; Trident/7.0; rv:11.0) like Gecko"
81.189.133.90 - - [29/Oct/2019:14:13:22 +0100] "GET /css/reset.css HTTP/1.1" 200 1356 "http://renault.activities.at/login" "Mozilla/5.0 (Windows NT 10.0; WOW64; Trident/7.0; rv:11.0) like Gecko"
81.189.133.90 - - [29/Oct/2019:14:13:22 +0100] "GET /css/clears.css HTTP/1.1" 200 851 "http://renault.activities.at/login" "Mozilla/5.0 (Windows NT 10.0; WOW64; Trident/7.0; rv:11.0) like Gecko"
81.189.133.90 - - [29/Oct/2019:14:13:22 +0100] "GET /js/default.js HTTP/1.1" 200 14698 "http://renault.activities.at/login" "Mozilla/5.0 (Windows NT 10.0; WOW64; Trident/7.0; rv:11.0) like Gecko"
81.189.133.90 - - [29/Oct/2019:14:13:22 +0100] "GET /css/styles.css HTTP/1.1" 200 14664 "http://renault.activities.at/login" "Mozilla/5.0 (Windows NT 10.0; WOW64; Trident/7.0; rv:11.0) like Gecko"
81.189.133.90 - - [29/Oct/2019:14:13:22 +0100] "GET /css/print.css HTTP/1.1" 200 543 "http://renault.activities.at/login" "Mozilla/5.0 (Windows NT 10.0; WOW64; Trident/7.0; rv:11.0) like Gecko"
81.189.133.90 - - [29/Oct/2019:14:13:22 +0100] "GET /js/checkout.css HTTP/1.1" 200 359 "http://renault.activities.at/login" "Mozilla/5.0 (Windows NT 10.0; WOW64; Trident/7.0; rv:11.0) like Gecko"
81.189.133.90 - - [29/Oct/2019:14:13:23 +0100] "GET /css/prototip.css HTTP/1.1" 200 968 "http://renault.activities.at/login" "Mozilla/5.0 (Windows NT 10.0; WOW64; Trident/7.0; rv:11.0) like Gecko"
81.189.133.90 - - [29/Oct/2019:14:13:23 +0100] "GET /css/themes/default.css HTTP/1.1" 200 769 "http://renault.activities.at/login" "Mozilla/5.0 (Windows NT 10.0; WOW64; Trident/7.0; rv:11.0) like Gecko"
81.189.133.90 - - [29/Oct/2019:14:13:23 +0100] "GET /css/themes/alphacube.css HTTP/1.1" 200 743 "http://renault.activities.at/login" "Mozilla/5.0 (Windows NT 10.0; WOW64; Trident/7.0; rv:11.0) like Gecko"
81.189.133.90 - - [29/Oct/2019:14:13:22 +0100] "GET /js/index.php?c=auto&f=,prototype/prototype.js,prototype/validation.js,scriptaculous/builder.js,scriptaculous/effects.js,scriptaculous/dragdrop.js,scriptaculous/controls.js,scriptaculous/slider.js,varien/js.js,varien/form.js,varien/menu.js,mage/translate.js,mage/cookies.js,varien/product.js,spinner/SpinnerControl.jsmin.js,prototype/window.js,prototype/window_ext.js HTTP/1.1" 200 94182 "http://renault.activities.at/login" "Mozilla/5.0 (Windows NT 10.0; WOW64; Trident/7.0; rv:11.0) like Gecko"
81.189.133.90 - - [29/Oct/2019:14:13:23 +0100] "GET /images/main_block_border.gif HTTP/1.1" 200 43 "http://renault.activities.at/login" "Mozilla/5.0 (Windows NT 10.0; WOW64; Trident/7.0; rv:11.0) like Gecko"
81.189.133.90 - - [29/Oct/2019:14:13:23 +0100] "GET /images/main_block_corner_right_top.gif HTTP/1.1" 200 159 "http://renault.activities.at/login" "Mozilla/5.0 (Windows NT 10.0; WOW64; Trident/7.0; rv:11.0) like Gecko"
81.189.133.90 - - [29/Oct/2019:14:13:23 +0100] "GET /images/main_block_corner_left_top.gif HTTP/1.1" 200 159 "http://renault.activities.at/login" "Mozilla/5.0 (Windows NT 10.0; WOW64; Trident/7.0; rv:11.0) like Gecko"
81.189.133.90 - - [29/Oct/2019:14:13:23 +0100] "GET /images/main_block_corner_right_bot.gif HTTP/1.1" 200 158 "http://renault.activities.at/login" "Mozilla/5.0 (Windows NT 10.0; WOW64; Trident/7.0; rv:11.0) like Gecko"
81.189.133.90 - - [29/Oct/2019:14:13:23 +0100] "GET /images/main_block_corner_left_bot.gif HTTP/1.1" 200 159 "http://renault.activities.at/login" "Mozilla/5.0 (Windows NT 10.0; WOW64; Trident/7.0; rv:11.0) like Gecko"
81.189.133.90 - - [29/Oct/2019:14:13:23 +0100] "GET /images/header_block_border.gif HTTP/1.1" 200 43 "http://renault.activities.at/login" "Mozilla/5.0 (Windows NT 10.0; WOW64; Trident/7.0; rv:11.0) like Gecko"
81.189.133.90 - - [29/Oct/2019:14:13:23 +0100] "GET /images/header_block_corner_left_top.gif HTTP/1.1" 200 160 "http://renault.activities.at/login" "Mozilla/5.0 (Windows NT 10.0; WOW64; Trident/7.0; rv:11.0) like Gecko"
81.189.133.90 - - [29/Oct/2019:14:13:23 +0100] "GET /images/title_corner_left_top.jpg HTTP/1.1" 200 372 "http://renault.activities.at/login" "Mozilla/5.0 (Windows NT 10.0; WOW64; Trident/7.0; rv:11.0) like Gecko"
81.189.133.90 - - [29/Oct/2019:14:13:23 +0100] "GET /images/title_corner_right_top.jpg HTTP/1.1" 200 389 "http://renault.activities.at/login" "Mozilla/5.0 (Windows NT 10.0; WOW64; Trident/7.0; rv:11.0) like Gecko"
81.189.133.90 - - [29/Oct/2019:14:13:23 +0100] "GET /images/button_left_bg.gif HTTP/1.1" 200 564 "http://renault.activities.at/login" "Mozilla/5.0 (Windows NT 10.0; WOW64; Trident/7.0; rv:11.0) like Gecko"
81.189.133.90 - - [29/Oct/2019:14:13:23 +0100] "GET /images/title_border_top.jpg HTTP/1.1" 200 336 "http://renault.activities.at/login" "Mozilla/5.0 (Windows NT 10.0; WOW64; Trident/7.0; rv:11.0) like Gecko"
81.189.133.90 - - [29/Oct/2019:14:13:23 +0100] "GET /images/title_border.jpg HTTP/1.1" 200 304 "http://renault.activities.at/login" "Mozilla/5.0 (Windows NT 10.0; WOW64; Trident/7.0; rv:11.0) like Gecko"
81.189.133.90 - - [29/Oct/2019:14:13:23 +0100] "GET /images/button_right_bg.gif HTTP/1.1" 200 561 "http://renault.activities.at/login" "Mozilla/5.0 (Windows NT 10.0; WOW64; Trident/7.0; rv:11.0) like Gecko"
81.189.133.90 - - [29/Oct/2019:14:13:23 +0100] "GET /images/header_block_corner_right_top.gif HTTP/1.1" 200 160 "http://renault.activities.at/login" "Mozilla/5.0 (Windows NT 10.0; WOW64; Trident/7.0; rv:11.0) like Gecko"
81.189.133.90 - - [29/Oct/2019:14:13:23 +0100] "GET /images/button_bg.gif HTTP/1.1" 200 151 "http://renault.activities.at/login" "Mozilla/5.0 (Windows NT 10.0; WOW64; Trident/7.0; rv:11.0) like Gecko"
81.189.133.90 - - [29/Oct/2019:14:13:23 +0100] "GET /loadthumbnail.php?id=11127982 HTTP/1.1" 200 399614 "http://renault.activities.at/login" "Mozilla/5.0 (Windows NT 10.0; WOW64; Trident/7.0; rv:11.0) like Gecko"
81.189.133.90 - - [29/Oct/2019:14:13:24 +0100] "GET /images/favicon.ico HTTP/1.1" 404 305 "-" "Mozilla/5.0 (Windows NT 10.0; Win64; x64; Trident/7.0; rv:11.0) like Gecko"
81.189.133.90 - - [29/Oct/2019:14:13:24 +0100] "GET /favicon.ico HTTP/1.1" 200 3250 "-" "Mozilla/5.0 (Windows NT 10.0; Win64; x64; Trident/7.0; rv:11.0) like Gecko"
193.194.132.22 - - [29/Oct/2019:14:14:03 +0100] "GET /reload?ser=1572354842887 HTTP/1.1" 200 28 "http://renault.2web.at/account?loadrequest=true" "Mozilla/5.0 (Windows NT 10.0; WOW64; Trident/7.0; Touch; rv:11.0) like Gecko"
80.123.225.36 - - [29/Oct/2019:14:14:06 +0100] "GET /reload?ser=1572354846143 HTTP/1.1" 200 28 "http://renault.activities.at/" "Mozilla/5.0 (Windows NT 6.1; WOW64; Trident/7.0; rv:11.0) like Gecko"
193.194.132.22 - - [29/Oct/2019:14:15:04 +0100] "GET /reload?ser=1572354903942 HTTP/1.1" 200 28 "http://renault.2web.at/account?loadrequest=true" "Mozilla/5.0 (Windows NT 10.0; WOW64; Trident/7.0; Touch; rv:11.0) like Gecko"
80.123.225.36 - - [29/Oct/2019:14:15:07 +0100] "GET /reload?ser=1572354907189 HTTP/1.1" 200 28 "http://renault.activities.at/" "Mozilla/5.0 (Windows NT 6.1; WOW64; Trident/7.0; rv:11.0) like Gecko"
193.194.132.22 - - [29/Oct/2019:14:16:05 +0100] "GET /reload?ser=1572354964982 HTTP/1.1" 200 28 "http://renault.2web.at/account?loadrequest=true" "Mozilla/5.0 (Windows NT 10.0; WOW64; Trident/7.0; Touch; rv:11.0) like Gecko"
80.123.225.36 - - [29/Oct/2019:14:16:08 +0100] "GET /reload?ser=1572354968150 HTTP/1.1" 200 28 "http://renault.activities.at/" "Mozilla/5.0 (Windows NT 6.1; WOW64; Trident/7.0; rv:11.0) like Gecko"
193.194.132.22 - - [29/Oct/2019:14:17:06 +0100] "GET /reload?ser=1572355026021 HTTP/1.1" 200 28 "http://renault.2web.at/account?loadrequest=true" "Mozilla/5.0 (Windows NT 10.0; WOW64; Trident/7.0; Touch; rv:11.0) like Gecko"
80.123.225.36 - - [29/Oct/2019:14:17:09 +0100] "GET /reload?ser=1572355029106 HTTP/1.1" 200 28 "http://renault.activities.at/" "Mozilla/5.0 (Windows NT 6.1; WOW64; Trident/7.0; rv:11.0) like Gecko"
193.194.132.22 - - [29/Oct/2019:14:18:07 +0100] "GET /reload?ser=1572355087057 HTTP/1.1" 200 28 "http://renault.2web.at/account?loadrequest=true" "Mozilla/5.0 (Windows NT 10.0; WOW64; Trident/7.0; Touch; rv:11.0) like Gecko"
80.123.225.36 - - [29/Oct/2019:14:18:10 +0100] "GET /reload?ser=1572355090062 HTTP/1.1" 200 28 "http://renault.activities.at/" "Mozilla/5.0 (Windows NT 6.1; WOW64; Trident/7.0; rv:11.0) like Gecko"
193.194.132.22 - - [29/Oct/2019:14:19:08 +0100] "GET /reload?ser=1572355148110 HTTP/1.1" 200 28 "http://renault.2web.at/account?loadrequest=true" "Mozilla/5.0 (Windows NT 10.0; WOW64; Trident/7.0; Touch; rv:11.0) like Gecko"
80.123.225.36 - - [29/Oct/2019:14:19:11 +0100] "GET /reload?ser=1572355151075 HTTP/1.1" 200 28 "http://renault.activities.at/" "Mozilla/5.0 (Windows NT 6.1; WOW64; Trident/7.0; rv:11.0) like Gecko"
193.194.132.22 - - [29/Oct/2019:14:20:09 +0100] "GET /reload?ser=1572355209171 HTTP/1.1" 200 28 "http://renault.2web.at/account?loadrequest=true" "Mozilla/5.0 (Windows NT 10.0; WOW64; Trident/7.0; Touch; rv:11.0) like Gecko"
80.123.225.36 - - [29/Oct/2019:14:20:12 +0100] "GET /reload?ser=1572355212085 HTTP/1.1" 200 28 "http://renault.activities.at/" "Mozilla/5.0 (Windows NT 6.1; WOW64; Trident/7.0; rv:11.0) like Gecko"
193.194.132.22 - - [29/Oct/2019:14:21:10 +0100] "GET /reload?ser=1572355270277 HTTP/1.1" 200 28 "http://renault.2web.at/account?loadrequest=true" "Mozilla/5.0 (Windows NT 10.0; WOW64; Trident/7.0; Touch; rv:11.0) like Gecko"
80.123.225.36 - - [29/Oct/2019:14:21:13 +0100] "GET /reload?ser=1572355273049 HTTP/1.1" 200 28 "http://renault.activities.at/" "Mozilla/5.0 (Windows NT 6.1; WOW64; Trident/7.0; rv:11.0) like Gecko"
193.194.132.22 - - [29/Oct/2019:14:22:11 +0100] "GET /reload?ser=1572355331331 HTTP/1.1" 200 28 "http://renault.2web.at/account?loadrequest=true" "Mozilla/5.0 (Windows NT 10.0; WOW64; Trident/7.0; Touch; rv:11.0) like Gecko"
80.123.225.36 - - [29/Oct/2019:14:22:14 +0100] "GET /reload?ser=1572355334004 HTTP/1.1" 200 28 "http://renault.activities.at/" "Mozilla/5.0 (Windows NT 6.1; WOW64; Trident/7.0; rv:11.0) like Gecko"
193.194.132.22 - - [29/Oct/2019:14:23:12 +0100] "GET /reload?ser=1572355392354 HTTP/1.1" 200 28 "http://renault.2web.at/account?loadrequest=true" "Mozilla/5.0 (Windows NT 10.0; WOW64; Trident/7.0; Touch; rv:11.0) like Gecko"
80.123.225.36 - - [29/Oct/2019:14:23:15 +0100] "GET /reload?ser=1572355394976 HTTP/1.1" 200 28 "http://renault.activities.at/" "Mozilla/5.0 (Windows NT 6.1; WOW64; Trident/7.0; rv:11.0) like Gecko"
193.194.132.22 - - [29/Oct/2019:14:24:13 +0100] "GET /reload?ser=1572355453363 HTTP/1.1" 200 28 "http://renault.2web.at/account?loadrequest=true" "Mozilla/5.0 (Windows NT 10.0; WOW64; Trident/7.0; Touch; rv:11.0) like Gecko"
193.194.132.22 - - [29/Oct/2019:14:25:14 +0100] "GET /reload?ser=1572355514401 HTTP/1.1" 200 28 "http://renault.2web.at/account?loadrequest=true" "Mozilla/5.0 (Windows NT 10.0; WOW64; Trident/7.0; Touch; rv:11.0) like Gecko"
213.153.47.173 - - [29/Oct/2019:14:25:52 +0100] "GET /account HTTP/1.1" 302 150 "-" "Mozilla/5.0 (Windows NT 10.0; Win64; x64; rv:70.0) Gecko/20100101 Firefox/70.0"
213.153.47.173 - - [29/Oct/2019:14:25:52 +0100] "GET /login?required=true HTTP/1.1" 200 2085 "-" "Mozilla/5.0 (Windows NT 10.0; Win64; x64; rv:70.0) Gecko/20100101 Firefox/70.0"
213.153.47.173 - - [29/Oct/2019:14:25:53 +0100] "GET /css/print.css HTTP/1.1" 200 543 "http://renault.activities.at/login?required=true" "Mozilla/5.0 (Windows NT 10.0; Win64; x64; rv:70.0) Gecko/20100101 Firefox/70.0"
213.153.47.173 - - [29/Oct/2019:14:25:53 +0100] "GET /css/clears.css HTTP/1.1" 200 851 "http://renault.activities.at/login?required=true" "Mozilla/5.0 (Windows NT 10.0; Win64; x64; rv:70.0) Gecko/20100101 Firefox/70.0"
213.153.47.173 - - [29/Oct/2019:14:25:53 +0100] "GET /css/reset.css HTTP/1.1" 200 1356 "http://renault.activities.at/login?required=true" "Mozilla/5.0 (Windows NT 10.0; Win64; x64; rv:70.0) Gecko/20100101 Firefox/70.0"
213.153.47.173 - - [29/Oct/2019:14:25:53 +0100] "GET /css/styles.css HTTP/1.1" 200 14664 "http://renault.activities.at/login?required=true" "Mozilla/5.0 (Windows NT 10.0; Win64; x64; rv:70.0) Gecko/20100101 Firefox/70.0"
213.153.47.173 - - [29/Oct/2019:14:25:53 +0100] "GET /js/default.js HTTP/1.1" 200 14698 "http://renault.activities.at/login?required=true" "Mozilla/5.0 (Windows NT 10.0; Win64; x64; rv:70.0) Gecko/20100101 Firefox/70.0"
213.153.47.173 - - [29/Oct/2019:14:25:53 +0100] "GET /js/checkout.css HTTP/1.1" 200 359 "http://renault.activities.at/login?required=true" "Mozilla/5.0 (Windows NT 10.0; Win64; x64; rv:70.0) Gecko/20100101 Firefox/70.0"
213.153.47.173 - - [29/Oct/2019:14:25:53 +0100] "GET /css/prototip.css HTTP/1.1" 200 968 "http://renault.activities.at/login?required=true" "Mozilla/5.0 (Windows NT 10.0; Win64; x64; rv:70.0) Gecko/20100101 Firefox/70.0"
213.153.47.173 - - [29/Oct/2019:14:25:53 +0100] "GET /css/themes/default.css HTTP/1.1" 200 769 "http://renault.activities.at/login?required=true" "Mozilla/5.0 (Windows NT 10.0; Win64; x64; rv:70.0) Gecko/20100101 Firefox/70.0"
213.153.47.173 - - [29/Oct/2019:14:25:53 +0100] "GET /css/themes/alphacube.css HTTP/1.1" 200 743 "http://renault.activities.at/login?required=true" "Mozilla/5.0 (Windows NT 10.0; Win64; x64; rv:70.0) Gecko/20100101 Firefox/70.0"
213.153.47.173 - - [29/Oct/2019:14:25:53 +0100] "GET /js/index.php?c=auto&f=,prototype/prototype.js,prototype/validation.js,scriptaculous/builder.js,scriptaculous/effects.js,scriptaculous/dragdrop.js,scriptaculous/controls.js,scriptaculous/slider.js,varien/js.js,varien/form.js,varien/menu.js,mage/translate.js,mage/cookies.js,varien/product.js,spinner/SpinnerControl.jsmin.js,prototype/window.js,prototype/window_ext.js HTTP/1.1" 200 94182 "http://renault.activities.at/login?required=true" "Mozilla/5.0 (Windows NT 10.0; Win64; x64; rv:70.0) Gecko/20100101 Firefox/70.0"
213.153.47.173 - - [29/Oct/2019:14:25:54 +0100] "GET /images/main_block_border.gif HTTP/1.1" 200 43 "http://renault.activities.at/css/styles.css" "Mozilla/5.0 (Windows NT 10.0; Win64; x64; rv:70.0) Gecko/20100101 Firefox/70.0"
213.153.47.173 - - [29/Oct/2019:14:25:54 +0100] "GET /images/main_block_corner_left_bot.gif HTTP/1.1" 200 159 "http://renault.activities.at/css/styles.css" "Mozilla/5.0 (Windows NT 10.0; Win64; x64; rv:70.0) Gecko/20100101 Firefox/70.0"
213.153.47.173 - - [29/Oct/2019:14:25:54 +0100] "GET /images/main_block_corner_right_bot.gif HTTP/1.1" 200 158 "http://renault.activities.at/css/styles.css" "Mozilla/5.0 (Windows NT 10.0; Win64; x64; rv:70.0) Gecko/20100101 Firefox/70.0"
213.153.47.173 - - [29/Oct/2019:14:25:54 +0100] "GET /images/header_block_border.gif HTTP/1.1" 200 43 "http://renault.activities.at/css/styles.css" "Mozilla/5.0 (Windows NT 10.0; Win64; x64; rv:70.0) Gecko/20100101 Firefox/70.0"
213.153.47.173 - - [29/Oct/2019:14:25:54 +0100] "GET /images/header_block_corner_left_top.gif HTTP/1.1" 200 160 "http://renault.activities.at/css/styles.css" "Mozilla/5.0 (Windows NT 10.0; Win64; x64; rv:70.0) Gecko/20100101 Firefox/70.0"
213.153.47.173 - - [29/Oct/2019:14:25:54 +0100] "GET /images/header_block_corner_right_top.gif HTTP/1.1" 200 160 "http://renault.activities.at/css/styles.css" "Mozilla/5.0 (Windows NT 10.0; Win64; x64; rv:70.0) Gecko/20100101 Firefox/70.0"
213.153.47.173 - - [29/Oct/2019:14:25:54 +0100] "GET /images/main_block_corner_left_top.gif HTTP/1.1" 200 159 "http://renault.activities.at/css/styles.css" "Mozilla/5.0 (Windows NT 10.0; Win64; x64; rv:70.0) Gecko/20100101 Firefox/70.0"
213.153.47.173 - - [29/Oct/2019:14:25:54 +0100] "GET /images/main_block_corner_right_top.gif HTTP/1.1" 200 159 "http://renault.activities.at/css/styles.css" "Mozilla/5.0 (Windows NT 10.0; Win64; x64; rv:70.0) Gecko/20100101 Firefox/70.0"
213.153.47.173 - - [29/Oct/2019:14:25:54 +0100] "GET /images/title_border.jpg HTTP/1.1" 200 304 "http://renault.activities.at/css/styles.css" "Mozilla/5.0 (Windows NT 10.0; Win64; x64; rv:70.0) Gecko/20100101 Firefox/70.0"
213.153.47.173 - - [29/Oct/2019:14:25:54 +0100] "GET /images/title_border_top.jpg HTTP/1.1" 200 336 "http://renault.activities.at/css/styles.css" "Mozilla/5.0 (Windows NT 10.0; Win64; x64; rv:70.0) Gecko/20100101 Firefox/70.0"
213.153.47.173 - - [29/Oct/2019:14:25:54 +0100] "GET /images/title_corner_left_top.jpg HTTP/1.1" 200 372 "http://renault.activities.at/css/styles.css" "Mozilla/5.0 (Windows NT 10.0; Win64; x64; rv:70.0) Gecko/20100101 Firefox/70.0"
213.153.47.173 - - [29/Oct/2019:14:25:54 +0100] "GET /images/title_corner_right_top.jpg HTTP/1.1" 200 389 "http://renault.activities.at/css/styles.css" "Mozilla/5.0 (Windows NT 10.0; Win64; x64; rv:70.0) Gecko/20100101 Firefox/70.0"
213.153.47.173 - - [29/Oct/2019:14:25:54 +0100] "GET /images/button_left_bg.gif HTTP/1.1" 200 564 "http://renault.activities.at/css/styles.css" "Mozilla/5.0 (Windows NT 10.0; Win64; x64; rv:70.0) Gecko/20100101 Firefox/70.0"
213.153.47.173 - - [29/Oct/2019:14:25:54 +0100] "GET /images/button_right_bg.gif HTTP/1.1" 200 561 "http://renault.activities.at/css/styles.css" "Mozilla/5.0 (Windows NT 10.0; Win64; x64; rv:70.0) Gecko/20100101 Firefox/70.0"
213.153.47.173 - - [29/Oct/2019:14:25:54 +0100] "GET /images/button_bg.gif HTTP/1.1" 200 151 "http://renault.activities.at/css/styles.css" "Mozilla/5.0 (Windows NT 10.0; Win64; x64; rv:70.0) Gecko/20100101 Firefox/70.0"
213.153.47.173 - - [29/Oct/2019:14:25:54 +0100] "GET /images/favicon.ico HTTP/1.1" 404 305 "-" "Mozilla/5.0 (Windows NT 10.0; Win64; x64; rv:70.0) Gecko/20100101 Firefox/70.0"
213.153.47.173 - - [29/Oct/2019:14:25:54 +0100] "GET /loadthumbnail.php?id=11127982 HTTP/1.1" 200 399614 "http://renault.activities.at/login?required=true" "Mozilla/5.0 (Windows NT 10.0; Win64; x64; rv:70.0) Gecko/20100101 Firefox/70.0"
193.194.132.22 - - [29/Oct/2019:14:26:15 +0100] "GET /reload?ser=1572355575441 HTTP/1.1" 200 28 "http://renault.2web.at/account?loadrequest=true" "Mozilla/5.0 (Windows NT 10.0; WOW64; Trident/7.0; Touch; rv:11.0) like Gecko"
213.153.47.173 - - [29/Oct/2019:14:26:54 +0100] "GET /reload?ser=1572355614707 HTTP/1.1" 200 28 "http://renault.activities.at/login?required=true" "Mozilla/5.0 (Windows NT 10.0; Win64; x64; rv:70.0) Gecko/20100101 Firefox/70.0"
193.194.132.22 - - [29/Oct/2019:14:27:16 +0100] "GET /reload?ser=1572355636496 HTTP/1.1" 200 28 "http://renault.2web.at/account?loadrequest=true" "Mozilla/5.0 (Windows NT 10.0; WOW64; Trident/7.0; Touch; rv:11.0) like Gecko"
213.153.47.173 - - [29/Oct/2019:14:27:55 +0100] "GET /reload?ser=1572355675378 HTTP/1.1" 200 28 "http://renault.activities.at/login?required=true" "Mozilla/5.0 (Windows NT 10.0; Win64; x64; rv:70.0) Gecko/20100101 Firefox/70.0"
193.194.132.22 - - [29/Oct/2019:14:28:17 +0100] "GET /reload?ser=1572355697553 HTTP/1.1" 200 28 "http://renault.2web.at/account?loadrequest=true" "Mozilla/5.0 (Windows NT 10.0; WOW64; Trident/7.0; Touch; rv:11.0) like Gecko"
213.153.47.173 - - [29/Oct/2019:14:28:56 +0100] "GET /reload?ser=1572355736035 HTTP/1.1" 200 28 "http://renault.activities.at/login?required=true" "Mozilla/5.0 (Windows NT 10.0; Win64; x64; rv:70.0) Gecko/20100101 Firefox/70.0"
193.194.132.22 - - [29/Oct/2019:14:29:18 +0100] "GET /reload?ser=1572355758670 HTTP/1.1" 200 28 "http://renault.2web.at/account?loadrequest=true" "Mozilla/5.0 (Windows NT 10.0; WOW64; Trident/7.0; Touch; rv:11.0) like Gecko"
213.153.47.173 - - [29/Oct/2019:14:29:56 +0100] "GET /reload?ser=1572355796691 HTTP/1.1" 200 28 "http://renault.activities.at/login?required=true" "Mozilla/5.0 (Windows NT 10.0; Win64; x64; rv:70.0) Gecko/20100101 Firefox/70.0"
213.153.47.173 - - [29/Oct/2019:14:30:57 +0100] "GET /reload?ser=1572355857347 HTTP/1.1" 200 28 "http://renault.activities.at/login?required=true" "Mozilla/5.0 (Windows NT 10.0; Win64; x64; rv:70.0) Gecko/20100101 Firefox/70.0"
213.153.47.173 - - [29/Oct/2019:14:31:58 +0100] "GET /reload?ser=1572355918019 HTTP/1.1" 200 28 "http://renault.activities.at/login?required=true" "Mozilla/5.0 (Windows NT 10.0; Win64; x64; rv:70.0) Gecko/20100101 Firefox/70.0"
80.120.148.242 - - [29/Oct/2019:14:32:49 +0100] "GET / HTTP/1.1" 200 3380 "-" "Mozilla/5.0 (Windows NT 10.0; Win64; x64) AppleWebKit/537.36 (KHTML, like Gecko) Chrome/78.0.3904.70 Safari/537.36"
80.120.148.242 - - [29/Oct/2019:14:32:50 +0100] "GET /js/default.js HTTP/1.1" 200 14698 "http://renault.activities.at/" "Mozilla/5.0 (Windows NT 10.0; Win64; x64) AppleWebKit/537.36 (KHTML, like Gecko) Chrome/78.0.3904.70 Safari/537.36"
80.120.148.242 - - [29/Oct/2019:14:32:50 +0100] "GET /js/index.php?c=auto&f=,prototype/prototype.js,prototype/validation.js,scriptaculous/builder.js,scriptaculous/effects.js,scriptaculous/dragdrop.js,scriptaculous/controls.js,scriptaculous/slider.js,varien/js.js,varien/form.js,varien/menu.js,mage/translate.js,mage/cookies.js,varien/product.js,spinner/SpinnerControl.jsmin.js,prototype/window.js,prototype/window_ext.js HTTP/1.1" 200 94182 "http://renault.activities.at/" "Mozilla/5.0 (Windows NT 10.0; Win64; x64) AppleWebKit/537.36 (KHTML, like Gecko) Chrome/78.0.3904.70 Safari/537.36"
80.120.148.242 - - [29/Oct/2019:14:32:50 +0100] "GET /images/main_block_border.gif HTTP/1.1" 200 43 "http://renault.activities.at/css/styles.css" "Mozilla/5.0 (Windows NT 10.0; Win64; x64) AppleWebKit/537.36 (KHTML, like Gecko) Chrome/78.0.3904.70 Safari/537.36"
80.120.148.242 - - [29/Oct/2019:14:32:50 +0100] "GET /images/main_block_corner_left_bot.gif HTTP/1.1" 200 159 "http://renault.activities.at/css/styles.css" "Mozilla/5.0 (Windows NT 10.0; Win64; x64) AppleWebKit/537.36 (KHTML, like Gecko) Chrome/78.0.3904.70 Safari/537.36"
80.120.148.242 - - [29/Oct/2019:14:32:50 +0100] "GET /images/main_block_corner_right_bot.gif HTTP/1.1" 200 158 "http://renault.activities.at/css/styles.css" "Mozilla/5.0 (Windows NT 10.0; Win64; x64) AppleWebKit/537.36 (KHTML, like Gecko) Chrome/78.0.3904.70 Safari/537.36"
