213.153.47.173 - - [14/Nov/2019:15:46:37 +0100] "GET /images/favicon.ico HTTP/1.1" 404 305 "-" "Mozilla/5.0 (Windows NT 10.0; Win64; x64; rv:70.0) Gecko/20100101 Firefox/70.0"
213.153.47.173 - - [14/Nov/2019:15:46:37 +0100] "GET /loadthumbnail.php?id=11127982 HTTP/1.1" 200 399614 "http://renault.activities.at/login?required=true" "Mozilla/5.0 (Windows NT 10.0; Win64; x64; rv:70.0) Gecko/20100101 Firefox/70.0"
80.80.251.48 - - [14/Nov/2019:15:46:37 +0100] "GET /reload?ser=1573742797366 HTTP/1.1" 200 28 "http://renault.activities.at/10201442" "Mozilla/5.0 (Windows NT 10.0; Win64; x64) AppleWebKit/537.36 (KHTML, like Gecko) Chrome/64.0.3282.140 Safari/537.36 Edge/17.17134"
212.186.238.50 - - [14/Nov/2019:15:46:41 +0100] "POST /axjaxrequest?mode=suggest HTTP/1.1" 200 298 "http://renault.activities.at/" "Mozilla/5.0 (Windows NT 10.0; Win64; x64; rv:70.0) Gecko/20100101 Firefox/70.0"
212.186.238.50 - - [14/Nov/2019:15:46:42 +0100] "POST /axjaxrequest?mode=suggest HTTP/1.1" 200 123 "http://renault.activities.at/" "Mozilla/5.0 (Windows NT 10.0; Win64; x64; rv:70.0) Gecko/20100101 Firefox/70.0"
212.186.238.50 - - [14/Nov/2019:15:46:46 +0100] "GET /result?searchterm=true&search=Kennzeichenblenden HTTP/1.1" 200 8676 "http://renault.activities.at/" "Mozilla/5.0 (Windows NT 10.0; Win64; x64; rv:70.0) Gecko/20100101 Firefox/70.0"
212.186.238.50 - - [14/Nov/2019:15:46:49 +0100] "GET /css/reset.css HTTP/1.1" 200 1356 "http://renault.activities.at/result?searchterm=true&search=Kennzeichenblenden" "Mozilla/5.0 (Windows NT 10.0; Win64; x64; rv:70.0) Gecko/20100101 Firefox/70.0"
212.186.238.50 - - [14/Nov/2019:15:46:49 +0100] "GET /css/clears.css HTTP/1.1" 200 851 "http://renault.activities.at/result?searchterm=true&search=Kennzeichenblenden" "Mozilla/5.0 (Windows NT 10.0; Win64; x64; rv:70.0) Gecko/20100101 Firefox/70.0"
212.186.238.50 - - [14/Nov/2019:15:46:49 +0100] "GET /css/print.css HTTP/1.1" 200 543 "http://renault.activities.at/result?searchterm=true&search=Kennzeichenblenden" "Mozilla/5.0 (Windows NT 10.0; Win64; x64; rv:70.0) Gecko/20100101 Firefox/70.0"
212.186.238.50 - - [14/Nov/2019:15:46:49 +0100] "GET /js/checkout.css HTTP/1.1" 200 359 "http://renault.activities.at/result?searchterm=true&search=Kennzeichenblenden" "Mozilla/5.0 (Windows NT 10.0; Win64; x64; rv:70.0) Gecko/20100101 Firefox/70.0"
212.186.238.50 - - [14/Nov/2019:15:46:49 +0100] "GET /css/styles.css HTTP/1.1" 200 14664 "http://renault.activities.at/result?searchterm=true&search=Kennzeichenblenden" "Mozilla/5.0 (Windows NT 10.0; Win64; x64; rv:70.0) Gecko/20100101 Firefox/70.0"
212.186.238.50 - - [14/Nov/2019:15:46:49 +0100] "GET /css/prototip.css HTTP/1.1" 200 968 "http://renault.activities.at/result?searchterm=true&search=Kennzeichenblenden" "Mozilla/5.0 (Windows NT 10.0; Win64; x64; rv:70.0) Gecko/20100101 Firefox/70.0"
212.186.238.50 - - [14/Nov/2019:15:46:49 +0100] "GET /css/themes/default.css HTTP/1.1" 200 769 "http://renault.activities.at/result?searchterm=true&search=Kennzeichenblenden" "Mozilla/5.0 (Windows NT 10.0; Win64; x64; rv:70.0) Gecko/20100101 Firefox/70.0"
212.186.238.50 - - [14/Nov/2019:15:46:49 +0100] "GET /css/themes/alphacube.css HTTP/1.1" 200 743 "http://renault.activities.at/result?searchterm=true&search=Kennzeichenblenden" "Mozilla/5.0 (Windows NT 10.0; Win64; x64; rv:70.0) Gecko/20100101 Firefox/70.0"
212.186.238.50 - - [14/Nov/2019:15:46:49 +0100] "GET /loadthumbnail.php?id=10203255 HTTP/1.1" 200 137 "http://renault.activities.at/result?searchterm=true&search=Kennzeichenblenden" "Mozilla/5.0 (Windows NT 10.0; Win64; x64; rv:70.0) Gecko/20100101 Firefox/70.0"
212.186.238.50 - - [14/Nov/2019:15:46:49 +0100] "GET /loadthumbnail.php?id=10203276 HTTP/1.1" 200 75 "http://renault.activities.at/result?searchterm=true&search=Kennzeichenblenden" "Mozilla/5.0 (Windows NT 10.0; Win64; x64; rv:70.0) Gecko/20100101 Firefox/70.0"
212.186.238.50 - - [14/Nov/2019:15:46:49 +0100] "GET /loadthumbnail.php?id=11036127&width=113 HTTP/1.1" 200 1099 "http://renault.activities.at/result?searchterm=true&search=Kennzeichenblenden" "Mozilla/5.0 (Windows NT 10.0; Win64; x64; rv:70.0) Gecko/20100101 Firefox/70.0"
212.186.238.50 - - [14/Nov/2019:15:46:49 +0100] "GET /images/pager_bg.gif HTTP/1.1" 200 150 "http://renault.activities.at/css/styles.css" "Mozilla/5.0 (Windows NT 10.0; Win64; x64; rv:70.0) Gecko/20100101 Firefox/70.0"
212.186.238.50 - - [14/Nov/2019:15:46:49 +0100] "GET /loadthumbnail.php?id=10260910&width=113 HTTP/1.1" 200 3135 "http://renault.activities.at/result?searchterm=true&search=Kennzeichenblenden" "Mozilla/5.0 (Windows NT 10.0; Win64; x64; rv:70.0) Gecko/20100101 Firefox/70.0"
212.186.238.50 - - [14/Nov/2019:15:46:49 +0100] "GET /loadthumbnail.php?id=10261230&width=113 HTTP/1.1" 200 1170 "http://renault.activities.at/result?searchterm=true&search=Kennzeichenblenden" "Mozilla/5.0 (Windows NT 10.0; Win64; x64; rv:70.0) Gecko/20100101 Firefox/70.0"
212.186.238.50 - - [14/Nov/2019:15:46:49 +0100] "GET /loadthumbnail.php?id=10260877&width=113 HTTP/1.1" 200 1170 "http://renault.activities.at/result?searchterm=true&search=Kennzeichenblenden" "Mozilla/5.0 (Windows NT 10.0; Win64; x64; rv:70.0) Gecko/20100101 Firefox/70.0"
212.186.238.50 - - [14/Nov/2019:15:46:49 +0100] "GET /loadthumbnail.php?id=11036339&width=113 HTTP/1.1" 200 1330 "http://renault.activities.at/result?searchterm=true&search=Kennzeichenblenden" "Mozilla/5.0 (Windows NT 10.0; Win64; x64; rv:70.0) Gecko/20100101 Firefox/70.0"
212.186.238.50 - - [14/Nov/2019:15:46:49 +0100] "GET /loadthumbnail.php?id=10260863&width=113 HTTP/1.1" 200 1170 "http://renault.activities.at/result?searchterm=true&search=Kennzeichenblenden" "Mozilla/5.0 (Windows NT 10.0; Win64; x64; rv:70.0) Gecko/20100101 Firefox/70.0"
212.186.238.50 - - [14/Nov/2019:15:46:49 +0100] "GET /loadthumbnail.php?id=10203650&width=113 HTTP/1.1" 200 2741 "http://renault.activities.at/result?searchterm=true&search=Kennzeichenblenden" "Mozilla/5.0 (Windows NT 10.0; Win64; x64; rv:70.0) Gecko/20100101 Firefox/70.0"
212.186.238.50 - - [14/Nov/2019:15:46:49 +0100] "GET /loadthumbnail.php?id=10260861&width=113 HTTP/1.1" 200 1170 "http://renault.activities.at/result?searchterm=true&search=Kennzeichenblenden" "Mozilla/5.0 (Windows NT 10.0; Win64; x64; rv:70.0) Gecko/20100101 Firefox/70.0"
212.186.238.50 - - [14/Nov/2019:15:46:49 +0100] "GET /loadthumbnail.php?id=11036124&width=113 HTTP/1.1" 200 1328 "http://renault.activities.at/result?searchterm=true&search=Kennzeichenblenden" "Mozilla/5.0 (Windows NT 10.0; Win64; x64; rv:70.0) Gecko/20100101 Firefox/70.0"
212.186.238.50 - - [14/Nov/2019:15:46:49 +0100] "GET /loadthumbnail.php?id=11885850&width=113 HTTP/1.1" 200 1552 "http://renault.activities.at/result?searchterm=true&search=Kennzeichenblenden" "Mozilla/5.0 (Windows NT 10.0; Win64; x64; rv:70.0) Gecko/20100101 Firefox/70.0"
212.186.238.50 - - [14/Nov/2019:15:46:49 +0100] "GET /loadthumbnail.php?id=10260875&width=113 HTTP/1.1" 200 1170 "http://renault.activities.at/result?searchterm=true&search=Kennzeichenblenden" "Mozilla/5.0 (Windows NT 10.0; Win64; x64; rv:70.0) Gecko/20100101 Firefox/70.0"
212.186.238.50 - - [14/Nov/2019:15:46:49 +0100] "GET /loadthumbnail.php?id=11885851&width=113 HTTP/1.1" 200 1576 "http://renault.activities.at/result?searchterm=true&search=Kennzeichenblenden" "Mozilla/5.0 (Windows NT 10.0; Win64; x64; rv:70.0) Gecko/20100101 Firefox/70.0"
212.186.238.50 - - [14/Nov/2019:15:46:49 +0100] "GET /loadthumbnail.php?id=10915652&width=113 HTTP/1.1" 200 1387 "http://renault.activities.at/result?searchterm=true&search=Kennzeichenblenden" "Mozilla/5.0 (Windows NT 10.0; Win64; x64; rv:70.0) Gecko/20100101 Firefox/70.0"
212.186.238.50 - - [14/Nov/2019:15:46:49 +0100] "GET /loadthumbnail.php?id=10919466&width=113 HTTP/1.1" 200 1477 "http://renault.activities.at/result?searchterm=true&search=Kennzeichenblenden" "Mozilla/5.0 (Windows NT 10.0; Win64; x64; rv:70.0) Gecko/20100101 Firefox/70.0"
212.186.238.50 - - [14/Nov/2019:15:46:51 +0100] "GET /images/vista-dn-hover.gif HTTP/1.1" 200 127 "http://renault.activities.at/css/styles.css" "Mozilla/5.0 (Windows NT 10.0; Win64; x64; rv:70.0) Gecko/20100101 Firefox/70.0"
185.22.23.252 - - [14/Nov/2019:15:46:59 +0100] "GET /reload?ser=1573742819659 HTTP/1.1" 200 28 "http://renault.activities.at/" "Mozilla/5.0 (Windows NT 6.3; WOW64; Trident/7.0; rv:11.0) like Gecko"
212.186.238.50 - - [14/Nov/2019:15:46:59 +0100] "GET /result?dir=DESC&mode=grid&order=name&limit=15&page=2&search=Kennzeichenblenden HTTP/1.1" 200 6949 "http://renault.activities.at/result?searchterm=true&search=Kennzeichenblenden" "Mozilla/5.0 (Windows NT 10.0; Win64; x64; rv:70.0) Gecko/20100101 Firefox/70.0"
212.186.238.50 - - [14/Nov/2019:15:47:01 +0100] "GET /css/reset.css HTTP/1.1" 200 1356 "http://renault.activities.at/result?dir=DESC&mode=grid&order=name&limit=15&page=2&search=Kennzeichenblenden" "Mozilla/5.0 (Windows NT 10.0; Win64; x64; rv:70.0) Gecko/20100101 Firefox/70.0"
212.186.238.50 - - [14/Nov/2019:15:47:01 +0100] "GET /css/clears.css HTTP/1.1" 200 851 "http://renault.activities.at/result?dir=DESC&mode=grid&order=name&limit=15&page=2&search=Kennzeichenblenden" "Mozilla/5.0 (Windows NT 10.0; Win64; x64; rv:70.0) Gecko/20100101 Firefox/70.0"
212.186.238.50 - - [14/Nov/2019:15:47:01 +0100] "GET /css/styles.css HTTP/1.1" 200 14664 "http://renault.activities.at/result?dir=DESC&mode=grid&order=name&limit=15&page=2&search=Kennzeichenblenden" "Mozilla/5.0 (Windows NT 10.0; Win64; x64; rv:70.0) Gecko/20100101 Firefox/70.0"
212.186.238.50 - - [14/Nov/2019:15:47:01 +0100] "GET /css/print.css HTTP/1.1" 200 543 "http://renault.activities.at/result?dir=DESC&mode=grid&order=name&limit=15&page=2&search=Kennzeichenblenden" "Mozilla/5.0 (Windows NT 10.0; Win64; x64; rv:70.0) Gecko/20100101 Firefox/70.0"
212.186.238.50 - - [14/Nov/2019:15:47:01 +0100] "GET /css/prototip.css HTTP/1.1" 200 968 "http://renault.activities.at/result?dir=DESC&mode=grid&order=name&limit=15&page=2&search=Kennzeichenblenden" "Mozilla/5.0 (Windows NT 10.0; Win64; x64; rv:70.0) Gecko/20100101 Firefox/70.0"
212.186.238.50 - - [14/Nov/2019:15:47:01 +0100] "GET /css/themes/default.css HTTP/1.1" 200 769 "http://renault.activities.at/result?dir=DESC&mode=grid&order=name&limit=15&page=2&search=Kennzeichenblenden" "Mozilla/5.0 (Windows NT 10.0; Win64; x64; rv:70.0) Gecko/20100101 Firefox/70.0"
212.186.238.50 - - [14/Nov/2019:15:47:01 +0100] "GET /css/themes/alphacube.css HTTP/1.1" 200 743 "http://renault.activities.at/result?dir=DESC&mode=grid&order=name&limit=15&page=2&search=Kennzeichenblenden" "Mozilla/5.0 (Windows NT 10.0; Win64; x64; rv:70.0) Gecko/20100101 Firefox/70.0"
212.186.238.50 - - [14/Nov/2019:15:47:01 +0100] "GET /loadthumbnail.php?id=10203275 HTTP/1.1" 200 85 "http://renault.activities.at/result?dir=DESC&mode=grid&order=name&limit=15&page=2&search=Kennzeichenblenden" "Mozilla/5.0 (Windows NT 10.0; Win64; x64; rv:70.0) Gecko/20100101 Firefox/70.0"
212.186.238.50 - - [14/Nov/2019:15:47:01 +0100] "GET /loadthumbnail.php?id=10995605&width=113 HTTP/1.1" 200 1252 "http://renault.activities.at/result?dir=DESC&mode=grid&order=name&limit=15&page=2&search=Kennzeichenblenden" "Mozilla/5.0 (Windows NT 10.0; Win64; x64; rv:70.0) Gecko/20100101 Firefox/70.0"
212.186.238.50 - - [14/Nov/2019:15:47:01 +0100] "GET /loadthumbnail.php?id=11141133&width=113 HTTP/1.1" 200 1050 "http://renault.activities.at/result?dir=DESC&mode=grid&order=name&limit=15&page=2&search=Kennzeichenblenden" "Mozilla/5.0 (Windows NT 10.0; Win64; x64; rv:70.0) Gecko/20100101 Firefox/70.0"
212.186.238.50 - - [14/Nov/2019:15:47:01 +0100] "GET /loadthumbnail.php?id=10915886&width=113 HTTP/1.1" 200 1376 "http://renault.activities.at/result?dir=DESC&mode=grid&order=name&limit=15&page=2&search=Kennzeichenblenden" "Mozilla/5.0 (Windows NT 10.0; Win64; x64; rv:70.0) Gecko/20100101 Firefox/70.0"
212.186.238.50 - - [14/Nov/2019:15:47:01 +0100] "GET /loadthumbnail.php?id=11243081&width=113 HTTP/1.1" 200 1218 "http://renault.activities.at/result?dir=DESC&mode=grid&order=name&limit=15&page=2&search=Kennzeichenblenden" "Mozilla/5.0 (Windows NT 10.0; Win64; x64; rv:70.0) Gecko/20100101 Firefox/70.0"
212.186.238.50 - - [14/Nov/2019:15:47:05 +0100] "GET /result?dir=DESC&mode=grid&order=name&limit=15&page=1&search=Kennzeichenblenden HTTP/1.1" 200 8676 "http://renault.activities.at/result?dir=DESC&mode=grid&order=name&limit=15&page=2&search=Kennzeichenblenden" "Mozilla/5.0 (Windows NT 10.0; Win64; x64; rv:70.0) Gecko/20100101 Firefox/70.0"
212.186.238.50 - - [14/Nov/2019:15:47:08 +0100] "GET /css/reset.css HTTP/1.1" 200 1356 "http://renault.activities.at/result?dir=DESC&mode=grid&order=name&limit=15&page=1&search=Kennzeichenblenden" "Mozilla/5.0 (Windows NT 10.0; Win64; x64; rv:70.0) Gecko/20100101 Firefox/70.0"
212.186.238.50 - - [14/Nov/2019:15:47:08 +0100] "GET /css/clears.css HTTP/1.1" 200 851 "http://renault.activities.at/result?dir=DESC&mode=grid&order=name&limit=15&page=1&search=Kennzeichenblenden" "Mozilla/5.0 (Windows NT 10.0; Win64; x64; rv:70.0) Gecko/20100101 Firefox/70.0"
212.186.238.50 - - [14/Nov/2019:15:47:08 +0100] "GET /css/styles.css HTTP/1.1" 200 14664 "http://renault.activities.at/result?dir=DESC&mode=grid&order=name&limit=15&page=1&search=Kennzeichenblenden" "Mozilla/5.0 (Windows NT 10.0; Win64; x64; rv:70.0) Gecko/20100101 Firefox/70.0"
212.186.238.50 - - [14/Nov/2019:15:47:08 +0100] "GET /css/prototip.css HTTP/1.1" 200 968 "http://renault.activities.at/result?dir=DESC&mode=grid&order=name&limit=15&page=1&search=Kennzeichenblenden" "Mozilla/5.0 (Windows NT 10.0; Win64; x64; rv:70.0) Gecko/20100101 Firefox/70.0"
212.186.238.50 - - [14/Nov/2019:15:47:08 +0100] "GET /css/themes/default.css HTTP/1.1" 200 769 "http://renault.activities.at/result?dir=DESC&mode=grid&order=name&limit=15&page=1&search=Kennzeichenblenden" "Mozilla/5.0 (Windows NT 10.0; Win64; x64; rv:70.0) Gecko/20100101 Firefox/70.0"
212.186.238.50 - - [14/Nov/2019:15:47:08 +0100] "GET /css/themes/alphacube.css HTTP/1.1" 200 743 "http://renault.activities.at/result?dir=DESC&mode=grid&order=name&limit=15&page=1&search=Kennzeichenblenden" "Mozilla/5.0 (Windows NT 10.0; Win64; x64; rv:70.0) Gecko/20100101 Firefox/70.0"
212.186.238.50 - - [14/Nov/2019:15:47:17 +0100] "POST /result?dir=DESC&mode=grid&order=name&limit=15&page=1&search=Kennzeichenblenden HTTP/1.1" 200 8864 "http://renault.activities.at/result?dir=DESC&mode=grid&order=name&limit=15&page=1&search=Kennzeichenblenden" "Mozilla/5.0 (Windows NT 10.0; Win64; x64; rv:70.0) Gecko/20100101 Firefox/70.0"
212.186.238.50 - - [14/Nov/2019:15:47:21 +0100] "GET /css/reset.css HTTP/1.1" 200 1356 "http://renault.activities.at/result?dir=DESC&mode=grid&order=name&limit=15&page=1&search=Kennzeichenblenden" "Mozilla/5.0 (Windows NT 10.0; Win64; x64; rv:70.0) Gecko/20100101 Firefox/70.0"
212.186.238.50 - - [14/Nov/2019:15:47:21 +0100] "GET /css/clears.css HTTP/1.1" 200 851 "http://renault.activities.at/result?dir=DESC&mode=grid&order=name&limit=15&page=1&search=Kennzeichenblenden" "Mozilla/5.0 (Windows NT 10.0; Win64; x64; rv:70.0) Gecko/20100101 Firefox/70.0"
212.186.238.50 - - [14/Nov/2019:15:47:21 +0100] "GET /css/print.css HTTP/1.1" 200 543 "http://renault.activities.at/result?dir=DESC&mode=grid&order=name&limit=15&page=1&search=Kennzeichenblenden" "Mozilla/5.0 (Windows NT 10.0; Win64; x64; rv:70.0) Gecko/20100101 Firefox/70.0"
212.186.238.50 - - [14/Nov/2019:15:47:21 +0100] "GET /js/checkout.css HTTP/1.1" 200 359 "http://renault.activities.at/result?dir=DESC&mode=grid&order=name&limit=15&page=1&search=Kennzeichenblenden" "Mozilla/5.0 (Windows NT 10.0; Win64; x64; rv:70.0) Gecko/20100101 Firefox/70.0"
212.186.238.50 - - [14/Nov/2019:15:47:21 +0100] "GET /css/styles.css HTTP/1.1" 200 14664 "http://renault.activities.at/result?dir=DESC&mode=grid&order=name&limit=15&page=1&search=Kennzeichenblenden" "Mozilla/5.0 (Windows NT 10.0; Win64; x64; rv:70.0) Gecko/20100101 Firefox/70.0"
212.186.238.50 - - [14/Nov/2019:15:47:21 +0100] "GET /css/prototip.css HTTP/1.1" 200 968 "http://renault.activities.at/result?dir=DESC&mode=grid&order=name&limit=15&page=1&search=Kennzeichenblenden" "Mozilla/5.0 (Windows NT 10.0; Win64; x64; rv:70.0) Gecko/20100101 Firefox/70.0"
212.186.238.50 - - [14/Nov/2019:15:47:21 +0100] "GET /css/themes/default.css HTTP/1.1" 200 769 "http://renault.activities.at/result?dir=DESC&mode=grid&order=name&limit=15&page=1&search=Kennzeichenblenden" "Mozilla/5.0 (Windows NT 10.0; Win64; x64; rv:70.0) Gecko/20100101 Firefox/70.0"
212.186.238.50 - - [14/Nov/2019:15:47:21 +0100] "GET /css/themes/alphacube.css HTTP/1.1" 200 743 "http://renault.activities.at/result?dir=DESC&mode=grid&order=name&limit=15&page=1&search=Kennzeichenblenden" "Mozilla/5.0 (Windows NT 10.0; Win64; x64; rv:70.0) Gecko/20100101 Firefox/70.0"
212.186.238.50 - - [14/Nov/2019:15:47:24 +0100] "GET /checkout HTTP/1.1" 200 10442 "http://renault.activities.at/result?dir=DESC&mode=grid&order=name&limit=15&page=1&search=Kennzeichenblenden" "Mozilla/5.0 (Windows NT 10.0; Win64; x64; rv:70.0) Gecko/20100101 Firefox/70.0"
212.186.238.50 - - [14/Nov/2019:15:47:28 +0100] "GET /css/reset.css HTTP/1.1" 200 1356 "http://renault.activities.at/checkout" "Mozilla/5.0 (Windows NT 10.0; Win64; x64; rv:70.0) Gecko/20100101 Firefox/70.0"
212.186.238.50 - - [14/Nov/2019:15:47:28 +0100] "GET /css/styles.css HTTP/1.1" 200 14664 "http://renault.activities.at/checkout" "Mozilla/5.0 (Windows NT 10.0; Win64; x64; rv:70.0) Gecko/20100101 Firefox/70.0"
212.186.238.50 - - [14/Nov/2019:15:47:28 +0100] "GET /css/clears.css HTTP/1.1" 200 851 "http://renault.activities.at/checkout" "Mozilla/5.0 (Windows NT 10.0; Win64; x64; rv:70.0) Gecko/20100101 Firefox/70.0"
212.186.238.50 - - [14/Nov/2019:15:47:28 +0100] "GET /css/print.css HTTP/1.1" 200 543 "http://renault.activities.at/checkout" "Mozilla/5.0 (Windows NT 10.0; Win64; x64; rv:70.0) Gecko/20100101 Firefox/70.0"
212.186.238.50 - - [14/Nov/2019:15:47:28 +0100] "GET /js/checkout.css HTTP/1.1" 200 359 "http://renault.activities.at/checkout" "Mozilla/5.0 (Windows NT 10.0; Win64; x64; rv:70.0) Gecko/20100101 Firefox/70.0"
212.186.238.50 - - [14/Nov/2019:15:47:28 +0100] "GET /css/themes/alphacube.css HTTP/1.1" 200 743 "http://renault.activities.at/checkout" "Mozilla/5.0 (Windows NT 10.0; Win64; x64; rv:70.0) Gecko/20100101 Firefox/70.0"
212.186.238.50 - - [14/Nov/2019:15:47:28 +0100] "GET /css/prototip.css HTTP/1.1" 200 968 "http://renault.activities.at/checkout" "Mozilla/5.0 (Windows NT 10.0; Win64; x64; rv:70.0) Gecko/20100101 Firefox/70.0"
212.186.238.50 - - [14/Nov/2019:15:47:28 +0100] "GET /css/themes/default.css HTTP/1.1" 200 769 "http://renault.activities.at/checkout" "Mozilla/5.0 (Windows NT 10.0; Win64; x64; rv:70.0) Gecko/20100101 Firefox/70.0"
212.186.238.50 - - [14/Nov/2019:15:47:28 +0100] "GET /js/checkout2.js HTTP/1.1" 200 4122 "http://renault.activities.at/checkout" "Mozilla/5.0 (Windows NT 10.0; Win64; x64; rv:70.0) Gecko/20100101 Firefox/70.0"
212.186.238.50 - - [14/Nov/2019:15:47:28 +0100] "GET /images/ajax_loading.gif HTTP/1.1" 200 1542 "http://renault.activities.at/checkout" "Mozilla/5.0 (Windows NT 10.0; Win64; x64; rv:70.0) Gecko/20100101 Firefox/70.0"
212.186.238.50 - - [14/Nov/2019:15:47:28 +0100] "GET /images/step_bg.jpg HTTP/1.1" 200 319 "http://renault.activities.at/css/styles.css" "Mozilla/5.0 (Windows NT 10.0; Win64; x64; rv:70.0) Gecko/20100101 Firefox/70.0"
212.186.238.50 - - [14/Nov/2019:15:47:28 +0100] "GET /images/step_marker.gif HTTP/1.1" 200 650 "http://renault.activities.at/css/styles.css" "Mozilla/5.0 (Windows NT 10.0; Win64; x64; rv:70.0) Gecko/20100101 Firefox/70.0"
212.186.238.50 - - [14/Nov/2019:15:47:28 +0100] "GET /images/checkout_border_top.gif HTTP/1.1" 200 156 "http://renault.activities.at/css/styles.css" "Mozilla/5.0 (Windows NT 10.0; Win64; x64; rv:70.0) Gecko/20100101 Firefox/70.0"
212.186.238.50 - - [14/Nov/2019:15:47:28 +0100] "GET /images/checkout_border.gif HTTP/1.1" 200 43 "http://renault.activities.at/css/styles.css" "Mozilla/5.0 (Windows NT 10.0; Win64; x64; rv:70.0) Gecko/20100101 Firefox/70.0"
212.186.238.50 - - [14/Nov/2019:15:47:28 +0100] "GET /loadthumbnail.php?id=10202698 HTTP/1.1" 200 16686 "http://renault.activities.at/checkout" "Mozilla/5.0 (Windows NT 10.0; Win64; x64; rv:70.0) Gecko/20100101 Firefox/70.0"
212.186.238.50 - - [14/Nov/2019:15:47:28 +0100] "GET /loadthumbnail.php?id=10201939 HTTP/1.1" 200 201 "http://renault.activities.at/checkout" "Mozilla/5.0 (Windows NT 10.0; Win64; x64; rv:70.0) Gecko/20100101 Firefox/70.0"
212.186.238.50 - - [14/Nov/2019:15:47:31 +0100] "POST /docheckout HTTP/1.1" 200 447 "http://renault.activities.at/checkout" "Mozilla/5.0 (Windows NT 10.0; Win64; x64; rv:70.0) Gecko/20100101 Firefox/70.0"
212.186.238.50 - - [14/Nov/2019:15:47:35 +0100] "POST /docheckout HTTP/1.1" 200 616 "http://renault.activities.at/checkout" "Mozilla/5.0 (Windows NT 10.0; Win64; x64; rv:70.0) Gecko/20100101 Firefox/70.0"
212.186.238.50 - - [14/Nov/2019:15:47:37 +0100] "GET /images/error_msg_icon.gif HTTP/1.1" 200 1013 "http://renault.activities.at/checkout" "Mozilla/5.0 (Windows NT 10.0; Win64; x64; rv:70.0) Gecko/20100101 Firefox/70.0"
213.153.47.173 - - [14/Nov/2019:15:47:38 +0100] "GET /reload?ser=1573742858780 HTTP/1.1" 200 28 "http://renault.activities.at/login?required=true" "Mozilla/5.0 (Windows NT 10.0; Win64; x64; rv:70.0) Gecko/20100101 Firefox/70.0"
80.80.251.48 - - [14/Nov/2019:15:47:38 +0100] "GET /reload?ser=1573742858364 HTTP/1.1" 200 28 "http://renault.activities.at/10201442" "Mozilla/5.0 (Windows NT 10.0; Win64; x64) AppleWebKit/537.36 (KHTML, like Gecko) Chrome/64.0.3282.140 Safari/537.36 Edge/17.17134"
212.186.238.50 - - [14/Nov/2019:15:47:43 +0100] "POST /docheckout HTTP/1.1" 200 68 "http://renault.activities.at/checkout" "Mozilla/5.0 (Windows NT 10.0; Win64; x64; rv:70.0) Gecko/20100101 Firefox/70.0"
212.186.238.50 - - [14/Nov/2019:15:47:46 +0100] "GET /success HTTP/1.1" 200 3935 "http://renault.activities.at/checkout" "Mozilla/5.0 (Windows NT 10.0; Win64; x64; rv:70.0) Gecko/20100101 Firefox/70.0"
212.186.238.50 - - [14/Nov/2019:15:47:48 +0100] "GET /css/reset.css HTTP/1.1" 200 1356 "http://renault.activities.at/success" "Mozilla/5.0 (Windows NT 10.0; Win64; x64; rv:70.0) Gecko/20100101 Firefox/70.0"
212.186.238.50 - - [14/Nov/2019:15:47:48 +0100] "GET /css/clears.css HTTP/1.1" 200 851 "http://renault.activities.at/success" "Mozilla/5.0 (Windows NT 10.0; Win64; x64; rv:70.0) Gecko/20100101 Firefox/70.0"
212.186.238.50 - - [14/Nov/2019:15:47:48 +0100] "GET /css/prototip.css HTTP/1.1" 200 968 "http://renault.activities.at/success" "Mozilla/5.0 (Windows NT 10.0; Win64; x64; rv:70.0) Gecko/20100101 Firefox/70.0"
212.186.238.50 - - [14/Nov/2019:15:47:48 +0100] "GET /css/themes/alphacube.css HTTP/1.1" 200 743 "http://renault.activities.at/success" "Mozilla/5.0 (Windows NT 10.0; Win64; x64; rv:70.0) Gecko/20100101 Firefox/70.0"
212.186.238.50 - - [14/Nov/2019:15:47:48 +0100] "GET /css/themes/default.css HTTP/1.1" 200 769 "http://renault.activities.at/success" "Mozilla/5.0 (Windows NT 10.0; Win64; x64; rv:70.0) Gecko/20100101 Firefox/70.0"
212.186.238.50 - - [14/Nov/2019:15:47:54 +0100] "GET /logout HTTP/1.1" 302 140 "http://renault.activities.at/success" "Mozilla/5.0 (Windows NT 10.0; Win64; x64; rv:70.0) Gecko/20100101 Firefox/70.0"
212.186.238.50 - - [14/Nov/2019:15:47:55 +0100] "GET /logout HTTP/1.1" 200 1583 "http://renault.activities.at/success" "Mozilla/5.0 (Windows NT 10.0; Win64; x64; rv:70.0) Gecko/20100101 Firefox/70.0"
212.186.238.50 - - [14/Nov/2019:15:47:56 +0100] "GET /css/prototip.css HTTP/1.1" 200 968 "http://renault.activities.at/logout" "Mozilla/5.0 (Windows NT 10.0; Win64; x64; rv:70.0) Gecko/20100101 Firefox/70.0"
212.186.238.50 - - [14/Nov/2019:15:47:56 +0100] "GET /css/themes/default.css HTTP/1.1" 200 769 "http://renault.activities.at/logout" "Mozilla/5.0 (Windows NT 10.0; Win64; x64; rv:70.0) Gecko/20100101 Firefox/70.0"
212.186.238.50 - - [14/Nov/2019:15:47:56 +0100] "GET /css/themes/alphacube.css HTTP/1.1" 200 743 "http://renault.activities.at/logout" "Mozilla/5.0 (Windows NT 10.0; Win64; x64; rv:70.0) Gecko/20100101 Firefox/70.0"
185.22.23.252 - - [14/Nov/2019:15:48:00 +0100] "GET /reload?ser=1573742880267 HTTP/1.1" 200 28 "http://renault.activities.at/" "Mozilla/5.0 (Windows NT 6.3; WOW64; Trident/7.0; rv:11.0) like Gecko"
212.186.238.50 - - [14/Nov/2019:15:48:01 +0100] "GET / HTTP/1.1" 200 3380 "http://renault.activities.at/logout" "Mozilla/5.0 (Windows NT 10.0; Win64; x64; rv:70.0) Gecko/20100101 Firefox/70.0"
213.153.47.173 - - [14/Nov/2019:15:48:39 +0100] "GET /reload?ser=1573742919433 HTTP/1.1" 200 28 "http://renault.activities.at/login?required=true" "Mozilla/5.0 (Windows NT 10.0; Win64; x64; rv:70.0) Gecko/20100101 Firefox/70.0"
80.80.251.48 - - [14/Nov/2019:15:48:39 +0100] "GET /reload?ser=1573742919371 HTTP/1.1" 200 28 "http://renault.activities.at/10201442" "Mozilla/5.0 (Windows NT 10.0; Win64; x64) AppleWebKit/537.36 (KHTML, like Gecko) Chrome/64.0.3282.140 Safari/537.36 Edge/17.17134"
185.22.23.252 - - [14/Nov/2019:15:49:00 +0100] "GET /reload?ser=1573742940875 HTTP/1.1" 200 28 "http://renault.activities.at/" "Mozilla/5.0 (Windows NT 6.3; WOW64; Trident/7.0; rv:11.0) like Gecko"
212.186.238.50 - - [14/Nov/2019:15:49:02 +0100] "GET /reload?ser=1573742908949 HTTP/1.1" 200 28 "http://renault.activities.at/" "Mozilla/5.0 (Windows NT 10.0; Win64; x64; rv:70.0) Gecko/20100101 Firefox/70.0"
213.153.47.173 - - [14/Nov/2019:15:49:39 +0100] "GET /reload?ser=1573742980082 HTTP/1.1" 200 28 "http://renault.activities.at/login?required=true" "Mozilla/5.0 (Windows NT 10.0; Win64; x64; rv:70.0) Gecko/20100101 Firefox/70.0"
80.80.251.48 - - [14/Nov/2019:15:49:40 +0100] "GET /reload?ser=1573742980364 HTTP/1.1" 200 28 "http://renault.activities.at/10201442" "Mozilla/5.0 (Windows NT 10.0; Win64; x64) AppleWebKit/537.36 (KHTML, like Gecko) Chrome/64.0.3282.140 Safari/537.36 Edge/17.17134"
185.22.23.252 - - [14/Nov/2019:15:50:01 +0100] "GET /reload?ser=1573743001487 HTTP/1.1" 200 28 "http://renault.activities.at/" "Mozilla/5.0 (Windows NT 6.3; WOW64; Trident/7.0; rv:11.0) like Gecko"
212.186.238.50 - - [14/Nov/2019:15:50:02 +0100] "GET /reload?ser=1573742969594 HTTP/1.1" 200 28 "http://renault.activities.at/" "Mozilla/5.0 (Windows NT 10.0; Win64; x64; rv:70.0) Gecko/20100101 Firefox/70.0"
213.153.47.173 - - [14/Nov/2019:15:50:40 +0100] "GET /reload?ser=1573743040728 HTTP/1.1" 200 28 "http://renault.activities.at/login?required=true" "Mozilla/5.0 (Windows NT 10.0; Win64; x64; rv:70.0) Gecko/20100101 Firefox/70.0"
80.80.251.48 - - [14/Nov/2019:15:50:41 +0100] "GET /reload?ser=1573743041379 HTTP/1.1" 200 28 "http://renault.activities.at/10201442" "Mozilla/5.0 (Windows NT 10.0; Win64; x64) AppleWebKit/537.36 (KHTML, like Gecko) Chrome/64.0.3282.140 Safari/537.36 Edge/17.17134"
185.22.23.252 - - [14/Nov/2019:15:51:02 +0100] "GET /reload?ser=1573743062108 HTTP/1.1" 200 28 "http://renault.activities.at/" "Mozilla/5.0 (Windows NT 6.3; WOW64; Trident/7.0; rv:11.0) like Gecko"
212.186.238.50 - - [14/Nov/2019:15:51:03 +0100] "GET /reload?ser=1573743030226 HTTP/1.1" 200 28 "http://renault.activities.at/" "Mozilla/5.0 (Windows NT 10.0; Win64; x64; rv:70.0) Gecko/20100101 Firefox/70.0"
213.153.47.173 - - [14/Nov/2019:15:51:41 +0100] "GET /reload?ser=1573743101366 HTTP/1.1" 200 28 "http://renault.activities.at/login?required=true" "Mozilla/5.0 (Windows NT 10.0; Win64; x64; rv:70.0) Gecko/20100101 Firefox/70.0"
80.80.251.48 - - [14/Nov/2019:15:51:42 +0100] "GET /reload?ser=1573743102367 HTTP/1.1" 200 28 "http://renault.activities.at/10201442" "Mozilla/5.0 (Windows NT 10.0; Win64; x64) AppleWebKit/537.36 (KHTML, like Gecko) Chrome/64.0.3282.140 Safari/537.36 Edge/17.17134"
185.22.23.252 - - [14/Nov/2019:15:52:02 +0100] "GET /reload?ser=1573743122730 HTTP/1.1" 200 28 "http://renault.activities.at/" "Mozilla/5.0 (Windows NT 6.3; WOW64; Trident/7.0; rv:11.0) like Gecko"
212.186.238.50 - - [14/Nov/2019:15:52:04 +0100] "GET /reload?ser=1573743090864 HTTP/1.1" 200 28 "http://renault.activities.at/" "Mozilla/5.0 (Windows NT 10.0; Win64; x64; rv:70.0) Gecko/20100101 Firefox/70.0"
213.153.47.173 - - [14/Nov/2019:15:52:41 +0100] "GET /reload?ser=1573743162004 HTTP/1.1" 200 28 "http://renault.activities.at/login?required=true" "Mozilla/5.0 (Windows NT 10.0; Win64; x64; rv:70.0) Gecko/20100101 Firefox/70.0"
80.80.251.48 - - [14/Nov/2019:15:52:43 +0100] "GET /reload?ser=1573743163367 HTTP/1.1" 200 28 "http://renault.activities.at/10201442" "Mozilla/5.0 (Windows NT 10.0; Win64; x64) AppleWebKit/537.36 (KHTML, like Gecko) Chrome/64.0.3282.140 Safari/537.36 Edge/17.17134"
185.22.23.252 - - [14/Nov/2019:15:53:03 +0100] "GET /reload?ser=1573743183355 HTTP/1.1" 200 28 "http://renault.activities.at/" "Mozilla/5.0 (Windows NT 6.3; WOW64; Trident/7.0; rv:11.0) like Gecko"
212.186.238.50 - - [14/Nov/2019:15:53:04 +0100] "GET /reload?ser=1573743151518 HTTP/1.1" 200 28 "http://renault.activities.at/" "Mozilla/5.0 (Windows NT 10.0; Win64; x64; rv:70.0) Gecko/20100101 Firefox/70.0"
213.153.47.173 - - [14/Nov/2019:15:53:42 +0100] "GET /reload?ser=1573743222661 HTTP/1.1" 200 28 "http://renault.activities.at/login?required=true" "Mozilla/5.0 (Windows NT 10.0; Win64; x64; rv:70.0) Gecko/20100101 Firefox/70.0"
80.80.251.48 - - [14/Nov/2019:15:53:44 +0100] "GET /reload?ser=1573743224385 HTTP/1.1" 200 28 "http://renault.activities.at/10201442" "Mozilla/5.0 (Windows NT 10.0; Win64; x64) AppleWebKit/537.36 (KHTML, like Gecko) Chrome/64.0.3282.140 Safari/537.36 Edge/17.17134"
185.22.23.252 - - [14/Nov/2019:15:54:03 +0100] "GET /reload?ser=1573743243979 HTTP/1.1" 200 28 "http://renault.activities.at/" "Mozilla/5.0 (Windows NT 6.3; WOW64; Trident/7.0; rv:11.0) like Gecko"
212.186.238.50 - - [14/Nov/2019:15:54:05 +0100] "GET /reload?ser=1573743212158 HTTP/1.1" 200 28 "http://renault.activities.at/" "Mozilla/5.0 (Windows NT 10.0; Win64; x64; rv:70.0) Gecko/20100101 Firefox/70.0"
213.153.47.173 - - [14/Nov/2019:15:54:43 +0100] "GET /reload?ser=1573743283300 HTTP/1.1" 200 28 "http://renault.activities.at/login?required=true" "Mozilla/5.0 (Windows NT 10.0; Win64; x64; rv:70.0) Gecko/20100101 Firefox/70.0"
80.80.251.48 - - [14/Nov/2019:15:54:46 +0100] "GET /reload?ser=1573743286373 HTTP/1.1" 200 28 "http://renault.activities.at/10201442" "Mozilla/5.0 (Windows NT 10.0; Win64; x64) AppleWebKit/537.36 (KHTML, like Gecko) Chrome/64.0.3282.140 Safari/537.36 Edge/17.17134"
185.22.23.252 - - [14/Nov/2019:15:55:04 +0100] "GET /reload?ser=1573743304602 HTTP/1.1" 200 28 "http://renault.activities.at/" "Mozilla/5.0 (Windows NT 6.3; WOW64; Trident/7.0; rv:11.0) like Gecko"
212.186.238.50 - - [14/Nov/2019:15:55:06 +0100] "GET /reload?ser=1573743272801 HTTP/1.1" 200 28 "http://renault.activities.at/" "Mozilla/5.0 (Windows NT 10.0; Win64; x64; rv:70.0) Gecko/20100101 Firefox/70.0"
213.153.47.173 - - [14/Nov/2019:15:55:43 +0100] "GET /reload?ser=1573743343940 HTTP/1.1" 200 28 "http://renault.activities.at/login?required=true" "Mozilla/5.0 (Windows NT 10.0; Win64; x64; rv:70.0) Gecko/20100101 Firefox/70.0"
80.80.251.48 - - [14/Nov/2019:15:55:47 +0100] "GET /reload?ser=1573743347362 HTTP/1.1" 200 28 "http://renault.activities.at/10201442" "Mozilla/5.0 (Windows NT 10.0; Win64; x64) AppleWebKit/537.36 (KHTML, like Gecko) Chrome/64.0.3282.140 Safari/537.36 Edge/17.17134"
185.22.23.252 - - [14/Nov/2019:15:56:05 +0100] "GET /reload?ser=1573743365211 HTTP/1.1" 200 28 "http://renault.activities.at/" "Mozilla/5.0 (Windows NT 6.3; WOW64; Trident/7.0; rv:11.0) like Gecko"
212.186.238.50 - - [14/Nov/2019:15:56:06 +0100] "GET /reload?ser=1573743333433 HTTP/1.1" 200 28 "http://renault.activities.at/" "Mozilla/5.0 (Windows NT 10.0; Win64; x64; rv:70.0) Gecko/20100101 Firefox/70.0"
213.153.47.173 - - [14/Nov/2019:15:56:44 +0100] "GET /reload?ser=1573743404591 HTTP/1.1" 200 28 "http://renault.activities.at/login?required=true" "Mozilla/5.0 (Windows NT 10.0; Win64; x64; rv:70.0) Gecko/20100101 Firefox/70.0"
80.80.251.48 - - [14/Nov/2019:15:56:48 +0100] "GET /reload?ser=1573743408358 HTTP/1.1" 200 28 "http://renault.activities.at/10201442" "Mozilla/5.0 (Windows NT 10.0; Win64; x64) AppleWebKit/537.36 (KHTML, like Gecko) Chrome/64.0.3282.140 Safari/537.36 Edge/17.17134"
185.22.23.252 - - [14/Nov/2019:15:57:05 +0100] "GET /reload?ser=1573743425820 HTTP/1.1" 200 28 "http://renault.activities.at/" "Mozilla/5.0 (Windows NT 6.3; WOW64; Trident/7.0; rv:11.0) like Gecko"
212.186.238.50 - - [14/Nov/2019:15:57:07 +0100] "GET /reload?ser=1573743394080 HTTP/1.1" 200 28 "http://renault.activities.at/" "Mozilla/5.0 (Windows NT 10.0; Win64; x64; rv:70.0) Gecko/20100101 Firefox/70.0"
213.153.47.173 - - [14/Nov/2019:15:57:45 +0100] "GET /reload?ser=1573743465233 HTTP/1.1" 200 28 "http://renault.activities.at/login?required=true" "Mozilla/5.0 (Windows NT 10.0; Win64; x64; rv:70.0) Gecko/20100101 Firefox/70.0"
80.80.251.48 - - [14/Nov/2019:15:57:54 +0100] "GET /reload?ser=1573743472777 HTTP/1.1" 200 28 "http://renault.activities.at/10201442" "Mozilla/5.0 (Windows NT 10.0; Win64; x64) AppleWebKit/537.36 (KHTML, like Gecko) Chrome/64.0.3282.140 Safari/537.36 Edge/17.17134"
185.22.23.252 - - [14/Nov/2019:15:58:06 +0100] "GET /reload?ser=1573743486443 HTTP/1.1" 200 28 "http://renault.activities.at/" "Mozilla/5.0 (Windows NT 6.3; WOW64; Trident/7.0; rv:11.0) like Gecko"
212.186.238.50 - - [14/Nov/2019:15:58:08 +0100] "GET /reload?ser=1573743454716 HTTP/1.1" 200 28 "http://renault.activities.at/" "Mozilla/5.0 (Windows NT 10.0; Win64; x64; rv:70.0) Gecko/20100101 Firefox/70.0"
213.153.47.173 - - [14/Nov/2019:15:58:45 +0100] "GET /reload?ser=1573743525888 HTTP/1.1" 200 28 "http://renault.activities.at/login?required=true" "Mozilla/5.0 (Windows NT 10.0; Win64; x64; rv:70.0) Gecko/20100101 Firefox/70.0"
80.80.251.48 - - [14/Nov/2019:15:58:56 +0100] "GET /reload?ser=1573743535372 HTTP/1.1" 200 28 "http://renault.activities.at/10201442" "Mozilla/5.0 (Windows NT 10.0; Win64; x64) AppleWebKit/537.36 (KHTML, like Gecko) Chrome/64.0.3282.140 Safari/537.36 Edge/17.17134"
185.22.23.252 - - [14/Nov/2019:15:59:07 +0100] "GET /reload?ser=1573743547065 HTTP/1.1" 200 28 "http://renault.activities.at/" "Mozilla/5.0 (Windows NT 6.3; WOW64; Trident/7.0; rv:11.0) like Gecko"
212.186.238.50 - - [14/Nov/2019:15:59:08 +0100] "GET /reload?ser=1573743515369 HTTP/1.1" 200 28 "http://renault.activities.at/" "Mozilla/5.0 (Windows NT 10.0; Win64; x64; rv:70.0) Gecko/20100101 Firefox/70.0"
213.153.47.173 - - [14/Nov/2019:15:59:46 +0100] "GET /reload?ser=1573743586556 HTTP/1.1" 200 28 "http://renault.activities.at/login?required=true" "Mozilla/5.0 (Windows NT 10.0; Win64; x64; rv:70.0) Gecko/20100101 Firefox/70.0"
80.80.251.48 - - [14/Nov/2019:15:59:58 +0100] "GET /reload?ser=1573743597567 HTTP/1.1" 200 28 "http://renault.activities.at/10201442" "Mozilla/5.0 (Windows NT 10.0; Win64; x64) AppleWebKit/537.36 (KHTML, like Gecko) Chrome/64.0.3282.140 Safari/537.36 Edge/17.17134"
185.22.23.252 - - [14/Nov/2019:16:00:07 +0100] "GET /reload?ser=1573743607675 HTTP/1.1" 200 28 "http://renault.activities.at/" "Mozilla/5.0 (Windows NT 6.3; WOW64; Trident/7.0; rv:11.0) like Gecko"
212.186.238.50 - - [14/Nov/2019:16:00:09 +0100] "GET /reload?ser=1573743576009 HTTP/1.1" 200 28 "http://renault.activities.at/" "Mozilla/5.0 (Windows NT 10.0; Win64; x64; rv:70.0) Gecko/20100101 Firefox/70.0"
213.153.47.173 - - [14/Nov/2019:16:00:47 +0100] "GET /reload?ser=1573743647218 HTTP/1.1" 200 28 "http://renault.activities.at/login?required=true" "Mozilla/5.0 (Windows NT 10.0; Win64; x64; rv:70.0) Gecko/20100101 Firefox/70.0"
80.80.251.48 - - [14/Nov/2019:16:01:00 +0100] "GET /reload?ser=1573743659369 HTTP/1.1" 200 28 "http://renault.activities.at/10201442" "Mozilla/5.0 (Windows NT 10.0; Win64; x64) AppleWebKit/537.36 (KHTML, like Gecko) Chrome/64.0.3282.140 Safari/537.36 Edge/17.17134"
185.22.23.252 - - [14/Nov/2019:16:01:08 +0100] "GET /reload?ser=1573743668298 HTTP/1.1" 200 28 "http://renault.activities.at/" "Mozilla/5.0 (Windows NT 6.3; WOW64; Trident/7.0; rv:11.0) like Gecko"
212.186.238.50 - - [14/Nov/2019:16:01:10 +0100] "GET /reload?ser=1573743636692 HTTP/1.1" 200 28 "http://renault.activities.at/" "Mozilla/5.0 (Windows NT 10.0; Win64; x64; rv:70.0) Gecko/20100101 Firefox/70.0"
213.153.47.173 - - [14/Nov/2019:16:01:47 +0100] "GET /reload?ser=1573743707862 HTTP/1.1" 200 28 "http://renault.activities.at/login?required=true" "Mozilla/5.0 (Windows NT 10.0; Win64; x64; rv:70.0) Gecko/20100101 Firefox/70.0"
80.80.251.48 - - [14/Nov/2019:16:02:04 +0100] "GET /reload?ser=1573743723360 HTTP/1.1" 200 28 "http://renault.activities.at/10201442" "Mozilla/5.0 (Windows NT 10.0; Win64; x64) AppleWebKit/537.36 (KHTML, like Gecko) Chrome/64.0.3282.140 Safari/537.36 Edge/17.17134"
185.22.23.252 - - [14/Nov/2019:16:02:08 +0100] "GET /reload?ser=1573743728905 HTTP/1.1" 200 28 "http://renault.activities.at/" "Mozilla/5.0 (Windows NT 6.3; WOW64; Trident/7.0; rv:11.0) like Gecko"
212.186.238.50 - - [14/Nov/2019:16:02:10 +0100] "GET /reload?ser=1573743697337 HTTP/1.1" 200 28 "http://renault.activities.at/" "Mozilla/5.0 (Windows NT 10.0; Win64; x64; rv:70.0) Gecko/20100101 Firefox/70.0"
213.153.47.173 - - [14/Nov/2019:16:02:48 +0100] "GET /reload?ser=1573743768506 HTTP/1.1" 200 28 "http://renault.activities.at/login?required=true" "Mozilla/5.0 (Windows NT 10.0; Win64; x64; rv:70.0) Gecko/20100101 Firefox/70.0"
80.80.251.48 - - [14/Nov/2019:16:03:05 +0100] "GET /reload?ser=1573743785354 HTTP/1.1" 200 28 "http://renault.activities.at/10201442" "Mozilla/5.0 (Windows NT 10.0; Win64; x64) AppleWebKit/537.36 (KHTML, like Gecko) Chrome/64.0.3282.140 Safari/537.36 Edge/17.17134"
185.22.23.252 - - [14/Nov/2019:16:03:09 +0100] "GET /reload?ser=1573743789492 HTTP/1.1" 200 28 "http://renault.activities.at/" "Mozilla/5.0 (Windows NT 6.3; WOW64; Trident/7.0; rv:11.0) like Gecko"
212.186.238.50 - - [14/Nov/2019:16:03:11 +0100] "GET /reload?ser=1573743757966 HTTP/1.1" 200 28 "http://renault.activities.at/" "Mozilla/5.0 (Windows NT 10.0; Win64; x64; rv:70.0) Gecko/20100101 Firefox/70.0"
213.153.47.173 - - [14/Nov/2019:16:03:49 +0100] "GET /reload?ser=1573743829140 HTTP/1.1" 200 28 "http://renault.activities.at/login?required=true" "Mozilla/5.0 (Windows NT 10.0; Win64; x64; rv:70.0) Gecko/20100101 Firefox/70.0"
80.80.251.48 - - [14/Nov/2019:16:04:07 +0100] "GET /reload?ser=1573743846350 HTTP/1.1" 200 28 "http://renault.activities.at/10201442" "Mozilla/5.0 (Windows NT 10.0; Win64; x64) AppleWebKit/537.36 (KHTML, like Gecko) Chrome/64.0.3282.140 Safari/537.36 Edge/17.17134"
185.22.23.252 - - [14/Nov/2019:16:04:10 +0100] "GET /reload?ser=1573743850102 HTTP/1.1" 200 28 "http://renault.activities.at/" "Mozilla/5.0 (Windows NT 6.3; WOW64; Trident/7.0; rv:11.0) like Gecko"
212.186.238.50 - - [14/Nov/2019:16:04:11 +0100] "GET /reload?ser=1573743818605 HTTP/1.1" 200 28 "http://renault.activities.at/" "Mozilla/5.0 (Windows NT 10.0; Win64; x64; rv:70.0) Gecko/20100101 Firefox/70.0"
213.153.47.173 - - [14/Nov/2019:16:04:49 +0100] "GET /reload?ser=1573743889795 HTTP/1.1" 200 28 "http://renault.activities.at/login?required=true" "Mozilla/5.0 (Windows NT 10.0; Win64; x64; rv:70.0) Gecko/20100101 Firefox/70.0"
80.80.251.48 - - [14/Nov/2019:16:05:08 +0100] "GET /reload?ser=1573743908356 HTTP/1.1" 200 28 "http://renault.activities.at/10201442" "Mozilla/5.0 (Windows NT 10.0; Win64; x64) AppleWebKit/537.36 (KHTML, like Gecko) Chrome/64.0.3282.140 Safari/537.36 Edge/17.17134"
185.22.23.252 - - [14/Nov/2019:16:05:10 +0100] "GET /reload?ser=1573743910712 HTTP/1.1" 200 28 "http://renault.activities.at/" "Mozilla/5.0 (Windows NT 6.3; WOW64; Trident/7.0; rv:11.0) like Gecko"
212.186.238.50 - - [14/Nov/2019:16:05:12 +0100] "GET /reload?ser=1573743879235 HTTP/1.1" 200 28 "http://renault.activities.at/" "Mozilla/5.0 (Windows NT 10.0; Win64; x64; rv:70.0) Gecko/20100101 Firefox/70.0"
213.153.47.173 - - [14/Nov/2019:16:05:50 +0100] "GET /reload?ser=1573743950440 HTTP/1.1" 200 28 "http://renault.activities.at/login?required=true" "Mozilla/5.0 (Windows NT 10.0; Win64; x64; rv:70.0) Gecko/20100101 Firefox/70.0"
80.80.251.48 - - [14/Nov/2019:16:06:09 +0100] "GET /reload?ser=1573743969349 HTTP/1.1" 200 28 "http://renault.activities.at/10201442" "Mozilla/5.0 (Windows NT 10.0; Win64; x64) AppleWebKit/537.36 (KHTML, like Gecko) Chrome/64.0.3282.140 Safari/537.36 Edge/17.17134"
185.22.23.252 - - [14/Nov/2019:16:06:11 +0100] "GET /reload?ser=1573743971321 HTTP/1.1" 200 28 "http://renault.activities.at/" "Mozilla/5.0 (Windows NT 6.3; WOW64; Trident/7.0; rv:11.0) like Gecko"
212.186.238.50 - - [14/Nov/2019:16:06:13 +0100] "GET /reload?ser=1573743939863 HTTP/1.1" 200 28 "http://renault.activities.at/" "Mozilla/5.0 (Windows NT 10.0; Win64; x64; rv:70.0) Gecko/20100101 Firefox/70.0"
213.153.47.173 - - [14/Nov/2019:16:06:51 +0100] "GET /reload?ser=1573744011074 HTTP/1.1" 200 28 "http://renault.activities.at/login?required=true" "Mozilla/5.0 (Windows NT 10.0; Win64; x64; rv:70.0) Gecko/20100101 Firefox/70.0"
185.22.23.252 - - [14/Nov/2019:16:07:11 +0100] "GET /reload?ser=1573744031932 HTTP/1.1" 200 28 "http://renault.activities.at/" "Mozilla/5.0 (Windows NT 6.3; WOW64; Trident/7.0; rv:11.0) like Gecko"
80.80.251.48 - - [14/Nov/2019:16:07:12 +0100] "GET /reload?ser=1573744031359 HTTP/1.1" 200 28 "http://renault.activities.at/10201442" "Mozilla/5.0 (Windows NT 10.0; Win64; x64) AppleWebKit/537.36 (KHTML, like Gecko) Chrome/64.0.3282.140 Safari/537.36 Edge/17.17134"
212.186.238.50 - - [14/Nov/2019:16:07:13 +0100] "GET /reload?ser=1573744000486 HTTP/1.1" 200 28 "http://renault.activities.at/" "Mozilla/5.0 (Windows NT 10.0; Win64; x64; rv:70.0) Gecko/20100101 Firefox/70.0"
213.153.47.173 - - [14/Nov/2019:16:07:51 +0100] "GET /reload?ser=1573744071730 HTTP/1.1" 200 28 "http://renault.activities.at/login?required=true" "Mozilla/5.0 (Windows NT 10.0; Win64; x64; rv:70.0) Gecko/20100101 Firefox/70.0"
185.22.23.252 - - [14/Nov/2019:16:08:12 +0100] "GET /reload?ser=1573744092542 HTTP/1.1" 200 28 "http://renault.activities.at/" "Mozilla/5.0 (Windows NT 6.3; WOW64; Trident/7.0; rv:11.0) like Gecko"
212.186.238.50 - - [14/Nov/2019:16:08:14 +0100] "GET /reload?ser=1573744061131 HTTP/1.1" 200 28 "http://renault.activities.at/" "Mozilla/5.0 (Windows NT 10.0; Win64; x64; rv:70.0) Gecko/20100101 Firefox/70.0"
80.80.251.48 - - [14/Nov/2019:16:08:14 +0100] "GET /reload?ser=1573744093547 HTTP/1.1" 200 28 "http://renault.activities.at/10201442" "Mozilla/5.0 (Windows NT 10.0; Win64; x64) AppleWebKit/537.36 (KHTML, like Gecko) Chrome/64.0.3282.140 Safari/537.36 Edge/17.17134"
213.153.47.173 - - [14/Nov/2019:16:08:52 +0100] "GET /reload?ser=1573744132385 HTTP/1.1" 200 28 "http://renault.activities.at/login?required=true" "Mozilla/5.0 (Windows NT 10.0; Win64; x64; rv:70.0) Gecko/20100101 Firefox/70.0"
185.22.23.252 - - [14/Nov/2019:16:09:13 +0100] "GET /reload?ser=1573744153165 HTTP/1.1" 200 28 "http://renault.activities.at/" "Mozilla/5.0 (Windows NT 6.3; WOW64; Trident/7.0; rv:11.0) like Gecko"
212.186.238.50 - - [14/Nov/2019:16:09:15 +0100] "GET /reload?ser=1573744121760 HTTP/1.1" 200 28 "http://renault.activities.at/" "Mozilla/5.0 (Windows NT 10.0; Win64; x64; rv:70.0) Gecko/20100101 Firefox/70.0"
213.153.47.173 - - [14/Nov/2019:16:09:53 +0100] "GET /reload?ser=1573744193066 HTTP/1.1" 200 28 "http://renault.activities.at/login?required=true" "Mozilla/5.0 (Windows NT 10.0; Win64; x64; rv:70.0) Gecko/20100101 Firefox/70.0"
185.22.23.252 - - [14/Nov/2019:16:10:13 +0100] "GET /reload?ser=1573744213775 HTTP/1.1" 200 28 "http://renault.activities.at/" "Mozilla/5.0 (Windows NT 6.3; WOW64; Trident/7.0; rv:11.0) like Gecko"
212.186.238.50 - - [14/Nov/2019:16:10:15 +0100] "GET /reload?ser=1573744182405 HTTP/1.1" 200 28 "http://renault.activities.at/" "Mozilla/5.0 (Windows NT 10.0; Win64; x64; rv:70.0) Gecko/20100101 Firefox/70.0"
213.153.47.173 - - [14/Nov/2019:16:10:53 +0100] "GET /reload?ser=1573744253738 HTTP/1.1" 200 28 "http://renault.activities.at/login?required=true" "Mozilla/5.0 (Windows NT 10.0; Win64; x64; rv:70.0) Gecko/20100101 Firefox/70.0"
185.22.23.252 - - [14/Nov/2019:16:11:14 +0100] "GET /reload?ser=1573744274399 HTTP/1.1" 200 28 "http://renault.activities.at/" "Mozilla/5.0 (Windows NT 6.3; WOW64; Trident/7.0; rv:11.0) like Gecko"
212.186.238.50 - - [14/Nov/2019:16:11:16 +0100] "GET /reload?ser=1573744243065 HTTP/1.1" 200 28 "http://renault.activities.at/" "Mozilla/5.0 (Windows NT 10.0; Win64; x64; rv:70.0) Gecko/20100101 Firefox/70.0"
213.153.47.173 - - [14/Nov/2019:16:11:54 +0100] "GET /reload?ser=1573744314389 HTTP/1.1" 200 28 "http://renault.activities.at/login?required=true" "Mozilla/5.0 (Windows NT 10.0; Win64; x64; rv:70.0) Gecko/20100101 Firefox/70.0"
185.22.23.252 - - [14/Nov/2019:16:12:15 +0100] "GET /reload?ser=1573744335020 HTTP/1.1" 200 28 "http://renault.activities.at/" "Mozilla/5.0 (Windows NT 6.3; WOW64; Trident/7.0; rv:11.0) like Gecko"
212.186.238.50 - - [14/Nov/2019:16:12:17 +0100] "GET /reload?ser=1573744303726 HTTP/1.1" 200 28 "http://renault.activities.at/" "Mozilla/5.0 (Windows NT 10.0; Win64; x64; rv:70.0) Gecko/20100101 Firefox/70.0"
213.153.47.173 - - [14/Nov/2019:16:12:54 +0100] "GET /reload?ser=1573744375050 HTTP/1.1" 200 28 "http://renault.activities.at/login?required=true" "Mozilla/5.0 (Windows NT 10.0; Win64; x64; rv:70.0) Gecko/20100101 Firefox/70.0"
185.22.23.252 - - [14/Nov/2019:16:13:15 +0100] "GET /reload?ser=1573744395632 HTTP/1.1" 200 28 "http://renault.activities.at/" "Mozilla/5.0 (Windows NT 6.3; WOW64; Trident/7.0; rv:11.0) like Gecko"
212.186.238.50 - - [14/Nov/2019:16:13:17 +0100] "GET /reload?ser=1573744364371 HTTP/1.1" 200 28 "http://renault.activities.at/" "Mozilla/5.0 (Windows NT 10.0; Win64; x64; rv:70.0) Gecko/20100101 Firefox/70.0"
213.153.47.173 - - [14/Nov/2019:16:13:55 +0100] "GET /reload?ser=1573744435700 HTTP/1.1" 200 28 "http://renault.activities.at/login?required=true" "Mozilla/5.0 (Windows NT 10.0; Win64; x64; rv:70.0) Gecko/20100101 Firefox/70.0"
185.22.23.252 - - [14/Nov/2019:16:14:16 +0100] "GET /reload?ser=1573744456243 HTTP/1.1" 200 28 "http://renault.activities.at/" "Mozilla/5.0 (Windows NT 6.3; WOW64; Trident/7.0; rv:11.0) like Gecko"
212.186.238.50 - - [14/Nov/2019:16:14:18 +0100] "GET /reload?ser=1573744425010 HTTP/1.1" 200 28 "http://renault.activities.at/" "Mozilla/5.0 (Windows NT 10.0; Win64; x64; rv:70.0) Gecko/20100101 Firefox/70.0"
213.153.47.173 - - [14/Nov/2019:16:14:56 +0100] "GET /reload?ser=1573744496355 HTTP/1.1" 200 28 "http://renault.activities.at/login?required=true" "Mozilla/5.0 (Windows NT 10.0; Win64; x64; rv:70.0) Gecko/20100101 Firefox/70.0"
185.22.23.252 - - [14/Nov/2019:16:15:16 +0100] "GET /reload?ser=1573744516868 HTTP/1.1" 200 28 "http://renault.activities.at/" "Mozilla/5.0 (Windows NT 6.3; WOW64; Trident/7.0; rv:11.0) like Gecko"
212.186.238.50 - - [14/Nov/2019:16:15:18 +0100] "GET /reload?ser=1573744485655 HTTP/1.1" 200 28 "http://renault.activities.at/" "Mozilla/5.0 (Windows NT 10.0; Win64; x64; rv:70.0) Gecko/20100101 Firefox/70.0"
213.153.47.173 - - [14/Nov/2019:16:15:56 +0100] "GET /reload?ser=1573744557011 HTTP/1.1" 200 28 "http://renault.activities.at/login?required=true" "Mozilla/5.0 (Windows NT 10.0; Win64; x64; rv:70.0) Gecko/20100101 Firefox/70.0"
185.22.23.252 - - [14/Nov/2019:16:16:17 +0100] "GET /reload?ser=1573744577492 HTTP/1.1" 200 28 "http://renault.activities.at/" "Mozilla/5.0 (Windows NT 6.3; WOW64; Trident/7.0; rv:11.0) like Gecko"
212.186.238.50 - - [14/Nov/2019:16:16:19 +0100] "GET /reload?ser=1573744546316 HTTP/1.1" 200 28 "http://renault.activities.at/" "Mozilla/5.0 (Windows NT 10.0; Win64; x64; rv:70.0) Gecko/20100101 Firefox/70.0"
213.153.47.173 - - [14/Nov/2019:16:16:57 +0100] "GET /reload?ser=1573744617670 HTTP/1.1" 200 28 "http://renault.activities.at/login?required=true" "Mozilla/5.0 (Windows NT 10.0; Win64; x64; rv:70.0) Gecko/20100101 Firefox/70.0"
185.22.23.252 - - [14/Nov/2019:16:17:18 +0100] "GET /reload?ser=1573744638116 HTTP/1.1" 200 28 "http://renault.activities.at/" "Mozilla/5.0 (Windows NT 6.3; WOW64; Trident/7.0; rv:11.0) like Gecko"
212.186.238.50 - - [14/Nov/2019:16:17:20 +0100] "GET /reload?ser=1573744606961 HTTP/1.1" 200 28 "http://renault.activities.at/" "Mozilla/5.0 (Windows NT 10.0; Win64; x64; rv:70.0) Gecko/20100101 Firefox/70.0"
213.153.47.173 - - [14/Nov/2019:16:17:58 +0100] "GET /reload?ser=1573744678307 HTTP/1.1" 200 28 "http://renault.activities.at/login?required=true" "Mozilla/5.0 (Windows NT 10.0; Win64; x64; rv:70.0) Gecko/20100101 Firefox/70.0"
185.22.23.252 - - [14/Nov/2019:16:18:18 +0100] "GET /reload?ser=1573744698728 HTTP/1.1" 200 28 "http://renault.activities.at/" "Mozilla/5.0 (Windows NT 6.3; WOW64; Trident/7.0; rv:11.0) like Gecko"
212.186.238.50 - - [14/Nov/2019:16:18:20 +0100] "GET /reload?ser=1573744667589 HTTP/1.1" 200 28 "http://renault.activities.at/" "Mozilla/5.0 (Windows NT 10.0; Win64; x64; rv:70.0) Gecko/20100101 Firefox/70.0"
213.153.47.173 - - [14/Nov/2019:16:18:58 +0100] "GET /reload?ser=1573744738947 HTTP/1.1" 200 28 "http://renault.activities.at/login?required=true" "Mozilla/5.0 (Windows NT 10.0; Win64; x64; rv:70.0) Gecko/20100101 Firefox/70.0"
185.22.23.252 - - [14/Nov/2019:16:19:19 +0100] "GET /reload?ser=1573744759337 HTTP/1.1" 200 28 "http://renault.activities.at/" "Mozilla/5.0 (Windows NT 6.3; WOW64; Trident/7.0; rv:11.0) like Gecko"
212.186.238.50 - - [14/Nov/2019:16:19:21 +0100] "GET /reload?ser=1573744728235 HTTP/1.1" 200 28 "http://renault.activities.at/" "Mozilla/5.0 (Windows NT 10.0; Win64; x64; rv:70.0) Gecko/20100101 Firefox/70.0"
213.153.47.173 - - [14/Nov/2019:16:19:59 +0100] "GET /reload?ser=1573744799592 HTTP/1.1" 200 28 "http://renault.activities.at/login?required=true" "Mozilla/5.0 (Windows NT 10.0; Win64; x64; rv:70.0) Gecko/20100101 Firefox/70.0"
185.22.23.252 - - [14/Nov/2019:16:20:19 +0100] "GET /reload?ser=1573744819943 HTTP/1.1" 200 28 "http://renault.activities.at/" "Mozilla/5.0 (Windows NT 6.3; WOW64; Trident/7.0; rv:11.0) like Gecko"
