212.186.238.50 - - [14/Nov/2019:16:20:22 +0100] "GET /reload?ser=1573744788874 HTTP/1.1" 200 28 "http://renault.activities.at/" "Mozilla/5.0 (Windows NT 10.0; Win64; x64; rv:70.0) Gecko/20100101 Firefox/70.0"
213.153.47.173 - - [14/Nov/2019:16:21:00 +0100] "GET /reload?ser=1573744860240 HTTP/1.1" 200 28 "http://renault.activities.at/login?required=true" "Mozilla/5.0 (Windows NT 10.0; Win64; x64; rv:70.0) Gecko/20100101 Firefox/70.0"
185.22.23.252 - - [14/Nov/2019:16:21:20 +0100] "GET /reload?ser=1573744880553 HTTP/1.1" 200 28 "http://renault.activities.at/" "Mozilla/5.0 (Windows NT 6.3; WOW64; Trident/7.0; rv:11.0) like Gecko"
212.186.238.50 - - [14/Nov/2019:16:21:22 +0100] "GET /reload?ser=1573744849504 HTTP/1.1" 200 28 "http://renault.activities.at/" "Mozilla/5.0 (Windows NT 10.0; Win64; x64; rv:70.0) Gecko/20100101 Firefox/70.0"
213.153.47.173 - - [14/Nov/2019:16:22:00 +0100] "GET /reload?ser=1573744920898 HTTP/1.1" 200 28 "http://renault.activities.at/login?required=true" "Mozilla/5.0 (Windows NT 10.0; Win64; x64; rv:70.0) Gecko/20100101 Firefox/70.0"
185.22.23.252 - - [14/Nov/2019:16:22:21 +0100] "GET /reload?ser=1573744941161 HTTP/1.1" 200 28 "http://renault.activities.at/" "Mozilla/5.0 (Windows NT 6.3; WOW64; Trident/7.0; rv:11.0) like Gecko"
213.153.47.173 - - [14/Nov/2019:16:23:01 +0100] "GET /reload?ser=1573744981547 HTTP/1.1" 200 28 "http://renault.activities.at/login?required=true" "Mozilla/5.0 (Windows NT 10.0; Win64; x64; rv:70.0) Gecko/20100101 Firefox/70.0"
185.22.23.252 - - [14/Nov/2019:16:23:21 +0100] "GET /reload?ser=1573745001769 HTTP/1.1" 200 28 "http://renault.activities.at/" "Mozilla/5.0 (Windows NT 6.3; WOW64; Trident/7.0; rv:11.0) like Gecko"
213.153.47.173 - - [14/Nov/2019:16:24:02 +0100] "GET /reload?ser=1573745042197 HTTP/1.1" 200 28 "http://renault.activities.at/login?required=true" "Mozilla/5.0 (Windows NT 10.0; Win64; x64; rv:70.0) Gecko/20100101 Firefox/70.0"
185.22.23.252 - - [14/Nov/2019:16:24:22 +0100] "GET /reload?ser=1573745062390 HTTP/1.1" 200 28 "http://renault.activities.at/" "Mozilla/5.0 (Windows NT 6.3; WOW64; Trident/7.0; rv:11.0) like Gecko"
213.153.47.173 - - [14/Nov/2019:16:25:02 +0100] "GET /reload?ser=1573745102853 HTTP/1.1" 200 28 "http://renault.activities.at/login?required=true" "Mozilla/5.0 (Windows NT 10.0; Win64; x64; rv:70.0) Gecko/20100101 Firefox/70.0"
185.22.23.252 - - [14/Nov/2019:16:25:23 +0100] "GET /reload?ser=1573745123001 HTTP/1.1" 200 28 "http://renault.activities.at/" "Mozilla/5.0 (Windows NT 6.3; WOW64; Trident/7.0; rv:11.0) like Gecko"
213.153.47.173 - - [14/Nov/2019:16:26:03 +0100] "GET /reload?ser=1573745163523 HTTP/1.1" 200 28 "http://renault.activities.at/login?required=true" "Mozilla/5.0 (Windows NT 10.0; Win64; x64; rv:70.0) Gecko/20100101 Firefox/70.0"
185.22.23.252 - - [14/Nov/2019:16:26:23 +0100] "GET /reload?ser=1573745183607 HTTP/1.1" 200 28 "http://renault.activities.at/" "Mozilla/5.0 (Windows NT 6.3; WOW64; Trident/7.0; rv:11.0) like Gecko"
213.153.47.173 - - [14/Nov/2019:16:27:04 +0100] "GET /reload?ser=1573745224180 HTTP/1.1" 200 28 "http://renault.activities.at/login?required=true" "Mozilla/5.0 (Windows NT 10.0; Win64; x64; rv:70.0) Gecko/20100101 Firefox/70.0"
185.22.23.252 - - [14/Nov/2019:16:27:24 +0100] "GET /reload?ser=1573745244216 HTTP/1.1" 200 28 "http://renault.activities.at/" "Mozilla/5.0 (Windows NT 6.3; WOW64; Trident/7.0; rv:11.0) like Gecko"
213.153.47.173 - - [14/Nov/2019:16:28:04 +0100] "GET /reload?ser=1573745284829 HTTP/1.1" 200 28 "http://renault.activities.at/login?required=true" "Mozilla/5.0 (Windows NT 10.0; Win64; x64; rv:70.0) Gecko/20100101 Firefox/70.0"
185.22.23.252 - - [14/Nov/2019:16:28:24 +0100] "GET /reload?ser=1573745304839 HTTP/1.1" 200 28 "http://renault.activities.at/" "Mozilla/5.0 (Windows NT 6.3; WOW64; Trident/7.0; rv:11.0) like Gecko"
213.153.47.173 - - [14/Nov/2019:16:29:05 +0100] "GET /reload?ser=1573745345477 HTTP/1.1" 200 28 "http://renault.activities.at/login?required=true" "Mozilla/5.0 (Windows NT 10.0; Win64; x64; rv:70.0) Gecko/20100101 Firefox/70.0"
185.22.23.252 - - [14/Nov/2019:16:29:25 +0100] "GET /reload?ser=1573745365447 HTTP/1.1" 200 28 "http://renault.activities.at/" "Mozilla/5.0 (Windows NT 6.3; WOW64; Trident/7.0; rv:11.0) like Gecko"
213.153.47.173 - - [14/Nov/2019:16:30:06 +0100] "GET /reload?ser=1573745406131 HTTP/1.1" 200 28 "http://renault.activities.at/login?required=true" "Mozilla/5.0 (Windows NT 10.0; Win64; x64; rv:70.0) Gecko/20100101 Firefox/70.0"
185.22.23.252 - - [14/Nov/2019:16:30:26 +0100] "GET /reload?ser=1573745426055 HTTP/1.1" 200 28 "http://renault.activities.at/" "Mozilla/5.0 (Windows NT 6.3; WOW64; Trident/7.0; rv:11.0) like Gecko"
213.153.47.173 - - [14/Nov/2019:16:31:06 +0100] "GET /reload?ser=1573745466785 HTTP/1.1" 200 28 "http://renault.activities.at/login?required=true" "Mozilla/5.0 (Windows NT 10.0; Win64; x64; rv:70.0) Gecko/20100101 Firefox/70.0"
185.22.23.252 - - [14/Nov/2019:16:31:26 +0100] "GET /reload?ser=1573745486679 HTTP/1.1" 200 28 "http://renault.activities.at/" "Mozilla/5.0 (Windows NT 6.3; WOW64; Trident/7.0; rv:11.0) like Gecko"
213.153.47.173 - - [14/Nov/2019:16:32:07 +0100] "GET /reload?ser=1573745527445 HTTP/1.1" 200 28 "http://renault.activities.at/login?required=true" "Mozilla/5.0 (Windows NT 10.0; Win64; x64; rv:70.0) Gecko/20100101 Firefox/70.0"
185.22.23.252 - - [14/Nov/2019:16:32:27 +0100] "GET /reload?ser=1573745547291 HTTP/1.1" 200 28 "http://renault.activities.at/" "Mozilla/5.0 (Windows NT 6.3; WOW64; Trident/7.0; rv:11.0) like Gecko"
213.153.47.173 - - [14/Nov/2019:16:33:08 +0100] "GET /reload?ser=1573745588113 HTTP/1.1" 200 28 "http://renault.activities.at/login?required=true" "Mozilla/5.0 (Windows NT 10.0; Win64; x64; rv:70.0) Gecko/20100101 Firefox/70.0"
185.22.23.252 - - [14/Nov/2019:16:33:27 +0100] "GET /reload?ser=1573745607913 HTTP/1.1" 200 28 "http://renault.activities.at/" "Mozilla/5.0 (Windows NT 6.3; WOW64; Trident/7.0; rv:11.0) like Gecko"
213.153.47.173 - - [14/Nov/2019:16:34:08 +0100] "GET /reload?ser=1573745648762 HTTP/1.1" 200 28 "http://renault.activities.at/login?required=true" "Mozilla/5.0 (Windows NT 10.0; Win64; x64; rv:70.0) Gecko/20100101 Firefox/70.0"
185.22.23.252 - - [14/Nov/2019:16:34:28 +0100] "GET /reload?ser=1573745668529 HTTP/1.1" 200 28 "http://renault.activities.at/" "Mozilla/5.0 (Windows NT 6.3; WOW64; Trident/7.0; rv:11.0) like Gecko"
213.153.47.173 - - [14/Nov/2019:16:35:09 +0100] "GET /reload?ser=1573745709401 HTTP/1.1" 200 28 "http://renault.activities.at/login?required=true" "Mozilla/5.0 (Windows NT 10.0; Win64; x64; rv:70.0) Gecko/20100101 Firefox/70.0"
185.22.23.252 - - [14/Nov/2019:16:35:29 +0100] "GET /reload?ser=1573745729135 HTTP/1.1" 200 28 "http://renault.activities.at/" "Mozilla/5.0 (Windows NT 6.3; WOW64; Trident/7.0; rv:11.0) like Gecko"
213.153.47.173 - - [14/Nov/2019:16:36:09 +0100] "GET /reload?ser=1573745770040 HTTP/1.1" 200 28 "http://renault.activities.at/login?required=true" "Mozilla/5.0 (Windows NT 10.0; Win64; x64; rv:70.0) Gecko/20100101 Firefox/70.0"
185.22.23.252 - - [14/Nov/2019:16:36:29 +0100] "GET /reload?ser=1573745789744 HTTP/1.1" 200 28 "http://renault.activities.at/" "Mozilla/5.0 (Windows NT 6.3; WOW64; Trident/7.0; rv:11.0) like Gecko"
213.153.47.173 - - [14/Nov/2019:16:37:10 +0100] "GET /reload?ser=1573745830689 HTTP/1.1" 200 28 "http://renault.activities.at/login?required=true" "Mozilla/5.0 (Windows NT 10.0; Win64; x64; rv:70.0) Gecko/20100101 Firefox/70.0"
185.22.23.252 - - [14/Nov/2019:16:37:30 +0100] "GET /reload?ser=1573745850361 HTTP/1.1" 200 28 "http://renault.activities.at/" "Mozilla/5.0 (Windows NT 6.3; WOW64; Trident/7.0; rv:11.0) like Gecko"
213.153.47.173 - - [14/Nov/2019:16:38:11 +0100] "GET /reload?ser=1573745891338 HTTP/1.1" 200 28 "http://renault.activities.at/login?required=true" "Mozilla/5.0 (Windows NT 10.0; Win64; x64; rv:70.0) Gecko/20100101 Firefox/70.0"
185.22.23.252 - - [14/Nov/2019:16:38:30 +0100] "GET /reload?ser=1573745910971 HTTP/1.1" 200 28 "http://renault.activities.at/" "Mozilla/5.0 (Windows NT 6.3; WOW64; Trident/7.0; rv:11.0) like Gecko"
213.153.47.173 - - [14/Nov/2019:16:39:11 +0100] "GET /reload?ser=1573745951980 HTTP/1.1" 200 28 "http://renault.activities.at/login?required=true" "Mozilla/5.0 (Windows NT 10.0; Win64; x64; rv:70.0) Gecko/20100101 Firefox/70.0"
185.22.23.252 - - [14/Nov/2019:16:39:31 +0100] "GET /reload?ser=1573745971576 HTTP/1.1" 200 28 "http://renault.activities.at/" "Mozilla/5.0 (Windows NT 6.3; WOW64; Trident/7.0; rv:11.0) like Gecko"
213.153.47.173 - - [14/Nov/2019:16:40:12 +0100] "GET /reload?ser=1573746012647 HTTP/1.1" 200 28 "http://renault.activities.at/login?required=true" "Mozilla/5.0 (Windows NT 10.0; Win64; x64; rv:70.0) Gecko/20100101 Firefox/70.0"
185.22.23.252 - - [14/Nov/2019:16:40:32 +0100] "GET /reload?ser=1573746032185 HTTP/1.1" 200 28 "http://renault.activities.at/" "Mozilla/5.0 (Windows NT 6.3; WOW64; Trident/7.0; rv:11.0) like Gecko"
213.153.47.173 - - [14/Nov/2019:16:41:13 +0100] "GET /reload?ser=1573746073295 HTTP/1.1" 200 28 "http://renault.activities.at/login?required=true" "Mozilla/5.0 (Windows NT 10.0; Win64; x64; rv:70.0) Gecko/20100101 Firefox/70.0"
185.22.23.252 - - [14/Nov/2019:16:41:32 +0100] "GET /reload?ser=1573746092795 HTTP/1.1" 200 28 "http://renault.activities.at/" "Mozilla/5.0 (Windows NT 6.3; WOW64; Trident/7.0; rv:11.0) like Gecko"
213.153.47.173 - - [14/Nov/2019:16:42:13 +0100] "GET /reload?ser=1573746133936 HTTP/1.1" 200 28 "http://renault.activities.at/login?required=true" "Mozilla/5.0 (Windows NT 10.0; Win64; x64; rv:70.0) Gecko/20100101 Firefox/70.0"
185.22.23.252 - - [14/Nov/2019:16:42:33 +0100] "GET /reload?ser=1573746153417 HTTP/1.1" 200 28 "http://renault.activities.at/" "Mozilla/5.0 (Windows NT 6.3; WOW64; Trident/7.0; rv:11.0) like Gecko"
213.153.47.173 - - [14/Nov/2019:16:43:14 +0100] "GET /reload?ser=1573746194585 HTTP/1.1" 200 28 "http://renault.activities.at/login?required=true" "Mozilla/5.0 (Windows NT 10.0; Win64; x64; rv:70.0) Gecko/20100101 Firefox/70.0"
185.22.23.252 - - [14/Nov/2019:16:43:34 +0100] "GET /reload?ser=1573746214041 HTTP/1.1" 200 28 "http://renault.activities.at/" "Mozilla/5.0 (Windows NT 6.3; WOW64; Trident/7.0; rv:11.0) like Gecko"
213.153.47.173 - - [14/Nov/2019:16:44:15 +0100] "GET /reload?ser=1573746255234 HTTP/1.1" 200 28 "http://renault.activities.at/login?required=true" "Mozilla/5.0 (Windows NT 10.0; Win64; x64; rv:70.0) Gecko/20100101 Firefox/70.0"
185.22.23.252 - - [14/Nov/2019:16:44:34 +0100] "GET /reload?ser=1573746274662 HTTP/1.1" 200 28 "http://renault.activities.at/" "Mozilla/5.0 (Windows NT 6.3; WOW64; Trident/7.0; rv:11.0) like Gecko"
213.153.47.173 - - [14/Nov/2019:16:45:15 +0100] "GET /reload?ser=1573746315893 HTTP/1.1" 200 28 "http://renault.activities.at/login?required=true" "Mozilla/5.0 (Windows NT 10.0; Win64; x64; rv:70.0) Gecko/20100101 Firefox/70.0"
185.22.23.252 - - [14/Nov/2019:16:45:35 +0100] "GET /reload?ser=1573746335271 HTTP/1.1" 200 28 "http://renault.activities.at/" "Mozilla/5.0 (Windows NT 6.3; WOW64; Trident/7.0; rv:11.0) like Gecko"
213.153.47.173 - - [14/Nov/2019:16:46:16 +0100] "GET /reload?ser=1573746376553 HTTP/1.1" 200 28 "http://renault.activities.at/login?required=true" "Mozilla/5.0 (Windows NT 10.0; Win64; x64; rv:70.0) Gecko/20100101 Firefox/70.0"
185.22.23.252 - - [14/Nov/2019:16:46:35 +0100] "GET /reload?ser=1573746395879 HTTP/1.1" 200 28 "http://renault.activities.at/" "Mozilla/5.0 (Windows NT 6.3; WOW64; Trident/7.0; rv:11.0) like Gecko"
213.153.47.173 - - [14/Nov/2019:16:47:17 +0100] "GET /reload?ser=1573746437202 HTTP/1.1" 200 28 "http://renault.activities.at/login?required=true" "Mozilla/5.0 (Windows NT 10.0; Win64; x64; rv:70.0) Gecko/20100101 Firefox/70.0"
185.22.23.252 - - [14/Nov/2019:16:47:36 +0100] "GET /reload?ser=1573746456489 HTTP/1.1" 200 28 "http://renault.activities.at/" "Mozilla/5.0 (Windows NT 6.3; WOW64; Trident/7.0; rv:11.0) like Gecko"
213.153.47.173 - - [14/Nov/2019:16:48:17 +0100] "GET /reload?ser=1573746497901 HTTP/1.1" 200 28 "http://renault.activities.at/login?required=true" "Mozilla/5.0 (Windows NT 10.0; Win64; x64; rv:70.0) Gecko/20100101 Firefox/70.0"
185.22.23.252 - - [14/Nov/2019:16:48:37 +0100] "GET /reload?ser=1573746517095 HTTP/1.1" 200 28 "http://renault.activities.at/" "Mozilla/5.0 (Windows NT 6.3; WOW64; Trident/7.0; rv:11.0) like Gecko"
213.153.47.173 - - [14/Nov/2019:16:49:18 +0100] "GET /reload?ser=1573746558572 HTTP/1.1" 200 28 "http://renault.activities.at/login?required=true" "Mozilla/5.0 (Windows NT 10.0; Win64; x64; rv:70.0) Gecko/20100101 Firefox/70.0"
185.22.23.252 - - [14/Nov/2019:16:49:37 +0100] "GET /reload?ser=1573746577718 HTTP/1.1" 200 28 "http://renault.activities.at/" "Mozilla/5.0 (Windows NT 6.3; WOW64; Trident/7.0; rv:11.0) like Gecko"
213.153.47.173 - - [14/Nov/2019:16:50:19 +0100] "GET /reload?ser=1573746619231 HTTP/1.1" 200 28 "http://renault.activities.at/login?required=true" "Mozilla/5.0 (Windows NT 10.0; Win64; x64; rv:70.0) Gecko/20100101 Firefox/70.0"
185.22.23.252 - - [14/Nov/2019:16:50:38 +0100] "GET /reload?ser=1573746638326 HTTP/1.1" 200 28 "http://renault.activities.at/" "Mozilla/5.0 (Windows NT 6.3; WOW64; Trident/7.0; rv:11.0) like Gecko"
213.153.47.173 - - [14/Nov/2019:16:51:19 +0100] "GET /reload?ser=1573746679879 HTTP/1.1" 200 28 "http://renault.activities.at/login?required=true" "Mozilla/5.0 (Windows NT 10.0; Win64; x64; rv:70.0) Gecko/20100101 Firefox/70.0"
185.22.23.252 - - [14/Nov/2019:16:51:38 +0100] "GET /reload?ser=1573746698934 HTTP/1.1" 200 28 "http://renault.activities.at/" "Mozilla/5.0 (Windows NT 6.3; WOW64; Trident/7.0; rv:11.0) like Gecko"
213.153.47.173 - - [14/Nov/2019:16:52:20 +0100] "GET /reload?ser=1573746740529 HTTP/1.1" 200 28 "http://renault.activities.at/login?required=true" "Mozilla/5.0 (Windows NT 10.0; Win64; x64; rv:70.0) Gecko/20100101 Firefox/70.0"
185.22.23.252 - - [14/Nov/2019:16:52:39 +0100] "GET /reload?ser=1573746759543 HTTP/1.1" 200 28 "http://renault.activities.at/" "Mozilla/5.0 (Windows NT 6.3; WOW64; Trident/7.0; rv:11.0) like Gecko"
213.153.47.173 - - [14/Nov/2019:16:53:21 +0100] "GET /reload?ser=1573746801179 HTTP/1.1" 200 28 "http://renault.activities.at/login?required=true" "Mozilla/5.0 (Windows NT 10.0; Win64; x64; rv:70.0) Gecko/20100101 Firefox/70.0"
185.22.23.252 - - [14/Nov/2019:16:53:40 +0100] "GET /reload?ser=1573746820165 HTTP/1.1" 200 28 "http://renault.activities.at/" "Mozilla/5.0 (Windows NT 6.3; WOW64; Trident/7.0; rv:11.0) like Gecko"
213.153.47.173 - - [14/Nov/2019:16:54:21 +0100] "GET /reload?ser=1573746861827 HTTP/1.1" 200 28 "http://renault.activities.at/login?required=true" "Mozilla/5.0 (Windows NT 10.0; Win64; x64; rv:70.0) Gecko/20100101 Firefox/70.0"
185.22.23.252 - - [14/Nov/2019:16:54:40 +0100] "GET /reload?ser=1573746880788 HTTP/1.1" 200 28 "http://renault.activities.at/" "Mozilla/5.0 (Windows NT 6.3; WOW64; Trident/7.0; rv:11.0) like Gecko"
185.22.23.252 - - [14/Nov/2019:16:55:41 +0100] "GET /reload?ser=1573746941402 HTTP/1.1" 200 28 "http://renault.activities.at/" "Mozilla/5.0 (Windows NT 6.3; WOW64; Trident/7.0; rv:11.0) like Gecko"
185.22.23.252 - - [14/Nov/2019:16:56:42 +0100] "GET /reload?ser=1573747002027 HTTP/1.1" 200 28 "http://renault.activities.at/" "Mozilla/5.0 (Windows NT 6.3; WOW64; Trident/7.0; rv:11.0) like Gecko"
185.22.23.252 - - [14/Nov/2019:16:57:42 +0100] "GET /reload?ser=1573747062636 HTTP/1.1" 200 28 "http://renault.activities.at/" "Mozilla/5.0 (Windows NT 6.3; WOW64; Trident/7.0; rv:11.0) like Gecko"
185.22.23.252 - - [14/Nov/2019:16:58:43 +0100] "GET /reload?ser=1573747123244 HTTP/1.1" 200 28 "http://renault.activities.at/" "Mozilla/5.0 (Windows NT 6.3; WOW64; Trident/7.0; rv:11.0) like Gecko"
185.22.23.252 - - [14/Nov/2019:16:59:43 +0100] "GET /reload?ser=1573747183861 HTTP/1.1" 200 28 "http://renault.activities.at/" "Mozilla/5.0 (Windows NT 6.3; WOW64; Trident/7.0; rv:11.0) like Gecko"
185.22.23.252 - - [14/Nov/2019:17:00:44 +0100] "GET /reload?ser=1573747244471 HTTP/1.1" 200 28 "http://renault.activities.at/" "Mozilla/5.0 (Windows NT 6.3; WOW64; Trident/7.0; rv:11.0) like Gecko"
185.22.23.252 - - [14/Nov/2019:17:01:45 +0100] "GET /reload?ser=1573747305077 HTTP/1.1" 200 28 "http://renault.activities.at/" "Mozilla/5.0 (Windows NT 6.3; WOW64; Trident/7.0; rv:11.0) like Gecko"
185.22.23.252 - - [14/Nov/2019:17:02:45 +0100] "GET /reload?ser=1573747365688 HTTP/1.1" 200 28 "http://renault.activities.at/" "Mozilla/5.0 (Windows NT 6.3; WOW64; Trident/7.0; rv:11.0) like Gecko"
185.22.23.252 - - [14/Nov/2019:17:03:46 +0100] "GET /reload?ser=1573747426315 HTTP/1.1" 200 28 "http://renault.activities.at/" "Mozilla/5.0 (Windows NT 6.3; WOW64; Trident/7.0; rv:11.0) like Gecko"
185.22.23.252 - - [14/Nov/2019:17:04:46 +0100] "GET /reload?ser=1573747486936 HTTP/1.1" 200 28 "http://renault.activities.at/" "Mozilla/5.0 (Windows NT 6.3; WOW64; Trident/7.0; rv:11.0) like Gecko"
185.22.23.252 - - [14/Nov/2019:17:05:47 +0100] "GET /reload?ser=1573747547560 HTTP/1.1" 200 28 "http://renault.activities.at/" "Mozilla/5.0 (Windows NT 6.3; WOW64; Trident/7.0; rv:11.0) like Gecko"
185.22.23.252 - - [14/Nov/2019:17:06:48 +0100] "GET /reload?ser=1573747608169 HTTP/1.1" 200 28 "http://renault.activities.at/" "Mozilla/5.0 (Windows NT 6.3; WOW64; Trident/7.0; rv:11.0) like Gecko"
185.22.23.252 - - [14/Nov/2019:17:07:48 +0100] "GET /reload?ser=1573747668779 HTTP/1.1" 200 28 "http://renault.activities.at/" "Mozilla/5.0 (Windows NT 6.3; WOW64; Trident/7.0; rv:11.0) like Gecko"
185.22.23.252 - - [14/Nov/2019:17:08:49 +0100] "GET /reload?ser=1573747729386 HTTP/1.1" 200 28 "http://renault.activities.at/" "Mozilla/5.0 (Windows NT 6.3; WOW64; Trident/7.0; rv:11.0) like Gecko"
185.22.23.252 - - [14/Nov/2019:17:09:50 +0100] "GET /reload?ser=1573747790005 HTTP/1.1" 200 28 "http://renault.activities.at/" "Mozilla/5.0 (Windows NT 6.3; WOW64; Trident/7.0; rv:11.0) like Gecko"
185.22.23.252 - - [14/Nov/2019:17:10:50 +0100] "GET /reload?ser=1573747850613 HTTP/1.1" 200 28 "http://renault.activities.at/" "Mozilla/5.0 (Windows NT 6.3; WOW64; Trident/7.0; rv:11.0) like Gecko"
185.22.23.252 - - [14/Nov/2019:17:11:51 +0100] "GET /reload?ser=1573747911235 HTTP/1.1" 200 28 "http://renault.activities.at/" "Mozilla/5.0 (Windows NT 6.3; WOW64; Trident/7.0; rv:11.0) like Gecko"
185.22.23.252 - - [14/Nov/2019:17:12:51 +0100] "GET /reload?ser=1573747971842 HTTP/1.1" 200 28 "http://renault.activities.at/" "Mozilla/5.0 (Windows NT 6.3; WOW64; Trident/7.0; rv:11.0) like Gecko"
185.22.23.252 - - [14/Nov/2019:17:13:52 +0100] "GET /reload?ser=1573748032465 HTTP/1.1" 200 28 "http://renault.activities.at/" "Mozilla/5.0 (Windows NT 6.3; WOW64; Trident/7.0; rv:11.0) like Gecko"
185.22.23.252 - - [14/Nov/2019:17:14:53 +0100] "GET /reload?ser=1573748093076 HTTP/1.1" 200 28 "http://renault.activities.at/" "Mozilla/5.0 (Windows NT 6.3; WOW64; Trident/7.0; rv:11.0) like Gecko"
185.22.23.252 - - [14/Nov/2019:17:15:53 +0100] "GET /reload?ser=1573748153681 HTTP/1.1" 200 28 "http://renault.activities.at/" "Mozilla/5.0 (Windows NT 6.3; WOW64; Trident/7.0; rv:11.0) like Gecko"
185.22.23.252 - - [14/Nov/2019:17:16:54 +0100] "GET /reload?ser=1573748214288 HTTP/1.1" 200 28 "http://renault.activities.at/" "Mozilla/5.0 (Windows NT 6.3; WOW64; Trident/7.0; rv:11.0) like Gecko"
185.22.23.252 - - [14/Nov/2019:17:17:54 +0100] "GET /reload?ser=1573748274895 HTTP/1.1" 200 28 "http://renault.activities.at/" "Mozilla/5.0 (Windows NT 6.3; WOW64; Trident/7.0; rv:11.0) like Gecko"
185.22.23.252 - - [14/Nov/2019:17:18:55 +0100] "GET /reload?ser=1573748335502 HTTP/1.1" 200 28 "http://renault.activities.at/" "Mozilla/5.0 (Windows NT 6.3; WOW64; Trident/7.0; rv:11.0) like Gecko"
185.22.23.252 - - [14/Nov/2019:17:19:56 +0100] "GET /reload?ser=1573748396110 HTTP/1.1" 200 28 "http://renault.activities.at/" "Mozilla/5.0 (Windows NT 6.3; WOW64; Trident/7.0; rv:11.0) like Gecko"
185.22.23.252 - - [14/Nov/2019:17:20:56 +0100] "GET /reload?ser=1573748456720 HTTP/1.1" 200 28 "http://renault.activities.at/" "Mozilla/5.0 (Windows NT 6.3; WOW64; Trident/7.0; rv:11.0) like Gecko"
185.22.23.252 - - [14/Nov/2019:17:21:57 +0100] "GET /reload?ser=1573748517330 HTTP/1.1" 200 28 "http://renault.activities.at/" "Mozilla/5.0 (Windows NT 6.3; WOW64; Trident/7.0; rv:11.0) like Gecko"
66.249.64.93 - - [14/Nov/2019:17:22:48 +0100] "GET /robots.txt HTTP/1.1" 404 300 "-" "Mozilla/5.0 (compatible; Googlebot/2.1; +http://www.google.com/bot.html)"
66.249.64.65 - - [14/Nov/2019:17:22:48 +0100] "GET /images/favicon.ico HTTP/1.1" 404 305 "-" "Googlebot-Image/1.0"
185.22.23.252 - - [14/Nov/2019:17:22:57 +0100] "GET /reload?ser=1573748577940 HTTP/1.1" 200 28 "http://renault.activities.at/" "Mozilla/5.0 (Windows NT 6.3; WOW64; Trident/7.0; rv:11.0) like Gecko"
185.22.23.252 - - [14/Nov/2019:17:23:58 +0100] "GET /reload?ser=1573748638548 HTTP/1.1" 200 28 "http://renault.activities.at/" "Mozilla/5.0 (Windows NT 6.3; WOW64; Trident/7.0; rv:11.0) like Gecko"
185.22.23.252 - - [14/Nov/2019:17:24:59 +0100] "GET /reload?ser=1573748699170 HTTP/1.1" 200 28 "http://renault.activities.at/" "Mozilla/5.0 (Windows NT 6.3; WOW64; Trident/7.0; rv:11.0) like Gecko"
185.22.23.252 - - [14/Nov/2019:17:25:59 +0100] "GET /reload?ser=1573748759780 HTTP/1.1" 200 28 "http://renault.activities.at/" "Mozilla/5.0 (Windows NT 6.3; WOW64; Trident/7.0; rv:11.0) like Gecko"
185.22.23.252 - - [14/Nov/2019:17:27:00 +0100] "GET /reload?ser=1573748820389 HTTP/1.1" 200 28 "http://renault.activities.at/" "Mozilla/5.0 (Windows NT 6.3; WOW64; Trident/7.0; rv:11.0) like Gecko"
185.22.23.252 - - [14/Nov/2019:17:28:00 +0100] "GET /reload?ser=1573748880999 HTTP/1.1" 200 28 "http://renault.activities.at/" "Mozilla/5.0 (Windows NT 6.3; WOW64; Trident/7.0; rv:11.0) like Gecko"
185.22.23.252 - - [14/Nov/2019:17:29:01 +0100] "GET /reload?ser=1573748941609 HTTP/1.1" 200 28 "http://renault.activities.at/" "Mozilla/5.0 (Windows NT 6.3; WOW64; Trident/7.0; rv:11.0) like Gecko"
185.22.23.252 - - [14/Nov/2019:17:30:02 +0100] "GET /reload?ser=1573749002232 HTTP/1.1" 200 28 "http://renault.activities.at/" "Mozilla/5.0 (Windows NT 6.3; WOW64; Trident/7.0; rv:11.0) like Gecko"
185.22.23.252 - - [14/Nov/2019:17:31:02 +0100] "GET /reload?ser=1573749062855 HTTP/1.1" 200 28 "http://renault.activities.at/" "Mozilla/5.0 (Windows NT 6.3; WOW64; Trident/7.0; rv:11.0) like Gecko"
185.22.23.252 - - [14/Nov/2019:17:32:03 +0100] "GET /reload?ser=1573749123478 HTTP/1.1" 200 28 "http://renault.activities.at/" "Mozilla/5.0 (Windows NT 6.3; WOW64; Trident/7.0; rv:11.0) like Gecko"
185.22.23.252 - - [14/Nov/2019:17:33:04 +0100] "GET /reload?ser=1573749184089 HTTP/1.1" 200 28 "http://renault.activities.at/" "Mozilla/5.0 (Windows NT 6.3; WOW64; Trident/7.0; rv:11.0) like Gecko"
185.22.23.252 - - [14/Nov/2019:17:34:04 +0100] "GET /reload?ser=1573749244696 HTTP/1.1" 200 28 "http://renault.activities.at/" "Mozilla/5.0 (Windows NT 6.3; WOW64; Trident/7.0; rv:11.0) like Gecko"
157.55.39.207 - - [14/Nov/2019:17:34:05 +0100] "GET /10260003 HTTP/1.1" 200 6560 "-" "Mozilla/5.0 (compatible; bingbot/2.0; +http://www.bing.com/bingbot.htm)"
40.77.190.95 - - [14/Nov/2019:17:34:10 +0100] "GET /js/prototip.js HTTP/1.1" 200 9211 "-" "Mozilla/5.0 (Windows NT 6.1; WOW64) AppleWebKit/534+ (KHTML, like Gecko) BingPreview/1.0b"
40.77.191.78 - - [14/Nov/2019:17:34:12 +0100] "GET /loadthumbnail.php?id=10201939&width=15&height=15 HTTP/1.1" 200 218 "-" "Mozilla/5.0 (Windows NT 6.1; WOW64) AppleWebKit/534+ (KHTML, like Gecko) BingPreview/1.0b"
40.77.188.214 - - [14/Nov/2019:17:34:12 +0100] "GET /loadthumbnail.php?id=11075492&width=113 HTTP/1.1" 200 2473 "-" "Mozilla/5.0 (Windows NT 6.1; WOW64) AppleWebKit/534+ (KHTML, like Gecko) BingPreview/1.0b"
40.77.190.104 - - [14/Nov/2019:17:34:13 +0100] "GET /loadthumbnail.php?id=11255648&width=113 HTTP/1.1" 200 1443 "-" "Mozilla/5.0 (Windows NT 6.1; WOW64) AppleWebKit/534+ (KHTML, like Gecko) BingPreview/1.0b"
185.22.23.252 - - [14/Nov/2019:17:35:05 +0100] "GET /reload?ser=1573749305303 HTTP/1.1" 200 28 "http://renault.activities.at/" "Mozilla/5.0 (Windows NT 6.3; WOW64; Trident/7.0; rv:11.0) like Gecko"
185.22.23.252 - - [14/Nov/2019:17:36:05 +0100] "GET /reload?ser=1573749365924 HTTP/1.1" 200 28 "http://renault.activities.at/" "Mozilla/5.0 (Windows NT 6.3; WOW64; Trident/7.0; rv:11.0) like Gecko"
185.22.23.252 - - [14/Nov/2019:17:37:06 +0100] "GET /reload?ser=1573749426532 HTTP/1.1" 200 28 "http://renault.activities.at/" "Mozilla/5.0 (Windows NT 6.3; WOW64; Trident/7.0; rv:11.0) like Gecko"
185.22.23.252 - - [14/Nov/2019:17:38:07 +0100] "GET /reload?ser=1573749487153 HTTP/1.1" 200 28 "http://renault.activities.at/" "Mozilla/5.0 (Windows NT 6.3; WOW64; Trident/7.0; rv:11.0) like Gecko"
185.22.23.252 - - [14/Nov/2019:17:39:07 +0100] "GET /reload?ser=1573749547760 HTTP/1.1" 200 28 "http://renault.activities.at/" "Mozilla/5.0 (Windows NT 6.3; WOW64; Trident/7.0; rv:11.0) like Gecko"
185.22.23.252 - - [14/Nov/2019:17:40:08 +0100] "GET /reload?ser=1573749608377 HTTP/1.1" 200 28 "http://renault.activities.at/" "Mozilla/5.0 (Windows NT 6.3; WOW64; Trident/7.0; rv:11.0) like Gecko"
185.22.23.252 - - [14/Nov/2019:17:41:08 +0100] "GET /reload?ser=1573749668986 HTTP/1.1" 200 28 "http://renault.activities.at/" "Mozilla/5.0 (Windows NT 6.3; WOW64; Trident/7.0; rv:11.0) like Gecko"
185.22.23.252 - - [14/Nov/2019:17:42:09 +0100] "GET /reload?ser=1573749729594 HTTP/1.1" 200 28 "http://renault.activities.at/" "Mozilla/5.0 (Windows NT 6.3; WOW64; Trident/7.0; rv:11.0) like Gecko"
185.22.23.252 - - [14/Nov/2019:17:43:10 +0100] "GET /reload?ser=1573749790200 HTTP/1.1" 200 28 "http://renault.activities.at/" "Mozilla/5.0 (Windows NT 6.3; WOW64; Trident/7.0; rv:11.0) like Gecko"
185.22.23.252 - - [14/Nov/2019:17:44:10 +0100] "GET /reload?ser=1573749850807 HTTP/1.1" 200 28 "http://renault.activities.at/" "Mozilla/5.0 (Windows NT 6.3; WOW64; Trident/7.0; rv:11.0) like Gecko"
185.22.23.252 - - [14/Nov/2019:17:45:11 +0100] "GET /reload?ser=1573749911416 HTTP/1.1" 200 28 "http://renault.activities.at/" "Mozilla/5.0 (Windows NT 6.3; WOW64; Trident/7.0; rv:11.0) like Gecko"
185.22.23.252 - - [14/Nov/2019:17:46:12 +0100] "GET /reload?ser=1573749972039 HTTP/1.1" 200 28 "http://renault.activities.at/" "Mozilla/5.0 (Windows NT 6.3; WOW64; Trident/7.0; rv:11.0) like Gecko"
185.22.23.252 - - [14/Nov/2019:17:47:12 +0100] "GET /reload?ser=1573750032658 HTTP/1.1" 200 28 "http://renault.activities.at/" "Mozilla/5.0 (Windows NT 6.3; WOW64; Trident/7.0; rv:11.0) like Gecko"
185.22.23.252 - - [14/Nov/2019:17:48:13 +0100] "GET /reload?ser=1573750093271 HTTP/1.1" 200 28 "http://renault.activities.at/" "Mozilla/5.0 (Windows NT 6.3; WOW64; Trident/7.0; rv:11.0) like Gecko"
185.22.23.252 - - [14/Nov/2019:17:49:13 +0100] "GET /reload?ser=1573750153881 HTTP/1.1" 200 28 "http://renault.activities.at/" "Mozilla/5.0 (Windows NT 6.3; WOW64; Trident/7.0; rv:11.0) like Gecko"
185.22.23.252 - - [14/Nov/2019:17:50:14 +0100] "GET /reload?ser=1573750214506 HTTP/1.1" 200 28 "http://renault.activities.at/" "Mozilla/5.0 (Windows NT 6.3; WOW64; Trident/7.0; rv:11.0) like Gecko"
185.22.23.252 - - [14/Nov/2019:17:51:15 +0100] "GET /reload?ser=1573750275117 HTTP/1.1" 200 28 "http://renault.activities.at/" "Mozilla/5.0 (Windows NT 6.3; WOW64; Trident/7.0; rv:11.0) like Gecko"
185.22.23.252 - - [14/Nov/2019:17:52:15 +0100] "GET /reload?ser=1573750335727 HTTP/1.1" 200 28 "http://renault.activities.at/" "Mozilla/5.0 (Windows NT 6.3; WOW64; Trident/7.0; rv:11.0) like Gecko"
185.22.23.252 - - [14/Nov/2019:17:53:16 +0100] "GET /reload?ser=1573750396338 HTTP/1.1" 200 28 "http://renault.activities.at/" "Mozilla/5.0 (Windows NT 6.3; WOW64; Trident/7.0; rv:11.0) like Gecko"
40.77.167.142 - - [14/Nov/2019:17:53:56 +0100] "GET /cart HTTP/1.1" 200 1714 "-" "Mozilla/5.0 (compatible; bingbot/2.0; +http://www.bing.com/bingbot.htm)"
185.22.23.252 - - [14/Nov/2019:17:54:16 +0100] "GET /reload?ser=1573750456949 HTTP/1.1" 200 28 "http://renault.activities.at/" "Mozilla/5.0 (Windows NT 6.3; WOW64; Trident/7.0; rv:11.0) like Gecko"
185.22.23.252 - - [14/Nov/2019:17:55:17 +0100] "GET /reload?ser=1573750517559 HTTP/1.1" 200 28 "http://renault.activities.at/" "Mozilla/5.0 (Windows NT 6.3; WOW64; Trident/7.0; rv:11.0) like Gecko"
185.22.23.252 - - [14/Nov/2019:17:56:18 +0100] "GET /reload?ser=1573750578168 HTTP/1.1" 200 28 "http://renault.activities.at/" "Mozilla/5.0 (Windows NT 6.3; WOW64; Trident/7.0; rv:11.0) like Gecko"
185.22.23.252 - - [14/Nov/2019:17:57:18 +0100] "GET /reload?ser=1573750638779 HTTP/1.1" 200 28 "http://renault.activities.at/" "Mozilla/5.0 (Windows NT 6.3; WOW64; Trident/7.0; rv:11.0) like Gecko"
185.22.23.252 - - [14/Nov/2019:17:58:19 +0100] "GET /reload?ser=1573750699405 HTTP/1.1" 200 28 "http://renault.activities.at/" "Mozilla/5.0 (Windows NT 6.3; WOW64; Trident/7.0; rv:11.0) like Gecko"
185.22.23.252 - - [14/Nov/2019:17:59:20 +0100] "GET /reload?ser=1573750760033 HTTP/1.1" 200 28 "http://renault.activities.at/" "Mozilla/5.0 (Windows NT 6.3; WOW64; Trident/7.0; rv:11.0) like Gecko"
185.22.23.252 - - [14/Nov/2019:18:00:20 +0100] "GET /reload?ser=1573750820643 HTTP/1.1" 200 28 "http://renault.activities.at/" "Mozilla/5.0 (Windows NT 6.3; WOW64; Trident/7.0; rv:11.0) like Gecko"
185.22.23.252 - - [14/Nov/2019:18:01:21 +0100] "GET /reload?ser=1573750881254 HTTP/1.1" 200 28 "http://renault.activities.at/" "Mozilla/5.0 (Windows NT 6.3; WOW64; Trident/7.0; rv:11.0) like Gecko"
185.22.23.252 - - [14/Nov/2019:18:02:21 +0100] "GET /reload?ser=1573750941875 HTTP/1.1" 200 28 "http://renault.activities.at/" "Mozilla/5.0 (Windows NT 6.3; WOW64; Trident/7.0; rv:11.0) like Gecko"
185.22.23.252 - - [14/Nov/2019:18:03:22 +0100] "GET /reload?ser=1573751002509 HTTP/1.1" 200 28 "http://renault.activities.at/" "Mozilla/5.0 (Windows NT 6.3; WOW64; Trident/7.0; rv:11.0) like Gecko"
185.22.23.252 - - [14/Nov/2019:18:04:23 +0100] "GET /reload?ser=1573751063127 HTTP/1.1" 200 28 "http://renault.activities.at/" "Mozilla/5.0 (Windows NT 6.3; WOW64; Trident/7.0; rv:11.0) like Gecko"
185.22.23.252 - - [14/Nov/2019:18:05:23 +0100] "GET /reload?ser=1573751123747 HTTP/1.1" 200 28 "http://renault.activities.at/" "Mozilla/5.0 (Windows NT 6.3; WOW64; Trident/7.0; rv:11.0) like Gecko"
185.22.23.252 - - [14/Nov/2019:18:06:24 +0100] "GET /reload?ser=1573751184366 HTTP/1.1" 200 28 "http://renault.activities.at/" "Mozilla/5.0 (Windows NT 6.3; WOW64; Trident/7.0; rv:11.0) like Gecko"
66.249.64.65 - - [14/Nov/2019:18:15:38 +0100] "GET /favicon.ico HTTP/1.1" 200 3250 "-" "Googlebot-Image/1.0"
157.55.39.37 - - [14/Nov/2019:18:46:02 +0100] "GET /robots.txt HTTP/1.1" 404 300 "-" "Mozilla/5.0 (compatible; bingbot/2.0; +http://www.bing.com/bingbot.htm)"
40.77.167.141 - - [14/Nov/2019:18:46:13 +0100] "GET /10260003?cat=10260300 HTTP/1.1" 200 6363 "-" "Mozilla/5.0 (compatible; bingbot/2.0; +http://www.bing.com/bingbot.htm)"
40.77.191.64 - - [14/Nov/2019:18:46:19 +0100] "GET /loadthumbnail.php?id=11036124&width=113 HTTP/1.1" 200 1518 "-" "Mozilla/5.0 (Windows NT 6.1; WOW64) AppleWebKit/534+ (KHTML, like Gecko) BingPreview/1.0b"
40.77.190.29 - - [14/Nov/2019:18:46:19 +0100] "GET /loadthumbnail.php?id=10260861&width=113 HTTP/1.1" 200 1400 "-" "Mozilla/5.0 (Windows NT 6.1; WOW64) AppleWebKit/534+ (KHTML, like Gecko) BingPreview/1.0b"
40.77.191.64 - - [14/Nov/2019:18:46:20 +0100] "GET /loadthumbnail.php?id=11885850&width=113 HTTP/1.1" 200 1674 "-" "Mozilla/5.0 (Windows NT 6.1; WOW64) AppleWebKit/534+ (KHTML, like Gecko) BingPreview/1.0b"
40.77.189.236 - - [14/Nov/2019:18:46:21 +0100] "GET /loadthumbnail.php?id=10260875&width=113 HTTP/1.1" 200 1400 "-" "Mozilla/5.0 (Windows NT 6.1; WOW64) AppleWebKit/534+ (KHTML, like Gecko) BingPreview/1.0b"
66.249.64.93 - - [14/Nov/2019:19:14:34 +0100] "GET /favicon.ico HTTP/1.1" 200 3250 "-" "Googlebot-Image/1.0"
66.249.64.93 - - [14/Nov/2019:19:24:09 +0100] "GET /images/favicon.ico HTTP/1.1" 404 305 "-" "Googlebot-Image/1.0"
66.249.64.95 - - [14/Nov/2019:19:24:38 +0100] "GET /images/favicon.ico HTTP/1.1" 404 305 "-" "Googlebot-Image/1.0"
40.77.167.146 - - [14/Nov/2019:20:54:25 +0100] "GET /10260003?mode=grid&cat=10260286 HTTP/1.1" 200 3604 "-" "Mozilla/5.0 (compatible; bingbot/2.0; +http://www.bing.com/bingbot.htm)"
157.55.39.37 - - [14/Nov/2019:23:10:16 +0100] "GET /robots.txt HTTP/1.1" 404 300 "-" "Mozilla/5.0 (compatible; bingbot/2.0; +http://www.bing.com/bingbot.htm)"
157.55.39.158 - - [14/Nov/2019:23:10:22 +0100] "GET /10260003?dir=ASC&mode=grid&order=name&limit=15&page=1&cat=10260003 HTTP/1.1" 200 6621 "-" "Mozilla/5.0 (compatible; bingbot/2.0; +http://www.bing.com/bingbot.htm)"
157.55.39.37 - - [15/Nov/2019:00:10:13 +0100] "GET /robots.txt HTTP/1.1" 404 300 "-" "Mozilla/5.0 (compatible; bingbot/2.0; +http://www.bing.com/bingbot.htm)"
157.55.39.158 - - [15/Nov/2019:00:10:20 +0100] "GET /10260004?mode=list HTTP/1.1" 200 5221 "-" "Mozilla/5.0 (compatible; bingbot/2.0; +http://www.bing.com/bingbot.htm)"