212.152.246.134 - - [26/Nov/2019:09:35:05 +0100] "GET /images/sidebar_title_border_top.gif HTTP/1.1" 200 155 "http://renault.activities.at/account" "Mozilla/5.0 (Windows NT 6.1; WOW64; Trident/7.0; rv:11.0) like Gecko"
212.152.246.134 - - [26/Nov/2019:09:35:05 +0100] "GET /images/sidebar_title_corner_right_top.gif HTTP/1.1" 200 383 "http://renault.activities.at/account" "Mozilla/5.0 (Windows NT 6.1; WOW64; Trident/7.0; rv:11.0) like Gecko"
212.152.246.134 - - [26/Nov/2019:09:35:05 +0100] "GET /images/button_bg.gif HTTP/1.1" 304 - "http://renault.activities.at/account" "Mozilla/5.0 (Windows NT 6.1; WOW64; Trident/7.0; rv:11.0) like Gecko"
212.152.246.134 - - [26/Nov/2019:09:35:05 +0100] "GET /images/button_right_bg.gif HTTP/1.1" 304 - "http://renault.activities.at/account" "Mozilla/5.0 (Windows NT 6.1; WOW64; Trident/7.0; rv:11.0) like Gecko"
212.152.246.134 - - [26/Nov/2019:09:35:05 +0100] "GET /images/title_border.jpg HTTP/1.1" 304 - "http://renault.activities.at/account" "Mozilla/5.0 (Windows NT 6.1; WOW64; Trident/7.0; rv:11.0) like Gecko"
212.152.246.134 - - [26/Nov/2019:09:35:05 +0100] "GET /images/sidebar_title_corner_left_top.gif HTTP/1.1" 200 1124 "http://renault.activities.at/account" "Mozilla/5.0 (Windows NT 6.1; WOW64; Trident/7.0; rv:11.0) like Gecko"
212.152.246.134 - - [26/Nov/2019:09:35:05 +0100] "GET /images/title_border_top.jpg HTTP/1.1" 304 - "http://renault.activities.at/account" "Mozilla/5.0 (Windows NT 6.1; WOW64; Trident/7.0; rv:11.0) like Gecko"
212.152.246.134 - - [26/Nov/2019:09:35:05 +0100] "GET /images/footer_divider.gif HTTP/1.1" 200 44 "http://renault.activities.at/account" "Mozilla/5.0 (Windows NT 6.1; WOW64; Trident/7.0; rv:11.0) like Gecko"
212.152.246.134 - - [26/Nov/2019:09:35:05 +0100] "GET /images/title_corner_left_top.jpg HTTP/1.1" 304 - "http://renault.activities.at/account" "Mozilla/5.0 (Windows NT 6.1; WOW64; Trident/7.0; rv:11.0) like Gecko"
212.152.246.134 - - [26/Nov/2019:09:35:05 +0100] "GET /images/title_corner_right_top.jpg HTTP/1.1" 304 - "http://renault.activities.at/account" "Mozilla/5.0 (Windows NT 6.1; WOW64; Trident/7.0; rv:11.0) like Gecko"
213.153.47.173 - - [26/Nov/2019:09:35:10 +0100] "GET /reload?ser=1574757310080 HTTP/1.1" 200 28 "http://renault.activities.at/login?required=true" "Mozilla/5.0 (Windows NT 10.0; Win64; x64; rv:70.0) Gecko/20100101 Firefox/70.0"
212.152.246.134 - - [26/Nov/2019:09:35:10 +0100] "GET /12131872 HTTP/1.1" 200 5835 "http://renault.activities.at/account" "Mozilla/5.0 (Windows NT 6.1; WOW64; Trident/7.0; rv:11.0) like Gecko"
212.152.246.134 - - [26/Nov/2019:09:35:13 +0100] "GET /js/default.js HTTP/1.1" 304 - "http://renault.activities.at/12131872" "Mozilla/5.0 (Windows NT 6.1; WOW64; Trident/7.0; rv:11.0) like Gecko"
212.152.246.134 - - [26/Nov/2019:09:35:13 +0100] "GET /css/reset.css HTTP/1.1" 304 - "http://renault.activities.at/12131872" "Mozilla/5.0 (Windows NT 6.1; WOW64; Trident/7.0; rv:11.0) like Gecko"
212.152.246.134 - - [26/Nov/2019:09:35:13 +0100] "GET /css/styles.css HTTP/1.1" 304 - "http://renault.activities.at/12131872" "Mozilla/5.0 (Windows NT 6.1; WOW64; Trident/7.0; rv:11.0) like Gecko"
212.152.246.134 - - [26/Nov/2019:09:35:13 +0100] "GET /js/checkout.css HTTP/1.1" 304 - "http://renault.activities.at/12131872" "Mozilla/5.0 (Windows NT 6.1; WOW64; Trident/7.0; rv:11.0) like Gecko"
212.152.246.134 - - [26/Nov/2019:09:35:13 +0100] "GET /css/print.css HTTP/1.1" 304 - "http://renault.activities.at/12131872" "Mozilla/5.0 (Windows NT 6.1; WOW64; Trident/7.0; rv:11.0) like Gecko"
212.152.246.134 - - [26/Nov/2019:09:35:13 +0100] "GET /css/clears.css HTTP/1.1" 304 - "http://renault.activities.at/12131872" "Mozilla/5.0 (Windows NT 6.1; WOW64; Trident/7.0; rv:11.0) like Gecko"
212.152.246.134 - - [26/Nov/2019:09:35:13 +0100] "GET /css/prototip.css HTTP/1.1" 304 - "http://renault.activities.at/12131872" "Mozilla/5.0 (Windows NT 6.1; WOW64; Trident/7.0; rv:11.0) like Gecko"
212.152.246.134 - - [26/Nov/2019:09:35:13 +0100] "GET /css/themes/alphacube.css HTTP/1.1" 304 - "http://renault.activities.at/12131872" "Mozilla/5.0 (Windows NT 6.1; WOW64; Trident/7.0; rv:11.0) like Gecko"
212.152.246.134 - - [26/Nov/2019:09:35:13 +0100] "GET /css/themes/default.css HTTP/1.1" 304 - "http://renault.activities.at/12131872" "Mozilla/5.0 (Windows NT 6.1; WOW64; Trident/7.0; rv:11.0) like Gecko"
212.152.246.134 - - [26/Nov/2019:09:35:13 +0100] "GET /images/icons/lupe.gif HTTP/1.1" 200 324 "http://renault.activities.at/12131872" "Mozilla/5.0 (Windows NT 6.1; WOW64; Trident/7.0; rv:11.0) like Gecko"
212.152.246.134 - - [26/Nov/2019:09:35:13 +0100] "GET /images/header_block_corner_left_top.gif HTTP/1.1" 304 - "http://renault.activities.at/12131872" "Mozilla/5.0 (Windows NT 6.1; WOW64; Trident/7.0; rv:11.0) like Gecko"
212.152.246.134 - - [26/Nov/2019:09:35:13 +0100] "GET /images/header_block_corner_right_top.gif HTTP/1.1" 304 - "http://renault.activities.at/12131872" "Mozilla/5.0 (Windows NT 6.1; WOW64; Trident/7.0; rv:11.0) like Gecko"
212.152.246.134 - - [26/Nov/2019:09:35:13 +0100] "GET /images/search_bg.gif HTTP/1.1" 304 - "http://renault.activities.at/12131872" "Mozilla/5.0 (Windows NT 6.1; WOW64; Trident/7.0; rv:11.0) like Gecko"
212.152.246.134 - - [26/Nov/2019:09:35:13 +0100] "GET /images/main_block_corner_left_top.gif HTTP/1.1" 304 - "http://renault.activities.at/12131872" "Mozilla/5.0 (Windows NT 6.1; WOW64; Trident/7.0; rv:11.0) like Gecko"
212.152.246.134 - - [26/Nov/2019:09:35:13 +0100] "GET /images/main_block_corner_right_top.gif HTTP/1.1" 304 - "http://renault.activities.at/12131872" "Mozilla/5.0 (Windows NT 6.1; WOW64; Trident/7.0; rv:11.0) like Gecko"
212.152.246.134 - - [26/Nov/2019:09:35:13 +0100] "GET /images/main_block_border.gif HTTP/1.1" 304 - "http://renault.activities.at/12131872" "Mozilla/5.0 (Windows NT 6.1; WOW64; Trident/7.0; rv:11.0) like Gecko"
212.152.246.134 - - [26/Nov/2019:09:35:13 +0100] "GET /images/main_block_corner_left_bot.gif HTTP/1.1" 304 - "http://renault.activities.at/12131872" "Mozilla/5.0 (Windows NT 6.1; WOW64; Trident/7.0; rv:11.0) like Gecko"
212.152.246.134 - - [26/Nov/2019:09:35:13 +0100] "GET /images/header_block_border.gif HTTP/1.1" 304 - "http://renault.activities.at/12131872" "Mozilla/5.0 (Windows NT 6.1; WOW64; Trident/7.0; rv:11.0) like Gecko"
212.152.246.134 - - [26/Nov/2019:09:35:13 +0100] "GET /images/main_block_corner_right_bot.gif HTTP/1.1" 304 - "http://renault.activities.at/12131872" "Mozilla/5.0 (Windows NT 6.1; WOW64; Trident/7.0; rv:11.0) like Gecko"
212.152.246.134 - - [26/Nov/2019:09:35:13 +0100] "GET /images/title_corner_left_top.jpg HTTP/1.1" 304 - "http://renault.activities.at/12131872" "Mozilla/5.0 (Windows NT 6.1; WOW64; Trident/7.0; rv:11.0) like Gecko"
212.152.246.134 - - [26/Nov/2019:09:35:13 +0100] "GET /images/title_corner_right_top.jpg HTTP/1.1" 304 - "http://renault.activities.at/12131872" "Mozilla/5.0 (Windows NT 6.1; WOW64; Trident/7.0; rv:11.0) like Gecko"
212.152.246.134 - - [26/Nov/2019:09:35:13 +0100] "GET /images/footer_divider.gif HTTP/1.1" 304 - "http://renault.activities.at/12131872" "Mozilla/5.0 (Windows NT 6.1; WOW64; Trident/7.0; rv:11.0) like Gecko"
212.152.246.134 - - [26/Nov/2019:09:35:13 +0100] "GET /images/sidebar_title_corner_left_top.gif HTTP/1.1" 304 - "http://renault.activities.at/12131872" "Mozilla/5.0 (Windows NT 6.1; WOW64; Trident/7.0; rv:11.0) like Gecko"
212.152.246.134 - - [26/Nov/2019:09:35:13 +0100] "GET /images/pager_bg.gif HTTP/1.1" 200 150 "http://renault.activities.at/12131872" "Mozilla/5.0 (Windows NT 6.1; WOW64; Trident/7.0; rv:11.0) like Gecko"
212.152.246.134 - - [26/Nov/2019:09:35:13 +0100] "GET /images/title_border_top.jpg HTTP/1.1" 304 - "http://renault.activities.at/12131872" "Mozilla/5.0 (Windows NT 6.1; WOW64; Trident/7.0; rv:11.0) like Gecko"
212.152.246.134 - - [26/Nov/2019:09:35:13 +0100] "GET /images/title_border.jpg HTTP/1.1" 304 - "http://renault.activities.at/12131872" "Mozilla/5.0 (Windows NT 6.1; WOW64; Trident/7.0; rv:11.0) like Gecko"
212.152.246.134 - - [26/Nov/2019:09:35:13 +0100] "GET /images/sidebar_title_corner_right_top.gif HTTP/1.1" 304 - "http://renault.activities.at/12131872" "Mozilla/5.0 (Windows NT 6.1; WOW64; Trident/7.0; rv:11.0) like Gecko"
212.152.246.134 - - [26/Nov/2019:09:35:13 +0100] "GET /images/button_bg.gif HTTP/1.1" 304 - "http://renault.activities.at/12131872" "Mozilla/5.0 (Windows NT 6.1; WOW64; Trident/7.0; rv:11.0) like Gecko"
212.152.246.134 - - [26/Nov/2019:09:35:13 +0100] "GET /images/menu_divider.gif HTTP/1.1" 304 - "http://renault.activities.at/12131872" "Mozilla/5.0 (Windows NT 6.1; WOW64; Trident/7.0; rv:11.0) like Gecko"
212.152.246.134 - - [26/Nov/2019:09:35:13 +0100] "GET /images/top_links_divider.gif HTTP/1.1" 304 - "http://renault.activities.at/12131872" "Mozilla/5.0 (Windows NT 6.1; WOW64; Trident/7.0; rv:11.0) like Gecko"
212.152.246.134 - - [26/Nov/2019:09:35:13 +0100] "GET /images/button_right_bg.gif HTTP/1.1" 304 - "http://renault.activities.at/12131872" "Mozilla/5.0 (Windows NT 6.1; WOW64; Trident/7.0; rv:11.0) like Gecko"
212.152.246.134 - - [26/Nov/2019:09:35:13 +0100] "GET /images/button_left_bg.gif HTTP/1.1" 304 - "http://renault.activities.at/12131872" "Mozilla/5.0 (Windows NT 6.1; WOW64; Trident/7.0; rv:11.0) like Gecko"
212.152.246.134 - - [26/Nov/2019:09:35:13 +0100] "GET /images/sidebar_title_border.gif HTTP/1.1" 304 - "http://renault.activities.at/12131872" "Mozilla/5.0 (Windows NT 6.1; WOW64; Trident/7.0; rv:11.0) like Gecko"
212.152.246.134 - - [26/Nov/2019:09:35:13 +0100] "GET /images/sidebar_title_border_top.gif HTTP/1.1" 304 - "http://renault.activities.at/12131872" "Mozilla/5.0 (Windows NT 6.1; WOW64; Trident/7.0; rv:11.0) like Gecko"
212.152.246.134 - - [26/Nov/2019:09:35:13 +0100] "GET /images/nav_divider.gif HTTP/1.1" 304 - "http://renault.activities.at/12131872" "Mozilla/5.0 (Windows NT 6.1; WOW64; Trident/7.0; rv:11.0) like Gecko"
212.152.246.134 - - [26/Nov/2019:09:35:13 +0100] "GET /images/menu_button_bg.jpg HTTP/1.1" 304 - "http://renault.activities.at/12131872" "Mozilla/5.0 (Windows NT 6.1; WOW64; Trident/7.0; rv:11.0) like Gecko"
213.153.47.173 - - [26/Nov/2019:09:35:25 +0100] "GET /reload?ser=1574757325288 HTTP/1.1" 200 28 "http://renault.activities.at/login?required=true" "Mozilla/5.0 (Windows NT 10.0; Win64; x64; rv:70.0) Gecko/20100101 Firefox/70.0"
212.152.246.134 - - [26/Nov/2019:09:35:26 +0100] "GET /checkout HTTP/1.1" 200 20291 "http://renault.activities.at/12131872" "Mozilla/5.0 (Windows NT 6.1; WOW64; Trident/7.0; rv:11.0) like Gecko"
212.152.246.134 - - [26/Nov/2019:09:35:31 +0100] "GET /js/default.js HTTP/1.1" 304 - "http://renault.activities.at/checkout" "Mozilla/5.0 (Windows NT 6.1; WOW64; Trident/7.0; rv:11.0) like Gecko"
212.152.246.134 - - [26/Nov/2019:09:35:31 +0100] "GET /css/reset.css HTTP/1.1" 304 - "http://renault.activities.at/checkout" "Mozilla/5.0 (Windows NT 6.1; WOW64; Trident/7.0; rv:11.0) like Gecko"
212.152.246.134 - - [26/Nov/2019:09:35:31 +0100] "GET /css/styles.css HTTP/1.1" 304 - "http://renault.activities.at/checkout" "Mozilla/5.0 (Windows NT 6.1; WOW64; Trident/7.0; rv:11.0) like Gecko"
212.152.246.134 - - [26/Nov/2019:09:35:31 +0100] "GET /css/print.css HTTP/1.1" 304 - "http://renault.activities.at/checkout" "Mozilla/5.0 (Windows NT 6.1; WOW64; Trident/7.0; rv:11.0) like Gecko"
212.152.246.134 - - [26/Nov/2019:09:35:31 +0100] "GET /css/clears.css HTTP/1.1" 304 - "http://renault.activities.at/checkout" "Mozilla/5.0 (Windows NT 6.1; WOW64; Trident/7.0; rv:11.0) like Gecko"
212.152.246.134 - - [26/Nov/2019:09:35:31 +0100] "GET /js/checkout.css HTTP/1.1" 304 - "http://renault.activities.at/checkout" "Mozilla/5.0 (Windows NT 6.1; WOW64; Trident/7.0; rv:11.0) like Gecko"
212.152.246.134 - - [26/Nov/2019:09:35:31 +0100] "GET /css/prototip.css HTTP/1.1" 304 - "http://renault.activities.at/checkout" "Mozilla/5.0 (Windows NT 6.1; WOW64; Trident/7.0; rv:11.0) like Gecko"
212.152.246.134 - - [26/Nov/2019:09:35:31 +0100] "GET /css/themes/alphacube.css HTTP/1.1" 304 - "http://renault.activities.at/checkout" "Mozilla/5.0 (Windows NT 6.1; WOW64; Trident/7.0; rv:11.0) like Gecko"
212.152.246.134 - - [26/Nov/2019:09:35:31 +0100] "GET /css/themes/default.css HTTP/1.1" 304 - "http://renault.activities.at/checkout" "Mozilla/5.0 (Windows NT 6.1; WOW64; Trident/7.0; rv:11.0) like Gecko"
212.152.246.134 - - [26/Nov/2019:09:35:31 +0100] "GET /images/ajax_loading.gif HTTP/1.1" 200 1542 "http://renault.activities.at/checkout" "Mozilla/5.0 (Windows NT 6.1; WOW64; Trident/7.0; rv:11.0) like Gecko"
212.152.246.134 - - [26/Nov/2019:09:35:31 +0100] "GET /js/checkout2.js HTTP/1.1" 200 4122 "http://renault.activities.at/checkout" "Mozilla/5.0 (Windows NT 6.1; WOW64; Trident/7.0; rv:11.0) like Gecko"
212.152.246.134 - - [26/Nov/2019:09:35:31 +0100] "GET /images/header_block_corner_right_top.gif HTTP/1.1" 304 - "http://renault.activities.at/checkout" "Mozilla/5.0 (Windows NT 6.1; WOW64; Trident/7.0; rv:11.0) like Gecko"
212.152.246.134 - - [26/Nov/2019:09:35:31 +0100] "GET /images/header_block_border.gif HTTP/1.1" 304 - "http://renault.activities.at/checkout" "Mozilla/5.0 (Windows NT 6.1; WOW64; Trident/7.0; rv:11.0) like Gecko"
212.152.246.134 - - [26/Nov/2019:09:35:31 +0100] "GET /images/header_block_corner_left_top.gif HTTP/1.1" 304 - "http://renault.activities.at/checkout" "Mozilla/5.0 (Windows NT 6.1; WOW64; Trident/7.0; rv:11.0) like Gecko"
212.152.246.134 - - [26/Nov/2019:09:35:31 +0100] "GET /images/main_block_border.gif HTTP/1.1" 304 - "http://renault.activities.at/checkout" "Mozilla/5.0 (Windows NT 6.1; WOW64; Trident/7.0; rv:11.0) like Gecko"
212.152.246.134 - - [26/Nov/2019:09:35:31 +0100] "GET /loadthumbnail.php?id=10201939 HTTP/1.1" 200 201 "http://renault.activities.at/checkout" "Mozilla/5.0 (Windows NT 6.1; WOW64; Trident/7.0; rv:11.0) like Gecko"
212.152.246.134 - - [26/Nov/2019:09:35:31 +0100] "GET /images/search_bg.gif HTTP/1.1" 304 - "http://renault.activities.at/checkout" "Mozilla/5.0 (Windows NT 6.1; WOW64; Trident/7.0; rv:11.0) like Gecko"
212.152.246.134 - - [26/Nov/2019:09:35:31 +0100] "GET /images/main_block_corner_right_top.gif HTTP/1.1" 304 - "http://renault.activities.at/checkout" "Mozilla/5.0 (Windows NT 6.1; WOW64; Trident/7.0; rv:11.0) like Gecko"
212.152.246.134 - - [26/Nov/2019:09:35:31 +0100] "GET /images/main_block_corner_left_top.gif HTTP/1.1" 304 - "http://renault.activities.at/checkout" "Mozilla/5.0 (Windows NT 6.1; WOW64; Trident/7.0; rv:11.0) like Gecko"
212.152.246.134 - - [26/Nov/2019:09:35:31 +0100] "GET /images/main_block_corner_right_bot.gif HTTP/1.1" 304 - "http://renault.activities.at/checkout" "Mozilla/5.0 (Windows NT 6.1; WOW64; Trident/7.0; rv:11.0) like Gecko"
212.152.246.134 - - [26/Nov/2019:09:35:31 +0100] "GET /loadthumbnail.php?id=10202698 HTTP/1.1" 200 16686 "http://renault.activities.at/checkout" "Mozilla/5.0 (Windows NT 6.1; WOW64; Trident/7.0; rv:11.0) like Gecko"
212.152.246.134 - - [26/Nov/2019:09:35:31 +0100] "GET /images/main_block_corner_left_bot.gif HTTP/1.1" 304 - "http://renault.activities.at/checkout" "Mozilla/5.0 (Windows NT 6.1; WOW64; Trident/7.0; rv:11.0) like Gecko"
212.152.246.134 - - [26/Nov/2019:09:35:31 +0100] "GET /images/nav_divider.gif HTTP/1.1" 304 - "http://renault.activities.at/checkout" "Mozilla/5.0 (Windows NT 6.1; WOW64; Trident/7.0; rv:11.0) like Gecko"
212.152.246.134 - - [26/Nov/2019:09:35:31 +0100] "GET /images/top_links_divider.gif HTTP/1.1" 304 - "http://renault.activities.at/checkout" "Mozilla/5.0 (Windows NT 6.1; WOW64; Trident/7.0; rv:11.0) like Gecko"
212.152.246.134 - - [26/Nov/2019:09:35:31 +0100] "GET /images/menu_button_bg.jpg HTTP/1.1" 304 - "http://renault.activities.at/checkout" "Mozilla/5.0 (Windows NT 6.1; WOW64; Trident/7.0; rv:11.0) like Gecko"
212.152.246.134 - - [26/Nov/2019:09:35:31 +0100] "GET /images/menu_divider.gif HTTP/1.1" 304 - "http://renault.activities.at/checkout" "Mozilla/5.0 (Windows NT 6.1; WOW64; Trident/7.0; rv:11.0) like Gecko"
212.152.246.134 - - [26/Nov/2019:09:35:32 +0100] "GET /images/button_left_bg.gif HTTP/1.1" 304 - "http://renault.activities.at/checkout" "Mozilla/5.0 (Windows NT 6.1; WOW64; Trident/7.0; rv:11.0) like Gecko"
212.152.246.134 - - [26/Nov/2019:09:35:32 +0100] "GET /images/sidebar_title_border.gif HTTP/1.1" 304 - "http://renault.activities.at/checkout" "Mozilla/5.0 (Windows NT 6.1; WOW64; Trident/7.0; rv:11.0) like Gecko"
212.152.246.134 - - [26/Nov/2019:09:35:32 +0100] "GET /images/sidebar_title_corner_right_top.gif HTTP/1.1" 304 - "http://renault.activities.at/checkout" "Mozilla/5.0 (Windows NT 6.1; WOW64; Trident/7.0; rv:11.0) like Gecko"
212.152.246.134 - - [26/Nov/2019:09:35:32 +0100] "GET /images/sidebar_title_corner_left_top.gif HTTP/1.1" 304 - "http://renault.activities.at/checkout" "Mozilla/5.0 (Windows NT 6.1; WOW64; Trident/7.0; rv:11.0) like Gecko"
212.152.246.134 - - [26/Nov/2019:09:35:32 +0100] "GET /images/sidebar_title_border_top.gif HTTP/1.1" 304 - "http://renault.activities.at/checkout" "Mozilla/5.0 (Windows NT 6.1; WOW64; Trident/7.0; rv:11.0) like Gecko"
212.152.246.134 - - [26/Nov/2019:09:35:32 +0100] "GET /images/step_bg.jpg HTTP/1.1" 200 319 "http://renault.activities.at/checkout" "Mozilla/5.0 (Windows NT 6.1; WOW64; Trident/7.0; rv:11.0) like Gecko"
212.152.246.134 - - [26/Nov/2019:09:35:32 +0100] "GET /images/step_marker.gif HTTP/1.1" 200 650 "http://renault.activities.at/checkout" "Mozilla/5.0 (Windows NT 6.1; WOW64; Trident/7.0; rv:11.0) like Gecko"
212.152.246.134 - - [26/Nov/2019:09:35:32 +0100] "GET /images/button_right_bg.gif HTTP/1.1" 304 - "http://renault.activities.at/checkout" "Mozilla/5.0 (Windows NT 6.1; WOW64; Trident/7.0; rv:11.0) like Gecko"
212.152.246.134 - - [26/Nov/2019:09:35:32 +0100] "GET /images/checkout_border.gif HTTP/1.1" 200 43 "http://renault.activities.at/checkout" "Mozilla/5.0 (Windows NT 6.1; WOW64; Trident/7.0; rv:11.0) like Gecko"
212.152.246.134 - - [26/Nov/2019:09:35:32 +0100] "GET /images/button_bg.gif HTTP/1.1" 304 - "http://renault.activities.at/checkout" "Mozilla/5.0 (Windows NT 6.1; WOW64; Trident/7.0; rv:11.0) like Gecko"
212.152.246.134 - - [26/Nov/2019:09:35:32 +0100] "GET /images/checkout_border_top.gif HTTP/1.1" 200 156 "http://renault.activities.at/checkout" "Mozilla/5.0 (Windows NT 6.1; WOW64; Trident/7.0; rv:11.0) like Gecko"
212.152.246.134 - - [26/Nov/2019:09:35:32 +0100] "GET /images/footer_divider.gif HTTP/1.1" 304 - "http://renault.activities.at/checkout" "Mozilla/5.0 (Windows NT 6.1; WOW64; Trident/7.0; rv:11.0) like Gecko"
193.194.132.28 - - [26/Nov/2019:09:35:34 +0100] "GET /reload?ser=1574757334467 HTTP/1.1" 200 28 "http://renault.2web.at/account?loadrequest=true" "Mozilla/5.0 (Windows NT 10.0; WOW64; Trident/7.0; Touch; rv:11.0) like Gecko"
212.152.246.134 - - [26/Nov/2019:09:35:35 +0100] "POST /docheckout HTTP/1.1" 200 459 "http://renault.activities.at/checkout" "Mozilla/5.0 (Windows NT 6.1; WOW64; Trident/7.0; rv:11.0) like Gecko"
212.152.246.134 - - [26/Nov/2019:09:35:39 +0100] "POST /docheckout HTTP/1.1" 200 577 "http://renault.activities.at/checkout" "Mozilla/5.0 (Windows NT 6.1; WOW64; Trident/7.0; rv:11.0) like Gecko"
212.152.246.134 - - [26/Nov/2019:09:35:40 +0100] "GET /images/error_msg_icon.gif HTTP/1.1" 200 1013 "http://renault.activities.at/checkout" "Mozilla/5.0 (Windows NT 6.1; WOW64; Trident/7.0; rv:11.0) like Gecko"
212.152.246.134 - - [26/Nov/2019:09:35:45 +0100] "POST /docheckout HTTP/1.1" 200 68 "http://renault.activities.at/checkout" "Mozilla/5.0 (Windows NT 6.1; WOW64; Trident/7.0; rv:11.0) like Gecko"
212.152.246.134 - - [26/Nov/2019:09:35:47 +0100] "GET /success HTTP/1.1" 200 3780 "http://renault.activities.at/checkout" "Mozilla/5.0 (Windows NT 6.1; WOW64; Trident/7.0; rv:11.0) like Gecko"
212.152.246.134 - - [26/Nov/2019:09:35:49 +0100] "GET /css/reset.css HTTP/1.1" 304 - "http://renault.activities.at/success" "Mozilla/5.0 (Windows NT 6.1; WOW64; Trident/7.0; rv:11.0) like Gecko"
212.152.246.134 - - [26/Nov/2019:09:35:49 +0100] "GET /css/styles.css HTTP/1.1" 304 - "http://renault.activities.at/success" "Mozilla/5.0 (Windows NT 6.1; WOW64; Trident/7.0; rv:11.0) like Gecko"
212.152.246.134 - - [26/Nov/2019:09:35:49 +0100] "GET /css/clears.css HTTP/1.1" 304 - "http://renault.activities.at/success" "Mozilla/5.0 (Windows NT 6.1; WOW64; Trident/7.0; rv:11.0) like Gecko"
212.152.246.134 - - [26/Nov/2019:09:35:49 +0100] "GET /js/default.js HTTP/1.1" 304 - "http://renault.activities.at/success" "Mozilla/5.0 (Windows NT 6.1; WOW64; Trident/7.0; rv:11.0) like Gecko"
212.152.246.134 - - [26/Nov/2019:09:35:49 +0100] "GET /css/print.css HTTP/1.1" 304 - "http://renault.activities.at/success" "Mozilla/5.0 (Windows NT 6.1; WOW64; Trident/7.0; rv:11.0) like Gecko"
212.152.246.134 - - [26/Nov/2019:09:35:49 +0100] "GET /js/checkout.css HTTP/1.1" 304 - "http://renault.activities.at/success" "Mozilla/5.0 (Windows NT 6.1; WOW64; Trident/7.0; rv:11.0) like Gecko"
212.152.246.134 - - [26/Nov/2019:09:35:49 +0100] "GET /css/prototip.css HTTP/1.1" 304 - "http://renault.activities.at/success" "Mozilla/5.0 (Windows NT 6.1; WOW64; Trident/7.0; rv:11.0) like Gecko"
212.152.246.134 - - [26/Nov/2019:09:35:49 +0100] "GET /css/themes/default.css HTTP/1.1" 304 - "http://renault.activities.at/success" "Mozilla/5.0 (Windows NT 6.1; WOW64; Trident/7.0; rv:11.0) like Gecko"
212.152.246.134 - - [26/Nov/2019:09:35:49 +0100] "GET /css/themes/alphacube.css HTTP/1.1" 304 - "http://renault.activities.at/success" "Mozilla/5.0 (Windows NT 6.1; WOW64; Trident/7.0; rv:11.0) like Gecko"
212.152.246.134 - - [26/Nov/2019:09:35:50 +0100] "GET /images/header_block_corner_right_top.gif HTTP/1.1" 304 - "http://renault.activities.at/success" "Mozilla/5.0 (Windows NT 6.1; WOW64; Trident/7.0; rv:11.0) like Gecko"
212.152.246.134 - - [26/Nov/2019:09:35:50 +0100] "GET /images/header_block_border.gif HTTP/1.1" 304 - "http://renault.activities.at/success" "Mozilla/5.0 (Windows NT 6.1; WOW64; Trident/7.0; rv:11.0) like Gecko"
212.152.246.134 - - [26/Nov/2019:09:35:50 +0100] "GET /images/search_bg.gif HTTP/1.1" 304 - "http://renault.activities.at/success" "Mozilla/5.0 (Windows NT 6.1; WOW64; Trident/7.0; rv:11.0) like Gecko"
212.152.246.134 - - [26/Nov/2019:09:35:50 +0100] "GET /images/header_block_corner_left_top.gif HTTP/1.1" 304 - "http://renault.activities.at/success" "Mozilla/5.0 (Windows NT 6.1; WOW64; Trident/7.0; rv:11.0) like Gecko"
212.152.246.134 - - [26/Nov/2019:09:35:50 +0100] "GET /images/title_corner_right_top.jpg HTTP/1.1" 304 - "http://renault.activities.at/success" "Mozilla/5.0 (Windows NT 6.1; WOW64; Trident/7.0; rv:11.0) like Gecko"
212.152.246.134 - - [26/Nov/2019:09:35:50 +0100] "GET /images/footer_divider.gif HTTP/1.1" 304 - "http://renault.activities.at/success" "Mozilla/5.0 (Windows NT 6.1; WOW64; Trident/7.0; rv:11.0) like Gecko"
212.152.246.134 - - [26/Nov/2019:09:35:50 +0100] "GET /images/main_block_corner_right_bot.gif HTTP/1.1" 304 - "http://renault.activities.at/success" "Mozilla/5.0 (Windows NT 6.1; WOW64; Trident/7.0; rv:11.0) like Gecko"
212.152.246.134 - - [26/Nov/2019:09:35:50 +0100] "GET /images/title_border.jpg HTTP/1.1" 304 - "http://renault.activities.at/success" "Mozilla/5.0 (Windows NT 6.1; WOW64; Trident/7.0; rv:11.0) like Gecko"
212.152.246.134 - - [26/Nov/2019:09:35:50 +0100] "GET /images/title_corner_left_top.jpg HTTP/1.1" 304 - "http://renault.activities.at/success" "Mozilla/5.0 (Windows NT 6.1; WOW64; Trident/7.0; rv:11.0) like Gecko"
212.152.246.134 - - [26/Nov/2019:09:35:50 +0100] "GET /images/title_border_top.jpg HTTP/1.1" 304 - "http://renault.activities.at/success" "Mozilla/5.0 (Windows NT 6.1; WOW64; Trident/7.0; rv:11.0) like Gecko"
212.152.246.134 - - [26/Nov/2019:09:35:50 +0100] "GET /images/main_block_border.gif HTTP/1.1" 304 - "http://renault.activities.at/success" "Mozilla/5.0 (Windows NT 6.1; WOW64; Trident/7.0; rv:11.0) like Gecko"
212.152.246.134 - - [26/Nov/2019:09:35:50 +0100] "GET /images/main_block_corner_left_bot.gif HTTP/1.1" 304 - "http://renault.activities.at/success" "Mozilla/5.0 (Windows NT 6.1; WOW64; Trident/7.0; rv:11.0) like Gecko"
212.152.246.134 - - [26/Nov/2019:09:35:50 +0100] "GET /images/main_block_corner_left_top.gif HTTP/1.1" 304 - "http://renault.activities.at/success" "Mozilla/5.0 (Windows NT 6.1; WOW64; Trident/7.0; rv:11.0) like Gecko"
212.152.246.134 - - [26/Nov/2019:09:35:50 +0100] "GET /images/main_block_corner_right_top.gif HTTP/1.1" 304 - "http://renault.activities.at/success" "Mozilla/5.0 (Windows NT 6.1; WOW64; Trident/7.0; rv:11.0) like Gecko"
212.152.246.134 - - [26/Nov/2019:09:35:50 +0100] "GET /images/button_left_bg.gif HTTP/1.1" 304 - "http://renault.activities.at/success" "Mozilla/5.0 (Windows NT 6.1; WOW64; Trident/7.0; rv:11.0) like Gecko"
212.152.246.134 - - [26/Nov/2019:09:35:50 +0100] "GET /images/menu_divider.gif HTTP/1.1" 304 - "http://renault.activities.at/success" "Mozilla/5.0 (Windows NT 6.1; WOW64; Trident/7.0; rv:11.0) like Gecko"
212.152.246.134 - - [26/Nov/2019:09:35:50 +0100] "GET /images/nav_divider.gif HTTP/1.1" 304 - "http://renault.activities.at/success" "Mozilla/5.0 (Windows NT 6.1; WOW64; Trident/7.0; rv:11.0) like Gecko"
212.152.246.134 - - [26/Nov/2019:09:35:50 +0100] "GET /images/top_links_divider.gif HTTP/1.1" 304 - "http://renault.activities.at/success" "Mozilla/5.0 (Windows NT 6.1; WOW64; Trident/7.0; rv:11.0) like Gecko"
212.152.246.134 - - [26/Nov/2019:09:35:50 +0100] "GET /images/menu_button_bg.jpg HTTP/1.1" 304 - "http://renault.activities.at/success" "Mozilla/5.0 (Windows NT 6.1; WOW64; Trident/7.0; rv:11.0) like Gecko"
212.152.246.134 - - [26/Nov/2019:09:35:56 +0100] "GET /12141287 HTTP/1.1" 200 5542 "http://renault.activities.at/success" "Mozilla/5.0 (Windows NT 6.1; WOW64; Trident/7.0; rv:11.0) like Gecko"
212.152.246.134 - - [26/Nov/2019:09:35:59 +0100] "GET /js/default.js HTTP/1.1" 304 - "http://renault.activities.at/12141287" "Mozilla/5.0 (Windows NT 6.1; WOW64; Trident/7.0; rv:11.0) like Gecko"
212.152.246.134 - - [26/Nov/2019:09:35:59 +0100] "GET /css/reset.css HTTP/1.1" 304 - "http://renault.activities.at/12141287" "Mozilla/5.0 (Windows NT 6.1; WOW64; Trident/7.0; rv:11.0) like Gecko"
212.152.246.134 - - [26/Nov/2019:09:35:59 +0100] "GET /css/print.css HTTP/1.1" 304 - "http://renault.activities.at/12141287" "Mozilla/5.0 (Windows NT 6.1; WOW64; Trident/7.0; rv:11.0) like Gecko"
212.152.246.134 - - [26/Nov/2019:09:35:59 +0100] "GET /css/clears.css HTTP/1.1" 304 - "http://renault.activities.at/12141287" "Mozilla/5.0 (Windows NT 6.1; WOW64; Trident/7.0; rv:11.0) like Gecko"
212.152.246.134 - - [26/Nov/2019:09:35:59 +0100] "GET /js/checkout.css HTTP/1.1" 304 - "http://renault.activities.at/12141287" "Mozilla/5.0 (Windows NT 6.1; WOW64; Trident/7.0; rv:11.0) like Gecko"
212.152.246.134 - - [26/Nov/2019:09:35:59 +0100] "GET /css/styles.css HTTP/1.1" 304 - "http://renault.activities.at/12141287" "Mozilla/5.0 (Windows NT 6.1; WOW64; Trident/7.0; rv:11.0) like Gecko"
212.152.246.134 - - [26/Nov/2019:09:35:59 +0100] "GET /css/prototip.css HTTP/1.1" 304 - "http://renault.activities.at/12141287" "Mozilla/5.0 (Windows NT 6.1; WOW64; Trident/7.0; rv:11.0) like Gecko"
212.152.246.134 - - [26/Nov/2019:09:35:59 +0100] "GET /css/themes/default.css HTTP/1.1" 304 - "http://renault.activities.at/12141287" "Mozilla/5.0 (Windows NT 6.1; WOW64; Trident/7.0; rv:11.0) like Gecko"
212.152.246.134 - - [26/Nov/2019:09:35:59 +0100] "GET /css/themes/alphacube.css HTTP/1.1" 304 - "http://renault.activities.at/12141287" "Mozilla/5.0 (Windows NT 6.1; WOW64; Trident/7.0; rv:11.0) like Gecko"
212.152.246.134 - - [26/Nov/2019:09:35:59 +0100] "GET /images/main_block_corner_left_top.gif HTTP/1.1" 304 - "http://renault.activities.at/12141287" "Mozilla/5.0 (Windows NT 6.1; WOW64; Trident/7.0; rv:11.0) like Gecko"
212.152.246.134 - - [26/Nov/2019:09:35:59 +0100] "GET /images/main_block_border.gif HTTP/1.1" 304 - "http://renault.activities.at/12141287" "Mozilla/5.0 (Windows NT 6.1; WOW64; Trident/7.0; rv:11.0) like Gecko"
212.152.246.134 - - [26/Nov/2019:09:35:59 +0100] "GET /images/main_block_corner_right_top.gif HTTP/1.1" 304 - "http://renault.activities.at/12141287" "Mozilla/5.0 (Windows NT 6.1; WOW64; Trident/7.0; rv:11.0) like Gecko"
212.152.246.134 - - [26/Nov/2019:09:35:59 +0100] "GET /images/main_block_corner_right_bot.gif HTTP/1.1" 304 - "http://renault.activities.at/12141287" "Mozilla/5.0 (Windows NT 6.1; WOW64; Trident/7.0; rv:11.0) like Gecko"
212.152.246.134 - - [26/Nov/2019:09:35:59 +0100] "GET /images/search_bg.gif HTTP/1.1" 304 - "http://renault.activities.at/12141287" "Mozilla/5.0 (Windows NT 6.1; WOW64; Trident/7.0; rv:11.0) like Gecko"
212.152.246.134 - - [26/Nov/2019:09:35:59 +0100] "GET /images/main_block_corner_left_bot.gif HTTP/1.1" 304 - "http://renault.activities.at/12141287" "Mozilla/5.0 (Windows NT 6.1; WOW64; Trident/7.0; rv:11.0) like Gecko"
212.152.246.134 - - [26/Nov/2019:09:35:59 +0100] "GET /images/header_block_border.gif HTTP/1.1" 304 - "http://renault.activities.at/12141287" "Mozilla/5.0 (Windows NT 6.1; WOW64; Trident/7.0; rv:11.0) like Gecko"
212.152.246.134 - - [26/Nov/2019:09:35:59 +0100] "GET /images/header_block_corner_left_top.gif HTTP/1.1" 304 - "http://renault.activities.at/12141287" "Mozilla/5.0 (Windows NT 6.1; WOW64; Trident/7.0; rv:11.0) like Gecko"
212.152.246.134 - - [26/Nov/2019:09:35:59 +0100] "GET /images/button_bg.gif HTTP/1.1" 304 - "http://renault.activities.at/12141287" "Mozilla/5.0 (Windows NT 6.1; WOW64; Trident/7.0; rv:11.0) like Gecko"
212.152.246.134 - - [26/Nov/2019:09:35:59 +0100] "GET /images/title_border.jpg HTTP/1.1" 304 - "http://renault.activities.at/12141287" "Mozilla/5.0 (Windows NT 6.1; WOW64; Trident/7.0; rv:11.0) like Gecko"
212.152.246.134 - - [26/Nov/2019:09:35:59 +0100] "GET /images/header_block_corner_right_top.gif HTTP/1.1" 304 - "http://renault.activities.at/12141287" "Mozilla/5.0 (Windows NT 6.1; WOW64; Trident/7.0; rv:11.0) like Gecko"
212.152.246.134 - - [26/Nov/2019:09:35:59 +0100] "GET /images/menu_divider.gif HTTP/1.1" 304 - "http://renault.activities.at/12141287" "Mozilla/5.0 (Windows NT 6.1; WOW64; Trident/7.0; rv:11.0) like Gecko"
212.152.246.134 - - [26/Nov/2019:09:35:59 +0100] "GET /images/sidebar_title_border_top.gif HTTP/1.1" 304 - "http://renault.activities.at/12141287" "Mozilla/5.0 (Windows NT 6.1; WOW64; Trident/7.0; rv:11.0) like Gecko"
212.152.246.134 - - [26/Nov/2019:09:35:59 +0100] "GET /images/sidebar_title_corner_right_top.gif HTTP/1.1" 304 - "http://renault.activities.at/12141287" "Mozilla/5.0 (Windows NT 6.1; WOW64; Trident/7.0; rv:11.0) like Gecko"
212.152.246.134 - - [26/Nov/2019:09:35:59 +0100] "GET /images/button_right_bg.gif HTTP/1.1" 304 - "http://renault.activities.at/12141287" "Mozilla/5.0 (Windows NT 6.1; WOW64; Trident/7.0; rv:11.0) like Gecko"
212.152.246.134 - - [26/Nov/2019:09:35:59 +0100] "GET /images/pager_bg.gif HTTP/1.1" 304 - "http://renault.activities.at/12141287" "Mozilla/5.0 (Windows NT 6.1; WOW64; Trident/7.0; rv:11.0) like Gecko"
212.152.246.134 - - [26/Nov/2019:09:35:59 +0100] "GET /images/sidebar_title_corner_left_top.gif HTTP/1.1" 304 - "http://renault.activities.at/12141287" "Mozilla/5.0 (Windows NT 6.1; WOW64; Trident/7.0; rv:11.0) like Gecko"
212.152.246.134 - - [26/Nov/2019:09:35:59 +0100] "GET /images/title_corner_right_top.jpg HTTP/1.1" 304 - "http://renault.activities.at/12141287" "Mozilla/5.0 (Windows NT 6.1; WOW64; Trident/7.0; rv:11.0) like Gecko"
212.152.246.134 - - [26/Nov/2019:09:36:00 +0100] "GET /images/title_corner_left_top.jpg HTTP/1.1" 304 - "http://renault.activities.at/12141287" "Mozilla/5.0 (Windows NT 6.1; WOW64; Trident/7.0; rv:11.0) like Gecko"
212.152.246.134 - - [26/Nov/2019:09:36:00 +0100] "GET /images/sidebar_title_border.gif HTTP/1.1" 304 - "http://renault.activities.at/12141287" "Mozilla/5.0 (Windows NT 6.1; WOW64; Trident/7.0; rv:11.0) like Gecko"
212.152.246.134 - - [26/Nov/2019:09:36:00 +0100] "GET /images/button_left_bg.gif HTTP/1.1" 304 - "http://renault.activities.at/12141287" "Mozilla/5.0 (Windows NT 6.1; WOW64; Trident/7.0; rv:11.0) like Gecko"
212.152.246.134 - - [26/Nov/2019:09:36:00 +0100] "GET /images/title_border_top.jpg HTTP/1.1" 304 - "http://renault.activities.at/12141287" "Mozilla/5.0 (Windows NT 6.1; WOW64; Trident/7.0; rv:11.0) like Gecko"
212.152.246.134 - - [26/Nov/2019:09:36:00 +0100] "GET /images/top_links_divider.gif HTTP/1.1" 304 - "http://renault.activities.at/12141287" "Mozilla/5.0 (Windows NT 6.1; WOW64; Trident/7.0; rv:11.0) like Gecko"
212.152.246.134 - - [26/Nov/2019:09:36:00 +0100] "GET /images/footer_divider.gif HTTP/1.1" 304 - "http://renault.activities.at/12141287" "Mozilla/5.0 (Windows NT 6.1; WOW64; Trident/7.0; rv:11.0) like Gecko"
212.152.246.134 - - [26/Nov/2019:09:36:00 +0100] "GET /images/nav_divider.gif HTTP/1.1" 304 - "http://renault.activities.at/12141287" "Mozilla/5.0 (Windows NT 6.1; WOW64; Trident/7.0; rv:11.0) like Gecko"
212.152.246.134 - - [26/Nov/2019:09:36:00 +0100] "GET /images/menu_button_bg.jpg HTTP/1.1" 304 - "http://renault.activities.at/12141287" "Mozilla/5.0 (Windows NT 6.1; WOW64; Trident/7.0; rv:11.0) like Gecko"
212.152.246.134 - - [26/Nov/2019:09:36:02 +0100] "GET /logout HTTP/1.1" 302 140 "http://renault.activities.at/12141287" "Mozilla/5.0 (Windows NT 6.1; WOW64; Trident/7.0; rv:11.0) like Gecko"
212.152.246.134 - - [26/Nov/2019:09:36:03 +0100] "GET /logout HTTP/1.1" 200 1583 "http://renault.activities.at/12141287" "Mozilla/5.0 (Windows NT 6.1; WOW64; Trident/7.0; rv:11.0) like Gecko"
213.153.47.173 - - [26/Nov/2019:09:36:10 +0100] "GET /reload?ser=1574757370737 HTTP/1.1" 200 28 "http://renault.activities.at/login?required=true" "Mozilla/5.0 (Windows NT 10.0; Win64; x64; rv:70.0) Gecko/20100101 Firefox/70.0"
213.153.47.173 - - [26/Nov/2019:09:36:25 +0100] "GET /reload?ser=1574757385937 HTTP/1.1" 200 28 "http://renault.activities.at/login?required=true" "Mozilla/5.0 (Windows NT 10.0; Win64; x64; rv:70.0) Gecko/20100101 Firefox/70.0"
193.194.132.28 - - [26/Nov/2019:09:36:35 +0100] "GET /reload?ser=1574757395515 HTTP/1.1" 200 28 "http://renault.2web.at/account?loadrequest=true" "Mozilla/5.0 (Windows NT 10.0; WOW64; Trident/7.0; Touch; rv:11.0) like Gecko"
213.153.47.173 - - [26/Nov/2019:09:37:11 +0100] "GET /reload?ser=1574757431407 HTTP/1.1" 200 28 "http://renault.activities.at/login?required=true" "Mozilla/5.0 (Windows NT 10.0; Win64; x64; rv:70.0) Gecko/20100101 Firefox/70.0"
213.153.47.173 - - [26/Nov/2019:09:37:26 +0100] "GET /reload?ser=1574757446616 HTTP/1.1" 200 28 "http://renault.activities.at/login?required=true" "Mozilla/5.0 (Windows NT 10.0; Win64; x64; rv:70.0) Gecko/20100101 Firefox/70.0"
193.194.132.28 - - [26/Nov/2019:09:37:36 +0100] "GET /reload?ser=1574757456574 HTTP/1.1" 200 28 "http://renault.2web.at/account?loadrequest=true" "Mozilla/5.0 (Windows NT 10.0; WOW64; Trident/7.0; Touch; rv:11.0) like Gecko"
213.153.47.173 - - [26/Nov/2019:09:38:12 +0100] "GET /reload?ser=1574757492045 HTTP/1.1" 200 28 "http://renault.activities.at/login?required=true" "Mozilla/5.0 (Windows NT 10.0; Win64; x64; rv:70.0) Gecko/20100101 Firefox/70.0"
213.153.47.173 - - [26/Nov/2019:09:38:27 +0100] "GET /reload?ser=1574757507254 HTTP/1.1" 200 28 "http://renault.activities.at/login?required=true" "Mozilla/5.0 (Windows NT 10.0; Win64; x64; rv:70.0) Gecko/20100101 Firefox/70.0"
193.194.132.28 - - [26/Nov/2019:09:38:37 +0100] "GET /reload?ser=1574757517639 HTTP/1.1" 200 28 "http://renault.2web.at/account?loadrequest=true" "Mozilla/5.0 (Windows NT 10.0; WOW64; Trident/7.0; Touch; rv:11.0) like Gecko"
213.153.47.173 - - [26/Nov/2019:09:39:12 +0100] "GET /reload?ser=1574757552694 HTTP/1.1" 200 28 "http://renault.activities.at/login?required=true" "Mozilla/5.0 (Windows NT 10.0; Win64; x64; rv:70.0) Gecko/20100101 Firefox/70.0"
213.153.47.173 - - [26/Nov/2019:09:39:27 +0100] "GET /reload?ser=1574757567924 HTTP/1.1" 200 28 "http://renault.activities.at/login?required=true" "Mozilla/5.0 (Windows NT 10.0; Win64; x64; rv:70.0) Gecko/20100101 Firefox/70.0"
193.194.132.28 - - [26/Nov/2019:09:39:38 +0100] "GET /reload?ser=1574757578718 HTTP/1.1" 200 28 "http://renault.2web.at/account?loadrequest=true" "Mozilla/5.0 (Windows NT 10.0; WOW64; Trident/7.0; Touch; rv:11.0) like Gecko"
213.153.47.173 - - [26/Nov/2019:09:40:13 +0100] "GET /reload?ser=1574757613353 HTTP/1.1" 200 28 "http://renault.activities.at/login?required=true" "Mozilla/5.0 (Windows NT 10.0; Win64; x64; rv:70.0) Gecko/20100101 Firefox/70.0"
213.153.47.173 - - [26/Nov/2019:09:40:28 +0100] "GET /reload?ser=1574757628592 HTTP/1.1" 200 28 "http://renault.activities.at/login?required=true" "Mozilla/5.0 (Windows NT 10.0; Win64; x64; rv:70.0) Gecko/20100101 Firefox/70.0"
193.194.132.28 - - [26/Nov/2019:09:40:39 +0100] "GET /reload?ser=1574757639745 HTTP/1.1" 200 28 "http://renault.2web.at/account?loadrequest=true" "Mozilla/5.0 (Windows NT 10.0; WOW64; Trident/7.0; Touch; rv:11.0) like Gecko"
213.153.47.173 - - [26/Nov/2019:09:41:13 +0100] "GET /reload?ser=1574757674001 HTTP/1.1" 200 28 "http://renault.activities.at/login?required=true" "Mozilla/5.0 (Windows NT 10.0; Win64; x64; rv:70.0) Gecko/20100101 Firefox/70.0"
213.153.47.173 - - [26/Nov/2019:09:41:29 +0100] "GET /reload?ser=1574757689251 HTTP/1.1" 200 28 "http://renault.activities.at/login?required=true" "Mozilla/5.0 (Windows NT 10.0; Win64; x64; rv:70.0) Gecko/20100101 Firefox/70.0"
193.194.132.28 - - [26/Nov/2019:09:41:40 +0100] "GET /reload?ser=1574757700852 HTTP/1.1" 200 28 "http://renault.2web.at/account?loadrequest=true" "Mozilla/5.0 (Windows NT 10.0; WOW64; Trident/7.0; Touch; rv:11.0) like Gecko"
213.153.47.173 - - [26/Nov/2019:09:42:14 +0100] "GET /reload?ser=1574757734641 HTTP/1.1" 200 28 "http://renault.activities.at/login?required=true" "Mozilla/5.0 (Windows NT 10.0; Win64; x64; rv:70.0) Gecko/20100101 Firefox/70.0"
213.153.47.173 - - [26/Nov/2019:09:42:29 +0100] "GET /reload?ser=1574757749921 HTTP/1.1" 200 28 "http://renault.activities.at/login?required=true" "Mozilla/5.0 (Windows NT 10.0; Win64; x64; rv:70.0) Gecko/20100101 Firefox/70.0"
193.194.132.28 - - [26/Nov/2019:09:42:42 +0100] "GET /reload?ser=1574757761880 HTTP/1.1" 200 28 "http://renault.2web.at/account?loadrequest=true" "Mozilla/5.0 (Windows NT 10.0; WOW64; Trident/7.0; Touch; rv:11.0) like Gecko"
213.153.47.173 - - [26/Nov/2019:09:43:15 +0100] "GET /reload?ser=1574757795297 HTTP/1.1" 200 28 "http://renault.activities.at/login?required=true" "Mozilla/5.0 (Windows NT 10.0; Win64; x64; rv:70.0) Gecko/20100101 Firefox/70.0"
213.153.47.173 - - [26/Nov/2019:09:43:30 +0100] "GET /reload?ser=1574757810585 HTTP/1.1" 200 28 "http://renault.activities.at/login?required=true" "Mozilla/5.0 (Windows NT 10.0; Win64; x64; rv:70.0) Gecko/20100101 Firefox/70.0"
193.194.132.28 - - [26/Nov/2019:09:43:43 +0100] "GET /reload?ser=1574757822937 HTTP/1.1" 200 28 "http://renault.2web.at/account?loadrequest=true" "Mozilla/5.0 (Windows NT 10.0; WOW64; Trident/7.0; Touch; rv:11.0) like Gecko"
213.153.47.173 - - [26/Nov/2019:09:44:15 +0100] "GET /reload?ser=1574757855960 HTTP/1.1" 200 28 "http://renault.activities.at/login?required=true" "Mozilla/5.0 (Windows NT 10.0; Win64; x64; rv:70.0) Gecko/20100101 Firefox/70.0"
213.153.47.173 - - [26/Nov/2019:09:44:31 +0100] "GET /reload?ser=1574757871224 HTTP/1.1" 200 28 "http://renault.activities.at/login?required=true" "Mozilla/5.0 (Windows NT 10.0; Win64; x64; rv:70.0) Gecko/20100101 Firefox/70.0"
193.194.132.28 - - [26/Nov/2019:09:44:44 +0100] "GET /reload?ser=1574757884022 HTTP/1.1" 200 28 "http://renault.2web.at/account?loadrequest=true" "Mozilla/5.0 (Windows NT 10.0; WOW64; Trident/7.0; Touch; rv:11.0) like Gecko"
213.153.47.173 - - [26/Nov/2019:09:45:16 +0100] "GET /reload?ser=1574757916613 HTTP/1.1" 200 28 "http://renault.activities.at/login?required=true" "Mozilla/5.0 (Windows NT 10.0; Win64; x64; rv:70.0) Gecko/20100101 Firefox/70.0"
213.153.47.173 - - [26/Nov/2019:09:45:31 +0100] "GET /reload?ser=1574757931927 HTTP/1.1" 200 28 "http://renault.activities.at/login?required=true" "Mozilla/5.0 (Windows NT 10.0; Win64; x64; rv:70.0) Gecko/20100101 Firefox/70.0"
193.194.132.28 - - [26/Nov/2019:09:45:45 +0100] "GET /reload?ser=1574757945103 HTTP/1.1" 200 28 "http://renault.2web.at/account?loadrequest=true" "Mozilla/5.0 (Windows NT 10.0; WOW64; Trident/7.0; Touch; rv:11.0) like Gecko"
213.153.47.173 - - [26/Nov/2019:09:46:17 +0100] "GET /reload?ser=1574757977276 HTTP/1.1" 200 28 "http://renault.activities.at/login?required=true" "Mozilla/5.0 (Windows NT 10.0; Win64; x64; rv:70.0) Gecko/20100101 Firefox/70.0"
213.153.47.173 - - [26/Nov/2019:09:46:32 +0100] "GET /reload?ser=1574757992605 HTTP/1.1" 200 28 "http://renault.activities.at/login?required=true" "Mozilla/5.0 (Windows NT 10.0; Win64; x64; rv:70.0) Gecko/20100101 Firefox/70.0"
193.194.132.28 - - [26/Nov/2019:09:46:46 +0100] "GET /reload?ser=1574758006137 HTTP/1.1" 200 28 "http://renault.2web.at/account?loadrequest=true" "Mozilla/5.0 (Windows NT 10.0; WOW64; Trident/7.0; Touch; rv:11.0) like Gecko"
213.153.47.173 - - [26/Nov/2019:09:47:17 +0100] "GET /reload?ser=1574758037929 HTTP/1.1" 200 28 "http://renault.activities.at/login?required=true" "Mozilla/5.0 (Windows NT 10.0; Win64; x64; rv:70.0) Gecko/20100101 Firefox/70.0"
213.153.47.173 - - [26/Nov/2019:09:47:33 +0100] "GET /reload?ser=1574758053258 HTTP/1.1" 200 28 "http://renault.activities.at/login?required=true" "Mozilla/5.0 (Windows NT 10.0; Win64; x64; rv:70.0) Gecko/20100101 Firefox/70.0"
193.194.132.28 - - [26/Nov/2019:09:47:47 +0100] "GET /reload?ser=1574758067245 HTTP/1.1" 200 28 "http://renault.2web.at/account?loadrequest=true" "Mozilla/5.0 (Windows NT 10.0; WOW64; Trident/7.0; Touch; rv:11.0) like Gecko"
213.153.47.173 - - [26/Nov/2019:09:48:18 +0100] "GET /reload?ser=1574758098569 HTTP/1.1" 200 28 "http://renault.activities.at/login?required=true" "Mozilla/5.0 (Windows NT 10.0; Win64; x64; rv:70.0) Gecko/20100101 Firefox/70.0"
213.153.47.173 - - [26/Nov/2019:09:48:33 +0100] "GET /reload?ser=1574758113914 HTTP/1.1" 200 28 "http://renault.activities.at/login?required=true" "Mozilla/5.0 (Windows NT 10.0; Win64; x64; rv:70.0) Gecko/20100101 Firefox/70.0"
193.194.132.28 - - [26/Nov/2019:09:48:48 +0100] "GET /reload?ser=1574758128368 HTTP/1.1" 200 28 "http://renault.2web.at/account?loadrequest=true" "Mozilla/5.0 (Windows NT 10.0; WOW64; Trident/7.0; Touch; rv:11.0) like Gecko"
213.153.47.173 - - [26/Nov/2019:09:49:19 +0100] "GET /reload?ser=1574758159233 HTTP/1.1" 200 28 "http://renault.activities.at/login?required=true" "Mozilla/5.0 (Windows NT 10.0; Win64; x64; rv:70.0) Gecko/20100101 Firefox/70.0"
213.153.47.173 - - [26/Nov/2019:09:49:34 +0100] "GET /reload?ser=1574758174564 HTTP/1.1" 200 28 "http://renault.activities.at/login?required=true" "Mozilla/5.0 (Windows NT 10.0; Win64; x64; rv:70.0) Gecko/20100101 Firefox/70.0"
193.194.132.28 - - [26/Nov/2019:09:49:49 +0100] "GET /reload?ser=1574758189418 HTTP/1.1" 200 28 "http://renault.2web.at/account?loadrequest=true" "Mozilla/5.0 (Windows NT 10.0; WOW64; Trident/7.0; Touch; rv:11.0) like Gecko"
213.153.47.173 - - [26/Nov/2019:09:50:19 +0100] "GET /reload?ser=1574758219885 HTTP/1.1" 200 28 "http://renault.activities.at/login?required=true" "Mozilla/5.0 (Windows NT 10.0; Win64; x64; rv:70.0) Gecko/20100101 Firefox/70.0"
213.153.47.173 - - [26/Nov/2019:09:50:35 +0100] "GET /reload?ser=1574758235248 HTTP/1.1" 200 28 "http://renault.activities.at/login?required=true" "Mozilla/5.0 (Windows NT 10.0; Win64; x64; rv:70.0) Gecko/20100101 Firefox/70.0"
193.194.132.28 - - [26/Nov/2019:09:50:50 +0100] "GET /reload?ser=1574758250451 HTTP/1.1" 200 28 "http://renault.2web.at/account?loadrequest=true" "Mozilla/5.0 (Windows NT 10.0; WOW64; Trident/7.0; Touch; rv:11.0) like Gecko"
213.153.47.173 - - [26/Nov/2019:09:51:20 +0100] "GET /reload?ser=1574758280536 HTTP/1.1" 200 28 "http://renault.activities.at/login?required=true" "Mozilla/5.0 (Windows NT 10.0; Win64; x64; rv:70.0) Gecko/20100101 Firefox/70.0"
213.153.47.173 - - [26/Nov/2019:09:51:35 +0100] "GET /reload?ser=1574758295906 HTTP/1.1" 200 28 "http://renault.activities.at/login?required=true" "Mozilla/5.0 (Windows NT 10.0; Win64; x64; rv:70.0) Gecko/20100101 Firefox/70.0"
193.194.132.28 - - [26/Nov/2019:09:51:51 +0100] "GET /reload?ser=1574758311547 HTTP/1.1" 200 28 "http://renault.2web.at/account?loadrequest=true" "Mozilla/5.0 (Windows NT 10.0; WOW64; Trident/7.0; Touch; rv:11.0) like Gecko"
213.153.47.173 - - [26/Nov/2019:09:52:21 +0100] "GET /reload?ser=1574758341204 HTTP/1.1" 200 28 "http://renault.activities.at/login?required=true" "Mozilla/5.0 (Windows NT 10.0; Win64; x64; rv:70.0) Gecko/20100101 Firefox/70.0"
213.153.47.173 - - [26/Nov/2019:09:52:36 +0100] "GET /reload?ser=1574758356558 HTTP/1.1" 200 28 "http://renault.activities.at/login?required=true" "Mozilla/5.0 (Windows NT 10.0; Win64; x64; rv:70.0) Gecko/20100101 Firefox/70.0"
193.194.132.28 - - [26/Nov/2019:09:52:52 +0100] "GET /reload?ser=1574758372685 HTTP/1.1" 200 28 "http://renault.2web.at/account?loadrequest=true" "Mozilla/5.0 (Windows NT 10.0; WOW64; Trident/7.0; Touch; rv:11.0) like Gecko"
213.153.47.173 - - [26/Nov/2019:09:53:21 +0100] "GET /reload?ser=1574758401863 HTTP/1.1" 200 28 "http://renault.activities.at/login?required=true" "Mozilla/5.0 (Windows NT 10.0; Win64; x64; rv:70.0) Gecko/20100101 Firefox/70.0"
213.153.47.173 - - [26/Nov/2019:09:53:37 +0100] "GET /reload?ser=1574758417211 HTTP/1.1" 200 28 "http://renault.activities.at/login?required=true" "Mozilla/5.0 (Windows NT 10.0; Win64; x64; rv:70.0) Gecko/20100101 Firefox/70.0"
193.194.132.28 - - [26/Nov/2019:09:53:53 +0100] "GET /reload?ser=1574758433761 HTTP/1.1" 200 28 "http://renault.2web.at/account?loadrequest=true" "Mozilla/5.0 (Windows NT 10.0; WOW64; Trident/7.0; Touch; rv:11.0) like Gecko"
213.153.47.173 - - [26/Nov/2019:09:54:22 +0100] "GET /reload?ser=1574758462530 HTTP/1.1" 200 28 "http://renault.activities.at/login?required=true" "Mozilla/5.0 (Windows NT 10.0; Win64; x64; rv:70.0) Gecko/20100101 Firefox/70.0"
213.153.47.173 - - [26/Nov/2019:09:54:37 +0100] "GET /reload?ser=1574758477859 HTTP/1.1" 200 28 "http://renault.activities.at/login?required=true" "Mozilla/5.0 (Windows NT 10.0; Win64; x64; rv:70.0) Gecko/20100101 Firefox/70.0"
193.194.132.28 - - [26/Nov/2019:09:54:55 +0100] "GET /reload?ser=1574758494901 HTTP/1.1" 200 28 "http://renault.2web.at/account?loadrequest=true" "Mozilla/5.0 (Windows NT 10.0; WOW64; Trident/7.0; Touch; rv:11.0) like Gecko"
213.153.47.173 - - [26/Nov/2019:09:55:23 +0100] "GET /reload?ser=1574758523179 HTTP/1.1" 200 28 "http://renault.activities.at/login?required=true" "Mozilla/5.0 (Windows NT 10.0; Win64; x64; rv:70.0) Gecko/20100101 Firefox/70.0"
213.153.47.173 - - [26/Nov/2019:09:55:38 +0100] "GET /reload?ser=1574758538538 HTTP/1.1" 200 28 "http://renault.activities.at/login?required=true" "Mozilla/5.0 (Windows NT 10.0; Win64; x64; rv:70.0) Gecko/20100101 Firefox/70.0"
193.194.132.28 - - [26/Nov/2019:09:55:56 +0100] "GET /reload?ser=1574758555987 HTTP/1.1" 200 28 "http://renault.2web.at/account?loadrequest=true" "Mozilla/5.0 (Windows NT 10.0; WOW64; Trident/7.0; Touch; rv:11.0) like Gecko"
213.153.47.173 - - [26/Nov/2019:09:56:23 +0100] "GET /reload?ser=1574758583847 HTTP/1.1" 200 28 "http://renault.activities.at/login?required=true" "Mozilla/5.0 (Windows NT 10.0; Win64; x64; rv:70.0) Gecko/20100101 Firefox/70.0"
213.153.47.173 - - [26/Nov/2019:09:56:39 +0100] "GET /reload?ser=1574758599178 HTTP/1.1" 200 28 "http://renault.activities.at/login?required=true" "Mozilla/5.0 (Windows NT 10.0; Win64; x64; rv:70.0) Gecko/20100101 Firefox/70.0"
193.194.132.28 - - [26/Nov/2019:09:56:57 +0100] "GET /reload?ser=1574758617128 HTTP/1.1" 200 28 "http://renault.2web.at/account?loadrequest=true" "Mozilla/5.0 (Windows NT 10.0; WOW64; Trident/7.0; Touch; rv:11.0) like Gecko"
213.153.47.173 - - [26/Nov/2019:09:57:24 +0100] "GET /reload?ser=1574758644496 HTTP/1.1" 200 28 "http://renault.activities.at/login?required=true" "Mozilla/5.0 (Windows NT 10.0; Win64; x64; rv:70.0) Gecko/20100101 Firefox/70.0"
213.153.47.173 - - [26/Nov/2019:09:57:39 +0100] "GET /reload?ser=1574758659826 HTTP/1.1" 200 28 "http://renault.activities.at/login?required=true" "Mozilla/5.0 (Windows NT 10.0; Win64; x64; rv:70.0) Gecko/20100101 Firefox/70.0"
193.194.132.28 - - [26/Nov/2019:09:57:58 +0100] "GET /reload?ser=1574758678213 HTTP/1.1" 200 28 "http://renault.2web.at/account?loadrequest=true" "Mozilla/5.0 (Windows NT 10.0; WOW64; Trident/7.0; Touch; rv:11.0) like Gecko"
213.153.47.173 - - [26/Nov/2019:09:58:25 +0100] "GET /reload?ser=1574758705155 HTTP/1.1" 200 28 "http://renault.activities.at/login?required=true" "Mozilla/5.0 (Windows NT 10.0; Win64; x64; rv:70.0) Gecko/20100101 Firefox/70.0"
213.153.47.173 - - [26/Nov/2019:09:58:40 +0100] "GET /reload?ser=1574758720486 HTTP/1.1" 200 28 "http://renault.activities.at/login?required=true" "Mozilla/5.0 (Windows NT 10.0; Win64; x64; rv:70.0) Gecko/20100101 Firefox/70.0"
193.194.132.28 - - [26/Nov/2019:09:58:59 +0100] "GET /reload?ser=1574758739273 HTTP/1.1" 200 28 "http://renault.2web.at/account?loadrequest=true" "Mozilla/5.0 (Windows NT 10.0; WOW64; Trident/7.0; Touch; rv:11.0) like Gecko"
213.153.47.173 - - [26/Nov/2019:09:59:25 +0100] "GET /reload?ser=1574758765863 HTTP/1.1" 200 28 "http://renault.activities.at/login?required=true" "Mozilla/5.0 (Windows NT 10.0; Win64; x64; rv:70.0) Gecko/20100101 Firefox/70.0"
213.153.47.173 - - [26/Nov/2019:09:59:41 +0100] "GET /reload?ser=1574758781155 HTTP/1.1" 200 28 "http://renault.activities.at/login?required=true" "Mozilla/5.0 (Windows NT 10.0; Win64; x64; rv:70.0) Gecko/20100101 Firefox/70.0"
193.194.132.28 - - [26/Nov/2019:10:00:00 +0100] "GET /reload?ser=1574758800456 HTTP/1.1" 200 28 "http://renault.2web.at/account?loadrequest=true" "Mozilla/5.0 (Windows NT 10.0; WOW64; Trident/7.0; Touch; rv:11.0) like Gecko"
213.153.47.173 - - [26/Nov/2019:10:00:26 +0100] "GET /reload?ser=1574758826522 HTTP/1.1" 200 28 "http://renault.activities.at/login?required=true" "Mozilla/5.0 (Windows NT 10.0; Win64; x64; rv:70.0) Gecko/20100101 Firefox/70.0"
