213.153.47.173 - - [28/Nov/2019:10:13:44 +0100] "GET /reload?ser=1574932424536 HTTP/1.1" 200 28 "http://renault.activities.at/login?required=true" "Mozilla/5.0 (Windows NT 10.0; Win64; x64; rv:70.0) Gecko/20100101 Firefox/70.0"
212.89.176.40 - - [28/Nov/2019:10:13:46 +0100] "GET /reload?ser=1574932418808 HTTP/1.1" 200 28 "http://renault.activities.at/success" "Mozilla/5.0 (Windows NT 6.1; WOW64; Trident/7.0; rv:11.0) like Gecko"
193.194.132.24 - - [28/Nov/2019:10:13:56 +0100] "GET /reload?ser=1574932436460 HTTP/1.1" 200 28 "http://renault.2web.at/account?loadrequest=true" "Mozilla/5.0 (Windows NT 10.0; WOW64; Trident/7.0; Touch; rv:11.0) like Gecko"
80.123.225.36 - - [28/Nov/2019:10:14:01 +0100] "GET /reload?ser=1574932441960 HTTP/1.1" 200 28 "http://renault.activities.at/success" "Mozilla/5.0 (compatible; MSIE 10.0; Windows NT 6.1; WOW64; Trident/6.0)"
217.76.161.118 - - [28/Nov/2019:10:14:14 +0100] "GET /reload?ser=1574932453532 HTTP/1.1" 200 28 "http://renault.activities.at/result?searchterm=true&search=wartungs" "Mozilla/5.0 (Windows NT 10.0; Win64; x64) AppleWebKit/537.36 (KHTML, like Gecko) Chrome/64.0.3282.140 Safari/537.36 Edge/18.17763"
80.122.221.194 - - [28/Nov/2019:10:14:15 +0100] "GET /reload?ser=1574932454981 HTTP/1.1" 200 28 "http://renault.activities.at/success" "Mozilla/5.0 (Windows NT 10.0; Win64; x64) AppleWebKit/537.36 (KHTML, like Gecko) Chrome/70.0.3538.102 Safari/537.36 Edge/18.18362"
213.153.47.173 - - [28/Nov/2019:10:14:21 +0100] "GET /reload?ser=1574932461726 HTTP/1.1" 200 28 "http://renault.activities.at/login?required=true" "Mozilla/5.0 (Windows NT 10.0; Win64; x64; rv:70.0) Gecko/20100101 Firefox/70.0"
213.153.47.173 - - [28/Nov/2019:10:14:45 +0100] "GET /reload?ser=1574932485195 HTTP/1.1" 200 28 "http://renault.activities.at/login?required=true" "Mozilla/5.0 (Windows NT 10.0; Win64; x64; rv:70.0) Gecko/20100101 Firefox/70.0"
212.89.176.40 - - [28/Nov/2019:10:14:47 +0100] "GET /reload?ser=1574932479755 HTTP/1.1" 200 28 "http://renault.activities.at/success" "Mozilla/5.0 (Windows NT 6.1; WOW64; Trident/7.0; rv:11.0) like Gecko"
193.194.132.24 - - [28/Nov/2019:10:14:57 +0100] "GET /reload?ser=1574932497529 HTTP/1.1" 200 28 "http://renault.2web.at/account?loadrequest=true" "Mozilla/5.0 (Windows NT 10.0; WOW64; Trident/7.0; Touch; rv:11.0) like Gecko"
80.123.225.36 - - [28/Nov/2019:10:15:02 +0100] "GET /reload?ser=1574932502972 HTTP/1.1" 200 28 "http://renault.activities.at/success" "Mozilla/5.0 (compatible; MSIE 10.0; Windows NT 6.1; WOW64; Trident/6.0)"
217.76.161.118 - - [28/Nov/2019:10:15:15 +0100] "GET /reload?ser=1574932514515 HTTP/1.1" 200 28 "http://renault.activities.at/result?searchterm=true&search=wartungs" "Mozilla/5.0 (Windows NT 10.0; Win64; x64) AppleWebKit/537.36 (KHTML, like Gecko) Chrome/64.0.3282.140 Safari/537.36 Edge/18.17763"
80.122.221.194 - - [28/Nov/2019:10:15:15 +0100] "GET /reload?ser=1574932515937 HTTP/1.1" 200 28 "http://renault.activities.at/success" "Mozilla/5.0 (Windows NT 10.0; Win64; x64) AppleWebKit/537.36 (KHTML, like Gecko) Chrome/70.0.3538.102 Safari/537.36 Edge/18.18362"
213.153.47.173 - - [28/Nov/2019:10:15:22 +0100] "GET /reload?ser=1574932522384 HTTP/1.1" 200 28 "http://renault.activities.at/login?required=true" "Mozilla/5.0 (Windows NT 10.0; Win64; x64; rv:70.0) Gecko/20100101 Firefox/70.0"
213.153.47.173 - - [28/Nov/2019:10:15:45 +0100] "GET /reload?ser=1574932545864 HTTP/1.1" 200 28 "http://renault.activities.at/login?required=true" "Mozilla/5.0 (Windows NT 10.0; Win64; x64; rv:70.0) Gecko/20100101 Firefox/70.0"
212.89.176.40 - - [28/Nov/2019:10:15:48 +0100] "GET /reload?ser=1574932540747 HTTP/1.1" 200 28 "http://renault.activities.at/success" "Mozilla/5.0 (Windows NT 6.1; WOW64; Trident/7.0; rv:11.0) like Gecko"
193.194.132.24 - - [28/Nov/2019:10:15:58 +0100] "GET /reload?ser=1574932558553 HTTP/1.1" 200 28 "http://renault.2web.at/account?loadrequest=true" "Mozilla/5.0 (Windows NT 10.0; WOW64; Trident/7.0; Touch; rv:11.0) like Gecko"
80.123.225.36 - - [28/Nov/2019:10:16:03 +0100] "GET /reload?ser=1574932564089 HTTP/1.1" 200 28 "http://renault.activities.at/success" "Mozilla/5.0 (compatible; MSIE 10.0; Windows NT 6.1; WOW64; Trident/6.0)"
217.76.161.118 - - [28/Nov/2019:10:16:16 +0100] "GET /reload?ser=1574932575503 HTTP/1.1" 200 28 "http://renault.activities.at/result?searchterm=true&search=wartungs" "Mozilla/5.0 (Windows NT 10.0; Win64; x64) AppleWebKit/537.36 (KHTML, like Gecko) Chrome/64.0.3282.140 Safari/537.36 Edge/18.17763"
80.122.221.194 - - [28/Nov/2019:10:16:16 +0100] "GET /reload?ser=1574932576888 HTTP/1.1" 200 28 "http://renault.activities.at/success" "Mozilla/5.0 (Windows NT 10.0; Win64; x64) AppleWebKit/537.36 (KHTML, like Gecko) Chrome/70.0.3538.102 Safari/537.36 Edge/18.18362"
213.153.47.173 - - [28/Nov/2019:10:16:23 +0100] "GET /reload?ser=1574932583053 HTTP/1.1" 200 28 "http://renault.activities.at/login?required=true" "Mozilla/5.0 (Windows NT 10.0; Win64; x64; rv:70.0) Gecko/20100101 Firefox/70.0"
213.153.47.173 - - [28/Nov/2019:10:16:46 +0100] "GET /reload?ser=1574932606502 HTTP/1.1" 200 28 "http://renault.activities.at/login?required=true" "Mozilla/5.0 (Windows NT 10.0; Win64; x64; rv:70.0) Gecko/20100101 Firefox/70.0"
212.89.176.40 - - [28/Nov/2019:10:16:49 +0100] "GET /reload?ser=1574932601708 HTTP/1.1" 200 28 "http://renault.activities.at/success" "Mozilla/5.0 (Windows NT 6.1; WOW64; Trident/7.0; rv:11.0) like Gecko"
193.194.132.24 - - [28/Nov/2019:10:16:59 +0100] "GET /reload?ser=1574932619594 HTTP/1.1" 200 28 "http://renault.2web.at/account?loadrequest=true" "Mozilla/5.0 (Windows NT 10.0; WOW64; Trident/7.0; Touch; rv:11.0) like Gecko"
80.123.225.36 - - [28/Nov/2019:10:17:04 +0100] "GET /reload?ser=1574932625042 HTTP/1.1" 200 28 "http://renault.activities.at/success" "Mozilla/5.0 (compatible; MSIE 10.0; Windows NT 6.1; WOW64; Trident/6.0)"
217.76.161.118 - - [28/Nov/2019:10:17:17 +0100] "GET /reload?ser=1574932636506 HTTP/1.1" 200 28 "http://renault.activities.at/result?searchterm=true&search=wartungs" "Mozilla/5.0 (Windows NT 10.0; Win64; x64) AppleWebKit/537.36 (KHTML, like Gecko) Chrome/64.0.3282.140 Safari/537.36 Edge/18.17763"
80.122.221.194 - - [28/Nov/2019:10:17:17 +0100] "GET /reload?ser=1574932637825 HTTP/1.1" 200 28 "http://renault.activities.at/success" "Mozilla/5.0 (Windows NT 10.0; Win64; x64) AppleWebKit/537.36 (KHTML, like Gecko) Chrome/70.0.3538.102 Safari/537.36 Edge/18.18362"
213.153.47.173 - - [28/Nov/2019:10:17:23 +0100] "GET /reload?ser=1574932643712 HTTP/1.1" 200 28 "http://renault.activities.at/login?required=true" "Mozilla/5.0 (Windows NT 10.0; Win64; x64; rv:70.0) Gecko/20100101 Firefox/70.0"
213.153.47.173 - - [28/Nov/2019:10:17:47 +0100] "GET /reload?ser=1574932667162 HTTP/1.1" 200 28 "http://renault.activities.at/login?required=true" "Mozilla/5.0 (Windows NT 10.0; Win64; x64; rv:70.0) Gecko/20100101 Firefox/70.0"
212.89.176.40 - - [28/Nov/2019:10:17:50 +0100] "GET /reload?ser=1574932662685 HTTP/1.1" 200 28 "http://renault.activities.at/success" "Mozilla/5.0 (Windows NT 6.1; WOW64; Trident/7.0; rv:11.0) like Gecko"
193.194.132.24 - - [28/Nov/2019:10:18:00 +0100] "GET /reload?ser=1574932680611 HTTP/1.1" 200 28 "http://renault.2web.at/account?loadrequest=true" "Mozilla/5.0 (Windows NT 10.0; WOW64; Trident/7.0; Touch; rv:11.0) like Gecko"
80.123.225.36 - - [28/Nov/2019:10:18:05 +0100] "GET /reload?ser=1574932686011 HTTP/1.1" 200 28 "http://renault.activities.at/success" "Mozilla/5.0 (compatible; MSIE 10.0; Windows NT 6.1; WOW64; Trident/6.0)"
80.122.221.194 - - [28/Nov/2019:10:18:18 +0100] "GET /reload?ser=1574932698781 HTTP/1.1" 200 28 "http://renault.activities.at/success" "Mozilla/5.0 (Windows NT 10.0; Win64; x64) AppleWebKit/537.36 (KHTML, like Gecko) Chrome/70.0.3538.102 Safari/537.36 Edge/18.18362"
217.76.161.118 - - [28/Nov/2019:10:18:18 +0100] "GET /reload?ser=1574932697485 HTTP/1.1" 200 28 "http://renault.activities.at/result?searchterm=true&search=wartungs" "Mozilla/5.0 (Windows NT 10.0; Win64; x64) AppleWebKit/537.36 (KHTML, like Gecko) Chrome/64.0.3282.140 Safari/537.36 Edge/18.17763"
213.153.47.173 - - [28/Nov/2019:10:18:24 +0100] "GET /reload?ser=1574932704382 HTTP/1.1" 200 28 "http://renault.activities.at/login?required=true" "Mozilla/5.0 (Windows NT 10.0; Win64; x64; rv:70.0) Gecko/20100101 Firefox/70.0"
213.153.47.173 - - [28/Nov/2019:10:18:47 +0100] "GET /reload?ser=1574932727821 HTTP/1.1" 200 28 "http://renault.activities.at/login?required=true" "Mozilla/5.0 (Windows NT 10.0; Win64; x64; rv:70.0) Gecko/20100101 Firefox/70.0"
212.89.176.40 - - [28/Nov/2019:10:18:50 +0100] "GET /reload?ser=1574932723687 HTTP/1.1" 200 28 "http://renault.activities.at/success" "Mozilla/5.0 (Windows NT 6.1; WOW64; Trident/7.0; rv:11.0) like Gecko"
193.194.132.24 - - [28/Nov/2019:10:19:01 +0100] "GET /reload?ser=1574932741637 HTTP/1.1" 200 28 "http://renault.2web.at/account?loadrequest=true" "Mozilla/5.0 (Windows NT 10.0; WOW64; Trident/7.0; Touch; rv:11.0) like Gecko"
80.123.225.36 - - [28/Nov/2019:10:19:06 +0100] "GET /reload?ser=1574932747024 HTTP/1.1" 200 28 "http://renault.activities.at/success" "Mozilla/5.0 (compatible; MSIE 10.0; Windows NT 6.1; WOW64; Trident/6.0)"
80.122.221.194 - - [28/Nov/2019:10:19:19 +0100] "GET /reload?ser=1574932759711 HTTP/1.1" 200 28 "http://renault.activities.at/success" "Mozilla/5.0 (Windows NT 10.0; Win64; x64) AppleWebKit/537.36 (KHTML, like Gecko) Chrome/70.0.3538.102 Safari/537.36 Edge/18.18362"
217.76.161.118 - - [28/Nov/2019:10:19:19 +0100] "GET /reload?ser=1574932758503 HTTP/1.1" 200 28 "http://renault.activities.at/result?searchterm=true&search=wartungs" "Mozilla/5.0 (Windows NT 10.0; Win64; x64) AppleWebKit/537.36 (KHTML, like Gecko) Chrome/64.0.3282.140 Safari/537.36 Edge/18.17763"
213.153.47.173 - - [28/Nov/2019:10:19:25 +0100] "GET /reload?ser=1574932765048 HTTP/1.1" 200 28 "http://renault.activities.at/login?required=true" "Mozilla/5.0 (Windows NT 10.0; Win64; x64; rv:70.0) Gecko/20100101 Firefox/70.0"
213.153.47.173 - - [28/Nov/2019:10:19:48 +0100] "GET /reload?ser=1574932788466 HTTP/1.1" 200 28 "http://renault.activities.at/login?required=true" "Mozilla/5.0 (Windows NT 10.0; Win64; x64; rv:70.0) Gecko/20100101 Firefox/70.0"
212.89.176.40 - - [28/Nov/2019:10:19:51 +0100] "GET /reload?ser=1574932784665 HTTP/1.1" 200 28 "http://renault.activities.at/success" "Mozilla/5.0 (Windows NT 6.1; WOW64; Trident/7.0; rv:11.0) like Gecko"
193.194.132.24 - - [28/Nov/2019:10:20:02 +0100] "GET /reload?ser=1574932802676 HTTP/1.1" 200 28 "http://renault.2web.at/account?loadrequest=true" "Mozilla/5.0 (Windows NT 10.0; WOW64; Trident/7.0; Touch; rv:11.0) like Gecko"
80.123.225.36 - - [28/Nov/2019:10:20:07 +0100] "GET /reload?ser=1574932808004 HTTP/1.1" 200 28 "http://renault.activities.at/success" "Mozilla/5.0 (compatible; MSIE 10.0; Windows NT 6.1; WOW64; Trident/6.0)"
80.122.221.194 - - [28/Nov/2019:10:20:20 +0100] "GET /reload?ser=1574932820668 HTTP/1.1" 200 28 "http://renault.activities.at/success" "Mozilla/5.0 (Windows NT 10.0; Win64; x64) AppleWebKit/537.36 (KHTML, like Gecko) Chrome/70.0.3538.102 Safari/537.36 Edge/18.18362"
217.76.161.118 - - [28/Nov/2019:10:20:20 +0100] "GET /reload?ser=1574932819515 HTTP/1.1" 200 28 "http://renault.activities.at/result?searchterm=true&search=wartungs" "Mozilla/5.0 (Windows NT 10.0; Win64; x64) AppleWebKit/537.36 (KHTML, like Gecko) Chrome/64.0.3282.140 Safari/537.36 Edge/18.17763"
213.153.47.173 - - [28/Nov/2019:10:20:25 +0100] "GET /reload?ser=1574932825701 HTTP/1.1" 200 28 "http://renault.activities.at/login?required=true" "Mozilla/5.0 (Windows NT 10.0; Win64; x64; rv:70.0) Gecko/20100101 Firefox/70.0"
213.153.47.173 - - [28/Nov/2019:10:20:49 +0100] "GET /reload?ser=1574932849108 HTTP/1.1" 200 28 "http://renault.activities.at/login?required=true" "Mozilla/5.0 (Windows NT 10.0; Win64; x64; rv:70.0) Gecko/20100101 Firefox/70.0"
212.89.176.40 - - [28/Nov/2019:10:20:52 +0100] "GET /reload?ser=1574932845625 HTTP/1.1" 200 28 "http://renault.activities.at/success" "Mozilla/5.0 (Windows NT 6.1; WOW64; Trident/7.0; rv:11.0) like Gecko"
193.194.132.24 - - [28/Nov/2019:10:21:03 +0100] "GET /reload?ser=1574932863728 HTTP/1.1" 200 28 "http://renault.2web.at/account?loadrequest=true" "Mozilla/5.0 (Windows NT 10.0; WOW64; Trident/7.0; Touch; rv:11.0) like Gecko"
80.123.225.36 - - [28/Nov/2019:10:21:08 +0100] "GET /reload?ser=1574932868972 HTTP/1.1" 200 28 "http://renault.activities.at/success" "Mozilla/5.0 (compatible; MSIE 10.0; Windows NT 6.1; WOW64; Trident/6.0)"
80.122.221.194 - - [28/Nov/2019:10:21:21 +0100] "GET /reload?ser=1574932881586 HTTP/1.1" 200 28 "http://renault.activities.at/success" "Mozilla/5.0 (Windows NT 10.0; Win64; x64) AppleWebKit/537.36 (KHTML, like Gecko) Chrome/70.0.3538.102 Safari/537.36 Edge/18.18362"
217.76.161.118 - - [28/Nov/2019:10:21:21 +0100] "GET /reload?ser=1574932880509 HTTP/1.1" 200 28 "http://renault.activities.at/result?searchterm=true&search=wartungs" "Mozilla/5.0 (Windows NT 10.0; Win64; x64) AppleWebKit/537.36 (KHTML, like Gecko) Chrome/64.0.3282.140 Safari/537.36 Edge/18.17763"
213.153.47.173 - - [28/Nov/2019:10:21:26 +0100] "GET /reload?ser=1574932886355 HTTP/1.1" 200 28 "http://renault.activities.at/login?required=true" "Mozilla/5.0 (Windows NT 10.0; Win64; x64; rv:70.0) Gecko/20100101 Firefox/70.0"
212.152.246.130 - - [28/Nov/2019:10:21:48 +0100] "GET /login HTTP/1.1" 200 2085 "-" "Mozilla/5.0 (Windows NT 6.1; Win64; x64) AppleWebKit/537.36 (KHTML, like Gecko) Chrome/78.0.3904.97 Safari/537.36 OPR/65.0.3467.48"
212.152.246.130 - - [28/Nov/2019:10:21:49 +0100] "GET /images/favicon.ico HTTP/1.1" 404 305 "-" "Mozilla/5.0 (Windows NT 6.1; Win64; x64) AppleWebKit/537.36 (KHTML, like Gecko) Chrome/78.0.3904.97 Safari/537.36 OPR/65.0.3467.48"
213.153.47.173 - - [28/Nov/2019:10:21:49 +0100] "GET /reload?ser=1574932909762 HTTP/1.1" 200 28 "http://renault.activities.at/login?required=true" "Mozilla/5.0 (Windows NT 10.0; Win64; x64; rv:70.0) Gecko/20100101 Firefox/70.0"
212.89.176.40 - - [28/Nov/2019:10:21:53 +0100] "GET /reload?ser=1574932906586 HTTP/1.1" 200 28 "http://renault.activities.at/success" "Mozilla/5.0 (Windows NT 6.1; WOW64; Trident/7.0; rv:11.0) like Gecko"
193.194.132.24 - - [28/Nov/2019:10:22:04 +0100] "GET /reload?ser=1574932924777 HTTP/1.1" 200 28 "http://renault.2web.at/account?loadrequest=true" "Mozilla/5.0 (Windows NT 10.0; WOW64; Trident/7.0; Touch; rv:11.0) like Gecko"
80.123.225.36 - - [28/Nov/2019:10:22:09 +0100] "GET /reload?ser=1574932929959 HTTP/1.1" 200 28 "http://renault.activities.at/success" "Mozilla/5.0 (compatible; MSIE 10.0; Windows NT 6.1; WOW64; Trident/6.0)"
80.122.221.194 - - [28/Nov/2019:10:22:22 +0100] "GET /reload?ser=1574932942544 HTTP/1.1" 200 28 "http://renault.activities.at/success" "Mozilla/5.0 (Windows NT 10.0; Win64; x64) AppleWebKit/537.36 (KHTML, like Gecko) Chrome/70.0.3538.102 Safari/537.36 Edge/18.18362"
217.76.161.118 - - [28/Nov/2019:10:22:22 +0100] "GET /reload?ser=1574932941510 HTTP/1.1" 200 28 "http://renault.activities.at/result?searchterm=true&search=wartungs" "Mozilla/5.0 (Windows NT 10.0; Win64; x64) AppleWebKit/537.36 (KHTML, like Gecko) Chrome/64.0.3282.140 Safari/537.36 Edge/18.17763"
213.153.47.173 - - [28/Nov/2019:10:22:26 +0100] "GET /reload?ser=1574932947008 HTTP/1.1" 200 28 "http://renault.activities.at/login?required=true" "Mozilla/5.0 (Windows NT 10.0; Win64; x64; rv:70.0) Gecko/20100101 Firefox/70.0"
213.153.47.173 - - [28/Nov/2019:10:22:50 +0100] "GET /reload?ser=1574932970404 HTTP/1.1" 200 28 "http://renault.activities.at/login?required=true" "Mozilla/5.0 (Windows NT 10.0; Win64; x64; rv:70.0) Gecko/20100101 Firefox/70.0"
212.89.176.40 - - [28/Nov/2019:10:22:54 +0100] "GET /reload?ser=1574932967541 HTTP/1.1" 200 28 "http://renault.activities.at/success" "Mozilla/5.0 (Windows NT 6.1; WOW64; Trident/7.0; rv:11.0) like Gecko"
193.194.132.24 - - [28/Nov/2019:10:23:05 +0100] "GET /reload?ser=1574932985814 HTTP/1.1" 200 28 "http://renault.2web.at/account?loadrequest=true" "Mozilla/5.0 (Windows NT 10.0; WOW64; Trident/7.0; Touch; rv:11.0) like Gecko"
80.123.225.36 - - [28/Nov/2019:10:23:10 +0100] "GET /reload?ser=1574932990922 HTTP/1.1" 200 28 "http://renault.activities.at/success" "Mozilla/5.0 (compatible; MSIE 10.0; Windows NT 6.1; WOW64; Trident/6.0)"
80.122.221.194 - - [28/Nov/2019:10:23:23 +0100] "GET /reload?ser=1574933003531 HTTP/1.1" 200 28 "http://renault.activities.at/success" "Mozilla/5.0 (Windows NT 10.0; Win64; x64) AppleWebKit/537.36 (KHTML, like Gecko) Chrome/70.0.3538.102 Safari/537.36 Edge/18.18362"
217.76.161.118 - - [28/Nov/2019:10:23:23 +0100] "GET /reload?ser=1574933002543 HTTP/1.1" 200 28 "http://renault.activities.at/result?searchterm=true&search=wartungs" "Mozilla/5.0 (Windows NT 10.0; Win64; x64) AppleWebKit/537.36 (KHTML, like Gecko) Chrome/64.0.3282.140 Safari/537.36 Edge/18.17763"
213.153.47.173 - - [28/Nov/2019:10:23:27 +0100] "GET /reload?ser=1574933007651 HTTP/1.1" 200 28 "http://renault.activities.at/login?required=true" "Mozilla/5.0 (Windows NT 10.0; Win64; x64; rv:70.0) Gecko/20100101 Firefox/70.0"
213.153.47.173 - - [28/Nov/2019:10:23:51 +0100] "GET /reload?ser=1574933031033 HTTP/1.1" 200 28 "http://renault.activities.at/login?required=true" "Mozilla/5.0 (Windows NT 10.0; Win64; x64; rv:70.0) Gecko/20100101 Firefox/70.0"
212.89.176.40 - - [28/Nov/2019:10:23:55 +0100] "GET /reload?ser=1574933028487 HTTP/1.1" 200 28 "http://renault.activities.at/success" "Mozilla/5.0 (Windows NT 6.1; WOW64; Trident/7.0; rv:11.0) like Gecko"
193.194.132.24 - - [28/Nov/2019:10:24:06 +0100] "GET /reload?ser=1574933046817 HTTP/1.1" 200 28 "http://renault.2web.at/account?loadrequest=true" "Mozilla/5.0 (Windows NT 10.0; WOW64; Trident/7.0; Touch; rv:11.0) like Gecko"
80.123.225.36 - - [28/Nov/2019:10:24:11 +0100] "GET /reload?ser=1574933051870 HTTP/1.1" 200 28 "http://renault.activities.at/success" "Mozilla/5.0 (compatible; MSIE 10.0; Windows NT 6.1; WOW64; Trident/6.0)"
80.122.221.194 - - [28/Nov/2019:10:24:24 +0100] "GET /reload?ser=1574933064481 HTTP/1.1" 200 28 "http://renault.activities.at/success" "Mozilla/5.0 (Windows NT 10.0; Win64; x64) AppleWebKit/537.36 (KHTML, like Gecko) Chrome/70.0.3538.102 Safari/537.36 Edge/18.18362"
217.76.161.118 - - [28/Nov/2019:10:24:24 +0100] "GET /reload?ser=1574933063575 HTTP/1.1" 200 28 "http://renault.activities.at/result?searchterm=true&search=wartungs" "Mozilla/5.0 (Windows NT 10.0; Win64; x64) AppleWebKit/537.36 (KHTML, like Gecko) Chrome/64.0.3282.140 Safari/537.36 Edge/18.17763"
213.153.47.173 - - [28/Nov/2019:10:24:28 +0100] "GET /reload?ser=1574933068286 HTTP/1.1" 200 28 "http://renault.activities.at/login?required=true" "Mozilla/5.0 (Windows NT 10.0; Win64; x64; rv:70.0) Gecko/20100101 Firefox/70.0"
213.153.47.173 - - [28/Nov/2019:10:24:51 +0100] "GET /reload?ser=1574933091666 HTTP/1.1" 200 28 "http://renault.activities.at/login?required=true" "Mozilla/5.0 (Windows NT 10.0; Win64; x64; rv:70.0) Gecko/20100101 Firefox/70.0"
212.89.176.40 - - [28/Nov/2019:10:24:56 +0100] "GET /reload?ser=1574933089447 HTTP/1.1" 200 28 "http://renault.activities.at/success" "Mozilla/5.0 (Windows NT 6.1; WOW64; Trident/7.0; rv:11.0) like Gecko"
91.113.242.244 - - [28/Nov/2019:10:25:01 +0100] "GET / HTTP/1.1" 200 3380 "-" "Mozilla/5.0 (Windows NT 6.1; WOW64; Trident/7.0; rv:11.0) like Gecko"
91.113.242.244 - - [28/Nov/2019:10:25:02 +0100] "GET /js/flashdetection.js HTTP/1.1" 200 1059 "http://renault.activities.at/" "Mozilla/5.0 (Windows NT 6.1; WOW64; Trident/7.0; rv:11.0) like Gecko"
91.113.242.244 - - [28/Nov/2019:10:25:02 +0100] "GET /css/reset.css HTTP/1.1" 200 1356 "http://renault.activities.at/" "Mozilla/5.0 (Windows NT 6.1; WOW64; Trident/7.0; rv:11.0) like Gecko"
91.113.242.244 - - [28/Nov/2019:10:25:02 +0100] "GET /js/default.js HTTP/1.1" 200 14698 "http://renault.activities.at/" "Mozilla/5.0 (Windows NT 6.1; WOW64; Trident/7.0; rv:11.0) like Gecko"
91.113.242.244 - - [28/Nov/2019:10:25:02 +0100] "GET /css/clears.css HTTP/1.1" 200 851 "http://renault.activities.at/" "Mozilla/5.0 (Windows NT 6.1; WOW64; Trident/7.0; rv:11.0) like Gecko"
91.113.242.244 - - [28/Nov/2019:10:25:02 +0100] "GET /css/styles.css HTTP/1.1" 200 14664 "http://renault.activities.at/" "Mozilla/5.0 (Windows NT 6.1; WOW64; Trident/7.0; rv:11.0) like Gecko"
91.113.242.244 - - [28/Nov/2019:10:25:02 +0100] "GET /css/print.css HTTP/1.1" 200 543 "http://renault.activities.at/" "Mozilla/5.0 (Windows NT 6.1; WOW64; Trident/7.0; rv:11.0) like Gecko"
91.113.242.244 - - [28/Nov/2019:10:25:02 +0100] "GET /js/checkout.css HTTP/1.1" 200 359 "http://renault.activities.at/" "Mozilla/5.0 (Windows NT 6.1; WOW64; Trident/7.0; rv:11.0) like Gecko"
91.113.242.244 - - [28/Nov/2019:10:25:02 +0100] "GET /css/prototip.css HTTP/1.1" 200 968 "http://renault.activities.at/" "Mozilla/5.0 (Windows NT 6.1; WOW64; Trident/7.0; rv:11.0) like Gecko"
91.113.242.244 - - [28/Nov/2019:10:25:02 +0100] "GET /css/themes/default.css HTTP/1.1" 200 769 "http://renault.activities.at/" "Mozilla/5.0 (Windows NT 6.1; WOW64; Trident/7.0; rv:11.0) like Gecko"
91.113.242.244 - - [28/Nov/2019:10:25:02 +0100] "GET /css/themes/alphacube.css HTTP/1.1" 200 743 "http://renault.activities.at/" "Mozilla/5.0 (Windows NT 6.1; WOW64; Trident/7.0; rv:11.0) like Gecko"
91.113.242.244 - - [28/Nov/2019:10:25:02 +0100] "GET /js/index.php?c=auto&f=,prototype/prototype.js,prototype/validation.js,scriptaculous/builder.js,scriptaculous/effects.js,scriptaculous/dragdrop.js,scriptaculous/controls.js,scriptaculous/slider.js,varien/js.js,varien/form.js,varien/menu.js,mage/translate.js,mage/cookies.js,varien/product.js,spinner/SpinnerControl.jsmin.js,prototype/window.js,prototype/window_ext.js HTTP/1.1" 200 94182 "http://renault.activities.at/" "Mozilla/5.0 (Windows NT 6.1; WOW64; Trident/7.0; rv:11.0) like Gecko"
91.113.242.244 - - [28/Nov/2019:10:25:02 +0100] "GET /images/main_block_corner_left_bot.gif HTTP/1.1" 200 159 "http://renault.activities.at/" "Mozilla/5.0 (Windows NT 6.1; WOW64; Trident/7.0; rv:11.0) like Gecko"
91.113.242.244 - - [28/Nov/2019:10:25:02 +0100] "GET /images/main_block_border.gif HTTP/1.1" 200 43 "http://renault.activities.at/" "Mozilla/5.0 (Windows NT 6.1; WOW64; Trident/7.0; rv:11.0) like Gecko"
91.113.242.244 - - [28/Nov/2019:10:25:02 +0100] "GET /images/main_block_corner_right_bot.gif HTTP/1.1" 200 158 "http://renault.activities.at/" "Mozilla/5.0 (Windows NT 6.1; WOW64; Trident/7.0; rv:11.0) like Gecko"
91.113.242.244 - - [28/Nov/2019:10:25:02 +0100] "GET /images/header_block_border.gif HTTP/1.1" 200 43 "http://renault.activities.at/" "Mozilla/5.0 (Windows NT 6.1; WOW64; Trident/7.0; rv:11.0) like Gecko"
91.113.242.244 - - [28/Nov/2019:10:25:02 +0100] "GET /images/header_block_corner_left_top.gif HTTP/1.1" 200 160 "http://renault.activities.at/" "Mozilla/5.0 (Windows NT 6.1; WOW64; Trident/7.0; rv:11.0) like Gecko"
91.113.242.244 - - [28/Nov/2019:10:25:02 +0100] "GET /images/header_block_corner_right_top.gif HTTP/1.1" 200 160 "http://renault.activities.at/" "Mozilla/5.0 (Windows NT 6.1; WOW64; Trident/7.0; rv:11.0) like Gecko"
91.113.242.244 - - [28/Nov/2019:10:25:02 +0100] "GET /images/main_block_corner_left_top.gif HTTP/1.1" 200 159 "http://renault.activities.at/" "Mozilla/5.0 (Windows NT 6.1; WOW64; Trident/7.0; rv:11.0) like Gecko"
91.113.242.244 - - [28/Nov/2019:10:25:02 +0100] "GET /images/main_block_corner_right_top.gif HTTP/1.1" 200 159 "http://renault.activities.at/" "Mozilla/5.0 (Windows NT 6.1; WOW64; Trident/7.0; rv:11.0) like Gecko"
91.113.242.244 - - [28/Nov/2019:10:25:02 +0100] "GET /images/title_border.jpg HTTP/1.1" 200 304 "http://renault.activities.at/" "Mozilla/5.0 (Windows NT 6.1; WOW64; Trident/7.0; rv:11.0) like Gecko"
91.113.242.244 - - [28/Nov/2019:10:25:02 +0100] "GET /images/title_border_top.jpg HTTP/1.1" 200 336 "http://renault.activities.at/" "Mozilla/5.0 (Windows NT 6.1; WOW64; Trident/7.0; rv:11.0) like Gecko"
91.113.242.244 - - [28/Nov/2019:10:25:02 +0100] "GET /images/title_corner_left_top.jpg HTTP/1.1" 200 372 "http://renault.activities.at/" "Mozilla/5.0 (Windows NT 6.1; WOW64; Trident/7.0; rv:11.0) like Gecko"
91.113.242.244 - - [28/Nov/2019:10:25:02 +0100] "GET /images/title_corner_right_top.jpg HTTP/1.1" 200 389 "http://renault.activities.at/" "Mozilla/5.0 (Windows NT 6.1; WOW64; Trident/7.0; rv:11.0) like Gecko"
91.113.242.244 - - [28/Nov/2019:10:25:02 +0100] "GET /images/favicon.ico HTTP/1.1" 404 305 "-" "Mozilla/5.0 (Windows NT 6.1; Win64; x64; Trident/7.0; rv:11.0) like Gecko"
91.113.242.244 - - [28/Nov/2019:10:25:02 +0100] "GET /loadthumbnail.php?id=11127982 HTTP/1.1" 200 399614 "http://renault.activities.at/" "Mozilla/5.0 (Windows NT 6.1; WOW64; Trident/7.0; rv:11.0) like Gecko"
193.194.132.24 - - [28/Nov/2019:10:25:08 +0100] "GET /reload?ser=1574933107839 HTTP/1.1" 200 28 "http://renault.2web.at/account?loadrequest=true" "Mozilla/5.0 (Windows NT 10.0; WOW64; Trident/7.0; Touch; rv:11.0) like Gecko"
80.123.225.36 - - [28/Nov/2019:10:25:12 +0100] "GET /reload?ser=1574933112849 HTTP/1.1" 200 28 "http://renault.activities.at/success" "Mozilla/5.0 (compatible; MSIE 10.0; Windows NT 6.1; WOW64; Trident/6.0)"
80.122.221.194 - - [28/Nov/2019:10:25:25 +0100] "GET /reload?ser=1574933125435 HTTP/1.1" 200 28 "http://renault.activities.at/success" "Mozilla/5.0 (Windows NT 10.0; Win64; x64) AppleWebKit/537.36 (KHTML, like Gecko) Chrome/70.0.3538.102 Safari/537.36 Edge/18.18362"
217.76.161.118 - - [28/Nov/2019:10:25:25 +0100] "GET /reload?ser=1574933124592 HTTP/1.1" 200 28 "http://renault.activities.at/result?searchterm=true&search=wartungs" "Mozilla/5.0 (Windows NT 10.0; Win64; x64) AppleWebKit/537.36 (KHTML, like Gecko) Chrome/64.0.3282.140 Safari/537.36 Edge/18.17763"
213.153.47.173 - - [28/Nov/2019:10:25:28 +0100] "GET /reload?ser=1574933128924 HTTP/1.1" 200 28 "http://renault.activities.at/login?required=true" "Mozilla/5.0 (Windows NT 10.0; Win64; x64; rv:70.0) Gecko/20100101 Firefox/70.0"
213.153.47.173 - - [28/Nov/2019:10:25:52 +0100] "GET /reload?ser=1574933152322 HTTP/1.1" 200 28 "http://renault.activities.at/login?required=true" "Mozilla/5.0 (Windows NT 10.0; Win64; x64; rv:70.0) Gecko/20100101 Firefox/70.0"
212.89.176.40 - - [28/Nov/2019:10:25:57 +0100] "GET /reload?ser=1574933150425 HTTP/1.1" 200 28 "http://renault.activities.at/success" "Mozilla/5.0 (Windows NT 6.1; WOW64; Trident/7.0; rv:11.0) like Gecko"
91.113.242.244 - - [28/Nov/2019:10:26:02 +0100] "GET /reload?ser=1574933163125 HTTP/1.1" 200 28 "http://renault.activities.at/" "Mozilla/5.0 (Windows NT 6.1; WOW64; Trident/7.0; rv:11.0) like Gecko"
193.194.132.24 - - [28/Nov/2019:10:26:09 +0100] "GET /reload?ser=1574933168862 HTTP/1.1" 200 28 "http://renault.2web.at/account?loadrequest=true" "Mozilla/5.0 (Windows NT 10.0; WOW64; Trident/7.0; Touch; rv:11.0) like Gecko"
80.123.225.36 - - [28/Nov/2019:10:26:13 +0100] "GET /reload?ser=1574933173821 HTTP/1.1" 200 28 "http://renault.activities.at/success" "Mozilla/5.0 (compatible; MSIE 10.0; Windows NT 6.1; WOW64; Trident/6.0)"
91.113.242.244 - - [28/Nov/2019:10:26:19 +0100] "GET /login HTTP/1.1" 200 2085 "http://renault.activities.at/" "Mozilla/5.0 (Windows NT 6.1; WOW64; Trident/7.0; rv:11.0) like Gecko"
91.113.242.244 - - [28/Nov/2019:10:26:20 +0100] "GET /js/default.js HTTP/1.1" 304 - "http://renault.activities.at/login" "Mozilla/5.0 (Windows NT 6.1; WOW64; Trident/7.0; rv:11.0) like Gecko"
91.113.242.244 - - [28/Nov/2019:10:26:20 +0100] "GET /css/reset.css HTTP/1.1" 304 - "http://renault.activities.at/login" "Mozilla/5.0 (Windows NT 6.1; WOW64; Trident/7.0; rv:11.0) like Gecko"
91.113.242.244 - - [28/Nov/2019:10:26:20 +0100] "GET /css/styles.css HTTP/1.1" 304 - "http://renault.activities.at/login" "Mozilla/5.0 (Windows NT 6.1; WOW64; Trident/7.0; rv:11.0) like Gecko"
91.113.242.244 - - [28/Nov/2019:10:26:20 +0100] "GET /css/clears.css HTTP/1.1" 304 - "http://renault.activities.at/login" "Mozilla/5.0 (Windows NT 6.1; WOW64; Trident/7.0; rv:11.0) like Gecko"
91.113.242.244 - - [28/Nov/2019:10:26:20 +0100] "GET /css/print.css HTTP/1.1" 304 - "http://renault.activities.at/login" "Mozilla/5.0 (Windows NT 6.1; WOW64; Trident/7.0; rv:11.0) like Gecko"
91.113.242.244 - - [28/Nov/2019:10:26:20 +0100] "GET /js/checkout.css HTTP/1.1" 304 - "http://renault.activities.at/login" "Mozilla/5.0 (Windows NT 6.1; WOW64; Trident/7.0; rv:11.0) like Gecko"
91.113.242.244 - - [28/Nov/2019:10:26:20 +0100] "GET /css/prototip.css HTTP/1.1" 304 - "http://renault.activities.at/login" "Mozilla/5.0 (Windows NT 6.1; WOW64; Trident/7.0; rv:11.0) like Gecko"
91.113.242.244 - - [28/Nov/2019:10:26:20 +0100] "GET /css/themes/default.css HTTP/1.1" 304 - "http://renault.activities.at/login" "Mozilla/5.0 (Windows NT 6.1; WOW64; Trident/7.0; rv:11.0) like Gecko"
91.113.242.244 - - [28/Nov/2019:10:26:20 +0100] "GET /css/themes/alphacube.css HTTP/1.1" 304 - "http://renault.activities.at/login" "Mozilla/5.0 (Windows NT 6.1; WOW64; Trident/7.0; rv:11.0) like Gecko"
91.113.242.244 - - [28/Nov/2019:10:26:20 +0100] "GET /images/main_block_corner_left_top.gif HTTP/1.1" 304 - "http://renault.activities.at/login" "Mozilla/5.0 (Windows NT 6.1; WOW64; Trident/7.0; rv:11.0) like Gecko"
91.113.242.244 - - [28/Nov/2019:10:26:20 +0100] "GET /images/main_block_border.gif HTTP/1.1" 304 - "http://renault.activities.at/login" "Mozilla/5.0 (Windows NT 6.1; WOW64; Trident/7.0; rv:11.0) like Gecko"
91.113.242.244 - - [28/Nov/2019:10:26:20 +0100] "GET /images/main_block_corner_right_top.gif HTTP/1.1" 304 - "http://renault.activities.at/login" "Mozilla/5.0 (Windows NT 6.1; WOW64; Trident/7.0; rv:11.0) like Gecko"
91.113.242.244 - - [28/Nov/2019:10:26:20 +0100] "GET /images/main_block_corner_left_bot.gif HTTP/1.1" 304 - "http://renault.activities.at/login" "Mozilla/5.0 (Windows NT 6.1; WOW64; Trident/7.0; rv:11.0) like Gecko"
91.113.242.244 - - [28/Nov/2019:10:26:20 +0100] "GET /images/main_block_corner_right_bot.gif HTTP/1.1" 304 - "http://renault.activities.at/login" "Mozilla/5.0 (Windows NT 6.1; WOW64; Trident/7.0; rv:11.0) like Gecko"
91.113.242.244 - - [28/Nov/2019:10:26:20 +0100] "GET /images/header_block_border.gif HTTP/1.1" 304 - "http://renault.activities.at/login" "Mozilla/5.0 (Windows NT 6.1; WOW64; Trident/7.0; rv:11.0) like Gecko"
91.113.242.244 - - [28/Nov/2019:10:26:20 +0100] "GET /images/title_border.jpg HTTP/1.1" 304 - "http://renault.activities.at/login" "Mozilla/5.0 (Windows NT 6.1; WOW64; Trident/7.0; rv:11.0) like Gecko"
91.113.242.244 - - [28/Nov/2019:10:26:20 +0100] "GET /images/header_block_corner_left_top.gif HTTP/1.1" 304 - "http://renault.activities.at/login" "Mozilla/5.0 (Windows NT 6.1; WOW64; Trident/7.0; rv:11.0) like Gecko"
91.113.242.244 - - [28/Nov/2019:10:26:20 +0100] "GET /images/title_border_top.jpg HTTP/1.1" 304 - "http://renault.activities.at/login" "Mozilla/5.0 (Windows NT 6.1; WOW64; Trident/7.0; rv:11.0) like Gecko"
91.113.242.244 - - [28/Nov/2019:10:26:20 +0100] "GET /images/title_corner_left_top.jpg HTTP/1.1" 304 - "http://renault.activities.at/login" "Mozilla/5.0 (Windows NT 6.1; WOW64; Trident/7.0; rv:11.0) like Gecko"
91.113.242.244 - - [28/Nov/2019:10:26:20 +0100] "GET /images/header_block_corner_right_top.gif HTTP/1.1" 304 - "http://renault.activities.at/login" "Mozilla/5.0 (Windows NT 6.1; WOW64; Trident/7.0; rv:11.0) like Gecko"
91.113.242.244 - - [28/Nov/2019:10:26:20 +0100] "GET /images/title_corner_right_top.jpg HTTP/1.1" 304 - "http://renault.activities.at/login" "Mozilla/5.0 (Windows NT 6.1; WOW64; Trident/7.0; rv:11.0) like Gecko"
91.113.242.244 - - [28/Nov/2019:10:26:20 +0100] "GET /images/button_right_bg.gif HTTP/1.1" 200 561 "http://renault.activities.at/login" "Mozilla/5.0 (Windows NT 6.1; WOW64; Trident/7.0; rv:11.0) like Gecko"
91.113.242.244 - - [28/Nov/2019:10:26:20 +0100] "GET /images/button_left_bg.gif HTTP/1.1" 200 564 "http://renault.activities.at/login" "Mozilla/5.0 (Windows NT 6.1; WOW64; Trident/7.0; rv:11.0) like Gecko"
91.113.242.244 - - [28/Nov/2019:10:26:20 +0100] "GET /images/button_bg.gif HTTP/1.1" 200 151 "http://renault.activities.at/login" "Mozilla/5.0 (Windows NT 6.1; WOW64; Trident/7.0; rv:11.0) like Gecko"
91.113.242.244 - - [28/Nov/2019:10:26:20 +0100] "GET /images/favicon.ico HTTP/1.1" 404 305 "-" "Mozilla/5.0 (Windows NT 6.1; Win64; x64; Trident/7.0; rv:11.0) like Gecko"
91.113.242.244 - - [28/Nov/2019:10:26:20 +0100] "GET /favicon.ico HTTP/1.1" 200 3250 "-" "Mozilla/5.0 (Windows NT 6.1; Win64; x64; Trident/7.0; rv:11.0) like Gecko"
80.122.221.194 - - [28/Nov/2019:10:26:26 +0100] "GET /reload?ser=1574933186373 HTTP/1.1" 200 28 "http://renault.activities.at/success" "Mozilla/5.0 (Windows NT 10.0; Win64; x64) AppleWebKit/537.36 (KHTML, like Gecko) Chrome/70.0.3538.102 Safari/537.36 Edge/18.18362"
217.76.161.118 - - [28/Nov/2019:10:26:26 +0100] "GET /reload?ser=1574933185562 HTTP/1.1" 200 28 "http://renault.activities.at/result?searchterm=true&search=wartungs" "Mozilla/5.0 (Windows NT 10.0; Win64; x64) AppleWebKit/537.36 (KHTML, like Gecko) Chrome/64.0.3282.140 Safari/537.36 Edge/18.17763"
213.153.47.173 - - [28/Nov/2019:10:26:29 +0100] "GET /reload?ser=1574933189576 HTTP/1.1" 200 28 "http://renault.activities.at/login?required=true" "Mozilla/5.0 (Windows NT 10.0; Win64; x64; rv:70.0) Gecko/20100101 Firefox/70.0"
213.153.47.173 - - [28/Nov/2019:10:26:52 +0100] "GET /reload?ser=1574933212980 HTTP/1.1" 200 28 "http://renault.activities.at/login?required=true" "Mozilla/5.0 (Windows NT 10.0; Win64; x64; rv:70.0) Gecko/20100101 Firefox/70.0"
91.113.242.244 - - [28/Nov/2019:10:26:56 +0100] "POST /login HTTP/1.1" 200 2154 "http://renault.activities.at/login" "Mozilla/5.0 (Windows NT 6.1; WOW64; Trident/7.0; rv:11.0) like Gecko"
91.113.242.244 - - [28/Nov/2019:10:26:57 +0100] "GET /js/default.js HTTP/1.1" 304 - "http://renault.activities.at/login" "Mozilla/5.0 (Windows NT 6.1; WOW64; Trident/7.0; rv:11.0) like Gecko"
91.113.242.244 - - [28/Nov/2019:10:26:57 +0100] "GET /css/reset.css HTTP/1.1" 304 - "http://renault.activities.at/login" "Mozilla/5.0 (Windows NT 6.1; WOW64; Trident/7.0; rv:11.0) like Gecko"
91.113.242.244 - - [28/Nov/2019:10:26:57 +0100] "GET /css/styles.css HTTP/1.1" 304 - "http://renault.activities.at/login" "Mozilla/5.0 (Windows NT 6.1; WOW64; Trident/7.0; rv:11.0) like Gecko"
91.113.242.244 - - [28/Nov/2019:10:26:57 +0100] "GET /css/clears.css HTTP/1.1" 304 - "http://renault.activities.at/login" "Mozilla/5.0 (Windows NT 6.1; WOW64; Trident/7.0; rv:11.0) like Gecko"
91.113.242.244 - - [28/Nov/2019:10:26:57 +0100] "GET /css/print.css HTTP/1.1" 304 - "http://renault.activities.at/login" "Mozilla/5.0 (Windows NT 6.1; WOW64; Trident/7.0; rv:11.0) like Gecko"
91.113.242.244 - - [28/Nov/2019:10:26:57 +0100] "GET /js/checkout.css HTTP/1.1" 304 - "http://renault.activities.at/login" "Mozilla/5.0 (Windows NT 6.1; WOW64; Trident/7.0; rv:11.0) like Gecko"
91.113.242.244 - - [28/Nov/2019:10:26:57 +0100] "GET /css/prototip.css HTTP/1.1" 304 - "http://renault.activities.at/login" "Mozilla/5.0 (Windows NT 6.1; WOW64; Trident/7.0; rv:11.0) like Gecko"
91.113.242.244 - - [28/Nov/2019:10:26:57 +0100] "GET /css/themes/default.css HTTP/1.1" 304 - "http://renault.activities.at/login" "Mozilla/5.0 (Windows NT 6.1; WOW64; Trident/7.0; rv:11.0) like Gecko"
91.113.242.244 - - [28/Nov/2019:10:26:57 +0100] "GET /css/themes/alphacube.css HTTP/1.1" 304 - "http://renault.activities.at/login" "Mozilla/5.0 (Windows NT 6.1; WOW64; Trident/7.0; rv:11.0) like Gecko"
91.113.242.244 - - [28/Nov/2019:10:26:57 +0100] "GET /images/main_block_corner_left_bot.gif HTTP/1.1" 304 - "http://renault.activities.at/login" "Mozilla/5.0 (Windows NT 6.1; WOW64; Trident/7.0; rv:11.0) like Gecko"
91.113.242.244 - - [28/Nov/2019:10:26:57 +0100] "GET /images/main_block_corner_right_top.gif HTTP/1.1" 304 - "http://renault.activities.at/login" "Mozilla/5.0 (Windows NT 6.1; WOW64; Trident/7.0; rv:11.0) like Gecko"
91.113.242.244 - - [28/Nov/2019:10:26:57 +0100] "GET /images/header_block_corner_right_top.gif HTTP/1.1" 304 - "http://renault.activities.at/login" "Mozilla/5.0 (Windows NT 6.1; WOW64; Trident/7.0; rv:11.0) like Gecko"
91.113.242.244 - - [28/Nov/2019:10:26:57 +0100] "GET /images/main_block_corner_right_bot.gif HTTP/1.1" 304 - "http://renault.activities.at/login" "Mozilla/5.0 (Windows NT 6.1; WOW64; Trident/7.0; rv:11.0) like Gecko"
91.113.242.244 - - [28/Nov/2019:10:26:57 +0100] "GET /images/main_block_border.gif HTTP/1.1" 304 - "http://renault.activities.at/login" "Mozilla/5.0 (Windows NT 6.1; WOW64; Trident/7.0; rv:11.0) like Gecko"
91.113.242.244 - - [28/Nov/2019:10:26:57 +0100] "GET /images/main_block_corner_left_top.gif HTTP/1.1" 304 - "http://renault.activities.at/login" "Mozilla/5.0 (Windows NT 6.1; WOW64; Trident/7.0; rv:11.0) like Gecko"
91.113.242.244 - - [28/Nov/2019:10:26:57 +0100] "GET /images/header_block_corner_left_top.gif HTTP/1.1" 304 - "http://renault.activities.at/login" "Mozilla/5.0 (Windows NT 6.1; WOW64; Trident/7.0; rv:11.0) like Gecko"
91.113.242.244 - - [28/Nov/2019:10:26:57 +0100] "GET /images/title_corner_left_top.jpg HTTP/1.1" 304 - "http://renault.activities.at/login" "Mozilla/5.0 (Windows NT 6.1; WOW64; Trident/7.0; rv:11.0) like Gecko"
91.113.242.244 - - [28/Nov/2019:10:26:57 +0100] "GET /images/title_border_top.jpg HTTP/1.1" 304 - "http://renault.activities.at/login" "Mozilla/5.0 (Windows NT 6.1; WOW64; Trident/7.0; rv:11.0) like Gecko"
91.113.242.244 - - [28/Nov/2019:10:26:57 +0100] "GET /images/header_block_border.gif HTTP/1.1" 304 - "http://renault.activities.at/login" "Mozilla/5.0 (Windows NT 6.1; WOW64; Trident/7.0; rv:11.0) like Gecko"
91.113.242.244 - - [28/Nov/2019:10:26:57 +0100] "GET /images/title_corner_right_top.jpg HTTP/1.1" 304 - "http://renault.activities.at/login" "Mozilla/5.0 (Windows NT 6.1; WOW64; Trident/7.0; rv:11.0) like Gecko"
91.113.242.244 - - [28/Nov/2019:10:26:57 +0100] "GET /images/title_border.jpg HTTP/1.1" 304 - "http://renault.activities.at/login" "Mozilla/5.0 (Windows NT 6.1; WOW64; Trident/7.0; rv:11.0) like Gecko"
91.113.242.244 - - [28/Nov/2019:10:26:57 +0100] "GET /images/error_msg_icon.gif HTTP/1.1" 200 1013 "http://renault.activities.at/login" "Mozilla/5.0 (Windows NT 6.1; WOW64; Trident/7.0; rv:11.0) like Gecko"
91.113.242.244 - - [28/Nov/2019:10:26:57 +0100] "GET /images/button_left_bg.gif HTTP/1.1" 304 - "http://renault.activities.at/login" "Mozilla/5.0 (Windows NT 6.1; WOW64; Trident/7.0; rv:11.0) like Gecko"
91.113.242.244 - - [28/Nov/2019:10:26:57 +0100] "GET /images/button_right_bg.gif HTTP/1.1" 304 - "http://renault.activities.at/login" "Mozilla/5.0 (Windows NT 6.1; WOW64; Trident/7.0; rv:11.0) like Gecko"
91.113.242.244 - - [28/Nov/2019:10:26:57 +0100] "GET /images/button_bg.gif HTTP/1.1" 304 - "http://renault.activities.at/login" "Mozilla/5.0 (Windows NT 6.1; WOW64; Trident/7.0; rv:11.0) like Gecko"
91.113.242.244 - - [28/Nov/2019:10:26:57 +0100] "GET /favicon.ico HTTP/1.1" 200 3250 "-" "Mozilla/5.0 (Windows NT 6.1; Win64; x64; Trident/7.0; rv:11.0) like Gecko"
212.89.176.40 - - [28/Nov/2019:10:26:58 +0100] "GET /reload?ser=1574933211431 HTTP/1.1" 200 28 "http://renault.activities.at/success" "Mozilla/5.0 (Windows NT 6.1; WOW64; Trident/7.0; rv:11.0) like Gecko"
193.194.132.24 - - [28/Nov/2019:10:27:10 +0100] "GET /reload?ser=1574933229892 HTTP/1.1" 200 28 "http://renault.2web.at/account?loadrequest=true" "Mozilla/5.0 (Windows NT 10.0; WOW64; Trident/7.0; Touch; rv:11.0) like Gecko"
80.123.225.36 - - [28/Nov/2019:10:27:13 +0100] "GET /reload?ser=1574933234805 HTTP/1.1" 200 28 "http://renault.activities.at/success" "Mozilla/5.0 (compatible; MSIE 10.0; Windows NT 6.1; WOW64; Trident/6.0)"
80.122.221.194 - - [28/Nov/2019:10:27:27 +0100] "GET /reload?ser=1574933247355 HTTP/1.1" 200 28 "http://renault.activities.at/success" "Mozilla/5.0 (Windows NT 10.0; Win64; x64) AppleWebKit/537.36 (KHTML, like Gecko) Chrome/70.0.3538.102 Safari/537.36 Edge/18.18362"
217.76.161.118 - - [28/Nov/2019:10:27:28 +0100] "GET /reload?ser=1574933246628 HTTP/1.1" 200 28 "http://renault.activities.at/result?searchterm=true&search=wartungs" "Mozilla/5.0 (Windows NT 10.0; Win64; x64) AppleWebKit/537.36 (KHTML, like Gecko) Chrome/64.0.3282.140 Safari/537.36 Edge/18.17763"
213.153.47.173 - - [28/Nov/2019:10:27:30 +0100] "GET /reload?ser=1574933250238 HTTP/1.1" 200 28 "http://renault.activities.at/login?required=true" "Mozilla/5.0 (Windows NT 10.0; Win64; x64; rv:70.0) Gecko/20100101 Firefox/70.0"
213.153.47.173 - - [28/Nov/2019:10:27:53 +0100] "GET /reload?ser=1574933273635 HTTP/1.1" 200 28 "http://renault.activities.at/login?required=true" "Mozilla/5.0 (Windows NT 10.0; Win64; x64; rv:70.0) Gecko/20100101 Firefox/70.0"
91.113.242.244 - - [28/Nov/2019:10:27:57 +0100] "GET /reload?ser=1574933277858 HTTP/1.1" 200 28 "http://renault.activities.at/login" "Mozilla/5.0 (Windows NT 6.1; WOW64; Trident/7.0; rv:11.0) like Gecko"
91.113.242.244 - - [28/Nov/2019:10:27:58 +0100] "POST /login HTTP/1.1" 200 2154 "http://renault.activities.at/login" "Mozilla/5.0 (Windows NT 6.1; WOW64; Trident/7.0; rv:11.0) like Gecko"
91.113.242.244 - - [28/Nov/2019:10:27:59 +0100] "GET /js/default.js HTTP/1.1" 304 - "http://renault.activities.at/login" "Mozilla/5.0 (Windows NT 6.1; WOW64; Trident/7.0; rv:11.0) like Gecko"
91.113.242.244 - - [28/Nov/2019:10:27:59 +0100] "GET /css/reset.css HTTP/1.1" 304 - "http://renault.activities.at/login" "Mozilla/5.0 (Windows NT 6.1; WOW64; Trident/7.0; rv:11.0) like Gecko"
91.113.242.244 - - [28/Nov/2019:10:27:59 +0100] "GET /css/styles.css HTTP/1.1" 304 - "http://renault.activities.at/login" "Mozilla/5.0 (Windows NT 6.1; WOW64; Trident/7.0; rv:11.0) like Gecko"
91.113.242.244 - - [28/Nov/2019:10:27:59 +0100] "GET /css/clears.css HTTP/1.1" 304 - "http://renault.activities.at/login" "Mozilla/5.0 (Windows NT 6.1; WOW64; Trident/7.0; rv:11.0) like Gecko"
91.113.242.244 - - [28/Nov/2019:10:27:59 +0100] "GET /css/print.css HTTP/1.1" 304 - "http://renault.activities.at/login" "Mozilla/5.0 (Windows NT 6.1; WOW64; Trident/7.0; rv:11.0) like Gecko"
91.113.242.244 - - [28/Nov/2019:10:27:59 +0100] "GET /js/checkout.css HTTP/1.1" 304 - "http://renault.activities.at/login" "Mozilla/5.0 (Windows NT 6.1; WOW64; Trident/7.0; rv:11.0) like Gecko"
91.113.242.244 - - [28/Nov/2019:10:27:59 +0100] "GET /css/prototip.css HTTP/1.1" 304 - "http://renault.activities.at/login" "Mozilla/5.0 (Windows NT 6.1; WOW64; Trident/7.0; rv:11.0) like Gecko"
91.113.242.244 - - [28/Nov/2019:10:27:59 +0100] "GET /css/themes/alphacube.css HTTP/1.1" 304 - "http://renault.activities.at/login" "Mozilla/5.0 (Windows NT 6.1; WOW64; Trident/7.0; rv:11.0) like Gecko"
91.113.242.244 - - [28/Nov/2019:10:27:59 +0100] "GET /css/themes/default.css HTTP/1.1" 304 - "http://renault.activities.at/login" "Mozilla/5.0 (Windows NT 6.1; WOW64; Trident/7.0; rv:11.0) like Gecko"
91.113.242.244 - - [28/Nov/2019:10:27:59 +0100] "GET /images/main_block_corner_left_top.gif HTTP/1.1" 304 - "http://renault.activities.at/login" "Mozilla/5.0 (Windows NT 6.1; WOW64; Trident/7.0; rv:11.0) like Gecko"
91.113.242.244 - - [28/Nov/2019:10:27:59 +0100] "GET /images/main_block_corner_right_top.gif HTTP/1.1" 304 - "http://renault.activities.at/login" "Mozilla/5.0 (Windows NT 6.1; WOW64; Trident/7.0; rv:11.0) like Gecko"
91.113.242.244 - - [28/Nov/2019:10:27:59 +0100] "GET /images/main_block_corner_left_bot.gif HTTP/1.1" 304 - "http://renault.activities.at/login" "Mozilla/5.0 (Windows NT 6.1; WOW64; Trident/7.0; rv:11.0) like Gecko"
91.113.242.244 - - [28/Nov/2019:10:27:59 +0100] "GET /images/main_block_corner_right_bot.gif HTTP/1.1" 304 - "http://renault.activities.at/login" "Mozilla/5.0 (Windows NT 6.1; WOW64; Trident/7.0; rv:11.0) like Gecko"
91.113.242.244 - - [28/Nov/2019:10:27:59 +0100] "GET /images/header_block_border.gif HTTP/1.1" 304 - "http://renault.activities.at/login" "Mozilla/5.0 (Windows NT 6.1; WOW64; Trident/7.0; rv:11.0) like Gecko"
91.113.242.244 - - [28/Nov/2019:10:27:59 +0100] "GET /images/error_msg_icon.gif HTTP/1.1" 304 - "http://renault.activities.at/login" "Mozilla/5.0 (Windows NT 6.1; WOW64; Trident/7.0; rv:11.0) like Gecko"
91.113.242.244 - - [28/Nov/2019:10:27:59 +0100] "GET /images/button_left_bg.gif HTTP/1.1" 304 - "http://renault.activities.at/login" "Mozilla/5.0 (Windows NT 6.1; WOW64; Trident/7.0; rv:11.0) like Gecko"
91.113.242.244 - - [28/Nov/2019:10:27:59 +0100] "GET /images/main_block_border.gif HTTP/1.1" 304 - "http://renault.activities.at/login" "Mozilla/5.0 (Windows NT 6.1; WOW64; Trident/7.0; rv:11.0) like Gecko"
91.113.242.244 - - [28/Nov/2019:10:27:59 +0100] "GET /images/button_right_bg.gif HTTP/1.1" 304 - "http://renault.activities.at/login" "Mozilla/5.0 (Windows NT 6.1; WOW64; Trident/7.0; rv:11.0) like Gecko"
91.113.242.244 - - [28/Nov/2019:10:27:59 +0100] "GET /images/title_border.jpg HTTP/1.1" 304 - "http://renault.activities.at/login" "Mozilla/5.0 (Windows NT 6.1; WOW64; Trident/7.0; rv:11.0) like Gecko"
91.113.242.244 - - [28/Nov/2019:10:27:59 +0100] "GET /images/title_border_top.jpg HTTP/1.1" 304 - "http://renault.activities.at/login" "Mozilla/5.0 (Windows NT 6.1; WOW64; Trident/7.0; rv:11.0) like Gecko"
91.113.242.244 - - [28/Nov/2019:10:27:59 +0100] "GET /images/title_corner_left_top.jpg HTTP/1.1" 304 - "http://renault.activities.at/login" "Mozilla/5.0 (Windows NT 6.1; WOW64; Trident/7.0; rv:11.0) like Gecko"
91.113.242.244 - - [28/Nov/2019:10:27:59 +0100] "GET /images/title_corner_right_top.jpg HTTP/1.1" 304 - "http://renault.activities.at/login" "Mozilla/5.0 (Windows NT 6.1; WOW64; Trident/7.0; rv:11.0) like Gecko"
91.113.242.244 - - [28/Nov/2019:10:27:59 +0100] "GET /images/header_block_corner_left_top.gif HTTP/1.1" 304 - "http://renault.activities.at/login" "Mozilla/5.0 (Windows NT 6.1; WOW64; Trident/7.0; rv:11.0) like Gecko"
91.113.242.244 - - [28/Nov/2019:10:27:59 +0100] "GET /images/header_block_corner_right_top.gif HTTP/1.1" 304 - "http://renault.activities.at/login" "Mozilla/5.0 (Windows NT 6.1; WOW64; Trident/7.0; rv:11.0) like Gecko"
91.113.242.244 - - [28/Nov/2019:10:27:59 +0100] "GET /images/button_bg.gif HTTP/1.1" 304 - "http://renault.activities.at/login" "Mozilla/5.0 (Windows NT 6.1; WOW64; Trident/7.0; rv:11.0) like Gecko"
212.89.176.40 - - [28/Nov/2019:10:27:59 +0100] "GET /reload?ser=1574933272391 HTTP/1.1" 200 28 "http://renault.activities.at/success" "Mozilla/5.0 (Windows NT 6.1; WOW64; Trident/7.0; rv:11.0) like Gecko"
193.194.132.24 - - [28/Nov/2019:10:28:11 +0100] "GET /reload?ser=1574933290919 HTTP/1.1" 200 28 "http://renault.2web.at/account?loadrequest=true" "Mozilla/5.0 (Windows NT 10.0; WOW64; Trident/7.0; Touch; rv:11.0) like Gecko"
80.123.225.36 - - [28/Nov/2019:10:28:14 +0100] "GET /reload?ser=1574933295771 HTTP/1.1" 200 28 "http://renault.activities.at/success" "Mozilla/5.0 (compatible; MSIE 10.0; Windows NT 6.1; WOW64; Trident/6.0)"
91.113.242.244 - - [28/Nov/2019:10:28:20 +0100] "GET /forgotpassword HTTP/1.1" 200 2187 "http://renault.activities.at/login" "Mozilla/5.0 (Windows NT 6.1; WOW64; Trident/7.0; rv:11.0) like Gecko"
91.113.242.244 - - [28/Nov/2019:10:28:21 +0100] "GET /js/default.js HTTP/1.1" 304 - "http://renault.activities.at/forgotpassword" "Mozilla/5.0 (Windows NT 6.1; WOW64; Trident/7.0; rv:11.0) like Gecko"
91.113.242.244 - - [28/Nov/2019:10:28:21 +0100] "GET /css/reset.css HTTP/1.1" 304 - "http://renault.activities.at/forgotpassword" "Mozilla/5.0 (Windows NT 6.1; WOW64; Trident/7.0; rv:11.0) like Gecko"
91.113.242.244 - - [28/Nov/2019:10:28:21 +0100] "GET /css/styles.css HTTP/1.1" 304 - "http://renault.activities.at/forgotpassword" "Mozilla/5.0 (Windows NT 6.1; WOW64; Trident/7.0; rv:11.0) like Gecko"
91.113.242.244 - - [28/Nov/2019:10:28:21 +0100] "GET /css/clears.css HTTP/1.1" 304 - "http://renault.activities.at/forgotpassword" "Mozilla/5.0 (Windows NT 6.1; WOW64; Trident/7.0; rv:11.0) like Gecko"
91.113.242.244 - - [28/Nov/2019:10:28:21 +0100] "GET /css/print.css HTTP/1.1" 304 - "http://renault.activities.at/forgotpassword" "Mozilla/5.0 (Windows NT 6.1; WOW64; Trident/7.0; rv:11.0) like Gecko"
91.113.242.244 - - [28/Nov/2019:10:28:21 +0100] "GET /js/checkout.css HTTP/1.1" 304 - "http://renault.activities.at/forgotpassword" "Mozilla/5.0 (Windows NT 6.1; WOW64; Trident/7.0; rv:11.0) like Gecko"
91.113.242.244 - - [28/Nov/2019:10:28:21 +0100] "GET /css/prototip.css HTTP/1.1" 304 - "http://renault.activities.at/forgotpassword" "Mozilla/5.0 (Windows NT 6.1; WOW64; Trident/7.0; rv:11.0) like Gecko"
91.113.242.244 - - [28/Nov/2019:10:28:21 +0100] "GET /css/themes/default.css HTTP/1.1" 304 - "http://renault.activities.at/forgotpassword" "Mozilla/5.0 (Windows NT 6.1; WOW64; Trident/7.0; rv:11.0) like Gecko"
91.113.242.244 - - [28/Nov/2019:10:28:21 +0100] "GET /css/themes/alphacube.css HTTP/1.1" 304 - "http://renault.activities.at/forgotpassword" "Mozilla/5.0 (Windows NT 6.1; WOW64; Trident/7.0; rv:11.0) like Gecko"
91.113.242.244 - - [28/Nov/2019:10:28:21 +0100] "GET /images/main_block_corner_left_top.gif HTTP/1.1" 304 - "http://renault.activities.at/forgotpassword" "Mozilla/5.0 (Windows NT 6.1; WOW64; Trident/7.0; rv:11.0) like Gecko"
91.113.242.244 - - [28/Nov/2019:10:28:21 +0100] "GET /images/title_corner_left_top.jpg HTTP/1.1" 304 - "http://renault.activities.at/forgotpassword" "Mozilla/5.0 (Windows NT 6.1; WOW64; Trident/7.0; rv:11.0) like Gecko"
91.113.242.244 - - [28/Nov/2019:10:28:21 +0100] "GET /images/header_block_corner_right_top.gif HTTP/1.1" 304 - "http://renault.activities.at/forgotpassword" "Mozilla/5.0 (Windows NT 6.1; WOW64; Trident/7.0; rv:11.0) like Gecko"
91.113.242.244 - - [28/Nov/2019:10:28:21 +0100] "GET /images/main_block_border.gif HTTP/1.1" 304 - "http://renault.activities.at/forgotpassword" "Mozilla/5.0 (Windows NT 6.1; WOW64; Trident/7.0; rv:11.0) like Gecko"
91.113.242.244 - - [28/Nov/2019:10:28:21 +0100] "GET /images/title_corner_right_top.jpg HTTP/1.1" 304 - "http://renault.activities.at/forgotpassword" "Mozilla/5.0 (Windows NT 6.1; WOW64; Trident/7.0; rv:11.0) like Gecko"
