83.219.165.34 - - [28/Nov/2019:11:25:05 +0100] "GET /css/styles.css HTTP/1.1" 200 14664 "http://renault.activities.at/" "Mozilla/5.0 (Windows NT 10.0; Win64; x64; rv:70.0) Gecko/20100101 Firefox/70.0"
83.219.165.34 - - [28/Nov/2019:11:25:05 +0100] "GET /css/print.css HTTP/1.1" 200 543 "http://renault.activities.at/" "Mozilla/5.0 (Windows NT 10.0; Win64; x64; rv:70.0) Gecko/20100101 Firefox/70.0"
83.219.165.34 - - [28/Nov/2019:11:25:05 +0100] "GET /js/index.php?c=auto&f=,prototype/prototype.js,prototype/validation.js,scriptaculous/builder.js,scriptaculous/effects.js,scriptaculous/dragdrop.js,scriptaculous/controls.js,scriptaculous/slider.js,varien/js.js,varien/form.js,varien/menu.js,mage/translate.js,mage/cookies.js,varien/product.js,spinner/SpinnerControl.jsmin.js,prototype/window.js,prototype/window_ext.js HTTP/1.1" 200 94182 "http://renault.activities.at/" "Mozilla/5.0 (Windows NT 10.0; Win64; x64; rv:70.0) Gecko/20100101 Firefox/70.0"
83.219.165.34 - - [28/Nov/2019:11:25:05 +0100] "GET /css/prototip.css HTTP/1.1" 200 968 "http://renault.activities.at/" "Mozilla/5.0 (Windows NT 10.0; Win64; x64; rv:70.0) Gecko/20100101 Firefox/70.0"
83.219.165.34 - - [28/Nov/2019:11:25:05 +0100] "GET /css/themes/alphacube.css HTTP/1.1" 200 743 "http://renault.activities.at/" "Mozilla/5.0 (Windows NT 10.0; Win64; x64; rv:70.0) Gecko/20100101 Firefox/70.0"
83.219.165.34 - - [28/Nov/2019:11:25:05 +0100] "GET /css/themes/default.css HTTP/1.1" 200 769 "http://renault.activities.at/" "Mozilla/5.0 (Windows NT 10.0; Win64; x64; rv:70.0) Gecko/20100101 Firefox/70.0"
83.219.165.34 - - [28/Nov/2019:11:25:05 +0100] "GET /images/header_block_border.gif HTTP/1.1" 200 43 "http://renault.activities.at/css/styles.css" "Mozilla/5.0 (Windows NT 10.0; Win64; x64; rv:70.0) Gecko/20100101 Firefox/70.0"
83.219.165.34 - - [28/Nov/2019:11:25:05 +0100] "GET /images/main_block_border.gif HTTP/1.1" 200 43 "http://renault.activities.at/css/styles.css" "Mozilla/5.0 (Windows NT 10.0; Win64; x64; rv:70.0) Gecko/20100101 Firefox/70.0"
83.219.165.34 - - [28/Nov/2019:11:25:05 +0100] "GET /images/header_block_corner_left_top.gif HTTP/1.1" 200 160 "http://renault.activities.at/css/styles.css" "Mozilla/5.0 (Windows NT 10.0; Win64; x64; rv:70.0) Gecko/20100101 Firefox/70.0"
83.219.165.34 - - [28/Nov/2019:11:25:05 +0100] "GET /images/main_block_corner_left_bot.gif HTTP/1.1" 200 159 "http://renault.activities.at/css/styles.css" "Mozilla/5.0 (Windows NT 10.0; Win64; x64; rv:70.0) Gecko/20100101 Firefox/70.0"
83.219.165.34 - - [28/Nov/2019:11:25:05 +0100] "GET /images/favicon.ico HTTP/1.1" 404 305 "-" "Mozilla/5.0 (Windows NT 10.0; Win64; x64; rv:70.0) Gecko/20100101 Firefox/70.0"
83.219.165.34 - - [28/Nov/2019:11:25:05 +0100] "GET /images/header_block_corner_right_top.gif HTTP/1.1" 200 160 "http://renault.activities.at/css/styles.css" "Mozilla/5.0 (Windows NT 10.0; Win64; x64; rv:70.0) Gecko/20100101 Firefox/70.0"
83.219.165.34 - - [28/Nov/2019:11:25:05 +0100] "GET /images/main_block_corner_right_top.gif HTTP/1.1" 200 159 "http://renault.activities.at/css/styles.css" "Mozilla/5.0 (Windows NT 10.0; Win64; x64; rv:70.0) Gecko/20100101 Firefox/70.0"
83.219.165.34 - - [28/Nov/2019:11:25:05 +0100] "GET /images/main_block_corner_right_bot.gif HTTP/1.1" 200 158 "http://renault.activities.at/css/styles.css" "Mozilla/5.0 (Windows NT 10.0; Win64; x64; rv:70.0) Gecko/20100101 Firefox/70.0"
83.219.165.34 - - [28/Nov/2019:11:25:05 +0100] "GET /images/main_block_corner_left_top.gif HTTP/1.1" 200 159 "http://renault.activities.at/css/styles.css" "Mozilla/5.0 (Windows NT 10.0; Win64; x64; rv:70.0) Gecko/20100101 Firefox/70.0"
83.219.165.34 - - [28/Nov/2019:11:25:05 +0100] "GET /images/title_border.jpg HTTP/1.1" 200 304 "http://renault.activities.at/css/styles.css" "Mozilla/5.0 (Windows NT 10.0; Win64; x64; rv:70.0) Gecko/20100101 Firefox/70.0"
83.219.165.34 - - [28/Nov/2019:11:25:05 +0100] "GET /images/title_corner_left_top.jpg HTTP/1.1" 200 372 "http://renault.activities.at/css/styles.css" "Mozilla/5.0 (Windows NT 10.0; Win64; x64; rv:70.0) Gecko/20100101 Firefox/70.0"
83.219.165.34 - - [28/Nov/2019:11:25:05 +0100] "GET /images/title_border_top.jpg HTTP/1.1" 200 336 "http://renault.activities.at/css/styles.css" "Mozilla/5.0 (Windows NT 10.0; Win64; x64; rv:70.0) Gecko/20100101 Firefox/70.0"
83.219.165.34 - - [28/Nov/2019:11:25:05 +0100] "GET /images/title_corner_right_top.jpg HTTP/1.1" 200 389 "http://renault.activities.at/css/styles.css" "Mozilla/5.0 (Windows NT 10.0; Win64; x64; rv:70.0) Gecko/20100101 Firefox/70.0"
83.219.165.34 - - [28/Nov/2019:11:25:05 +0100] "GET /loadthumbnail.php?id=11127982 HTTP/1.1" 200 399614 "http://renault.activities.at/" "Mozilla/5.0 (Windows NT 10.0; Win64; x64; rv:70.0) Gecko/20100101 Firefox/70.0"
213.153.47.173 - - [28/Nov/2019:11:25:07 +0100] "GET /reload?ser=1574936707410 HTTP/1.1" 200 28 "http://renault.activities.at/login?required=true" "Mozilla/5.0 (Windows NT 10.0; Win64; x64; rv:70.0) Gecko/20100101 Firefox/70.0"
80.123.225.36 - - [28/Nov/2019:11:25:13 +0100] "GET /reload?ser=1574936714740 HTTP/1.1" 200 28 "http://renault.activities.at/success" "Mozilla/5.0 (compatible; MSIE 10.0; Windows NT 6.1; WOW64; Trident/6.0)"
193.194.132.24 - - [28/Nov/2019:11:25:13 +0100] "GET /reload?ser=1574936713827 HTTP/1.1" 200 28 "http://renault.2web.at/account?loadrequest=true" "Mozilla/5.0 (Windows NT 10.0; WOW64; Trident/7.0; Touch; rv:11.0) like Gecko"
83.219.165.34 - - [28/Nov/2019:11:25:16 +0100] "GET /login HTTP/1.1" 200 2085 "http://renault.activities.at/" "Mozilla/5.0 (Windows NT 10.0; Win64; x64; rv:70.0) Gecko/20100101 Firefox/70.0"
83.219.165.34 - - [28/Nov/2019:11:25:17 +0100] "GET /images/button_left_bg.gif HTTP/1.1" 200 564 "http://renault.activities.at/css/styles.css" "Mozilla/5.0 (Windows NT 10.0; Win64; x64; rv:70.0) Gecko/20100101 Firefox/70.0"
83.219.165.34 - - [28/Nov/2019:11:25:17 +0100] "GET /images/button_right_bg.gif HTTP/1.1" 200 561 "http://renault.activities.at/css/styles.css" "Mozilla/5.0 (Windows NT 10.0; Win64; x64; rv:70.0) Gecko/20100101 Firefox/70.0"
83.219.165.34 - - [28/Nov/2019:11:25:17 +0100] "GET /images/button_bg.gif HTTP/1.1" 200 151 "http://renault.activities.at/css/styles.css" "Mozilla/5.0 (Windows NT 10.0; Win64; x64; rv:70.0) Gecko/20100101 Firefox/70.0"
80.122.221.194 - - [28/Nov/2019:11:25:25 +0100] "GET /reload?ser=1574936725092 HTTP/1.1" 200 28 "http://renault.activities.at/success" "Mozilla/5.0 (Windows NT 10.0; Win64; x64) AppleWebKit/537.36 (KHTML, like Gecko) Chrome/70.0.3538.102 Safari/537.36 Edge/18.18362"
83.219.165.34 - - [28/Nov/2019:11:25:24 +0100] "POST /login HTTP/1.1" 302 140 "http://renault.activities.at/login" "Mozilla/5.0 (Windows NT 10.0; Win64; x64; rv:70.0) Gecko/20100101 Firefox/70.0"
83.219.165.34 - - [28/Nov/2019:11:25:26 +0100] "GET /account HTTP/1.1" 200 7518 "http://renault.activities.at/login" "Mozilla/5.0 (Windows NT 10.0; Win64; x64; rv:70.0) Gecko/20100101 Firefox/70.0"
83.219.165.34 - - [28/Nov/2019:11:25:30 +0100] "GET /js/account.js HTTP/1.1" 200 953 "http://renault.activities.at/account" "Mozilla/5.0 (Windows NT 10.0; Win64; x64; rv:70.0) Gecko/20100101 Firefox/70.0"
83.219.165.34 - - [28/Nov/2019:11:25:30 +0100] "GET /loadthumbnail.php?id=12122446&width=50&height=50 HTTP/1.1" 200 1253 "http://renault.activities.at/account" "Mozilla/5.0 (Windows NT 10.0; Win64; x64; rv:70.0) Gecko/20100101 Firefox/70.0"
83.219.165.34 - - [28/Nov/2019:11:25:30 +0100] "GET /loadthumbnail.php?id=11793250&width=50&height=50 HTTP/1.1" 200 5258 "http://renault.activities.at/account" "Mozilla/5.0 (Windows NT 10.0; Win64; x64; rv:70.0) Gecko/20100101 Firefox/70.0"
83.219.165.34 - - [28/Nov/2019:11:25:30 +0100] "GET /loadthumbnail.php?id=11518629&width=50&height=50 HTTP/1.1" 200 4507 "http://renault.activities.at/account" "Mozilla/5.0 (Windows NT 10.0; Win64; x64; rv:70.0) Gecko/20100101 Firefox/70.0"
83.219.165.34 - - [28/Nov/2019:11:25:30 +0100] "GET /loadthumbnail.php?id=11564187&width=50&height=50 HTTP/1.1" 200 5239 "http://renault.activities.at/account" "Mozilla/5.0 (Windows NT 10.0; Win64; x64; rv:70.0) Gecko/20100101 Firefox/70.0"
83.219.165.34 - - [28/Nov/2019:11:25:30 +0100] "GET /loadthumbnail.php?id=12064393&width=50&height=50 HTTP/1.1" 200 1134 "http://renault.activities.at/account" "Mozilla/5.0 (Windows NT 10.0; Win64; x64; rv:70.0) Gecko/20100101 Firefox/70.0"
83.219.165.34 - - [28/Nov/2019:11:25:30 +0100] "GET /images/top_links_divider.gif HTTP/1.1" 200 44 "http://renault.activities.at/css/styles.css" "Mozilla/5.0 (Windows NT 10.0; Win64; x64; rv:70.0) Gecko/20100101 Firefox/70.0"
83.219.165.34 - - [28/Nov/2019:11:25:30 +0100] "GET /loadthumbnail.php?id=11976092&width=50&height=50 HTTP/1.1" 200 5065 "http://renault.activities.at/account" "Mozilla/5.0 (Windows NT 10.0; Win64; x64; rv:70.0) Gecko/20100101 Firefox/70.0"
83.219.165.34 - - [28/Nov/2019:11:25:30 +0100] "GET /images/menu_button_bg.jpg HTTP/1.1" 200 322 "http://renault.activities.at/css/styles.css" "Mozilla/5.0 (Windows NT 10.0; Win64; x64; rv:70.0) Gecko/20100101 Firefox/70.0"
83.219.165.34 - - [28/Nov/2019:11:25:30 +0100] "GET /images/search_bg.gif HTTP/1.1" 200 1726 "http://renault.activities.at/css/styles.css" "Mozilla/5.0 (Windows NT 10.0; Win64; x64; rv:70.0) Gecko/20100101 Firefox/70.0"
83.219.165.34 - - [28/Nov/2019:11:25:30 +0100] "GET /images/menu_divider.gif HTTP/1.1" 200 176 "http://renault.activities.at/css/styles.css" "Mozilla/5.0 (Windows NT 10.0; Win64; x64; rv:70.0) Gecko/20100101 Firefox/70.0"
83.219.165.34 - - [28/Nov/2019:11:25:30 +0100] "GET /images/sidebar_title_border.gif HTTP/1.1" 200 43 "http://renault.activities.at/css/styles.css" "Mozilla/5.0 (Windows NT 10.0; Win64; x64; rv:70.0) Gecko/20100101 Firefox/70.0"
83.219.165.34 - - [28/Nov/2019:11:25:30 +0100] "GET /images/sidebar_title_border_top.gif HTTP/1.1" 200 155 "http://renault.activities.at/css/styles.css" "Mozilla/5.0 (Windows NT 10.0; Win64; x64; rv:70.0) Gecko/20100101 Firefox/70.0"
83.219.165.34 - - [28/Nov/2019:11:25:30 +0100] "GET /images/sidebar_title_corner_right_top.gif HTTP/1.1" 200 383 "http://renault.activities.at/css/styles.css" "Mozilla/5.0 (Windows NT 10.0; Win64; x64; rv:70.0) Gecko/20100101 Firefox/70.0"
83.219.165.34 - - [28/Nov/2019:11:25:30 +0100] "GET /images/sidebar_title_corner_left_top.gif HTTP/1.1" 200 1124 "http://renault.activities.at/css/styles.css" "Mozilla/5.0 (Windows NT 10.0; Win64; x64; rv:70.0) Gecko/20100101 Firefox/70.0"
83.219.165.34 - - [28/Nov/2019:11:25:31 +0100] "GET /images/reset_bg.gif HTTP/1.1" 200 785 "http://renault.activities.at/css/styles.css" "Mozilla/5.0 (Windows NT 10.0; Win64; x64; rv:70.0) Gecko/20100101 Firefox/70.0"
83.219.165.34 - - [28/Nov/2019:11:25:31 +0100] "GET /loadthumbnail.php?id=12022094&width=50&height=50 HTTP/1.1" 200 1289 "http://renault.activities.at/account" "Mozilla/5.0 (Windows NT 10.0; Win64; x64; rv:70.0) Gecko/20100101 Firefox/70.0"
83.219.165.34 - - [28/Nov/2019:11:25:31 +0100] "GET /loadthumbnail.php?id=11886054&width=50&height=50 HTTP/1.1" 200 3993 "http://renault.activities.at/account" "Mozilla/5.0 (Windows NT 10.0; Win64; x64; rv:70.0) Gecko/20100101 Firefox/70.0"
83.219.165.34 - - [28/Nov/2019:11:25:31 +0100] "GET /loadthumbnail.php?id=11878139&width=50&height=50 HTTP/1.1" 200 4445 "http://renault.activities.at/account" "Mozilla/5.0 (Windows NT 10.0; Win64; x64; rv:70.0) Gecko/20100101 Firefox/70.0"
83.219.165.34 - - [28/Nov/2019:11:25:31 +0100] "GET /loadthumbnail.php?id=12101507&width=50&height=50 HTTP/1.1" 200 1206 "http://renault.activities.at/account" "Mozilla/5.0 (Windows NT 10.0; Win64; x64; rv:70.0) Gecko/20100101 Firefox/70.0"
83.219.165.34 - - [28/Nov/2019:11:25:31 +0100] "GET /loadthumbnail.php?id=11798476&width=50&height=50 HTTP/1.1" 200 1098 "http://renault.activities.at/account" "Mozilla/5.0 (Windows NT 10.0; Win64; x64; rv:70.0) Gecko/20100101 Firefox/70.0"
83.219.165.34 - - [28/Nov/2019:11:25:31 +0100] "GET /loadthumbnail.php?id=12127771&width=50&height=50 HTTP/1.1" 200 1143 "http://renault.activities.at/account" "Mozilla/5.0 (Windows NT 10.0; Win64; x64; rv:70.0) Gecko/20100101 Firefox/70.0"
83.219.165.34 - - [28/Nov/2019:11:25:31 +0100] "GET /images/nav_divider.gif HTTP/1.1" 200 43 "http://renault.activities.at/css/styles.css" "Mozilla/5.0 (Windows NT 10.0; Win64; x64; rv:70.0) Gecko/20100101 Firefox/70.0"
83.219.165.34 - - [28/Nov/2019:11:25:31 +0100] "GET /images/footer_divider.gif HTTP/1.1" 200 44 "http://renault.activities.at/css/styles.css" "Mozilla/5.0 (Windows NT 10.0; Win64; x64; rv:70.0) Gecko/20100101 Firefox/70.0"
83.219.165.34 - - [28/Nov/2019:11:25:31 +0100] "GET /images/ajax_loading.gif HTTP/1.1" 200 1542 "http://renault.activities.at/account" "Mozilla/5.0 (Windows NT 10.0; Win64; x64; rv:70.0) Gecko/20100101 Firefox/70.0"
83.219.165.34 - - [28/Nov/2019:11:25:31 +0100] "GET /loadthumbnail.php?id=12040647&width=50&height=50 HTTP/1.1" 200 1177 "http://renault.activities.at/account" "Mozilla/5.0 (Windows NT 10.0; Win64; x64; rv:70.0) Gecko/20100101 Firefox/70.0"
213.153.47.173 - - [28/Nov/2019:11:25:31 +0100] "GET /reload?ser=1574936731128 HTTP/1.1" 200 28 "http://renault.activities.at/login?required=true" "Mozilla/5.0 (Windows NT 10.0; Win64; x64; rv:70.0) Gecko/20100101 Firefox/70.0"
91.113.242.244 - - [28/Nov/2019:11:25:39 +0100] "GET /reload?ser=1574936741406 HTTP/1.1" 200 28 "http://renault.activities.at/" "Mozilla/5.0 (Windows NT 10.0; Win64; x64) AppleWebKit/537.36 (KHTML, like Gecko) Chrome/78.0.3904.108 Safari/537.36"
83.219.165.34 - - [28/Nov/2019:11:25:39 +0100] "GET /result?searchterm=true&search=Kennzeichen HTTP/1.1" 200 9262 "http://renault.activities.at/account" "Mozilla/5.0 (Windows NT 10.0; Win64; x64; rv:70.0) Gecko/20100101 Firefox/70.0"
83.219.165.34 - - [28/Nov/2019:11:25:42 +0100] "GET /js/prototip.js HTTP/1.1" 200 4588 "http://renault.activities.at/result?searchterm=true&search=Kennzeichen" "Mozilla/5.0 (Windows NT 10.0; Win64; x64; rv:70.0) Gecko/20100101 Firefox/70.0"
83.219.165.34 - - [28/Nov/2019:11:25:42 +0100] "GET /js/ProduktGrp.js HTTP/1.1" 200 1569 "http://renault.activities.at/result?searchterm=true&search=Kennzeichen" "Mozilla/5.0 (Windows NT 10.0; Win64; x64; rv:70.0) Gecko/20100101 Firefox/70.0"
83.219.165.34 - - [28/Nov/2019:11:25:43 +0100] "GET /images/loading.gif HTTP/1.1" 200 3208 "http://renault.activities.at/result?searchterm=true&search=Kennzeichen" "Mozilla/5.0 (Windows NT 10.0; Win64; x64; rv:70.0) Gecko/20100101 Firefox/70.0"
83.219.165.34 - - [28/Nov/2019:11:25:42 +0100] "GET /loadthumbnail.php?id=10203255 HTTP/1.1" 200 137 "http://renault.activities.at/result?searchterm=true&search=Kennzeichen" "Mozilla/5.0 (Windows NT 10.0; Win64; x64; rv:70.0) Gecko/20100101 Firefox/70.0"
83.219.165.34 - - [28/Nov/2019:11:25:43 +0100] "GET /loadthumbnail.php?id=11036127&width=113 HTTP/1.1" 200 1099 "http://renault.activities.at/result?searchterm=true&search=Kennzeichen" "Mozilla/5.0 (Windows NT 10.0; Win64; x64; rv:70.0) Gecko/20100101 Firefox/70.0"
83.219.165.34 - - [28/Nov/2019:11:25:43 +0100] "GET /loadthumbnail.php?id=10203276 HTTP/1.1" 200 75 "http://renault.activities.at/result?searchterm=true&search=Kennzeichen" "Mozilla/5.0 (Windows NT 10.0; Win64; x64; rv:70.0) Gecko/20100101 Firefox/70.0"
83.219.165.34 - - [28/Nov/2019:11:25:43 +0100] "GET /loadthumbnail.php?id=10261230&width=113 HTTP/1.1" 200 1170 "http://renault.activities.at/result?searchterm=true&search=Kennzeichen" "Mozilla/5.0 (Windows NT 10.0; Win64; x64; rv:70.0) Gecko/20100101 Firefox/70.0"
83.219.165.34 - - [28/Nov/2019:11:25:43 +0100] "GET /images/vista-up.gif HTTP/1.1" 200 131 "http://renault.activities.at/css/styles.css" "Mozilla/5.0 (Windows NT 10.0; Win64; x64; rv:70.0) Gecko/20100101 Firefox/70.0"
83.219.165.34 - - [28/Nov/2019:11:25:43 +0100] "GET /images/pager_bg.gif HTTP/1.1" 200 150 "http://renault.activities.at/css/styles.css" "Mozilla/5.0 (Windows NT 10.0; Win64; x64; rv:70.0) Gecko/20100101 Firefox/70.0"
83.219.165.34 - - [28/Nov/2019:11:25:43 +0100] "GET /images/vista-dn.gif HTTP/1.1" 200 128 "http://renault.activities.at/css/styles.css" "Mozilla/5.0 (Windows NT 10.0; Win64; x64; rv:70.0) Gecko/20100101 Firefox/70.0"
83.219.165.34 - - [28/Nov/2019:11:25:43 +0100] "GET /loadthumbnail.php?id=10260877&width=113 HTTP/1.1" 200 1170 "http://renault.activities.at/result?searchterm=true&search=Kennzeichen" "Mozilla/5.0 (Windows NT 10.0; Win64; x64; rv:70.0) Gecko/20100101 Firefox/70.0"
83.219.165.34 - - [28/Nov/2019:11:25:43 +0100] "GET /loadthumbnail.php?id=10260910&width=113 HTTP/1.1" 200 3135 "http://renault.activities.at/result?searchterm=true&search=Kennzeichen" "Mozilla/5.0 (Windows NT 10.0; Win64; x64; rv:70.0) Gecko/20100101 Firefox/70.0"
83.219.165.34 - - [28/Nov/2019:11:25:43 +0100] "GET /loadthumbnail.php?id=11036339&width=113 HTTP/1.1" 200 1330 "http://renault.activities.at/result?searchterm=true&search=Kennzeichen" "Mozilla/5.0 (Windows NT 10.0; Win64; x64; rv:70.0) Gecko/20100101 Firefox/70.0"
83.219.165.34 - - [28/Nov/2019:11:25:43 +0100] "GET /loadthumbnail.php?id=10203650&width=113 HTTP/1.1" 200 2741 "http://renault.activities.at/result?searchterm=true&search=Kennzeichen" "Mozilla/5.0 (Windows NT 10.0; Win64; x64; rv:70.0) Gecko/20100101 Firefox/70.0"
83.219.165.34 - - [28/Nov/2019:11:25:43 +0100] "GET /loadthumbnail.php?id=10260863&width=113 HTTP/1.1" 200 1170 "http://renault.activities.at/result?searchterm=true&search=Kennzeichen" "Mozilla/5.0 (Windows NT 10.0; Win64; x64; rv:70.0) Gecko/20100101 Firefox/70.0"
83.219.165.34 - - [28/Nov/2019:11:25:43 +0100] "GET /loadthumbnail.php?id=11255648&width=113 HTTP/1.1" 200 1285 "http://renault.activities.at/result?searchterm=true&search=Kennzeichen" "Mozilla/5.0 (Windows NT 10.0; Win64; x64; rv:70.0) Gecko/20100101 Firefox/70.0"
83.219.165.34 - - [28/Nov/2019:11:25:43 +0100] "GET /loadthumbnail.php?id=10260861&width=113 HTTP/1.1" 200 1170 "http://renault.activities.at/result?searchterm=true&search=Kennzeichen" "Mozilla/5.0 (Windows NT 10.0; Win64; x64; rv:70.0) Gecko/20100101 Firefox/70.0"
83.219.165.34 - - [28/Nov/2019:11:25:43 +0100] "GET /loadthumbnail.php?id=11036124&width=113 HTTP/1.1" 200 1328 "http://renault.activities.at/result?searchterm=true&search=Kennzeichen" "Mozilla/5.0 (Windows NT 10.0; Win64; x64; rv:70.0) Gecko/20100101 Firefox/70.0"
83.219.165.34 - - [28/Nov/2019:11:25:43 +0100] "GET /loadthumbnail.php?id=11885850&width=113 HTTP/1.1" 200 1552 "http://renault.activities.at/result?searchterm=true&search=Kennzeichen" "Mozilla/5.0 (Windows NT 10.0; Win64; x64; rv:70.0) Gecko/20100101 Firefox/70.0"
83.219.165.34 - - [28/Nov/2019:11:25:43 +0100] "GET /loadthumbnail.php?id=10260875&width=113 HTTP/1.1" 200 1170 "http://renault.activities.at/result?searchterm=true&search=Kennzeichen" "Mozilla/5.0 (Windows NT 10.0; Win64; x64; rv:70.0) Gecko/20100101 Firefox/70.0"
83.219.165.34 - - [28/Nov/2019:11:25:43 +0100] "GET /loadthumbnail.php?id=11036126&width=113 HTTP/1.1" 200 1377 "http://renault.activities.at/result?searchterm=true&search=Kennzeichen" "Mozilla/5.0 (Windows NT 10.0; Win64; x64; rv:70.0) Gecko/20100101 Firefox/70.0"
83.219.165.34 - - [28/Nov/2019:11:25:43 +0100] "GET /loadthumbnail.php?id=11885851&width=113 HTTP/1.1" 200 1576 "http://renault.activities.at/result?searchterm=true&search=Kennzeichen" "Mozilla/5.0 (Windows NT 10.0; Win64; x64; rv:70.0) Gecko/20100101 Firefox/70.0"
83.219.165.34 - - [28/Nov/2019:11:25:39 +0100] "POST /axjaxrequest?mode=suggest HTTP/1.1" 200 175 "http://renault.activities.at/account" "Mozilla/5.0 (Windows NT 10.0; Win64; x64; rv:70.0) Gecko/20100101 Firefox/70.0"
217.76.161.118 - - [28/Nov/2019:11:25:44 +0100] "GET /reload?ser=1574936743543 HTTP/1.1" 200 28 "http://renault.activities.at/result?searchterm=true&search=wartungs" "Mozilla/5.0 (Windows NT 10.0; Win64; x64) AppleWebKit/537.36 (KHTML, like Gecko) Chrome/64.0.3282.140 Safari/537.36 Edge/18.17763"
212.89.176.40 - - [28/Nov/2019:11:25:55 +0100] "GET /reload?ser=1574936747872 HTTP/1.1" 200 28 "http://renault.activities.at/success" "Mozilla/5.0 (Windows NT 6.1; WOW64; Trident/7.0; rv:11.0) like Gecko"
83.219.165.34 - - [28/Nov/2019:11:26:00 +0100] "GET /result?dir=DESC&mode=grid&order=name&limit=15&page=2&search=Kennzeichen HTTP/1.1" 200 8852 "http://renault.activities.at/result?searchterm=true&search=Kennzeichen" "Mozilla/5.0 (Windows NT 10.0; Win64; x64; rv:70.0) Gecko/20100101 Firefox/70.0"
83.219.165.34 - - [28/Nov/2019:11:26:03 +0100] "GET /loadthumbnail.php?id=10915652&width=113 HTTP/1.1" 200 1387 "http://renault.activities.at/result?dir=DESC&mode=grid&order=name&limit=15&page=2&search=Kennzeichen" "Mozilla/5.0 (Windows NT 10.0; Win64; x64; rv:70.0) Gecko/20100101 Firefox/70.0"
83.219.165.34 - - [28/Nov/2019:11:26:03 +0100] "GET /loadthumbnail.php?id=10915886&width=113 HTTP/1.1" 200 1376 "http://renault.activities.at/result?dir=DESC&mode=grid&order=name&limit=15&page=2&search=Kennzeichen" "Mozilla/5.0 (Windows NT 10.0; Win64; x64; rv:70.0) Gecko/20100101 Firefox/70.0"
83.219.165.34 - - [28/Nov/2019:11:26:03 +0100] "GET /loadthumbnail.php?id=10919466&width=113 HTTP/1.1" 200 1477 "http://renault.activities.at/result?dir=DESC&mode=grid&order=name&limit=15&page=2&search=Kennzeichen" "Mozilla/5.0 (Windows NT 10.0; Win64; x64; rv:70.0) Gecko/20100101 Firefox/70.0"
83.219.165.34 - - [28/Nov/2019:11:26:03 +0100] "GET /loadthumbnail.php?id=10260890&width=113 HTTP/1.1" 200 1170 "http://renault.activities.at/result?dir=DESC&mode=grid&order=name&limit=15&page=2&search=Kennzeichen" "Mozilla/5.0 (Windows NT 10.0; Win64; x64; rv:70.0) Gecko/20100101 Firefox/70.0"
83.219.165.34 - - [28/Nov/2019:11:26:04 +0100] "GET /loadthumbnail.php?id=10203275 HTTP/1.1" 200 85 "http://renault.activities.at/result?dir=DESC&mode=grid&order=name&limit=15&page=2&search=Kennzeichen" "Mozilla/5.0 (Windows NT 10.0; Win64; x64; rv:70.0) Gecko/20100101 Firefox/70.0"
83.219.165.34 - - [28/Nov/2019:11:26:04 +0100] "GET /loadthumbnail.php?id=11243081&width=113 HTTP/1.1" 200 1218 "http://renault.activities.at/result?dir=DESC&mode=grid&order=name&limit=15&page=2&search=Kennzeichen" "Mozilla/5.0 (Windows NT 10.0; Win64; x64; rv:70.0) Gecko/20100101 Firefox/70.0"
83.219.165.34 - - [28/Nov/2019:11:26:04 +0100] "GET /loadthumbnail.php?id=11141133&width=113 HTTP/1.1" 200 1050 "http://renault.activities.at/result?dir=DESC&mode=grid&order=name&limit=15&page=2&search=Kennzeichen" "Mozilla/5.0 (Windows NT 10.0; Win64; x64; rv:70.0) Gecko/20100101 Firefox/70.0"
83.219.165.34 - - [28/Nov/2019:11:26:04 +0100] "GET /loadthumbnail.php?id=10995605&width=113 HTTP/1.1" 200 1252 "http://renault.activities.at/result?dir=DESC&mode=grid&order=name&limit=15&page=2&search=Kennzeichen" "Mozilla/5.0 (Windows NT 10.0; Win64; x64; rv:70.0) Gecko/20100101 Firefox/70.0"
213.153.47.173 - - [28/Nov/2019:11:26:08 +0100] "GET /reload?ser=1574936768067 HTTP/1.1" 200 28 "http://renault.activities.at/login?required=true" "Mozilla/5.0 (Windows NT 10.0; Win64; x64; rv:70.0) Gecko/20100101 Firefox/70.0"
80.123.225.36 - - [28/Nov/2019:11:26:14 +0100] "GET /reload?ser=1574936775727 HTTP/1.1" 200 28 "http://renault.activities.at/success" "Mozilla/5.0 (compatible; MSIE 10.0; Windows NT 6.1; WOW64; Trident/6.0)"
193.194.132.24 - - [28/Nov/2019:11:26:15 +0100] "GET /reload?ser=1574936774861 HTTP/1.1" 200 28 "http://renault.2web.at/account?loadrequest=true" "Mozilla/5.0 (Windows NT 10.0; WOW64; Trident/7.0; Touch; rv:11.0) like Gecko"
83.219.165.34 - - [28/Nov/2019:11:26:16 +0100] "GET /result?dir=DESC&mode=grid&order=name&limit=15&page=1&search=Kennzeichen HTTP/1.1" 200 9262 "http://renault.activities.at/result?dir=DESC&mode=grid&order=name&limit=15&page=2&search=Kennzeichen" "Mozilla/5.0 (Windows NT 10.0; Win64; x64; rv:70.0) Gecko/20100101 Firefox/70.0"
83.219.165.34 - - [28/Nov/2019:11:26:24 +0100] "GET /images/vista-dn-hover.gif HTTP/1.1" 200 127 "http://renault.activities.at/css/styles.css" "Mozilla/5.0 (Windows NT 10.0; Win64; x64; rv:70.0) Gecko/20100101 Firefox/70.0"
83.219.165.34 - - [28/Nov/2019:11:26:24 +0100] "GET /images/vista-up-hover.gif HTTP/1.1" 200 130 "http://renault.activities.at/css/styles.css" "Mozilla/5.0 (Windows NT 10.0; Win64; x64; rv:70.0) Gecko/20100101 Firefox/70.0"
80.122.221.194 - - [28/Nov/2019:11:26:26 +0100] "GET /reload?ser=1574936786091 HTTP/1.1" 200 28 "http://renault.activities.at/success" "Mozilla/5.0 (Windows NT 10.0; Win64; x64) AppleWebKit/537.36 (KHTML, like Gecko) Chrome/70.0.3538.102 Safari/537.36 Edge/18.18362"
213.153.47.173 - - [28/Nov/2019:11:26:31 +0100] "GET /reload?ser=1574936791797 HTTP/1.1" 200 28 "http://renault.activities.at/login?required=true" "Mozilla/5.0 (Windows NT 10.0; Win64; x64; rv:70.0) Gecko/20100101 Firefox/70.0"
91.113.242.244 - - [28/Nov/2019:11:26:40 +0100] "GET /reload?ser=1574936802398 HTTP/1.1" 200 28 "http://renault.activities.at/" "Mozilla/5.0 (Windows NT 10.0; Win64; x64) AppleWebKit/537.36 (KHTML, like Gecko) Chrome/78.0.3904.108 Safari/537.36"
217.76.161.118 - - [28/Nov/2019:11:26:46 +0100] "GET /reload?ser=1574936805544 HTTP/1.1" 200 28 "http://renault.activities.at/result?searchterm=true&search=wartungs" "Mozilla/5.0 (Windows NT 10.0; Win64; x64) AppleWebKit/537.36 (KHTML, like Gecko) Chrome/64.0.3282.140 Safari/537.36 Edge/18.17763"
212.89.176.40 - - [28/Nov/2019:11:26:56 +0100] "GET /reload?ser=1574936808862 HTTP/1.1" 200 28 "http://renault.activities.at/success" "Mozilla/5.0 (Windows NT 6.1; WOW64; Trident/7.0; rv:11.0) like Gecko"
213.153.47.173 - - [28/Nov/2019:11:27:08 +0100] "GET /reload?ser=1574936828718 HTTP/1.1" 200 28 "http://renault.activities.at/login?required=true" "Mozilla/5.0 (Windows NT 10.0; Win64; x64; rv:70.0) Gecko/20100101 Firefox/70.0"
80.123.225.36 - - [28/Nov/2019:11:27:15 +0100] "GET /reload?ser=1574936836699 HTTP/1.1" 200 28 "http://renault.activities.at/success" "Mozilla/5.0 (compatible; MSIE 10.0; Windows NT 6.1; WOW64; Trident/6.0)"
193.194.132.24 - - [28/Nov/2019:11:27:16 +0100] "GET /reload?ser=1574936835909 HTTP/1.1" 200 28 "http://renault.2web.at/account?loadrequest=true" "Mozilla/5.0 (Windows NT 10.0; WOW64; Trident/7.0; Touch; rv:11.0) like Gecko"
83.219.165.34 - - [28/Nov/2019:11:27:19 +0100] "GET /reload?ser=1574936841285 HTTP/1.1" 200 28 "http://renault.activities.at/result?dir=DESC&mode=grid&order=name&limit=15&page=1&search=Kennzeichen" "Mozilla/5.0 (Windows NT 10.0; Win64; x64; rv:70.0) Gecko/20100101 Firefox/70.0"
80.122.221.194 - - [28/Nov/2019:11:27:27 +0100] "GET /reload?ser=1574936847089 HTTP/1.1" 200 28 "http://renault.activities.at/success" "Mozilla/5.0 (Windows NT 10.0; Win64; x64) AppleWebKit/537.36 (KHTML, like Gecko) Chrome/70.0.3538.102 Safari/537.36 Edge/18.18362"
213.153.47.173 - - [28/Nov/2019:11:27:32 +0100] "GET /reload?ser=1574936852455 HTTP/1.1" 200 28 "http://renault.activities.at/login?required=true" "Mozilla/5.0 (Windows NT 10.0; Win64; x64; rv:70.0) Gecko/20100101 Firefox/70.0"
91.113.242.244 - - [28/Nov/2019:11:27:41 +0100] "GET /reload?ser=1574936863410 HTTP/1.1" 200 28 "http://renault.activities.at/" "Mozilla/5.0 (Windows NT 10.0; Win64; x64) AppleWebKit/537.36 (KHTML, like Gecko) Chrome/78.0.3904.108 Safari/537.36"
217.76.161.118 - - [28/Nov/2019:11:27:48 +0100] "GET /reload?ser=1574936867530 HTTP/1.1" 200 28 "http://renault.activities.at/result?searchterm=true&search=wartungs" "Mozilla/5.0 (Windows NT 10.0; Win64; x64) AppleWebKit/537.36 (KHTML, like Gecko) Chrome/64.0.3282.140 Safari/537.36 Edge/18.17763"
212.89.176.40 - - [28/Nov/2019:11:27:57 +0100] "GET /reload?ser=1574936869824 HTTP/1.1" 200 28 "http://renault.activities.at/success" "Mozilla/5.0 (Windows NT 6.1; WOW64; Trident/7.0; rv:11.0) like Gecko"
213.153.47.173 - - [28/Nov/2019:11:28:09 +0100] "GET /reload?ser=1574936889363 HTTP/1.1" 200 28 "http://renault.activities.at/login?required=true" "Mozilla/5.0 (Windows NT 10.0; Win64; x64; rv:70.0) Gecko/20100101 Firefox/70.0"
80.123.225.36 - - [28/Nov/2019:11:28:16 +0100] "GET /reload?ser=1574936897646 HTTP/1.1" 200 28 "http://renault.activities.at/success" "Mozilla/5.0 (compatible; MSIE 10.0; Windows NT 6.1; WOW64; Trident/6.0)"
193.194.132.24 - - [28/Nov/2019:11:28:17 +0100] "GET /reload?ser=1574936896919 HTTP/1.1" 200 28 "http://renault.2web.at/account?loadrequest=true" "Mozilla/5.0 (Windows NT 10.0; WOW64; Trident/7.0; Touch; rv:11.0) like Gecko"
83.219.165.34 - - [28/Nov/2019:11:28:20 +0100] "POST /result?dir=DESC&mode=grid&order=name&limit=15&page=1&search=Kennzeichen HTTP/1.1" 200 9450 "http://renault.activities.at/result?dir=DESC&mode=grid&order=name&limit=15&page=1&search=Kennzeichen" "Mozilla/5.0 (Windows NT 10.0; Win64; x64; rv:70.0) Gecko/20100101 Firefox/70.0"
83.219.165.34 - - [28/Nov/2019:11:28:24 +0100] "GET /images/success_msg_icon.gif HTTP/1.1" 200 1024 "http://renault.activities.at/css/styles.css" "Mozilla/5.0 (Windows NT 10.0; Win64; x64; rv:70.0) Gecko/20100101 Firefox/70.0"
83.219.165.34 - - [28/Nov/2019:11:28:20 +0100] "GET /reload?ser=1574936902316 HTTP/1.1" 200 28 "http://renault.activities.at/result?dir=DESC&mode=grid&order=name&limit=15&page=1&search=Kennzeichen" "Mozilla/5.0 (Windows NT 10.0; Win64; x64; rv:70.0) Gecko/20100101 Firefox/70.0"
80.122.221.194 - - [28/Nov/2019:11:28:28 +0100] "GET /reload?ser=1574936908093 HTTP/1.1" 200 28 "http://renault.activities.at/success" "Mozilla/5.0 (Windows NT 10.0; Win64; x64) AppleWebKit/537.36 (KHTML, like Gecko) Chrome/70.0.3538.102 Safari/537.36 Edge/18.18362"
213.153.47.173 - - [28/Nov/2019:11:28:33 +0100] "GET /reload?ser=1574936913120 HTTP/1.1" 200 28 "http://renault.activities.at/login?required=true" "Mozilla/5.0 (Windows NT 10.0; Win64; x64; rv:70.0) Gecko/20100101 Firefox/70.0"
91.113.242.244 - - [28/Nov/2019:11:28:42 +0100] "GET /reload?ser=1574936924398 HTTP/1.1" 200 28 "http://renault.activities.at/" "Mozilla/5.0 (Windows NT 10.0; Win64; x64) AppleWebKit/537.36 (KHTML, like Gecko) Chrome/78.0.3904.108 Safari/537.36"
83.219.165.34 - - [28/Nov/2019:11:28:40 +0100] "POST /result?dir=DESC&mode=grid&order=name&limit=15&page=1&search=Kennzeichen HTTP/1.1" 200 9448 "http://renault.activities.at/result?dir=DESC&mode=grid&order=name&limit=15&page=1&search=Kennzeichen" "Mozilla/5.0 (Windows NT 10.0; Win64; x64; rv:70.0) Gecko/20100101 Firefox/70.0"
217.76.161.118 - - [28/Nov/2019:11:28:50 +0100] "GET /reload?ser=1574936929531 HTTP/1.1" 200 28 "http://renault.activities.at/result?searchterm=true&search=wartungs" "Mozilla/5.0 (Windows NT 10.0; Win64; x64) AppleWebKit/537.36 (KHTML, like Gecko) Chrome/64.0.3282.140 Safari/537.36 Edge/18.17763"
212.89.176.40 - - [28/Nov/2019:11:28:58 +0100] "GET /reload?ser=1574936930800 HTTP/1.1" 200 28 "http://renault.activities.at/success" "Mozilla/5.0 (Windows NT 6.1; WOW64; Trident/7.0; rv:11.0) like Gecko"
213.153.47.173 - - [28/Nov/2019:11:29:09 +0100] "GET /reload?ser=1574936949996 HTTP/1.1" 200 28 "http://renault.activities.at/login?required=true" "Mozilla/5.0 (Windows NT 10.0; Win64; x64; rv:70.0) Gecko/20100101 Firefox/70.0"
83.219.165.34 - - [28/Nov/2019:11:29:13 +0100] "POST /result?dir=DESC&mode=grid&order=name&limit=15&page=1&search=Kennzeichen HTTP/1.1" 200 9449 "http://renault.activities.at/result?dir=DESC&mode=grid&order=name&limit=15&page=1&search=Kennzeichen" "Mozilla/5.0 (Windows NT 10.0; Win64; x64; rv:70.0) Gecko/20100101 Firefox/70.0"
80.123.225.36 - - [28/Nov/2019:11:29:17 +0100] "GET /reload?ser=1574936958610 HTTP/1.1" 200 28 "http://renault.activities.at/success" "Mozilla/5.0 (compatible; MSIE 10.0; Windows NT 6.1; WOW64; Trident/6.0)"
193.194.132.24 - - [28/Nov/2019:11:29:18 +0100] "GET /reload?ser=1574936957947 HTTP/1.1" 200 28 "http://renault.2web.at/account?loadrequest=true" "Mozilla/5.0 (Windows NT 10.0; WOW64; Trident/7.0; Touch; rv:11.0) like Gecko"
80.122.221.194 - - [28/Nov/2019:11:29:29 +0100] "GET /reload?ser=1574936969092 HTTP/1.1" 200 28 "http://renault.activities.at/success" "Mozilla/5.0 (Windows NT 10.0; Win64; x64) AppleWebKit/537.36 (KHTML, like Gecko) Chrome/70.0.3538.102 Safari/537.36 Edge/18.18362"
213.153.47.173 - - [28/Nov/2019:11:29:33 +0100] "GET /reload?ser=1574936973765 HTTP/1.1" 200 28 "http://renault.activities.at/login?required=true" "Mozilla/5.0 (Windows NT 10.0; Win64; x64; rv:70.0) Gecko/20100101 Firefox/70.0"
83.219.165.34 - - [28/Nov/2019:11:29:29 +0100] "GET /checkout HTTP/1.1" 200 20423 "http://renault.activities.at/result?dir=DESC&mode=grid&order=name&limit=15&page=1&search=Kennzeichen" "Mozilla/5.0 (Windows NT 10.0; Win64; x64; rv:70.0) Gecko/20100101 Firefox/70.0"
83.219.165.34 - - [28/Nov/2019:11:29:34 +0100] "GET /js/checkout2.js HTTP/1.1" 200 4122 "http://renault.activities.at/checkout" "Mozilla/5.0 (Windows NT 10.0; Win64; x64; rv:70.0) Gecko/20100101 Firefox/70.0"
83.219.165.34 - - [28/Nov/2019:11:29:34 +0100] "GET /images/step_bg.jpg HTTP/1.1" 200 319 "http://renault.activities.at/css/styles.css" "Mozilla/5.0 (Windows NT 10.0; Win64; x64; rv:70.0) Gecko/20100101 Firefox/70.0"
83.219.165.34 - - [28/Nov/2019:11:29:34 +0100] "GET /images/step_marker.gif HTTP/1.1" 200 650 "http://renault.activities.at/css/styles.css" "Mozilla/5.0 (Windows NT 10.0; Win64; x64; rv:70.0) Gecko/20100101 Firefox/70.0"
83.219.165.34 - - [28/Nov/2019:11:29:34 +0100] "GET /images/checkout_border_top.gif HTTP/1.1" 200 156 "http://renault.activities.at/css/styles.css" "Mozilla/5.0 (Windows NT 10.0; Win64; x64; rv:70.0) Gecko/20100101 Firefox/70.0"
83.219.165.34 - - [28/Nov/2019:11:29:34 +0100] "GET /images/checkout_border.gif HTTP/1.1" 200 43 "http://renault.activities.at/css/styles.css" "Mozilla/5.0 (Windows NT 10.0; Win64; x64; rv:70.0) Gecko/20100101 Firefox/70.0"
83.219.165.34 - - [28/Nov/2019:11:29:34 +0100] "GET /loadthumbnail.php?id=10201939 HTTP/1.1" 200 201 "http://renault.activities.at/checkout" "Mozilla/5.0 (Windows NT 10.0; Win64; x64; rv:70.0) Gecko/20100101 Firefox/70.0"
83.219.165.34 - - [28/Nov/2019:11:29:34 +0100] "GET /loadthumbnail.php?id=10202698 HTTP/1.1" 200 16686 "http://renault.activities.at/checkout" "Mozilla/5.0 (Windows NT 10.0; Win64; x64; rv:70.0) Gecko/20100101 Firefox/70.0"
91.113.242.244 - - [28/Nov/2019:11:29:43 +0100] "GET /reload?ser=1574936985399 HTTP/1.1" 200 28 "http://renault.activities.at/" "Mozilla/5.0 (Windows NT 10.0; Win64; x64) AppleWebKit/537.36 (KHTML, like Gecko) Chrome/78.0.3904.108 Safari/537.36"
83.219.165.34 - - [28/Nov/2019:11:29:47 +0100] "POST /docheckout HTTP/1.1" 200 455 "http://renault.activities.at/checkout" "Mozilla/5.0 (Windows NT 10.0; Win64; x64; rv:70.0) Gecko/20100101 Firefox/70.0"
83.219.165.34 - - [28/Nov/2019:11:29:50 +0100] "POST /docheckout HTTP/1.1" 200 680 "http://renault.activities.at/checkout" "Mozilla/5.0 (Windows NT 10.0; Win64; x64; rv:70.0) Gecko/20100101 Firefox/70.0"
83.219.165.34 - - [28/Nov/2019:11:29:52 +0100] "GET /images/error_msg_icon.gif HTTP/1.1" 200 1013 "http://renault.activities.at/checkout" "Mozilla/5.0 (Windows NT 10.0; Win64; x64; rv:70.0) Gecko/20100101 Firefox/70.0"
217.76.161.118 - - [28/Nov/2019:11:29:52 +0100] "GET /reload?ser=1574936991533 HTTP/1.1" 200 28 "http://renault.activities.at/result?searchterm=true&search=wartungs" "Mozilla/5.0 (Windows NT 10.0; Win64; x64) AppleWebKit/537.36 (KHTML, like Gecko) Chrome/64.0.3282.140 Safari/537.36 Edge/18.17763"
212.89.176.40 - - [28/Nov/2019:11:29:59 +0100] "GET /reload?ser=1574936991803 HTTP/1.1" 200 28 "http://renault.activities.at/success" "Mozilla/5.0 (Windows NT 6.1; WOW64; Trident/7.0; rv:11.0) like Gecko"
213.153.47.173 - - [28/Nov/2019:11:30:10 +0100] "GET /reload?ser=1574937010641 HTTP/1.1" 200 28 "http://renault.activities.at/login?required=true" "Mozilla/5.0 (Windows NT 10.0; Win64; x64; rv:70.0) Gecko/20100101 Firefox/70.0"
83.219.165.34 - - [28/Nov/2019:11:30:10 +0100] "POST /docheckout HTTP/1.1" 200 68 "http://renault.activities.at/checkout" "Mozilla/5.0 (Windows NT 10.0; Win64; x64; rv:70.0) Gecko/20100101 Firefox/70.0"
83.219.165.34 - - [28/Nov/2019:11:30:13 +0100] "GET /success HTTP/1.1" 200 3942 "http://renault.activities.at/checkout" "Mozilla/5.0 (Windows NT 10.0; Win64; x64; rv:70.0) Gecko/20100101 Firefox/70.0"
80.123.225.36 - - [28/Nov/2019:11:30:18 +0100] "GET /reload?ser=1574937019924 HTTP/1.1" 200 28 "http://renault.activities.at/success" "Mozilla/5.0 (compatible; MSIE 10.0; Windows NT 6.1; WOW64; Trident/6.0)"
193.194.132.24 - - [28/Nov/2019:11:30:19 +0100] "GET /reload?ser=1574937018951 HTTP/1.1" 200 28 "http://renault.2web.at/account?loadrequest=true" "Mozilla/5.0 (Windows NT 10.0; WOW64; Trident/7.0; Touch; rv:11.0) like Gecko"
80.122.221.194 - - [28/Nov/2019:11:30:30 +0100] "GET /reload?ser=1574937030086 HTTP/1.1" 200 28 "http://renault.activities.at/success" "Mozilla/5.0 (Windows NT 10.0; Win64; x64) AppleWebKit/537.36 (KHTML, like Gecko) Chrome/70.0.3538.102 Safari/537.36 Edge/18.18362"
213.153.47.173 - - [28/Nov/2019:11:30:34 +0100] "GET /reload?ser=1574937034417 HTTP/1.1" 200 28 "http://renault.activities.at/login?required=true" "Mozilla/5.0 (Windows NT 10.0; Win64; x64; rv:70.0) Gecko/20100101 Firefox/70.0"
91.113.242.244 - - [28/Nov/2019:11:30:44 +0100] "GET /reload?ser=1574937046398 HTTP/1.1" 200 28 "http://renault.activities.at/" "Mozilla/5.0 (Windows NT 10.0; Win64; x64) AppleWebKit/537.36 (KHTML, like Gecko) Chrome/78.0.3904.108 Safari/537.36"
217.76.161.118 - - [28/Nov/2019:11:30:54 +0100] "GET /reload?ser=1574937053550 HTTP/1.1" 200 28 "http://renault.activities.at/result?searchterm=true&search=wartungs" "Mozilla/5.0 (Windows NT 10.0; Win64; x64) AppleWebKit/537.36 (KHTML, like Gecko) Chrome/64.0.3282.140 Safari/537.36 Edge/18.17763"
212.89.176.40 - - [28/Nov/2019:11:31:00 +0100] "GET /reload?ser=1574937052762 HTTP/1.1" 200 28 "http://renault.activities.at/success" "Mozilla/5.0 (Windows NT 6.1; WOW64; Trident/7.0; rv:11.0) like Gecko"
213.153.47.173 - - [28/Nov/2019:11:31:11 +0100] "GET /reload?ser=1574937071303 HTTP/1.1" 200 28 "http://renault.activities.at/login?required=true" "Mozilla/5.0 (Windows NT 10.0; Win64; x64; rv:70.0) Gecko/20100101 Firefox/70.0"
80.123.225.36 - - [28/Nov/2019:11:31:19 +0100] "GET /reload?ser=1574937080874 HTTP/1.1" 200 28 "http://renault.activities.at/success" "Mozilla/5.0 (compatible; MSIE 10.0; Windows NT 6.1; WOW64; Trident/6.0)"
193.194.132.24 - - [28/Nov/2019:11:31:20 +0100] "GET /reload?ser=1574937079953 HTTP/1.1" 200 28 "http://renault.2web.at/account?loadrequest=true" "Mozilla/5.0 (Windows NT 10.0; WOW64; Trident/7.0; Touch; rv:11.0) like Gecko"
80.122.221.194 - - [28/Nov/2019:11:31:31 +0100] "GET /reload?ser=1574937091091 HTTP/1.1" 200 28 "http://renault.activities.at/success" "Mozilla/5.0 (Windows NT 10.0; Win64; x64) AppleWebKit/537.36 (KHTML, like Gecko) Chrome/70.0.3538.102 Safari/537.36 Edge/18.18362"
213.153.47.173 - - [28/Nov/2019:11:31:35 +0100] "GET /reload?ser=1574937095106 HTTP/1.1" 200 28 "http://renault.activities.at/login?required=true" "Mozilla/5.0 (Windows NT 10.0; Win64; x64; rv:70.0) Gecko/20100101 Firefox/70.0"
91.113.242.244 - - [28/Nov/2019:11:31:45 +0100] "GET /reload?ser=1574937107398 HTTP/1.1" 200 28 "http://renault.activities.at/" "Mozilla/5.0 (Windows NT 10.0; Win64; x64) AppleWebKit/537.36 (KHTML, like Gecko) Chrome/78.0.3904.108 Safari/537.36"
217.76.161.118 - - [28/Nov/2019:11:31:56 +0100] "GET /reload?ser=1574937115535 HTTP/1.1" 200 28 "http://renault.activities.at/result?searchterm=true&search=wartungs" "Mozilla/5.0 (Windows NT 10.0; Win64; x64) AppleWebKit/537.36 (KHTML, like Gecko) Chrome/64.0.3282.140 Safari/537.36 Edge/18.17763"
212.89.176.40 - - [28/Nov/2019:11:32:01 +0100] "GET /reload?ser=1574937113712 HTTP/1.1" 200 28 "http://renault.activities.at/success" "Mozilla/5.0 (Windows NT 6.1; WOW64; Trident/7.0; rv:11.0) like Gecko"
213.153.47.173 - - [28/Nov/2019:11:32:11 +0100] "GET /reload?ser=1574937131947 HTTP/1.1" 200 28 "http://renault.activities.at/login?required=true" "Mozilla/5.0 (Windows NT 10.0; Win64; x64; rv:70.0) Gecko/20100101 Firefox/70.0"
193.194.132.24 - - [28/Nov/2019:11:32:21 +0100] "GET /reload?ser=1574937140969 HTTP/1.1" 200 28 "http://renault.2web.at/account?loadrequest=true" "Mozilla/5.0 (Windows NT 10.0; WOW64; Trident/7.0; Touch; rv:11.0) like Gecko"
80.123.225.36 - - [28/Nov/2019:11:32:22 +0100] "GET /reload?ser=1574937141862 HTTP/1.1" 200 28 "http://renault.activities.at/success" "Mozilla/5.0 (compatible; MSIE 10.0; Windows NT 6.1; WOW64; Trident/6.0)"
80.122.221.194 - - [28/Nov/2019:11:32:32 +0100] "GET /reload?ser=1574937152100 HTTP/1.1" 200 28 "http://renault.activities.at/success" "Mozilla/5.0 (Windows NT 10.0; Win64; x64) AppleWebKit/537.36 (KHTML, like Gecko) Chrome/70.0.3538.102 Safari/537.36 Edge/18.18362"
213.153.47.173 - - [28/Nov/2019:11:32:35 +0100] "GET /reload?ser=1574937155776 HTTP/1.1" 200 28 "http://renault.activities.at/login?required=true" "Mozilla/5.0 (Windows NT 10.0; Win64; x64; rv:70.0) Gecko/20100101 Firefox/70.0"
91.113.242.244 - - [28/Nov/2019:11:32:46 +0100] "GET /reload?ser=1574937168402 HTTP/1.1" 200 28 "http://renault.activities.at/" "Mozilla/5.0 (Windows NT 10.0; Win64; x64) AppleWebKit/537.36 (KHTML, like Gecko) Chrome/78.0.3904.108 Safari/537.36"
217.76.161.118 - - [28/Nov/2019:11:32:58 +0100] "GET /reload?ser=1574937177536 HTTP/1.1" 200 28 "http://renault.activities.at/result?searchterm=true&search=wartungs" "Mozilla/5.0 (Windows NT 10.0; Win64; x64) AppleWebKit/537.36 (KHTML, like Gecko) Chrome/64.0.3282.140 Safari/537.36 Edge/18.17763"
212.89.176.40 - - [28/Nov/2019:11:33:02 +0100] "GET /reload?ser=1574937174713 HTTP/1.1" 200 28 "http://renault.activities.at/success" "Mozilla/5.0 (Windows NT 6.1; WOW64; Trident/7.0; rv:11.0) like Gecko"
213.153.47.173 - - [28/Nov/2019:11:33:12 +0100] "GET /reload?ser=1574937192594 HTTP/1.1" 200 28 "http://renault.activities.at/login?required=true" "Mozilla/5.0 (Windows NT 10.0; Win64; x64; rv:70.0) Gecko/20100101 Firefox/70.0"
193.194.132.24 - - [28/Nov/2019:11:33:22 +0100] "GET /reload?ser=1574937202006 HTTP/1.1" 200 28 "http://renault.2web.at/account?loadrequest=true" "Mozilla/5.0 (Windows NT 10.0; WOW64; Trident/7.0; Touch; rv:11.0) like Gecko"
80.123.225.36 - - [28/Nov/2019:11:33:23 +0100] "GET /reload?ser=1574937203993 HTTP/1.1" 200 28 "http://renault.activities.at/success" "Mozilla/5.0 (compatible; MSIE 10.0; Windows NT 6.1; WOW64; Trident/6.0)"
80.122.221.194 - - [28/Nov/2019:11:33:33 +0100] "GET /reload?ser=1574937213099 HTTP/1.1" 200 28 "http://renault.activities.at/success" "Mozilla/5.0 (Windows NT 10.0; Win64; x64) AppleWebKit/537.36 (KHTML, like Gecko) Chrome/70.0.3538.102 Safari/537.36 Edge/18.18362"
213.153.47.173 - - [28/Nov/2019:11:33:36 +0100] "GET /reload?ser=1574937216432 HTTP/1.1" 200 28 "http://renault.activities.at/login?required=true" "Mozilla/5.0 (Windows NT 10.0; Win64; x64; rv:70.0) Gecko/20100101 Firefox/70.0"
91.113.242.244 - - [28/Nov/2019:11:33:47 +0100] "GET /reload?ser=1574937229397 HTTP/1.1" 200 28 "http://renault.activities.at/" "Mozilla/5.0 (Windows NT 10.0; Win64; x64) AppleWebKit/537.36 (KHTML, like Gecko) Chrome/78.0.3904.108 Safari/537.36"
217.76.161.118 - - [28/Nov/2019:11:34:00 +0100] "GET /reload?ser=1574937239538 HTTP/1.1" 200 28 "http://renault.activities.at/result?searchterm=true&search=wartungs" "Mozilla/5.0 (Windows NT 10.0; Win64; x64) AppleWebKit/537.36 (KHTML, like Gecko) Chrome/64.0.3282.140 Safari/537.36 Edge/18.17763"
212.89.176.40 - - [28/Nov/2019:11:34:02 +0100] "GET /reload?ser=1574937235675 HTTP/1.1" 200 28 "http://renault.activities.at/success" "Mozilla/5.0 (Windows NT 6.1; WOW64; Trident/7.0; rv:11.0) like Gecko"
213.153.47.173 - - [28/Nov/2019:11:34:13 +0100] "GET /reload?ser=1574937253230 HTTP/1.1" 200 28 "http://renault.activities.at/login?required=true" "Mozilla/5.0 (Windows NT 10.0; Win64; x64; rv:70.0) Gecko/20100101 Firefox/70.0"
193.194.132.24 - - [28/Nov/2019:11:34:23 +0100] "GET /reload?ser=1574937263056 HTTP/1.1" 200 28 "http://renault.2web.at/account?loadrequest=true" "Mozilla/5.0 (Windows NT 10.0; WOW64; Trident/7.0; Touch; rv:11.0) like Gecko"
80.123.225.36 - - [28/Nov/2019:11:34:23 +0100] "GET /reload?ser=1574937264961 HTTP/1.1" 200 28 "http://renault.activities.at/success" "Mozilla/5.0 (compatible; MSIE 10.0; Windows NT 6.1; WOW64; Trident/6.0)"
80.122.221.194 - - [28/Nov/2019:11:34:34 +0100] "GET /reload?ser=1574937274086 HTTP/1.1" 200 28 "http://renault.activities.at/success" "Mozilla/5.0 (Windows NT 10.0; Win64; x64) AppleWebKit/537.36 (KHTML, like Gecko) Chrome/70.0.3538.102 Safari/537.36 Edge/18.18362"
213.153.47.173 - - [28/Nov/2019:11:34:37 +0100] "GET /reload?ser=1574937277069 HTTP/1.1" 200 28 "http://renault.activities.at/login?required=true" "Mozilla/5.0 (Windows NT 10.0; Win64; x64; rv:70.0) Gecko/20100101 Firefox/70.0"
91.113.242.244 - - [28/Nov/2019:11:34:48 +0100] "GET /reload?ser=1574937290398 HTTP/1.1" 200 28 "http://renault.activities.at/" "Mozilla/5.0 (Windows NT 10.0; Win64; x64) AppleWebKit/537.36 (KHTML, like Gecko) Chrome/78.0.3904.108 Safari/537.36"
217.76.161.118 - - [28/Nov/2019:11:35:01 +0100] "GET /reload?ser=1574937300543 HTTP/1.1" 200 28 "http://renault.activities.at/result?searchterm=true&search=wartungs" "Mozilla/5.0 (Windows NT 10.0; Win64; x64) AppleWebKit/537.36 (KHTML, like Gecko) Chrome/64.0.3282.140 Safari/537.36 Edge/18.17763"
212.89.176.40 - - [28/Nov/2019:11:35:03 +0100] "GET /reload?ser=1574937296654 HTTP/1.1" 200 28 "http://renault.activities.at/success" "Mozilla/5.0 (Windows NT 6.1; WOW64; Trident/7.0; rv:11.0) like Gecko"
213.153.47.173 - - [28/Nov/2019:11:35:13 +0100] "GET /reload?ser=1574937313886 HTTP/1.1" 200 28 "http://renault.activities.at/login?required=true" "Mozilla/5.0 (Windows NT 10.0; Win64; x64; rv:70.0) Gecko/20100101 Firefox/70.0"
193.194.132.24 - - [28/Nov/2019:11:35:24 +0100] "GET /reload?ser=1574937324338 HTTP/1.1" 200 28 "http://renault.2web.at/account?loadrequest=true" "Mozilla/5.0 (Windows NT 10.0; WOW64; Trident/7.0; Touch; rv:11.0) like Gecko"
80.123.225.36 - - [28/Nov/2019:11:35:24 +0100] "GET /reload?ser=1574937325912 HTTP/1.1" 200 28 "http://renault.activities.at/success" "Mozilla/5.0 (compatible; MSIE 10.0; Windows NT 6.1; WOW64; Trident/6.0)"
80.122.221.194 - - [28/Nov/2019:11:35:35 +0100] "GET /reload?ser=1574937335097 HTTP/1.1" 200 28 "http://renault.activities.at/success" "Mozilla/5.0 (Windows NT 10.0; Win64; x64) AppleWebKit/537.36 (KHTML, like Gecko) Chrome/70.0.3538.102 Safari/537.36 Edge/18.18362"
213.153.47.173 - - [28/Nov/2019:11:35:37 +0100] "GET /reload?ser=1574937337715 HTTP/1.1" 200 28 "http://renault.activities.at/login?required=true" "Mozilla/5.0 (Windows NT 10.0; Win64; x64; rv:70.0) Gecko/20100101 Firefox/70.0"
91.113.242.244 - - [28/Nov/2019:11:35:49 +0100] "GET /reload?ser=1574937351398 HTTP/1.1" 200 28 "http://renault.activities.at/" "Mozilla/5.0 (Windows NT 10.0; Win64; x64) AppleWebKit/537.36 (KHTML, like Gecko) Chrome/78.0.3904.108 Safari/537.36"
217.76.161.118 - - [28/Nov/2019:11:36:03 +0100] "GET /reload?ser=1574937362530 HTTP/1.1" 200 28 "http://renault.activities.at/result?searchterm=true&search=wartungs" "Mozilla/5.0 (Windows NT 10.0; Win64; x64) AppleWebKit/537.36 (KHTML, like Gecko) Chrome/64.0.3282.140 Safari/537.36 Edge/18.17763"
212.89.176.40 - - [28/Nov/2019:11:36:04 +0100] "GET /reload?ser=1574937357663 HTTP/1.1" 200 28 "http://renault.activities.at/success" "Mozilla/5.0 (Windows NT 6.1; WOW64; Trident/7.0; rv:11.0) like Gecko"
213.153.47.173 - - [28/Nov/2019:11:36:14 +0100] "GET /reload?ser=1574937374562 HTTP/1.1" 200 28 "http://renault.activities.at/login?required=true" "Mozilla/5.0 (Windows NT 10.0; Win64; x64; rv:70.0) Gecko/20100101 Firefox/70.0"
193.194.132.24 - - [28/Nov/2019:11:36:25 +0100] "GET /reload?ser=1574937385413 HTTP/1.1" 200 28 "http://renault.2web.at/account?loadrequest=true" "Mozilla/5.0 (Windows NT 10.0; WOW64; Trident/7.0; Touch; rv:11.0) like Gecko"
80.123.225.36 - - [28/Nov/2019:11:36:25 +0100] "GET /reload?ser=1574937386860 HTTP/1.1" 200 28 "http://renault.activities.at/success" "Mozilla/5.0 (compatible; MSIE 10.0; Windows NT 6.1; WOW64; Trident/6.0)"
80.122.221.194 - - [28/Nov/2019:11:36:36 +0100] "GET /reload?ser=1574937396088 HTTP/1.1" 200 28 "http://renault.activities.at/success" "Mozilla/5.0 (Windows NT 10.0; Win64; x64) AppleWebKit/537.36 (KHTML, like Gecko) Chrome/70.0.3538.102 Safari/537.36 Edge/18.18362"
213.153.47.173 - - [28/Nov/2019:11:36:38 +0100] "GET /reload?ser=1574937398361 HTTP/1.1" 200 28 "http://renault.activities.at/login?required=true" "Mozilla/5.0 (Windows NT 10.0; Win64; x64; rv:70.0) Gecko/20100101 Firefox/70.0"
91.113.242.244 - - [28/Nov/2019:11:36:50 +0100] "GET /reload?ser=1574937412398 HTTP/1.1" 200 28 "http://renault.activities.at/" "Mozilla/5.0 (Windows NT 10.0; Win64; x64) AppleWebKit/537.36 (KHTML, like Gecko) Chrome/78.0.3904.108 Safari/537.36"
217.76.161.118 - - [28/Nov/2019:11:37:05 +0100] "GET /reload?ser=1574937424534 HTTP/1.1" 200 28 "http://renault.activities.at/result?searchterm=true&search=wartungs" "Mozilla/5.0 (Windows NT 10.0; Win64; x64) AppleWebKit/537.36 (KHTML, like Gecko) Chrome/64.0.3282.140 Safari/537.36 Edge/18.17763"
212.89.176.40 - - [28/Nov/2019:11:37:05 +0100] "GET /reload?ser=1574937418641 HTTP/1.1" 200 28 "http://renault.activities.at/success" "Mozilla/5.0 (Windows NT 6.1; WOW64; Trident/7.0; rv:11.0) like Gecko"
213.153.47.173 - - [28/Nov/2019:11:37:15 +0100] "GET /reload?ser=1574937435218 HTTP/1.1" 200 28 "http://renault.activities.at/login?required=true" "Mozilla/5.0 (Windows NT 10.0; Win64; x64; rv:70.0) Gecko/20100101 Firefox/70.0"
193.194.132.24 - - [28/Nov/2019:11:37:26 +0100] "GET /reload?ser=1574937446462 HTTP/1.1" 200 28 "http://renault.2web.at/account?loadrequest=true" "Mozilla/5.0 (Windows NT 10.0; WOW64; Trident/7.0; Touch; rv:11.0) like Gecko"
80.123.225.36 - - [28/Nov/2019:11:37:26 +0100] "GET /reload?ser=1574937447847 HTTP/1.1" 200 28 "http://renault.activities.at/success" "Mozilla/5.0 (compatible; MSIE 10.0; Windows NT 6.1; WOW64; Trident/6.0)"
80.122.221.194 - - [28/Nov/2019:11:37:37 +0100] "GET /reload?ser=1574937457098 HTTP/1.1" 200 28 "http://renault.activities.at/success" "Mozilla/5.0 (Windows NT 10.0; Win64; x64) AppleWebKit/537.36 (KHTML, like Gecko) Chrome/70.0.3538.102 Safari/537.36 Edge/18.18362"
