91.113.242.244 - - [29/Nov/2019:01:00:00 +0100] "GET /reload?ser=1574985602399 HTTP/1.1" 200 28 "http://renault.activities.at/" "Mozilla/5.0 (Windows NT 10.0; Win64; x64) AppleWebKit/537.36 (KHTML, like Gecko) Chrome/78.0.3904.108 Safari/537.36"
80.122.221.194 - - [29/Nov/2019:01:00:54 +0100] "GET /reload?ser=1574985654068 HTTP/1.1" 200 28 "http://renault.activities.at/success" "Mozilla/5.0 (Windows NT 10.0; Win64; x64) AppleWebKit/537.36 (KHTML, like Gecko) Chrome/70.0.3538.102 Safari/537.36 Edge/18.18362"
91.113.242.244 - - [29/Nov/2019:01:01:01 +0100] "GET /reload?ser=1574985663398 HTTP/1.1" 200 28 "http://renault.activities.at/" "Mozilla/5.0 (Windows NT 10.0; Win64; x64) AppleWebKit/537.36 (KHTML, like Gecko) Chrome/78.0.3904.108 Safari/537.36"
80.122.221.194 - - [29/Nov/2019:01:01:55 +0100] "GET /reload?ser=1574985715076 HTTP/1.1" 200 28 "http://renault.activities.at/success" "Mozilla/5.0 (Windows NT 10.0; Win64; x64) AppleWebKit/537.36 (KHTML, like Gecko) Chrome/70.0.3538.102 Safari/537.36 Edge/18.18362"
91.113.242.244 - - [29/Nov/2019:01:02:02 +0100] "GET /reload?ser=1574985724398 HTTP/1.1" 200 28 "http://renault.activities.at/" "Mozilla/5.0 (Windows NT 10.0; Win64; x64) AppleWebKit/537.36 (KHTML, like Gecko) Chrome/78.0.3904.108 Safari/537.36"
80.122.221.194 - - [29/Nov/2019:01:02:56 +0100] "GET /reload?ser=1574985776073 HTTP/1.1" 200 28 "http://renault.activities.at/success" "Mozilla/5.0 (Windows NT 10.0; Win64; x64) AppleWebKit/537.36 (KHTML, like Gecko) Chrome/70.0.3538.102 Safari/537.36 Edge/18.18362"
91.113.242.244 - - [29/Nov/2019:01:03:03 +0100] "GET /reload?ser=1574985785399 HTTP/1.1" 200 28 "http://renault.activities.at/" "Mozilla/5.0 (Windows NT 10.0; Win64; x64) AppleWebKit/537.36 (KHTML, like Gecko) Chrome/78.0.3904.108 Safari/537.36"
80.122.221.194 - - [29/Nov/2019:01:03:57 +0100] "GET /reload?ser=1574985837064 HTTP/1.1" 200 28 "http://renault.activities.at/success" "Mozilla/5.0 (Windows NT 10.0; Win64; x64) AppleWebKit/537.36 (KHTML, like Gecko) Chrome/70.0.3538.102 Safari/537.36 Edge/18.18362"
91.113.242.244 - - [29/Nov/2019:01:04:04 +0100] "GET /reload?ser=1574985846397 HTTP/1.1" 200 28 "http://renault.activities.at/" "Mozilla/5.0 (Windows NT 10.0; Win64; x64) AppleWebKit/537.36 (KHTML, like Gecko) Chrome/78.0.3904.108 Safari/537.36"
80.122.221.194 - - [29/Nov/2019:01:04:58 +0100] "GET /reload?ser=1574985898076 HTTP/1.1" 200 28 "http://renault.activities.at/success" "Mozilla/5.0 (Windows NT 10.0; Win64; x64) AppleWebKit/537.36 (KHTML, like Gecko) Chrome/70.0.3538.102 Safari/537.36 Edge/18.18362"
91.113.242.244 - - [29/Nov/2019:01:05:05 +0100] "GET /reload?ser=1574985907398 HTTP/1.1" 200 28 "http://renault.activities.at/" "Mozilla/5.0 (Windows NT 10.0; Win64; x64) AppleWebKit/537.36 (KHTML, like Gecko) Chrome/78.0.3904.108 Safari/537.36"
80.122.221.194 - - [29/Nov/2019:01:05:59 +0100] "GET /reload?ser=1574985959064 HTTP/1.1" 200 28 "http://renault.activities.at/success" "Mozilla/5.0 (Windows NT 10.0; Win64; x64) AppleWebKit/537.36 (KHTML, like Gecko) Chrome/70.0.3538.102 Safari/537.36 Edge/18.18362"
91.113.242.244 - - [29/Nov/2019:01:06:06 +0100] "GET /reload?ser=1574985968398 HTTP/1.1" 200 28 "http://renault.activities.at/" "Mozilla/5.0 (Windows NT 10.0; Win64; x64) AppleWebKit/537.36 (KHTML, like Gecko) Chrome/78.0.3904.108 Safari/537.36"
80.122.221.194 - - [29/Nov/2019:01:07:00 +0100] "GET /reload?ser=1574986020063 HTTP/1.1" 200 28 "http://renault.activities.at/success" "Mozilla/5.0 (Windows NT 10.0; Win64; x64) AppleWebKit/537.36 (KHTML, like Gecko) Chrome/70.0.3538.102 Safari/537.36 Edge/18.18362"
91.113.242.244 - - [29/Nov/2019:01:07:07 +0100] "GET /reload?ser=1574986029398 HTTP/1.1" 200 28 "http://renault.activities.at/" "Mozilla/5.0 (Windows NT 10.0; Win64; x64) AppleWebKit/537.36 (KHTML, like Gecko) Chrome/78.0.3904.108 Safari/537.36"
80.122.221.194 - - [29/Nov/2019:01:08:01 +0100] "GET /reload?ser=1574986081066 HTTP/1.1" 200 28 "http://renault.activities.at/success" "Mozilla/5.0 (Windows NT 10.0; Win64; x64) AppleWebKit/537.36 (KHTML, like Gecko) Chrome/70.0.3538.102 Safari/537.36 Edge/18.18362"
91.113.242.244 - - [29/Nov/2019:01:08:08 +0100] "GET /reload?ser=1574986090409 HTTP/1.1" 200 28 "http://renault.activities.at/" "Mozilla/5.0 (Windows NT 10.0; Win64; x64) AppleWebKit/537.36 (KHTML, like Gecko) Chrome/78.0.3904.108 Safari/537.36"
80.122.221.194 - - [29/Nov/2019:01:09:02 +0100] "GET /reload?ser=1574986142065 HTTP/1.1" 200 28 "http://renault.activities.at/success" "Mozilla/5.0 (Windows NT 10.0; Win64; x64) AppleWebKit/537.36 (KHTML, like Gecko) Chrome/70.0.3538.102 Safari/537.36 Edge/18.18362"
91.113.242.244 - - [29/Nov/2019:01:09:09 +0100] "GET /reload?ser=1574986151397 HTTP/1.1" 200 28 "http://renault.activities.at/" "Mozilla/5.0 (Windows NT 10.0; Win64; x64) AppleWebKit/537.36 (KHTML, like Gecko) Chrome/78.0.3904.108 Safari/537.36"
80.122.221.194 - - [29/Nov/2019:01:10:03 +0100] "GET /reload?ser=1574986203062 HTTP/1.1" 200 28 "http://renault.activities.at/success" "Mozilla/5.0 (Windows NT 10.0; Win64; x64) AppleWebKit/537.36 (KHTML, like Gecko) Chrome/70.0.3538.102 Safari/537.36 Edge/18.18362"
91.113.242.244 - - [29/Nov/2019:01:10:10 +0100] "GET /reload?ser=1574986212398 HTTP/1.1" 200 28 "http://renault.activities.at/" "Mozilla/5.0 (Windows NT 10.0; Win64; x64) AppleWebKit/537.36 (KHTML, like Gecko) Chrome/78.0.3904.108 Safari/537.36"
80.122.221.194 - - [29/Nov/2019:01:11:04 +0100] "GET /reload?ser=1574986264061 HTTP/1.1" 200 28 "http://renault.activities.at/success" "Mozilla/5.0 (Windows NT 10.0; Win64; x64) AppleWebKit/537.36 (KHTML, like Gecko) Chrome/70.0.3538.102 Safari/537.36 Edge/18.18362"
91.113.242.244 - - [29/Nov/2019:01:11:11 +0100] "GET /reload?ser=1574986273399 HTTP/1.1" 200 28 "http://renault.activities.at/" "Mozilla/5.0 (Windows NT 10.0; Win64; x64) AppleWebKit/537.36 (KHTML, like Gecko) Chrome/78.0.3904.108 Safari/537.36"
80.122.221.194 - - [29/Nov/2019:01:12:05 +0100] "GET /reload?ser=1574986325072 HTTP/1.1" 200 28 "http://renault.activities.at/success" "Mozilla/5.0 (Windows NT 10.0; Win64; x64) AppleWebKit/537.36 (KHTML, like Gecko) Chrome/70.0.3538.102 Safari/537.36 Edge/18.18362"
91.113.242.244 - - [29/Nov/2019:01:12:12 +0100] "GET /reload?ser=1574986334398 HTTP/1.1" 200 28 "http://renault.activities.at/" "Mozilla/5.0 (Windows NT 10.0; Win64; x64) AppleWebKit/537.36 (KHTML, like Gecko) Chrome/78.0.3904.108 Safari/537.36"
80.122.221.194 - - [29/Nov/2019:01:13:06 +0100] "GET /reload?ser=1574986386073 HTTP/1.1" 200 28 "http://renault.activities.at/success" "Mozilla/5.0 (Windows NT 10.0; Win64; x64) AppleWebKit/537.36 (KHTML, like Gecko) Chrome/70.0.3538.102 Safari/537.36 Edge/18.18362"
91.113.242.244 - - [29/Nov/2019:01:13:13 +0100] "GET /reload?ser=1574986395398 HTTP/1.1" 200 28 "http://renault.activities.at/" "Mozilla/5.0 (Windows NT 10.0; Win64; x64) AppleWebKit/537.36 (KHTML, like Gecko) Chrome/78.0.3904.108 Safari/537.36"
80.122.221.194 - - [29/Nov/2019:01:14:07 +0100] "GET /reload?ser=1574986447068 HTTP/1.1" 200 28 "http://renault.activities.at/success" "Mozilla/5.0 (Windows NT 10.0; Win64; x64) AppleWebKit/537.36 (KHTML, like Gecko) Chrome/70.0.3538.102 Safari/537.36 Edge/18.18362"
91.113.242.244 - - [29/Nov/2019:01:14:14 +0100] "GET /reload?ser=1574986456398 HTTP/1.1" 200 28 "http://renault.activities.at/" "Mozilla/5.0 (Windows NT 10.0; Win64; x64) AppleWebKit/537.36 (KHTML, like Gecko) Chrome/78.0.3904.108 Safari/537.36"
80.122.221.194 - - [29/Nov/2019:01:15:08 +0100] "GET /reload?ser=1574986508063 HTTP/1.1" 200 28 "http://renault.activities.at/success" "Mozilla/5.0 (Windows NT 10.0; Win64; x64) AppleWebKit/537.36 (KHTML, like Gecko) Chrome/70.0.3538.102 Safari/537.36 Edge/18.18362"
91.113.242.244 - - [29/Nov/2019:01:15:15 +0100] "GET /reload?ser=1574986517407 HTTP/1.1" 200 28 "http://renault.activities.at/" "Mozilla/5.0 (Windows NT 10.0; Win64; x64) AppleWebKit/537.36 (KHTML, like Gecko) Chrome/78.0.3904.108 Safari/537.36"
80.122.221.194 - - [29/Nov/2019:01:16:09 +0100] "GET /reload?ser=1574986569071 HTTP/1.1" 200 28 "http://renault.activities.at/success" "Mozilla/5.0 (Windows NT 10.0; Win64; x64) AppleWebKit/537.36 (KHTML, like Gecko) Chrome/70.0.3538.102 Safari/537.36 Edge/18.18362"
91.113.242.244 - - [29/Nov/2019:01:16:16 +0100] "GET /reload?ser=1574986578397 HTTP/1.1" 200 28 "http://renault.activities.at/" "Mozilla/5.0 (Windows NT 10.0; Win64; x64) AppleWebKit/537.36 (KHTML, like Gecko) Chrome/78.0.3904.108 Safari/537.36"
80.122.221.194 - - [29/Nov/2019:01:17:10 +0100] "GET /reload?ser=1574986630073 HTTP/1.1" 200 28 "http://renault.activities.at/success" "Mozilla/5.0 (Windows NT 10.0; Win64; x64) AppleWebKit/537.36 (KHTML, like Gecko) Chrome/70.0.3538.102 Safari/537.36 Edge/18.18362"
91.113.242.244 - - [29/Nov/2019:01:17:17 +0100] "GET /reload?ser=1574986639404 HTTP/1.1" 200 28 "http://renault.activities.at/" "Mozilla/5.0 (Windows NT 10.0; Win64; x64) AppleWebKit/537.36 (KHTML, like Gecko) Chrome/78.0.3904.108 Safari/537.36"
80.122.221.194 - - [29/Nov/2019:01:18:11 +0100] "GET /reload?ser=1574986691067 HTTP/1.1" 200 28 "http://renault.activities.at/success" "Mozilla/5.0 (Windows NT 10.0; Win64; x64) AppleWebKit/537.36 (KHTML, like Gecko) Chrome/70.0.3538.102 Safari/537.36 Edge/18.18362"
91.113.242.244 - - [29/Nov/2019:01:18:18 +0100] "GET /reload?ser=1574986700398 HTTP/1.1" 200 28 "http://renault.activities.at/" "Mozilla/5.0 (Windows NT 10.0; Win64; x64) AppleWebKit/537.36 (KHTML, like Gecko) Chrome/78.0.3904.108 Safari/537.36"
80.122.221.194 - - [29/Nov/2019:01:19:12 +0100] "GET /reload?ser=1574986752061 HTTP/1.1" 200 28 "http://renault.activities.at/success" "Mozilla/5.0 (Windows NT 10.0; Win64; x64) AppleWebKit/537.36 (KHTML, like Gecko) Chrome/70.0.3538.102 Safari/537.36 Edge/18.18362"
91.113.242.244 - - [29/Nov/2019:01:19:19 +0100] "GET /reload?ser=1574986761407 HTTP/1.1" 200 28 "http://renault.activities.at/" "Mozilla/5.0 (Windows NT 10.0; Win64; x64) AppleWebKit/537.36 (KHTML, like Gecko) Chrome/78.0.3904.108 Safari/537.36"
80.122.221.194 - - [29/Nov/2019:01:20:13 +0100] "GET /reload?ser=1574986813066 HTTP/1.1" 200 28 "http://renault.activities.at/success" "Mozilla/5.0 (Windows NT 10.0; Win64; x64) AppleWebKit/537.36 (KHTML, like Gecko) Chrome/70.0.3538.102 Safari/537.36 Edge/18.18362"
91.113.242.244 - - [29/Nov/2019:01:20:20 +0100] "GET /reload?ser=1574986822404 HTTP/1.1" 200 28 "http://renault.activities.at/" "Mozilla/5.0 (Windows NT 10.0; Win64; x64) AppleWebKit/537.36 (KHTML, like Gecko) Chrome/78.0.3904.108 Safari/537.36"
80.122.221.194 - - [29/Nov/2019:01:21:14 +0100] "GET /reload?ser=1574986874061 HTTP/1.1" 200 28 "http://renault.activities.at/success" "Mozilla/5.0 (Windows NT 10.0; Win64; x64) AppleWebKit/537.36 (KHTML, like Gecko) Chrome/70.0.3538.102 Safari/537.36 Edge/18.18362"
91.113.242.244 - - [29/Nov/2019:01:21:21 +0100] "GET /reload?ser=1574986883399 HTTP/1.1" 200 28 "http://renault.activities.at/" "Mozilla/5.0 (Windows NT 10.0; Win64; x64) AppleWebKit/537.36 (KHTML, like Gecko) Chrome/78.0.3904.108 Safari/537.36"
80.122.221.194 - - [29/Nov/2019:01:22:15 +0100] "GET /reload?ser=1574986935063 HTTP/1.1" 200 28 "http://renault.activities.at/success" "Mozilla/5.0 (Windows NT 10.0; Win64; x64) AppleWebKit/537.36 (KHTML, like Gecko) Chrome/70.0.3538.102 Safari/537.36 Edge/18.18362"
91.113.242.244 - - [29/Nov/2019:01:22:22 +0100] "GET /reload?ser=1574986944399 HTTP/1.1" 200 28 "http://renault.activities.at/" "Mozilla/5.0 (Windows NT 10.0; Win64; x64) AppleWebKit/537.36 (KHTML, like Gecko) Chrome/78.0.3904.108 Safari/537.36"
80.122.221.194 - - [29/Nov/2019:01:23:16 +0100] "GET /reload?ser=1574986996065 HTTP/1.1" 200 28 "http://renault.activities.at/success" "Mozilla/5.0 (Windows NT 10.0; Win64; x64) AppleWebKit/537.36 (KHTML, like Gecko) Chrome/70.0.3538.102 Safari/537.36 Edge/18.18362"
91.113.242.244 - - [29/Nov/2019:01:23:23 +0100] "GET /reload?ser=1574987005398 HTTP/1.1" 200 28 "http://renault.activities.at/" "Mozilla/5.0 (Windows NT 10.0; Win64; x64) AppleWebKit/537.36 (KHTML, like Gecko) Chrome/78.0.3904.108 Safari/537.36"
80.122.221.194 - - [29/Nov/2019:01:24:17 +0100] "GET /reload?ser=1574987057069 HTTP/1.1" 200 28 "http://renault.activities.at/success" "Mozilla/5.0 (Windows NT 10.0; Win64; x64) AppleWebKit/537.36 (KHTML, like Gecko) Chrome/70.0.3538.102 Safari/537.36 Edge/18.18362"
91.113.242.244 - - [29/Nov/2019:01:24:24 +0100] "GET /reload?ser=1574987066398 HTTP/1.1" 200 28 "http://renault.activities.at/" "Mozilla/5.0 (Windows NT 10.0; Win64; x64) AppleWebKit/537.36 (KHTML, like Gecko) Chrome/78.0.3904.108 Safari/537.36"
80.122.221.194 - - [29/Nov/2019:01:25:18 +0100] "GET /reload?ser=1574987118066 HTTP/1.1" 200 28 "http://renault.activities.at/success" "Mozilla/5.0 (Windows NT 10.0; Win64; x64) AppleWebKit/537.36 (KHTML, like Gecko) Chrome/70.0.3538.102 Safari/537.36 Edge/18.18362"
91.113.242.244 - - [29/Nov/2019:01:25:25 +0100] "GET /reload?ser=1574987127398 HTTP/1.1" 200 28 "http://renault.activities.at/" "Mozilla/5.0 (Windows NT 10.0; Win64; x64) AppleWebKit/537.36 (KHTML, like Gecko) Chrome/78.0.3904.108 Safari/537.36"
80.122.221.194 - - [29/Nov/2019:01:26:19 +0100] "GET /reload?ser=1574987179064 HTTP/1.1" 200 28 "http://renault.activities.at/success" "Mozilla/5.0 (Windows NT 10.0; Win64; x64) AppleWebKit/537.36 (KHTML, like Gecko) Chrome/70.0.3538.102 Safari/537.36 Edge/18.18362"
91.113.242.244 - - [29/Nov/2019:01:26:26 +0100] "GET /reload?ser=1574987188398 HTTP/1.1" 200 28 "http://renault.activities.at/" "Mozilla/5.0 (Windows NT 10.0; Win64; x64) AppleWebKit/537.36 (KHTML, like Gecko) Chrome/78.0.3904.108 Safari/537.36"
80.122.221.194 - - [29/Nov/2019:01:27:20 +0100] "GET /reload?ser=1574987240066 HTTP/1.1" 200 28 "http://renault.activities.at/success" "Mozilla/5.0 (Windows NT 10.0; Win64; x64) AppleWebKit/537.36 (KHTML, like Gecko) Chrome/70.0.3538.102 Safari/537.36 Edge/18.18362"
91.113.242.244 - - [29/Nov/2019:01:27:27 +0100] "GET /reload?ser=1574987249412 HTTP/1.1" 200 28 "http://renault.activities.at/" "Mozilla/5.0 (Windows NT 10.0; Win64; x64) AppleWebKit/537.36 (KHTML, like Gecko) Chrome/78.0.3904.108 Safari/537.36"
80.122.221.194 - - [29/Nov/2019:01:28:21 +0100] "GET /reload?ser=1574987301075 HTTP/1.1" 200 28 "http://renault.activities.at/success" "Mozilla/5.0 (Windows NT 10.0; Win64; x64) AppleWebKit/537.36 (KHTML, like Gecko) Chrome/70.0.3538.102 Safari/537.36 Edge/18.18362"
91.113.242.244 - - [29/Nov/2019:01:28:28 +0100] "GET /reload?ser=1574987310398 HTTP/1.1" 200 28 "http://renault.activities.at/" "Mozilla/5.0 (Windows NT 10.0; Win64; x64) AppleWebKit/537.36 (KHTML, like Gecko) Chrome/78.0.3904.108 Safari/537.36"
80.122.221.194 - - [29/Nov/2019:01:29:22 +0100] "GET /reload?ser=1574987362068 HTTP/1.1" 200 28 "http://renault.activities.at/success" "Mozilla/5.0 (Windows NT 10.0; Win64; x64) AppleWebKit/537.36 (KHTML, like Gecko) Chrome/70.0.3538.102 Safari/537.36 Edge/18.18362"
91.113.242.244 - - [29/Nov/2019:01:29:29 +0100] "GET /reload?ser=1574987371399 HTTP/1.1" 200 28 "http://renault.activities.at/" "Mozilla/5.0 (Windows NT 10.0; Win64; x64) AppleWebKit/537.36 (KHTML, like Gecko) Chrome/78.0.3904.108 Safari/537.36"
80.122.221.194 - - [29/Nov/2019:01:30:23 +0100] "GET /reload?ser=1574987423070 HTTP/1.1" 200 28 "http://renault.activities.at/success" "Mozilla/5.0 (Windows NT 10.0; Win64; x64) AppleWebKit/537.36 (KHTML, like Gecko) Chrome/70.0.3538.102 Safari/537.36 Edge/18.18362"
91.113.242.244 - - [29/Nov/2019:01:30:30 +0100] "GET /reload?ser=1574987432398 HTTP/1.1" 200 28 "http://renault.activities.at/" "Mozilla/5.0 (Windows NT 10.0; Win64; x64) AppleWebKit/537.36 (KHTML, like Gecko) Chrome/78.0.3904.108 Safari/537.36"
80.122.221.194 - - [29/Nov/2019:01:31:24 +0100] "GET /reload?ser=1574987484076 HTTP/1.1" 200 28 "http://renault.activities.at/success" "Mozilla/5.0 (Windows NT 10.0; Win64; x64) AppleWebKit/537.36 (KHTML, like Gecko) Chrome/70.0.3538.102 Safari/537.36 Edge/18.18362"
91.113.242.244 - - [29/Nov/2019:01:31:31 +0100] "GET /reload?ser=1574987493398 HTTP/1.1" 200 28 "http://renault.activities.at/" "Mozilla/5.0 (Windows NT 10.0; Win64; x64) AppleWebKit/537.36 (KHTML, like Gecko) Chrome/78.0.3904.108 Safari/537.36"
80.122.221.194 - - [29/Nov/2019:01:32:25 +0100] "GET /reload?ser=1574987545070 HTTP/1.1" 200 28 "http://renault.activities.at/success" "Mozilla/5.0 (Windows NT 10.0; Win64; x64) AppleWebKit/537.36 (KHTML, like Gecko) Chrome/70.0.3538.102 Safari/537.36 Edge/18.18362"
91.113.242.244 - - [29/Nov/2019:01:32:32 +0100] "GET /reload?ser=1574987554399 HTTP/1.1" 200 28 "http://renault.activities.at/" "Mozilla/5.0 (Windows NT 10.0; Win64; x64) AppleWebKit/537.36 (KHTML, like Gecko) Chrome/78.0.3904.108 Safari/537.36"
80.122.221.194 - - [29/Nov/2019:01:33:26 +0100] "GET /reload?ser=1574987606073 HTTP/1.1" 200 28 "http://renault.activities.at/success" "Mozilla/5.0 (Windows NT 10.0; Win64; x64) AppleWebKit/537.36 (KHTML, like Gecko) Chrome/70.0.3538.102 Safari/537.36 Edge/18.18362"
91.113.242.244 - - [29/Nov/2019:01:33:33 +0100] "GET /reload?ser=1574987615397 HTTP/1.1" 200 28 "http://renault.activities.at/" "Mozilla/5.0 (Windows NT 10.0; Win64; x64) AppleWebKit/537.36 (KHTML, like Gecko) Chrome/78.0.3904.108 Safari/537.36"
80.122.221.194 - - [29/Nov/2019:01:34:27 +0100] "GET /reload?ser=1574987667072 HTTP/1.1" 200 28 "http://renault.activities.at/success" "Mozilla/5.0 (Windows NT 10.0; Win64; x64) AppleWebKit/537.36 (KHTML, like Gecko) Chrome/70.0.3538.102 Safari/537.36 Edge/18.18362"
91.113.242.244 - - [29/Nov/2019:01:34:34 +0100] "GET /reload?ser=1574987676398 HTTP/1.1" 200 28 "http://renault.activities.at/" "Mozilla/5.0 (Windows NT 10.0; Win64; x64) AppleWebKit/537.36 (KHTML, like Gecko) Chrome/78.0.3904.108 Safari/537.36"
80.122.221.194 - - [29/Nov/2019:01:35:28 +0100] "GET /reload?ser=1574987728063 HTTP/1.1" 200 28 "http://renault.activities.at/success" "Mozilla/5.0 (Windows NT 10.0; Win64; x64) AppleWebKit/537.36 (KHTML, like Gecko) Chrome/70.0.3538.102 Safari/537.36 Edge/18.18362"
91.113.242.244 - - [29/Nov/2019:01:35:35 +0100] "GET /reload?ser=1574987737398 HTTP/1.1" 200 28 "http://renault.activities.at/" "Mozilla/5.0 (Windows NT 10.0; Win64; x64) AppleWebKit/537.36 (KHTML, like Gecko) Chrome/78.0.3904.108 Safari/537.36"
80.122.221.194 - - [29/Nov/2019:01:36:29 +0100] "GET /reload?ser=1574987789069 HTTP/1.1" 200 28 "http://renault.activities.at/success" "Mozilla/5.0 (Windows NT 10.0; Win64; x64) AppleWebKit/537.36 (KHTML, like Gecko) Chrome/70.0.3538.102 Safari/537.36 Edge/18.18362"
91.113.242.244 - - [29/Nov/2019:01:36:36 +0100] "GET /reload?ser=1574987798398 HTTP/1.1" 200 28 "http://renault.activities.at/" "Mozilla/5.0 (Windows NT 10.0; Win64; x64) AppleWebKit/537.36 (KHTML, like Gecko) Chrome/78.0.3904.108 Safari/537.36"
80.122.221.194 - - [29/Nov/2019:01:37:30 +0100] "GET /reload?ser=1574987850074 HTTP/1.1" 200 28 "http://renault.activities.at/success" "Mozilla/5.0 (Windows NT 10.0; Win64; x64) AppleWebKit/537.36 (KHTML, like Gecko) Chrome/70.0.3538.102 Safari/537.36 Edge/18.18362"
91.113.242.244 - - [29/Nov/2019:01:37:37 +0100] "GET /reload?ser=1574987859397 HTTP/1.1" 200 28 "http://renault.activities.at/" "Mozilla/5.0 (Windows NT 10.0; Win64; x64) AppleWebKit/537.36 (KHTML, like Gecko) Chrome/78.0.3904.108 Safari/537.36"
80.122.221.194 - - [29/Nov/2019:01:38:31 +0100] "GET /reload?ser=1574987911073 HTTP/1.1" 200 28 "http://renault.activities.at/success" "Mozilla/5.0 (Windows NT 10.0; Win64; x64) AppleWebKit/537.36 (KHTML, like Gecko) Chrome/70.0.3538.102 Safari/537.36 Edge/18.18362"
91.113.242.244 - - [29/Nov/2019:01:38:38 +0100] "GET /reload?ser=1574987920409 HTTP/1.1" 200 28 "http://renault.activities.at/" "Mozilla/5.0 (Windows NT 10.0; Win64; x64) AppleWebKit/537.36 (KHTML, like Gecko) Chrome/78.0.3904.108 Safari/537.36"
80.122.221.194 - - [29/Nov/2019:01:39:32 +0100] "GET /reload?ser=1574987972067 HTTP/1.1" 200 28 "http://renault.activities.at/success" "Mozilla/5.0 (Windows NT 10.0; Win64; x64) AppleWebKit/537.36 (KHTML, like Gecko) Chrome/70.0.3538.102 Safari/537.36 Edge/18.18362"
91.113.242.244 - - [29/Nov/2019:01:39:39 +0100] "GET /reload?ser=1574987981402 HTTP/1.1" 200 28 "http://renault.activities.at/" "Mozilla/5.0 (Windows NT 10.0; Win64; x64) AppleWebKit/537.36 (KHTML, like Gecko) Chrome/78.0.3904.108 Safari/537.36"
80.122.221.194 - - [29/Nov/2019:01:40:33 +0100] "GET /reload?ser=1574988033060 HTTP/1.1" 200 28 "http://renault.activities.at/success" "Mozilla/5.0 (Windows NT 10.0; Win64; x64) AppleWebKit/537.36 (KHTML, like Gecko) Chrome/70.0.3538.102 Safari/537.36 Edge/18.18362"
91.113.242.244 - - [29/Nov/2019:01:40:40 +0100] "GET /reload?ser=1574988042411 HTTP/1.1" 200 28 "http://renault.activities.at/" "Mozilla/5.0 (Windows NT 10.0; Win64; x64) AppleWebKit/537.36 (KHTML, like Gecko) Chrome/78.0.3904.108 Safari/537.36"
80.122.221.194 - - [29/Nov/2019:01:41:34 +0100] "GET /reload?ser=1574988094070 HTTP/1.1" 200 28 "http://renault.activities.at/success" "Mozilla/5.0 (Windows NT 10.0; Win64; x64) AppleWebKit/537.36 (KHTML, like Gecko) Chrome/70.0.3538.102 Safari/537.36 Edge/18.18362"
91.113.242.244 - - [29/Nov/2019:01:41:41 +0100] "GET /reload?ser=1574988103398 HTTP/1.1" 200 28 "http://renault.activities.at/" "Mozilla/5.0 (Windows NT 10.0; Win64; x64) AppleWebKit/537.36 (KHTML, like Gecko) Chrome/78.0.3904.108 Safari/537.36"
80.122.221.194 - - [29/Nov/2019:01:42:35 +0100] "GET /reload?ser=1574988155075 HTTP/1.1" 200 28 "http://renault.activities.at/success" "Mozilla/5.0 (Windows NT 10.0; Win64; x64) AppleWebKit/537.36 (KHTML, like Gecko) Chrome/70.0.3538.102 Safari/537.36 Edge/18.18362"
91.113.242.244 - - [29/Nov/2019:01:42:42 +0100] "GET /reload?ser=1574988164398 HTTP/1.1" 200 28 "http://renault.activities.at/" "Mozilla/5.0 (Windows NT 10.0; Win64; x64) AppleWebKit/537.36 (KHTML, like Gecko) Chrome/78.0.3904.108 Safari/537.36"
80.122.221.194 - - [29/Nov/2019:01:43:36 +0100] "GET /reload?ser=1574988216074 HTTP/1.1" 200 28 "http://renault.activities.at/success" "Mozilla/5.0 (Windows NT 10.0; Win64; x64) AppleWebKit/537.36 (KHTML, like Gecko) Chrome/70.0.3538.102 Safari/537.36 Edge/18.18362"
91.113.242.244 - - [29/Nov/2019:01:43:43 +0100] "GET /reload?ser=1574988225400 HTTP/1.1" 200 28 "http://renault.activities.at/" "Mozilla/5.0 (Windows NT 10.0; Win64; x64) AppleWebKit/537.36 (KHTML, like Gecko) Chrome/78.0.3904.108 Safari/537.36"
80.122.221.194 - - [29/Nov/2019:01:44:37 +0100] "GET /reload?ser=1574988277071 HTTP/1.1" 200 28 "http://renault.activities.at/success" "Mozilla/5.0 (Windows NT 10.0; Win64; x64) AppleWebKit/537.36 (KHTML, like Gecko) Chrome/70.0.3538.102 Safari/537.36 Edge/18.18362"
91.113.242.244 - - [29/Nov/2019:01:44:44 +0100] "GET /reload?ser=1574988286397 HTTP/1.1" 200 28 "http://renault.activities.at/" "Mozilla/5.0 (Windows NT 10.0; Win64; x64) AppleWebKit/537.36 (KHTML, like Gecko) Chrome/78.0.3904.108 Safari/537.36"
80.122.221.194 - - [29/Nov/2019:01:45:38 +0100] "GET /reload?ser=1574988338066 HTTP/1.1" 200 28 "http://renault.activities.at/success" "Mozilla/5.0 (Windows NT 10.0; Win64; x64) AppleWebKit/537.36 (KHTML, like Gecko) Chrome/70.0.3538.102 Safari/537.36 Edge/18.18362"
91.113.242.244 - - [29/Nov/2019:01:45:45 +0100] "GET /reload?ser=1574988347399 HTTP/1.1" 200 28 "http://renault.activities.at/" "Mozilla/5.0 (Windows NT 10.0; Win64; x64) AppleWebKit/537.36 (KHTML, like Gecko) Chrome/78.0.3904.108 Safari/537.36"
80.122.221.194 - - [29/Nov/2019:01:46:39 +0100] "GET /reload?ser=1574988399062 HTTP/1.1" 200 28 "http://renault.activities.at/success" "Mozilla/5.0 (Windows NT 10.0; Win64; x64) AppleWebKit/537.36 (KHTML, like Gecko) Chrome/70.0.3538.102 Safari/537.36 Edge/18.18362"
91.113.242.244 - - [29/Nov/2019:01:46:46 +0100] "GET /reload?ser=1574988408399 HTTP/1.1" 200 28 "http://renault.activities.at/" "Mozilla/5.0 (Windows NT 10.0; Win64; x64) AppleWebKit/537.36 (KHTML, like Gecko) Chrome/78.0.3904.108 Safari/537.36"
80.122.221.194 - - [29/Nov/2019:01:47:40 +0100] "GET /reload?ser=1574988460061 HTTP/1.1" 200 28 "http://renault.activities.at/success" "Mozilla/5.0 (Windows NT 10.0; Win64; x64) AppleWebKit/537.36 (KHTML, like Gecko) Chrome/70.0.3538.102 Safari/537.36 Edge/18.18362"
91.113.242.244 - - [29/Nov/2019:01:47:47 +0100] "GET /reload?ser=1574988469397 HTTP/1.1" 200 28 "http://renault.activities.at/" "Mozilla/5.0 (Windows NT 10.0; Win64; x64) AppleWebKit/537.36 (KHTML, like Gecko) Chrome/78.0.3904.108 Safari/537.36"
80.122.221.194 - - [29/Nov/2019:01:48:41 +0100] "GET /reload?ser=1574988521064 HTTP/1.1" 200 28 "http://renault.activities.at/success" "Mozilla/5.0 (Windows NT 10.0; Win64; x64) AppleWebKit/537.36 (KHTML, like Gecko) Chrome/70.0.3538.102 Safari/537.36 Edge/18.18362"
91.113.242.244 - - [29/Nov/2019:01:48:48 +0100] "GET /reload?ser=1574988530398 HTTP/1.1" 200 28 "http://renault.activities.at/" "Mozilla/5.0 (Windows NT 10.0; Win64; x64) AppleWebKit/537.36 (KHTML, like Gecko) Chrome/78.0.3904.108 Safari/537.36"
80.122.221.194 - - [29/Nov/2019:01:49:42 +0100] "GET /reload?ser=1574988582073 HTTP/1.1" 200 28 "http://renault.activities.at/success" "Mozilla/5.0 (Windows NT 10.0; Win64; x64) AppleWebKit/537.36 (KHTML, like Gecko) Chrome/70.0.3538.102 Safari/537.36 Edge/18.18362"
91.113.242.244 - - [29/Nov/2019:01:49:49 +0100] "GET /reload?ser=1574988591403 HTTP/1.1" 200 28 "http://renault.activities.at/" "Mozilla/5.0 (Windows NT 10.0; Win64; x64) AppleWebKit/537.36 (KHTML, like Gecko) Chrome/78.0.3904.108 Safari/537.36"
80.122.221.194 - - [29/Nov/2019:01:50:43 +0100] "GET /reload?ser=1574988643073 HTTP/1.1" 200 28 "http://renault.activities.at/success" "Mozilla/5.0 (Windows NT 10.0; Win64; x64) AppleWebKit/537.36 (KHTML, like Gecko) Chrome/70.0.3538.102 Safari/537.36 Edge/18.18362"
91.113.242.244 - - [29/Nov/2019:01:50:50 +0100] "GET /reload?ser=1574988652406 HTTP/1.1" 200 28 "http://renault.activities.at/" "Mozilla/5.0 (Windows NT 10.0; Win64; x64) AppleWebKit/537.36 (KHTML, like Gecko) Chrome/78.0.3904.108 Safari/537.36"
80.122.221.194 - - [29/Nov/2019:01:51:44 +0100] "GET /reload?ser=1574988704075 HTTP/1.1" 200 28 "http://renault.activities.at/success" "Mozilla/5.0 (Windows NT 10.0; Win64; x64) AppleWebKit/537.36 (KHTML, like Gecko) Chrome/70.0.3538.102 Safari/537.36 Edge/18.18362"
91.113.242.244 - - [29/Nov/2019:01:51:51 +0100] "GET /reload?ser=1574988713398 HTTP/1.1" 200 28 "http://renault.activities.at/" "Mozilla/5.0 (Windows NT 10.0; Win64; x64) AppleWebKit/537.36 (KHTML, like Gecko) Chrome/78.0.3904.108 Safari/537.36"
80.122.221.194 - - [29/Nov/2019:01:52:45 +0100] "GET /reload?ser=1574988765070 HTTP/1.1" 200 28 "http://renault.activities.at/success" "Mozilla/5.0 (Windows NT 10.0; Win64; x64) AppleWebKit/537.36 (KHTML, like Gecko) Chrome/70.0.3538.102 Safari/537.36 Edge/18.18362"
91.113.242.244 - - [29/Nov/2019:01:52:52 +0100] "GET /reload?ser=1574988774399 HTTP/1.1" 200 28 "http://renault.activities.at/" "Mozilla/5.0 (Windows NT 10.0; Win64; x64) AppleWebKit/537.36 (KHTML, like Gecko) Chrome/78.0.3904.108 Safari/537.36"
80.122.221.194 - - [29/Nov/2019:01:53:46 +0100] "GET /reload?ser=1574988826069 HTTP/1.1" 200 28 "http://renault.activities.at/success" "Mozilla/5.0 (Windows NT 10.0; Win64; x64) AppleWebKit/537.36 (KHTML, like Gecko) Chrome/70.0.3538.102 Safari/537.36 Edge/18.18362"
91.113.242.244 - - [29/Nov/2019:01:53:53 +0100] "GET /reload?ser=1574988835406 HTTP/1.1" 200 28 "http://renault.activities.at/" "Mozilla/5.0 (Windows NT 10.0; Win64; x64) AppleWebKit/537.36 (KHTML, like Gecko) Chrome/78.0.3904.108 Safari/537.36"
80.122.221.194 - - [29/Nov/2019:01:54:47 +0100] "GET /reload?ser=1574988887067 HTTP/1.1" 200 28 "http://renault.activities.at/success" "Mozilla/5.0 (Windows NT 10.0; Win64; x64) AppleWebKit/537.36 (KHTML, like Gecko) Chrome/70.0.3538.102 Safari/537.36 Edge/18.18362"
91.113.242.244 - - [29/Nov/2019:01:54:54 +0100] "GET /reload?ser=1574988896412 HTTP/1.1" 200 28 "http://renault.activities.at/" "Mozilla/5.0 (Windows NT 10.0; Win64; x64) AppleWebKit/537.36 (KHTML, like Gecko) Chrome/78.0.3904.108 Safari/537.36"
80.122.221.194 - - [29/Nov/2019:01:55:48 +0100] "GET /reload?ser=1574988948074 HTTP/1.1" 200 28 "http://renault.activities.at/success" "Mozilla/5.0 (Windows NT 10.0; Win64; x64) AppleWebKit/537.36 (KHTML, like Gecko) Chrome/70.0.3538.102 Safari/537.36 Edge/18.18362"
91.113.242.244 - - [29/Nov/2019:01:55:55 +0100] "GET /reload?ser=1574988957398 HTTP/1.1" 200 28 "http://renault.activities.at/" "Mozilla/5.0 (Windows NT 10.0; Win64; x64) AppleWebKit/537.36 (KHTML, like Gecko) Chrome/78.0.3904.108 Safari/537.36"
80.122.221.194 - - [29/Nov/2019:01:56:49 +0100] "GET /reload?ser=1574989009065 HTTP/1.1" 200 28 "http://renault.activities.at/success" "Mozilla/5.0 (Windows NT 10.0; Win64; x64) AppleWebKit/537.36 (KHTML, like Gecko) Chrome/70.0.3538.102 Safari/537.36 Edge/18.18362"
91.113.242.244 - - [29/Nov/2019:01:56:56 +0100] "GET /reload?ser=1574989018398 HTTP/1.1" 200 28 "http://renault.activities.at/" "Mozilla/5.0 (Windows NT 10.0; Win64; x64) AppleWebKit/537.36 (KHTML, like Gecko) Chrome/78.0.3904.108 Safari/537.36"
80.122.221.194 - - [29/Nov/2019:01:57:50 +0100] "GET /reload?ser=1574989070077 HTTP/1.1" 200 28 "http://renault.activities.at/success" "Mozilla/5.0 (Windows NT 10.0; Win64; x64) AppleWebKit/537.36 (KHTML, like Gecko) Chrome/70.0.3538.102 Safari/537.36 Edge/18.18362"
91.113.242.244 - - [29/Nov/2019:01:57:57 +0100] "GET /reload?ser=1574989079409 HTTP/1.1" 200 28 "http://renault.activities.at/" "Mozilla/5.0 (Windows NT 10.0; Win64; x64) AppleWebKit/537.36 (KHTML, like Gecko) Chrome/78.0.3904.108 Safari/537.36"
80.122.221.194 - - [29/Nov/2019:01:58:51 +0100] "GET /reload?ser=1574989131069 HTTP/1.1" 200 28 "http://renault.activities.at/success" "Mozilla/5.0 (Windows NT 10.0; Win64; x64) AppleWebKit/537.36 (KHTML, like Gecko) Chrome/70.0.3538.102 Safari/537.36 Edge/18.18362"
91.113.242.244 - - [29/Nov/2019:01:58:58 +0100] "GET /reload?ser=1574989140399 HTTP/1.1" 200 28 "http://renault.activities.at/" "Mozilla/5.0 (Windows NT 10.0; Win64; x64) AppleWebKit/537.36 (KHTML, like Gecko) Chrome/78.0.3904.108 Safari/537.36"
80.122.221.194 - - [29/Nov/2019:01:59:52 +0100] "GET /reload?ser=1574989192074 HTTP/1.1" 200 28 "http://renault.activities.at/success" "Mozilla/5.0 (Windows NT 10.0; Win64; x64) AppleWebKit/537.36 (KHTML, like Gecko) Chrome/70.0.3538.102 Safari/537.36 Edge/18.18362"
91.113.242.244 - - [29/Nov/2019:01:59:59 +0100] "GET /reload?ser=1574989201409 HTTP/1.1" 200 28 "http://renault.activities.at/" "Mozilla/5.0 (Windows NT 10.0; Win64; x64) AppleWebKit/537.36 (KHTML, like Gecko) Chrome/78.0.3904.108 Safari/537.36"
80.122.221.194 - - [29/Nov/2019:02:00:53 +0100] "GET /reload?ser=1574989253073 HTTP/1.1" 200 28 "http://renault.activities.at/success" "Mozilla/5.0 (Windows NT 10.0; Win64; x64) AppleWebKit/537.36 (KHTML, like Gecko) Chrome/70.0.3538.102 Safari/537.36 Edge/18.18362"
91.113.242.244 - - [29/Nov/2019:02:01:00 +0100] "GET /reload?ser=1574989262397 HTTP/1.1" 200 28 "http://renault.activities.at/" "Mozilla/5.0 (Windows NT 10.0; Win64; x64) AppleWebKit/537.36 (KHTML, like Gecko) Chrome/78.0.3904.108 Safari/537.36"
80.122.221.194 - - [29/Nov/2019:02:01:54 +0100] "GET /reload?ser=1574989314065 HTTP/1.1" 200 28 "http://renault.activities.at/success" "Mozilla/5.0 (Windows NT 10.0; Win64; x64) AppleWebKit/537.36 (KHTML, like Gecko) Chrome/70.0.3538.102 Safari/537.36 Edge/18.18362"
91.113.242.244 - - [29/Nov/2019:02:02:01 +0100] "GET /reload?ser=1574989323398 HTTP/1.1" 200 28 "http://renault.activities.at/" "Mozilla/5.0 (Windows NT 10.0; Win64; x64) AppleWebKit/537.36 (KHTML, like Gecko) Chrome/78.0.3904.108 Safari/537.36"
80.122.221.194 - - [29/Nov/2019:02:02:55 +0100] "GET /reload?ser=1574989375076 HTTP/1.1" 200 28 "http://renault.activities.at/success" "Mozilla/5.0 (Windows NT 10.0; Win64; x64) AppleWebKit/537.36 (KHTML, like Gecko) Chrome/70.0.3538.102 Safari/537.36 Edge/18.18362"
91.113.242.244 - - [29/Nov/2019:02:03:02 +0100] "GET /reload?ser=1574989384398 HTTP/1.1" 200 28 "http://renault.activities.at/" "Mozilla/5.0 (Windows NT 10.0; Win64; x64) AppleWebKit/537.36 (KHTML, like Gecko) Chrome/78.0.3904.108 Safari/537.36"
80.122.221.194 - - [29/Nov/2019:02:03:56 +0100] "GET /reload?ser=1574989436074 HTTP/1.1" 200 28 "http://renault.activities.at/success" "Mozilla/5.0 (Windows NT 10.0; Win64; x64) AppleWebKit/537.36 (KHTML, like Gecko) Chrome/70.0.3538.102 Safari/537.36 Edge/18.18362"
91.113.242.244 - - [29/Nov/2019:02:04:03 +0100] "GET /reload?ser=1574989445398 HTTP/1.1" 200 28 "http://renault.activities.at/" "Mozilla/5.0 (Windows NT 10.0; Win64; x64) AppleWebKit/537.36 (KHTML, like Gecko) Chrome/78.0.3904.108 Safari/537.36"
80.122.221.194 - - [29/Nov/2019:02:04:57 +0100] "GET /reload?ser=1574989497073 HTTP/1.1" 200 28 "http://renault.activities.at/success" "Mozilla/5.0 (Windows NT 10.0; Win64; x64) AppleWebKit/537.36 (KHTML, like Gecko) Chrome/70.0.3538.102 Safari/537.36 Edge/18.18362"
91.113.242.244 - - [29/Nov/2019:02:05:04 +0100] "GET /reload?ser=1574989506398 HTTP/1.1" 200 28 "http://renault.activities.at/" "Mozilla/5.0 (Windows NT 10.0; Win64; x64) AppleWebKit/537.36 (KHTML, like Gecko) Chrome/78.0.3904.108 Safari/537.36"
80.122.221.194 - - [29/Nov/2019:02:05:58 +0100] "GET /reload?ser=1574989558066 HTTP/1.1" 200 28 "http://renault.activities.at/success" "Mozilla/5.0 (Windows NT 10.0; Win64; x64) AppleWebKit/537.36 (KHTML, like Gecko) Chrome/70.0.3538.102 Safari/537.36 Edge/18.18362"
91.113.242.244 - - [29/Nov/2019:02:06:05 +0100] "GET /reload?ser=1574989567398 HTTP/1.1" 200 28 "http://renault.activities.at/" "Mozilla/5.0 (Windows NT 10.0; Win64; x64) AppleWebKit/537.36 (KHTML, like Gecko) Chrome/78.0.3904.108 Safari/537.36"
80.122.221.194 - - [29/Nov/2019:02:06:59 +0100] "GET /reload?ser=1574989619064 HTTP/1.1" 200 28 "http://renault.activities.at/success" "Mozilla/5.0 (Windows NT 10.0; Win64; x64) AppleWebKit/537.36 (KHTML, like Gecko) Chrome/70.0.3538.102 Safari/537.36 Edge/18.18362"
91.113.242.244 - - [29/Nov/2019:02:07:06 +0100] "GET /reload?ser=1574989628402 HTTP/1.1" 200 28 "http://renault.activities.at/" "Mozilla/5.0 (Windows NT 10.0; Win64; x64) AppleWebKit/537.36 (KHTML, like Gecko) Chrome/78.0.3904.108 Safari/537.36"
80.122.221.194 - - [29/Nov/2019:02:08:00 +0100] "GET /reload?ser=1574989680061 HTTP/1.1" 200 28 "http://renault.activities.at/success" "Mozilla/5.0 (Windows NT 10.0; Win64; x64) AppleWebKit/537.36 (KHTML, like Gecko) Chrome/70.0.3538.102 Safari/537.36 Edge/18.18362"
91.113.242.244 - - [29/Nov/2019:02:08:07 +0100] "GET /reload?ser=1574989689398 HTTP/1.1" 200 28 "http://renault.activities.at/" "Mozilla/5.0 (Windows NT 10.0; Win64; x64) AppleWebKit/537.36 (KHTML, like Gecko) Chrome/78.0.3904.108 Safari/537.36"
80.122.221.194 - - [29/Nov/2019:02:09:01 +0100] "GET /reload?ser=1574989741072 HTTP/1.1" 200 28 "http://renault.activities.at/success" "Mozilla/5.0 (Windows NT 10.0; Win64; x64) AppleWebKit/537.36 (KHTML, like Gecko) Chrome/70.0.3538.102 Safari/537.36 Edge/18.18362"
91.113.242.244 - - [29/Nov/2019:02:09:08 +0100] "GET /reload?ser=1574989750399 HTTP/1.1" 200 28 "http://renault.activities.at/" "Mozilla/5.0 (Windows NT 10.0; Win64; x64) AppleWebKit/537.36 (KHTML, like Gecko) Chrome/78.0.3904.108 Safari/537.36"
80.122.221.194 - - [29/Nov/2019:02:10:02 +0100] "GET /reload?ser=1574989802074 HTTP/1.1" 200 28 "http://renault.activities.at/success" "Mozilla/5.0 (Windows NT 10.0; Win64; x64) AppleWebKit/537.36 (KHTML, like Gecko) Chrome/70.0.3538.102 Safari/537.36 Edge/18.18362"
91.113.242.244 - - [29/Nov/2019:02:10:09 +0100] "GET /reload?ser=1574989811398 HTTP/1.1" 200 28 "http://renault.activities.at/" "Mozilla/5.0 (Windows NT 10.0; Win64; x64) AppleWebKit/537.36 (KHTML, like Gecko) Chrome/78.0.3904.108 Safari/537.36"
80.122.221.194 - - [29/Nov/2019:02:11:03 +0100] "GET /reload?ser=1574989863076 HTTP/1.1" 200 28 "http://renault.activities.at/success" "Mozilla/5.0 (Windows NT 10.0; Win64; x64) AppleWebKit/537.36 (KHTML, like Gecko) Chrome/70.0.3538.102 Safari/537.36 Edge/18.18362"
91.113.242.244 - - [29/Nov/2019:02:11:10 +0100] "GET /reload?ser=1574989872397 HTTP/1.1" 200 28 "http://renault.activities.at/" "Mozilla/5.0 (Windows NT 10.0; Win64; x64) AppleWebKit/537.36 (KHTML, like Gecko) Chrome/78.0.3904.108 Safari/537.36"
80.122.221.194 - - [29/Nov/2019:02:12:04 +0100] "GET /reload?ser=1574989924065 HTTP/1.1" 200 28 "http://renault.activities.at/success" "Mozilla/5.0 (Windows NT 10.0; Win64; x64) AppleWebKit/537.36 (KHTML, like Gecko) Chrome/70.0.3538.102 Safari/537.36 Edge/18.18362"
91.113.242.244 - - [29/Nov/2019:02:12:11 +0100] "GET /reload?ser=1574989933398 HTTP/1.1" 200 28 "http://renault.activities.at/" "Mozilla/5.0 (Windows NT 10.0; Win64; x64) AppleWebKit/537.36 (KHTML, like Gecko) Chrome/78.0.3904.108 Safari/537.36"
80.122.221.194 - - [29/Nov/2019:02:13:05 +0100] "GET /reload?ser=1574989985066 HTTP/1.1" 200 28 "http://renault.activities.at/success" "Mozilla/5.0 (Windows NT 10.0; Win64; x64) AppleWebKit/537.36 (KHTML, like Gecko) Chrome/70.0.3538.102 Safari/537.36 Edge/18.18362"
91.113.242.244 - - [29/Nov/2019:02:13:12 +0100] "GET /reload?ser=1574989994398 HTTP/1.1" 200 28 "http://renault.activities.at/" "Mozilla/5.0 (Windows NT 10.0; Win64; x64) AppleWebKit/537.36 (KHTML, like Gecko) Chrome/78.0.3904.108 Safari/537.36"
80.122.221.194 - - [29/Nov/2019:02:14:06 +0100] "GET /reload?ser=1574990046076 HTTP/1.1" 200 28 "http://renault.activities.at/success" "Mozilla/5.0 (Windows NT 10.0; Win64; x64) AppleWebKit/537.36 (KHTML, like Gecko) Chrome/70.0.3538.102 Safari/537.36 Edge/18.18362"
91.113.242.244 - - [29/Nov/2019:02:14:13 +0100] "GET /reload?ser=1574990055399 HTTP/1.1" 200 28 "http://renault.activities.at/" "Mozilla/5.0 (Windows NT 10.0; Win64; x64) AppleWebKit/537.36 (KHTML, like Gecko) Chrome/78.0.3904.108 Safari/537.36"
80.122.221.194 - - [29/Nov/2019:02:15:07 +0100] "GET /reload?ser=1574990107074 HTTP/1.1" 200 28 "http://renault.activities.at/success" "Mozilla/5.0 (Windows NT 10.0; Win64; x64) AppleWebKit/537.36 (KHTML, like Gecko) Chrome/70.0.3538.102 Safari/537.36 Edge/18.18362"
91.113.242.244 - - [29/Nov/2019:02:15:14 +0100] "GET /reload?ser=1574990116399 HTTP/1.1" 200 28 "http://renault.activities.at/" "Mozilla/5.0 (Windows NT 10.0; Win64; x64) AppleWebKit/537.36 (KHTML, like Gecko) Chrome/78.0.3904.108 Safari/537.36"
80.122.221.194 - - [29/Nov/2019:02:16:08 +0100] "GET /reload?ser=1574990168066 HTTP/1.1" 200 28 "http://renault.activities.at/success" "Mozilla/5.0 (Windows NT 10.0; Win64; x64) AppleWebKit/537.36 (KHTML, like Gecko) Chrome/70.0.3538.102 Safari/537.36 Edge/18.18362"
91.113.242.244 - - [29/Nov/2019:02:16:15 +0100] "GET /reload?ser=1574990177399 HTTP/1.1" 200 28 "http://renault.activities.at/" "Mozilla/5.0 (Windows NT 10.0; Win64; x64) AppleWebKit/537.36 (KHTML, like Gecko) Chrome/78.0.3904.108 Safari/537.36"
80.122.221.194 - - [29/Nov/2019:02:17:09 +0100] "GET /reload?ser=1574990229071 HTTP/1.1" 200 28 "http://renault.activities.at/success" "Mozilla/5.0 (Windows NT 10.0; Win64; x64) AppleWebKit/537.36 (KHTML, like Gecko) Chrome/70.0.3538.102 Safari/537.36 Edge/18.18362"
91.113.242.244 - - [29/Nov/2019:02:17:16 +0100] "GET /reload?ser=1574990238406 HTTP/1.1" 200 28 "http://renault.activities.at/" "Mozilla/5.0 (Windows NT 10.0; Win64; x64) AppleWebKit/537.36 (KHTML, like Gecko) Chrome/78.0.3904.108 Safari/537.36"
157.55.39.207 - - [29/Nov/2019:02:17:35 +0100] "GET / HTTP/1.1" 200 3380 "-" "Mozilla/5.0 (compatible; bingbot/2.0; +http://www.bing.com/bingbot.htm)"
80.122.221.194 - - [29/Nov/2019:02:18:10 +0100] "GET /reload?ser=1574990290076 HTTP/1.1" 200 28 "http://renault.activities.at/success" "Mozilla/5.0 (Windows NT 10.0; Win64; x64) AppleWebKit/537.36 (KHTML, like Gecko) Chrome/70.0.3538.102 Safari/537.36 Edge/18.18362"
91.113.242.244 - - [29/Nov/2019:02:18:17 +0100] "GET /reload?ser=1574990299398 HTTP/1.1" 200 28 "http://renault.activities.at/" "Mozilla/5.0 (Windows NT 10.0; Win64; x64) AppleWebKit/537.36 (KHTML, like Gecko) Chrome/78.0.3904.108 Safari/537.36"
80.122.221.194 - - [29/Nov/2019:02:19:11 +0100] "GET /reload?ser=1574990351062 HTTP/1.1" 200 28 "http://renault.activities.at/success" "Mozilla/5.0 (Windows NT 10.0; Win64; x64) AppleWebKit/537.36 (KHTML, like Gecko) Chrome/70.0.3538.102 Safari/537.36 Edge/18.18362"
91.113.242.244 - - [29/Nov/2019:02:19:18 +0100] "GET /reload?ser=1574990360397 HTTP/1.1" 200 28 "http://renault.activities.at/" "Mozilla/5.0 (Windows NT 10.0; Win64; x64) AppleWebKit/537.36 (KHTML, like Gecko) Chrome/78.0.3904.108 Safari/537.36"
80.122.221.194 - - [29/Nov/2019:02:20:12 +0100] "GET /reload?ser=1574990412066 HTTP/1.1" 200 28 "http://renault.activities.at/success" "Mozilla/5.0 (Windows NT 10.0; Win64; x64) AppleWebKit/537.36 (KHTML, like Gecko) Chrome/70.0.3538.102 Safari/537.36 Edge/18.18362"
91.113.242.244 - - [29/Nov/2019:02:20:19 +0100] "GET /reload?ser=1574990421412 HTTP/1.1" 200 28 "http://renault.activities.at/" "Mozilla/5.0 (Windows NT 10.0; Win64; x64) AppleWebKit/537.36 (KHTML, like Gecko) Chrome/78.0.3904.108 Safari/537.36"
80.122.221.194 - - [29/Nov/2019:02:21:13 +0100] "GET /reload?ser=1574990473067 HTTP/1.1" 200 28 "http://renault.activities.at/success" "Mozilla/5.0 (Windows NT 10.0; Win64; x64) AppleWebKit/537.36 (KHTML, like Gecko) Chrome/70.0.3538.102 Safari/537.36 Edge/18.18362"
91.113.242.244 - - [29/Nov/2019:02:21:20 +0100] "GET /reload?ser=1574990482398 HTTP/1.1" 200 28 "http://renault.activities.at/" "Mozilla/5.0 (Windows NT 10.0; Win64; x64) AppleWebKit/537.36 (KHTML, like Gecko) Chrome/78.0.3904.108 Safari/537.36"
80.122.221.194 - - [29/Nov/2019:02:22:14 +0100] "GET /reload?ser=1574990534073 HTTP/1.1" 200 28 "http://renault.activities.at/success" "Mozilla/5.0 (Windows NT 10.0; Win64; x64) AppleWebKit/537.36 (KHTML, like Gecko) Chrome/70.0.3538.102 Safari/537.36 Edge/18.18362"
91.113.242.244 - - [29/Nov/2019:02:22:21 +0100] "GET /reload?ser=1574990543398 HTTP/1.1" 200 28 "http://renault.activities.at/" "Mozilla/5.0 (Windows NT 10.0; Win64; x64) AppleWebKit/537.36 (KHTML, like Gecko) Chrome/78.0.3904.108 Safari/537.36"
40.77.167.85 - - [29/Nov/2019:02:22:43 +0100] "GET /robots.txt HTTP/1.1" 404 300 "-" "msnbot/2.0b (+http://search.msn.com/msnbot.htm)"
40.77.167.85 - - [29/Nov/2019:02:22:44 +0100] "GET /css/styles.css HTTP/1.1" 200 14664 "-" "msnbot/2.0b (+http://search.msn.com/msnbot.htm)"
40.77.167.85 - - [29/Nov/2019:02:22:44 +0100] "GET /js/flashdetection.js HTTP/1.1" 200 1059 "-" "msnbot/2.0b (+http://search.msn.com/msnbot.htm)"
40.77.167.54 - - [29/Nov/2019:02:22:50 +0100] "GET /css/print.css HTTP/1.1" 200 543 "-" "msnbot/2.0b (+http://search.msn.com/msnbot.htm)"
40.77.167.54 - - [29/Nov/2019:02:22:51 +0100] "GET /js/default.js HTTP/1.1" 200 14698 "-" "msnbot/2.0b (+http://search.msn.com/msnbot.htm)"
40.77.167.54 - - [29/Nov/2019:02:22:51 +0100] "GET /loadthumbnail.php?id=11127982 HTTP/1.1" 200 399614 "-" "msnbot/2.0b (+http://search.msn.com/msnbot.htm)"
40.77.167.54 - - [29/Nov/2019:02:22:53 +0100] "GET /css/themes/default.css HTTP/1.1" 200 769 "-" "msnbot/2.0b (+http://search.msn.com/msnbot.htm)"
80.122.221.194 - - [29/Nov/2019:02:23:15 +0100] "GET /reload?ser=1574990595066 HTTP/1.1" 200 28 "http://renault.activities.at/success" "Mozilla/5.0 (Windows NT 10.0; Win64; x64) AppleWebKit/537.36 (KHTML, like Gecko) Chrome/70.0.3538.102 Safari/537.36 Edge/18.18362"
91.113.242.244 - - [29/Nov/2019:02:23:22 +0100] "GET /reload?ser=1574990604397 HTTP/1.1" 200 28 "http://renault.activities.at/" "Mozilla/5.0 (Windows NT 10.0; Win64; x64) AppleWebKit/537.36 (KHTML, like Gecko) Chrome/78.0.3904.108 Safari/537.36"
157.55.39.27 - - [29/Nov/2019:02:23:28 +0100] "GET /robots.txt HTTP/1.1" 404 300 "-" "Mozilla/5.0 (compatible; bingbot/2.0; +http://www.bing.com/bingbot.htm)"
80.122.221.194 - - [29/Nov/2019:02:24:16 +0100] "GET /reload?ser=1574990656063 HTTP/1.1" 200 28 "http://renault.activities.at/success" "Mozilla/5.0 (Windows NT 10.0; Win64; x64) AppleWebKit/537.36 (KHTML, like Gecko) Chrome/70.0.3538.102 Safari/537.36 Edge/18.18362"
91.113.242.244 - - [29/Nov/2019:02:24:23 +0100] "GET /reload?ser=1574990665399 HTTP/1.1" 200 28 "http://renault.activities.at/" "Mozilla/5.0 (Windows NT 10.0; Win64; x64) AppleWebKit/537.36 (KHTML, like Gecko) Chrome/78.0.3904.108 Safari/537.36"
80.122.221.194 - - [29/Nov/2019:02:25:17 +0100] "GET /reload?ser=1574990717068 HTTP/1.1" 200 28 "http://renault.activities.at/success" "Mozilla/5.0 (Windows NT 10.0; Win64; x64) AppleWebKit/537.36 (KHTML, like Gecko) Chrome/70.0.3538.102 Safari/537.36 Edge/18.18362"
91.113.242.244 - - [29/Nov/2019:02:25:24 +0100] "GET /reload?ser=1574990726407 HTTP/1.1" 200 28 "http://renault.activities.at/" "Mozilla/5.0 (Windows NT 10.0; Win64; x64) AppleWebKit/537.36 (KHTML, like Gecko) Chrome/78.0.3904.108 Safari/537.36"
80.122.221.194 - - [29/Nov/2019:02:26:18 +0100] "GET /reload?ser=1574990778061 HTTP/1.1" 200 28 "http://renault.activities.at/success" "Mozilla/5.0 (Windows NT 10.0; Win64; x64) AppleWebKit/537.36 (KHTML, like Gecko) Chrome/70.0.3538.102 Safari/537.36 Edge/18.18362"
91.113.242.244 - - [29/Nov/2019:02:26:25 +0100] "GET /reload?ser=1574990787398 HTTP/1.1" 200 28 "http://renault.activities.at/" "Mozilla/5.0 (Windows NT 10.0; Win64; x64) AppleWebKit/537.36 (KHTML, like Gecko) Chrome/78.0.3904.108 Safari/537.36"
80.122.221.194 - - [29/Nov/2019:02:27:19 +0100] "GET /reload?ser=1574990839068 HTTP/1.1" 200 28 "http://renault.activities.at/success" "Mozilla/5.0 (Windows NT 10.0; Win64; x64) AppleWebKit/537.36 (KHTML, like Gecko) Chrome/70.0.3538.102 Safari/537.36 Edge/18.18362"
91.113.242.244 - - [29/Nov/2019:02:27:26 +0100] "GET /reload?ser=1574990848404 HTTP/1.1" 200 28 "http://renault.activities.at/" "Mozilla/5.0 (Windows NT 10.0; Win64; x64) AppleWebKit/537.36 (KHTML, like Gecko) Chrome/78.0.3904.108 Safari/537.36"
80.122.221.194 - - [29/Nov/2019:02:28:20 +0100] "GET /reload?ser=1574990900073 HTTP/1.1" 200 28 "http://renault.activities.at/success" "Mozilla/5.0 (Windows NT 10.0; Win64; x64) AppleWebKit/537.36 (KHTML, like Gecko) Chrome/70.0.3538.102 Safari/537.36 Edge/18.18362"
91.113.242.244 - - [29/Nov/2019:02:28:27 +0100] "GET /reload?ser=1574990909398 HTTP/1.1" 200 28 "http://renault.activities.at/" "Mozilla/5.0 (Windows NT 10.0; Win64; x64) AppleWebKit/537.36 (KHTML, like Gecko) Chrome/78.0.3904.108 Safari/537.36"
80.122.221.194 - - [29/Nov/2019:02:29:21 +0100] "GET /reload?ser=1574990961066 HTTP/1.1" 200 28 "http://renault.activities.at/success" "Mozilla/5.0 (Windows NT 10.0; Win64; x64) AppleWebKit/537.36 (KHTML, like Gecko) Chrome/70.0.3538.102 Safari/537.36 Edge/18.18362"
91.113.242.244 - - [29/Nov/2019:02:29:28 +0100] "GET /reload?ser=1574990970397 HTTP/1.1" 200 28 "http://renault.activities.at/" "Mozilla/5.0 (Windows NT 10.0; Win64; x64) AppleWebKit/537.36 (KHTML, like Gecko) Chrome/78.0.3904.108 Safari/537.36"
157.55.39.207 - - [29/Nov/2019:02:29:55 +0100] "GET /cart HTTP/1.1" 200 1714 "-" "Mozilla/5.0 (compatible; bingbot/2.0; +http://www.bing.com/bingbot.htm)"
80.122.221.194 - - [29/Nov/2019:02:30:22 +0100] "GET /reload?ser=1574991022076 HTTP/1.1" 200 28 "http://renault.activities.at/success" "Mozilla/5.0 (Windows NT 10.0; Win64; x64) AppleWebKit/537.36 (KHTML, like Gecko) Chrome/70.0.3538.102 Safari/537.36 Edge/18.18362"
91.113.242.244 - - [29/Nov/2019:02:30:29 +0100] "GET /reload?ser=1574991031397 HTTP/1.1" 200 28 "http://renault.activities.at/" "Mozilla/5.0 (Windows NT 10.0; Win64; x64) AppleWebKit/537.36 (KHTML, like Gecko) Chrome/78.0.3904.108 Safari/537.36"
80.122.221.194 - - [29/Nov/2019:02:31:23 +0100] "GET /reload?ser=1574991083070 HTTP/1.1" 200 28 "http://renault.activities.at/success" "Mozilla/5.0 (Windows NT 10.0; Win64; x64) AppleWebKit/537.36 (KHTML, like Gecko) Chrome/70.0.3538.102 Safari/537.36 Edge/18.18362"
91.113.242.244 - - [29/Nov/2019:02:31:30 +0100] "GET /reload?ser=1574991092397 HTTP/1.1" 200 28 "http://renault.activities.at/" "Mozilla/5.0 (Windows NT 10.0; Win64; x64) AppleWebKit/537.36 (KHTML, like Gecko) Chrome/78.0.3904.108 Safari/537.36"
80.122.221.194 - - [29/Nov/2019:02:32:24 +0100] "GET /reload?ser=1574991144062 HTTP/1.1" 200 28 "http://renault.activities.at/success" "Mozilla/5.0 (Windows NT 10.0; Win64; x64) AppleWebKit/537.36 (KHTML, like Gecko) Chrome/70.0.3538.102 Safari/537.36 Edge/18.18362"
91.113.242.244 - - [29/Nov/2019:02:32:31 +0100] "GET /reload?ser=1574991153399 HTTP/1.1" 200 28 "http://renault.activities.at/" "Mozilla/5.0 (Windows NT 10.0; Win64; x64) AppleWebKit/537.36 (KHTML, like Gecko) Chrome/78.0.3904.108 Safari/537.36"
80.122.221.194 - - [29/Nov/2019:02:33:25 +0100] "GET /reload?ser=1574991205069 HTTP/1.1" 200 28 "http://renault.activities.at/success" "Mozilla/5.0 (Windows NT 10.0; Win64; x64) AppleWebKit/537.36 (KHTML, like Gecko) Chrome/70.0.3538.102 Safari/537.36 Edge/18.18362"
91.113.242.244 - - [29/Nov/2019:02:33:32 +0100] "GET /reload?ser=1574991214397 HTTP/1.1" 200 28 "http://renault.activities.at/" "Mozilla/5.0 (Windows NT 10.0; Win64; x64) AppleWebKit/537.36 (KHTML, like Gecko) Chrome/78.0.3904.108 Safari/537.36"
80.122.221.194 - - [29/Nov/2019:02:34:26 +0100] "GET /reload?ser=1574991266076 HTTP/1.1" 200 28 "http://renault.activities.at/success" "Mozilla/5.0 (Windows NT 10.0; Win64; x64) AppleWebKit/537.36 (KHTML, like Gecko) Chrome/70.0.3538.102 Safari/537.36 Edge/18.18362"
91.113.242.244 - - [29/Nov/2019:02:34:33 +0100] "GET /reload?ser=1574991275399 HTTP/1.1" 200 28 "http://renault.activities.at/" "Mozilla/5.0 (Windows NT 10.0; Win64; x64) AppleWebKit/537.36 (KHTML, like Gecko) Chrome/78.0.3904.108 Safari/537.36"
80.122.221.194 - - [29/Nov/2019:02:35:27 +0100] "GET /reload?ser=1574991327066 HTTP/1.1" 200 28 "http://renault.activities.at/success" "Mozilla/5.0 (Windows NT 10.0; Win64; x64) AppleWebKit/537.36 (KHTML, like Gecko) Chrome/70.0.3538.102 Safari/537.36 Edge/18.18362"
91.113.242.244 - - [29/Nov/2019:02:35:34 +0100] "GET /reload?ser=1574991336399 HTTP/1.1" 200 28 "http://renault.activities.at/" "Mozilla/5.0 (Windows NT 10.0; Win64; x64) AppleWebKit/537.36 (KHTML, like Gecko) Chrome/78.0.3904.108 Safari/537.36"
