93.83.241.1 - - [12/Dec/2019:08:47:30 +0100] "GET /loadthumbnail.php?id=12094699&width=113 HTTP/1.1" 200 1921 "http://renault.activities.at/10260280?dir=DESC&mode=grid&order=name&limit=15&page=4" "Mozilla/5.0 (Windows NT 6.1; Trident/7.0; rv:11.0) like Gecko"
93.83.241.1 - - [12/Dec/2019:08:47:30 +0100] "GET /loadthumbnail.php?id=11181230&width=113 HTTP/1.1" 200 1353 "http://renault.activities.at/10260280?dir=DESC&mode=grid&order=name&limit=15&page=4" "Mozilla/5.0 (Windows NT 6.1; Trident/7.0; rv:11.0) like Gecko"
93.83.241.1 - - [12/Dec/2019:08:47:30 +0100] "GET /loadthumbnail.php?id=11181221&width=113 HTTP/1.1" 200 1171 "http://renault.activities.at/10260280?dir=DESC&mode=grid&order=name&limit=15&page=4" "Mozilla/5.0 (Windows NT 6.1; Trident/7.0; rv:11.0) like Gecko"
93.83.241.1 - - [12/Dec/2019:08:47:30 +0100] "GET /loadthumbnail.php?id=11181168&width=113 HTTP/1.1" 200 847 "http://renault.activities.at/10260280?dir=DESC&mode=grid&order=name&limit=15&page=4" "Mozilla/5.0 (Windows NT 6.1; Trident/7.0; rv:11.0) like Gecko"
93.83.241.1 - - [12/Dec/2019:08:47:30 +0100] "GET /loadthumbnail.php?id=11181166&width=113 HTTP/1.1" 200 847 "http://renault.activities.at/10260280?dir=DESC&mode=grid&order=name&limit=15&page=4" "Mozilla/5.0 (Windows NT 6.1; Trident/7.0; rv:11.0) like Gecko"
93.83.241.1 - - [12/Dec/2019:08:47:30 +0100] "GET /loadthumbnail.php?id=11555219&width=113 HTTP/1.1" 200 2237 "http://renault.activities.at/10260280?dir=DESC&mode=grid&order=name&limit=15&page=4" "Mozilla/5.0 (Windows NT 6.1; Trident/7.0; rv:11.0) like Gecko"
93.83.241.1 - - [12/Dec/2019:08:47:30 +0100] "GET /loadthumbnail.php?id=11181172&width=113 HTTP/1.1" 200 1576 "http://renault.activities.at/10260280?dir=DESC&mode=grid&order=name&limit=15&page=4" "Mozilla/5.0 (Windows NT 6.1; Trident/7.0; rv:11.0) like Gecko"
93.83.241.1 - - [12/Dec/2019:08:47:30 +0100] "GET /loadthumbnail.php?id=11555218&width=113 HTTP/1.1" 200 2237 "http://renault.activities.at/10260280?dir=DESC&mode=grid&order=name&limit=15&page=4" "Mozilla/5.0 (Windows NT 6.1; Trident/7.0; rv:11.0) like Gecko"
93.83.241.1 - - [12/Dec/2019:08:47:30 +0100] "GET /loadthumbnail.php?id=11181170&width=113 HTTP/1.1" 200 1576 "http://renault.activities.at/10260280?dir=DESC&mode=grid&order=name&limit=15&page=4" "Mozilla/5.0 (Windows NT 6.1; Trident/7.0; rv:11.0) like Gecko"
93.83.241.1 - - [12/Dec/2019:08:47:30 +0100] "GET /loadthumbnail.php?id=11181174&width=113 HTTP/1.1" 200 1860 "http://renault.activities.at/10260280?dir=DESC&mode=grid&order=name&limit=15&page=4" "Mozilla/5.0 (Windows NT 6.1; Trident/7.0; rv:11.0) like Gecko"
93.83.241.1 - - [12/Dec/2019:08:47:30 +0100] "GET /loadthumbnail.php?id=11181176&width=113 HTTP/1.1" 200 1860 "http://renault.activities.at/10260280?dir=DESC&mode=grid&order=name&limit=15&page=4" "Mozilla/5.0 (Windows NT 6.1; Trident/7.0; rv:11.0) like Gecko"
193.194.132.29 - - [12/Dec/2019:08:47:36 +0100] "GET /reload?ser=1576136856197 HTTP/1.1" 200 28 "http://renault.2web.at/account?loadrequest=true" "Mozilla/5.0 (Windows NT 10.0; WOW64; Trident/7.0; Touch; rv:11.0) like Gecko"
93.83.241.1 - - [12/Dec/2019:08:47:40 +0100] "GET /10260280?dir=DESC&mode=grid&order=name&limit=15&page=5 HTTP/1.1" 200 9016 "http://renault.activities.at/10260280?dir=DESC&mode=grid&order=name&limit=15&page=4" "Mozilla/5.0 (Windows NT 6.1; Trident/7.0; rv:11.0) like Gecko"
93.83.241.1 - - [12/Dec/2019:08:47:43 +0100] "GET /js/index.php?c=auto&f=,prototype/prototype.js,prototype/validation.js,scriptaculous/builder.js,scriptaculous/effects.js,scriptaculous/dragdrop.js,scriptaculous/controls.js,scriptaculous/slider.js,varien/js.js,varien/form.js,varien/menu.js,mage/translate.js,mage/cookies.js,varien/product.js,spinner/SpinnerControl.jsmin.js,prototype/window.js,prototype/window_ext.js HTTP/1.1" 304 - "http://renault.activities.at/10260280?dir=DESC&mode=grid&order=name&limit=15&page=5" "Mozilla/5.0 (Windows NT 6.1; Trident/7.0; rv:11.0) like Gecko"
93.83.241.1 - - [12/Dec/2019:08:47:43 +0100] "GET /loadthumbnail.php?id=11228492&width=113 HTTP/1.1" 200 1071 "http://renault.activities.at/10260280?dir=DESC&mode=grid&order=name&limit=15&page=5" "Mozilla/5.0 (Windows NT 6.1; Trident/7.0; rv:11.0) like Gecko"
93.83.241.1 - - [12/Dec/2019:08:47:43 +0100] "GET /loadthumbnail.php?id=11228491&width=113 HTTP/1.1" 200 1007 "http://renault.activities.at/10260280?dir=DESC&mode=grid&order=name&limit=15&page=5" "Mozilla/5.0 (Windows NT 6.1; Trident/7.0; rv:11.0) like Gecko"
93.83.241.1 - - [12/Dec/2019:08:47:43 +0100] "GET /loadthumbnail.php?id=11181195&width=113 HTTP/1.1" 200 1448 "http://renault.activities.at/10260280?dir=DESC&mode=grid&order=name&limit=15&page=5" "Mozilla/5.0 (Windows NT 6.1; Trident/7.0; rv:11.0) like Gecko"
93.83.241.1 - - [12/Dec/2019:08:47:43 +0100] "GET /loadthumbnail.php?id=11181193&width=113 HTTP/1.1" 200 1448 "http://renault.activities.at/10260280?dir=DESC&mode=grid&order=name&limit=15&page=5" "Mozilla/5.0 (Windows NT 6.1; Trident/7.0; rv:11.0) like Gecko"
93.83.241.1 - - [12/Dec/2019:08:47:43 +0100] "GET /loadthumbnail.php?id=11228493&width=113 HTTP/1.1" 200 1094 "http://renault.activities.at/10260280?dir=DESC&mode=grid&order=name&limit=15&page=5" "Mozilla/5.0 (Windows NT 6.1; Trident/7.0; rv:11.0) like Gecko"
93.83.241.1 - - [12/Dec/2019:08:47:43 +0100] "GET /loadthumbnail.php?id=11228494&width=113 HTTP/1.1" 200 1149 "http://renault.activities.at/10260280?dir=DESC&mode=grid&order=name&limit=15&page=5" "Mozilla/5.0 (Windows NT 6.1; Trident/7.0; rv:11.0) like Gecko"
93.83.241.1 - - [12/Dec/2019:08:47:44 +0100] "GET /loadthumbnail.php?id=11825620&width=113 HTTP/1.1" 200 2089 "http://renault.activities.at/10260280?dir=DESC&mode=grid&order=name&limit=15&page=5" "Mozilla/5.0 (Windows NT 6.1; Trident/7.0; rv:11.0) like Gecko"
93.83.241.1 - - [12/Dec/2019:08:47:44 +0100] "GET /loadthumbnail.php?id=11722648&width=113 HTTP/1.1" 200 1687 "http://renault.activities.at/10260280?dir=DESC&mode=grid&order=name&limit=15&page=5" "Mozilla/5.0 (Windows NT 6.1; Trident/7.0; rv:11.0) like Gecko"
93.83.241.1 - - [12/Dec/2019:08:47:44 +0100] "GET /loadthumbnail.php?id=11722649&width=113 HTTP/1.1" 200 1687 "http://renault.activities.at/10260280?dir=DESC&mode=grid&order=name&limit=15&page=5" "Mozilla/5.0 (Windows NT 6.1; Trident/7.0; rv:11.0) like Gecko"
93.83.241.1 - - [12/Dec/2019:08:47:44 +0100] "GET /loadthumbnail.php?id=11825618&width=113 HTTP/1.1" 200 2042 "http://renault.activities.at/10260280?dir=DESC&mode=grid&order=name&limit=15&page=5" "Mozilla/5.0 (Windows NT 6.1; Trident/7.0; rv:11.0) like Gecko"
93.83.241.1 - - [12/Dec/2019:08:47:44 +0100] "GET /loadthumbnail.php?id=11825619&width=113 HTTP/1.1" 200 2089 "http://renault.activities.at/10260280?dir=DESC&mode=grid&order=name&limit=15&page=5" "Mozilla/5.0 (Windows NT 6.1; Trident/7.0; rv:11.0) like Gecko"
93.83.241.1 - - [12/Dec/2019:08:47:44 +0100] "GET /loadthumbnail.php?id=11825617&width=113 HTTP/1.1" 200 2042 "http://renault.activities.at/10260280?dir=DESC&mode=grid&order=name&limit=15&page=5" "Mozilla/5.0 (Windows NT 6.1; Trident/7.0; rv:11.0) like Gecko"
93.83.241.1 - - [12/Dec/2019:08:47:44 +0100] "GET /loadthumbnail.php?id=10768339&width=113 HTTP/1.1" 200 2677 "http://renault.activities.at/10260280?dir=DESC&mode=grid&order=name&limit=15&page=5" "Mozilla/5.0 (Windows NT 6.1; Trident/7.0; rv:11.0) like Gecko"
93.83.241.1 - - [12/Dec/2019:08:47:44 +0100] "GET /loadthumbnail.php?id=11487911&width=113 HTTP/1.1" 200 2789 "http://renault.activities.at/10260280?dir=DESC&mode=grid&order=name&limit=15&page=5" "Mozilla/5.0 (Windows NT 6.1; Trident/7.0; rv:11.0) like Gecko"
93.83.241.1 - - [12/Dec/2019:08:47:44 +0100] "GET /loadthumbnail.php?id=10768338&width=113 HTTP/1.1" 200 2677 "http://renault.activities.at/10260280?dir=DESC&mode=grid&order=name&limit=15&page=5" "Mozilla/5.0 (Windows NT 6.1; Trident/7.0; rv:11.0) like Gecko"
193.194.132.29 - - [12/Dec/2019:08:48:37 +0100] "GET /reload?ser=1576136917265 HTTP/1.1" 200 28 "http://renault.2web.at/account?loadrequest=true" "Mozilla/5.0 (Windows NT 10.0; WOW64; Trident/7.0; Touch; rv:11.0) like Gecko"
93.83.241.1 - - [12/Dec/2019:08:48:44 +0100] "GET /reload?ser=1576136924542 HTTP/1.1" 200 28 "http://renault.activities.at/10260280?dir=DESC&mode=grid&order=name&limit=15&page=5" "Mozilla/5.0 (Windows NT 6.1; Trident/7.0; rv:11.0) like Gecko"
193.194.132.29 - - [12/Dec/2019:08:49:38 +0100] "GET /reload?ser=1576136978317 HTTP/1.1" 200 28 "http://renault.2web.at/account?loadrequest=true" "Mozilla/5.0 (Windows NT 10.0; WOW64; Trident/7.0; Touch; rv:11.0) like Gecko"
93.83.241.1 - - [12/Dec/2019:08:49:42 +0100] "POST /10260280?dir=DESC&mode=grid&order=name&limit=15&page=5 HTTP/1.1" 200 9122 "http://renault.activities.at/10260280?dir=DESC&mode=grid&order=name&limit=15&page=5" "Mozilla/5.0 (Windows NT 6.1; Trident/7.0; rv:11.0) like Gecko"
93.83.241.1 - - [12/Dec/2019:08:49:44 +0100] "GET /js/index.php?c=auto&f=,prototype/prototype.js,prototype/validation.js,scriptaculous/builder.js,scriptaculous/effects.js,scriptaculous/dragdrop.js,scriptaculous/controls.js,scriptaculous/slider.js,varien/js.js,varien/form.js,varien/menu.js,mage/translate.js,mage/cookies.js,varien/product.js,spinner/SpinnerControl.jsmin.js,prototype/window.js,prototype/window_ext.js HTTP/1.1" 304 - "http://renault.activities.at/10260280?dir=DESC&mode=grid&order=name&limit=15&page=5" "Mozilla/5.0 (Windows NT 6.1; Trident/7.0; rv:11.0) like Gecko"
93.83.241.1 - - [12/Dec/2019:08:49:56 +0100] "POST /10260280?dir=DESC&mode=grid&order=name&limit=15&page=5 HTTP/1.1" 200 9120 "http://renault.activities.at/10260280?dir=DESC&mode=grid&order=name&limit=15&page=5" "Mozilla/5.0 (Windows NT 6.1; Trident/7.0; rv:11.0) like Gecko"
93.83.241.1 - - [12/Dec/2019:08:49:58 +0100] "GET /js/index.php?c=auto&f=,prototype/prototype.js,prototype/validation.js,scriptaculous/builder.js,scriptaculous/effects.js,scriptaculous/dragdrop.js,scriptaculous/controls.js,scriptaculous/slider.js,varien/js.js,varien/form.js,varien/menu.js,mage/translate.js,mage/cookies.js,varien/product.js,spinner/SpinnerControl.jsmin.js,prototype/window.js,prototype/window_ext.js HTTP/1.1" 304 - "http://renault.activities.at/10260280?dir=DESC&mode=grid&order=name&limit=15&page=5" "Mozilla/5.0 (Windows NT 6.1; Trident/7.0; rv:11.0) like Gecko"
93.83.241.1 - - [12/Dec/2019:08:50:05 +0100] "GET /10260280?dir=DESC&mode=grid&order=name&limit=15&page=6 HTTP/1.1" 200 9104 "http://renault.activities.at/10260280?dir=DESC&mode=grid&order=name&limit=15&page=5" "Mozilla/5.0 (Windows NT 6.1; Trident/7.0; rv:11.0) like Gecko"
93.83.241.1 - - [12/Dec/2019:08:50:09 +0100] "GET /js/index.php?c=auto&f=,prototype/prototype.js,prototype/validation.js,scriptaculous/builder.js,scriptaculous/effects.js,scriptaculous/dragdrop.js,scriptaculous/controls.js,scriptaculous/slider.js,varien/js.js,varien/form.js,varien/menu.js,mage/translate.js,mage/cookies.js,varien/product.js,spinner/SpinnerControl.jsmin.js,prototype/window.js,prototype/window_ext.js HTTP/1.1" 304 - "http://renault.activities.at/10260280?dir=DESC&mode=grid&order=name&limit=15&page=6" "Mozilla/5.0 (Windows NT 6.1; Trident/7.0; rv:11.0) like Gecko"
93.83.241.1 - - [12/Dec/2019:08:50:09 +0100] "GET /loadthumbnail.php?id=11487913&width=113 HTTP/1.1" 200 2439 "http://renault.activities.at/10260280?dir=DESC&mode=grid&order=name&limit=15&page=6" "Mozilla/5.0 (Windows NT 6.1; Trident/7.0; rv:11.0) like Gecko"
93.83.241.1 - - [12/Dec/2019:08:50:09 +0100] "GET /loadthumbnail.php?id=11247081&width=113 HTTP/1.1" 200 2512 "http://renault.activities.at/10260280?dir=DESC&mode=grid&order=name&limit=15&page=6" "Mozilla/5.0 (Windows NT 6.1; Trident/7.0; rv:11.0) like Gecko"
93.83.241.1 - - [12/Dec/2019:08:50:09 +0100] "GET /loadthumbnail.php?id=10930552&width=113 HTTP/1.1" 200 2035 "http://renault.activities.at/10260280?dir=DESC&mode=grid&order=name&limit=15&page=6" "Mozilla/5.0 (Windows NT 6.1; Trident/7.0; rv:11.0) like Gecko"
93.83.241.1 - - [12/Dec/2019:08:50:09 +0100] "GET /loadthumbnail.php?id=10930520&width=113 HTTP/1.1" 200 2026 "http://renault.activities.at/10260280?dir=DESC&mode=grid&order=name&limit=15&page=6" "Mozilla/5.0 (Windows NT 6.1; Trident/7.0; rv:11.0) like Gecko"
93.83.241.1 - - [12/Dec/2019:08:50:09 +0100] "GET /loadthumbnail.php?id=11090247&width=113 HTTP/1.1" 200 2847 "http://renault.activities.at/10260280?dir=DESC&mode=grid&order=name&limit=15&page=6" "Mozilla/5.0 (Windows NT 6.1; Trident/7.0; rv:11.0) like Gecko"
93.83.241.1 - - [12/Dec/2019:08:50:09 +0100] "GET /loadthumbnail.php?id=11967854&width=113 HTTP/1.1" 200 2106 "http://renault.activities.at/10260280?dir=DESC&mode=grid&order=name&limit=15&page=6" "Mozilla/5.0 (Windows NT 6.1; Trident/7.0; rv:11.0) like Gecko"
93.83.241.1 - - [12/Dec/2019:08:50:09 +0100] "GET /loadthumbnail.php?id=12029409&width=113 HTTP/1.1" 200 2415 "http://renault.activities.at/10260280?dir=DESC&mode=grid&order=name&limit=15&page=6" "Mozilla/5.0 (Windows NT 6.1; Trident/7.0; rv:11.0) like Gecko"
93.83.241.1 - - [12/Dec/2019:08:50:09 +0100] "GET /loadthumbnail.php?id=11228497&width=113 HTTP/1.1" 200 3267 "http://renault.activities.at/10260280?dir=DESC&mode=grid&order=name&limit=15&page=6" "Mozilla/5.0 (Windows NT 6.1; Trident/7.0; rv:11.0) like Gecko"
93.83.241.1 - - [12/Dec/2019:08:50:09 +0100] "GET /loadthumbnail.php?id=12127769&width=113 HTTP/1.1" 200 1807 "http://renault.activities.at/10260280?dir=DESC&mode=grid&order=name&limit=15&page=6" "Mozilla/5.0 (Windows NT 6.1; Trident/7.0; rv:11.0) like Gecko"
93.83.241.1 - - [12/Dec/2019:08:50:09 +0100] "GET /loadthumbnail.php?id=11775715&width=113 HTTP/1.1" 200 3740 "http://renault.activities.at/10260280?dir=DESC&mode=grid&order=name&limit=15&page=6" "Mozilla/5.0 (Windows NT 6.1; Trident/7.0; rv:11.0) like Gecko"
93.83.241.1 - - [12/Dec/2019:08:50:09 +0100] "GET /loadthumbnail.php?id=10309492&width=113 HTTP/1.1" 200 2666 "http://renault.activities.at/10260280?dir=DESC&mode=grid&order=name&limit=15&page=6" "Mozilla/5.0 (Windows NT 6.1; Trident/7.0; rv:11.0) like Gecko"
93.83.241.1 - - [12/Dec/2019:08:50:09 +0100] "GET /loadthumbnail.php?id=10309491&width=113 HTTP/1.1" 200 2476 "http://renault.activities.at/10260280?dir=DESC&mode=grid&order=name&limit=15&page=6" "Mozilla/5.0 (Windows NT 6.1; Trident/7.0; rv:11.0) like Gecko"
93.83.241.1 - - [12/Dec/2019:08:50:09 +0100] "GET /loadthumbnail.php?id=11461312&width=113 HTTP/1.1" 200 3416 "http://renault.activities.at/10260280?dir=DESC&mode=grid&order=name&limit=15&page=6" "Mozilla/5.0 (Windows NT 6.1; Trident/7.0; rv:11.0) like Gecko"
93.83.241.1 - - [12/Dec/2019:08:50:29 +0100] "GET /css/themes/alphacube/frame_left.gif HTTP/1.1" 200 64 "http://renault.activities.at/10260280?dir=DESC&mode=grid&order=name&limit=15&page=6" "Mozilla/5.0 (Windows NT 6.1; Trident/7.0; rv:11.0) like Gecko"
93.83.241.1 - - [12/Dec/2019:08:50:29 +0100] "GET /css/themes/alphacube/bottom_middle.gif HTTP/1.1" 200 44 "http://renault.activities.at/10260280?dir=DESC&mode=grid&order=name&limit=15&page=6" "Mozilla/5.0 (Windows NT 6.1; Trident/7.0; rv:11.0) like Gecko"
93.83.241.1 - - [12/Dec/2019:08:50:29 +0100] "GET /css/themes/alphacube/top_mid.gif HTTP/1.1" 200 833 "http://renault.activities.at/10260280?dir=DESC&mode=grid&order=name&limit=15&page=6" "Mozilla/5.0 (Windows NT 6.1; Trident/7.0; rv:11.0) like Gecko"
93.83.241.1 - - [12/Dec/2019:08:50:29 +0100] "GET /css/themes/alphacube/frame_right.gif HTTP/1.1" 200 64 "http://renault.activities.at/10260280?dir=DESC&mode=grid&order=name&limit=15&page=6" "Mozilla/5.0 (Windows NT 6.1; Trident/7.0; rv:11.0) like Gecko"
93.83.241.1 - - [12/Dec/2019:08:50:29 +0100] "GET /css/themes/alphacube/top_right.gif HTTP/1.1" 200 972 "http://renault.activities.at/10260280?dir=DESC&mode=grid&order=name&limit=15&page=6" "Mozilla/5.0 (Windows NT 6.1; Trident/7.0; rv:11.0) like Gecko"
93.83.241.1 - - [12/Dec/2019:08:50:29 +0100] "GET /css/themes/alphacube/button-close-focus.gif HTTP/1.1" 200 699 "http://renault.activities.at/10260280?dir=DESC&mode=grid&order=name&limit=15&page=6" "Mozilla/5.0 (Windows NT 6.1; Trident/7.0; rv:11.0) like Gecko"
93.83.241.1 - - [12/Dec/2019:08:50:29 +0100] "GET /css/themes/alphacube/top_left.gif HTTP/1.1" 200 973 "http://renault.activities.at/10260280?dir=DESC&mode=grid&order=name&limit=15&page=6" "Mozilla/5.0 (Windows NT 6.1; Trident/7.0; rv:11.0) like Gecko"
93.83.241.1 - - [12/Dec/2019:08:50:29 +0100] "GET /css/themes/alphacube/bottom_left-c.gif HTTP/1.1" 200 62 "http://renault.activities.at/10260280?dir=DESC&mode=grid&order=name&limit=15&page=6" "Mozilla/5.0 (Windows NT 6.1; Trident/7.0; rv:11.0) like Gecko"
93.83.241.1 - - [12/Dec/2019:08:50:29 +0100] "GET /css/themes/alphacube/bottom_right-c.gif HTTP/1.1" 200 62 "http://renault.activities.at/10260280?dir=DESC&mode=grid&order=name&limit=15&page=6" "Mozilla/5.0 (Windows NT 6.1; Trident/7.0; rv:11.0) like Gecko"
93.83.241.1 - - [12/Dec/2019:08:50:29 +0100] "GET /11351144?print=true HTTP/1.1" 200 2632 "http://renault.activities.at/10260280?dir=DESC&mode=grid&order=name&limit=15&page=6" "Mozilla/5.0 (Windows NT 6.1; Trident/7.0; rv:11.0) like Gecko"
93.83.241.1 - - [12/Dec/2019:08:50:32 +0100] "GET /js/index.php?c=auto&f=,prototype/prototype.js,prototype/validation.js,scriptaculous/builder.js,scriptaculous/effects.js,scriptaculous/dragdrop.js,scriptaculous/controls.js,scriptaculous/slider.js,varien/js.js,varien/form.js,varien/menu.js,mage/translate.js,mage/cookies.js,varien/product.js,spinner/SpinnerControl.jsmin.js,prototype/window.js,prototype/window_ext.js HTTP/1.1" 304 - "http://renault.activities.at/11351144?print=true" "Mozilla/5.0 (Windows NT 6.1; Trident/7.0; rv:11.0) like Gecko"
93.83.241.1 - - [12/Dec/2019:08:50:33 +0100] "GET /loadthumbnail.php?id=11775715&width=250 HTTP/1.1" 200 14004 "http://renault.activities.at/11351144?print=true" "Mozilla/5.0 (Windows NT 6.1; Trident/7.0; rv:11.0) like Gecko"
93.83.241.1 - - [12/Dec/2019:08:50:33 +0100] "GET /loadthumbnail.php?id=11775715&width=900&height=900 HTTP/1.1" 200 175211 "http://renault.activities.at/11351144?print=true" "Mozilla/5.0 (Windows NT 6.1; Trident/7.0; rv:11.0) like Gecko"
93.83.241.1 - - [12/Dec/2019:08:50:33 +0100] "GET /js/magiczoom/graphics/hint.gif HTTP/1.1" 200 73 "http://renault.activities.at/11351144?print=true" "Mozilla/5.0 (Windows NT 6.1; Trident/7.0; rv:11.0) like Gecko"
193.194.132.29 - - [12/Dec/2019:08:50:39 +0100] "GET /reload?ser=1576137039389 HTTP/1.1" 200 28 "http://renault.2web.at/account?loadrequest=true" "Mozilla/5.0 (Windows NT 10.0; WOW64; Trident/7.0; Touch; rv:11.0) like Gecko"
93.83.241.1 - - [12/Dec/2019:08:50:43 +0100] "GET /graphics/zoomin.cur HTTP/1.1" 200 3610 "http://renault.activities.at/11351144?print=true" "Mozilla/5.0 (Windows NT 6.1; Trident/7.0; rv:11.0) like Gecko"
93.83.241.1 - - [12/Dec/2019:08:50:45 +0100] "GET /graphics/zoomin.cur HTTP/1.1" 200 3610 "http://renault.activities.at/11351144?print=true" "Mozilla/5.0 (Windows NT 6.1; Trident/7.0; rv:11.0) like Gecko"
93.83.241.1 - - [12/Dec/2019:08:50:46 +0100] "GET /graphics/zoomin.cur HTTP/1.1" 200 3610 "http://renault.activities.at/11351144?print=true" "Mozilla/5.0 (Windows NT 6.1; Trident/7.0; rv:11.0) like Gecko"
93.83.241.1 - - [12/Dec/2019:08:51:09 +0100] "GET /reload?ser=1576137069863 HTTP/1.1" 200 28 "http://renault.activities.at/10260280?dir=DESC&mode=grid&order=name&limit=15&page=6" "Mozilla/5.0 (Windows NT 6.1; Trident/7.0; rv:11.0) like Gecko"
93.83.241.1 - - [12/Dec/2019:08:51:39 +0100] "GET /null HTTP/1.1" 200 3610 "http://renault.activities.at/10260280?dir=DESC&mode=grid&order=name&limit=15&page=6" "Mozilla/5.0 (Windows NT 6.1; Trident/7.0; rv:11.0) like Gecko"
93.83.241.1 - - [12/Dec/2019:08:51:40 +0100] "GET /js/index.php?c=auto&f=,prototype/prototype.js,prototype/validation.js,scriptaculous/builder.js,scriptaculous/effects.js,scriptaculous/dragdrop.js,scriptaculous/controls.js,scriptaculous/slider.js,varien/js.js,varien/form.js,varien/menu.js,mage/translate.js,mage/cookies.js,varien/product.js,spinner/SpinnerControl.jsmin.js,prototype/window.js,prototype/window_ext.js HTTP/1.1" 304 - "http://renault.activities.at/null" "Mozilla/5.0 (Windows NT 6.1; Trident/7.0; rv:11.0) like Gecko"
193.194.132.29 - - [12/Dec/2019:08:51:40 +0100] "GET /reload?ser=1576137100447 HTTP/1.1" 200 28 "http://renault.2web.at/account?loadrequest=true" "Mozilla/5.0 (Windows NT 10.0; WOW64; Trident/7.0; Touch; rv:11.0) like Gecko"
93.83.241.1 - - [12/Dec/2019:08:51:59 +0100] "GET /11351144?print=true HTTP/1.1" 200 2632 "http://renault.activities.at/10260280?dir=DESC&mode=grid&order=name&limit=15&page=6" "Mozilla/5.0 (Windows NT 6.1; Trident/7.0; rv:11.0) like Gecko"
93.83.241.1 - - [12/Dec/2019:08:52:00 +0100] "GET /js/index.php?c=auto&f=,prototype/prototype.js,prototype/validation.js,scriptaculous/builder.js,scriptaculous/effects.js,scriptaculous/dragdrop.js,scriptaculous/controls.js,scriptaculous/slider.js,varien/js.js,varien/form.js,varien/menu.js,mage/translate.js,mage/cookies.js,varien/product.js,spinner/SpinnerControl.jsmin.js,prototype/window.js,prototype/window_ext.js HTTP/1.1" 304 - "http://renault.activities.at/11351144?print=true" "Mozilla/5.0 (Windows NT 6.1; Trident/7.0; rv:11.0) like Gecko"
93.83.241.1 - - [12/Dec/2019:08:52:01 +0100] "GET /graphics/zoomin.cur HTTP/1.1" 200 3610 "http://renault.activities.at/11351144?print=true" "Mozilla/5.0 (Windows NT 6.1; Trident/7.0; rv:11.0) like Gecko"
93.83.241.1 - - [12/Dec/2019:08:52:10 +0100] "GET /reload?ser=1576137130844 HTTP/1.1" 200 28 "http://renault.activities.at/10260280?dir=DESC&mode=grid&order=name&limit=15&page=6" "Mozilla/5.0 (Windows NT 6.1; Trident/7.0; rv:11.0) like Gecko"
93.83.241.1 - - [12/Dec/2019:08:52:23 +0100] "GET /null HTTP/1.1" 200 3610 "http://renault.activities.at/10260280?dir=DESC&mode=grid&order=name&limit=15&page=6" "Mozilla/5.0 (Windows NT 6.1; Trident/7.0; rv:11.0) like Gecko"
93.83.241.1 - - [12/Dec/2019:08:52:24 +0100] "GET /js/index.php?c=auto&f=,prototype/prototype.js,prototype/validation.js,scriptaculous/builder.js,scriptaculous/effects.js,scriptaculous/dragdrop.js,scriptaculous/controls.js,scriptaculous/slider.js,varien/js.js,varien/form.js,varien/menu.js,mage/translate.js,mage/cookies.js,varien/product.js,spinner/SpinnerControl.jsmin.js,prototype/window.js,prototype/window_ext.js HTTP/1.1" 304 - "http://renault.activities.at/null" "Mozilla/5.0 (Windows NT 6.1; Trident/7.0; rv:11.0) like Gecko"
93.83.241.1 - - [12/Dec/2019:08:52:24 +0100] "POST /10260280?dir=DESC&mode=grid&order=name&limit=15&page=6 HTTP/1.1" 200 9211 "http://renault.activities.at/10260280?dir=DESC&mode=grid&order=name&limit=15&page=6" "Mozilla/5.0 (Windows NT 6.1; Trident/7.0; rv:11.0) like Gecko"
93.83.241.1 - - [12/Dec/2019:08:52:26 +0100] "GET /js/index.php?c=auto&f=,prototype/prototype.js,prototype/validation.js,scriptaculous/builder.js,scriptaculous/effects.js,scriptaculous/dragdrop.js,scriptaculous/controls.js,scriptaculous/slider.js,varien/js.js,varien/form.js,varien/menu.js,mage/translate.js,mage/cookies.js,varien/product.js,spinner/SpinnerControl.jsmin.js,prototype/window.js,prototype/window_ext.js HTTP/1.1" 304 - "http://renault.activities.at/10260280?dir=DESC&mode=grid&order=name&limit=15&page=6" "Mozilla/5.0 (Windows NT 6.1; Trident/7.0; rv:11.0) like Gecko"
93.83.241.1 - - [12/Dec/2019:08:52:30 +0100] "GET /10260280?dir=DESC&mode=grid&order=name&limit=15&page=7 HTTP/1.1" 200 9036 "http://renault.activities.at/10260280?dir=DESC&mode=grid&order=name&limit=15&page=6" "Mozilla/5.0 (Windows NT 6.1; Trident/7.0; rv:11.0) like Gecko"
93.83.241.1 - - [12/Dec/2019:08:52:33 +0100] "GET /js/index.php?c=auto&f=,prototype/prototype.js,prototype/validation.js,scriptaculous/builder.js,scriptaculous/effects.js,scriptaculous/dragdrop.js,scriptaculous/controls.js,scriptaculous/slider.js,varien/js.js,varien/form.js,varien/menu.js,mage/translate.js,mage/cookies.js,varien/product.js,spinner/SpinnerControl.jsmin.js,prototype/window.js,prototype/window_ext.js HTTP/1.1" 304 - "http://renault.activities.at/10260280?dir=DESC&mode=grid&order=name&limit=15&page=7" "Mozilla/5.0 (Windows NT 6.1; Trident/7.0; rv:11.0) like Gecko"
93.83.241.1 - - [12/Dec/2019:08:52:33 +0100] "GET /loadthumbnail.php?id=11349155&width=113 HTTP/1.1" 200 2814 "http://renault.activities.at/10260280?dir=DESC&mode=grid&order=name&limit=15&page=7" "Mozilla/5.0 (Windows NT 6.1; Trident/7.0; rv:11.0) like Gecko"
93.83.241.1 - - [12/Dec/2019:08:52:33 +0100] "GET /loadthumbnail.php?id=11293735&width=113 HTTP/1.1" 200 3795 "http://renault.activities.at/10260280?dir=DESC&mode=grid&order=name&limit=15&page=7" "Mozilla/5.0 (Windows NT 6.1; Trident/7.0; rv:11.0) like Gecko"
93.83.241.1 - - [12/Dec/2019:08:52:33 +0100] "GET /loadthumbnail.php?id=11128108&width=113 HTTP/1.1" 200 2522 "http://renault.activities.at/10260280?dir=DESC&mode=grid&order=name&limit=15&page=7" "Mozilla/5.0 (Windows NT 6.1; Trident/7.0; rv:11.0) like Gecko"
93.83.241.1 - - [12/Dec/2019:08:52:33 +0100] "GET /loadthumbnail.php?id=11314589&width=113 HTTP/1.1" 200 3055 "http://renault.activities.at/10260280?dir=DESC&mode=grid&order=name&limit=15&page=7" "Mozilla/5.0 (Windows NT 6.1; Trident/7.0; rv:11.0) like Gecko"
93.83.241.1 - - [12/Dec/2019:08:52:33 +0100] "GET /loadthumbnail.php?id=11418135&width=113 HTTP/1.1" 200 4142 "http://renault.activities.at/10260280?dir=DESC&mode=grid&order=name&limit=15&page=7" "Mozilla/5.0 (Windows NT 6.1; Trident/7.0; rv:11.0) like Gecko"
93.83.241.1 - - [12/Dec/2019:08:52:33 +0100] "GET /loadthumbnail.php?id=11470095&width=113 HTTP/1.1" 200 5019 "http://renault.activities.at/10260280?dir=DESC&mode=grid&order=name&limit=15&page=7" "Mozilla/5.0 (Windows NT 6.1; Trident/7.0; rv:11.0) like Gecko"
93.83.241.1 - - [12/Dec/2019:08:52:33 +0100] "GET /loadthumbnail.php?id=10259680&width=113 HTTP/1.1" 200 1966 "http://renault.activities.at/10260280?dir=DESC&mode=grid&order=name&limit=15&page=7" "Mozilla/5.0 (Windows NT 6.1; Trident/7.0; rv:11.0) like Gecko"
93.83.241.1 - - [12/Dec/2019:08:52:33 +0100] "GET /loadthumbnail.php?id=12121724&width=113 HTTP/1.1" 200 2468 "http://renault.activities.at/10260280?dir=DESC&mode=grid&order=name&limit=15&page=7" "Mozilla/5.0 (Windows NT 6.1; Trident/7.0; rv:11.0) like Gecko"
93.83.241.1 - - [12/Dec/2019:08:52:33 +0100] "GET /loadthumbnail.php?id=12122782&width=113 HTTP/1.1" 200 4559 "http://renault.activities.at/10260280?dir=DESC&mode=grid&order=name&limit=15&page=7" "Mozilla/5.0 (Windows NT 6.1; Trident/7.0; rv:11.0) like Gecko"
93.83.241.1 - - [12/Dec/2019:08:52:33 +0100] "GET /loadthumbnail.php?id=12088270&width=113 HTTP/1.1" 200 2783 "http://renault.activities.at/10260280?dir=DESC&mode=grid&order=name&limit=15&page=7" "Mozilla/5.0 (Windows NT 6.1; Trident/7.0; rv:11.0) like Gecko"
93.83.241.1 - - [12/Dec/2019:08:52:33 +0100] "GET /loadthumbnail.php?id=12040651&width=113 HTTP/1.1" 200 3124 "http://renault.activities.at/10260280?dir=DESC&mode=grid&order=name&limit=15&page=7" "Mozilla/5.0 (Windows NT 6.1; Trident/7.0; rv:11.0) like Gecko"
93.83.241.1 - - [12/Dec/2019:08:52:33 +0100] "GET /loadthumbnail.php?id=12040662&width=113 HTTP/1.1" 200 4115 "http://renault.activities.at/10260280?dir=DESC&mode=grid&order=name&limit=15&page=7" "Mozilla/5.0 (Windows NT 6.1; Trident/7.0; rv:11.0) like Gecko"
93.83.241.1 - - [12/Dec/2019:08:52:33 +0100] "GET /loadthumbnail.php?id=12101538&width=113 HTTP/1.1" 200 2597 "http://renault.activities.at/10260280?dir=DESC&mode=grid&order=name&limit=15&page=7" "Mozilla/5.0 (Windows NT 6.1; Trident/7.0; rv:11.0) like Gecko"
93.83.241.1 - - [12/Dec/2019:08:52:33 +0100] "GET /loadthumbnail.php?id=11927086&width=113 HTTP/1.1" 200 2978 "http://renault.activities.at/10260280?dir=DESC&mode=grid&order=name&limit=15&page=7" "Mozilla/5.0 (Windows NT 6.1; Trident/7.0; rv:11.0) like Gecko"
93.83.241.1 - - [12/Dec/2019:08:52:33 +0100] "GET /loadthumbnail.php?id=12088624&width=113 HTTP/1.1" 200 2886 "http://renault.activities.at/10260280?dir=DESC&mode=grid&order=name&limit=15&page=7" "Mozilla/5.0 (Windows NT 6.1; Trident/7.0; rv:11.0) like Gecko"
193.194.132.29 - - [12/Dec/2019:08:52:41 +0100] "GET /reload?ser=1576137161535 HTTP/1.1" 200 28 "http://renault.2web.at/account?loadrequest=true" "Mozilla/5.0 (Windows NT 10.0; WOW64; Trident/7.0; Touch; rv:11.0) like Gecko"
93.83.241.1 - - [12/Dec/2019:08:52:45 +0100] "GET /10260280?dir=DESC&mode=grid&order=name&limit=15&page=8 HTTP/1.1" 200 8963 "http://renault.activities.at/10260280?dir=DESC&mode=grid&order=name&limit=15&page=7" "Mozilla/5.0 (Windows NT 6.1; Trident/7.0; rv:11.0) like Gecko"
93.83.241.1 - - [12/Dec/2019:08:52:48 +0100] "GET /js/index.php?c=auto&f=,prototype/prototype.js,prototype/validation.js,scriptaculous/builder.js,scriptaculous/effects.js,scriptaculous/dragdrop.js,scriptaculous/controls.js,scriptaculous/slider.js,varien/js.js,varien/form.js,varien/menu.js,mage/translate.js,mage/cookies.js,varien/product.js,spinner/SpinnerControl.jsmin.js,prototype/window.js,prototype/window_ext.js HTTP/1.1" 304 - "http://renault.activities.at/10260280?dir=DESC&mode=grid&order=name&limit=15&page=8" "Mozilla/5.0 (Windows NT 6.1; Trident/7.0; rv:11.0) like Gecko"
93.83.241.1 - - [12/Dec/2019:08:52:48 +0100] "GET /loadthumbnail.php?id=12134931&width=113 HTTP/1.1" 200 4627 "http://renault.activities.at/10260280?dir=DESC&mode=grid&order=name&limit=15&page=8" "Mozilla/5.0 (Windows NT 6.1; Trident/7.0; rv:11.0) like Gecko"
93.83.241.1 - - [12/Dec/2019:08:52:48 +0100] "GET /loadthumbnail.php?id=12134932&width=113 HTTP/1.1" 200 2975 "http://renault.activities.at/10260280?dir=DESC&mode=grid&order=name&limit=15&page=8" "Mozilla/5.0 (Windows NT 6.1; Trident/7.0; rv:11.0) like Gecko"
93.83.241.1 - - [12/Dec/2019:08:52:48 +0100] "GET /loadthumbnail.php?id=11314594&width=113 HTTP/1.1" 200 4859 "http://renault.activities.at/10260280?dir=DESC&mode=grid&order=name&limit=15&page=8" "Mozilla/5.0 (Windows NT 6.1; Trident/7.0; rv:11.0) like Gecko"
93.83.241.1 - - [12/Dec/2019:08:52:48 +0100] "GET /loadthumbnail.php?id=11314595&width=113 HTTP/1.1" 200 2441 "http://renault.activities.at/10260280?dir=DESC&mode=grid&order=name&limit=15&page=8" "Mozilla/5.0 (Windows NT 6.1; Trident/7.0; rv:11.0) like Gecko"
93.83.241.1 - - [12/Dec/2019:08:52:48 +0100] "GET /loadthumbnail.php?id=11906025&width=113 HTTP/1.1" 200 2994 "http://renault.activities.at/10260280?dir=DESC&mode=grid&order=name&limit=15&page=8" "Mozilla/5.0 (Windows NT 6.1; Trident/7.0; rv:11.0) like Gecko"
93.83.241.1 - - [12/Dec/2019:08:52:48 +0100] "GET /loadthumbnail.php?id=12088452&width=113 HTTP/1.1" 200 4203 "http://renault.activities.at/10260280?dir=DESC&mode=grid&order=name&limit=15&page=8" "Mozilla/5.0 (Windows NT 6.1; Trident/7.0; rv:11.0) like Gecko"
93.83.241.1 - - [12/Dec/2019:08:52:48 +0100] "GET /loadthumbnail.php?id=11784479&width=113 HTTP/1.1" 200 2490 "http://renault.activities.at/10260280?dir=DESC&mode=grid&order=name&limit=15&page=8" "Mozilla/5.0 (Windows NT 6.1; Trident/7.0; rv:11.0) like Gecko"
93.83.241.1 - - [12/Dec/2019:08:52:48 +0100] "GET /loadthumbnail.php?id=12022099&width=113 HTTP/1.1" 200 2908 "http://renault.activities.at/10260280?dir=DESC&mode=grid&order=name&limit=15&page=8" "Mozilla/5.0 (Windows NT 6.1; Trident/7.0; rv:11.0) like Gecko"
93.83.241.1 - - [12/Dec/2019:08:52:48 +0100] "GET /loadthumbnail.php?id=11784466&width=113 HTTP/1.1" 200 3044 "http://renault.activities.at/10260280?dir=DESC&mode=grid&order=name&limit=15&page=8" "Mozilla/5.0 (Windows NT 6.1; Trident/7.0; rv:11.0) like Gecko"
93.83.241.1 - - [12/Dec/2019:08:52:48 +0100] "GET /loadthumbnail.php?id=11784464&width=113 HTTP/1.1" 200 2802 "http://renault.activities.at/10260280?dir=DESC&mode=grid&order=name&limit=15&page=8" "Mozilla/5.0 (Windows NT 6.1; Trident/7.0; rv:11.0) like Gecko"
93.83.241.1 - - [12/Dec/2019:08:52:48 +0100] "GET /loadthumbnail.php?id=11784465&width=113 HTTP/1.1" 200 2824 "http://renault.activities.at/10260280?dir=DESC&mode=grid&order=name&limit=15&page=8" "Mozilla/5.0 (Windows NT 6.1; Trident/7.0; rv:11.0) like Gecko"
93.83.241.1 - - [12/Dec/2019:08:52:48 +0100] "GET /loadthumbnail.php?id=12022101&width=113 HTTP/1.1" 200 2582 "http://renault.activities.at/10260280?dir=DESC&mode=grid&order=name&limit=15&page=8" "Mozilla/5.0 (Windows NT 6.1; Trident/7.0; rv:11.0) like Gecko"
93.83.241.1 - - [12/Dec/2019:08:52:48 +0100] "GET /loadthumbnail.php?id=11659629&width=113 HTTP/1.1" 200 2748 "http://renault.activities.at/10260280?dir=DESC&mode=grid&order=name&limit=15&page=8" "Mozilla/5.0 (Windows NT 6.1; Trident/7.0; rv:11.0) like Gecko"
93.83.241.1 - - [12/Dec/2019:08:52:48 +0100] "GET /loadthumbnail.php?id=11489779&width=113 HTTP/1.1" 200 1080 "http://renault.activities.at/10260280?dir=DESC&mode=grid&order=name&limit=15&page=8" "Mozilla/5.0 (Windows NT 6.1; Trident/7.0; rv:11.0) like Gecko"
93.83.241.1 - - [12/Dec/2019:08:52:48 +0100] "GET /loadthumbnail.php?id=12029408&width=113 HTTP/1.1" 200 2367 "http://renault.activities.at/10260280?dir=DESC&mode=grid&order=name&limit=15&page=8" "Mozilla/5.0 (Windows NT 6.1; Trident/7.0; rv:11.0) like Gecko"
93.83.241.1 - - [12/Dec/2019:08:53:04 +0100] "GET /10260280?dir=DESC&mode=grid&order=name&limit=15&page=9 HTTP/1.1" 200 9084 "http://renault.activities.at/10260280?dir=DESC&mode=grid&order=name&limit=15&page=8" "Mozilla/5.0 (Windows NT 6.1; Trident/7.0; rv:11.0) like Gecko"
93.83.241.1 - - [12/Dec/2019:08:53:07 +0100] "GET /js/index.php?c=auto&f=,prototype/prototype.js,prototype/validation.js,scriptaculous/builder.js,scriptaculous/effects.js,scriptaculous/dragdrop.js,scriptaculous/controls.js,scriptaculous/slider.js,varien/js.js,varien/form.js,varien/menu.js,mage/translate.js,mage/cookies.js,varien/product.js,spinner/SpinnerControl.jsmin.js,prototype/window.js,prototype/window_ext.js HTTP/1.1" 304 - "http://renault.activities.at/10260280?dir=DESC&mode=grid&order=name&limit=15&page=9" "Mozilla/5.0 (Windows NT 6.1; Trident/7.0; rv:11.0) like Gecko"
93.83.241.1 - - [12/Dec/2019:08:53:07 +0100] "GET /loadthumbnail.php?id=12029412&width=113 HTTP/1.1" 200 3690 "http://renault.activities.at/10260280?dir=DESC&mode=grid&order=name&limit=15&page=9" "Mozilla/5.0 (Windows NT 6.1; Trident/7.0; rv:11.0) like Gecko"
93.83.241.1 - - [12/Dec/2019:08:53:07 +0100] "GET /loadthumbnail.php?id=11310683&width=113 HTTP/1.1" 200 1776 "http://renault.activities.at/10260280?dir=DESC&mode=grid&order=name&limit=15&page=9" "Mozilla/5.0 (Windows NT 6.1; Trident/7.0; rv:11.0) like Gecko"
93.83.241.1 - - [12/Dec/2019:08:53:07 +0100] "GET /loadthumbnail.php?id=11489794&width=113 HTTP/1.1" 200 2829 "http://renault.activities.at/10260280?dir=DESC&mode=grid&order=name&limit=15&page=9" "Mozilla/5.0 (Windows NT 6.1; Trident/7.0; rv:11.0) like Gecko"
93.83.241.1 - - [12/Dec/2019:08:53:07 +0100] "GET /loadthumbnail.php?id=11521730&width=113 HTTP/1.1" 200 2841 "http://renault.activities.at/10260280?dir=DESC&mode=grid&order=name&limit=15&page=9" "Mozilla/5.0 (Windows NT 6.1; Trident/7.0; rv:11.0) like Gecko"
93.83.241.1 - - [12/Dec/2019:08:53:07 +0100] "GET /loadthumbnail.php?id=11213903&width=113 HTTP/1.1" 200 2398 "http://renault.activities.at/10260280?dir=DESC&mode=grid&order=name&limit=15&page=9" "Mozilla/5.0 (Windows NT 6.1; Trident/7.0; rv:11.0) like Gecko"
93.83.241.1 - - [12/Dec/2019:08:53:07 +0100] "GET /loadthumbnail.php?id=11489786&width=113 HTTP/1.1" 200 2751 "http://renault.activities.at/10260280?dir=DESC&mode=grid&order=name&limit=15&page=9" "Mozilla/5.0 (Windows NT 6.1; Trident/7.0; rv:11.0) like Gecko"
93.83.241.1 - - [12/Dec/2019:08:53:07 +0100] "GET /loadthumbnail.php?id=11228502&width=113 HTTP/1.1" 200 1524 "http://renault.activities.at/10260280?dir=DESC&mode=grid&order=name&limit=15&page=9" "Mozilla/5.0 (Windows NT 6.1; Trident/7.0; rv:11.0) like Gecko"
93.83.241.1 - - [12/Dec/2019:08:53:07 +0100] "GET /loadthumbnail.php?id=10986339&width=113 HTTP/1.1" 200 3068 "http://renault.activities.at/10260280?dir=DESC&mode=grid&order=name&limit=15&page=9" "Mozilla/5.0 (Windows NT 6.1; Trident/7.0; rv:11.0) like Gecko"
93.83.241.1 - - [12/Dec/2019:08:53:07 +0100] "GET /loadthumbnail.php?id=11213910&width=113 HTTP/1.1" 200 2091 "http://renault.activities.at/10260280?dir=DESC&mode=grid&order=name&limit=15&page=9" "Mozilla/5.0 (Windows NT 6.1; Trident/7.0; rv:11.0) like Gecko"
93.83.241.1 - - [12/Dec/2019:08:53:07 +0100] "GET /loadthumbnail.php?id=11226381&width=113 HTTP/1.1" 200 2887 "http://renault.activities.at/10260280?dir=DESC&mode=grid&order=name&limit=15&page=9" "Mozilla/5.0 (Windows NT 6.1; Trident/7.0; rv:11.0) like Gecko"
93.83.241.1 - - [12/Dec/2019:08:53:07 +0100] "GET /loadthumbnail.php?id=11459823&width=113 HTTP/1.1" 200 2833 "http://renault.activities.at/10260280?dir=DESC&mode=grid&order=name&limit=15&page=9" "Mozilla/5.0 (Windows NT 6.1; Trident/7.0; rv:11.0) like Gecko"
93.83.241.1 - - [12/Dec/2019:08:53:07 +0100] "GET /loadthumbnail.php?id=11433406&width=113 HTTP/1.1" 200 2604 "http://renault.activities.at/10260280?dir=DESC&mode=grid&order=name&limit=15&page=9" "Mozilla/5.0 (Windows NT 6.1; Trident/7.0; rv:11.0) like Gecko"
93.83.241.1 - - [12/Dec/2019:08:53:08 +0100] "GET /loadthumbnail.php?id=10271875&width=113 HTTP/1.1" 200 1262 "http://renault.activities.at/10260280?dir=DESC&mode=grid&order=name&limit=15&page=9" "Mozilla/5.0 (Windows NT 6.1; Trident/7.0; rv:11.0) like Gecko"
93.83.241.1 - - [12/Dec/2019:08:53:08 +0100] "GET /loadthumbnail.php?id=11967853&width=113 HTTP/1.1" 200 2639 "http://renault.activities.at/10260280?dir=DESC&mode=grid&order=name&limit=15&page=9" "Mozilla/5.0 (Windows NT 6.1; Trident/7.0; rv:11.0) like Gecko"
193.194.132.29 - - [12/Dec/2019:08:53:42 +0100] "GET /reload?ser=1576137222644 HTTP/1.1" 200 28 "http://renault.2web.at/account?loadrequest=true" "Mozilla/5.0 (Windows NT 10.0; WOW64; Trident/7.0; Touch; rv:11.0) like Gecko"
93.83.241.1 - - [12/Dec/2019:08:53:47 +0100] "POST /10260280?dir=DESC&mode=grid&order=name&limit=15&page=9 HTTP/1.1" 200 9182 "http://renault.activities.at/10260280?dir=DESC&mode=grid&order=name&limit=15&page=9" "Mozilla/5.0 (Windows NT 6.1; Trident/7.0; rv:11.0) like Gecko"
93.83.241.1 - - [12/Dec/2019:08:53:51 +0100] "GET /js/index.php?c=auto&f=,prototype/prototype.js,prototype/validation.js,scriptaculous/builder.js,scriptaculous/effects.js,scriptaculous/dragdrop.js,scriptaculous/controls.js,scriptaculous/slider.js,varien/js.js,varien/form.js,varien/menu.js,mage/translate.js,mage/cookies.js,varien/product.js,spinner/SpinnerControl.jsmin.js,prototype/window.js,prototype/window_ext.js HTTP/1.1" 304 - "http://renault.activities.at/10260280?dir=DESC&mode=grid&order=name&limit=15&page=9" "Mozilla/5.0 (Windows NT 6.1; Trident/7.0; rv:11.0) like Gecko"
93.83.241.1 - - [12/Dec/2019:08:54:00 +0100] "GET /10260280?dir=DESC&mode=grid&order=name&limit=15&page=10 HTTP/1.1" 200 8924 "http://renault.activities.at/10260280?dir=DESC&mode=grid&order=name&limit=15&page=9" "Mozilla/5.0 (Windows NT 6.1; Trident/7.0; rv:11.0) like Gecko"
93.83.241.1 - - [12/Dec/2019:08:54:03 +0100] "GET /js/index.php?c=auto&f=,prototype/prototype.js,prototype/validation.js,scriptaculous/builder.js,scriptaculous/effects.js,scriptaculous/dragdrop.js,scriptaculous/controls.js,scriptaculous/slider.js,varien/js.js,varien/form.js,varien/menu.js,mage/translate.js,mage/cookies.js,varien/product.js,spinner/SpinnerControl.jsmin.js,prototype/window.js,prototype/window_ext.js HTTP/1.1" 304 - "http://renault.activities.at/10260280?dir=DESC&mode=grid&order=name&limit=15&page=10" "Mozilla/5.0 (Windows NT 6.1; Trident/7.0; rv:11.0) like Gecko"
93.83.241.1 - - [12/Dec/2019:08:54:03 +0100] "GET /loadthumbnail.php?id=11171346&width=113 HTTP/1.1" 200 2786 "http://renault.activities.at/10260280?dir=DESC&mode=grid&order=name&limit=15&page=10" "Mozilla/5.0 (Windows NT 6.1; Trident/7.0; rv:11.0) like Gecko"
93.83.241.1 - - [12/Dec/2019:08:54:03 +0100] "GET /loadthumbnail.php?id=10925818&width=113 HTTP/1.1" 200 1753 "http://renault.activities.at/10260280?dir=DESC&mode=grid&order=name&limit=15&page=10" "Mozilla/5.0 (Windows NT 6.1; Trident/7.0; rv:11.0) like Gecko"
93.83.241.1 - - [12/Dec/2019:08:54:03 +0100] "GET /loadthumbnail.php?id=11111495&width=113 HTTP/1.1" 200 1788 "http://renault.activities.at/10260280?dir=DESC&mode=grid&order=name&limit=15&page=10" "Mozilla/5.0 (Windows NT 6.1; Trident/7.0; rv:11.0) like Gecko"
93.83.241.1 - - [12/Dec/2019:08:54:03 +0100] "GET /loadthumbnail.php?id=11171345&width=113 HTTP/1.1" 200 2786 "http://renault.activities.at/10260280?dir=DESC&mode=grid&order=name&limit=15&page=10" "Mozilla/5.0 (Windows NT 6.1; Trident/7.0; rv:11.0) like Gecko"
93.83.241.1 - - [12/Dec/2019:08:54:03 +0100] "GET /loadthumbnail.php?id=10925819&width=113 HTTP/1.1" 200 4429 "http://renault.activities.at/10260280?dir=DESC&mode=grid&order=name&limit=15&page=10" "Mozilla/5.0 (Windows NT 6.1; Trident/7.0; rv:11.0) like Gecko"
93.83.241.1 - - [12/Dec/2019:08:54:03 +0100] "GET /loadthumbnail.php?id=11111497&width=113 HTTP/1.1" 200 1788 "http://renault.activities.at/10260280?dir=DESC&mode=grid&order=name&limit=15&page=10" "Mozilla/5.0 (Windows NT 6.1; Trident/7.0; rv:11.0) like Gecko"
93.83.241.1 - - [12/Dec/2019:08:54:03 +0100] "GET /loadthumbnail.php?id=11111496&width=113 HTTP/1.1" 200 1791 "http://renault.activities.at/10260280?dir=DESC&mode=grid&order=name&limit=15&page=10" "Mozilla/5.0 (Windows NT 6.1; Trident/7.0; rv:11.0) like Gecko"
93.83.241.1 - - [12/Dec/2019:08:54:03 +0100] "GET /loadthumbnail.php?id=11111498&width=113 HTTP/1.1" 200 1791 "http://renault.activities.at/10260280?dir=DESC&mode=grid&order=name&limit=15&page=10" "Mozilla/5.0 (Windows NT 6.1; Trident/7.0; rv:11.0) like Gecko"
93.83.241.1 - - [12/Dec/2019:08:54:03 +0100] "GET /loadthumbnail.php?id=11112261&width=113 HTTP/1.1" 200 1814 "http://renault.activities.at/10260280?dir=DESC&mode=grid&order=name&limit=15&page=10" "Mozilla/5.0 (Windows NT 6.1; Trident/7.0; rv:11.0) like Gecko"
93.83.241.1 - - [12/Dec/2019:08:54:03 +0100] "GET /loadthumbnail.php?id=11112110&width=113 HTTP/1.1" 200 1851 "http://renault.activities.at/10260280?dir=DESC&mode=grid&order=name&limit=15&page=10" "Mozilla/5.0 (Windows NT 6.1; Trident/7.0; rv:11.0) like Gecko"
93.83.241.1 - - [12/Dec/2019:08:54:03 +0100] "GET /loadthumbnail.php?id=11112400&width=113 HTTP/1.1" 200 1851 "http://renault.activities.at/10260280?dir=DESC&mode=grid&order=name&limit=15&page=10" "Mozilla/5.0 (Windows NT 6.1; Trident/7.0; rv:11.0) like Gecko"
93.83.241.1 - - [12/Dec/2019:08:54:03 +0100] "GET /loadthumbnail.php?id=11111985&width=113 HTTP/1.1" 200 1814 "http://renault.activities.at/10260280?dir=DESC&mode=grid&order=name&limit=15&page=10" "Mozilla/5.0 (Windows NT 6.1; Trident/7.0; rv:11.0) like Gecko"
93.83.241.1 - - [12/Dec/2019:08:54:20 +0100] "GET /10260280?dir=DESC&mode=grid&order=name&limit=15&page=11 HTTP/1.1" 200 8581 "http://renault.activities.at/10260280?dir=DESC&mode=grid&order=name&limit=15&page=10" "Mozilla/5.0 (Windows NT 6.1; Trident/7.0; rv:11.0) like Gecko"
93.83.241.1 - - [12/Dec/2019:08:54:23 +0100] "GET /js/index.php?c=auto&f=,prototype/prototype.js,prototype/validation.js,scriptaculous/builder.js,scriptaculous/effects.js,scriptaculous/dragdrop.js,scriptaculous/controls.js,scriptaculous/slider.js,varien/js.js,varien/form.js,varien/menu.js,mage/translate.js,mage/cookies.js,varien/product.js,spinner/SpinnerControl.jsmin.js,prototype/window.js,prototype/window_ext.js HTTP/1.1" 304 - "http://renault.activities.at/10260280?dir=DESC&mode=grid&order=name&limit=15&page=11" "Mozilla/5.0 (Windows NT 6.1; Trident/7.0; rv:11.0) like Gecko"
93.83.241.1 - - [12/Dec/2019:08:54:23 +0100] "GET /loadthumbnail.php?id=11730458&width=113 HTTP/1.1" 200 4795 "http://renault.activities.at/10260280?dir=DESC&mode=grid&order=name&limit=15&page=11" "Mozilla/5.0 (Windows NT 6.1; Trident/7.0; rv:11.0) like Gecko"
93.83.241.1 - - [12/Dec/2019:08:54:23 +0100] "GET /loadthumbnail.php?id=11967858&width=113 HTTP/1.1" 200 1835 "http://renault.activities.at/10260280?dir=DESC&mode=grid&order=name&limit=15&page=11" "Mozilla/5.0 (Windows NT 6.1; Trident/7.0; rv:11.0) like Gecko"
93.83.241.1 - - [12/Dec/2019:08:54:23 +0100] "GET /loadthumbnail.php?id=12029410&width=113 HTTP/1.1" 200 3108 "http://renault.activities.at/10260280?dir=DESC&mode=grid&order=name&limit=15&page=11" "Mozilla/5.0 (Windows NT 6.1; Trident/7.0; rv:11.0) like Gecko"
93.83.241.1 - - [12/Dec/2019:08:54:23 +0100] "GET /loadthumbnail.php?id=12029411&width=113 HTTP/1.1" 200 3687 "http://renault.activities.at/10260280?dir=DESC&mode=grid&order=name&limit=15&page=11" "Mozilla/5.0 (Windows NT 6.1; Trident/7.0; rv:11.0) like Gecko"
93.83.241.1 - - [12/Dec/2019:08:54:23 +0100] "GET /loadthumbnail.php?id=11730459&width=113 HTTP/1.1" 200 4795 "http://renault.activities.at/10260280?dir=DESC&mode=grid&order=name&limit=15&page=11" "Mozilla/5.0 (Windows NT 6.1; Trident/7.0; rv:11.0) like Gecko"
93.83.241.1 - - [12/Dec/2019:08:54:23 +0100] "GET /loadthumbnail.php?id=11825611&width=113 HTTP/1.1" 200 1298 "http://renault.activities.at/10260280?dir=DESC&mode=grid&order=name&limit=15&page=11" "Mozilla/5.0 (Windows NT 6.1; Trident/7.0; rv:11.0) like Gecko"
93.83.241.1 - - [12/Dec/2019:08:54:23 +0100] "GET /loadthumbnail.php?id=11825610&width=113 HTTP/1.1" 200 1298 "http://renault.activities.at/10260280?dir=DESC&mode=grid&order=name&limit=15&page=11" "Mozilla/5.0 (Windows NT 6.1; Trident/7.0; rv:11.0) like Gecko"
93.83.241.1 - - [12/Dec/2019:08:54:23 +0100] "GET /loadthumbnail.php?id=11825612&width=113 HTTP/1.1" 200 2858 "http://renault.activities.at/10260280?dir=DESC&mode=grid&order=name&limit=15&page=11" "Mozilla/5.0 (Windows NT 6.1; Trident/7.0; rv:11.0) like Gecko"
93.83.241.1 - - [12/Dec/2019:08:54:23 +0100] "GET /loadthumbnail.php?id=11304858&width=113 HTTP/1.1" 200 1289 "http://renault.activities.at/10260280?dir=DESC&mode=grid&order=name&limit=15&page=11" "Mozilla/5.0 (Windows NT 6.1; Trident/7.0; rv:11.0) like Gecko"
93.83.241.1 - - [12/Dec/2019:08:54:23 +0100] "GET /loadthumbnail.php?id=10848346&width=113 HTTP/1.1" 200 2340 "http://renault.activities.at/10260280?dir=DESC&mode=grid&order=name&limit=15&page=11" "Mozilla/5.0 (Windows NT 6.1; Trident/7.0; rv:11.0) like Gecko"
193.194.132.29 - - [12/Dec/2019:08:54:43 +0100] "GET /reload?ser=1576137283805 HTTP/1.1" 200 28 "http://renault.2web.at/account?loadrequest=true" "Mozilla/5.0 (Windows NT 10.0; WOW64; Trident/7.0; Touch; rv:11.0) like Gecko"
93.83.241.1 - - [12/Dec/2019:08:55:23 +0100] "GET /reload?ser=1576137323593 HTTP/1.1" 200 28 "http://renault.activities.at/10260280?dir=DESC&mode=grid&order=name&limit=15&page=11" "Mozilla/5.0 (Windows NT 6.1; Trident/7.0; rv:11.0) like Gecko"
193.194.132.29 - - [12/Dec/2019:08:55:44 +0100] "GET /reload?ser=1576137344836 HTTP/1.1" 200 28 "http://renault.2web.at/account?loadrequest=true" "Mozilla/5.0 (Windows NT 10.0; WOW64; Trident/7.0; Touch; rv:11.0) like Gecko"
93.83.241.1 - - [12/Dec/2019:08:56:24 +0100] "GET /reload?ser=1576137384564 HTTP/1.1" 200 28 "http://renault.activities.at/10260280?dir=DESC&mode=grid&order=name&limit=15&page=11" "Mozilla/5.0 (Windows NT 6.1; Trident/7.0; rv:11.0) like Gecko"
193.194.132.29 - - [12/Dec/2019:08:56:45 +0100] "GET /reload?ser=1576137405842 HTTP/1.1" 200 28 "http://renault.2web.at/account?loadrequest=true" "Mozilla/5.0 (Windows NT 10.0; WOW64; Trident/7.0; Touch; rv:11.0) like Gecko"
93.83.241.1 - - [12/Dec/2019:08:57:25 +0100] "GET /reload?ser=1576137445626 HTTP/1.1" 200 28 "http://renault.activities.at/10260280?dir=DESC&mode=grid&order=name&limit=15&page=11" "Mozilla/5.0 (Windows NT 6.1; Trident/7.0; rv:11.0) like Gecko"
193.194.132.29 - - [12/Dec/2019:08:57:47 +0100] "GET /reload?ser=1576137466889 HTTP/1.1" 200 28 "http://renault.2web.at/account?loadrequest=true" "Mozilla/5.0 (Windows NT 10.0; WOW64; Trident/7.0; Touch; rv:11.0) like Gecko"
93.83.241.1 - - [12/Dec/2019:08:58:26 +0100] "GET /reload?ser=1576137506643 HTTP/1.1" 200 28 "http://renault.activities.at/10260280?dir=DESC&mode=grid&order=name&limit=15&page=11" "Mozilla/5.0 (Windows NT 6.1; Trident/7.0; rv:11.0) like Gecko"
193.194.132.29 - - [12/Dec/2019:08:58:48 +0100] "GET /reload?ser=1576137527993 HTTP/1.1" 200 28 "http://renault.2web.at/account?loadrequest=true" "Mozilla/5.0 (Windows NT 10.0; WOW64; Trident/7.0; Touch; rv:11.0) like Gecko"
93.83.241.1 - - [12/Dec/2019:08:59:27 +0100] "GET /reload?ser=1576137567639 HTTP/1.1" 200 28 "http://renault.activities.at/10260280?dir=DESC&mode=grid&order=name&limit=15&page=11" "Mozilla/5.0 (Windows NT 6.1; Trident/7.0; rv:11.0) like Gecko"
193.194.132.29 - - [12/Dec/2019:08:59:49 +0100] "GET /reload?ser=1576137589033 HTTP/1.1" 200 28 "http://renault.2web.at/account?loadrequest=true" "Mozilla/5.0 (Windows NT 10.0; WOW64; Trident/7.0; Touch; rv:11.0) like Gecko"
93.83.241.1 - - [12/Dec/2019:09:00:28 +0100] "GET /reload?ser=1576137628618 HTTP/1.1" 200 28 "http://renault.activities.at/10260280?dir=DESC&mode=grid&order=name&limit=15&page=11" "Mozilla/5.0 (Windows NT 6.1; Trident/7.0; rv:11.0) like Gecko"
193.194.132.29 - - [12/Dec/2019:09:00:50 +0100] "GET /reload?ser=1576137650080 HTTP/1.1" 200 28 "http://renault.2web.at/account?loadrequest=true" "Mozilla/5.0 (Windows NT 10.0; WOW64; Trident/7.0; Touch; rv:11.0) like Gecko"
93.83.241.1 - - [12/Dec/2019:09:01:29 +0100] "GET /reload?ser=1576137689632 HTTP/1.1" 200 28 "http://renault.activities.at/10260280?dir=DESC&mode=grid&order=name&limit=15&page=11" "Mozilla/5.0 (Windows NT 6.1; Trident/7.0; rv:11.0) like Gecko"
193.194.132.29 - - [12/Dec/2019:09:01:51 +0100] "GET /reload?ser=1576137711157 HTTP/1.1" 200 28 "http://renault.2web.at/account?loadrequest=true" "Mozilla/5.0 (Windows NT 10.0; WOW64; Trident/7.0; Touch; rv:11.0) like Gecko"
93.83.241.1 - - [12/Dec/2019:09:02:30 +0100] "GET /reload?ser=1576137750641 HTTP/1.1" 200 28 "http://renault.activities.at/10260280?dir=DESC&mode=grid&order=name&limit=15&page=11" "Mozilla/5.0 (Windows NT 6.1; Trident/7.0; rv:11.0) like Gecko"
193.194.132.29 - - [12/Dec/2019:09:02:52 +0100] "GET /reload?ser=1576137772216 HTTP/1.1" 200 28 "http://renault.2web.at/account?loadrequest=true" "Mozilla/5.0 (Windows NT 10.0; WOW64; Trident/7.0; Touch; rv:11.0) like Gecko"
