80.123.225.38 - - [19/Dec/2019:11:38:19 +0100] "GET /reload?ser=1576751899185 HTTP/1.1" 200 28 "http://renault.activities.at/orders?limit=10&page=1" "Mozilla/5.0 (Windows NT 10.0; Win64; x64) AppleWebKit/537.36 (KHTML, like Gecko) Chrome/79.0.3945.88 Safari/537.36"
178.188.249.126 - - [19/Dec/2019:11:38:21 +0100] "GET /reload?ser=1576751898970 HTTP/1.1" 200 28 "http://renault.activities.at/cart?datachange=true" "Mozilla/5.0 (Windows NT 6.1; WOW64; Trident/7.0; MASBJS; rv:11.0) like Gecko"
212.152.246.134 - - [19/Dec/2019:11:38:57 +0100] "GET /reload?ser=1576751937786 HTTP/1.1" 200 28 "http://renault.activities.at/result?searchterm=true&search=schl%E4ger" "Mozilla/5.0 (Windows NT 10.0; WOW64; Trident/7.0; rv:11.0) like Gecko"
80.123.225.38 - - [19/Dec/2019:11:39:08 +0100] "GET /reload?ser=1576751948697 HTTP/1.1" 200 28 "http://renault.activities.at/aboutus" "Mozilla/5.0 (Windows NT 10.0; Win64; x64; rv:71.0) Gecko/20100101 Firefox/71.0"
80.123.225.38 - - [19/Dec/2019:11:39:20 +0100] "GET /reload?ser=1576751960123 HTTP/1.1" 200 28 "http://renault.activities.at/orders?limit=10&page=1" "Mozilla/5.0 (Windows NT 10.0; Win64; x64) AppleWebKit/537.36 (KHTML, like Gecko) Chrome/79.0.3945.88 Safari/537.36"
178.188.249.126 - - [19/Dec/2019:11:39:22 +0100] "GET /reload?ser=1576751959962 HTTP/1.1" 200 28 "http://renault.activities.at/cart?datachange=true" "Mozilla/5.0 (Windows NT 6.1; WOW64; Trident/7.0; MASBJS; rv:11.0) like Gecko"
212.152.246.134 - - [19/Dec/2019:11:39:58 +0100] "GET /reload?ser=1576751998802 HTTP/1.1" 200 28 "http://renault.activities.at/result?searchterm=true&search=schl%E4ger" "Mozilla/5.0 (Windows NT 10.0; WOW64; Trident/7.0; rv:11.0) like Gecko"
80.123.225.38 - - [19/Dec/2019:11:40:09 +0100] "GET /reload?ser=1576752009653 HTTP/1.1" 200 28 "http://renault.activities.at/aboutus" "Mozilla/5.0 (Windows NT 10.0; Win64; x64; rv:71.0) Gecko/20100101 Firefox/71.0"
80.123.225.38 - - [19/Dec/2019:11:40:21 +0100] "GET /reload?ser=1576752021042 HTTP/1.1" 200 28 "http://renault.activities.at/orders?limit=10&page=1" "Mozilla/5.0 (Windows NT 10.0; Win64; x64) AppleWebKit/537.36 (KHTML, like Gecko) Chrome/79.0.3945.88 Safari/537.36"
178.188.249.126 - - [19/Dec/2019:11:40:23 +0100] "GET /reload?ser=1576752020923 HTTP/1.1" 200 28 "http://renault.activities.at/cart?datachange=true" "Mozilla/5.0 (Windows NT 6.1; WOW64; Trident/7.0; MASBJS; rv:11.0) like Gecko"
212.152.246.134 - - [19/Dec/2019:11:40:59 +0100] "GET /reload?ser=1576752059786 HTTP/1.1" 200 28 "http://renault.activities.at/result?searchterm=true&search=schl%E4ger" "Mozilla/5.0 (Windows NT 10.0; WOW64; Trident/7.0; rv:11.0) like Gecko"
80.123.225.38 - - [19/Dec/2019:11:41:10 +0100] "GET /reload?ser=1576752070623 HTTP/1.1" 200 28 "http://renault.activities.at/aboutus" "Mozilla/5.0 (Windows NT 10.0; Win64; x64; rv:71.0) Gecko/20100101 Firefox/71.0"
80.123.225.38 - - [19/Dec/2019:11:41:21 +0100] "GET /reload?ser=1576752081963 HTTP/1.1" 200 28 "http://renault.activities.at/orders?limit=10&page=1" "Mozilla/5.0 (Windows NT 10.0; Win64; x64) AppleWebKit/537.36 (KHTML, like Gecko) Chrome/79.0.3945.88 Safari/537.36"
178.188.249.126 - - [19/Dec/2019:11:41:24 +0100] "GET /reload?ser=1576752081903 HTTP/1.1" 200 28 "http://renault.activities.at/cart?datachange=true" "Mozilla/5.0 (Windows NT 6.1; WOW64; Trident/7.0; MASBJS; rv:11.0) like Gecko"
212.152.246.134 - - [19/Dec/2019:11:42:00 +0100] "GET /reload?ser=1576752120818 HTTP/1.1" 200 28 "http://renault.activities.at/result?searchterm=true&search=schl%E4ger" "Mozilla/5.0 (Windows NT 10.0; WOW64; Trident/7.0; rv:11.0) like Gecko"
80.123.225.38 - - [19/Dec/2019:11:42:11 +0100] "GET /reload?ser=1576752131640 HTTP/1.1" 200 28 "http://renault.activities.at/aboutus" "Mozilla/5.0 (Windows NT 10.0; Win64; x64; rv:71.0) Gecko/20100101 Firefox/71.0"
80.123.225.38 - - [19/Dec/2019:11:42:22 +0100] "GET /reload?ser=1576752142936 HTTP/1.1" 200 28 "http://renault.activities.at/orders?limit=10&page=1" "Mozilla/5.0 (Windows NT 10.0; Win64; x64) AppleWebKit/537.36 (KHTML, like Gecko) Chrome/79.0.3945.88 Safari/537.36"
178.188.249.126 - - [19/Dec/2019:11:42:25 +0100] "GET /reload?ser=1576752142877 HTTP/1.1" 200 28 "http://renault.activities.at/cart?datachange=true" "Mozilla/5.0 (Windows NT 6.1; WOW64; Trident/7.0; MASBJS; rv:11.0) like Gecko"
212.152.246.134 - - [19/Dec/2019:11:43:01 +0100] "GET /reload?ser=1576752181833 HTTP/1.1" 200 28 "http://renault.activities.at/result?searchterm=true&search=schl%E4ger" "Mozilla/5.0 (Windows NT 10.0; WOW64; Trident/7.0; rv:11.0) like Gecko"
80.123.225.38 - - [19/Dec/2019:11:43:12 +0100] "GET /reload?ser=1576752192627 HTTP/1.1" 200 28 "http://renault.activities.at/aboutus" "Mozilla/5.0 (Windows NT 10.0; Win64; x64; rv:71.0) Gecko/20100101 Firefox/71.0"
80.123.225.38 - - [19/Dec/2019:11:43:23 +0100] "GET /reload?ser=1576752203902 HTTP/1.1" 200 28 "http://renault.activities.at/orders?limit=10&page=1" "Mozilla/5.0 (Windows NT 10.0; Win64; x64) AppleWebKit/537.36 (KHTML, like Gecko) Chrome/79.0.3945.88 Safari/537.36"
178.188.249.126 - - [19/Dec/2019:11:43:26 +0100] "GET /reload?ser=1576752203852 HTTP/1.1" 200 28 "http://renault.activities.at/cart?datachange=true" "Mozilla/5.0 (Windows NT 6.1; WOW64; Trident/7.0; MASBJS; rv:11.0) like Gecko"
212.152.246.134 - - [19/Dec/2019:11:44:02 +0100] "GET /reload?ser=1576752242865 HTTP/1.1" 200 28 "http://renault.activities.at/result?searchterm=true&search=schl%E4ger" "Mozilla/5.0 (Windows NT 10.0; WOW64; Trident/7.0; rv:11.0) like Gecko"
80.123.225.38 - - [19/Dec/2019:11:44:13 +0100] "GET /reload?ser=1576752253583 HTTP/1.1" 200 28 "http://renault.activities.at/aboutus" "Mozilla/5.0 (Windows NT 10.0; Win64; x64; rv:71.0) Gecko/20100101 Firefox/71.0"
80.123.225.38 - - [19/Dec/2019:11:44:24 +0100] "GET /reload?ser=1576752264813 HTTP/1.1" 200 28 "http://renault.activities.at/orders?limit=10&page=1" "Mozilla/5.0 (Windows NT 10.0; Win64; x64) AppleWebKit/537.36 (KHTML, like Gecko) Chrome/79.0.3945.88 Safari/537.36"
178.188.249.126 - - [19/Dec/2019:11:44:27 +0100] "GET /reload?ser=1576752264835 HTTP/1.1" 200 28 "http://renault.activities.at/cart?datachange=true" "Mozilla/5.0 (Windows NT 6.1; WOW64; Trident/7.0; MASBJS; rv:11.0) like Gecko"
212.152.246.134 - - [19/Dec/2019:11:45:03 +0100] "GET /reload?ser=1576752303880 HTTP/1.1" 200 28 "http://renault.activities.at/result?searchterm=true&search=schl%E4ger" "Mozilla/5.0 (Windows NT 10.0; WOW64; Trident/7.0; rv:11.0) like Gecko"
80.123.225.38 - - [19/Dec/2019:11:45:14 +0100] "GET /reload?ser=1576752314601 HTTP/1.1" 200 28 "http://renault.activities.at/aboutus" "Mozilla/5.0 (Windows NT 10.0; Win64; x64; rv:71.0) Gecko/20100101 Firefox/71.0"
80.123.225.38 - - [19/Dec/2019:11:45:25 +0100] "GET /reload?ser=1576752325782 HTTP/1.1" 200 28 "http://renault.activities.at/orders?limit=10&page=1" "Mozilla/5.0 (Windows NT 10.0; Win64; x64) AppleWebKit/537.36 (KHTML, like Gecko) Chrome/79.0.3945.88 Safari/537.36"
178.188.249.126 - - [19/Dec/2019:11:45:28 +0100] "GET /reload?ser=1576752325782 HTTP/1.1" 200 28 "http://renault.activities.at/cart?datachange=true" "Mozilla/5.0 (Windows NT 6.1; WOW64; Trident/7.0; MASBJS; rv:11.0) like Gecko"
212.152.246.134 - - [19/Dec/2019:11:46:04 +0100] "GET /reload?ser=1576752364864 HTTP/1.1" 200 28 "http://renault.activities.at/result?searchterm=true&search=schl%E4ger" "Mozilla/5.0 (Windows NT 10.0; WOW64; Trident/7.0; rv:11.0) like Gecko"
80.123.225.38 - - [19/Dec/2019:11:46:15 +0100] "GET /reload?ser=1576752375557 HTTP/1.1" 200 28 "http://renault.activities.at/aboutus" "Mozilla/5.0 (Windows NT 10.0; Win64; x64; rv:71.0) Gecko/20100101 Firefox/71.0"
80.123.225.38 - - [19/Dec/2019:11:46:26 +0100] "GET /reload?ser=1576752386703 HTTP/1.1" 200 28 "http://renault.activities.at/orders?limit=10&page=1" "Mozilla/5.0 (Windows NT 10.0; Win64; x64) AppleWebKit/537.36 (KHTML, like Gecko) Chrome/79.0.3945.88 Safari/537.36"
178.188.249.126 - - [19/Dec/2019:11:46:29 +0100] "GET /reload?ser=1576752386719 HTTP/1.1" 200 28 "http://renault.activities.at/cart?datachange=true" "Mozilla/5.0 (Windows NT 6.1; WOW64; Trident/7.0; MASBJS; rv:11.0) like Gecko"
212.152.246.134 - - [19/Dec/2019:11:47:05 +0100] "GET /reload?ser=1576752425880 HTTP/1.1" 200 28 "http://renault.activities.at/result?searchterm=true&search=schl%E4ger" "Mozilla/5.0 (Windows NT 10.0; WOW64; Trident/7.0; rv:11.0) like Gecko"
80.123.225.38 - - [19/Dec/2019:11:47:16 +0100] "GET /reload?ser=1576752436542 HTTP/1.1" 200 28 "http://renault.activities.at/aboutus" "Mozilla/5.0 (Windows NT 10.0; Win64; x64; rv:71.0) Gecko/20100101 Firefox/71.0"
80.123.225.38 - - [19/Dec/2019:11:47:27 +0100] "GET /reload?ser=1576752447639 HTTP/1.1" 200 28 "http://renault.activities.at/orders?limit=10&page=1" "Mozilla/5.0 (Windows NT 10.0; Win64; x64) AppleWebKit/537.36 (KHTML, like Gecko) Chrome/79.0.3945.88 Safari/537.36"
178.188.249.126 - - [19/Dec/2019:11:47:30 +0100] "GET /reload?ser=1576752447702 HTTP/1.1" 200 28 "http://renault.activities.at/cart?datachange=true" "Mozilla/5.0 (Windows NT 6.1; WOW64; Trident/7.0; MASBJS; rv:11.0) like Gecko"
212.152.246.134 - - [19/Dec/2019:11:48:06 +0100] "GET /reload?ser=1576752486912 HTTP/1.1" 200 28 "http://renault.activities.at/result?searchterm=true&search=schl%E4ger" "Mozilla/5.0 (Windows NT 10.0; WOW64; Trident/7.0; rv:11.0) like Gecko"
80.123.225.38 - - [19/Dec/2019:11:48:17 +0100] "GET /reload?ser=1576752497529 HTTP/1.1" 200 28 "http://renault.activities.at/aboutus" "Mozilla/5.0 (Windows NT 10.0; Win64; x64; rv:71.0) Gecko/20100101 Firefox/71.0"
80.123.225.38 - - [19/Dec/2019:11:48:28 +0100] "GET /reload?ser=1576752508627 HTTP/1.1" 200 28 "http://renault.activities.at/orders?limit=10&page=1" "Mozilla/5.0 (Windows NT 10.0; Win64; x64) AppleWebKit/537.36 (KHTML, like Gecko) Chrome/79.0.3945.88 Safari/537.36"
178.188.249.126 - - [19/Dec/2019:11:48:31 +0100] "GET /reload?ser=1576752508692 HTTP/1.1" 200 28 "http://renault.activities.at/cart?datachange=true" "Mozilla/5.0 (Windows NT 6.1; WOW64; Trident/7.0; MASBJS; rv:11.0) like Gecko"
212.152.246.134 - - [19/Dec/2019:11:49:07 +0100] "GET /reload?ser=1576752547943 HTTP/1.1" 200 28 "http://renault.activities.at/result?searchterm=true&search=schl%E4ger" "Mozilla/5.0 (Windows NT 10.0; WOW64; Trident/7.0; rv:11.0) like Gecko"
80.123.225.38 - - [19/Dec/2019:11:49:18 +0100] "GET /reload?ser=1576752558501 HTTP/1.1" 200 28 "http://renault.activities.at/aboutus" "Mozilla/5.0 (Windows NT 10.0; Win64; x64; rv:71.0) Gecko/20100101 Firefox/71.0"
80.123.225.38 - - [19/Dec/2019:11:49:29 +0100] "GET /reload?ser=1576752569637 HTTP/1.1" 200 28 "http://renault.activities.at/orders?limit=10&page=1" "Mozilla/5.0 (Windows NT 10.0; Win64; x64) AppleWebKit/537.36 (KHTML, like Gecko) Chrome/79.0.3945.88 Safari/537.36"
178.188.249.126 - - [19/Dec/2019:11:49:32 +0100] "GET /reload?ser=1576752569668 HTTP/1.1" 200 28 "http://renault.activities.at/cart?datachange=true" "Mozilla/5.0 (Windows NT 6.1; WOW64; Trident/7.0; MASBJS; rv:11.0) like Gecko"
212.152.246.134 - - [19/Dec/2019:11:50:08 +0100] "GET /reload?ser=1576752608959 HTTP/1.1" 200 28 "http://renault.activities.at/result?searchterm=true&search=schl%E4ger" "Mozilla/5.0 (Windows NT 10.0; WOW64; Trident/7.0; rv:11.0) like Gecko"
80.123.225.38 - - [19/Dec/2019:11:50:19 +0100] "GET /reload?ser=1576752619487 HTTP/1.1" 200 28 "http://renault.activities.at/aboutus" "Mozilla/5.0 (Windows NT 10.0; Win64; x64; rv:71.0) Gecko/20100101 Firefox/71.0"
80.123.225.38 - - [19/Dec/2019:11:50:30 +0100] "GET /reload?ser=1576752630580 HTTP/1.1" 200 28 "http://renault.activities.at/orders?limit=10&page=1" "Mozilla/5.0 (Windows NT 10.0; Win64; x64) AppleWebKit/537.36 (KHTML, like Gecko) Chrome/79.0.3945.88 Safari/537.36"
178.188.249.126 - - [19/Dec/2019:11:50:33 +0100] "GET /reload?ser=1576752630634 HTTP/1.1" 200 28 "http://renault.activities.at/cart?datachange=true" "Mozilla/5.0 (Windows NT 6.1; WOW64; Trident/7.0; MASBJS; rv:11.0) like Gecko"
212.152.246.134 - - [19/Dec/2019:11:51:09 +0100] "GET /reload?ser=1576752669959 HTTP/1.1" 200 28 "http://renault.activities.at/result?searchterm=true&search=schl%E4ger" "Mozilla/5.0 (Windows NT 10.0; WOW64; Trident/7.0; rv:11.0) like Gecko"
80.123.225.38 - - [19/Dec/2019:11:51:20 +0100] "GET /reload?ser=1576752680458 HTTP/1.1" 200 28 "http://renault.activities.at/aboutus" "Mozilla/5.0 (Windows NT 10.0; Win64; x64; rv:71.0) Gecko/20100101 Firefox/71.0"
80.123.225.38 - - [19/Dec/2019:11:51:31 +0100] "GET /reload?ser=1576752691523 HTTP/1.1" 200 28 "http://renault.activities.at/orders?limit=10&page=1" "Mozilla/5.0 (Windows NT 10.0; Win64; x64) AppleWebKit/537.36 (KHTML, like Gecko) Chrome/79.0.3945.88 Safari/537.36"
178.188.249.126 - - [19/Dec/2019:11:51:34 +0100] "GET /reload?ser=1576752691569 HTTP/1.1" 200 28 "http://renault.activities.at/cart?datachange=true" "Mozilla/5.0 (Windows NT 6.1; WOW64; Trident/7.0; MASBJS; rv:11.0) like Gecko"
212.152.246.134 - - [19/Dec/2019:11:52:10 +0100] "GET /reload?ser=1576752730989 HTTP/1.1" 200 28 "http://renault.activities.at/result?searchterm=true&search=schl%E4ger" "Mozilla/5.0 (Windows NT 10.0; WOW64; Trident/7.0; rv:11.0) like Gecko"
80.123.225.38 - - [19/Dec/2019:11:52:21 +0100] "GET /reload?ser=1576752741424 HTTP/1.1" 200 28 "http://renault.activities.at/aboutus" "Mozilla/5.0 (Windows NT 10.0; Win64; x64; rv:71.0) Gecko/20100101 Firefox/71.0"
80.123.225.38 - - [19/Dec/2019:11:52:32 +0100] "GET /reload?ser=1576752752446 HTTP/1.1" 200 28 "http://renault.activities.at/orders?limit=10&page=1" "Mozilla/5.0 (Windows NT 10.0; Win64; x64) AppleWebKit/537.36 (KHTML, like Gecko) Chrome/79.0.3945.88 Safari/537.36"
178.188.249.126 - - [19/Dec/2019:11:52:35 +0100] "GET /reload?ser=1576752752541 HTTP/1.1" 200 28 "http://renault.activities.at/cart?datachange=true" "Mozilla/5.0 (Windows NT 6.1; WOW64; Trident/7.0; MASBJS; rv:11.0) like Gecko"
212.152.246.134 - - [19/Dec/2019:11:53:11 +0100] "GET /reload?ser=1576752791990 HTTP/1.1" 200 28 "http://renault.activities.at/result?searchterm=true&search=schl%E4ger" "Mozilla/5.0 (Windows NT 10.0; WOW64; Trident/7.0; rv:11.0) like Gecko"
80.123.225.38 - - [19/Dec/2019:11:53:22 +0100] "GET /reload?ser=1576752802411 HTTP/1.1" 200 28 "http://renault.activities.at/aboutus" "Mozilla/5.0 (Windows NT 10.0; Win64; x64; rv:71.0) Gecko/20100101 Firefox/71.0"
80.123.225.38 - - [19/Dec/2019:11:53:33 +0100] "GET /reload?ser=1576752813408 HTTP/1.1" 200 28 "http://renault.activities.at/orders?limit=10&page=1" "Mozilla/5.0 (Windows NT 10.0; Win64; x64) AppleWebKit/537.36 (KHTML, like Gecko) Chrome/79.0.3945.88 Safari/537.36"
178.188.249.126 - - [19/Dec/2019:11:53:36 +0100] "GET /reload?ser=1576752813511 HTTP/1.1" 200 28 "http://renault.activities.at/cart?datachange=true" "Mozilla/5.0 (Windows NT 6.1; WOW64; Trident/7.0; MASBJS; rv:11.0) like Gecko"
212.152.246.134 - - [19/Dec/2019:11:54:12 +0100] "GET /reload?ser=1576752853021 HTTP/1.1" 200 28 "http://renault.activities.at/result?searchterm=true&search=schl%E4ger" "Mozilla/5.0 (Windows NT 10.0; WOW64; Trident/7.0; rv:11.0) like Gecko"
80.123.225.38 - - [19/Dec/2019:11:54:23 +0100] "GET /reload?ser=1576752863382 HTTP/1.1" 200 28 "http://renault.activities.at/aboutus" "Mozilla/5.0 (Windows NT 10.0; Win64; x64; rv:71.0) Gecko/20100101 Firefox/71.0"
80.123.225.38 - - [19/Dec/2019:11:54:34 +0100] "GET /reload?ser=1576752874368 HTTP/1.1" 200 28 "http://renault.activities.at/orders?limit=10&page=1" "Mozilla/5.0 (Windows NT 10.0; Win64; x64) AppleWebKit/537.36 (KHTML, like Gecko) Chrome/79.0.3945.88 Safari/537.36"
178.188.249.126 - - [19/Dec/2019:11:54:37 +0100] "GET /reload?ser=1576752874452 HTTP/1.1" 200 28 "http://renault.activities.at/cart?datachange=true" "Mozilla/5.0 (Windows NT 6.1; WOW64; Trident/7.0; MASBJS; rv:11.0) like Gecko"
212.152.246.134 - - [19/Dec/2019:11:55:13 +0100] "GET /reload?ser=1576752914021 HTTP/1.1" 200 28 "http://renault.activities.at/result?searchterm=true&search=schl%E4ger" "Mozilla/5.0 (Windows NT 10.0; WOW64; Trident/7.0; rv:11.0) like Gecko"
80.123.225.38 - - [19/Dec/2019:11:55:24 +0100] "GET /reload?ser=1576752924353 HTTP/1.1" 200 28 "http://renault.activities.at/aboutus" "Mozilla/5.0 (Windows NT 10.0; Win64; x64; rv:71.0) Gecko/20100101 Firefox/71.0"
80.123.225.38 - - [19/Dec/2019:11:55:35 +0100] "GET /reload?ser=1576752935328 HTTP/1.1" 200 28 "http://renault.activities.at/orders?limit=10&page=1" "Mozilla/5.0 (Windows NT 10.0; Win64; x64) AppleWebKit/537.36 (KHTML, like Gecko) Chrome/79.0.3945.88 Safari/537.36"
178.188.249.126 - - [19/Dec/2019:11:55:38 +0100] "GET /reload?ser=1576752935413 HTTP/1.1" 200 28 "http://renault.activities.at/cart?datachange=true" "Mozilla/5.0 (Windows NT 6.1; WOW64; Trident/7.0; MASBJS; rv:11.0) like Gecko"
212.152.246.134 - - [19/Dec/2019:11:56:14 +0100] "GET /reload?ser=1576752975053 HTTP/1.1" 200 28 "http://renault.activities.at/result?searchterm=true&search=schl%E4ger" "Mozilla/5.0 (Windows NT 10.0; WOW64; Trident/7.0; rv:11.0) like Gecko"
80.123.225.38 - - [19/Dec/2019:11:56:25 +0100] "GET /reload?ser=1576752985325 HTTP/1.1" 200 28 "http://renault.activities.at/aboutus" "Mozilla/5.0 (Windows NT 10.0; Win64; x64; rv:71.0) Gecko/20100101 Firefox/71.0"
80.123.225.38 - - [19/Dec/2019:11:56:36 +0100] "GET /reload?ser=1576752996271 HTTP/1.1" 200 28 "http://renault.activities.at/orders?limit=10&page=1" "Mozilla/5.0 (Windows NT 10.0; Win64; x64) AppleWebKit/537.36 (KHTML, like Gecko) Chrome/79.0.3945.88 Safari/537.36"
178.188.249.126 - - [19/Dec/2019:11:56:39 +0100] "GET /reload?ser=1576752996385 HTTP/1.1" 200 28 "http://renault.activities.at/cart?datachange=true" "Mozilla/5.0 (Windows NT 6.1; WOW64; Trident/7.0; MASBJS; rv:11.0) like Gecko"
212.152.246.134 - - [19/Dec/2019:11:57:15 +0100] "GET /reload?ser=1576753036036 HTTP/1.1" 200 28 "http://renault.activities.at/result?searchterm=true&search=schl%E4ger" "Mozilla/5.0 (Windows NT 10.0; WOW64; Trident/7.0; rv:11.0) like Gecko"
80.123.225.38 - - [19/Dec/2019:11:57:26 +0100] "GET /reload?ser=1576753046311 HTTP/1.1" 200 28 "http://renault.activities.at/aboutus" "Mozilla/5.0 (Windows NT 10.0; Win64; x64; rv:71.0) Gecko/20100101 Firefox/71.0"
80.123.225.38 - - [19/Dec/2019:11:57:37 +0100] "GET /reload?ser=1576753057195 HTTP/1.1" 200 28 "http://renault.activities.at/orders?limit=10&page=1" "Mozilla/5.0 (Windows NT 10.0; Win64; x64) AppleWebKit/537.36 (KHTML, like Gecko) Chrome/79.0.3945.88 Safari/537.36"
178.188.249.126 - - [19/Dec/2019:11:57:40 +0100] "GET /reload?ser=1576753057345 HTTP/1.1" 200 28 "http://renault.activities.at/cart?datachange=true" "Mozilla/5.0 (Windows NT 6.1; WOW64; Trident/7.0; MASBJS; rv:11.0) like Gecko"
212.152.246.134 - - [19/Dec/2019:11:58:16 +0100] "GET /reload?ser=1576753097021 HTTP/1.1" 200 28 "http://renault.activities.at/result?searchterm=true&search=schl%E4ger" "Mozilla/5.0 (Windows NT 10.0; WOW64; Trident/7.0; rv:11.0) like Gecko"
80.123.225.38 - - [19/Dec/2019:11:58:27 +0100] "GET /reload?ser=1576753107304 HTTP/1.1" 200 28 "http://renault.activities.at/aboutus" "Mozilla/5.0 (Windows NT 10.0; Win64; x64; rv:71.0) Gecko/20100101 Firefox/71.0"
80.123.225.38 - - [19/Dec/2019:11:58:38 +0100] "GET /reload?ser=1576753118160 HTTP/1.1" 200 28 "http://renault.activities.at/orders?limit=10&page=1" "Mozilla/5.0 (Windows NT 10.0; Win64; x64) AppleWebKit/537.36 (KHTML, like Gecko) Chrome/79.0.3945.88 Safari/537.36"
178.188.249.126 - - [19/Dec/2019:11:58:41 +0100] "GET /reload?ser=1576753118319 HTTP/1.1" 200 28 "http://renault.activities.at/cart?datachange=true" "Mozilla/5.0 (Windows NT 6.1; WOW64; Trident/7.0; MASBJS; rv:11.0) like Gecko"
212.152.246.134 - - [19/Dec/2019:11:59:17 +0100] "GET /reload?ser=1576753158068 HTTP/1.1" 200 28 "http://renault.activities.at/result?searchterm=true&search=schl%E4ger" "Mozilla/5.0 (Windows NT 10.0; WOW64; Trident/7.0; rv:11.0) like Gecko"
80.123.225.38 - - [19/Dec/2019:11:59:28 +0100] "GET /reload?ser=1576753168291 HTTP/1.1" 200 28 "http://renault.activities.at/aboutus" "Mozilla/5.0 (Windows NT 10.0; Win64; x64; rv:71.0) Gecko/20100101 Firefox/71.0"
80.123.225.38 - - [19/Dec/2019:11:59:39 +0100] "GET /reload?ser=1576753179113 HTTP/1.1" 200 28 "http://renault.activities.at/orders?limit=10&page=1" "Mozilla/5.0 (Windows NT 10.0; Win64; x64) AppleWebKit/537.36 (KHTML, like Gecko) Chrome/79.0.3945.88 Safari/537.36"
178.188.249.126 - - [19/Dec/2019:11:59:42 +0100] "GET /reload?ser=1576753179292 HTTP/1.1" 200 28 "http://renault.activities.at/cart?datachange=true" "Mozilla/5.0 (Windows NT 6.1; WOW64; Trident/7.0; MASBJS; rv:11.0) like Gecko"
80.80.251.48 - - [19/Dec/2019:11:59:52 +0100] "GET / HTTP/1.1" 200 3380 "-" "Mozilla/5.0 (Windows NT 10.0; WOW64; Trident/7.0; rv:11.0) like Gecko"
80.80.251.48 - - [19/Dec/2019:11:59:53 +0100] "GET /js/default.js HTTP/1.1" 200 14698 "http://renault.activities.at/" "Mozilla/5.0 (Windows NT 10.0; WOW64; Trident/7.0; rv:11.0) like Gecko"
80.80.251.48 - - [19/Dec/2019:11:59:53 +0100] "GET /css/reset.css HTTP/1.1" 200 1356 "http://renault.activities.at/" "Mozilla/5.0 (Windows NT 10.0; WOW64; Trident/7.0; rv:11.0) like Gecko"
80.80.251.48 - - [19/Dec/2019:11:59:53 +0100] "GET /js/flashdetection.js HTTP/1.1" 200 1059 "http://renault.activities.at/" "Mozilla/5.0 (Windows NT 10.0; WOW64; Trident/7.0; rv:11.0) like Gecko"
80.80.251.48 - - [19/Dec/2019:11:59:53 +0100] "GET /css/clears.css HTTP/1.1" 200 851 "http://renault.activities.at/" "Mozilla/5.0 (Windows NT 10.0; WOW64; Trident/7.0; rv:11.0) like Gecko"
80.80.251.48 - - [19/Dec/2019:11:59:53 +0100] "GET /css/styles.css HTTP/1.1" 200 14664 "http://renault.activities.at/" "Mozilla/5.0 (Windows NT 10.0; WOW64; Trident/7.0; rv:11.0) like Gecko"
80.80.251.48 - - [19/Dec/2019:11:59:53 +0100] "GET /css/print.css HTTP/1.1" 200 543 "http://renault.activities.at/" "Mozilla/5.0 (Windows NT 10.0; WOW64; Trident/7.0; rv:11.0) like Gecko"
80.80.251.48 - - [19/Dec/2019:11:59:53 +0100] "GET /js/checkout.css HTTP/1.1" 200 359 "http://renault.activities.at/" "Mozilla/5.0 (Windows NT 10.0; WOW64; Trident/7.0; rv:11.0) like Gecko"
80.80.251.48 - - [19/Dec/2019:11:59:53 +0100] "GET /css/prototip.css HTTP/1.1" 200 968 "http://renault.activities.at/" "Mozilla/5.0 (Windows NT 10.0; WOW64; Trident/7.0; rv:11.0) like Gecko"
80.80.251.48 - - [19/Dec/2019:11:59:53 +0100] "GET /css/themes/default.css HTTP/1.1" 200 769 "http://renault.activities.at/" "Mozilla/5.0 (Windows NT 10.0; WOW64; Trident/7.0; rv:11.0) like Gecko"
80.80.251.48 - - [19/Dec/2019:11:59:53 +0100] "GET /css/themes/alphacube.css HTTP/1.1" 200 743 "http://renault.activities.at/" "Mozilla/5.0 (Windows NT 10.0; WOW64; Trident/7.0; rv:11.0) like Gecko"
80.80.251.48 - - [19/Dec/2019:11:59:53 +0100] "GET /js/index.php?c=auto&f=,prototype/prototype.js,prototype/validation.js,scriptaculous/builder.js,scriptaculous/effects.js,scriptaculous/dragdrop.js,scriptaculous/controls.js,scriptaculous/slider.js,varien/js.js,varien/form.js,varien/menu.js,mage/translate.js,mage/cookies.js,varien/product.js,spinner/SpinnerControl.jsmin.js,prototype/window.js,prototype/window_ext.js HTTP/1.1" 200 94182 "http://renault.activities.at/" "Mozilla/5.0 (Windows NT 10.0; WOW64; Trident/7.0; rv:11.0) like Gecko"
80.80.251.48 - - [19/Dec/2019:11:59:53 +0100] "GET /images/main_block_corner_left_bot.gif HTTP/1.1" 200 159 "http://renault.activities.at/" "Mozilla/5.0 (Windows NT 10.0; WOW64; Trident/7.0; rv:11.0) like Gecko"
80.80.251.48 - - [19/Dec/2019:11:59:53 +0100] "GET /images/main_block_corner_right_bot.gif HTTP/1.1" 200 158 "http://renault.activities.at/" "Mozilla/5.0 (Windows NT 10.0; WOW64; Trident/7.0; rv:11.0) like Gecko"
80.80.251.48 - - [19/Dec/2019:11:59:53 +0100] "GET /images/main_block_border.gif HTTP/1.1" 200 43 "http://renault.activities.at/" "Mozilla/5.0 (Windows NT 10.0; WOW64; Trident/7.0; rv:11.0) like Gecko"
80.80.251.48 - - [19/Dec/2019:11:59:53 +0100] "GET /images/header_block_corner_right_top.gif HTTP/1.1" 200 160 "http://renault.activities.at/" "Mozilla/5.0 (Windows NT 10.0; WOW64; Trident/7.0; rv:11.0) like Gecko"
80.80.251.48 - - [19/Dec/2019:11:59:53 +0100] "GET /images/header_block_corner_left_top.gif HTTP/1.1" 200 160 "http://renault.activities.at/" "Mozilla/5.0 (Windows NT 10.0; WOW64; Trident/7.0; rv:11.0) like Gecko"
80.80.251.48 - - [19/Dec/2019:11:59:53 +0100] "GET /images/header_block_border.gif HTTP/1.1" 200 43 "http://renault.activities.at/" "Mozilla/5.0 (Windows NT 10.0; WOW64; Trident/7.0; rv:11.0) like Gecko"
80.80.251.48 - - [19/Dec/2019:11:59:53 +0100] "GET /images/favicon.ico HTTP/1.1" 404 305 "-" "Mozilla/5.0 (Windows NT 10.0; Win64; x64; Trident/7.0; rv:11.0) like Gecko"
80.80.251.48 - - [19/Dec/2019:11:59:53 +0100] "GET /images/main_block_corner_left_top.gif HTTP/1.1" 200 159 "http://renault.activities.at/" "Mozilla/5.0 (Windows NT 10.0; WOW64; Trident/7.0; rv:11.0) like Gecko"
80.80.251.48 - - [19/Dec/2019:11:59:53 +0100] "GET /images/main_block_corner_right_top.gif HTTP/1.1" 200 159 "http://renault.activities.at/" "Mozilla/5.0 (Windows NT 10.0; WOW64; Trident/7.0; rv:11.0) like Gecko"
80.80.251.48 - - [19/Dec/2019:11:59:53 +0100] "GET /images/title_border_top.jpg HTTP/1.1" 200 336 "http://renault.activities.at/" "Mozilla/5.0 (Windows NT 10.0; WOW64; Trident/7.0; rv:11.0) like Gecko"
80.80.251.48 - - [19/Dec/2019:11:59:53 +0100] "GET /images/title_border.jpg HTTP/1.1" 200 304 "http://renault.activities.at/" "Mozilla/5.0 (Windows NT 10.0; WOW64; Trident/7.0; rv:11.0) like Gecko"
80.80.251.48 - - [19/Dec/2019:11:59:53 +0100] "GET /images/title_corner_left_top.jpg HTTP/1.1" 200 372 "http://renault.activities.at/" "Mozilla/5.0 (Windows NT 10.0; WOW64; Trident/7.0; rv:11.0) like Gecko"
80.80.251.48 - - [19/Dec/2019:11:59:53 +0100] "GET /images/title_corner_right_top.jpg HTTP/1.1" 200 389 "http://renault.activities.at/" "Mozilla/5.0 (Windows NT 10.0; WOW64; Trident/7.0; rv:11.0) like Gecko"
80.80.251.48 - - [19/Dec/2019:11:59:53 +0100] "GET /loadthumbnail.php?id=11127982 HTTP/1.1" 200 399614 "http://renault.activities.at/" "Mozilla/5.0 (Windows NT 10.0; WOW64; Trident/7.0; rv:11.0) like Gecko"
212.152.246.134 - - [19/Dec/2019:12:00:18 +0100] "GET /reload?ser=1576753219115 HTTP/1.1" 200 28 "http://renault.activities.at/result?searchterm=true&search=schl%E4ger" "Mozilla/5.0 (Windows NT 10.0; WOW64; Trident/7.0; rv:11.0) like Gecko"
80.123.225.38 - - [19/Dec/2019:12:00:29 +0100] "GET /reload?ser=1576753229293 HTTP/1.1" 200 28 "http://renault.activities.at/aboutus" "Mozilla/5.0 (Windows NT 10.0; Win64; x64; rv:71.0) Gecko/20100101 Firefox/71.0"
80.123.225.38 - - [19/Dec/2019:12:00:40 +0100] "GET /reload?ser=1576753240051 HTTP/1.1" 200 28 "http://renault.activities.at/orders?limit=10&page=1" "Mozilla/5.0 (Windows NT 10.0; Win64; x64) AppleWebKit/537.36 (KHTML, like Gecko) Chrome/79.0.3945.88 Safari/537.36"
178.188.249.126 - - [19/Dec/2019:12:00:43 +0100] "GET /reload?ser=1576753240292 HTTP/1.1" 200 28 "http://renault.activities.at/cart?datachange=true" "Mozilla/5.0 (Windows NT 6.1; WOW64; Trident/7.0; MASBJS; rv:11.0) like Gecko"
80.80.251.48 - - [19/Dec/2019:12:00:53 +0100] "GET /reload?ser=1576753253481 HTTP/1.1" 200 28 "http://renault.activities.at/" "Mozilla/5.0 (Windows NT 10.0; WOW64; Trident/7.0; rv:11.0) like Gecko"
212.152.246.134 - - [19/Dec/2019:12:01:19 +0100] "GET /reload?ser=1576753280147 HTTP/1.1" 200 28 "http://renault.activities.at/result?searchterm=true&search=schl%E4ger" "Mozilla/5.0 (Windows NT 10.0; WOW64; Trident/7.0; rv:11.0) like Gecko"
80.123.225.38 - - [19/Dec/2019:12:01:30 +0100] "GET /reload?ser=1576753290280 HTTP/1.1" 200 28 "http://renault.activities.at/aboutus" "Mozilla/5.0 (Windows NT 10.0; Win64; x64; rv:71.0) Gecko/20100101 Firefox/71.0"
80.123.225.38 - - [19/Dec/2019:12:01:41 +0100] "GET /reload?ser=1576753301238 HTTP/1.1" 200 28 "http://renault.activities.at/orders?limit=10&page=1" "Mozilla/5.0 (Windows NT 10.0; Win64; x64) AppleWebKit/537.36 (KHTML, like Gecko) Chrome/79.0.3945.88 Safari/537.36"
178.188.249.126 - - [19/Dec/2019:12:01:44 +0100] "GET /reload?ser=1576753301284 HTTP/1.1" 200 28 "http://renault.activities.at/cart?datachange=true" "Mozilla/5.0 (Windows NT 6.1; WOW64; Trident/7.0; MASBJS; rv:11.0) like Gecko"
80.80.251.48 - - [19/Dec/2019:12:01:54 +0100] "GET /reload?ser=1576753314158 HTTP/1.1" 200 28 "http://renault.activities.at/" "Mozilla/5.0 (Windows NT 10.0; WOW64; Trident/7.0; rv:11.0) like Gecko"
212.152.246.134 - - [19/Dec/2019:12:02:20 +0100] "GET /reload?ser=1576753341178 HTTP/1.1" 200 28 "http://renault.activities.at/result?searchterm=true&search=schl%E4ger" "Mozilla/5.0 (Windows NT 10.0; WOW64; Trident/7.0; rv:11.0) like Gecko"
80.123.225.38 - - [19/Dec/2019:12:02:31 +0100] "GET /reload?ser=1576753351268 HTTP/1.1" 200 28 "http://renault.activities.at/aboutus" "Mozilla/5.0 (Windows NT 10.0; Win64; x64; rv:71.0) Gecko/20100101 Firefox/71.0"
80.123.225.38 - - [19/Dec/2019:12:02:42 +0100] "GET /reload?ser=1576753362238 HTTP/1.1" 200 28 "http://renault.activities.at/orders?limit=10&page=1" "Mozilla/5.0 (Windows NT 10.0; Win64; x64) AppleWebKit/537.36 (KHTML, like Gecko) Chrome/79.0.3945.88 Safari/537.36"
178.188.249.126 - - [19/Dec/2019:12:02:45 +0100] "GET /reload?ser=1576753362254 HTTP/1.1" 200 28 "http://renault.activities.at/cart?datachange=true" "Mozilla/5.0 (Windows NT 6.1; WOW64; Trident/7.0; MASBJS; rv:11.0) like Gecko"
80.80.251.48 - - [19/Dec/2019:12:02:55 +0100] "GET /reload?ser=1576753374855 HTTP/1.1" 200 28 "http://renault.activities.at/" "Mozilla/5.0 (Windows NT 10.0; WOW64; Trident/7.0; rv:11.0) like Gecko"
212.152.246.134 - - [19/Dec/2019:12:03:21 +0100] "GET /reload?ser=1576753402163 HTTP/1.1" 200 28 "http://renault.activities.at/result?searchterm=true&search=schl%E4ger" "Mozilla/5.0 (Windows NT 10.0; WOW64; Trident/7.0; rv:11.0) like Gecko"
80.123.225.38 - - [19/Dec/2019:12:03:32 +0100] "GET /reload?ser=1576753412223 HTTP/1.1" 200 28 "http://renault.activities.at/aboutus" "Mozilla/5.0 (Windows NT 10.0; Win64; x64; rv:71.0) Gecko/20100101 Firefox/71.0"
80.123.225.38 - - [19/Dec/2019:12:03:43 +0100] "GET /reload?ser=1576753423238 HTTP/1.1" 200 28 "http://renault.activities.at/orders?limit=10&page=1" "Mozilla/5.0 (Windows NT 10.0; Win64; x64) AppleWebKit/537.36 (KHTML, like Gecko) Chrome/79.0.3945.88 Safari/537.36"
178.188.249.126 - - [19/Dec/2019:12:03:46 +0100] "GET /reload?ser=1576753423231 HTTP/1.1" 200 28 "http://renault.activities.at/cart?datachange=true" "Mozilla/5.0 (Windows NT 6.1; WOW64; Trident/7.0; MASBJS; rv:11.0) like Gecko"
80.80.251.48 - - [19/Dec/2019:12:03:55 +0100] "GET /reload?ser=1576753435525 HTTP/1.1" 200 28 "http://renault.activities.at/" "Mozilla/5.0 (Windows NT 10.0; WOW64; Trident/7.0; rv:11.0) like Gecko"
212.152.246.134 - - [19/Dec/2019:12:04:22 +0100] "GET /reload?ser=1576753463163 HTTP/1.1" 200 28 "http://renault.activities.at/result?searchterm=true&search=schl%E4ger" "Mozilla/5.0 (Windows NT 10.0; WOW64; Trident/7.0; rv:11.0) like Gecko"
80.123.225.38 - - [19/Dec/2019:12:04:33 +0100] "GET /reload?ser=1576753473195 HTTP/1.1" 200 28 "http://renault.activities.at/aboutus" "Mozilla/5.0 (Windows NT 10.0; Win64; x64; rv:71.0) Gecko/20100101 Firefox/71.0"
80.123.225.38 - - [19/Dec/2019:12:04:44 +0100] "GET /reload?ser=1576753484238 HTTP/1.1" 200 28 "http://renault.activities.at/orders?limit=10&page=1" "Mozilla/5.0 (Windows NT 10.0; Win64; x64) AppleWebKit/537.36 (KHTML, like Gecko) Chrome/79.0.3945.88 Safari/537.36"
178.188.249.126 - - [19/Dec/2019:12:04:47 +0100] "GET /reload?ser=1576753484171 HTTP/1.1" 200 28 "http://renault.activities.at/cart?datachange=true" "Mozilla/5.0 (Windows NT 6.1; WOW64; Trident/7.0; MASBJS; rv:11.0) like Gecko"
80.80.251.48 - - [19/Dec/2019:12:04:56 +0100] "GET /reload?ser=1576753496220 HTTP/1.1" 200 28 "http://renault.activities.at/" "Mozilla/5.0 (Windows NT 10.0; WOW64; Trident/7.0; rv:11.0) like Gecko"
212.152.246.134 - - [19/Dec/2019:12:05:23 +0100] "GET /reload?ser=1576753524209 HTTP/1.1" 200 28 "http://renault.activities.at/result?searchterm=true&search=schl%E4ger" "Mozilla/5.0 (Windows NT 10.0; WOW64; Trident/7.0; rv:11.0) like Gecko"
80.123.225.38 - - [19/Dec/2019:12:05:34 +0100] "GET /reload?ser=1576753534167 HTTP/1.1" 200 28 "http://renault.activities.at/aboutus" "Mozilla/5.0 (Windows NT 10.0; Win64; x64; rv:71.0) Gecko/20100101 Firefox/71.0"
80.123.225.38 - - [19/Dec/2019:12:05:45 +0100] "GET /reload?ser=1576753545239 HTTP/1.1" 200 28 "http://renault.activities.at/orders?limit=10&page=1" "Mozilla/5.0 (Windows NT 10.0; Win64; x64) AppleWebKit/537.36 (KHTML, like Gecko) Chrome/79.0.3945.88 Safari/537.36"
178.188.249.126 - - [19/Dec/2019:12:05:48 +0100] "GET /reload?ser=1576753545125 HTTP/1.1" 200 28 "http://renault.activities.at/cart?datachange=true" "Mozilla/5.0 (Windows NT 6.1; WOW64; Trident/7.0; MASBJS; rv:11.0) like Gecko"
80.80.251.48 - - [19/Dec/2019:12:05:57 +0100] "GET /reload?ser=1576753556900 HTTP/1.1" 200 28 "http://renault.activities.at/" "Mozilla/5.0 (Windows NT 10.0; WOW64; Trident/7.0; rv:11.0) like Gecko"
212.152.246.134 - - [19/Dec/2019:12:06:24 +0100] "GET /reload?ser=1576753585240 HTTP/1.1" 200 28 "http://renault.activities.at/result?searchterm=true&search=schl%E4ger" "Mozilla/5.0 (Windows NT 10.0; WOW64; Trident/7.0; rv:11.0) like Gecko"
80.123.225.38 - - [19/Dec/2019:12:06:35 +0100] "GET /reload?ser=1576753595186 HTTP/1.1" 200 28 "http://renault.activities.at/aboutus" "Mozilla/5.0 (Windows NT 10.0; Win64; x64; rv:71.0) Gecko/20100101 Firefox/71.0"
80.123.225.38 - - [19/Dec/2019:12:06:46 +0100] "GET /reload?ser=1576753606238 HTTP/1.1" 200 28 "http://renault.activities.at/orders?limit=10&page=1" "Mozilla/5.0 (Windows NT 10.0; Win64; x64) AppleWebKit/537.36 (KHTML, like Gecko) Chrome/79.0.3945.88 Safari/537.36"
178.188.249.126 - - [19/Dec/2019:12:06:49 +0100] "GET /reload?ser=1576753606101 HTTP/1.1" 200 28 "http://renault.activities.at/cart?datachange=true" "Mozilla/5.0 (Windows NT 6.1; WOW64; Trident/7.0; MASBJS; rv:11.0) like Gecko"
80.80.251.48 - - [19/Dec/2019:12:06:57 +0100] "GET /reload?ser=1576753617572 HTTP/1.1" 200 28 "http://renault.activities.at/" "Mozilla/5.0 (Windows NT 10.0; WOW64; Trident/7.0; rv:11.0) like Gecko"
212.152.246.134 - - [19/Dec/2019:12:07:25 +0100] "GET /reload?ser=1576753646240 HTTP/1.1" 200 28 "http://renault.activities.at/result?searchterm=true&search=schl%E4ger" "Mozilla/5.0 (Windows NT 10.0; WOW64; Trident/7.0; rv:11.0) like Gecko"
80.123.225.38 - - [19/Dec/2019:12:07:36 +0100] "GET /reload?ser=1576753656174 HTTP/1.1" 200 28 "http://renault.activities.at/aboutus" "Mozilla/5.0 (Windows NT 10.0; Win64; x64; rv:71.0) Gecko/20100101 Firefox/71.0"
80.123.225.38 - - [19/Dec/2019:12:07:47 +0100] "GET /reload?ser=1576753667238 HTTP/1.1" 200 28 "http://renault.activities.at/orders?limit=10&page=1" "Mozilla/5.0 (Windows NT 10.0; Win64; x64) AppleWebKit/537.36 (KHTML, like Gecko) Chrome/79.0.3945.88 Safari/537.36"
178.188.249.126 - - [19/Dec/2019:12:07:50 +0100] "GET /reload?ser=1576753667072 HTTP/1.1" 200 28 "http://renault.activities.at/cart?datachange=true" "Mozilla/5.0 (Windows NT 6.1; WOW64; Trident/7.0; MASBJS; rv:11.0) like Gecko"
80.80.251.48 - - [19/Dec/2019:12:07:58 +0100] "GET /reload?ser=1576753678252 HTTP/1.1" 200 28 "http://renault.activities.at/" "Mozilla/5.0 (Windows NT 10.0; WOW64; Trident/7.0; rv:11.0) like Gecko"
212.152.246.134 - - [19/Dec/2019:12:08:26 +0100] "GET /reload?ser=1576753707225 HTTP/1.1" 200 28 "http://renault.activities.at/result?searchterm=true&search=schl%E4ger" "Mozilla/5.0 (Windows NT 10.0; WOW64; Trident/7.0; rv:11.0) like Gecko"
80.123.225.38 - - [19/Dec/2019:12:08:37 +0100] "GET /reload?ser=1576753717177 HTTP/1.1" 200 28 "http://renault.activities.at/aboutus" "Mozilla/5.0 (Windows NT 10.0; Win64; x64; rv:71.0) Gecko/20100101 Firefox/71.0"
80.123.225.38 - - [19/Dec/2019:12:08:48 +0100] "GET /reload?ser=1576753728238 HTTP/1.1" 200 28 "http://renault.activities.at/orders?limit=10&page=1" "Mozilla/5.0 (Windows NT 10.0; Win64; x64) AppleWebKit/537.36 (KHTML, like Gecko) Chrome/79.0.3945.88 Safari/537.36"
178.188.249.126 - - [19/Dec/2019:12:08:50 +0100] "GET /reload?ser=1576753728053 HTTP/1.1" 200 28 "http://renault.activities.at/cart?datachange=true" "Mozilla/5.0 (Windows NT 6.1; WOW64; Trident/7.0; MASBJS; rv:11.0) like Gecko"
80.80.251.48 - - [19/Dec/2019:12:08:59 +0100] "GET /reload?ser=1576753738918 HTTP/1.1" 200 28 "http://renault.activities.at/" "Mozilla/5.0 (Windows NT 10.0; WOW64; Trident/7.0; rv:11.0) like Gecko"
212.152.246.134 - - [19/Dec/2019:12:09:27 +0100] "GET /reload?ser=1576753768256 HTTP/1.1" 200 28 "http://renault.activities.at/result?searchterm=true&search=schl%E4ger" "Mozilla/5.0 (Windows NT 10.0; WOW64; Trident/7.0; rv:11.0) like Gecko"
80.123.225.38 - - [19/Dec/2019:12:09:38 +0100] "GET /reload?ser=1576753778195 HTTP/1.1" 200 28 "http://renault.activities.at/aboutus" "Mozilla/5.0 (Windows NT 10.0; Win64; x64; rv:71.0) Gecko/20100101 Firefox/71.0"
80.123.225.38 - - [19/Dec/2019:12:09:49 +0100] "GET /reload?ser=1576753789240 HTTP/1.1" 200 28 "http://renault.activities.at/orders?limit=10&page=1" "Mozilla/5.0 (Windows NT 10.0; Win64; x64) AppleWebKit/537.36 (KHTML, like Gecko) Chrome/79.0.3945.88 Safari/537.36"
178.188.249.126 - - [19/Dec/2019:12:09:51 +0100] "GET /reload?ser=1576753789021 HTTP/1.1" 200 28 "http://renault.activities.at/cart?datachange=true" "Mozilla/5.0 (Windows NT 6.1; WOW64; Trident/7.0; MASBJS; rv:11.0) like Gecko"
80.80.251.48 - - [19/Dec/2019:12:09:59 +0100] "GET /reload?ser=1576753799591 HTTP/1.1" 200 28 "http://renault.activities.at/" "Mozilla/5.0 (Windows NT 10.0; WOW64; Trident/7.0; rv:11.0) like Gecko"
212.152.246.134 - - [19/Dec/2019:12:10:28 +0100] "GET /reload?ser=1576753829255 HTTP/1.1" 200 28 "http://renault.activities.at/result?searchterm=true&search=schl%E4ger" "Mozilla/5.0 (Windows NT 10.0; WOW64; Trident/7.0; rv:11.0) like Gecko"
80.123.225.38 - - [19/Dec/2019:12:10:39 +0100] "GET /reload?ser=1576753839183 HTTP/1.1" 200 28 "http://renault.activities.at/aboutus" "Mozilla/5.0 (Windows NT 10.0; Win64; x64; rv:71.0) Gecko/20100101 Firefox/71.0"
80.123.225.38 - - [19/Dec/2019:12:10:50 +0100] "GET /reload?ser=1576753850241 HTTP/1.1" 200 28 "http://renault.activities.at/orders?limit=10&page=1" "Mozilla/5.0 (Windows NT 10.0; Win64; x64) AppleWebKit/537.36 (KHTML, like Gecko) Chrome/79.0.3945.88 Safari/537.36"
178.188.249.126 - - [19/Dec/2019:12:10:52 +0100] "GET /reload?ser=1576753850004 HTTP/1.1" 200 28 "http://renault.activities.at/cart?datachange=true" "Mozilla/5.0 (Windows NT 6.1; WOW64; Trident/7.0; MASBJS; rv:11.0) like Gecko"
80.80.251.48 - - [19/Dec/2019:12:11:00 +0100] "GET /reload?ser=1576753860282 HTTP/1.1" 200 28 "http://renault.activities.at/" "Mozilla/5.0 (Windows NT 10.0; WOW64; Trident/7.0; rv:11.0) like Gecko"
212.152.246.134 - - [19/Dec/2019:12:11:29 +0100] "GET /reload?ser=1576753890303 HTTP/1.1" 200 28 "http://renault.activities.at/result?searchterm=true&search=schl%E4ger" "Mozilla/5.0 (Windows NT 10.0; WOW64; Trident/7.0; rv:11.0) like Gecko"
80.123.225.38 - - [19/Dec/2019:12:11:40 +0100] "GET /reload?ser=1576753900140 HTTP/1.1" 200 28 "http://renault.activities.at/aboutus" "Mozilla/5.0 (Windows NT 10.0; Win64; x64; rv:71.0) Gecko/20100101 Firefox/71.0"
80.123.225.38 - - [19/Dec/2019:12:11:51 +0100] "GET /reload?ser=1576753911242 HTTP/1.1" 200 28 "http://renault.activities.at/orders?limit=10&page=1" "Mozilla/5.0 (Windows NT 10.0; Win64; x64) AppleWebKit/537.36 (KHTML, like Gecko) Chrome/79.0.3945.88 Safari/537.36"
178.188.249.126 - - [19/Dec/2019:12:11:53 +0100] "GET /reload?ser=1576753910981 HTTP/1.1" 200 28 "http://renault.activities.at/cart?datachange=true" "Mozilla/5.0 (Windows NT 6.1; WOW64; Trident/7.0; MASBJS; rv:11.0) like Gecko"
80.80.251.48 - - [19/Dec/2019:12:12:01 +0100] "GET /reload?ser=1576753920966 HTTP/1.1" 200 28 "http://renault.activities.at/" "Mozilla/5.0 (Windows NT 10.0; WOW64; Trident/7.0; rv:11.0) like Gecko"
212.152.246.134 - - [19/Dec/2019:12:12:30 +0100] "GET /reload?ser=1576753951318 HTTP/1.1" 200 28 "http://renault.activities.at/result?searchterm=true&search=schl%E4ger" "Mozilla/5.0 (Windows NT 10.0; WOW64; Trident/7.0; rv:11.0) like Gecko"
80.123.225.38 - - [19/Dec/2019:12:12:41 +0100] "GET /reload?ser=1576753961123 HTTP/1.1" 200 28 "http://renault.activities.at/aboutus" "Mozilla/5.0 (Windows NT 10.0; Win64; x64; rv:71.0) Gecko/20100101 Firefox/71.0"
80.123.225.38 - - [19/Dec/2019:12:12:52 +0100] "GET /reload?ser=1576753972243 HTTP/1.1" 200 28 "http://renault.activities.at/orders?limit=10&page=1" "Mozilla/5.0 (Windows NT 10.0; Win64; x64) AppleWebKit/537.36 (KHTML, like Gecko) Chrome/79.0.3945.88 Safari/537.36"
178.188.249.126 - - [19/Dec/2019:12:12:54 +0100] "GET /reload?ser=1576753971937 HTTP/1.1" 200 28 "http://renault.activities.at/cart?datachange=true" "Mozilla/5.0 (Windows NT 6.1; WOW64; Trident/7.0; MASBJS; rv:11.0) like Gecko"
80.80.251.48 - - [19/Dec/2019:12:13:01 +0100] "GET /reload?ser=1576753981641 HTTP/1.1" 200 28 "http://renault.activities.at/" "Mozilla/5.0 (Windows NT 10.0; WOW64; Trident/7.0; rv:11.0) like Gecko"
212.152.246.134 - - [19/Dec/2019:12:13:31 +0100] "GET /reload?ser=1576754012319 HTTP/1.1" 200 28 "http://renault.activities.at/result?searchterm=true&search=schl%E4ger" "Mozilla/5.0 (Windows NT 10.0; WOW64; Trident/7.0; rv:11.0) like Gecko"
80.123.225.38 - - [19/Dec/2019:12:13:42 +0100] "GET /reload?ser=1576754022158 HTTP/1.1" 200 28 "http://renault.activities.at/aboutus" "Mozilla/5.0 (Windows NT 10.0; Win64; x64; rv:71.0) Gecko/20100101 Firefox/71.0"
80.123.225.38 - - [19/Dec/2019:12:13:53 +0100] "GET /reload?ser=1576754033244 HTTP/1.1" 200 28 "http://renault.activities.at/orders?limit=10&page=1" "Mozilla/5.0 (Windows NT 10.0; Win64; x64) AppleWebKit/537.36 (KHTML, like Gecko) Chrome/79.0.3945.88 Safari/537.36"
178.188.249.126 - - [19/Dec/2019:12:13:55 +0100] "GET /reload?ser=1576754032877 HTTP/1.1" 200 28 "http://renault.activities.at/cart?datachange=true" "Mozilla/5.0 (Windows NT 6.1; WOW64; Trident/7.0; MASBJS; rv:11.0) like Gecko"
80.80.251.48 - - [19/Dec/2019:12:14:02 +0100] "GET /reload?ser=1576754042319 HTTP/1.1" 200 28 "http://renault.activities.at/" "Mozilla/5.0 (Windows NT 10.0; WOW64; Trident/7.0; rv:11.0) like Gecko"
212.152.246.134 - - [19/Dec/2019:12:14:32 +0100] "GET /reload?ser=1576754073350 HTTP/1.1" 200 28 "http://renault.activities.at/result?searchterm=true&search=schl%E4ger" "Mozilla/5.0 (Windows NT 10.0; WOW64; Trident/7.0; rv:11.0) like Gecko"
80.123.225.38 - - [19/Dec/2019:12:14:43 +0100] "GET /reload?ser=1576754083128 HTTP/1.1" 200 28 "http://renault.activities.at/aboutus" "Mozilla/5.0 (Windows NT 10.0; Win64; x64; rv:71.0) Gecko/20100101 Firefox/71.0"
80.123.225.38 - - [19/Dec/2019:12:14:54 +0100] "GET /reload?ser=1576754094245 HTTP/1.1" 200 28 "http://renault.activities.at/orders?limit=10&page=1" "Mozilla/5.0 (Windows NT 10.0; Win64; x64) AppleWebKit/537.36 (KHTML, like Gecko) Chrome/79.0.3945.88 Safari/537.36"
178.188.249.126 - - [19/Dec/2019:12:14:56 +0100] "GET /reload?ser=1576754093862 HTTP/1.1" 200 28 "http://renault.activities.at/cart?datachange=true" "Mozilla/5.0 (Windows NT 6.1; WOW64; Trident/7.0; MASBJS; rv:11.0) like Gecko"
80.80.251.48 - - [19/Dec/2019:12:15:03 +0100] "GET /reload?ser=1576754103010 HTTP/1.1" 200 28 "http://renault.activities.at/" "Mozilla/5.0 (Windows NT 10.0; WOW64; Trident/7.0; rv:11.0) like Gecko"
212.152.246.134 - - [19/Dec/2019:12:15:33 +0100] "GET /reload?ser=1576754134365 HTTP/1.1" 200 28 "http://renault.activities.at/result?searchterm=true&search=schl%E4ger" "Mozilla/5.0 (Windows NT 10.0; WOW64; Trident/7.0; rv:11.0) like Gecko"
80.123.225.38 - - [19/Dec/2019:12:15:44 +0100] "GET /reload?ser=1576754144115 HTTP/1.1" 200 28 "http://renault.activities.at/aboutus" "Mozilla/5.0 (Windows NT 10.0; Win64; x64; rv:71.0) Gecko/20100101 Firefox/71.0"
80.123.225.38 - - [19/Dec/2019:12:15:55 +0100] "GET /reload?ser=1576754155247 HTTP/1.1" 200 28 "http://renault.activities.at/orders?limit=10&page=1" "Mozilla/5.0 (Windows NT 10.0; Win64; x64) AppleWebKit/537.36 (KHTML, like Gecko) Chrome/79.0.3945.88 Safari/537.36"
178.188.249.126 - - [19/Dec/2019:12:15:57 +0100] "GET /reload?ser=1576754154812 HTTP/1.1" 200 28 "http://renault.activities.at/cart?datachange=true" "Mozilla/5.0 (Windows NT 6.1; WOW64; Trident/7.0; MASBJS; rv:11.0) like Gecko"
80.80.251.48 - - [19/Dec/2019:12:16:03 +0100] "GET /reload?ser=1576754163687 HTTP/1.1" 200 28 "http://renault.activities.at/" "Mozilla/5.0 (Windows NT 10.0; WOW64; Trident/7.0; rv:11.0) like Gecko"
212.152.246.134 - - [19/Dec/2019:12:16:34 +0100] "GET /reload?ser=1576754195365 HTTP/1.1" 200 28 "http://renault.activities.at/result?searchterm=true&search=schl%E4ger" "Mozilla/5.0 (Windows NT 10.0; WOW64; Trident/7.0; rv:11.0) like Gecko"
80.123.225.38 - - [19/Dec/2019:12:16:45 +0100] "GET /reload?ser=1576754205117 HTTP/1.1" 200 28 "http://renault.activities.at/aboutus" "Mozilla/5.0 (Windows NT 10.0; Win64; x64; rv:71.0) Gecko/20100101 Firefox/71.0"
80.123.225.38 - - [19/Dec/2019:12:16:56 +0100] "GET /reload?ser=1576754216248 HTTP/1.1" 200 28 "http://renault.activities.at/orders?limit=10&page=1" "Mozilla/5.0 (Windows NT 10.0; Win64; x64) AppleWebKit/537.36 (KHTML, like Gecko) Chrome/79.0.3945.88 Safari/537.36"
178.188.249.126 - - [19/Dec/2019:12:16:58 +0100] "GET /reload?ser=1576754215796 HTTP/1.1" 200 28 "http://renault.activities.at/cart?datachange=true" "Mozilla/5.0 (Windows NT 6.1; WOW64; Trident/7.0; MASBJS; rv:11.0) like Gecko"
80.80.251.48 - - [19/Dec/2019:12:17:04 +0100] "GET /reload?ser=1576754224379 HTTP/1.1" 200 28 "http://renault.activities.at/" "Mozilla/5.0 (Windows NT 10.0; WOW64; Trident/7.0; rv:11.0) like Gecko"
212.152.246.134 - - [19/Dec/2019:12:17:35 +0100] "GET /reload?ser=1576754256381 HTTP/1.1" 200 28 "http://renault.activities.at/result?searchterm=true&search=schl%E4ger" "Mozilla/5.0 (Windows NT 10.0; WOW64; Trident/7.0; rv:11.0) like Gecko"
80.123.225.38 - - [19/Dec/2019:12:17:46 +0100] "GET /reload?ser=1576754266120 HTTP/1.1" 200 28 "http://renault.activities.at/aboutus" "Mozilla/5.0 (Windows NT 10.0; Win64; x64; rv:71.0) Gecko/20100101 Firefox/71.0"
80.123.225.38 - - [19/Dec/2019:12:17:57 +0100] "GET /reload?ser=1576754277248 HTTP/1.1" 200 28 "http://renault.activities.at/orders?limit=10&page=1" "Mozilla/5.0 (Windows NT 10.0; Win64; x64) AppleWebKit/537.36 (KHTML, like Gecko) Chrome/79.0.3945.88 Safari/537.36"
178.188.249.126 - - [19/Dec/2019:12:17:59 +0100] "GET /reload?ser=1576754276751 HTTP/1.1" 200 28 "http://renault.activities.at/cart?datachange=true" "Mozilla/5.0 (Windows NT 6.1; WOW64; Trident/7.0; MASBJS; rv:11.0) like Gecko"
80.80.251.48 - - [19/Dec/2019:12:18:05 +0100] "GET /reload?ser=1576754285060 HTTP/1.1" 200 28 "http://renault.activities.at/" "Mozilla/5.0 (Windows NT 10.0; WOW64; Trident/7.0; rv:11.0) like Gecko"
207.46.13.234 - - [19/Dec/2019:12:18:27 +0100] "GET /10260003?dir=DESC&mode=grid&order=name&limit=15&page=3 HTTP/1.1" 200 5902 "-" "Mozilla/5.0 (compatible; bingbot/2.0; +http://www.bing.com/bingbot.htm)"
212.152.246.134 - - [19/Dec/2019:12:18:36 +0100] "GET /reload?ser=1576754317412 HTTP/1.1" 200 28 "http://renault.activities.at/result?searchterm=true&search=schl%E4ger" "Mozilla/5.0 (Windows NT 10.0; WOW64; Trident/7.0; rv:11.0) like Gecko"
80.123.225.38 - - [19/Dec/2019:12:18:47 +0100] "GET /reload?ser=1576754327060 HTTP/1.1" 200 28 "http://renault.activities.at/aboutus" "Mozilla/5.0 (Windows NT 10.0; Win64; x64; rv:71.0) Gecko/20100101 Firefox/71.0"
80.123.225.38 - - [19/Dec/2019:12:18:58 +0100] "GET /reload?ser=1576754338172 HTTP/1.1" 200 28 "http://renault.activities.at/orders?limit=10&page=1" "Mozilla/5.0 (Windows NT 10.0; Win64; x64) AppleWebKit/537.36 (KHTML, like Gecko) Chrome/79.0.3945.88 Safari/537.36"
178.188.249.126 - - [19/Dec/2019:12:19:00 +0100] "GET /reload?ser=1576754337701 HTTP/1.1" 200 28 "http://renault.activities.at/cart?datachange=true" "Mozilla/5.0 (Windows NT 6.1; WOW64; Trident/7.0; MASBJS; rv:11.0) like Gecko"
80.80.251.48 - - [19/Dec/2019:12:19:05 +0100] "GET /reload?ser=1576754345736 HTTP/1.1" 200 28 "http://renault.activities.at/" "Mozilla/5.0 (Windows NT 10.0; WOW64; Trident/7.0; rv:11.0) like Gecko"
212.152.246.134 - - [19/Dec/2019:12:19:37 +0100] "GET /reload?ser=1576754378443 HTTP/1.1" 200 28 "http://renault.activities.at/result?searchterm=true&search=schl%E4ger" "Mozilla/5.0 (Windows NT 10.0; WOW64; Trident/7.0; rv:11.0) like Gecko"
80.123.225.38 - - [19/Dec/2019:12:19:48 +0100] "GET /reload?ser=1576754388063 HTTP/1.1" 200 28 "http://renault.activities.at/aboutus" "Mozilla/5.0 (Windows NT 10.0; Win64; x64; rv:71.0) Gecko/20100101 Firefox/71.0"
80.123.225.38 - - [19/Dec/2019:12:19:59 +0100] "GET /reload?ser=1576754399141 HTTP/1.1" 200 28 "http://renault.activities.at/orders?limit=10&page=1" "Mozilla/5.0 (Windows NT 10.0; Win64; x64) AppleWebKit/537.36 (KHTML, like Gecko) Chrome/79.0.3945.88 Safari/537.36"
178.188.249.126 - - [19/Dec/2019:12:20:01 +0100] "GET /reload?ser=1576754398651 HTTP/1.1" 200 28 "http://renault.activities.at/cart?datachange=true" "Mozilla/5.0 (Windows NT 6.1; WOW64; Trident/7.0; MASBJS; rv:11.0) like Gecko"
80.80.251.48 - - [19/Dec/2019:12:20:06 +0100] "GET /reload?ser=1576754406412 HTTP/1.1" 200 28 "http://renault.activities.at/" "Mozilla/5.0 (Windows NT 10.0; WOW64; Trident/7.0; rv:11.0) like Gecko"
212.152.246.134 - - [19/Dec/2019:12:20:38 +0100] "GET /reload?ser=1576754439459 HTTP/1.1" 200 28 "http://renault.activities.at/result?searchterm=true&search=schl%E4ger" "Mozilla/5.0 (Windows NT 10.0; WOW64; Trident/7.0; rv:11.0) like Gecko"
80.123.225.38 - - [19/Dec/2019:12:20:49 +0100] "GET /reload?ser=1576754449003 HTTP/1.1" 200 28 "http://renault.activities.at/aboutus" "Mozilla/5.0 (Windows NT 10.0; Win64; x64; rv:71.0) Gecko/20100101 Firefox/71.0"
80.123.225.38 - - [19/Dec/2019:12:21:00 +0100] "GET /reload?ser=1576754460066 HTTP/1.1" 200 28 "http://renault.activities.at/orders?limit=10&page=1" "Mozilla/5.0 (Windows NT 10.0; Win64; x64) AppleWebKit/537.36 (KHTML, like Gecko) Chrome/79.0.3945.88 Safari/537.36"
