80.123.105.158 - - [19/Dec/2019:16:36:05 +0100] "POST /axjaxrequest?mode=suggest HTTP/1.1" 200 21 "http://renault.activities.at/result?searchterm=true&search=Vorf%FChrwagenkleber" "Mozilla/5.0 (Windows NT 6.1; Win64; x64; rv:71.0) Gecko/20100101 Firefox/71.0"
80.123.105.158 - - [19/Dec/2019:16:36:06 +0100] "POST /axjaxrequest?mode=suggest HTTP/1.1" 200 21 "http://renault.activities.at/result?searchterm=true&search=Vorf%FChrwagenkleber" "Mozilla/5.0 (Windows NT 6.1; Win64; x64; rv:71.0) Gecko/20100101 Firefox/71.0"
80.123.105.158 - - [19/Dec/2019:16:36:09 +0100] "POST /axjaxrequest?mode=suggest HTTP/1.1" 200 21 "http://renault.activities.at/result?searchterm=true&search=Vorf%FChrwagenkleber" "Mozilla/5.0 (Windows NT 6.1; Win64; x64; rv:71.0) Gecko/20100101 Firefox/71.0"
80.123.105.158 - - [19/Dec/2019:16:36:11 +0100] "POST /axjaxrequest?mode=suggest HTTP/1.1" 200 21 "http://renault.activities.at/result?searchterm=true&search=Vorf%FChrwagenkleber" "Mozilla/5.0 (Windows NT 6.1; Win64; x64; rv:71.0) Gecko/20100101 Firefox/71.0"
80.123.105.158 - - [19/Dec/2019:16:36:12 +0100] "GET /result?searchterm=true&search=Vorf%FChrwagenkleber+neuer+Captur HTTP/1.1" 200 5115 "http://renault.activities.at/result?searchterm=true&search=Vorf%FChrwagenkleber" "Mozilla/5.0 (Windows NT 6.1; Win64; x64; rv:71.0) Gecko/20100101 Firefox/71.0"
80.123.105.158 - - [19/Dec/2019:16:36:21 +0100] "GET /result?searchterm=true&search=Vorf%FChrwagenkleber+Captur HTTP/1.1" 200 8146 "http://renault.activities.at/result?searchterm=true&search=Vorf%FChrwagenkleber+neuer+Captur" "Mozilla/5.0 (Windows NT 6.1; Win64; x64; rv:71.0) Gecko/20100101 Firefox/71.0"
80.123.105.158 - - [19/Dec/2019:16:36:24 +0100] "GET /loadthumbnail.php?id=11181221&width=113 HTTP/1.1" 200 1171 "http://renault.activities.at/result?searchterm=true&search=Vorf%FChrwagenkleber+Captur" "Mozilla/5.0 (Windows NT 6.1; Win64; x64; rv:71.0) Gecko/20100101 Firefox/71.0"
80.123.105.158 - - [19/Dec/2019:16:36:24 +0100] "GET /loadthumbnail.php?id=11181223&width=113 HTTP/1.1" 200 1171 "http://renault.activities.at/result?searchterm=true&search=Vorf%FChrwagenkleber+Captur" "Mozilla/5.0 (Windows NT 6.1; Win64; x64; rv:71.0) Gecko/20100101 Firefox/71.0"
80.123.105.158 - - [19/Dec/2019:16:36:24 +0100] "GET /loadthumbnail.php?id=11194713&width=113 HTTP/1.1" 200 1171 "http://renault.activities.at/result?searchterm=true&search=Vorf%FChrwagenkleber+Captur" "Mozilla/5.0 (Windows NT 6.1; Win64; x64; rv:71.0) Gecko/20100101 Firefox/71.0"
80.123.225.38 - - [19/Dec/2019:16:36:43 +0100] "GET /reload?ser=1576769803311 HTTP/1.1" 200 28 "http://renault.activities.at/result?searchterm=true&search=fahne" "Mozilla/5.0 (Windows NT 10.0; Win64; x64) AppleWebKit/537.36 (KHTML, like Gecko) Chrome/79.0.3945.88 Safari/537.36"
80.123.105.158 - - [19/Dec/2019:16:37:23 +0100] "GET /11194710?print=true HTTP/1.1" 200 2648 "http://renault.activities.at/result?searchterm=true&search=Vorf%FChrwagenkleber+Captur" "Mozilla/5.0 (Windows NT 6.1; Win64; x64; rv:71.0) Gecko/20100101 Firefox/71.0"
80.123.105.158 - - [19/Dec/2019:16:37:26 +0100] "GET /loadthumbnail.php?id=11194713&width=250 HTTP/1.1" 200 2675 "http://renault.activities.at/11194710?print=true" "Mozilla/5.0 (Windows NT 6.1; Win64; x64; rv:71.0) Gecko/20100101 Firefox/71.0"
80.123.105.158 - - [19/Dec/2019:16:37:26 +0100] "GET /loadthumbnail.php?id=11194713&width=900&height=900 HTTP/1.1" 200 10735 "http://renault.activities.at/11194710?print=true" "Mozilla/5.0 (Windows NT 6.1; Win64; x64; rv:71.0) Gecko/20100101 Firefox/71.0"
80.123.105.158 - - [19/Dec/2019:16:37:26 +0100] "GET /loadthumbnail.php?id=11194713&width=250 HTTP/1.1" 200 2675 "http://renault.activities.at/11194710?print=true" "Mozilla/5.0 (Windows NT 6.1; Win64; x64; rv:71.0) Gecko/20100101 Firefox/71.0"
80.123.105.158 - - [19/Dec/2019:16:37:24 +0100] "GET /reload?ser=1576769844591 HTTP/1.1" 200 28 "http://renault.activities.at/result?searchterm=true&search=Vorf%FChrwagenkleber+Captur" "Mozilla/5.0 (Windows NT 6.1; Win64; x64; rv:71.0) Gecko/20100101 Firefox/71.0"
80.123.105.158 - - [19/Dec/2019:16:37:35 +0100] "GET /null HTTP/1.1" 200 3882 "http://renault.activities.at/result?searchterm=true&search=Vorf%FChrwagenkleber+Captur" "Mozilla/5.0 (Windows NT 6.1; Win64; x64; rv:71.0) Gecko/20100101 Firefox/71.0"
80.123.225.38 - - [19/Dec/2019:16:37:44 +0100] "GET /reload?ser=1576769864311 HTTP/1.1" 200 28 "http://renault.activities.at/result?searchterm=true&search=fahne" "Mozilla/5.0 (Windows NT 10.0; Win64; x64) AppleWebKit/537.36 (KHTML, like Gecko) Chrome/79.0.3945.88 Safari/537.36"
80.123.105.158 - - [19/Dec/2019:16:37:48 +0100] "GET /11136542?print=true HTTP/1.1" 200 3011 "http://renault.activities.at/result?searchterm=true&search=Vorf%FChrwagenkleber+Captur" "Mozilla/5.0 (Windows NT 6.1; Win64; x64; rv:71.0) Gecko/20100101 Firefox/71.0"
80.123.105.158 - - [19/Dec/2019:16:37:51 +0100] "GET /loadthumbnail.php?id=11181168&width=250 HTTP/1.1" 200 1639 "http://renault.activities.at/11136542?print=true" "Mozilla/5.0 (Windows NT 6.1; Win64; x64; rv:71.0) Gecko/20100101 Firefox/71.0"
80.123.105.158 - - [19/Dec/2019:16:37:51 +0100] "GET /loadthumbnail.php?id=11181168&width=83 HTTP/1.1" 200 800 "http://renault.activities.at/11136542?print=true" "Mozilla/5.0 (Windows NT 6.1; Win64; x64; rv:71.0) Gecko/20100101 Firefox/71.0"
80.123.105.158 - - [19/Dec/2019:16:37:51 +0100] "GET /loadthumbnail.php?id=11181169&width=83 HTTP/1.1" 200 1469 "http://renault.activities.at/11136542?print=true" "Mozilla/5.0 (Windows NT 6.1; Win64; x64; rv:71.0) Gecko/20100101 Firefox/71.0"
80.123.105.158 - - [19/Dec/2019:16:37:51 +0100] "GET /loadthumbnail.php?id=11181168&width=250 HTTP/1.1" 200 1639 "http://renault.activities.at/11136542?print=true" "Mozilla/5.0 (Windows NT 6.1; Win64; x64; rv:71.0) Gecko/20100101 Firefox/71.0"
80.123.105.158 - - [19/Dec/2019:16:37:51 +0100] "GET /loadthumbnail.php?id=11181168&width=900&height=900 HTTP/1.1" 200 4568 "http://renault.activities.at/11136542?print=true" "Mozilla/5.0 (Windows NT 6.1; Win64; x64; rv:71.0) Gecko/20100101 Firefox/71.0"
80.123.105.158 - - [19/Dec/2019:16:37:52 +0100] "GET /loadthumbnail.php?id=11181169&width=250 HTTP/1.1" 200 6039 "http://renault.activities.at/11136542?print=true" "Mozilla/5.0 (Windows NT 6.1; Win64; x64; rv:71.0) Gecko/20100101 Firefox/71.0"
80.123.105.158 - - [19/Dec/2019:16:38:00 +0100] "GET /null HTTP/1.1" 200 3882 "http://renault.activities.at/result?searchterm=true&search=Vorf%FChrwagenkleber+Captur" "Mozilla/5.0 (Windows NT 6.1; Win64; x64; rv:71.0) Gecko/20100101 Firefox/71.0"
80.123.105.158 - - [19/Dec/2019:16:38:16 +0100] "GET /11136747?print=true HTTP/1.1" 200 3035 "http://renault.activities.at/result?searchterm=true&search=Vorf%FChrwagenkleber+Captur" "Mozilla/5.0 (Windows NT 6.1; Win64; x64; rv:71.0) Gecko/20100101 Firefox/71.0"
80.123.105.158 - - [19/Dec/2019:16:38:19 +0100] "GET /loadthumbnail.php?id=11181221&width=250 HTTP/1.1" 200 2675 "http://renault.activities.at/11136747?print=true" "Mozilla/5.0 (Windows NT 6.1; Win64; x64; rv:71.0) Gecko/20100101 Firefox/71.0"
80.123.105.158 - - [19/Dec/2019:16:38:19 +0100] "GET /loadthumbnail.php?id=11181222&width=83 HTTP/1.1" 200 1669 "http://renault.activities.at/11136747?print=true" "Mozilla/5.0 (Windows NT 6.1; Win64; x64; rv:71.0) Gecko/20100101 Firefox/71.0"
80.123.105.158 - - [19/Dec/2019:16:38:19 +0100] "GET /loadthumbnail.php?id=11181221&width=83 HTTP/1.1" 200 926 "http://renault.activities.at/11136747?print=true" "Mozilla/5.0 (Windows NT 6.1; Win64; x64; rv:71.0) Gecko/20100101 Firefox/71.0"
80.123.105.158 - - [19/Dec/2019:16:38:19 +0100] "GET /loadthumbnail.php?id=11181221&width=250 HTTP/1.1" 200 2675 "http://renault.activities.at/11136747?print=true" "Mozilla/5.0 (Windows NT 6.1; Win64; x64; rv:71.0) Gecko/20100101 Firefox/71.0"
80.123.105.158 - - [19/Dec/2019:16:38:19 +0100] "GET /loadthumbnail.php?id=11181221&width=900&height=900 HTTP/1.1" 200 10735 "http://renault.activities.at/11136747?print=true" "Mozilla/5.0 (Windows NT 6.1; Win64; x64; rv:71.0) Gecko/20100101 Firefox/71.0"
80.123.105.158 - - [19/Dec/2019:16:38:19 +0100] "GET /loadthumbnail.php?id=11181222&width=250 HTTP/1.1" 200 7102 "http://renault.activities.at/11136747?print=true" "Mozilla/5.0 (Windows NT 6.1; Win64; x64; rv:71.0) Gecko/20100101 Firefox/71.0"
80.123.105.158 - - [19/Dec/2019:16:38:27 +0100] "GET /reload?ser=1576769907160 HTTP/1.1" 200 28 "http://renault.activities.at/result?searchterm=true&search=Vorf%FChrwagenkleber+Captur" "Mozilla/5.0 (Windows NT 6.1; Win64; x64; rv:71.0) Gecko/20100101 Firefox/71.0"
80.123.105.158 - - [19/Dec/2019:16:38:35 +0100] "GET /loadthumbnail.php?id=11181222&width=900 HTTP/1.1" 200 48424 "http://renault.activities.at/11136747?print=true" "Mozilla/5.0 (Windows NT 6.1; Win64; x64; rv:71.0) Gecko/20100101 Firefox/71.0"
80.123.225.38 - - [19/Dec/2019:16:38:48 +0100] "GET /reload?ser=1576769928312 HTTP/1.1" 200 28 "http://renault.activities.at/result?searchterm=true&search=fahne" "Mozilla/5.0 (Windows NT 10.0; Win64; x64) AppleWebKit/537.36 (KHTML, like Gecko) Chrome/79.0.3945.88 Safari/537.36"
80.123.105.158 - - [19/Dec/2019:16:39:28 +0100] "GET /reload?ser=1576769968092 HTTP/1.1" 200 28 "http://renault.activities.at/result?searchterm=true&search=Vorf%FChrwagenkleber+Captur" "Mozilla/5.0 (Windows NT 6.1; Win64; x64; rv:71.0) Gecko/20100101 Firefox/71.0"
80.123.225.38 - - [19/Dec/2019:16:39:49 +0100] "GET /reload?ser=1576769989311 HTTP/1.1" 200 28 "http://renault.activities.at/result?searchterm=true&search=fahne" "Mozilla/5.0 (Windows NT 10.0; Win64; x64) AppleWebKit/537.36 (KHTML, like Gecko) Chrome/79.0.3945.88 Safari/537.36"
80.123.105.158 - - [19/Dec/2019:16:40:29 +0100] "GET /reload?ser=1576770029057 HTTP/1.1" 200 28 "http://renault.activities.at/result?searchterm=true&search=Vorf%FChrwagenkleber+Captur" "Mozilla/5.0 (Windows NT 6.1; Win64; x64; rv:71.0) Gecko/20100101 Firefox/71.0"
80.123.225.38 - - [19/Dec/2019:16:40:50 +0100] "GET /reload?ser=1576770050312 HTTP/1.1" 200 28 "http://renault.activities.at/result?searchterm=true&search=fahne" "Mozilla/5.0 (Windows NT 10.0; Win64; x64) AppleWebKit/537.36 (KHTML, like Gecko) Chrome/79.0.3945.88 Safari/537.36"
80.123.105.158 - - [19/Dec/2019:16:41:30 +0100] "GET /reload?ser=1576770090004 HTTP/1.1" 200 28 "http://renault.activities.at/result?searchterm=true&search=Vorf%FChrwagenkleber+Captur" "Mozilla/5.0 (Windows NT 6.1; Win64; x64; rv:71.0) Gecko/20100101 Firefox/71.0"
80.123.225.38 - - [19/Dec/2019:16:41:51 +0100] "GET /reload?ser=1576770111311 HTTP/1.1" 200 28 "http://renault.activities.at/result?searchterm=true&search=fahne" "Mozilla/5.0 (Windows NT 10.0; Win64; x64) AppleWebKit/537.36 (KHTML, like Gecko) Chrome/79.0.3945.88 Safari/537.36"
80.123.105.158 - - [19/Dec/2019:16:42:30 +0100] "GET /reload?ser=1576770150937 HTTP/1.1" 200 28 "http://renault.activities.at/result?searchterm=true&search=Vorf%FChrwagenkleber+Captur" "Mozilla/5.0 (Windows NT 6.1; Win64; x64; rv:71.0) Gecko/20100101 Firefox/71.0"
80.123.225.38 - - [19/Dec/2019:16:42:52 +0100] "GET /reload?ser=1576770172313 HTTP/1.1" 200 28 "http://renault.activities.at/result?searchterm=true&search=fahne" "Mozilla/5.0 (Windows NT 10.0; Win64; x64) AppleWebKit/537.36 (KHTML, like Gecko) Chrome/79.0.3945.88 Safari/537.36"
80.123.105.158 - - [19/Dec/2019:16:43:30 +0100] "GET /null HTTP/1.1" 200 3882 "http://renault.activities.at/result?searchterm=true&search=Vorf%FChrwagenkleber+Captur" "Mozilla/5.0 (Windows NT 6.1; Win64; x64; rv:71.0) Gecko/20100101 Firefox/71.0"
80.123.105.158 - - [19/Dec/2019:16:43:32 +0100] "GET /reload?ser=1576770211976 HTTP/1.1" 200 28 "http://renault.activities.at/result?searchterm=true&search=Vorf%FChrwagenkleber+Captur" "Mozilla/5.0 (Windows NT 6.1; Win64; x64; rv:71.0) Gecko/20100101 Firefox/71.0"
80.123.105.158 - - [19/Dec/2019:16:43:34 +0100] "GET /11136750?print=true HTTP/1.1" 200 3033 "http://renault.activities.at/result?searchterm=true&search=Vorf%FChrwagenkleber+Captur" "Mozilla/5.0 (Windows NT 6.1; Win64; x64; rv:71.0) Gecko/20100101 Firefox/71.0"
80.123.105.158 - - [19/Dec/2019:16:43:37 +0100] "GET /loadthumbnail.php?id=11181223&width=250 HTTP/1.1" 200 2675 "http://renault.activities.at/11136750?print=true" "Mozilla/5.0 (Windows NT 6.1; Win64; x64; rv:71.0) Gecko/20100101 Firefox/71.0"
80.123.105.158 - - [19/Dec/2019:16:43:37 +0100] "GET /loadthumbnail.php?id=11181224&width=83 HTTP/1.1" 200 1669 "http://renault.activities.at/11136750?print=true" "Mozilla/5.0 (Windows NT 6.1; Win64; x64; rv:71.0) Gecko/20100101 Firefox/71.0"
80.123.105.158 - - [19/Dec/2019:16:43:37 +0100] "GET /loadthumbnail.php?id=11181223&width=83 HTTP/1.1" 200 926 "http://renault.activities.at/11136750?print=true" "Mozilla/5.0 (Windows NT 6.1; Win64; x64; rv:71.0) Gecko/20100101 Firefox/71.0"
80.123.105.158 - - [19/Dec/2019:16:43:37 +0100] "GET /loadthumbnail.php?id=11181223&width=900&height=900 HTTP/1.1" 200 10735 "http://renault.activities.at/11136750?print=true" "Mozilla/5.0 (Windows NT 6.1; Win64; x64; rv:71.0) Gecko/20100101 Firefox/71.0"
80.123.105.158 - - [19/Dec/2019:16:43:37 +0100] "GET /loadthumbnail.php?id=11181223&width=250 HTTP/1.1" 200 2675 "http://renault.activities.at/11136750?print=true" "Mozilla/5.0 (Windows NT 6.1; Win64; x64; rv:71.0) Gecko/20100101 Firefox/71.0"
80.123.105.158 - - [19/Dec/2019:16:43:37 +0100] "GET /loadthumbnail.php?id=11181224&width=250 HTTP/1.1" 200 7102 "http://renault.activities.at/11136750?print=true" "Mozilla/5.0 (Windows NT 6.1; Win64; x64; rv:71.0) Gecko/20100101 Firefox/71.0"
80.123.105.158 - - [19/Dec/2019:16:43:53 +0100] "GET /loadthumbnail.php?id=11181224&width=900 HTTP/1.1" 200 48424 "http://renault.activities.at/11136750?print=true" "Mozilla/5.0 (Windows NT 6.1; Win64; x64; rv:71.0) Gecko/20100101 Firefox/71.0"
80.123.225.38 - - [19/Dec/2019:16:43:54 +0100] "GET /reload?ser=1576770234315 HTTP/1.1" 200 28 "http://renault.activities.at/result?searchterm=true&search=fahne" "Mozilla/5.0 (Windows NT 10.0; Win64; x64) AppleWebKit/537.36 (KHTML, like Gecko) Chrome/79.0.3945.88 Safari/537.36"
80.123.105.158 - - [19/Dec/2019:16:44:00 +0100] "GET /null HTTP/1.1" 200 3882 "http://renault.activities.at/result?searchterm=true&search=Vorf%FChrwagenkleber+Captur" "Mozilla/5.0 (Windows NT 6.1; Win64; x64; rv:71.0) Gecko/20100101 Firefox/71.0"
80.123.105.158 - - [19/Dec/2019:16:44:07 +0100] "GET /11136747?print=true HTTP/1.1" 200 3035 "http://renault.activities.at/result?searchterm=true&search=Vorf%FChrwagenkleber+Captur" "Mozilla/5.0 (Windows NT 6.1; Win64; x64; rv:71.0) Gecko/20100101 Firefox/71.0"
80.123.105.158 - - [19/Dec/2019:16:44:14 +0100] "GET /null HTTP/1.1" 200 3882 "http://renault.activities.at/result?searchterm=true&search=Vorf%FChrwagenkleber+Captur" "Mozilla/5.0 (Windows NT 6.1; Win64; x64; rv:71.0) Gecko/20100101 Firefox/71.0"
80.123.105.158 - - [19/Dec/2019:16:44:33 +0100] "GET /reload?ser=1576770272957 HTTP/1.1" 200 28 "http://renault.activities.at/result?searchterm=true&search=Vorf%FChrwagenkleber+Captur" "Mozilla/5.0 (Windows NT 6.1; Win64; x64; rv:71.0) Gecko/20100101 Firefox/71.0"
80.123.105.158 - - [19/Dec/2019:16:44:45 +0100] "POST /axjaxrequest?mode=suggest HTTP/1.1" 200 21 "http://renault.activities.at/result?searchterm=true&search=Vorf%FChrwagenkleber+Captur" "Mozilla/5.0 (Windows NT 6.1; Win64; x64; rv:71.0) Gecko/20100101 Firefox/71.0"
80.123.105.158 - - [19/Dec/2019:16:44:46 +0100] "GET /result?searchterm=true&search=Vorf%FChrwagenkleber+Clio HTTP/1.1" 200 8147 "http://renault.activities.at/result?searchterm=true&search=Vorf%FChrwagenkleber+Captur" "Mozilla/5.0 (Windows NT 6.1; Win64; x64; rv:71.0) Gecko/20100101 Firefox/71.0"
80.123.105.158 - - [19/Dec/2019:16:44:49 +0100] "GET /loadthumbnail.php?id=12094699&width=113 HTTP/1.1" 200 1921 "http://renault.activities.at/result?searchterm=true&search=Vorf%FChrwagenkleber+Clio" "Mozilla/5.0 (Windows NT 6.1; Win64; x64; rv:71.0) Gecko/20100101 Firefox/71.0"
80.123.105.158 - - [19/Dec/2019:16:44:49 +0100] "GET /loadthumbnail.php?id=12094698&width=113 HTTP/1.1" 200 1921 "http://renault.activities.at/result?searchterm=true&search=Vorf%FChrwagenkleber+Clio" "Mozilla/5.0 (Windows NT 6.1; Win64; x64; rv:71.0) Gecko/20100101 Firefox/71.0"
80.123.225.38 - - [19/Dec/2019:16:44:55 +0100] "GET /reload?ser=1576770295317 HTTP/1.1" 200 28 "http://renault.activities.at/result?searchterm=true&search=fahne" "Mozilla/5.0 (Windows NT 10.0; Win64; x64) AppleWebKit/537.36 (KHTML, like Gecko) Chrome/79.0.3945.88 Safari/537.36"
80.123.105.158 - - [19/Dec/2019:16:45:00 +0100] "GET /11136660?print=true HTTP/1.1" 200 2933 "http://renault.activities.at/result?searchterm=true&search=Vorf%FChrwagenkleber+Clio" "Mozilla/5.0 (Windows NT 6.1; Win64; x64; rv:71.0) Gecko/20100101 Firefox/71.0"
80.123.105.158 - - [19/Dec/2019:16:45:01 +0100] "GET /loadthumbnail.php?id=12094699&width=250 HTTP/1.1" 200 5495 "http://renault.activities.at/11136660?print=true" "Mozilla/5.0 (Windows NT 6.1; Win64; x64; rv:71.0) Gecko/20100101 Firefox/71.0"
80.123.105.158 - - [19/Dec/2019:16:45:49 +0100] "GET /reload?ser=1576770349552 HTTP/1.1" 200 28 "http://renault.activities.at/result?searchterm=true&search=Vorf%FChrwagenkleber+Clio" "Mozilla/5.0 (Windows NT 6.1; Win64; x64; rv:71.0) Gecko/20100101 Firefox/71.0"
80.123.225.38 - - [19/Dec/2019:16:45:57 +0100] "GET /reload?ser=1576770357318 HTTP/1.1" 200 28 "http://renault.activities.at/result?searchterm=true&search=fahne" "Mozilla/5.0 (Windows NT 10.0; Win64; x64) AppleWebKit/537.36 (KHTML, like Gecko) Chrome/79.0.3945.88 Safari/537.36"
80.123.105.158 - - [19/Dec/2019:16:46:50 +0100] "GET /reload?ser=1576770410547 HTTP/1.1" 200 28 "http://renault.activities.at/result?searchterm=true&search=Vorf%FChrwagenkleber+Clio" "Mozilla/5.0 (Windows NT 6.1; Win64; x64; rv:71.0) Gecko/20100101 Firefox/71.0"
80.123.225.38 - - [19/Dec/2019:16:46:58 +0100] "GET /reload?ser=1576770418320 HTTP/1.1" 200 28 "http://renault.activities.at/result?searchterm=true&search=fahne" "Mozilla/5.0 (Windows NT 10.0; Win64; x64) AppleWebKit/537.36 (KHTML, like Gecko) Chrome/79.0.3945.88 Safari/537.36"
80.123.105.158 - - [19/Dec/2019:16:47:51 +0100] "GET /reload?ser=1576770471525 HTTP/1.1" 200 28 "http://renault.activities.at/result?searchterm=true&search=Vorf%FChrwagenkleber+Clio" "Mozilla/5.0 (Windows NT 6.1; Win64; x64; rv:71.0) Gecko/20100101 Firefox/71.0"
80.123.225.38 - - [19/Dec/2019:16:47:59 +0100] "GET /reload?ser=1576770479310 HTTP/1.1" 200 28 "http://renault.activities.at/result?searchterm=true&search=fahne" "Mozilla/5.0 (Windows NT 10.0; Win64; x64) AppleWebKit/537.36 (KHTML, like Gecko) Chrome/79.0.3945.88 Safari/537.36"
80.123.105.158 - - [19/Dec/2019:16:48:52 +0100] "GET /reload?ser=1576770532536 HTTP/1.1" 200 28 "http://renault.activities.at/result?searchterm=true&search=Vorf%FChrwagenkleber+Clio" "Mozilla/5.0 (Windows NT 6.1; Win64; x64; rv:71.0) Gecko/20100101 Firefox/71.0"
80.123.225.38 - - [19/Dec/2019:16:49:00 +0100] "GET /reload?ser=1576770540289 HTTP/1.1" 200 28 "http://renault.activities.at/result?searchterm=true&search=fahne" "Mozilla/5.0 (Windows NT 10.0; Win64; x64) AppleWebKit/537.36 (KHTML, like Gecko) Chrome/79.0.3945.88 Safari/537.36"
80.123.105.158 - - [19/Dec/2019:16:49:53 +0100] "GET /reload?ser=1576770593531 HTTP/1.1" 200 28 "http://renault.activities.at/result?searchterm=true&search=Vorf%FChrwagenkleber+Clio" "Mozilla/5.0 (Windows NT 6.1; Win64; x64; rv:71.0) Gecko/20100101 Firefox/71.0"
80.123.225.38 - - [19/Dec/2019:16:50:01 +0100] "GET /reload?ser=1576770601239 HTTP/1.1" 200 28 "http://renault.activities.at/result?searchterm=true&search=fahne" "Mozilla/5.0 (Windows NT 10.0; Win64; x64) AppleWebKit/537.36 (KHTML, like Gecko) Chrome/79.0.3945.88 Safari/537.36"
80.123.105.158 - - [19/Dec/2019:16:50:54 +0100] "GET /reload?ser=1576770654468 HTTP/1.1" 200 28 "http://renault.activities.at/result?searchterm=true&search=Vorf%FChrwagenkleber+Clio" "Mozilla/5.0 (Windows NT 6.1; Win64; x64; rv:71.0) Gecko/20100101 Firefox/71.0"
80.123.225.38 - - [19/Dec/2019:16:51:02 +0100] "GET /reload?ser=1576770662188 HTTP/1.1" 200 28 "http://renault.activities.at/result?searchterm=true&search=fahne" "Mozilla/5.0 (Windows NT 10.0; Win64; x64) AppleWebKit/537.36 (KHTML, like Gecko) Chrome/79.0.3945.88 Safari/537.36"
80.123.105.158 - - [19/Dec/2019:16:51:55 +0100] "GET /reload?ser=1576770715463 HTTP/1.1" 200 28 "http://renault.activities.at/result?searchterm=true&search=Vorf%FChrwagenkleber+Clio" "Mozilla/5.0 (Windows NT 6.1; Win64; x64; rv:71.0) Gecko/20100101 Firefox/71.0"
80.123.225.38 - - [19/Dec/2019:16:52:03 +0100] "GET /reload?ser=1576770723148 HTTP/1.1" 200 28 "http://renault.activities.at/result?searchterm=true&search=fahne" "Mozilla/5.0 (Windows NT 10.0; Win64; x64) AppleWebKit/537.36 (KHTML, like Gecko) Chrome/79.0.3945.88 Safari/537.36"
80.123.105.158 - - [19/Dec/2019:16:52:56 +0100] "GET /reload?ser=1576770776442 HTTP/1.1" 200 28 "http://renault.activities.at/result?searchterm=true&search=Vorf%FChrwagenkleber+Clio" "Mozilla/5.0 (Windows NT 6.1; Win64; x64; rv:71.0) Gecko/20100101 Firefox/71.0"
80.123.105.158 - - [19/Dec/2019:16:53:57 +0100] "GET /reload?ser=1576770837439 HTTP/1.1" 200 28 "http://renault.activities.at/result?searchterm=true&search=Vorf%FChrwagenkleber+Clio" "Mozilla/5.0 (Windows NT 6.1; Win64; x64; rv:71.0) Gecko/20100101 Firefox/71.0"
213.153.47.173 - - [19/Dec/2019:16:54:46 +0100] "GET /layout.php HTTP/1.1" 200 1558 "-" "Mozilla/5.0 (Windows NT 10.0; Win64; x64) AppleWebKit/537.36 (KHTML, like Gecko) Chrome/78.0.3904.108 Safari/537.36 OPR/65.0.3467.72"
213.153.47.173 - - [19/Dec/2019:16:54:47 +0100] "GET /images/favicon.ico HTTP/1.1" 404 305 "-" "Mozilla/5.0 (Windows NT 10.0; Win64; x64) AppleWebKit/537.36 (KHTML, like Gecko) Chrome/78.0.3904.108 Safari/537.36 OPR/65.0.3467.72"
80.123.105.158 - - [19/Dec/2019:16:54:58 +0100] "GET /reload?ser=1576770898467 HTTP/1.1" 200 28 "http://renault.activities.at/result?searchterm=true&search=Vorf%FChrwagenkleber+Clio" "Mozilla/5.0 (Windows NT 6.1; Win64; x64; rv:71.0) Gecko/20100101 Firefox/71.0"
213.153.47.173 - - [19/Dec/2019:16:54:59 +0100] "GET /layout.php HTTP/1.1" 200 1558 "-" "Mozilla/5.0 (Windows NT 10.0; Win64; x64) AppleWebKit/537.36 (KHTML, like Gecko) Chrome/78.0.3904.108 Safari/537.36 OPR/65.0.3467.72"
80.123.105.158 - - [19/Dec/2019:16:55:59 +0100] "GET /reload?ser=1576770959448 HTTP/1.1" 200 28 "http://renault.activities.at/result?searchterm=true&search=Vorf%FChrwagenkleber+Clio" "Mozilla/5.0 (Windows NT 6.1; Win64; x64; rv:71.0) Gecko/20100101 Firefox/71.0"
80.123.105.158 - - [19/Dec/2019:16:57:00 +0100] "GET /reload?ser=1576771020443 HTTP/1.1" 200 28 "http://renault.activities.at/result?searchterm=true&search=Vorf%FChrwagenkleber+Clio" "Mozilla/5.0 (Windows NT 6.1; Win64; x64; rv:71.0) Gecko/20100101 Firefox/71.0"
80.123.105.158 - - [19/Dec/2019:16:58:01 +0100] "GET /reload?ser=1576771081437 HTTP/1.1" 200 28 "http://renault.activities.at/result?searchterm=true&search=Vorf%FChrwagenkleber+Clio" "Mozilla/5.0 (Windows NT 6.1; Win64; x64; rv:71.0) Gecko/20100101 Firefox/71.0"
80.123.105.158 - - [19/Dec/2019:16:59:02 +0100] "GET /reload?ser=1576771142557 HTTP/1.1" 200 28 "http://renault.activities.at/result?searchterm=true&search=Vorf%FChrwagenkleber+Clio" "Mozilla/5.0 (Windows NT 6.1; Win64; x64; rv:71.0) Gecko/20100101 Firefox/71.0"
80.123.105.158 - - [19/Dec/2019:17:00:03 +0100] "GET /reload?ser=1576771203537 HTTP/1.1" 200 28 "http://renault.activities.at/result?searchterm=true&search=Vorf%FChrwagenkleber+Clio" "Mozilla/5.0 (Windows NT 6.1; Win64; x64; rv:71.0) Gecko/20100101 Firefox/71.0"
80.123.105.158 - - [19/Dec/2019:17:01:04 +0100] "GET /reload?ser=1576771264531 HTTP/1.1" 200 28 "http://renault.activities.at/result?searchterm=true&search=Vorf%FChrwagenkleber+Clio" "Mozilla/5.0 (Windows NT 6.1; Win64; x64; rv:71.0) Gecko/20100101 Firefox/71.0"
80.123.105.158 - - [19/Dec/2019:17:02:05 +0100] "GET /reload?ser=1576771325510 HTTP/1.1" 200 28 "http://renault.activities.at/result?searchterm=true&search=Vorf%FChrwagenkleber+Clio" "Mozilla/5.0 (Windows NT 6.1; Win64; x64; rv:71.0) Gecko/20100101 Firefox/71.0"
80.123.105.158 - - [19/Dec/2019:17:02:38 +0100] "GET /null HTTP/1.1" 200 3882 "http://renault.activities.at/result?searchterm=true&search=Vorf%FChrwagenkleber+Clio" "Mozilla/5.0 (Windows NT 6.1; Win64; x64; rv:71.0) Gecko/20100101 Firefox/71.0"
80.123.105.158 - - [19/Dec/2019:17:03:06 +0100] "GET /reload?ser=1576771386505 HTTP/1.1" 200 28 "http://renault.activities.at/result?searchterm=true&search=Vorf%FChrwagenkleber+Clio" "Mozilla/5.0 (Windows NT 6.1; Win64; x64; rv:71.0) Gecko/20100101 Firefox/71.0"
80.123.105.158 - - [19/Dec/2019:17:03:13 +0100] "GET /11136660?print=true HTTP/1.1" 200 2933 "http://renault.activities.at/result?searchterm=true&search=Vorf%FChrwagenkleber+Clio" "Mozilla/5.0 (Windows NT 6.1; Win64; x64; rv:71.0) Gecko/20100101 Firefox/71.0"
80.123.105.158 - - [19/Dec/2019:17:03:25 +0100] "GET /null HTTP/1.1" 200 3882 "http://renault.activities.at/result?searchterm=true&search=Vorf%FChrwagenkleber+Clio" "Mozilla/5.0 (Windows NT 6.1; Win64; x64; rv:71.0) Gecko/20100101 Firefox/71.0"
80.123.105.158 - - [19/Dec/2019:17:03:44 +0100] "GET /11136660?print=true HTTP/1.1" 200 2933 "http://renault.activities.at/result?searchterm=true&search=Vorf%FChrwagenkleber+Clio" "Mozilla/5.0 (Windows NT 6.1; Win64; x64; rv:71.0) Gecko/20100101 Firefox/71.0"
80.123.105.158 - - [19/Dec/2019:17:03:49 +0100] "GET /null HTTP/1.1" 200 3882 "http://renault.activities.at/result?searchterm=true&search=Vorf%FChrwagenkleber+Clio" "Mozilla/5.0 (Windows NT 6.1; Win64; x64; rv:71.0) Gecko/20100101 Firefox/71.0"
80.123.105.158 - - [19/Dec/2019:17:03:53 +0100] "POST /result?searchterm=true&search=Vorf%FChrwagenkleber+Clio HTTP/1.1" 200 8254 "http://renault.activities.at/result?searchterm=true&search=Vorf%FChrwagenkleber+Clio" "Mozilla/5.0 (Windows NT 6.1; Win64; x64; rv:71.0) Gecko/20100101 Firefox/71.0"
80.123.105.158 - - [19/Dec/2019:17:04:11 +0100] "POST /result?searchterm=true&search=Vorf%FChrwagenkleber+Clio HTTP/1.1" 200 8255 "http://renault.activities.at/result?searchterm=true&search=Vorf%FChrwagenkleber+Clio" "Mozilla/5.0 (Windows NT 6.1; Win64; x64; rv:71.0) Gecko/20100101 Firefox/71.0"
80.123.105.158 - - [19/Dec/2019:17:04:24 +0100] "POST /axjaxrequest?mode=suggest HTTP/1.1" 200 21 "http://renault.activities.at/result?searchterm=true&search=Vorf%FChrwagenkleber+Clio" "Mozilla/5.0 (Windows NT 6.1; Win64; x64; rv:71.0) Gecko/20100101 Firefox/71.0"
80.123.105.158 - - [19/Dec/2019:17:04:25 +0100] "POST /axjaxrequest?mode=suggest HTTP/1.1" 200 21 "http://renault.activities.at/result?searchterm=true&search=Vorf%FChrwagenkleber+Clio" "Mozilla/5.0 (Windows NT 6.1; Win64; x64; rv:71.0) Gecko/20100101 Firefox/71.0"
80.123.105.158 - - [19/Dec/2019:17:04:29 +0100] "GET /result?searchterm=true&search=Vorf%FChrwagenkleber+Captur HTTP/1.1" 200 8144 "http://renault.activities.at/result?searchterm=true&search=Vorf%FChrwagenkleber+Clio" "Mozilla/5.0 (Windows NT 6.1; Win64; x64; rv:71.0) Gecko/20100101 Firefox/71.0"
80.123.105.158 - - [19/Dec/2019:17:04:47 +0100] "GET /11136750?print=true HTTP/1.1" 200 3033 "http://renault.activities.at/result?searchterm=true&search=Vorf%FChrwagenkleber+Captur" "Mozilla/5.0 (Windows NT 6.1; Win64; x64; rv:71.0) Gecko/20100101 Firefox/71.0"
80.123.105.158 - - [19/Dec/2019:17:04:49 +0100] "GET /loadthumbnail.php?id=11181224&width=83 HTTP/1.1" 200 1669 "http://renault.activities.at/11136750?print=true" "Mozilla/5.0 (Windows NT 6.1; Win64; x64; rv:71.0) Gecko/20100101 Firefox/71.0"
80.123.105.158 - - [19/Dec/2019:17:04:49 +0100] "GET /loadthumbnail.php?id=11181223&width=83 HTTP/1.1" 200 926 "http://renault.activities.at/11136750?print=true" "Mozilla/5.0 (Windows NT 6.1; Win64; x64; rv:71.0) Gecko/20100101 Firefox/71.0"
80.123.105.158 - - [19/Dec/2019:17:04:49 +0100] "GET /loadthumbnail.php?id=11181223&width=250 HTTP/1.1" 200 2675 "http://renault.activities.at/11136750?print=true" "Mozilla/5.0 (Windows NT 6.1; Win64; x64; rv:71.0) Gecko/20100101 Firefox/71.0"
80.123.105.158 - - [19/Dec/2019:17:04:57 +0100] "POST /11136750?print=true HTTP/1.1" 200 3136 "http://renault.activities.at/11136750?print=true" "Mozilla/5.0 (Windows NT 6.1; Win64; x64; rv:71.0) Gecko/20100101 Firefox/71.0"
80.123.105.158 - - [19/Dec/2019:17:05:03 +0100] "GET /null HTTP/1.1" 200 3882 "http://renault.activities.at/result?searchterm=true&search=Vorf%FChrwagenkleber+Captur" "Mozilla/5.0 (Windows NT 6.1; Win64; x64; rv:71.0) Gecko/20100101 Firefox/71.0"
80.123.105.158 - - [19/Dec/2019:17:05:14 +0100] "GET /checkout HTTP/1.1" 200 20560 "http://renault.activities.at/result?searchterm=true&search=Vorf%FChrwagenkleber+Captur" "Mozilla/5.0 (Windows NT 6.1; Win64; x64; rv:71.0) Gecko/20100101 Firefox/71.0"
80.123.105.158 - - [19/Dec/2019:17:05:21 +0100] "GET /js/checkout2.js HTTP/1.1" 200 4122 "http://renault.activities.at/checkout" "Mozilla/5.0 (Windows NT 6.1; Win64; x64; rv:71.0) Gecko/20100101 Firefox/71.0"
80.123.105.158 - - [19/Dec/2019:17:05:21 +0100] "GET /loadthumbnail.php?id=10202698 HTTP/1.1" 200 16686 "http://renault.activities.at/checkout" "Mozilla/5.0 (Windows NT 6.1; Win64; x64; rv:71.0) Gecko/20100101 Firefox/71.0"
80.123.105.158 - - [19/Dec/2019:17:05:21 +0100] "GET /loadthumbnail.php?id=10201939 HTTP/1.1" 200 201 "http://renault.activities.at/checkout" "Mozilla/5.0 (Windows NT 6.1; Win64; x64; rv:71.0) Gecko/20100101 Firefox/71.0"
80.123.105.158 - - [19/Dec/2019:17:05:22 +0100] "GET /images/step_marker.gif HTTP/1.1" 200 650 "http://renault.activities.at/css/styles.css" "Mozilla/5.0 (Windows NT 6.1; Win64; x64; rv:71.0) Gecko/20100101 Firefox/71.0"
80.123.105.158 - - [19/Dec/2019:17:05:22 +0100] "GET /images/checkout_border_top.gif HTTP/1.1" 200 156 "http://renault.activities.at/css/styles.css" "Mozilla/5.0 (Windows NT 6.1; Win64; x64; rv:71.0) Gecko/20100101 Firefox/71.0"
80.123.105.158 - - [19/Dec/2019:17:05:22 +0100] "GET /images/step_bg.jpg HTTP/1.1" 200 319 "http://renault.activities.at/css/styles.css" "Mozilla/5.0 (Windows NT 6.1; Win64; x64; rv:71.0) Gecko/20100101 Firefox/71.0"
80.123.105.158 - - [19/Dec/2019:17:05:22 +0100] "GET /images/checkout_border.gif HTTP/1.1" 200 43 "http://renault.activities.at/css/styles.css" "Mozilla/5.0 (Windows NT 6.1; Win64; x64; rv:71.0) Gecko/20100101 Firefox/71.0"
80.123.105.158 - - [19/Dec/2019:17:05:49 +0100] "POST /docheckout HTTP/1.1" 200 468 "http://renault.activities.at/checkout" "Mozilla/5.0 (Windows NT 6.1; Win64; x64; rv:71.0) Gecko/20100101 Firefox/71.0"
80.123.105.158 - - [19/Dec/2019:17:05:53 +0100] "POST /docheckout HTTP/1.1" 200 1103 "http://renault.activities.at/checkout" "Mozilla/5.0 (Windows NT 6.1; Win64; x64; rv:71.0) Gecko/20100101 Firefox/71.0"
80.123.105.158 - - [19/Dec/2019:17:05:56 +0100] "GET /images/error_msg_icon.gif HTTP/1.1" 200 1013 "http://renault.activities.at/checkout" "Mozilla/5.0 (Windows NT 6.1; Win64; x64; rv:71.0) Gecko/20100101 Firefox/71.0"
80.123.105.158 - - [19/Dec/2019:17:06:22 +0100] "GET /reload?ser=1576771582391 HTTP/1.1" 200 28 "http://renault.activities.at/checkout" "Mozilla/5.0 (Windows NT 6.1; Win64; x64; rv:71.0) Gecko/20100101 Firefox/71.0"
80.123.105.158 - - [19/Dec/2019:17:07:23 +0100] "GET /reload?ser=1576771643354 HTTP/1.1" 200 28 "http://renault.activities.at/checkout" "Mozilla/5.0 (Windows NT 6.1; Win64; x64; rv:71.0) Gecko/20100101 Firefox/71.0"
80.123.105.158 - - [19/Dec/2019:17:08:24 +0100] "GET /reload?ser=1576771704302 HTTP/1.1" 200 28 "http://renault.activities.at/checkout" "Mozilla/5.0 (Windows NT 6.1; Win64; x64; rv:71.0) Gecko/20100101 Firefox/71.0"
80.123.105.158 - - [19/Dec/2019:17:09:25 +0100] "GET /reload?ser=1576771765265 HTTP/1.1" 200 28 "http://renault.activities.at/checkout" "Mozilla/5.0 (Windows NT 6.1; Win64; x64; rv:71.0) Gecko/20100101 Firefox/71.0"
80.123.105.158 - - [19/Dec/2019:17:09:58 +0100] "POST /docheckout HTTP/1.1" 200 68 "http://renault.activities.at/checkout" "Mozilla/5.0 (Windows NT 6.1; Win64; x64; rv:71.0) Gecko/20100101 Firefox/71.0"
80.123.105.158 - - [19/Dec/2019:17:10:02 +0100] "GET /success HTTP/1.1" 200 4047 "http://renault.activities.at/checkout" "Mozilla/5.0 (Windows NT 6.1; Win64; x64; rv:71.0) Gecko/20100101 Firefox/71.0"
80.123.105.158 - - [19/Dec/2019:17:10:05 +0100] "GET /images/title_border.jpg HTTP/1.1" 200 304 "http://renault.activities.at/css/styles.css" "Mozilla/5.0 (Windows NT 6.1; Win64; x64; rv:71.0) Gecko/20100101 Firefox/71.0"
80.123.105.158 - - [19/Dec/2019:17:10:05 +0100] "GET /images/title_border_top.jpg HTTP/1.1" 200 336 "http://renault.activities.at/css/styles.css" "Mozilla/5.0 (Windows NT 6.1; Win64; x64; rv:71.0) Gecko/20100101 Firefox/71.0"
80.123.105.158 - - [19/Dec/2019:17:10:05 +0100] "GET /images/title_corner_right_top.jpg HTTP/1.1" 200 389 "http://renault.activities.at/css/styles.css" "Mozilla/5.0 (Windows NT 6.1; Win64; x64; rv:71.0) Gecko/20100101 Firefox/71.0"
80.123.105.158 - - [19/Dec/2019:17:10:05 +0100] "GET /images/title_corner_left_top.jpg HTTP/1.1" 200 372 "http://renault.activities.at/css/styles.css" "Mozilla/5.0 (Windows NT 6.1; Win64; x64; rv:71.0) Gecko/20100101 Firefox/71.0"
80.123.105.158 - - [19/Dec/2019:17:10:09 +0100] "GET /12176051 HTTP/1.1" 200 7107 "http://renault.activities.at/success" "Mozilla/5.0 (Windows NT 6.1; Win64; x64; rv:71.0) Gecko/20100101 Firefox/71.0"
80.123.105.158 - - [19/Dec/2019:17:10:12 +0100] "GET /loadthumbnail.php?id=11798476&width=50&height=50 HTTP/1.1" 200 1098 "http://renault.activities.at/12176051" "Mozilla/5.0 (Windows NT 6.1; Win64; x64; rv:71.0) Gecko/20100101 Firefox/71.0"
80.123.105.158 - - [19/Dec/2019:17:10:12 +0100] "GET /loadthumbnail.php?id=12022094&width=50&height=50 HTTP/1.1" 200 1289 "http://renault.activities.at/12176051" "Mozilla/5.0 (Windows NT 6.1; Win64; x64; rv:71.0) Gecko/20100101 Firefox/71.0"
80.123.105.158 - - [19/Dec/2019:17:10:12 +0100] "GET /loadthumbnail.php?id=11798477&width=50&height=50 HTTP/1.1" 200 1229 "http://renault.activities.at/12176051" "Mozilla/5.0 (Windows NT 6.1; Win64; x64; rv:71.0) Gecko/20100101 Firefox/71.0"
80.123.105.158 - - [19/Dec/2019:17:10:12 +0100] "GET /loadthumbnail.php?id=11075492&width=50&height=50 HTTP/1.1" 200 1114 "http://renault.activities.at/12176051" "Mozilla/5.0 (Windows NT 6.1; Win64; x64; rv:71.0) Gecko/20100101 Firefox/71.0"
80.123.105.158 - - [19/Dec/2019:17:10:12 +0100] "GET /loadthumbnail.php?id=11819635&width=50&height=50 HTTP/1.1" 200 1210 "http://renault.activities.at/12176051" "Mozilla/5.0 (Windows NT 6.1; Win64; x64; rv:71.0) Gecko/20100101 Firefox/71.0"
80.123.105.158 - - [19/Dec/2019:17:10:12 +0100] "GET /loadthumbnail.php?id=10269567&width=50&height=50 HTTP/1.1" 200 845 "http://renault.activities.at/12176051" "Mozilla/5.0 (Windows NT 6.1; Win64; x64; rv:71.0) Gecko/20100101 Firefox/71.0"
80.123.105.158 - - [19/Dec/2019:17:10:12 +0100] "GET /loadthumbnail.php?id=12018229&width=50&height=50 HTTP/1.1" 200 1112 "http://renault.activities.at/12176051" "Mozilla/5.0 (Windows NT 6.1; Win64; x64; rv:71.0) Gecko/20100101 Firefox/71.0"
80.123.105.158 - - [19/Dec/2019:17:10:12 +0100] "GET /loadthumbnail.php?id=11847427&width=50&height=50 HTTP/1.1" 200 1110 "http://renault.activities.at/12176051" "Mozilla/5.0 (Windows NT 6.1; Win64; x64; rv:71.0) Gecko/20100101 Firefox/71.0"
80.123.105.158 - - [19/Dec/2019:17:10:12 +0100] "GET /loadthumbnail.php?id=11895725&width=50&height=50 HTTP/1.1" 200 1180 "http://renault.activities.at/12176051" "Mozilla/5.0 (Windows NT 6.1; Win64; x64; rv:71.0) Gecko/20100101 Firefox/71.0"
80.123.105.158 - - [19/Dec/2019:17:10:12 +0100] "GET /loadthumbnail.php?id=12094699&width=50&height=50 HTTP/1.1" 200 991 "http://renault.activities.at/12176051" "Mozilla/5.0 (Windows NT 6.1; Win64; x64; rv:71.0) Gecko/20100101 Firefox/71.0"
80.123.105.158 - - [19/Dec/2019:17:10:12 +0100] "GET /loadthumbnail.php?id=10986339&width=50&height=50 HTTP/1.1" 200 1295 "http://renault.activities.at/12176051" "Mozilla/5.0 (Windows NT 6.1; Win64; x64; rv:71.0) Gecko/20100101 Firefox/71.0"
80.123.105.158 - - [19/Dec/2019:17:10:12 +0100] "GET /loadthumbnail.php?id=11181169&width=50&height=50 HTTP/1.1" 200 982 "http://renault.activities.at/12176051" "Mozilla/5.0 (Windows NT 6.1; Win64; x64; rv:71.0) Gecko/20100101 Firefox/71.0"
80.123.105.158 - - [19/Dec/2019:17:10:13 +0100] "GET /loadthumbnail.php?id=11181224&width=50&height=50 HTTP/1.1" 200 1003 "http://renault.activities.at/12176051" "Mozilla/5.0 (Windows NT 6.1; Win64; x64; rv:71.0) Gecko/20100101 Firefox/71.0"
80.123.105.158 - - [19/Dec/2019:17:10:35 +0100] "GET /12176051?print=true HTTP/1.1" 200 2534 "http://renault.activities.at/12176051" "Mozilla/5.0 (Windows NT 6.1; Win64; x64; rv:71.0) Gecko/20100101 Firefox/71.0"
80.123.105.158 - - [19/Dec/2019:17:11:13 +0100] "GET /reload?ser=1576771873283 HTTP/1.1" 200 28 "http://renault.activities.at/12176051" "Mozilla/5.0 (Windows NT 6.1; Win64; x64; rv:71.0) Gecko/20100101 Firefox/71.0"
80.123.105.158 - - [19/Dec/2019:17:12:14 +0100] "GET /reload?ser=1576771934263 HTTP/1.1" 200 28 "http://renault.activities.at/12176051" "Mozilla/5.0 (Windows NT 6.1; Win64; x64; rv:71.0) Gecko/20100101 Firefox/71.0"
80.123.105.158 - - [19/Dec/2019:17:13:15 +0100] "GET /reload?ser=1576771995275 HTTP/1.1" 200 28 "http://renault.activities.at/12176051" "Mozilla/5.0 (Windows NT 6.1; Win64; x64; rv:71.0) Gecko/20100101 Firefox/71.0"
80.123.105.158 - - [19/Dec/2019:17:14:16 +0100] "GET /reload?ser=1576772056271 HTTP/1.1" 200 28 "http://renault.activities.at/12176051" "Mozilla/5.0 (Windows NT 6.1; Win64; x64; rv:71.0) Gecko/20100101 Firefox/71.0"
80.123.105.158 - - [19/Dec/2019:17:15:17 +0100] "GET /reload?ser=1576772117298 HTTP/1.1" 200 28 "http://renault.activities.at/12176051" "Mozilla/5.0 (Windows NT 6.1; Win64; x64; rv:71.0) Gecko/20100101 Firefox/71.0"
80.123.105.158 - - [19/Dec/2019:17:16:18 +0100] "GET /reload?ser=1576772178271 HTTP/1.1" 200 28 "http://renault.activities.at/12176051" "Mozilla/5.0 (Windows NT 6.1; Win64; x64; rv:71.0) Gecko/20100101 Firefox/71.0"
80.123.105.158 - - [19/Dec/2019:17:17:19 +0100] "GET /reload?ser=1576772239248 HTTP/1.1" 200 28 "http://renault.activities.at/12176051" "Mozilla/5.0 (Windows NT 6.1; Win64; x64; rv:71.0) Gecko/20100101 Firefox/71.0"
80.123.105.158 - - [19/Dec/2019:17:18:20 +0100] "GET /reload?ser=1576772300226 HTTP/1.1" 200 28 "http://renault.activities.at/12176051" "Mozilla/5.0 (Windows NT 6.1; Win64; x64; rv:71.0) Gecko/20100101 Firefox/71.0"
80.123.105.158 - - [19/Dec/2019:17:19:21 +0100] "GET /reload?ser=1576772361237 HTTP/1.1" 200 28 "http://renault.activities.at/12176051" "Mozilla/5.0 (Windows NT 6.1; Win64; x64; rv:71.0) Gecko/20100101 Firefox/71.0"
80.123.105.158 - - [19/Dec/2019:17:20:22 +0100] "GET /reload?ser=1576772422217 HTTP/1.1" 200 28 "http://renault.activities.at/12176051" "Mozilla/5.0 (Windows NT 6.1; Win64; x64; rv:71.0) Gecko/20100101 Firefox/71.0"
80.123.105.158 - - [19/Dec/2019:17:21:23 +0100] "GET /reload?ser=1576772483211 HTTP/1.1" 200 28 "http://renault.activities.at/12176051" "Mozilla/5.0 (Windows NT 6.1; Win64; x64; rv:71.0) Gecko/20100101 Firefox/71.0"
80.123.105.158 - - [19/Dec/2019:17:22:24 +0100] "GET /reload?ser=1576772544190 HTTP/1.1" 200 28 "http://renault.activities.at/12176051" "Mozilla/5.0 (Windows NT 6.1; Win64; x64; rv:71.0) Gecko/20100101 Firefox/71.0"
80.123.105.158 - - [19/Dec/2019:17:23:25 +0100] "GET /reload?ser=1576772605169 HTTP/1.1" 200 28 "http://renault.activities.at/12176051" "Mozilla/5.0 (Windows NT 6.1; Win64; x64; rv:71.0) Gecko/20100101 Firefox/71.0"
80.123.105.158 - - [19/Dec/2019:17:24:26 +0100] "GET /reload?ser=1576772666132 HTTP/1.1" 200 28 "http://renault.activities.at/12176051" "Mozilla/5.0 (Windows NT 6.1; Win64; x64; rv:71.0) Gecko/20100101 Firefox/71.0"
80.123.105.158 - - [19/Dec/2019:17:25:26 +0100] "GET /logout HTTP/1.1" 302 140 "http://renault.activities.at/12176051" "Mozilla/5.0 (Windows NT 6.1; Win64; x64; rv:71.0) Gecko/20100101 Firefox/71.0"
80.123.105.158 - - [19/Dec/2019:17:25:27 +0100] "GET /reload?ser=1576772727097 HTTP/1.1" 200 1250 "http://renault.activities.at/12176051" "Mozilla/5.0 (Windows NT 6.1; Win64; x64; rv:71.0) Gecko/20100101 Firefox/71.0"
80.123.105.158 - - [19/Dec/2019:17:25:27 +0100] "GET /logout HTTP/1.1" 200 1583 "http://renault.activities.at/12176051" "Mozilla/5.0 (Windows NT 6.1; Win64; x64; rv:71.0) Gecko/20100101 Firefox/71.0"
157.55.39.9 - - [19/Dec/2019:18:37:21 +0100] "GET /10260003?cat=10260306 HTTP/1.1" 200 3809 "-" "Mozilla/5.0 (compatible; bingbot/2.0; +http://www.bing.com/bingbot.htm)"
207.46.13.234 - - [19/Dec/2019:18:41:02 +0100] "GET /css/clears.css HTTP/1.1" 200 851 "-" "msnbot/2.0b (+http://search.msn.com/msnbot.htm)"
207.46.13.234 - - [19/Dec/2019:18:41:03 +0100] "GET /css/prototip.css HTTP/1.1" 200 968 "-" "msnbot/2.0b (+http://search.msn.com/msnbot.htm)"
207.46.13.234 - - [19/Dec/2019:18:41:03 +0100] "GET /css/reset.css HTTP/1.1" 200 1356 "-" "msnbot/2.0b (+http://search.msn.com/msnbot.htm)"
207.46.13.234 - - [19/Dec/2019:18:41:03 +0100] "GET /css/themes/alphacube.css HTTP/1.1" 200 743 "-" "msnbot/2.0b (+http://search.msn.com/msnbot.htm)"
207.46.13.234 - - [19/Dec/2019:18:41:04 +0100] "GET /js/checkout.css HTTP/1.1" 200 359 "-" "msnbot/2.0b (+http://search.msn.com/msnbot.htm)"
207.46.13.234 - - [19/Dec/2019:18:41:04 +0100] "GET /js/index.php?c=auto&f=,prototype/prototype.js,prototype/validation.js,scriptaculous/builder.js,scriptaculous/effects.js,scriptaculous/dragdrop.js,scriptaculous/controls.js,scriptaculous/slider.js,varien/js.js,varien/form.js,varien/menu.js,mage/translate.js,mage/cookies.js,varien/product.js,spinner/SpinnerControl.jsmin.js,prototype/window.js,prototype/window_ext.js HTTP/1.1" 200 94182 "-" "msnbot/2.0b (+http://search.msn.com/msnbot.htm)"
207.46.13.234 - - [19/Dec/2019:18:41:06 +0100] "GET /loadthumbnail.php?id=10203650&width=113 HTTP/1.1" 200 2741 "-" "msnbot/2.0b (+http://search.msn.com/msnbot.htm)"
207.46.13.234 - - [19/Dec/2019:18:41:06 +0100] "GET /loadthumbnail.php?id=11351226&width=113 HTTP/1.1" 200 16210 "-" "msnbot/2.0b (+http://search.msn.com/msnbot.htm)"
207.46.13.154 - - [19/Dec/2019:18:41:49 +0100] "GET /css/print.css HTTP/1.1" 200 543 "-" "msnbot/2.0b (+http://search.msn.com/msnbot.htm)"
207.46.13.154 - - [19/Dec/2019:18:41:50 +0100] "GET /css/themes/default.css HTTP/1.1" 200 769 "-" "msnbot/2.0b (+http://search.msn.com/msnbot.htm)"
207.46.13.154 - - [19/Dec/2019:18:41:50 +0100] "GET /js/ProduktGrp.js HTTP/1.1" 200 1569 "-" "msnbot/2.0b (+http://search.msn.com/msnbot.htm)"
207.46.13.154 - - [19/Dec/2019:18:41:51 +0100] "GET /js/prototip.js HTTP/1.1" 200 4588 "-" "msnbot/2.0b (+http://search.msn.com/msnbot.htm)"
207.46.13.154 - - [19/Dec/2019:18:41:51 +0100] "GET /loadthumbnail.php?id=11127982 HTTP/1.1" 200 399614 "-" "msnbot/2.0b (+http://search.msn.com/msnbot.htm)"
157.55.39.9 - - [19/Dec/2019:18:42:21 +0100] "GET /robots.txt HTTP/1.1" 404 300 "-" "msnbot/2.0b (+http://search.msn.com/msnbot.htm)"
157.55.39.9 - - [19/Dec/2019:18:42:22 +0100] "GET /loadthumbnail.php?id=10201939&width=15&height=15 HTTP/1.1" 200 201 "-" "msnbot/2.0b (+http://search.msn.com/msnbot.htm)"
157.55.39.9 - - [19/Dec/2019:18:42:22 +0100] "GET /loadthumbnail.php?id=10203255 HTTP/1.1" 200 137 "-" "msnbot/2.0b (+http://search.msn.com/msnbot.htm)"
193.194.132.30 - - [19/Dec/2019:19:37:46 +0100] "GET / HTTP/1.1" 200 3392 "-" "Mozilla/5.0 (Windows NT 10.0; Win64; x64) AppleWebKit/537.36 (KHTML, like Gecko) Chrome/79.0.3945.79 Safari/537.36"
193.194.132.30 - - [19/Dec/2019:19:37:48 +0100] "GET /loadthumbnail.php?id=11127982 HTTP/1.1" 200 399614 "http://renault.2web.at/" "Mozilla/5.0 (Windows NT 10.0; Win64; x64) AppleWebKit/537.36 (KHTML, like Gecko) Chrome/79.0.3945.79 Safari/537.36"
193.194.132.30 - - [19/Dec/2019:19:37:49 +0100] "GET /images/favicon.ico HTTP/1.1" 404 300 "http://renault.2web.at/" "Mozilla/5.0 (Windows NT 10.0; Win64; x64) AppleWebKit/537.36 (KHTML, like Gecko) Chrome/79.0.3945.79 Safari/537.36"
193.194.132.30 - - [19/Dec/2019:19:37:49 +0100] "GET /login HTTP/1.1" 200 2095 "http://renault.2web.at/" "Mozilla/5.0 (Windows NT 10.0; Win64; x64) AppleWebKit/537.36 (KHTML, like Gecko) Chrome/79.0.3945.79 Safari/537.36"
193.194.132.30 - - [19/Dec/2019:19:37:55 +0100] "POST /login HTTP/1.1" 302 137 "http://renault.2web.at/login" "Mozilla/5.0 (Windows NT 10.0; Win64; x64) AppleWebKit/537.36 (KHTML, like Gecko) Chrome/79.0.3945.79 Safari/537.36"
193.194.132.30 - - [19/Dec/2019:19:37:57 +0100] "GET /account HTTP/1.1" 200 8732 "http://renault.2web.at/login" "Mozilla/5.0 (Windows NT 10.0; Win64; x64) AppleWebKit/537.36 (KHTML, like Gecko) Chrome/79.0.3945.79 Safari/537.36"
193.194.132.30 - - [19/Dec/2019:19:38:01 +0100] "GET /loadthumbnail.php?id=12094699&width=50&height=50 HTTP/1.1" 200 991 "http://renault.2web.at/account" "Mozilla/5.0 (Windows NT 10.0; Win64; x64) AppleWebKit/537.36 (KHTML, like Gecko) Chrome/79.0.3945.79 Safari/537.36"
193.194.132.30 - - [19/Dec/2019:19:38:01 +0100] "GET /loadthumbnail.php?id=11181177&width=50&height=50 HTTP/1.1" 200 988 "http://renault.2web.at/account" "Mozilla/5.0 (Windows NT 10.0; Win64; x64) AppleWebKit/537.36 (KHTML, like Gecko) Chrome/79.0.3945.79 Safari/537.36"
193.194.132.30 - - [19/Dec/2019:19:38:29 +0100] "GET /result?searchterm=true&search=brosch%FCre HTTP/1.1" 200 10909 "http://renault.2web.at/account" "Mozilla/5.0 (Windows NT 10.0; Win64; x64) AppleWebKit/537.36 (KHTML, like Gecko) Chrome/79.0.3945.79 Safari/537.36"
193.194.132.30 - - [19/Dec/2019:19:38:29 +0100] "POST /axjaxrequest?mode=suggest HTTP/1.1" 200 230 "http://renault.2web.at/account" "Mozilla/5.0 (Windows NT 10.0; Win64; x64) AppleWebKit/537.36 (KHTML, like Gecko) Chrome/79.0.3945.79 Safari/537.36"
193.194.132.30 - - [19/Dec/2019:19:38:32 +0100] "GET /result?searchterm=true&search=brosch%FCre HTTP/1.1" 200 10909 "http://renault.2web.at/account" "Mozilla/5.0 (Windows NT 10.0; Win64; x64) AppleWebKit/537.36 (KHTML, like Gecko) Chrome/79.0.3945.79 Safari/537.36"
193.194.132.30 - - [19/Dec/2019:19:38:37 +0100] "GET /loadthumbnail.php?id=10203276 HTTP/1.1" 200 75 "http://renault.2web.at/result?searchterm=true&search=brosch%FCre" "Mozilla/5.0 (Windows NT 10.0; Win64; x64) AppleWebKit/537.36 (KHTML, like Gecko) Chrome/79.0.3945.79 Safari/537.36"
193.194.132.30 - - [19/Dec/2019:19:38:37 +0100] "GET /loadthumbnail.php?id=10203255 HTTP/1.1" 200 137 "http://renault.2web.at/result?searchterm=true&search=brosch%FCre" "Mozilla/5.0 (Windows NT 10.0; Win64; x64) AppleWebKit/537.36 (KHTML, like Gecko) Chrome/79.0.3945.79 Safari/537.36"
193.194.132.30 - - [19/Dec/2019:19:38:37 +0100] "GET /loadthumbnail.php?id=12047627&width=113 HTTP/1.1" 200 3640 "http://renault.2web.at/result?searchterm=true&search=brosch%FCre" "Mozilla/5.0 (Windows NT 10.0; Win64; x64) AppleWebKit/537.36 (KHTML, like Gecko) Chrome/79.0.3945.79 Safari/537.36"
193.194.132.30 - - [19/Dec/2019:19:38:37 +0100] "GET /loadthumbnail.php?id=12138224&width=113 HTTP/1.1" 200 3427 "http://renault.2web.at/result?searchterm=true&search=brosch%FCre" "Mozilla/5.0 (Windows NT 10.0; Win64; x64) AppleWebKit/537.36 (KHTML, like Gecko) Chrome/79.0.3945.79 Safari/537.36"
193.194.132.30 - - [19/Dec/2019:19:38:37 +0100] "GET /loadthumbnail.php?id=11793250&width=113 HTTP/1.1" 200 23647 "http://renault.2web.at/result?searchterm=true&search=brosch%FCre" "Mozilla/5.0 (Windows NT 10.0; Win64; x64) AppleWebKit/537.36 (KHTML, like Gecko) Chrome/79.0.3945.79 Safari/537.36"
193.194.132.30 - - [19/Dec/2019:19:38:37 +0100] "GET /loadthumbnail.php?id=12037190&width=113 HTTP/1.1" 200 19857 "http://renault.2web.at/result?searchterm=true&search=brosch%FCre" "Mozilla/5.0 (Windows NT 10.0; Win64; x64) AppleWebKit/537.36 (KHTML, like Gecko) Chrome/79.0.3945.79 Safari/537.36"
193.194.132.30 - - [19/Dec/2019:19:38:37 +0100] "GET /loadthumbnail.php?id=11976076&width=113 HTTP/1.1" 200 17152 "http://renault.2web.at/result?searchterm=true&search=brosch%FCre" "Mozilla/5.0 (Windows NT 10.0; Win64; x64) AppleWebKit/537.36 (KHTML, like Gecko) Chrome/79.0.3945.79 Safari/537.36"
193.194.132.30 - - [19/Dec/2019:19:38:37 +0100] "GET /loadthumbnail.php?id=12122446&width=113 HTTP/1.1" 200 3706 "http://renault.2web.at/result?searchterm=true&search=brosch%FCre" "Mozilla/5.0 (Windows NT 10.0; Win64; x64) AppleWebKit/537.36 (KHTML, like Gecko) Chrome/79.0.3945.79 Safari/537.36"
193.194.132.30 - - [19/Dec/2019:19:38:37 +0100] "GET /loadthumbnail.php?id=12115542&width=113 HTTP/1.1" 200 6084 "http://renault.2web.at/result?searchterm=true&search=brosch%FCre" "Mozilla/5.0 (Windows NT 10.0; Win64; x64) AppleWebKit/537.36 (KHTML, like Gecko) Chrome/79.0.3945.79 Safari/537.36"
193.194.132.30 - - [19/Dec/2019:19:38:37 +0100] "GET /loadthumbnail.php?id=11976088&width=113 HTTP/1.1" 200 23388 "http://renault.2web.at/result?searchterm=true&search=brosch%FCre" "Mozilla/5.0 (Windows NT 10.0; Win64; x64) AppleWebKit/537.36 (KHTML, like Gecko) Chrome/79.0.3945.79 Safari/537.36"
193.194.132.30 - - [19/Dec/2019:19:38:38 +0100] "GET /loadthumbnail.php?id=12153811&width=113 HTTP/1.1" 200 2537 "http://renault.2web.at/result?searchterm=true&search=brosch%FCre" "Mozilla/5.0 (Windows NT 10.0; Win64; x64) AppleWebKit/537.36 (KHTML, like Gecko) Chrome/79.0.3945.79 Safari/537.36"
193.194.132.30 - - [19/Dec/2019:19:38:38 +0100] "GET /loadthumbnail.php?id=11518629&width=113 HTTP/1.1" 200 19415 "http://renault.2web.at/result?searchterm=true&search=brosch%FCre" "Mozilla/5.0 (Windows NT 10.0; Win64; x64) AppleWebKit/537.36 (KHTML, like Gecko) Chrome/79.0.3945.79 Safari/537.36"
193.194.132.30 - - [19/Dec/2019:19:38:38 +0100] "GET /loadthumbnail.php?id=11564187&width=113 HTTP/1.1" 200 22491 "http://renault.2web.at/result?searchterm=true&search=brosch%FCre" "Mozilla/5.0 (Windows NT 10.0; Win64; x64) AppleWebKit/537.36 (KHTML, like Gecko) Chrome/79.0.3945.79 Safari/537.36"
193.194.132.30 - - [19/Dec/2019:19:38:38 +0100] "GET /loadthumbnail.php?id=11976092&width=113 HTTP/1.1" 200 22943 "http://renault.2web.at/result?searchterm=true&search=brosch%FCre" "Mozilla/5.0 (Windows NT 10.0; Win64; x64) AppleWebKit/537.36 (KHTML, like Gecko) Chrome/79.0.3945.79 Safari/537.36"
