185.224.25.233 - - [19/Dec/2019:16:18:10 +0100] "GET /images/sidebar_title_border_top.gif HTTP/1.1" 304 - "http://renault.activities.at/checkout" "Mozilla/5.0 (Windows NT 10.0; WOW64; Trident/7.0; rv:11.0) like Gecko"
185.224.25.233 - - [19/Dec/2019:16:18:10 +0100] "GET /images/button_left_bg.gif HTTP/1.1" 304 - "http://renault.activities.at/checkout" "Mozilla/5.0 (Windows NT 10.0; WOW64; Trident/7.0; rv:11.0) like Gecko"
80.123.105.158 - - [19/Dec/2019:16:18:14 +0100] "GET /result?searchterm=true&search=REH5141 HTTP/1.1" 200 6284 "http://renault.activities.at/result?searchterm=true&search=Serviceheft" "Mozilla/5.0 (Windows NT 6.1; Win64; x64; rv:71.0) Gecko/20100101 Firefox/71.0"
185.224.25.233 - - [19/Dec/2019:16:18:15 +0100] "POST /docheckout HTTP/1.1" 200 435 "http://renault.activities.at/checkout" "Mozilla/5.0 (Windows NT 10.0; WOW64; Trident/7.0; rv:11.0) like Gecko"
185.224.25.233 - - [19/Dec/2019:16:18:19 +0100] "POST /docheckout HTTP/1.1" 200 787 "http://renault.activities.at/checkout" "Mozilla/5.0 (Windows NT 10.0; WOW64; Trident/7.0; rv:11.0) like Gecko"
185.224.25.233 - - [19/Dec/2019:16:18:21 +0100] "GET /images/error_msg_icon.gif HTTP/1.1" 200 1013 "http://renault.activities.at/checkout" "Mozilla/5.0 (Windows NT 10.0; WOW64; Trident/7.0; rv:11.0) like Gecko"
80.123.225.38 - - [19/Dec/2019:16:18:25 +0100] "GET /reload?ser=1576768705310 HTTP/1.1" 200 28 "http://renault.activities.at/result?searchterm=true&search=fahne" "Mozilla/5.0 (Windows NT 10.0; Win64; x64) AppleWebKit/537.36 (KHTML, like Gecko) Chrome/79.0.3945.88 Safari/537.36"
80.123.105.158 - - [19/Dec/2019:16:18:33 +0100] "GET /result?searchterm=true&search=REH514 HTTP/1.1" 200 6622 "http://renault.activities.at/result?searchterm=true&search=REH5141" "Mozilla/5.0 (Windows NT 6.1; Win64; x64; rv:71.0) Gecko/20100101 Firefox/71.0"
80.123.105.158 - - [19/Dec/2019:16:18:35 +0100] "GET /loadthumbnail.php?id=11124852&width=113 HTTP/1.1" 200 8535 "http://renault.activities.at/result?searchterm=true&search=REH514" "Mozilla/5.0 (Windows NT 6.1; Win64; x64; rv:71.0) Gecko/20100101 Firefox/71.0"
80.123.105.158 - - [19/Dec/2019:16:18:35 +0100] "GET /loadthumbnail.php?id=11078141&width=113 HTTP/1.1" 200 8866 "http://renault.activities.at/result?searchterm=true&search=REH514" "Mozilla/5.0 (Windows NT 6.1; Win64; x64; rv:71.0) Gecko/20100101 Firefox/71.0"
185.224.25.233 - - [19/Dec/2019:16:18:33 +0100] "POST /docheckout HTTP/1.1" 200 68 "http://renault.activities.at/checkout" "Mozilla/5.0 (Windows NT 10.0; WOW64; Trident/7.0; rv:11.0) like Gecko"
185.224.25.233 - - [19/Dec/2019:16:18:36 +0100] "GET /success HTTP/1.1" 200 3789 "http://renault.activities.at/checkout" "Mozilla/5.0 (Windows NT 10.0; WOW64; Trident/7.0; rv:11.0) like Gecko"
185.224.25.233 - - [19/Dec/2019:16:18:38 +0100] "GET /js/default.js HTTP/1.1" 304 - "http://renault.activities.at/success" "Mozilla/5.0 (Windows NT 10.0; WOW64; Trident/7.0; rv:11.0) like Gecko"
185.224.25.233 - - [19/Dec/2019:16:18:38 +0100] "GET /css/reset.css HTTP/1.1" 304 - "http://renault.activities.at/success" "Mozilla/5.0 (Windows NT 10.0; WOW64; Trident/7.0; rv:11.0) like Gecko"
185.224.25.233 - - [19/Dec/2019:16:18:38 +0100] "GET /css/styles.css HTTP/1.1" 304 - "http://renault.activities.at/success" "Mozilla/5.0 (Windows NT 10.0; WOW64; Trident/7.0; rv:11.0) like Gecko"
185.224.25.233 - - [19/Dec/2019:16:18:38 +0100] "GET /css/clears.css HTTP/1.1" 304 - "http://renault.activities.at/success" "Mozilla/5.0 (Windows NT 10.0; WOW64; Trident/7.0; rv:11.0) like Gecko"
185.224.25.233 - - [19/Dec/2019:16:18:38 +0100] "GET /css/print.css HTTP/1.1" 304 - "http://renault.activities.at/success" "Mozilla/5.0 (Windows NT 10.0; WOW64; Trident/7.0; rv:11.0) like Gecko"
185.224.25.233 - - [19/Dec/2019:16:18:38 +0100] "GET /js/checkout.css HTTP/1.1" 304 - "http://renault.activities.at/success" "Mozilla/5.0 (Windows NT 10.0; WOW64; Trident/7.0; rv:11.0) like Gecko"
185.224.25.233 - - [19/Dec/2019:16:18:38 +0100] "GET /css/prototip.css HTTP/1.1" 304 - "http://renault.activities.at/success" "Mozilla/5.0 (Windows NT 10.0; WOW64; Trident/7.0; rv:11.0) like Gecko"
185.224.25.233 - - [19/Dec/2019:16:18:38 +0100] "GET /css/themes/default.css HTTP/1.1" 304 - "http://renault.activities.at/success" "Mozilla/5.0 (Windows NT 10.0; WOW64; Trident/7.0; rv:11.0) like Gecko"
185.224.25.233 - - [19/Dec/2019:16:18:38 +0100] "GET /css/themes/alphacube.css HTTP/1.1" 304 - "http://renault.activities.at/success" "Mozilla/5.0 (Windows NT 10.0; WOW64; Trident/7.0; rv:11.0) like Gecko"
185.224.25.233 - - [19/Dec/2019:16:18:38 +0100] "GET /images/header_block_corner_left_top.gif HTTP/1.1" 304 - "http://renault.activities.at/success" "Mozilla/5.0 (Windows NT 10.0; WOW64; Trident/7.0; rv:11.0) like Gecko"
185.224.25.233 - - [19/Dec/2019:16:18:38 +0100] "GET /images/search_bg.gif HTTP/1.1" 304 - "http://renault.activities.at/success" "Mozilla/5.0 (Windows NT 10.0; WOW64; Trident/7.0; rv:11.0) like Gecko"
185.224.25.233 - - [19/Dec/2019:16:18:38 +0100] "GET /images/header_block_corner_right_top.gif HTTP/1.1" 304 - "http://renault.activities.at/success" "Mozilla/5.0 (Windows NT 10.0; WOW64; Trident/7.0; rv:11.0) like Gecko"
185.224.25.233 - - [19/Dec/2019:16:18:38 +0100] "GET /images/header_block_border.gif HTTP/1.1" 304 - "http://renault.activities.at/success" "Mozilla/5.0 (Windows NT 10.0; WOW64; Trident/7.0; rv:11.0) like Gecko"
185.224.25.233 - - [19/Dec/2019:16:18:38 +0100] "GET /images/nav_divider.gif HTTP/1.1" 304 - "http://renault.activities.at/success" "Mozilla/5.0 (Windows NT 10.0; WOW64; Trident/7.0; rv:11.0) like Gecko"
185.224.25.233 - - [19/Dec/2019:16:18:38 +0100] "GET /images/menu_divider.gif HTTP/1.1" 304 - "http://renault.activities.at/success" "Mozilla/5.0 (Windows NT 10.0; WOW64; Trident/7.0; rv:11.0) like Gecko"
185.224.25.233 - - [19/Dec/2019:16:18:38 +0100] "GET /images/footer_divider.gif HTTP/1.1" 304 - "http://renault.activities.at/success" "Mozilla/5.0 (Windows NT 10.0; WOW64; Trident/7.0; rv:11.0) like Gecko"
185.224.25.233 - - [19/Dec/2019:16:18:38 +0100] "GET /images/title_corner_right_top.jpg HTTP/1.1" 304 - "http://renault.activities.at/success" "Mozilla/5.0 (Windows NT 10.0; WOW64; Trident/7.0; rv:11.0) like Gecko"
185.224.25.233 - - [19/Dec/2019:16:18:38 +0100] "GET /images/menu_button_bg.jpg HTTP/1.1" 304 - "http://renault.activities.at/success" "Mozilla/5.0 (Windows NT 10.0; WOW64; Trident/7.0; rv:11.0) like Gecko"
185.224.25.233 - - [19/Dec/2019:16:18:38 +0100] "GET /images/main_block_corner_left_bot.gif HTTP/1.1" 304 - "http://renault.activities.at/success" "Mozilla/5.0 (Windows NT 10.0; WOW64; Trident/7.0; rv:11.0) like Gecko"
185.224.25.233 - - [19/Dec/2019:16:18:38 +0100] "GET /images/main_block_corner_right_bot.gif HTTP/1.1" 304 - "http://renault.activities.at/success" "Mozilla/5.0 (Windows NT 10.0; WOW64; Trident/7.0; rv:11.0) like Gecko"
185.224.25.233 - - [19/Dec/2019:16:18:38 +0100] "GET /images/main_block_corner_right_top.gif HTTP/1.1" 304 - "http://renault.activities.at/success" "Mozilla/5.0 (Windows NT 10.0; WOW64; Trident/7.0; rv:11.0) like Gecko"
185.224.25.233 - - [19/Dec/2019:16:18:38 +0100] "GET /images/title_border.jpg HTTP/1.1" 304 - "http://renault.activities.at/success" "Mozilla/5.0 (Windows NT 10.0; WOW64; Trident/7.0; rv:11.0) like Gecko"
185.224.25.233 - - [19/Dec/2019:16:18:38 +0100] "GET /images/main_block_border.gif HTTP/1.1" 304 - "http://renault.activities.at/success" "Mozilla/5.0 (Windows NT 10.0; WOW64; Trident/7.0; rv:11.0) like Gecko"
185.224.25.233 - - [19/Dec/2019:16:18:38 +0100] "GET /images/top_links_divider.gif HTTP/1.1" 304 - "http://renault.activities.at/success" "Mozilla/5.0 (Windows NT 10.0; WOW64; Trident/7.0; rv:11.0) like Gecko"
185.224.25.233 - - [19/Dec/2019:16:18:38 +0100] "GET /images/main_block_corner_left_top.gif HTTP/1.1" 304 - "http://renault.activities.at/success" "Mozilla/5.0 (Windows NT 10.0; WOW64; Trident/7.0; rv:11.0) like Gecko"
185.224.25.233 - - [19/Dec/2019:16:18:38 +0100] "GET /images/title_corner_left_top.jpg HTTP/1.1" 304 - "http://renault.activities.at/success" "Mozilla/5.0 (Windows NT 10.0; WOW64; Trident/7.0; rv:11.0) like Gecko"
185.224.25.233 - - [19/Dec/2019:16:18:38 +0100] "GET /images/title_border_top.jpg HTTP/1.1" 304 - "http://renault.activities.at/success" "Mozilla/5.0 (Windows NT 10.0; WOW64; Trident/7.0; rv:11.0) like Gecko"
185.224.25.233 - - [19/Dec/2019:16:18:38 +0100] "GET /images/button_left_bg.gif HTTP/1.1" 304 - "http://renault.activities.at/success" "Mozilla/5.0 (Windows NT 10.0; WOW64; Trident/7.0; rv:11.0) like Gecko"
80.123.225.38 - - [19/Dec/2019:16:18:39 +0100] "GET /reload?ser=1576768719385 HTTP/1.1" 200 28 "http://renault.activities.at/aboutus" "Mozilla/5.0 (Windows NT 10.0; Win64; x64; rv:71.0) Gecko/20100101 Firefox/71.0"
80.123.105.158 - - [19/Dec/2019:16:18:43 +0100] "GET /result?searchterm=true&search=REH514 HTTP/1.1" 200 6622 "http://renault.activities.at/result?searchterm=true&search=REH514" "Mozilla/5.0 (Windows NT 6.1; Win64; x64; rv:71.0) Gecko/20100101 Firefox/71.0"
185.224.25.233 - - [19/Dec/2019:16:18:45 +0100] "GET /logout HTTP/1.1" 302 140 "http://renault.activities.at/success" "Mozilla/5.0 (Windows NT 10.0; WOW64; Trident/7.0; rv:11.0) like Gecko"
185.224.25.233 - - [19/Dec/2019:16:18:46 +0100] "GET /logout HTTP/1.1" 200 1583 "http://renault.activities.at/success" "Mozilla/5.0 (Windows NT 10.0; WOW64; Trident/7.0; rv:11.0) like Gecko"
185.224.25.233 - - [19/Dec/2019:16:18:47 +0100] "GET /js/default.js HTTP/1.1" 304 - "http://renault.activities.at/logout" "Mozilla/5.0 (Windows NT 10.0; WOW64; Trident/7.0; rv:11.0) like Gecko"
185.224.25.233 - - [19/Dec/2019:16:18:47 +0100] "GET /css/reset.css HTTP/1.1" 304 - "http://renault.activities.at/logout" "Mozilla/5.0 (Windows NT 10.0; WOW64; Trident/7.0; rv:11.0) like Gecko"
185.224.25.233 - - [19/Dec/2019:16:18:47 +0100] "GET /css/styles.css HTTP/1.1" 304 - "http://renault.activities.at/logout" "Mozilla/5.0 (Windows NT 10.0; WOW64; Trident/7.0; rv:11.0) like Gecko"
185.224.25.233 - - [19/Dec/2019:16:18:47 +0100] "GET /css/clears.css HTTP/1.1" 304 - "http://renault.activities.at/logout" "Mozilla/5.0 (Windows NT 10.0; WOW64; Trident/7.0; rv:11.0) like Gecko"
185.224.25.233 - - [19/Dec/2019:16:18:47 +0100] "GET /css/print.css HTTP/1.1" 304 - "http://renault.activities.at/logout" "Mozilla/5.0 (Windows NT 10.0; WOW64; Trident/7.0; rv:11.0) like Gecko"
185.224.25.233 - - [19/Dec/2019:16:18:47 +0100] "GET /js/checkout.css HTTP/1.1" 304 - "http://renault.activities.at/logout" "Mozilla/5.0 (Windows NT 10.0; WOW64; Trident/7.0; rv:11.0) like Gecko"
185.224.25.233 - - [19/Dec/2019:16:18:47 +0100] "GET /css/prototip.css HTTP/1.1" 304 - "http://renault.activities.at/logout" "Mozilla/5.0 (Windows NT 10.0; WOW64; Trident/7.0; rv:11.0) like Gecko"
185.224.25.233 - - [19/Dec/2019:16:18:47 +0100] "GET /css/themes/default.css HTTP/1.1" 304 - "http://renault.activities.at/logout" "Mozilla/5.0 (Windows NT 10.0; WOW64; Trident/7.0; rv:11.0) like Gecko"
185.224.25.233 - - [19/Dec/2019:16:18:47 +0100] "GET /css/themes/alphacube.css HTTP/1.1" 304 - "http://renault.activities.at/logout" "Mozilla/5.0 (Windows NT 10.0; WOW64; Trident/7.0; rv:11.0) like Gecko"
185.224.25.233 - - [19/Dec/2019:16:18:47 +0100] "GET /images/main_block_corner_right_bot.gif HTTP/1.1" 304 - "http://renault.activities.at/logout" "Mozilla/5.0 (Windows NT 10.0; WOW64; Trident/7.0; rv:11.0) like Gecko"
185.224.25.233 - - [19/Dec/2019:16:18:47 +0100] "GET /images/header_block_corner_left_top.gif HTTP/1.1" 304 - "http://renault.activities.at/logout" "Mozilla/5.0 (Windows NT 10.0; WOW64; Trident/7.0; rv:11.0) like Gecko"
185.224.25.233 - - [19/Dec/2019:16:18:47 +0100] "GET /images/main_block_corner_right_top.gif HTTP/1.1" 304 - "http://renault.activities.at/logout" "Mozilla/5.0 (Windows NT 10.0; WOW64; Trident/7.0; rv:11.0) like Gecko"
185.224.25.233 - - [19/Dec/2019:16:18:47 +0100] "GET /images/title_border.jpg HTTP/1.1" 304 - "http://renault.activities.at/logout" "Mozilla/5.0 (Windows NT 10.0; WOW64; Trident/7.0; rv:11.0) like Gecko"
185.224.25.233 - - [19/Dec/2019:16:18:47 +0100] "GET /images/header_block_corner_right_top.gif HTTP/1.1" 304 - "http://renault.activities.at/logout" "Mozilla/5.0 (Windows NT 10.0; WOW64; Trident/7.0; rv:11.0) like Gecko"
185.224.25.233 - - [19/Dec/2019:16:18:47 +0100] "GET /images/title_corner_left_top.jpg HTTP/1.1" 304 - "http://renault.activities.at/logout" "Mozilla/5.0 (Windows NT 10.0; WOW64; Trident/7.0; rv:11.0) like Gecko"
185.224.25.233 - - [19/Dec/2019:16:18:47 +0100] "GET /images/title_corner_right_top.jpg HTTP/1.1" 304 - "http://renault.activities.at/logout" "Mozilla/5.0 (Windows NT 10.0; WOW64; Trident/7.0; rv:11.0) like Gecko"
185.224.25.233 - - [19/Dec/2019:16:18:47 +0100] "GET /images/header_block_border.gif HTTP/1.1" 304 - "http://renault.activities.at/logout" "Mozilla/5.0 (Windows NT 10.0; WOW64; Trident/7.0; rv:11.0) like Gecko"
185.224.25.233 - - [19/Dec/2019:16:18:47 +0100] "GET /images/title_border_top.jpg HTTP/1.1" 304 - "http://renault.activities.at/logout" "Mozilla/5.0 (Windows NT 10.0; WOW64; Trident/7.0; rv:11.0) like Gecko"
185.224.25.233 - - [19/Dec/2019:16:18:47 +0100] "GET /images/main_block_corner_left_bot.gif HTTP/1.1" 304 - "http://renault.activities.at/logout" "Mozilla/5.0 (Windows NT 10.0; WOW64; Trident/7.0; rv:11.0) like Gecko"
185.224.25.233 - - [19/Dec/2019:16:18:47 +0100] "GET /images/main_block_border.gif HTTP/1.1" 304 - "http://renault.activities.at/logout" "Mozilla/5.0 (Windows NT 10.0; WOW64; Trident/7.0; rv:11.0) like Gecko"
185.224.25.233 - - [19/Dec/2019:16:18:47 +0100] "GET /images/main_block_corner_left_top.gif HTTP/1.1" 304 - "http://renault.activities.at/logout" "Mozilla/5.0 (Windows NT 10.0; WOW64; Trident/7.0; rv:11.0) like Gecko"
185.224.25.233 - - [19/Dec/2019:16:18:52 +0100] "GET / HTTP/1.1" 200 3380 "http://renault.activities.at/logout" "Mozilla/5.0 (Windows NT 10.0; WOW64; Trident/7.0; rv:11.0) like Gecko"
80.123.105.158 - - [19/Dec/2019:16:18:53 +0100] "POST /axjaxrequest?mode=suggest HTTP/1.1" 200 21 "http://renault.activities.at/result?searchterm=true&search=REH514" "Mozilla/5.0 (Windows NT 6.1; Win64; x64; rv:71.0) Gecko/20100101 Firefox/71.0"
80.123.105.158 - - [19/Dec/2019:16:18:54 +0100] "GET /result?searchterm=true&search=REH5142 HTTP/1.1" 200 5105 "http://renault.activities.at/result?searchterm=true&search=REH514" "Mozilla/5.0 (Windows NT 6.1; Win64; x64; rv:71.0) Gecko/20100101 Firefox/71.0"
80.123.105.158 - - [19/Dec/2019:16:19:04 +0100] "POST /axjaxrequest?mode=suggest HTTP/1.1" 200 506 "http://renault.activities.at/result?searchterm=true&search=REH5142" "Mozilla/5.0 (Windows NT 6.1; Win64; x64; rv:71.0) Gecko/20100101 Firefox/71.0"
80.123.105.158 - - [19/Dec/2019:16:19:05 +0100] "POST /axjaxrequest?mode=suggest HTTP/1.1" 200 253 "http://renault.activities.at/result?searchterm=true&search=REH5142" "Mozilla/5.0 (Windows NT 6.1; Win64; x64; rv:71.0) Gecko/20100101 Firefox/71.0"
80.123.105.158 - - [19/Dec/2019:16:19:13 +0100] "GET /result?searchterm=true&search=Serviceheft HTTP/1.1" 200 6282 "http://renault.activities.at/result?searchterm=true&search=REH5142" "Mozilla/5.0 (Windows NT 6.1; Win64; x64; rv:71.0) Gecko/20100101 Firefox/71.0"
80.123.225.38 - - [19/Dec/2019:16:19:26 +0100] "GET /reload?ser=1576768766311 HTTP/1.1" 200 28 "http://renault.activities.at/result?searchterm=true&search=fahne" "Mozilla/5.0 (Windows NT 10.0; Win64; x64) AppleWebKit/537.36 (KHTML, like Gecko) Chrome/79.0.3945.88 Safari/537.36"
80.123.105.158 - - [19/Dec/2019:16:19:36 +0100] "POST /axjaxrequest?mode=suggest HTTP/1.1" 200 21 "http://renault.activities.at/result?searchterm=true&search=Serviceheft" "Mozilla/5.0 (Windows NT 6.1; Win64; x64; rv:71.0) Gecko/20100101 Firefox/71.0"
80.123.105.158 - - [19/Dec/2019:16:19:37 +0100] "GET /result?searchterm=true&search=Servicehefte HTTP/1.1" 200 5104 "http://renault.activities.at/result?searchterm=true&search=Serviceheft" "Mozilla/5.0 (Windows NT 6.1; Win64; x64; rv:71.0) Gecko/20100101 Firefox/71.0"
80.123.225.38 - - [19/Dec/2019:16:19:40 +0100] "GET /reload?ser=1576768780355 HTTP/1.1" 200 28 "http://renault.activities.at/aboutus" "Mozilla/5.0 (Windows NT 10.0; Win64; x64; rv:71.0) Gecko/20100101 Firefox/71.0"
80.123.105.158 - - [19/Dec/2019:16:19:43 +0100] "POST /axjaxrequest?mode=suggest HTTP/1.1" 200 21 "http://renault.activities.at/result?searchterm=true&search=Servicehefte" "Mozilla/5.0 (Windows NT 6.1; Win64; x64; rv:71.0) Gecko/20100101 Firefox/71.0"
80.123.105.158 - - [19/Dec/2019:16:19:46 +0100] "POST /axjaxrequest?mode=suggest HTTP/1.1" 200 253 "http://renault.activities.at/result?searchterm=true&search=Servicehefte" "Mozilla/5.0 (Windows NT 6.1; Win64; x64; rv:71.0) Gecko/20100101 Firefox/71.0"
80.123.105.158 - - [19/Dec/2019:16:19:46 +0100] "POST /axjaxrequest?mode=suggest HTTP/1.1" 200 176 "http://renault.activities.at/result?searchterm=true&search=Servicehefte" "Mozilla/5.0 (Windows NT 6.1; Win64; x64; rv:71.0) Gecko/20100101 Firefox/71.0"
80.123.105.158 - - [19/Dec/2019:16:19:47 +0100] "POST /axjaxrequest?mode=suggest HTTP/1.1" 200 176 "http://renault.activities.at/result?searchterm=true&search=Servicehefte" "Mozilla/5.0 (Windows NT 6.1; Win64; x64; rv:71.0) Gecko/20100101 Firefox/71.0"
80.123.105.158 - - [19/Dec/2019:16:19:52 +0100] "GET /result?searchterm=true&search=SERVICE HTTP/1.1" 200 8708 "http://renault.activities.at/result?searchterm=true&search=Servicehefte" "Mozilla/5.0 (Windows NT 6.1; Win64; x64; rv:71.0) Gecko/20100101 Firefox/71.0"
80.123.105.158 - - [19/Dec/2019:16:19:55 +0100] "GET /loadthumbnail.php?id=11730248&width=113 HTTP/1.1" 200 4910 "http://renault.activities.at/result?searchterm=true&search=SERVICE" "Mozilla/5.0 (Windows NT 6.1; Win64; x64; rv:71.0) Gecko/20100101 Firefox/71.0"
80.123.105.158 - - [19/Dec/2019:16:19:55 +0100] "GET /loadthumbnail.php?id=11461719&width=113 HTTP/1.1" 200 32753 "http://renault.activities.at/result?searchterm=true&search=SERVICE" "Mozilla/5.0 (Windows NT 6.1; Win64; x64; rv:71.0) Gecko/20100101 Firefox/71.0"
80.123.105.158 - - [19/Dec/2019:16:19:55 +0100] "GET /loadthumbnail.php?id=12094749&width=113 HTTP/1.1" 200 15117 "http://renault.activities.at/result?searchterm=true&search=SERVICE" "Mozilla/5.0 (Windows NT 6.1; Win64; x64; rv:71.0) Gecko/20100101 Firefox/71.0"
80.123.105.158 - - [19/Dec/2019:16:19:55 +0100] "GET /loadthumbnail.php?id=11121996&width=113 HTTP/1.1" 200 2215 "http://renault.activities.at/result?searchterm=true&search=SERVICE" "Mozilla/5.0 (Windows NT 6.1; Win64; x64; rv:71.0) Gecko/20100101 Firefox/71.0"
80.123.105.158 - - [19/Dec/2019:16:19:55 +0100] "GET /loadthumbnail.php?id=12094811&width=113 HTTP/1.1" 200 27912 "http://renault.activities.at/result?searchterm=true&search=SERVICE" "Mozilla/5.0 (Windows NT 6.1; Win64; x64; rv:71.0) Gecko/20100101 Firefox/71.0"
80.123.105.158 - - [19/Dec/2019:16:19:55 +0100] "GET /loadthumbnail.php?id=12088443&width=113 HTTP/1.1" 200 7201 "http://renault.activities.at/result?searchterm=true&search=SERVICE" "Mozilla/5.0 (Windows NT 6.1; Win64; x64; rv:71.0) Gecko/20100101 Firefox/71.0"
80.123.105.158 - - [19/Dec/2019:16:19:56 +0100] "GET /loadthumbnail.php?id=10633817&width=113 HTTP/1.1" 200 2614 "http://renault.activities.at/result?searchterm=true&search=SERVICE" "Mozilla/5.0 (Windows NT 6.1; Win64; x64; rv:71.0) Gecko/20100101 Firefox/71.0"
80.123.105.158 - - [19/Dec/2019:16:19:56 +0100] "GET /loadthumbnail.php?id=12010095&width=113 HTTP/1.1" 200 20832 "http://renault.activities.at/result?searchterm=true&search=SERVICE" "Mozilla/5.0 (Windows NT 6.1; Win64; x64; rv:71.0) Gecko/20100101 Firefox/71.0"
80.123.105.158 - - [19/Dec/2019:16:20:22 +0100] "GET /12094747?print=true HTTP/1.1" 200 2675 "http://renault.activities.at/result?searchterm=true&search=SERVICE" "Mozilla/5.0 (Windows NT 6.1; Win64; x64; rv:71.0) Gecko/20100101 Firefox/71.0"
80.123.105.158 - - [19/Dec/2019:16:20:25 +0100] "GET /loadthumbnail.php?id=12094749&width=250 HTTP/1.1" 200 63086 "http://renault.activities.at/12094747?print=true" "Mozilla/5.0 (Windows NT 6.1; Win64; x64; rv:71.0) Gecko/20100101 Firefox/71.0"
80.123.105.158 - - [19/Dec/2019:16:20:25 +0100] "GET /loadthumbnail.php?id=12094749&width=250 HTTP/1.1" 200 63086 "http://renault.activities.at/12094747?print=true" "Mozilla/5.0 (Windows NT 6.1; Win64; x64; rv:71.0) Gecko/20100101 Firefox/71.0"
80.123.105.158 - - [19/Dec/2019:16:20:26 +0100] "GET /js/magiczoom/graphics/loader.gif HTTP/1.1" 200 1849 "http://renault.activities.at/js/magiczoom/magiczoom.css" "Mozilla/5.0 (Windows NT 6.1; Win64; x64; rv:71.0) Gecko/20100101 Firefox/71.0"
80.123.105.158 - - [19/Dec/2019:16:20:25 +0100] "GET /loadthumbnail.php?id=12094749&width=900&height=900 HTTP/1.1" 200 664122 "http://renault.activities.at/12094747?print=true" "Mozilla/5.0 (Windows NT 6.1; Win64; x64; rv:71.0) Gecko/20100101 Firefox/71.0"
80.123.225.38 - - [19/Dec/2019:16:20:27 +0100] "GET /reload?ser=1576768827311 HTTP/1.1" 200 28 "http://renault.activities.at/result?searchterm=true&search=fahne" "Mozilla/5.0 (Windows NT 10.0; Win64; x64) AppleWebKit/537.36 (KHTML, like Gecko) Chrome/79.0.3945.88 Safari/537.36"
80.123.105.158 - - [19/Dec/2019:16:20:38 +0100] "POST /12094747?print=true HTTP/1.1" 200 2784 "http://renault.activities.at/12094747?print=true" "Mozilla/5.0 (Windows NT 6.1; Win64; x64; rv:71.0) Gecko/20100101 Firefox/71.0"
80.123.225.38 - - [19/Dec/2019:16:20:41 +0100] "GET /reload?ser=1576768841296 HTTP/1.1" 200 28 "http://renault.activities.at/aboutus" "Mozilla/5.0 (Windows NT 10.0; Win64; x64; rv:71.0) Gecko/20100101 Firefox/71.0"
80.123.105.158 - - [19/Dec/2019:16:20:42 +0100] "GET /null HTTP/1.1" 200 3882 "http://renault.activities.at/result?searchterm=true&search=SERVICE" "Mozilla/5.0 (Windows NT 6.1; Win64; x64; rv:71.0) Gecko/20100101 Firefox/71.0"
80.123.105.158 - - [19/Dec/2019:16:20:56 +0100] "GET /reload?ser=1576768856537 HTTP/1.1" 200 28 "http://renault.activities.at/result?searchterm=true&search=SERVICE" "Mozilla/5.0 (Windows NT 6.1; Win64; x64; rv:71.0) Gecko/20100101 Firefox/71.0"
80.123.105.158 - - [19/Dec/2019:16:21:05 +0100] "POST /axjaxrequest?mode=suggest HTTP/1.1" 200 298 "http://renault.activities.at/result?searchterm=true&search=SERVICE" "Mozilla/5.0 (Windows NT 6.1; Win64; x64; rv:71.0) Gecko/20100101 Firefox/71.0"
80.123.105.158 - - [19/Dec/2019:16:21:06 +0100] "POST /axjaxrequest?mode=suggest HTTP/1.1" 200 256 "http://renault.activities.at/result?searchterm=true&search=SERVICE" "Mozilla/5.0 (Windows NT 6.1; Win64; x64; rv:71.0) Gecko/20100101 Firefox/71.0"
80.123.105.158 - - [19/Dec/2019:16:21:07 +0100] "POST /axjaxrequest?mode=suggest HTTP/1.1" 200 230 "http://renault.activities.at/result?searchterm=true&search=SERVICE" "Mozilla/5.0 (Windows NT 6.1; Win64; x64; rv:71.0) Gecko/20100101 Firefox/71.0"
80.123.105.158 - - [19/Dec/2019:16:21:07 +0100] "POST /axjaxrequest?mode=suggest HTTP/1.1" 200 230 "http://renault.activities.at/result?searchterm=true&search=SERVICE" "Mozilla/5.0 (Windows NT 6.1; Win64; x64; rv:71.0) Gecko/20100101 Firefox/71.0"
80.123.105.158 - - [19/Dec/2019:16:21:13 +0100] "GET /result?searchterm=true&search=Brosch%FCre HTTP/1.1" 200 9208 "http://renault.activities.at/result?searchterm=true&search=SERVICE" "Mozilla/5.0 (Windows NT 6.1; Win64; x64; rv:71.0) Gecko/20100101 Firefox/71.0"
80.123.105.158 - - [19/Dec/2019:16:21:17 +0100] "GET /loadthumbnail.php?id=12138224&width=113 HTTP/1.1" 200 3427 "http://renault.activities.at/result?searchterm=true&search=Brosch%FCre" "Mozilla/5.0 (Windows NT 6.1; Win64; x64; rv:71.0) Gecko/20100101 Firefox/71.0"
80.123.105.158 - - [19/Dec/2019:16:21:17 +0100] "GET /loadthumbnail.php?id=11793250&width=113 HTTP/1.1" 200 23647 "http://renault.activities.at/result?searchterm=true&search=Brosch%FCre" "Mozilla/5.0 (Windows NT 6.1; Win64; x64; rv:71.0) Gecko/20100101 Firefox/71.0"
80.123.105.158 - - [19/Dec/2019:16:21:17 +0100] "GET /loadthumbnail.php?id=11976076&width=113 HTTP/1.1" 200 17152 "http://renault.activities.at/result?searchterm=true&search=Brosch%FCre" "Mozilla/5.0 (Windows NT 6.1; Win64; x64; rv:71.0) Gecko/20100101 Firefox/71.0"
80.123.105.158 - - [19/Dec/2019:16:21:17 +0100] "GET /loadthumbnail.php?id=12037190&width=113 HTTP/1.1" 200 19857 "http://renault.activities.at/result?searchterm=true&search=Brosch%FCre" "Mozilla/5.0 (Windows NT 6.1; Win64; x64; rv:71.0) Gecko/20100101 Firefox/71.0"
80.123.105.158 - - [19/Dec/2019:16:21:17 +0100] "GET /loadthumbnail.php?id=12122446&width=113 HTTP/1.1" 200 3706 "http://renault.activities.at/result?searchterm=true&search=Brosch%FCre" "Mozilla/5.0 (Windows NT 6.1; Win64; x64; rv:71.0) Gecko/20100101 Firefox/71.0"
80.123.105.158 - - [19/Dec/2019:16:21:17 +0100] "GET /loadthumbnail.php?id=12047627&width=113 HTTP/1.1" 200 3640 "http://renault.activities.at/result?searchterm=true&search=Brosch%FCre" "Mozilla/5.0 (Windows NT 6.1; Win64; x64; rv:71.0) Gecko/20100101 Firefox/71.0"
80.123.105.158 - - [19/Dec/2019:16:21:17 +0100] "GET /loadthumbnail.php?id=11976088&width=113 HTTP/1.1" 200 23388 "http://renault.activities.at/result?searchterm=true&search=Brosch%FCre" "Mozilla/5.0 (Windows NT 6.1; Win64; x64; rv:71.0) Gecko/20100101 Firefox/71.0"
80.123.105.158 - - [19/Dec/2019:16:21:17 +0100] "GET /loadthumbnail.php?id=12115542&width=113 HTTP/1.1" 200 6084 "http://renault.activities.at/result?searchterm=true&search=Brosch%FCre" "Mozilla/5.0 (Windows NT 6.1; Win64; x64; rv:71.0) Gecko/20100101 Firefox/71.0"
80.123.105.158 - - [19/Dec/2019:16:21:17 +0100] "GET /loadthumbnail.php?id=11518629&width=113 HTTP/1.1" 200 19415 "http://renault.activities.at/result?searchterm=true&search=Brosch%FCre" "Mozilla/5.0 (Windows NT 6.1; Win64; x64; rv:71.0) Gecko/20100101 Firefox/71.0"
80.123.105.158 - - [19/Dec/2019:16:21:17 +0100] "GET /loadthumbnail.php?id=12153811&width=113 HTTP/1.1" 200 2537 "http://renault.activities.at/result?searchterm=true&search=Brosch%FCre" "Mozilla/5.0 (Windows NT 6.1; Win64; x64; rv:71.0) Gecko/20100101 Firefox/71.0"
80.123.105.158 - - [19/Dec/2019:16:21:17 +0100] "GET /loadthumbnail.php?id=11564187&width=113 HTTP/1.1" 200 22491 "http://renault.activities.at/result?searchterm=true&search=Brosch%FCre" "Mozilla/5.0 (Windows NT 6.1; Win64; x64; rv:71.0) Gecko/20100101 Firefox/71.0"
80.123.105.158 - - [19/Dec/2019:16:21:17 +0100] "GET /loadthumbnail.php?id=11976092&width=113 HTTP/1.1" 200 22943 "http://renault.activities.at/result?searchterm=true&search=Brosch%FCre" "Mozilla/5.0 (Windows NT 6.1; Win64; x64; rv:71.0) Gecko/20100101 Firefox/71.0"
80.123.105.158 - - [19/Dec/2019:16:21:17 +0100] "GET /loadthumbnail.php?id=11475295&width=113 HTTP/1.1" 200 17922 "http://renault.activities.at/result?searchterm=true&search=Brosch%FCre" "Mozilla/5.0 (Windows NT 6.1; Win64; x64; rv:71.0) Gecko/20100101 Firefox/71.0"
80.123.105.158 - - [19/Dec/2019:16:21:17 +0100] "GET /loadthumbnail.php?id=12064393&width=113 HTTP/1.1" 200 2870 "http://renault.activities.at/result?searchterm=true&search=Brosch%FCre" "Mozilla/5.0 (Windows NT 6.1; Win64; x64; rv:71.0) Gecko/20100101 Firefox/71.0"
80.123.105.158 - - [19/Dec/2019:16:21:17 +0100] "GET /loadthumbnail.php?id=11878139&width=113 HTTP/1.1" 200 19930 "http://renault.activities.at/result?searchterm=true&search=Brosch%FCre" "Mozilla/5.0 (Windows NT 6.1; Win64; x64; rv:71.0) Gecko/20100101 Firefox/71.0"
80.123.225.38 - - [19/Dec/2019:16:21:28 +0100] "GET /reload?ser=1576768888310 HTTP/1.1" 200 28 "http://renault.activities.at/result?searchterm=true&search=fahne" "Mozilla/5.0 (Windows NT 10.0; Win64; x64) AppleWebKit/537.36 (KHTML, like Gecko) Chrome/79.0.3945.88 Safari/537.36"
80.123.105.158 - - [19/Dec/2019:16:21:31 +0100] "GET /result?dir=DESC&mode=grid&order=name&limit=15&page=2&search=Brosch%C3%BCre HTTP/1.1" 200 9211 "http://renault.activities.at/result?searchterm=true&search=Brosch%FCre" "Mozilla/5.0 (Windows NT 6.1; Win64; x64; rv:71.0) Gecko/20100101 Firefox/71.0"
80.123.105.158 - - [19/Dec/2019:16:21:34 +0100] "GET /loadthumbnail.php?id=10203275 HTTP/1.1" 200 85 "http://renault.activities.at/result?dir=DESC&mode=grid&order=name&limit=15&page=2&search=Brosch%C3%BCre" "Mozilla/5.0 (Windows NT 6.1; Win64; x64; rv:71.0) Gecko/20100101 Firefox/71.0"
80.123.105.158 - - [19/Dec/2019:16:21:35 +0100] "GET /loadthumbnail.php?id=11967697&width=113 HTTP/1.1" 200 2902 "http://renault.activities.at/result?dir=DESC&mode=grid&order=name&limit=15&page=2&search=Brosch%C3%BCre" "Mozilla/5.0 (Windows NT 6.1; Win64; x64; rv:71.0) Gecko/20100101 Firefox/71.0"
80.123.105.158 - - [19/Dec/2019:16:21:35 +0100] "GET /loadthumbnail.php?id=12010039&width=113 HTTP/1.1" 200 19412 "http://renault.activities.at/result?dir=DESC&mode=grid&order=name&limit=15&page=2&search=Brosch%C3%BCre" "Mozilla/5.0 (Windows NT 6.1; Win64; x64; rv:71.0) Gecko/20100101 Firefox/71.0"
80.123.105.158 - - [19/Dec/2019:16:21:35 +0100] "GET /loadthumbnail.php?id=12153814&width=113 HTTP/1.1" 200 3262 "http://renault.activities.at/result?dir=DESC&mode=grid&order=name&limit=15&page=2&search=Brosch%C3%BCre" "Mozilla/5.0 (Windows NT 6.1; Win64; x64; rv:71.0) Gecko/20100101 Firefox/71.0"
80.123.105.158 - - [19/Dec/2019:16:21:35 +0100] "GET /loadthumbnail.php?id=11760072&width=113 HTTP/1.1" 200 22371 "http://renault.activities.at/result?dir=DESC&mode=grid&order=name&limit=15&page=2&search=Brosch%C3%BCre" "Mozilla/5.0 (Windows NT 6.1; Win64; x64; rv:71.0) Gecko/20100101 Firefox/71.0"
80.123.105.158 - - [19/Dec/2019:16:21:35 +0100] "GET /loadthumbnail.php?id=12064387&width=113 HTTP/1.1" 200 3233 "http://renault.activities.at/result?dir=DESC&mode=grid&order=name&limit=15&page=2&search=Brosch%C3%BCre" "Mozilla/5.0 (Windows NT 6.1; Win64; x64; rv:71.0) Gecko/20100101 Firefox/71.0"
80.123.105.158 - - [19/Dec/2019:16:21:35 +0100] "GET /loadthumbnail.php?id=12010091&width=113 HTTP/1.1" 200 18044 "http://renault.activities.at/result?dir=DESC&mode=grid&order=name&limit=15&page=2&search=Brosch%C3%BCre" "Mozilla/5.0 (Windows NT 6.1; Win64; x64; rv:71.0) Gecko/20100101 Firefox/71.0"
80.123.105.158 - - [19/Dec/2019:16:21:35 +0100] "GET /loadthumbnail.php?id=11635106&width=113 HTTP/1.1" 200 2935 "http://renault.activities.at/result?dir=DESC&mode=grid&order=name&limit=15&page=2&search=Brosch%C3%BCre" "Mozilla/5.0 (Windows NT 6.1; Win64; x64; rv:71.0) Gecko/20100101 Firefox/71.0"
80.123.105.158 - - [19/Dec/2019:16:21:35 +0100] "GET /loadthumbnail.php?id=11893885&width=113 HTTP/1.1" 200 3187 "http://renault.activities.at/result?dir=DESC&mode=grid&order=name&limit=15&page=2&search=Brosch%C3%BCre" "Mozilla/5.0 (Windows NT 6.1; Win64; x64; rv:71.0) Gecko/20100101 Firefox/71.0"
80.123.105.158 - - [19/Dec/2019:16:21:35 +0100] "GET /loadthumbnail.php?id=12101507&width=113 HTTP/1.1" 200 3189 "http://renault.activities.at/result?dir=DESC&mode=grid&order=name&limit=15&page=2&search=Brosch%C3%BCre" "Mozilla/5.0 (Windows NT 6.1; Win64; x64; rv:71.0) Gecko/20100101 Firefox/71.0"
80.123.105.158 - - [19/Dec/2019:16:21:35 +0100] "GET /loadthumbnail.php?id=12101517&width=113 HTTP/1.1" 200 3343 "http://renault.activities.at/result?dir=DESC&mode=grid&order=name&limit=15&page=2&search=Brosch%C3%BCre" "Mozilla/5.0 (Windows NT 6.1; Win64; x64; rv:71.0) Gecko/20100101 Firefox/71.0"
80.123.105.158 - - [19/Dec/2019:16:21:35 +0100] "GET /loadthumbnail.php?id=12101516&width=113 HTTP/1.1" 200 3056 "http://renault.activities.at/result?dir=DESC&mode=grid&order=name&limit=15&page=2&search=Brosch%C3%BCre" "Mozilla/5.0 (Windows NT 6.1; Win64; x64; rv:71.0) Gecko/20100101 Firefox/71.0"
80.123.105.158 - - [19/Dec/2019:16:21:35 +0100] "GET /loadthumbnail.php?id=12023913&width=113 HTTP/1.1" 200 3224 "http://renault.activities.at/result?dir=DESC&mode=grid&order=name&limit=15&page=2&search=Brosch%C3%BCre" "Mozilla/5.0 (Windows NT 6.1; Win64; x64; rv:71.0) Gecko/20100101 Firefox/71.0"
80.123.105.158 - - [19/Dec/2019:16:21:35 +0100] "GET /loadthumbnail.php?id=12127771&width=113 HTTP/1.1" 200 2909 "http://renault.activities.at/result?dir=DESC&mode=grid&order=name&limit=15&page=2&search=Brosch%C3%BCre" "Mozilla/5.0 (Windows NT 6.1; Win64; x64; rv:71.0) Gecko/20100101 Firefox/71.0"
80.123.105.158 - - [19/Dec/2019:16:21:35 +0100] "GET /loadthumbnail.php?id=11843899&width=113 HTTP/1.1" 200 2755 "http://renault.activities.at/result?dir=DESC&mode=grid&order=name&limit=15&page=2&search=Brosch%C3%BCre" "Mozilla/5.0 (Windows NT 6.1; Win64; x64; rv:71.0) Gecko/20100101 Firefox/71.0"
80.123.105.158 - - [19/Dec/2019:16:21:35 +0100] "GET /loadthumbnail.php?id=11094463&width=113 HTTP/1.1" 200 2237 "http://renault.activities.at/result?dir=DESC&mode=grid&order=name&limit=15&page=2&search=Brosch%C3%BCre" "Mozilla/5.0 (Windows NT 6.1; Win64; x64; rv:71.0) Gecko/20100101 Firefox/71.0"
80.123.225.38 - - [19/Dec/2019:16:21:42 +0100] "GET /reload?ser=1576768902248 HTTP/1.1" 200 28 "http://renault.activities.at/aboutus" "Mozilla/5.0 (Windows NT 10.0; Win64; x64; rv:71.0) Gecko/20100101 Firefox/71.0"
80.123.105.158 - - [19/Dec/2019:16:21:45 +0100] "GET /result?dir=DESC&mode=grid&order=name&limit=15&page=3&search=Brosch%C3%BCre HTTP/1.1" 200 9145 "http://renault.activities.at/result?dir=DESC&mode=grid&order=name&limit=15&page=2&search=Brosch%C3%BCre" "Mozilla/5.0 (Windows NT 6.1; Win64; x64; rv:71.0) Gecko/20100101 Firefox/71.0"
80.123.105.158 - - [19/Dec/2019:16:21:48 +0100] "GET /loadthumbnail.php?id=12022094&width=113 HTTP/1.1" 200 3553 "http://renault.activities.at/result?dir=DESC&mode=grid&order=name&limit=15&page=3&search=Brosch%C3%BCre" "Mozilla/5.0 (Windows NT 6.1; Win64; x64; rv:71.0) Gecko/20100101 Firefox/71.0"
80.123.105.158 - - [19/Dec/2019:16:21:48 +0100] "GET /loadthumbnail.php?id=11847426&width=113 HTTP/1.1" 200 2727 "http://renault.activities.at/result?dir=DESC&mode=grid&order=name&limit=15&page=3&search=Brosch%C3%BCre" "Mozilla/5.0 (Windows NT 6.1; Win64; x64; rv:71.0) Gecko/20100101 Firefox/71.0"
80.123.105.158 - - [19/Dec/2019:16:21:48 +0100] "GET /loadthumbnail.php?id=11228566&width=113 HTTP/1.1" 200 4033 "http://renault.activities.at/result?dir=DESC&mode=grid&order=name&limit=15&page=3&search=Brosch%C3%BCre" "Mozilla/5.0 (Windows NT 6.1; Win64; x64; rv:71.0) Gecko/20100101 Firefox/71.0"
80.123.105.158 - - [19/Dec/2019:16:21:48 +0100] "GET /loadthumbnail.php?id=12025504&width=113 HTTP/1.1" 200 19297 "http://renault.activities.at/result?dir=DESC&mode=grid&order=name&limit=15&page=3&search=Brosch%C3%BCre" "Mozilla/5.0 (Windows NT 6.1; Win64; x64; rv:71.0) Gecko/20100101 Firefox/71.0"
80.123.105.158 - - [19/Dec/2019:16:21:48 +0100] "GET /loadthumbnail.php?id=11500398&width=113 HTTP/1.1" 200 21704 "http://renault.activities.at/result?dir=DESC&mode=grid&order=name&limit=15&page=3&search=Brosch%C3%BCre" "Mozilla/5.0 (Windows NT 6.1; Win64; x64; rv:71.0) Gecko/20100101 Firefox/71.0"
80.123.105.158 - - [19/Dec/2019:16:21:48 +0100] "GET /loadthumbnail.php?id=12137758&width=113 HTTP/1.1" 200 36121 "http://renault.activities.at/result?dir=DESC&mode=grid&order=name&limit=15&page=3&search=Brosch%C3%BCre" "Mozilla/5.0 (Windows NT 6.1; Win64; x64; rv:71.0) Gecko/20100101 Firefox/71.0"
80.123.105.158 - - [19/Dec/2019:16:21:48 +0100] "GET /loadthumbnail.php?id=11500416&width=113 HTTP/1.1" 200 21073 "http://renault.activities.at/result?dir=DESC&mode=grid&order=name&limit=15&page=3&search=Brosch%C3%BCre" "Mozilla/5.0 (Windows NT 6.1; Win64; x64; rv:71.0) Gecko/20100101 Firefox/71.0"
80.123.105.158 - - [19/Dec/2019:16:21:48 +0100] "GET /loadthumbnail.php?id=12040647&width=113 HTTP/1.1" 200 3124 "http://renault.activities.at/result?dir=DESC&mode=grid&order=name&limit=15&page=3&search=Brosch%C3%BCre" "Mozilla/5.0 (Windows NT 6.1; Win64; x64; rv:71.0) Gecko/20100101 Firefox/71.0"
80.123.105.158 - - [19/Dec/2019:16:21:48 +0100] "GET /loadthumbnail.php?id=11711048&width=113 HTTP/1.1" 200 3085 "http://renault.activities.at/result?dir=DESC&mode=grid&order=name&limit=15&page=3&search=Brosch%C3%BCre" "Mozilla/5.0 (Windows NT 6.1; Win64; x64; rv:71.0) Gecko/20100101 Firefox/71.0"
80.123.105.158 - - [19/Dec/2019:16:21:48 +0100] "GET /loadthumbnail.php?id=11967700&width=113 HTTP/1.1" 200 3470 "http://renault.activities.at/result?dir=DESC&mode=grid&order=name&limit=15&page=3&search=Brosch%C3%BCre" "Mozilla/5.0 (Windows NT 6.1; Win64; x64; rv:71.0) Gecko/20100101 Firefox/71.0"
80.123.105.158 - - [19/Dec/2019:16:21:48 +0100] "GET /loadthumbnail.php?id=12127770&width=113 HTTP/1.1" 200 3147 "http://renault.activities.at/result?dir=DESC&mode=grid&order=name&limit=15&page=3&search=Brosch%C3%BCre" "Mozilla/5.0 (Windows NT 6.1; Win64; x64; rv:71.0) Gecko/20100101 Firefox/71.0"
80.123.105.158 - - [19/Dec/2019:16:21:48 +0100] "GET /loadthumbnail.php?id=11967701&width=113 HTTP/1.1" 200 3379 "http://renault.activities.at/result?dir=DESC&mode=grid&order=name&limit=15&page=3&search=Brosch%C3%BCre" "Mozilla/5.0 (Windows NT 6.1; Win64; x64; rv:71.0) Gecko/20100101 Firefox/71.0"
80.123.105.158 - - [19/Dec/2019:16:21:49 +0100] "GET /loadthumbnail.php?id=11986825&width=113 HTTP/1.1" 200 2837 "http://renault.activities.at/result?dir=DESC&mode=grid&order=name&limit=15&page=3&search=Brosch%C3%BCre" "Mozilla/5.0 (Windows NT 6.1; Win64; x64; rv:71.0) Gecko/20100101 Firefox/71.0"
80.123.105.158 - - [19/Dec/2019:16:21:49 +0100] "GET /loadthumbnail.php?id=11590243&width=113 HTTP/1.1" 200 3639 "http://renault.activities.at/result?dir=DESC&mode=grid&order=name&limit=15&page=3&search=Brosch%C3%BCre" "Mozilla/5.0 (Windows NT 6.1; Win64; x64; rv:71.0) Gecko/20100101 Firefox/71.0"
80.123.105.158 - - [19/Dec/2019:16:21:49 +0100] "GET /loadthumbnail.php?id=12033055&width=113 HTTP/1.1" 200 3147 "http://renault.activities.at/result?dir=DESC&mode=grid&order=name&limit=15&page=3&search=Brosch%C3%BCre" "Mozilla/5.0 (Windows NT 6.1; Win64; x64; rv:71.0) Gecko/20100101 Firefox/71.0"
80.123.105.158 - - [19/Dec/2019:16:22:22 +0100] "POST /result?dir=DESC&mode=grid&order=name&limit=15&page=3&search=Brosch%C3%BCre HTTP/1.1" 200 9251 "http://renault.activities.at/result?dir=DESC&mode=grid&order=name&limit=15&page=3&search=Brosch%C3%BCre" "Mozilla/5.0 (Windows NT 6.1; Win64; x64; rv:71.0) Gecko/20100101 Firefox/71.0"
80.123.225.38 - - [19/Dec/2019:16:22:29 +0100] "GET /reload?ser=1576768949311 HTTP/1.1" 200 28 "http://renault.activities.at/result?searchterm=true&search=fahne" "Mozilla/5.0 (Windows NT 10.0; Win64; x64) AppleWebKit/537.36 (KHTML, like Gecko) Chrome/79.0.3945.88 Safari/537.36"
80.123.105.158 - - [19/Dec/2019:16:22:36 +0100] "GET /result?dir=DESC&mode=grid&order=name&limit=15&page=4&search=Brosch%C3%BCre HTTP/1.1" 200 9047 "http://renault.activities.at/result?dir=DESC&mode=grid&order=name&limit=15&page=3&search=Brosch%C3%BCre" "Mozilla/5.0 (Windows NT 6.1; Win64; x64; rv:71.0) Gecko/20100101 Firefox/71.0"
80.123.105.158 - - [19/Dec/2019:16:22:39 +0100] "GET /loadthumbnail.php?id=11165054&width=113 HTTP/1.1" 200 34777 "http://renault.activities.at/result?dir=DESC&mode=grid&order=name&limit=15&page=4&search=Brosch%C3%BCre" "Mozilla/5.0 (Windows NT 6.1; Win64; x64; rv:71.0) Gecko/20100101 Firefox/71.0"
80.123.105.158 - - [19/Dec/2019:16:22:39 +0100] "GET /loadthumbnail.php?id=11538169&width=113 HTTP/1.1" 200 20088 "http://renault.activities.at/result?dir=DESC&mode=grid&order=name&limit=15&page=4&search=Brosch%C3%BCre" "Mozilla/5.0 (Windows NT 6.1; Win64; x64; rv:71.0) Gecko/20100101 Firefox/71.0"
80.123.105.158 - - [19/Dec/2019:16:22:39 +0100] "GET /loadthumbnail.php?id=12140010&width=113 HTTP/1.1" 200 28414 "http://renault.activities.at/result?dir=DESC&mode=grid&order=name&limit=15&page=4&search=Brosch%C3%BCre" "Mozilla/5.0 (Windows NT 6.1; Win64; x64; rv:71.0) Gecko/20100101 Firefox/71.0"
80.123.105.158 - - [19/Dec/2019:16:22:39 +0100] "GET /loadthumbnail.php?id=12139710&width=113 HTTP/1.1" 200 34483 "http://renault.activities.at/result?dir=DESC&mode=grid&order=name&limit=15&page=4&search=Brosch%C3%BCre" "Mozilla/5.0 (Windows NT 6.1; Win64; x64; rv:71.0) Gecko/20100101 Firefox/71.0"
80.123.105.158 - - [19/Dec/2019:16:22:39 +0100] "GET /loadthumbnail.php?id=11314432&width=113 HTTP/1.1" 200 36566 "http://renault.activities.at/result?dir=DESC&mode=grid&order=name&limit=15&page=4&search=Brosch%C3%BCre" "Mozilla/5.0 (Windows NT 6.1; Win64; x64; rv:71.0) Gecko/20100101 Firefox/71.0"
80.123.105.158 - - [19/Dec/2019:16:22:39 +0100] "GET /loadthumbnail.php?id=11319988&width=113 HTTP/1.1" 200 44228 "http://renault.activities.at/result?dir=DESC&mode=grid&order=name&limit=15&page=4&search=Brosch%C3%BCre" "Mozilla/5.0 (Windows NT 6.1; Win64; x64; rv:71.0) Gecko/20100101 Firefox/71.0"
80.123.105.158 - - [19/Dec/2019:16:22:40 +0100] "GET /loadthumbnail.php?id=11658180&width=113 HTTP/1.1" 200 29422 "http://renault.activities.at/result?dir=DESC&mode=grid&order=name&limit=15&page=4&search=Brosch%C3%BCre" "Mozilla/5.0 (Windows NT 6.1; Win64; x64; rv:71.0) Gecko/20100101 Firefox/71.0"
80.123.105.158 - - [19/Dec/2019:16:22:40 +0100] "GET /loadthumbnail.php?id=10970933&width=113 HTTP/1.1" 200 5132 "http://renault.activities.at/result?dir=DESC&mode=grid&order=name&limit=15&page=4&search=Brosch%C3%BCre" "Mozilla/5.0 (Windows NT 6.1; Win64; x64; rv:71.0) Gecko/20100101 Firefox/71.0"
80.123.105.158 - - [19/Dec/2019:16:22:40 +0100] "GET /loadthumbnail.php?id=11031880&width=113 HTTP/1.1" 200 39263 "http://renault.activities.at/result?dir=DESC&mode=grid&order=name&limit=15&page=4&search=Brosch%C3%BCre" "Mozilla/5.0 (Windows NT 6.1; Win64; x64; rv:71.0) Gecko/20100101 Firefox/71.0"
80.123.105.158 - - [19/Dec/2019:16:22:40 +0100] "GET /loadthumbnail.php?id=11715013&width=113 HTTP/1.1" 200 33856 "http://renault.activities.at/result?dir=DESC&mode=grid&order=name&limit=15&page=4&search=Brosch%C3%BCre" "Mozilla/5.0 (Windows NT 6.1; Win64; x64; rv:71.0) Gecko/20100101 Firefox/71.0"
80.123.105.158 - - [19/Dec/2019:16:22:40 +0100] "GET /loadthumbnail.php?id=11877757&width=113 HTTP/1.1" 200 32396 "http://renault.activities.at/result?dir=DESC&mode=grid&order=name&limit=15&page=4&search=Brosch%C3%BCre" "Mozilla/5.0 (Windows NT 6.1; Win64; x64; rv:71.0) Gecko/20100101 Firefox/71.0"
80.123.105.158 - - [19/Dec/2019:16:22:40 +0100] "GET /loadthumbnail.php?id=11715017&width=113 HTTP/1.1" 200 37395 "http://renault.activities.at/result?dir=DESC&mode=grid&order=name&limit=15&page=4&search=Brosch%C3%BCre" "Mozilla/5.0 (Windows NT 6.1; Win64; x64; rv:71.0) Gecko/20100101 Firefox/71.0"
80.123.105.158 - - [19/Dec/2019:16:22:40 +0100] "GET /loadthumbnail.php?id=12034916&width=113 HTTP/1.1" 200 5915 "http://renault.activities.at/result?dir=DESC&mode=grid&order=name&limit=15&page=4&search=Brosch%C3%BCre" "Mozilla/5.0 (Windows NT 6.1; Win64; x64; rv:71.0) Gecko/20100101 Firefox/71.0"
80.123.105.158 - - [19/Dec/2019:16:22:40 +0100] "GET /loadthumbnail.php?id=12017023&width=113 HTTP/1.1" 200 34650 "http://renault.activities.at/result?dir=DESC&mode=grid&order=name&limit=15&page=4&search=Brosch%C3%BCre" "Mozilla/5.0 (Windows NT 6.1; Win64; x64; rv:71.0) Gecko/20100101 Firefox/71.0"
80.123.105.158 - - [19/Dec/2019:16:22:40 +0100] "GET /loadthumbnail.php?id=11829073&width=113 HTTP/1.1" 200 2418 "http://renault.activities.at/result?dir=DESC&mode=grid&order=name&limit=15&page=4&search=Brosch%C3%BCre" "Mozilla/5.0 (Windows NT 6.1; Win64; x64; rv:71.0) Gecko/20100101 Firefox/71.0"
80.123.225.38 - - [19/Dec/2019:16:22:43 +0100] "GET /reload?ser=1576768963219 HTTP/1.1" 200 28 "http://renault.activities.at/aboutus" "Mozilla/5.0 (Windows NT 10.0; Win64; x64; rv:71.0) Gecko/20100101 Firefox/71.0"
80.123.105.158 - - [19/Dec/2019:16:22:54 +0100] "GET /result?dir=DESC&mode=grid&order=name&limit=15&page=5&search=Brosch%C3%BCre HTTP/1.1" 200 8774 "http://renault.activities.at/result?dir=DESC&mode=grid&order=name&limit=15&page=4&search=Brosch%C3%BCre" "Mozilla/5.0 (Windows NT 6.1; Win64; x64; rv:71.0) Gecko/20100101 Firefox/71.0"
80.123.105.158 - - [19/Dec/2019:16:22:57 +0100] "GET /loadthumbnail.php?id=11798476&width=113 HTTP/1.1" 200 2525 "http://renault.activities.at/result?dir=DESC&mode=grid&order=name&limit=15&page=5&search=Brosch%C3%BCre" "Mozilla/5.0 (Windows NT 6.1; Win64; x64; rv:71.0) Gecko/20100101 Firefox/71.0"
80.123.105.158 - - [19/Dec/2019:16:22:57 +0100] "GET /loadthumbnail.php?id=12018229&width=113 HTTP/1.1" 200 2908 "http://renault.activities.at/result?dir=DESC&mode=grid&order=name&limit=15&page=5&search=Brosch%C3%BCre" "Mozilla/5.0 (Windows NT 6.1; Win64; x64; rv:71.0) Gecko/20100101 Firefox/71.0"
80.123.105.158 - - [19/Dec/2019:16:22:57 +0100] "GET /loadthumbnail.php?id=11895725&width=113 HTTP/1.1" 200 2960 "http://renault.activities.at/result?dir=DESC&mode=grid&order=name&limit=15&page=5&search=Brosch%C3%BCre" "Mozilla/5.0 (Windows NT 6.1; Win64; x64; rv:71.0) Gecko/20100101 Firefox/71.0"
80.123.105.158 - - [19/Dec/2019:16:22:57 +0100] "GET /loadthumbnail.php?id=11798477&width=113 HTTP/1.1" 200 3326 "http://renault.activities.at/result?dir=DESC&mode=grid&order=name&limit=15&page=5&search=Brosch%C3%BCre" "Mozilla/5.0 (Windows NT 6.1; Win64; x64; rv:71.0) Gecko/20100101 Firefox/71.0"
80.123.105.158 - - [19/Dec/2019:16:22:57 +0100] "GET /loadthumbnail.php?id=11819635&width=113 HTTP/1.1" 200 3087 "http://renault.activities.at/result?dir=DESC&mode=grid&order=name&limit=15&page=5&search=Brosch%C3%BCre" "Mozilla/5.0 (Windows NT 6.1; Win64; x64; rv:71.0) Gecko/20100101 Firefox/71.0"
80.123.105.158 - - [19/Dec/2019:16:22:57 +0100] "GET /loadthumbnail.php?id=11847427&width=113 HTTP/1.1" 200 2698 "http://renault.activities.at/result?dir=DESC&mode=grid&order=name&limit=15&page=5&search=Brosch%C3%BCre" "Mozilla/5.0 (Windows NT 6.1; Win64; x64; rv:71.0) Gecko/20100101 Firefox/71.0"
80.123.105.158 - - [19/Dec/2019:16:22:57 +0100] "GET /loadthumbnail.php?id=11819630&width=113 HTTP/1.1" 200 2902 "http://renault.activities.at/result?dir=DESC&mode=grid&order=name&limit=15&page=5&search=Brosch%C3%BCre" "Mozilla/5.0 (Windows NT 6.1; Win64; x64; rv:71.0) Gecko/20100101 Firefox/71.0"
80.123.105.158 - - [19/Dec/2019:16:22:57 +0100] "GET /loadthumbnail.php?id=11693093&width=113 HTTP/1.1" 200 6219 "http://renault.activities.at/result?dir=DESC&mode=grid&order=name&limit=15&page=5&search=Brosch%C3%BCre" "Mozilla/5.0 (Windows NT 6.1; Win64; x64; rv:71.0) Gecko/20100101 Firefox/71.0"
80.123.105.158 - - [19/Dec/2019:16:22:57 +0100] "GET /loadthumbnail.php?id=11990631&width=113 HTTP/1.1" 200 3037 "http://renault.activities.at/result?dir=DESC&mode=grid&order=name&limit=15&page=5&search=Brosch%C3%BCre" "Mozilla/5.0 (Windows NT 6.1; Win64; x64; rv:71.0) Gecko/20100101 Firefox/71.0"
80.123.105.158 - - [19/Dec/2019:16:22:57 +0100] "GET /loadthumbnail.php?id=10970934&width=113 HTTP/1.1" 200 4103 "http://renault.activities.at/result?dir=DESC&mode=grid&order=name&limit=15&page=5&search=Brosch%C3%BCre" "Mozilla/5.0 (Windows NT 6.1; Win64; x64; rv:71.0) Gecko/20100101 Firefox/71.0"
80.123.105.158 - - [19/Dec/2019:16:22:57 +0100] "GET /loadthumbnail.php?id=11643691&width=113 HTTP/1.1" 200 3164 "http://renault.activities.at/result?dir=DESC&mode=grid&order=name&limit=15&page=5&search=Brosch%C3%BCre" "Mozilla/5.0 (Windows NT 6.1; Win64; x64; rv:71.0) Gecko/20100101 Firefox/71.0"
80.123.225.38 - - [19/Dec/2019:16:23:30 +0100] "GET /reload?ser=1576769010311 HTTP/1.1" 200 28 "http://renault.activities.at/result?searchterm=true&search=fahne" "Mozilla/5.0 (Windows NT 10.0; Win64; x64) AppleWebKit/537.36 (KHTML, like Gecko) Chrome/79.0.3945.88 Safari/537.36"
80.123.105.158 - - [19/Dec/2019:16:23:32 +0100] "POST /result?dir=DESC&mode=grid&order=name&limit=15&page=5&search=Brosch%C3%BCre HTTP/1.1" 200 8880 "http://renault.activities.at/result?dir=DESC&mode=grid&order=name&limit=15&page=5&search=Brosch%C3%BCre" "Mozilla/5.0 (Windows NT 6.1; Win64; x64; rv:71.0) Gecko/20100101 Firefox/71.0"
80.123.225.38 - - [19/Dec/2019:16:23:44 +0100] "GET /reload?ser=1576769024202 HTTP/1.1" 200 28 "http://renault.activities.at/aboutus" "Mozilla/5.0 (Windows NT 10.0; Win64; x64; rv:71.0) Gecko/20100101 Firefox/71.0"
80.123.105.158 - - [19/Dec/2019:16:23:54 +0100] "POST /result?dir=DESC&mode=grid&order=name&limit=15&page=5&search=Brosch%C3%BCre HTTP/1.1" 200 8886 "http://renault.activities.at/result?dir=DESC&mode=grid&order=name&limit=15&page=5&search=Brosch%C3%BCre" "Mozilla/5.0 (Windows NT 6.1; Win64; x64; rv:71.0) Gecko/20100101 Firefox/71.0"
80.123.105.158 - - [19/Dec/2019:16:24:12 +0100] "POST /result?dir=DESC&mode=grid&order=name&limit=15&page=5&search=Brosch%C3%BCre HTTP/1.1" 200 8887 "http://renault.activities.at/result?dir=DESC&mode=grid&order=name&limit=15&page=5&search=Brosch%C3%BCre" "Mozilla/5.0 (Windows NT 6.1; Win64; x64; rv:71.0) Gecko/20100101 Firefox/71.0"
80.123.225.38 - - [19/Dec/2019:16:24:31 +0100] "GET /reload?ser=1576769071311 HTTP/1.1" 200 28 "http://renault.activities.at/result?searchterm=true&search=fahne" "Mozilla/5.0 (Windows NT 10.0; Win64; x64) AppleWebKit/537.36 (KHTML, like Gecko) Chrome/79.0.3945.88 Safari/537.36"
80.123.105.158 - - [19/Dec/2019:16:24:41 +0100] "POST /result?dir=DESC&mode=grid&order=name&limit=15&page=5&search=Brosch%C3%BCre HTTP/1.1" 200 8883 "http://renault.activities.at/result?dir=DESC&mode=grid&order=name&limit=15&page=5&search=Brosch%C3%BCre" "Mozilla/5.0 (Windows NT 6.1; Win64; x64; rv:71.0) Gecko/20100101 Firefox/71.0"
80.123.225.38 - - [19/Dec/2019:16:24:45 +0100] "GET /reload?ser=1576769085176 HTTP/1.1" 200 28 "http://renault.activities.at/aboutus" "Mozilla/5.0 (Windows NT 10.0; Win64; x64; rv:71.0) Gecko/20100101 Firefox/71.0"
80.123.105.158 - - [19/Dec/2019:16:25:04 +0100] "POST /result?dir=DESC&mode=grid&order=name&limit=15&page=5&search=Brosch%C3%BCre HTTP/1.1" 200 8891 "http://renault.activities.at/result?dir=DESC&mode=grid&order=name&limit=15&page=5&search=Brosch%C3%BCre" "Mozilla/5.0 (Windows NT 6.1; Win64; x64; rv:71.0) Gecko/20100101 Firefox/71.0"
80.123.105.158 - - [19/Dec/2019:16:25:24 +0100] "POST /result?dir=DESC&mode=grid&order=name&limit=15&page=5&search=Brosch%C3%BCre HTTP/1.1" 200 8886 "http://renault.activities.at/result?dir=DESC&mode=grid&order=name&limit=15&page=5&search=Brosch%C3%BCre" "Mozilla/5.0 (Windows NT 6.1; Win64; x64; rv:71.0) Gecko/20100101 Firefox/71.0"
