212.152.246.134 - - [30/Dec/2019:04:26:29 +0100] "GET /reload?ser=1577676390326 HTTP/1.1" 200 28 "http://renault.activities.at/result?searchterm=true&search=stundensatz" "Mozilla/5.0 (Windows NT 10.0; WOW64; Trident/7.0; rv:11.0) like Gecko"
212.152.246.134 - - [30/Dec/2019:04:27:30 +0100] "GET /reload?ser=1577676451295 HTTP/1.1" 200 28 "http://renault.activities.at/result?searchterm=true&search=stundensatz" "Mozilla/5.0 (Windows NT 10.0; WOW64; Trident/7.0; rv:11.0) like Gecko"
212.152.246.134 - - [30/Dec/2019:04:28:31 +0100] "GET /reload?ser=1577676512269 HTTP/1.1" 200 28 "http://renault.activities.at/result?searchterm=true&search=stundensatz" "Mozilla/5.0 (Windows NT 10.0; WOW64; Trident/7.0; rv:11.0) like Gecko"
212.152.246.134 - - [30/Dec/2019:04:29:32 +0100] "GET /reload?ser=1577676573210 HTTP/1.1" 200 28 "http://renault.activities.at/result?searchterm=true&search=stundensatz" "Mozilla/5.0 (Windows NT 10.0; WOW64; Trident/7.0; rv:11.0) like Gecko"
66.249.66.221 - - [30/Dec/2019:04:30:04 +0100] "GET / HTTP/1.1" 200 3380 "-" "Mozilla/5.0 (Linux; Android 6.0.1; Nexus 5X Build/MMB29P) AppleWebKit/537.36 (KHTML, like Gecko) Chrome/41.0.2272.96 Mobile Safari/537.36 (compatible; Googlebot/2.1; +http://www.google.com/bot.html)"
212.152.246.134 - - [30/Dec/2019:04:30:33 +0100] "GET /reload?ser=1577676634164 HTTP/1.1" 200 28 "http://renault.activities.at/result?searchterm=true&search=stundensatz" "Mozilla/5.0 (Windows NT 10.0; WOW64; Trident/7.0; rv:11.0) like Gecko"
212.152.246.134 - - [30/Dec/2019:04:31:34 +0100] "GET /reload?ser=1577676695124 HTTP/1.1" 200 28 "http://renault.activities.at/result?searchterm=true&search=stundensatz" "Mozilla/5.0 (Windows NT 10.0; WOW64; Trident/7.0; rv:11.0) like Gecko"
212.152.246.134 - - [30/Dec/2019:04:32:35 +0100] "GET /reload?ser=1577676756065 HTTP/1.1" 200 28 "http://renault.activities.at/result?searchterm=true&search=stundensatz" "Mozilla/5.0 (Windows NT 10.0; WOW64; Trident/7.0; rv:11.0) like Gecko"
212.152.246.134 - - [30/Dec/2019:04:33:36 +0100] "GET /reload?ser=1577676817006 HTTP/1.1" 200 28 "http://renault.activities.at/result?searchterm=true&search=stundensatz" "Mozilla/5.0 (Windows NT 10.0; WOW64; Trident/7.0; rv:11.0) like Gecko"
212.152.246.134 - - [30/Dec/2019:04:34:37 +0100] "GET /reload?ser=1577676877944 HTTP/1.1" 200 28 "http://renault.activities.at/result?searchterm=true&search=stundensatz" "Mozilla/5.0 (Windows NT 10.0; WOW64; Trident/7.0; rv:11.0) like Gecko"
212.152.246.134 - - [30/Dec/2019:04:35:38 +0100] "GET /reload?ser=1577676938884 HTTP/1.1" 200 28 "http://renault.activities.at/result?searchterm=true&search=stundensatz" "Mozilla/5.0 (Windows NT 10.0; WOW64; Trident/7.0; rv:11.0) like Gecko"
212.152.246.134 - - [30/Dec/2019:04:36:39 +0100] "GET /reload?ser=1577676999821 HTTP/1.1" 200 28 "http://renault.activities.at/result?searchterm=true&search=stundensatz" "Mozilla/5.0 (Windows NT 10.0; WOW64; Trident/7.0; rv:11.0) like Gecko"
212.152.246.134 - - [30/Dec/2019:04:37:40 +0100] "GET /reload?ser=1577677060778 HTTP/1.1" 200 28 "http://renault.activities.at/result?searchterm=true&search=stundensatz" "Mozilla/5.0 (Windows NT 10.0; WOW64; Trident/7.0; rv:11.0) like Gecko"
212.152.246.134 - - [30/Dec/2019:04:38:41 +0100] "GET /reload?ser=1577677121718 HTTP/1.1" 200 28 "http://renault.activities.at/result?searchterm=true&search=stundensatz" "Mozilla/5.0 (Windows NT 10.0; WOW64; Trident/7.0; rv:11.0) like Gecko"
212.152.246.134 - - [30/Dec/2019:04:39:42 +0100] "GET /reload?ser=1577677182681 HTTP/1.1" 200 28 "http://renault.activities.at/result?searchterm=true&search=stundensatz" "Mozilla/5.0 (Windows NT 10.0; WOW64; Trident/7.0; rv:11.0) like Gecko"
212.152.246.134 - - [30/Dec/2019:04:40:43 +0100] "GET /reload?ser=1577677243626 HTTP/1.1" 200 28 "http://renault.activities.at/result?searchterm=true&search=stundensatz" "Mozilla/5.0 (Windows NT 10.0; WOW64; Trident/7.0; rv:11.0) like Gecko"
212.152.246.134 - - [30/Dec/2019:04:41:44 +0100] "GET /reload?ser=1577677304586 HTTP/1.1" 200 28 "http://renault.activities.at/result?searchterm=true&search=stundensatz" "Mozilla/5.0 (Windows NT 10.0; WOW64; Trident/7.0; rv:11.0) like Gecko"
212.152.246.134 - - [30/Dec/2019:04:42:45 +0100] "GET /reload?ser=1577677365878 HTTP/1.1" 200 28 "http://renault.activities.at/result?searchterm=true&search=stundensatz" "Mozilla/5.0 (Windows NT 10.0; WOW64; Trident/7.0; rv:11.0) like Gecko"
212.152.246.134 - - [30/Dec/2019:04:43:49 +0100] "GET /reload?ser=1577677429962 HTTP/1.1" 200 28 "http://renault.activities.at/result?searchterm=true&search=stundensatz" "Mozilla/5.0 (Windows NT 10.0; WOW64; Trident/7.0; rv:11.0) like Gecko"
212.152.246.134 - - [30/Dec/2019:04:44:50 +0100] "GET /reload?ser=1577677491319 HTTP/1.1" 200 28 "http://renault.activities.at/result?searchterm=true&search=stundensatz" "Mozilla/5.0 (Windows NT 10.0; WOW64; Trident/7.0; rv:11.0) like Gecko"
212.152.246.134 - - [30/Dec/2019:04:45:51 +0100] "GET /reload?ser=1577677552277 HTTP/1.1" 200 28 "http://renault.activities.at/result?searchterm=true&search=stundensatz" "Mozilla/5.0 (Windows NT 10.0; WOW64; Trident/7.0; rv:11.0) like Gecko"
212.152.246.134 - - [30/Dec/2019:04:46:52 +0100] "GET /reload?ser=1577677613235 HTTP/1.1" 200 28 "http://renault.activities.at/result?searchterm=true&search=stundensatz" "Mozilla/5.0 (Windows NT 10.0; WOW64; Trident/7.0; rv:11.0) like Gecko"
212.152.246.134 - - [30/Dec/2019:04:47:53 +0100] "GET /reload?ser=1577677674176 HTTP/1.1" 200 28 "http://renault.activities.at/result?searchterm=true&search=stundensatz" "Mozilla/5.0 (Windows NT 10.0; WOW64; Trident/7.0; rv:11.0) like Gecko"
212.152.246.134 - - [30/Dec/2019:04:48:54 +0100] "GET /reload?ser=1577677735122 HTTP/1.1" 200 28 "http://renault.activities.at/result?searchterm=true&search=stundensatz" "Mozilla/5.0 (Windows NT 10.0; WOW64; Trident/7.0; rv:11.0) like Gecko"
212.152.246.134 - - [30/Dec/2019:04:49:55 +0100] "GET /reload?ser=1577677796085 HTTP/1.1" 200 28 "http://renault.activities.at/result?searchterm=true&search=stundensatz" "Mozilla/5.0 (Windows NT 10.0; WOW64; Trident/7.0; rv:11.0) like Gecko"
212.152.246.134 - - [30/Dec/2019:04:50:56 +0100] "GET /reload?ser=1577677857072 HTTP/1.1" 200 28 "http://renault.activities.at/result?searchterm=true&search=stundensatz" "Mozilla/5.0 (Windows NT 10.0; WOW64; Trident/7.0; rv:11.0) like Gecko"
212.152.246.134 - - [30/Dec/2019:04:51:57 +0100] "GET /reload?ser=1577677918027 HTTP/1.1" 200 28 "http://renault.activities.at/result?searchterm=true&search=stundensatz" "Mozilla/5.0 (Windows NT 10.0; WOW64; Trident/7.0; rv:11.0) like Gecko"
212.152.246.134 - - [30/Dec/2019:04:52:58 +0100] "GET /reload?ser=1577677979020 HTTP/1.1" 200 28 "http://renault.activities.at/result?searchterm=true&search=stundensatz" "Mozilla/5.0 (Windows NT 10.0; WOW64; Trident/7.0; rv:11.0) like Gecko"
212.152.246.134 - - [30/Dec/2019:04:53:59 +0100] "GET /reload?ser=1577678039966 HTTP/1.1" 200 28 "http://renault.activities.at/result?searchterm=true&search=stundensatz" "Mozilla/5.0 (Windows NT 10.0; WOW64; Trident/7.0; rv:11.0) like Gecko"
212.152.246.134 - - [30/Dec/2019:04:55:00 +0100] "GET /reload?ser=1577678100922 HTTP/1.1" 200 28 "http://renault.activities.at/result?searchterm=true&search=stundensatz" "Mozilla/5.0 (Windows NT 10.0; WOW64; Trident/7.0; rv:11.0) like Gecko"
212.152.246.134 - - [30/Dec/2019:04:56:01 +0100] "GET /reload?ser=1577678161865 HTTP/1.1" 200 28 "http://renault.activities.at/result?searchterm=true&search=stundensatz" "Mozilla/5.0 (Windows NT 10.0; WOW64; Trident/7.0; rv:11.0) like Gecko"
212.152.246.134 - - [30/Dec/2019:04:57:02 +0100] "GET /reload?ser=1577678222814 HTTP/1.1" 200 28 "http://renault.activities.at/result?searchterm=true&search=stundensatz" "Mozilla/5.0 (Windows NT 10.0; WOW64; Trident/7.0; rv:11.0) like Gecko"
212.152.246.134 - - [30/Dec/2019:04:58:03 +0100] "GET /reload?ser=1577678283770 HTTP/1.1" 200 28 "http://renault.activities.at/result?searchterm=true&search=stundensatz" "Mozilla/5.0 (Windows NT 10.0; WOW64; Trident/7.0; rv:11.0) like Gecko"
212.152.246.134 - - [30/Dec/2019:04:59:04 +0100] "GET /reload?ser=1577678344726 HTTP/1.1" 200 28 "http://renault.activities.at/result?searchterm=true&search=stundensatz" "Mozilla/5.0 (Windows NT 10.0; WOW64; Trident/7.0; rv:11.0) like Gecko"
212.152.246.134 - - [30/Dec/2019:05:00:05 +0100] "GET /reload?ser=1577678405698 HTTP/1.1" 200 28 "http://renault.activities.at/result?searchterm=true&search=stundensatz" "Mozilla/5.0 (Windows NT 10.0; WOW64; Trident/7.0; rv:11.0) like Gecko"
212.152.246.134 - - [30/Dec/2019:05:01:06 +0100] "GET /reload?ser=1577678466654 HTTP/1.1" 200 28 "http://renault.activities.at/result?searchterm=true&search=stundensatz" "Mozilla/5.0 (Windows NT 10.0; WOW64; Trident/7.0; rv:11.0) like Gecko"
212.152.246.134 - - [30/Dec/2019:05:02:07 +0100] "GET /reload?ser=1577678527612 HTTP/1.1" 200 28 "http://renault.activities.at/result?searchterm=true&search=stundensatz" "Mozilla/5.0 (Windows NT 10.0; WOW64; Trident/7.0; rv:11.0) like Gecko"
212.152.246.134 - - [30/Dec/2019:05:03:08 +0100] "GET /reload?ser=1577678588550 HTTP/1.1" 200 28 "http://renault.activities.at/result?searchterm=true&search=stundensatz" "Mozilla/5.0 (Windows NT 10.0; WOW64; Trident/7.0; rv:11.0) like Gecko"
212.152.246.134 - - [30/Dec/2019:05:04:09 +0100] "GET /reload?ser=1577678649581 HTTP/1.1" 200 28 "http://renault.activities.at/result?searchterm=true&search=stundensatz" "Mozilla/5.0 (Windows NT 10.0; WOW64; Trident/7.0; rv:11.0) like Gecko"
212.152.246.134 - - [30/Dec/2019:05:05:10 +0100] "GET /reload?ser=1577678710558 HTTP/1.1" 200 28 "http://renault.activities.at/result?searchterm=true&search=stundensatz" "Mozilla/5.0 (Windows NT 10.0; WOW64; Trident/7.0; rv:11.0) like Gecko"
212.152.246.134 - - [30/Dec/2019:05:06:11 +0100] "GET /reload?ser=1577678771496 HTTP/1.1" 200 28 "http://renault.activities.at/result?searchterm=true&search=stundensatz" "Mozilla/5.0 (Windows NT 10.0; WOW64; Trident/7.0; rv:11.0) like Gecko"
212.152.246.134 - - [30/Dec/2019:05:07:12 +0100] "GET /reload?ser=1577678832435 HTTP/1.1" 200 28 "http://renault.activities.at/result?searchterm=true&search=stundensatz" "Mozilla/5.0 (Windows NT 10.0; WOW64; Trident/7.0; rv:11.0) like Gecko"
212.152.246.134 - - [30/Dec/2019:05:08:13 +0100] "GET /reload?ser=1577678893396 HTTP/1.1" 200 28 "http://renault.activities.at/result?searchterm=true&search=stundensatz" "Mozilla/5.0 (Windows NT 10.0; WOW64; Trident/7.0; rv:11.0) like Gecko"
212.152.246.134 - - [30/Dec/2019:05:09:14 +0100] "GET /reload?ser=1577678954334 HTTP/1.1" 200 28 "http://renault.activities.at/result?searchterm=true&search=stundensatz" "Mozilla/5.0 (Windows NT 10.0; WOW64; Trident/7.0; rv:11.0) like Gecko"
212.152.246.134 - - [30/Dec/2019:05:10:14 +0100] "GET /reload?ser=1577679015275 HTTP/1.1" 200 28 "http://renault.activities.at/result?searchterm=true&search=stundensatz" "Mozilla/5.0 (Windows NT 10.0; WOW64; Trident/7.0; rv:11.0) like Gecko"
212.152.246.134 - - [30/Dec/2019:05:11:15 +0100] "GET /reload?ser=1577679076234 HTTP/1.1" 200 28 "http://renault.activities.at/result?searchterm=true&search=stundensatz" "Mozilla/5.0 (Windows NT 10.0; WOW64; Trident/7.0; rv:11.0) like Gecko"
212.152.246.134 - - [30/Dec/2019:05:12:16 +0100] "GET /reload?ser=1577679137192 HTTP/1.1" 200 28 "http://renault.activities.at/result?searchterm=true&search=stundensatz" "Mozilla/5.0 (Windows NT 10.0; WOW64; Trident/7.0; rv:11.0) like Gecko"
212.152.246.134 - - [30/Dec/2019:05:13:17 +0100] "GET /reload?ser=1577679198152 HTTP/1.1" 200 28 "http://renault.activities.at/result?searchterm=true&search=stundensatz" "Mozilla/5.0 (Windows NT 10.0; WOW64; Trident/7.0; rv:11.0) like Gecko"
212.152.246.134 - - [30/Dec/2019:05:14:18 +0100] "GET /reload?ser=1577679259129 HTTP/1.1" 200 28 "http://renault.activities.at/result?searchterm=true&search=stundensatz" "Mozilla/5.0 (Windows NT 10.0; WOW64; Trident/7.0; rv:11.0) like Gecko"
212.152.246.134 - - [30/Dec/2019:05:15:19 +0100] "GET /reload?ser=1577679320071 HTTP/1.1" 200 28 "http://renault.activities.at/result?searchterm=true&search=stundensatz" "Mozilla/5.0 (Windows NT 10.0; WOW64; Trident/7.0; rv:11.0) like Gecko"
212.152.246.134 - - [30/Dec/2019:05:16:20 +0100] "GET /reload?ser=1577679381012 HTTP/1.1" 200 28 "http://renault.activities.at/result?searchterm=true&search=stundensatz" "Mozilla/5.0 (Windows NT 10.0; WOW64; Trident/7.0; rv:11.0) like Gecko"
212.152.246.134 - - [30/Dec/2019:05:17:21 +0100] "GET /reload?ser=1577679441956 HTTP/1.1" 200 28 "http://renault.activities.at/result?searchterm=true&search=stundensatz" "Mozilla/5.0 (Windows NT 10.0; WOW64; Trident/7.0; rv:11.0) like Gecko"
212.152.246.134 - - [30/Dec/2019:05:18:22 +0100] "GET /reload?ser=1577679502896 HTTP/1.1" 200 28 "http://renault.activities.at/result?searchterm=true&search=stundensatz" "Mozilla/5.0 (Windows NT 10.0; WOW64; Trident/7.0; rv:11.0) like Gecko"
212.152.246.134 - - [30/Dec/2019:05:19:23 +0100] "GET /reload?ser=1577679563851 HTTP/1.1" 200 28 "http://renault.activities.at/result?searchterm=true&search=stundensatz" "Mozilla/5.0 (Windows NT 10.0; WOW64; Trident/7.0; rv:11.0) like Gecko"
212.152.246.134 - - [30/Dec/2019:05:20:24 +0100] "GET /reload?ser=1577679624791 HTTP/1.1" 200 28 "http://renault.activities.at/result?searchterm=true&search=stundensatz" "Mozilla/5.0 (Windows NT 10.0; WOW64; Trident/7.0; rv:11.0) like Gecko"
212.152.246.134 - - [30/Dec/2019:05:21:25 +0100] "GET /reload?ser=1577679685751 HTTP/1.1" 200 28 "http://renault.activities.at/result?searchterm=true&search=stundensatz" "Mozilla/5.0 (Windows NT 10.0; WOW64; Trident/7.0; rv:11.0) like Gecko"
212.152.246.134 - - [30/Dec/2019:05:22:26 +0100] "GET /reload?ser=1577679746689 HTTP/1.1" 200 28 "http://renault.activities.at/result?searchterm=true&search=stundensatz" "Mozilla/5.0 (Windows NT 10.0; WOW64; Trident/7.0; rv:11.0) like Gecko"
212.152.246.134 - - [30/Dec/2019:05:23:27 +0100] "GET /reload?ser=1577679807647 HTTP/1.1" 200 28 "http://renault.activities.at/result?searchterm=true&search=stundensatz" "Mozilla/5.0 (Windows NT 10.0; WOW64; Trident/7.0; rv:11.0) like Gecko"
212.152.246.134 - - [30/Dec/2019:05:24:28 +0100] "GET /reload?ser=1577679868584 HTTP/1.1" 200 28 "http://renault.activities.at/result?searchterm=true&search=stundensatz" "Mozilla/5.0 (Windows NT 10.0; WOW64; Trident/7.0; rv:11.0) like Gecko"
212.152.246.134 - - [30/Dec/2019:05:25:29 +0100] "GET /reload?ser=1577679929555 HTTP/1.1" 200 28 "http://renault.activities.at/result?searchterm=true&search=stundensatz" "Mozilla/5.0 (Windows NT 10.0; WOW64; Trident/7.0; rv:11.0) like Gecko"
212.152.246.134 - - [30/Dec/2019:05:26:30 +0100] "GET /reload?ser=1577679990512 HTTP/1.1" 200 28 "http://renault.activities.at/result?searchterm=true&search=stundensatz" "Mozilla/5.0 (Windows NT 10.0; WOW64; Trident/7.0; rv:11.0) like Gecko"
212.152.246.134 - - [30/Dec/2019:05:27:31 +0100] "GET /reload?ser=1577680051481 HTTP/1.1" 200 28 "http://renault.activities.at/result?searchterm=true&search=stundensatz" "Mozilla/5.0 (Windows NT 10.0; WOW64; Trident/7.0; rv:11.0) like Gecko"
212.152.246.134 - - [30/Dec/2019:05:28:32 +0100] "GET /reload?ser=1577680112458 HTTP/1.1" 200 28 "http://renault.activities.at/result?searchterm=true&search=stundensatz" "Mozilla/5.0 (Windows NT 10.0; WOW64; Trident/7.0; rv:11.0) like Gecko"
212.152.246.134 - - [30/Dec/2019:05:29:33 +0100] "GET /reload?ser=1577680173400 HTTP/1.1" 200 28 "http://renault.activities.at/result?searchterm=true&search=stundensatz" "Mozilla/5.0 (Windows NT 10.0; WOW64; Trident/7.0; rv:11.0) like Gecko"
212.152.246.134 - - [30/Dec/2019:05:30:34 +0100] "GET /reload?ser=1577680234375 HTTP/1.1" 200 28 "http://renault.activities.at/result?searchterm=true&search=stundensatz" "Mozilla/5.0 (Windows NT 10.0; WOW64; Trident/7.0; rv:11.0) like Gecko"
212.152.246.134 - - [30/Dec/2019:05:31:34 +0100] "GET /reload?ser=1577680295333 HTTP/1.1" 200 28 "http://renault.activities.at/result?searchterm=true&search=stundensatz" "Mozilla/5.0 (Windows NT 10.0; WOW64; Trident/7.0; rv:11.0) like Gecko"
157.55.39.212 - - [30/Dec/2019:05:32:27 +0100] "GET /10227785?cat=10227788 HTTP/1.1" 200 3844 "-" "Mozilla/5.0 (compatible; bingbot/2.0; +http://www.bing.com/bingbot.htm)"
212.152.246.134 - - [30/Dec/2019:05:32:35 +0100] "GET /reload?ser=1577680356292 HTTP/1.1" 200 28 "http://renault.activities.at/result?searchterm=true&search=stundensatz" "Mozilla/5.0 (Windows NT 10.0; WOW64; Trident/7.0; rv:11.0) like Gecko"
212.152.246.134 - - [30/Dec/2019:05:33:36 +0100] "GET /reload?ser=1577680417245 HTTP/1.1" 200 28 "http://renault.activities.at/result?searchterm=true&search=stundensatz" "Mozilla/5.0 (Windows NT 10.0; WOW64; Trident/7.0; rv:11.0) like Gecko"
212.152.246.134 - - [30/Dec/2019:05:34:37 +0100] "GET /reload?ser=1577680478205 HTTP/1.1" 200 28 "http://renault.activities.at/result?searchterm=true&search=stundensatz" "Mozilla/5.0 (Windows NT 10.0; WOW64; Trident/7.0; rv:11.0) like Gecko"
212.152.246.134 - - [30/Dec/2019:05:35:38 +0100] "GET /reload?ser=1577680539154 HTTP/1.1" 200 28 "http://renault.activities.at/result?searchterm=true&search=stundensatz" "Mozilla/5.0 (Windows NT 10.0; WOW64; Trident/7.0; rv:11.0) like Gecko"
212.152.246.134 - - [30/Dec/2019:05:36:39 +0100] "GET /reload?ser=1577680600098 HTTP/1.1" 200 28 "http://renault.activities.at/result?searchterm=true&search=stundensatz" "Mozilla/5.0 (Windows NT 10.0; WOW64; Trident/7.0; rv:11.0) like Gecko"
212.152.246.134 - - [30/Dec/2019:05:37:40 +0100] "GET /reload?ser=1577680661048 HTTP/1.1" 200 28 "http://renault.activities.at/result?searchterm=true&search=stundensatz" "Mozilla/5.0 (Windows NT 10.0; WOW64; Trident/7.0; rv:11.0) like Gecko"
212.152.246.134 - - [30/Dec/2019:05:38:41 +0100] "GET /reload?ser=1577680722012 HTTP/1.1" 200 28 "http://renault.activities.at/result?searchterm=true&search=stundensatz" "Mozilla/5.0 (Windows NT 10.0; WOW64; Trident/7.0; rv:11.0) like Gecko"
212.152.246.134 - - [30/Dec/2019:05:39:42 +0100] "GET /reload?ser=1577680782948 HTTP/1.1" 200 28 "http://renault.activities.at/result?searchterm=true&search=stundensatz" "Mozilla/5.0 (Windows NT 10.0; WOW64; Trident/7.0; rv:11.0) like Gecko"
212.152.246.134 - - [30/Dec/2019:05:40:43 +0100] "GET /reload?ser=1577680843886 HTTP/1.1" 200 28 "http://renault.activities.at/result?searchterm=true&search=stundensatz" "Mozilla/5.0 (Windows NT 10.0; WOW64; Trident/7.0; rv:11.0) like Gecko"
212.152.246.134 - - [30/Dec/2019:05:41:44 +0100] "GET /reload?ser=1577680904827 HTTP/1.1" 200 28 "http://renault.activities.at/result?searchterm=true&search=stundensatz" "Mozilla/5.0 (Windows NT 10.0; WOW64; Trident/7.0; rv:11.0) like Gecko"
212.152.246.134 - - [30/Dec/2019:05:42:45 +0100] "GET /reload?ser=1577680965805 HTTP/1.1" 200 28 "http://renault.activities.at/result?searchterm=true&search=stundensatz" "Mozilla/5.0 (Windows NT 10.0; WOW64; Trident/7.0; rv:11.0) like Gecko"
212.152.246.134 - - [30/Dec/2019:05:43:46 +0100] "GET /reload?ser=1577681026746 HTTP/1.1" 200 28 "http://renault.activities.at/result?searchterm=true&search=stundensatz" "Mozilla/5.0 (Windows NT 10.0; WOW64; Trident/7.0; rv:11.0) like Gecko"
212.152.246.134 - - [30/Dec/2019:05:44:47 +0100] "GET /reload?ser=1577681087685 HTTP/1.1" 200 28 "http://renault.activities.at/result?searchterm=true&search=stundensatz" "Mozilla/5.0 (Windows NT 10.0; WOW64; Trident/7.0; rv:11.0) like Gecko"
212.152.246.134 - - [30/Dec/2019:05:45:48 +0100] "GET /reload?ser=1577681148622 HTTP/1.1" 200 28 "http://renault.activities.at/result?searchterm=true&search=stundensatz" "Mozilla/5.0 (Windows NT 10.0; WOW64; Trident/7.0; rv:11.0) like Gecko"
212.152.246.134 - - [30/Dec/2019:05:46:49 +0100] "GET /reload?ser=1577681209587 HTTP/1.1" 200 28 "http://renault.activities.at/result?searchterm=true&search=stundensatz" "Mozilla/5.0 (Windows NT 10.0; WOW64; Trident/7.0; rv:11.0) like Gecko"
212.152.246.134 - - [30/Dec/2019:05:47:50 +0100] "GET /reload?ser=1577681270532 HTTP/1.1" 200 28 "http://renault.activities.at/result?searchterm=true&search=stundensatz" "Mozilla/5.0 (Windows NT 10.0; WOW64; Trident/7.0; rv:11.0) like Gecko"
212.152.246.134 - - [30/Dec/2019:05:48:51 +0100] "GET /reload?ser=1577681331469 HTTP/1.1" 200 28 "http://renault.activities.at/result?searchterm=true&search=stundensatz" "Mozilla/5.0 (Windows NT 10.0; WOW64; Trident/7.0; rv:11.0) like Gecko"
212.152.246.134 - - [30/Dec/2019:05:49:52 +0100] "GET /reload?ser=1577681392426 HTTP/1.1" 200 28 "http://renault.activities.at/result?searchterm=true&search=stundensatz" "Mozilla/5.0 (Windows NT 10.0; WOW64; Trident/7.0; rv:11.0) like Gecko"
212.152.246.134 - - [30/Dec/2019:05:50:53 +0100] "GET /reload?ser=1577681453360 HTTP/1.1" 200 28 "http://renault.activities.at/result?searchterm=true&search=stundensatz" "Mozilla/5.0 (Windows NT 10.0; WOW64; Trident/7.0; rv:11.0) like Gecko"
212.152.246.134 - - [30/Dec/2019:05:51:53 +0100] "GET /reload?ser=1577681514301 HTTP/1.1" 200 28 "http://renault.activities.at/result?searchterm=true&search=stundensatz" "Mozilla/5.0 (Windows NT 10.0; WOW64; Trident/7.0; rv:11.0) like Gecko"
212.152.246.134 - - [30/Dec/2019:05:52:54 +0100] "GET /reload?ser=1577681575241 HTTP/1.1" 200 28 "http://renault.activities.at/result?searchterm=true&search=stundensatz" "Mozilla/5.0 (Windows NT 10.0; WOW64; Trident/7.0; rv:11.0) like Gecko"
212.152.246.134 - - [30/Dec/2019:05:53:55 +0100] "GET /reload?ser=1577681636197 HTTP/1.1" 200 28 "http://renault.activities.at/result?searchterm=true&search=stundensatz" "Mozilla/5.0 (Windows NT 10.0; WOW64; Trident/7.0; rv:11.0) like Gecko"
212.152.246.134 - - [30/Dec/2019:05:54:56 +0100] "GET /reload?ser=1577681697135 HTTP/1.1" 200 28 "http://renault.activities.at/result?searchterm=true&search=stundensatz" "Mozilla/5.0 (Windows NT 10.0; WOW64; Trident/7.0; rv:11.0) like Gecko"
212.152.246.134 - - [30/Dec/2019:05:55:57 +0100] "GET /reload?ser=1577681758126 HTTP/1.1" 200 28 "http://renault.activities.at/result?searchterm=true&search=stundensatz" "Mozilla/5.0 (Windows NT 10.0; WOW64; Trident/7.0; rv:11.0) like Gecko"
212.152.246.134 - - [30/Dec/2019:05:56:58 +0100] "GET /reload?ser=1577681819070 HTTP/1.1" 200 28 "http://renault.activities.at/result?searchterm=true&search=stundensatz" "Mozilla/5.0 (Windows NT 10.0; WOW64; Trident/7.0; rv:11.0) like Gecko"
212.152.246.134 - - [30/Dec/2019:05:57:59 +0100] "GET /reload?ser=1577681880022 HTTP/1.1" 200 28 "http://renault.activities.at/result?searchterm=true&search=stundensatz" "Mozilla/5.0 (Windows NT 10.0; WOW64; Trident/7.0; rv:11.0) like Gecko"
212.152.246.134 - - [30/Dec/2019:05:59:00 +0100] "GET /reload?ser=1577681940984 HTTP/1.1" 200 28 "http://renault.activities.at/result?searchterm=true&search=stundensatz" "Mozilla/5.0 (Windows NT 10.0; WOW64; Trident/7.0; rv:11.0) like Gecko"
212.152.246.134 - - [30/Dec/2019:06:00:01 +0100] "GET /reload?ser=1577682001960 HTTP/1.1" 200 28 "http://renault.activities.at/result?searchterm=true&search=stundensatz" "Mozilla/5.0 (Windows NT 10.0; WOW64; Trident/7.0; rv:11.0) like Gecko"
212.152.246.134 - - [30/Dec/2019:06:01:02 +0100] "GET /reload?ser=1577682062933 HTTP/1.1" 200 28 "http://renault.activities.at/result?searchterm=true&search=stundensatz" "Mozilla/5.0 (Windows NT 10.0; WOW64; Trident/7.0; rv:11.0) like Gecko"
212.152.246.134 - - [30/Dec/2019:06:02:03 +0100] "GET /reload?ser=1577682123906 HTTP/1.1" 200 28 "http://renault.activities.at/result?searchterm=true&search=stundensatz" "Mozilla/5.0 (Windows NT 10.0; WOW64; Trident/7.0; rv:11.0) like Gecko"
212.152.246.134 - - [30/Dec/2019:06:03:04 +0100] "GET /reload?ser=1577682184870 HTTP/1.1" 200 28 "http://renault.activities.at/result?searchterm=true&search=stundensatz" "Mozilla/5.0 (Windows NT 10.0; WOW64; Trident/7.0; rv:11.0) like Gecko"
212.152.246.134 - - [30/Dec/2019:06:04:05 +0100] "GET /reload?ser=1577682245828 HTTP/1.1" 200 28 "http://renault.activities.at/result?searchterm=true&search=stundensatz" "Mozilla/5.0 (Windows NT 10.0; WOW64; Trident/7.0; rv:11.0) like Gecko"
212.152.246.134 - - [30/Dec/2019:06:05:06 +0100] "GET /reload?ser=1577682306771 HTTP/1.1" 200 28 "http://renault.activities.at/result?searchterm=true&search=stundensatz" "Mozilla/5.0 (Windows NT 10.0; WOW64; Trident/7.0; rv:11.0) like Gecko"
212.152.246.134 - - [30/Dec/2019:06:06:07 +0100] "GET /reload?ser=1577682367735 HTTP/1.1" 200 28 "http://renault.activities.at/result?searchterm=true&search=stundensatz" "Mozilla/5.0 (Windows NT 10.0; WOW64; Trident/7.0; rv:11.0) like Gecko"
212.152.246.134 - - [30/Dec/2019:06:07:08 +0100] "GET /reload?ser=1577682428712 HTTP/1.1" 200 28 "http://renault.activities.at/result?searchterm=true&search=stundensatz" "Mozilla/5.0 (Windows NT 10.0; WOW64; Trident/7.0; rv:11.0) like Gecko"
212.152.246.134 - - [30/Dec/2019:06:08:09 +0100] "GET /reload?ser=1577682489661 HTTP/1.1" 200 28 "http://renault.activities.at/result?searchterm=true&search=stundensatz" "Mozilla/5.0 (Windows NT 10.0; WOW64; Trident/7.0; rv:11.0) like Gecko"
212.152.246.134 - - [30/Dec/2019:06:09:10 +0100] "GET /reload?ser=1577682550649 HTTP/1.1" 200 28 "http://renault.activities.at/result?searchterm=true&search=stundensatz" "Mozilla/5.0 (Windows NT 10.0; WOW64; Trident/7.0; rv:11.0) like Gecko"
212.152.246.134 - - [30/Dec/2019:06:10:11 +0100] "GET /reload?ser=1577682611610 HTTP/1.1" 200 28 "http://renault.activities.at/result?searchterm=true&search=stundensatz" "Mozilla/5.0 (Windows NT 10.0; WOW64; Trident/7.0; rv:11.0) like Gecko"
212.152.246.134 - - [30/Dec/2019:06:11:12 +0100] "GET /reload?ser=1577682672574 HTTP/1.1" 200 28 "http://renault.activities.at/result?searchterm=true&search=stundensatz" "Mozilla/5.0 (Windows NT 10.0; WOW64; Trident/7.0; rv:11.0) like Gecko"
212.152.246.134 - - [30/Dec/2019:06:12:13 +0100] "GET /reload?ser=1577682733538 HTTP/1.1" 200 28 "http://renault.activities.at/result?searchterm=true&search=stundensatz" "Mozilla/5.0 (Windows NT 10.0; WOW64; Trident/7.0; rv:11.0) like Gecko"
212.152.246.134 - - [30/Dec/2019:06:13:14 +0100] "GET /reload?ser=1577682794477 HTTP/1.1" 200 28 "http://renault.activities.at/result?searchterm=true&search=stundensatz" "Mozilla/5.0 (Windows NT 10.0; WOW64; Trident/7.0; rv:11.0) like Gecko"
212.152.246.134 - - [30/Dec/2019:06:14:15 +0100] "GET /reload?ser=1577682855416 HTTP/1.1" 200 28 "http://renault.activities.at/result?searchterm=true&search=stundensatz" "Mozilla/5.0 (Windows NT 10.0; WOW64; Trident/7.0; rv:11.0) like Gecko"
212.152.246.134 - - [30/Dec/2019:06:15:16 +0100] "GET /reload?ser=1577682916371 HTTP/1.1" 200 28 "http://renault.activities.at/result?searchterm=true&search=stundensatz" "Mozilla/5.0 (Windows NT 10.0; WOW64; Trident/7.0; rv:11.0) like Gecko"
212.152.246.134 - - [30/Dec/2019:06:16:16 +0100] "GET /reload?ser=1577682977318 HTTP/1.1" 200 28 "http://renault.activities.at/result?searchterm=true&search=stundensatz" "Mozilla/5.0 (Windows NT 10.0; WOW64; Trident/7.0; rv:11.0) like Gecko"
212.152.246.134 - - [30/Dec/2019:06:17:17 +0100] "GET /reload?ser=1577683038258 HTTP/1.1" 200 28 "http://renault.activities.at/result?searchterm=true&search=stundensatz" "Mozilla/5.0 (Windows NT 10.0; WOW64; Trident/7.0; rv:11.0) like Gecko"
212.152.246.134 - - [30/Dec/2019:06:18:18 +0100] "GET /reload?ser=1577683099209 HTTP/1.1" 200 28 "http://renault.activities.at/result?searchterm=true&search=stundensatz" "Mozilla/5.0 (Windows NT 10.0; WOW64; Trident/7.0; rv:11.0) like Gecko"
212.152.246.134 - - [30/Dec/2019:06:19:19 +0100] "GET /reload?ser=1577683160170 HTTP/1.1" 200 28 "http://renault.activities.at/result?searchterm=true&search=stundensatz" "Mozilla/5.0 (Windows NT 10.0; WOW64; Trident/7.0; rv:11.0) like Gecko"
212.152.246.134 - - [30/Dec/2019:06:20:20 +0100] "GET /reload?ser=1577683221107 HTTP/1.1" 200 28 "http://renault.activities.at/result?searchterm=true&search=stundensatz" "Mozilla/5.0 (Windows NT 10.0; WOW64; Trident/7.0; rv:11.0) like Gecko"
212.152.246.134 - - [30/Dec/2019:06:21:21 +0100] "GET /reload?ser=1577683282082 HTTP/1.1" 200 28 "http://renault.activities.at/result?searchterm=true&search=stundensatz" "Mozilla/5.0 (Windows NT 10.0; WOW64; Trident/7.0; rv:11.0) like Gecko"
212.152.246.134 - - [30/Dec/2019:06:22:22 +0100] "GET /reload?ser=1577683343018 HTTP/1.1" 200 28 "http://renault.activities.at/result?searchterm=true&search=stundensatz" "Mozilla/5.0 (Windows NT 10.0; WOW64; Trident/7.0; rv:11.0) like Gecko"
212.152.246.134 - - [30/Dec/2019:06:23:23 +0100] "GET /reload?ser=1577683403959 HTTP/1.1" 200 28 "http://renault.activities.at/result?searchterm=true&search=stundensatz" "Mozilla/5.0 (Windows NT 10.0; WOW64; Trident/7.0; rv:11.0) like Gecko"
212.152.246.134 - - [30/Dec/2019:06:24:24 +0100] "GET /reload?ser=1577683464898 HTTP/1.1" 200 28 "http://renault.activities.at/result?searchterm=true&search=stundensatz" "Mozilla/5.0 (Windows NT 10.0; WOW64; Trident/7.0; rv:11.0) like Gecko"
212.152.246.134 - - [30/Dec/2019:06:25:25 +0100] "GET /reload?ser=1577683525843 HTTP/1.1" 200 28 "http://renault.activities.at/result?searchterm=true&search=stundensatz" "Mozilla/5.0 (Windows NT 10.0; WOW64; Trident/7.0; rv:11.0) like Gecko"
212.152.246.134 - - [30/Dec/2019:06:26:26 +0100] "GET /reload?ser=1577683586780 HTTP/1.1" 200 28 "http://renault.activities.at/result?searchterm=true&search=stundensatz" "Mozilla/5.0 (Windows NT 10.0; WOW64; Trident/7.0; rv:11.0) like Gecko"
212.152.246.134 - - [30/Dec/2019:06:27:27 +0100] "GET /reload?ser=1577683647750 HTTP/1.1" 200 28 "http://renault.activities.at/result?searchterm=true&search=stundensatz" "Mozilla/5.0 (Windows NT 10.0; WOW64; Trident/7.0; rv:11.0) like Gecko"
212.152.246.134 - - [30/Dec/2019:06:28:28 +0100] "GET /reload?ser=1577683708691 HTTP/1.1" 200 28 "http://renault.activities.at/result?searchterm=true&search=stundensatz" "Mozilla/5.0 (Windows NT 10.0; WOW64; Trident/7.0; rv:11.0) like Gecko"
212.152.246.134 - - [30/Dec/2019:06:29:29 +0100] "GET /reload?ser=1577683769647 HTTP/1.1" 200 28 "http://renault.activities.at/result?searchterm=true&search=stundensatz" "Mozilla/5.0 (Windows NT 10.0; WOW64; Trident/7.0; rv:11.0) like Gecko"
212.152.246.134 - - [30/Dec/2019:06:30:30 +0100] "GET /reload?ser=1577683830591 HTTP/1.1" 200 28 "http://renault.activities.at/result?searchterm=true&search=stundensatz" "Mozilla/5.0 (Windows NT 10.0; WOW64; Trident/7.0; rv:11.0) like Gecko"
212.152.246.134 - - [30/Dec/2019:06:31:31 +0100] "GET /reload?ser=1577683891549 HTTP/1.1" 200 28 "http://renault.activities.at/result?searchterm=true&search=stundensatz" "Mozilla/5.0 (Windows NT 10.0; WOW64; Trident/7.0; rv:11.0) like Gecko"
212.152.246.134 - - [30/Dec/2019:06:32:32 +0100] "GET /reload?ser=1577683952508 HTTP/1.1" 200 28 "http://renault.activities.at/result?searchterm=true&search=stundensatz" "Mozilla/5.0 (Windows NT 10.0; WOW64; Trident/7.0; rv:11.0) like Gecko"
212.152.246.134 - - [30/Dec/2019:06:33:33 +0100] "GET /reload?ser=1577684013483 HTTP/1.1" 200 28 "http://renault.activities.at/result?searchterm=true&search=stundensatz" "Mozilla/5.0 (Windows NT 10.0; WOW64; Trident/7.0; rv:11.0) like Gecko"
212.152.246.134 - - [30/Dec/2019:06:34:34 +0100] "GET /reload?ser=1577684074454 HTTP/1.1" 200 28 "http://renault.activities.at/result?searchterm=true&search=stundensatz" "Mozilla/5.0 (Windows NT 10.0; WOW64; Trident/7.0; rv:11.0) like Gecko"
212.152.246.134 - - [30/Dec/2019:06:35:35 +0100] "GET /reload?ser=1577684135424 HTTP/1.1" 200 28 "http://renault.activities.at/result?searchterm=true&search=stundensatz" "Mozilla/5.0 (Windows NT 10.0; WOW64; Trident/7.0; rv:11.0) like Gecko"
40.77.167.140 - - [30/Dec/2019:06:35:47 +0100] "GET /success HTTP/1.1" 302 138 "-" "Mozilla/5.0 (compatible; bingbot/2.0; +http://www.bing.com/bingbot.htm)"
40.77.167.140 - - [30/Dec/2019:06:35:48 +0100] "GET /cart HTTP/1.1" 200 1714 "-" "Mozilla/5.0 (compatible; bingbot/2.0; +http://www.bing.com/bingbot.htm)"
212.152.246.134 - - [30/Dec/2019:06:36:36 +0100] "GET /reload?ser=1577684196363 HTTP/1.1" 200 28 "http://renault.activities.at/result?searchterm=true&search=stundensatz" "Mozilla/5.0 (Windows NT 10.0; WOW64; Trident/7.0; rv:11.0) like Gecko"
212.152.246.134 - - [30/Dec/2019:06:37:36 +0100] "GET /reload?ser=1577684257325 HTTP/1.1" 200 28 "http://renault.activities.at/result?searchterm=true&search=stundensatz" "Mozilla/5.0 (Windows NT 10.0; WOW64; Trident/7.0; rv:11.0) like Gecko"
212.152.246.134 - - [30/Dec/2019:06:38:37 +0100] "GET /reload?ser=1577684318284 HTTP/1.1" 200 28 "http://renault.activities.at/result?searchterm=true&search=stundensatz" "Mozilla/5.0 (Windows NT 10.0; WOW64; Trident/7.0; rv:11.0) like Gecko"
212.152.246.134 - - [30/Dec/2019:06:39:38 +0100] "GET /reload?ser=1577684379238 HTTP/1.1" 200 28 "http://renault.activities.at/result?searchterm=true&search=stundensatz" "Mozilla/5.0 (Windows NT 10.0; WOW64; Trident/7.0; rv:11.0) like Gecko"
212.152.246.134 - - [30/Dec/2019:06:40:39 +0100] "GET /reload?ser=1577684440180 HTTP/1.1" 200 28 "http://renault.activities.at/result?searchterm=true&search=stundensatz" "Mozilla/5.0 (Windows NT 10.0; WOW64; Trident/7.0; rv:11.0) like Gecko"
212.152.246.134 - - [30/Dec/2019:06:41:40 +0100] "GET /reload?ser=1577684501117 HTTP/1.1" 200 28 "http://renault.activities.at/result?searchterm=true&search=stundensatz" "Mozilla/5.0 (Windows NT 10.0; WOW64; Trident/7.0; rv:11.0) like Gecko"
212.152.246.134 - - [30/Dec/2019:06:42:41 +0100] "GET /reload?ser=1577684562071 HTTP/1.1" 200 28 "http://renault.activities.at/result?searchterm=true&search=stundensatz" "Mozilla/5.0 (Windows NT 10.0; WOW64; Trident/7.0; rv:11.0) like Gecko"
212.152.246.134 - - [30/Dec/2019:06:43:42 +0100] "GET /reload?ser=1577684623029 HTTP/1.1" 200 28 "http://renault.activities.at/result?searchterm=true&search=stundensatz" "Mozilla/5.0 (Windows NT 10.0; WOW64; Trident/7.0; rv:11.0) like Gecko"
212.152.246.134 - - [30/Dec/2019:06:44:43 +0100] "GET /reload?ser=1577684683984 HTTP/1.1" 200 28 "http://renault.activities.at/result?searchterm=true&search=stundensatz" "Mozilla/5.0 (Windows NT 10.0; WOW64; Trident/7.0; rv:11.0) like Gecko"
212.152.246.134 - - [30/Dec/2019:06:45:44 +0100] "GET /reload?ser=1577684744947 HTTP/1.1" 200 28 "http://renault.activities.at/result?searchterm=true&search=stundensatz" "Mozilla/5.0 (Windows NT 10.0; WOW64; Trident/7.0; rv:11.0) like Gecko"
212.152.246.134 - - [30/Dec/2019:06:46:45 +0100] "GET /reload?ser=1577684805886 HTTP/1.1" 200 28 "http://renault.activities.at/result?searchterm=true&search=stundensatz" "Mozilla/5.0 (Windows NT 10.0; WOW64; Trident/7.0; rv:11.0) like Gecko"
212.152.246.134 - - [30/Dec/2019:06:47:46 +0100] "GET /reload?ser=1577684866828 HTTP/1.1" 200 28 "http://renault.activities.at/result?searchterm=true&search=stundensatz" "Mozilla/5.0 (Windows NT 10.0; WOW64; Trident/7.0; rv:11.0) like Gecko"
212.152.246.134 - - [30/Dec/2019:06:48:47 +0100] "GET /reload?ser=1577684927800 HTTP/1.1" 200 28 "http://renault.activities.at/result?searchterm=true&search=stundensatz" "Mozilla/5.0 (Windows NT 10.0; WOW64; Trident/7.0; rv:11.0) like Gecko"
212.152.246.134 - - [30/Dec/2019:06:49:48 +0100] "GET /reload?ser=1577684988787 HTTP/1.1" 200 28 "http://renault.activities.at/result?searchterm=true&search=stundensatz" "Mozilla/5.0 (Windows NT 10.0; WOW64; Trident/7.0; rv:11.0) like Gecko"
212.152.246.134 - - [30/Dec/2019:06:50:49 +0100] "GET /reload?ser=1577685049726 HTTP/1.1" 200 28 "http://renault.activities.at/result?searchterm=true&search=stundensatz" "Mozilla/5.0 (Windows NT 10.0; WOW64; Trident/7.0; rv:11.0) like Gecko"
212.152.246.134 - - [30/Dec/2019:06:51:50 +0100] "GET /reload?ser=1577685110665 HTTP/1.1" 200 28 "http://renault.activities.at/result?searchterm=true&search=stundensatz" "Mozilla/5.0 (Windows NT 10.0; WOW64; Trident/7.0; rv:11.0) like Gecko"
212.152.246.134 - - [30/Dec/2019:06:52:51 +0100] "GET /reload?ser=1577685171602 HTTP/1.1" 200 28 "http://renault.activities.at/result?searchterm=true&search=stundensatz" "Mozilla/5.0 (Windows NT 10.0; WOW64; Trident/7.0; rv:11.0) like Gecko"
212.152.246.134 - - [30/Dec/2019:06:53:52 +0100] "GET /reload?ser=1577685232559 HTTP/1.1" 200 28 "http://renault.activities.at/result?searchterm=true&search=stundensatz" "Mozilla/5.0 (Windows NT 10.0; WOW64; Trident/7.0; rv:11.0) like Gecko"
212.152.246.134 - - [30/Dec/2019:06:54:53 +0100] "GET /reload?ser=1577685293516 HTTP/1.1" 200 28 "http://renault.activities.at/result?searchterm=true&search=stundensatz" "Mozilla/5.0 (Windows NT 10.0; WOW64; Trident/7.0; rv:11.0) like Gecko"
212.152.246.134 - - [30/Dec/2019:06:55:54 +0100] "GET /reload?ser=1577685354475 HTTP/1.1" 200 28 "http://renault.activities.at/result?searchterm=true&search=stundensatz" "Mozilla/5.0 (Windows NT 10.0; WOW64; Trident/7.0; rv:11.0) like Gecko"
212.152.246.134 - - [30/Dec/2019:06:56:55 +0100] "GET /reload?ser=1577685415435 HTTP/1.1" 200 28 "http://renault.activities.at/result?searchterm=true&search=stundensatz" "Mozilla/5.0 (Windows NT 10.0; WOW64; Trident/7.0; rv:11.0) like Gecko"
212.152.246.134 - - [30/Dec/2019:06:57:56 +0100] "GET /reload?ser=1577685476406 HTTP/1.1" 200 28 "http://renault.activities.at/result?searchterm=true&search=stundensatz" "Mozilla/5.0 (Windows NT 10.0; WOW64; Trident/7.0; rv:11.0) like Gecko"
212.152.246.134 - - [30/Dec/2019:06:58:57 +0100] "GET /reload?ser=1577685537362 HTTP/1.1" 200 28 "http://renault.activities.at/result?searchterm=true&search=stundensatz" "Mozilla/5.0 (Windows NT 10.0; WOW64; Trident/7.0; rv:11.0) like Gecko"
212.152.246.134 - - [30/Dec/2019:06:59:57 +0100] "GET /reload?ser=1577685598299 HTTP/1.1" 200 28 "http://renault.activities.at/result?searchterm=true&search=stundensatz" "Mozilla/5.0 (Windows NT 10.0; WOW64; Trident/7.0; rv:11.0) like Gecko"
138.21.12.23 - - [30/Dec/2019:07:00:30 +0100] "GET /account HTTP/1.1" 302 146 "-" "Mozilla/5.0 (Windows NT 10.0; WOW64; Trident/7.0; Touch; rv:11.0) like Gecko"
138.21.12.23 - - [30/Dec/2019:07:00:31 +0100] "GET /login?required=true HTTP/1.1" 200 2095 "-" "Mozilla/5.0 (Windows NT 10.0; WOW64; Trident/7.0; Touch; rv:11.0) like Gecko"
138.21.12.23 - - [30/Dec/2019:07:00:32 +0100] "GET /loadthumbnail.php?id=11127982 HTTP/1.1" 200 399614 "http://renault.2web.at/login?required=true" "Mozilla/5.0 (Windows NT 10.0; WOW64; Trident/7.0; Touch; rv:11.0) like Gecko"
138.21.12.23 - - [30/Dec/2019:07:00:33 +0100] "GET /images/favicon.ico HTTP/1.1" 404 300 "-" "Mozilla/5.0 (Windows NT 10.0; Win64; x64; Trident/7.0; Touch; rv:11.0) like Gecko"
138.21.12.23 - - [30/Dec/2019:07:00:40 +0100] "POST /login HTTP/1.1" 302 149 "http://renault.2web.at/login?required=true" "Mozilla/5.0 (Windows NT 10.0; WOW64; Trident/7.0; Touch; rv:11.0) like Gecko"
212.152.246.134 - - [30/Dec/2019:07:00:58 +0100] "GET /reload?ser=1577685659239 HTTP/1.1" 200 28 "http://renault.activities.at/result?searchterm=true&search=stundensatz" "Mozilla/5.0 (Windows NT 10.0; WOW64; Trident/7.0; rv:11.0) like Gecko"
138.21.12.23 - - [30/Dec/2019:07:00:55 +0100] "GET /account?loadrequest=true HTTP/1.1" 200 9547 "http://renault.2web.at/login?required=true" "Mozilla/5.0 (Windows NT 10.0; WOW64; Trident/7.0; Touch; rv:11.0) like Gecko"
138.21.12.23 - - [30/Dec/2019:07:01:24 +0100] "GET /loadthumbnail.php?id=10203651&width=50&height=50 HTTP/1.1" 200 1234 "http://renault.2web.at/account?loadrequest=true" "Mozilla/5.0 (Windows NT 10.0; WOW64; Trident/7.0; Touch; rv:11.0) like Gecko"
138.21.12.23 - - [30/Dec/2019:07:01:25 +0100] "GET /images/favicon.ico HTTP/1.1" 404 300 "-" "Mozilla/5.0 (Windows NT 10.0; Win64; x64; Trident/7.0; Touch; rv:11.0) like Gecko"
138.21.12.23 - - [30/Dec/2019:07:01:25 +0100] "GET /favicon.ico HTTP/1.1" 200 3250 "-" "Mozilla/5.0 (Windows NT 10.0; Win64; x64; Trident/7.0; Touch; rv:11.0) like Gecko"
212.152.246.134 - - [30/Dec/2019:07:01:59 +0100] "GET /reload?ser=1577685720259 HTTP/1.1" 200 28 "http://renault.activities.at/result?searchterm=true&search=stundensatz" "Mozilla/5.0 (Windows NT 10.0; WOW64; Trident/7.0; rv:11.0) like Gecko"
138.21.12.23 - - [30/Dec/2019:07:02:25 +0100] "GET /reload?ser=1577685744976 HTTP/1.1" 200 28 "http://renault.2web.at/account?loadrequest=true" "Mozilla/5.0 (Windows NT 10.0; WOW64; Trident/7.0; Touch; rv:11.0) like Gecko"
212.152.246.134 - - [30/Dec/2019:07:03:00 +0100] "GET /reload?ser=1577685781188 HTTP/1.1" 200 28 "http://renault.activities.at/result?searchterm=true&search=stundensatz" "Mozilla/5.0 (Windows NT 10.0; WOW64; Trident/7.0; rv:11.0) like Gecko"
138.21.12.23 - - [30/Dec/2019:07:03:26 +0100] "GET /reload?ser=1577685806209 HTTP/1.1" 200 28 "http://renault.2web.at/account?loadrequest=true" "Mozilla/5.0 (Windows NT 10.0; WOW64; Trident/7.0; Touch; rv:11.0) like Gecko"
212.152.246.134 - - [30/Dec/2019:07:04:01 +0100] "GET /reload?ser=1577685842139 HTTP/1.1" 200 28 "http://renault.activities.at/result?searchterm=true&search=stundensatz" "Mozilla/5.0 (Windows NT 10.0; WOW64; Trident/7.0; rv:11.0) like Gecko"
138.21.12.23 - - [30/Dec/2019:07:04:27 +0100] "GET /reload?ser=1577685867230 HTTP/1.1" 200 28 "http://renault.2web.at/account?loadrequest=true" "Mozilla/5.0 (Windows NT 10.0; WOW64; Trident/7.0; Touch; rv:11.0) like Gecko"
212.152.246.134 - - [30/Dec/2019:07:05:02 +0100] "GET /reload?ser=1577685903085 HTTP/1.1" 200 28 "http://renault.activities.at/result?searchterm=true&search=stundensatz" "Mozilla/5.0 (Windows NT 10.0; WOW64; Trident/7.0; rv:11.0) like Gecko"
138.21.12.23 - - [30/Dec/2019:07:05:28 +0100] "GET /reload?ser=1577685928282 HTTP/1.1" 200 28 "http://renault.2web.at/account?loadrequest=true" "Mozilla/5.0 (Windows NT 10.0; WOW64; Trident/7.0; Touch; rv:11.0) like Gecko"
212.152.246.134 - - [30/Dec/2019:07:06:03 +0100] "GET /reload?ser=1577685964026 HTTP/1.1" 200 28 "http://renault.activities.at/result?searchterm=true&search=stundensatz" "Mozilla/5.0 (Windows NT 10.0; WOW64; Trident/7.0; rv:11.0) like Gecko"
138.21.12.23 - - [30/Dec/2019:07:06:29 +0100] "GET /reload?ser=1577685989334 HTTP/1.1" 200 28 "http://renault.2web.at/account?loadrequest=true" "Mozilla/5.0 (Windows NT 10.0; WOW64; Trident/7.0; Touch; rv:11.0) like Gecko"
212.152.246.134 - - [30/Dec/2019:07:07:04 +0100] "GET /reload?ser=1577686024987 HTTP/1.1" 200 28 "http://renault.activities.at/result?searchterm=true&search=stundensatz" "Mozilla/5.0 (Windows NT 10.0; WOW64; Trident/7.0; rv:11.0) like Gecko"
138.21.12.23 - - [30/Dec/2019:07:07:30 +0100] "GET /reload?ser=1577686050364 HTTP/1.1" 200 28 "http://renault.2web.at/account?loadrequest=true" "Mozilla/5.0 (Windows NT 10.0; WOW64; Trident/7.0; Touch; rv:11.0) like Gecko"
212.152.246.134 - - [30/Dec/2019:07:08:05 +0100] "GET /reload?ser=1577686085925 HTTP/1.1" 200 28 "http://renault.activities.at/result?searchterm=true&search=stundensatz" "Mozilla/5.0 (Windows NT 10.0; WOW64; Trident/7.0; rv:11.0) like Gecko"
138.21.12.23 - - [30/Dec/2019:07:08:31 +0100] "GET /reload?ser=1577686111378 HTTP/1.1" 200 28 "http://renault.2web.at/account?loadrequest=true" "Mozilla/5.0 (Windows NT 10.0; WOW64; Trident/7.0; Touch; rv:11.0) like Gecko"
212.152.246.134 - - [30/Dec/2019:07:09:06 +0100] "GET /reload?ser=1577686146886 HTTP/1.1" 200 28 "http://renault.activities.at/result?searchterm=true&search=stundensatz" "Mozilla/5.0 (Windows NT 10.0; WOW64; Trident/7.0; rv:11.0) like Gecko"
138.21.12.23 - - [30/Dec/2019:07:09:32 +0100] "GET /reload?ser=1577686172412 HTTP/1.1" 200 28 "http://renault.2web.at/account?loadrequest=true" "Mozilla/5.0 (Windows NT 10.0; WOW64; Trident/7.0; Touch; rv:11.0) like Gecko"
212.152.246.134 - - [30/Dec/2019:07:10:07 +0100] "GET /reload?ser=1577686207835 HTTP/1.1" 200 28 "http://renault.activities.at/result?searchterm=true&search=stundensatz" "Mozilla/5.0 (Windows NT 10.0; WOW64; Trident/7.0; rv:11.0) like Gecko"
138.21.12.23 - - [30/Dec/2019:07:10:33 +0100] "GET /reload?ser=1577686233426 HTTP/1.1" 200 28 "http://renault.2web.at/account?loadrequest=true" "Mozilla/5.0 (Windows NT 10.0; WOW64; Trident/7.0; Touch; rv:11.0) like Gecko"
212.152.246.134 - - [30/Dec/2019:07:11:08 +0100] "GET /reload?ser=1577686268771 HTTP/1.1" 200 28 "http://renault.activities.at/result?searchterm=true&search=stundensatz" "Mozilla/5.0 (Windows NT 10.0; WOW64; Trident/7.0; rv:11.0) like Gecko"
138.21.12.23 - - [30/Dec/2019:07:11:34 +0100] "GET /reload?ser=1577686294459 HTTP/1.1" 200 28 "http://renault.2web.at/account?loadrequest=true" "Mozilla/5.0 (Windows NT 10.0; WOW64; Trident/7.0; Touch; rv:11.0) like Gecko"
212.152.246.134 - - [30/Dec/2019:07:12:09 +0100] "GET /reload?ser=1577686329719 HTTP/1.1" 200 28 "http://renault.activities.at/result?searchterm=true&search=stundensatz" "Mozilla/5.0 (Windows NT 10.0; WOW64; Trident/7.0; rv:11.0) like Gecko"
138.21.12.23 - - [30/Dec/2019:07:12:35 +0100] "GET /reload?ser=1577686355463 HTTP/1.1" 200 28 "http://renault.2web.at/account?loadrequest=true" "Mozilla/5.0 (Windows NT 10.0; WOW64; Trident/7.0; Touch; rv:11.0) like Gecko"
212.152.246.134 - - [30/Dec/2019:07:13:10 +0100] "GET /reload?ser=1577686390665 HTTP/1.1" 200 28 "http://renault.activities.at/result?searchterm=true&search=stundensatz" "Mozilla/5.0 (Windows NT 10.0; WOW64; Trident/7.0; rv:11.0) like Gecko"
138.21.12.23 - - [30/Dec/2019:07:13:36 +0100] "GET /reload?ser=1577686416520 HTTP/1.1" 200 28 "http://renault.2web.at/account?loadrequest=true" "Mozilla/5.0 (Windows NT 10.0; WOW64; Trident/7.0; Touch; rv:11.0) like Gecko"
212.152.246.134 - - [30/Dec/2019:07:14:11 +0100] "GET /reload?ser=1577686451637 HTTP/1.1" 200 28 "http://renault.activities.at/result?searchterm=true&search=stundensatz" "Mozilla/5.0 (Windows NT 10.0; WOW64; Trident/7.0; rv:11.0) like Gecko"
138.21.12.23 - - [30/Dec/2019:07:14:37 +0100] "GET /reload?ser=1577686477566 HTTP/1.1" 200 28 "http://renault.2web.at/account?loadrequest=true" "Mozilla/5.0 (Windows NT 10.0; WOW64; Trident/7.0; Touch; rv:11.0) like Gecko"
212.152.246.134 - - [30/Dec/2019:07:15:12 +0100] "GET /reload?ser=1577686512581 HTTP/1.1" 200 28 "http://renault.activities.at/result?searchterm=true&search=stundensatz" "Mozilla/5.0 (Windows NT 10.0; WOW64; Trident/7.0; rv:11.0) like Gecko"
138.21.12.23 - - [30/Dec/2019:07:15:38 +0100] "GET /reload?ser=1577686538599 HTTP/1.1" 200 28 "http://renault.2web.at/account?loadrequest=true" "Mozilla/5.0 (Windows NT 10.0; WOW64; Trident/7.0; Touch; rv:11.0) like Gecko"
212.152.246.134 - - [30/Dec/2019:07:16:13 +0100] "GET /reload?ser=1577686573532 HTTP/1.1" 200 28 "http://renault.activities.at/result?searchterm=true&search=stundensatz" "Mozilla/5.0 (Windows NT 10.0; WOW64; Trident/7.0; rv:11.0) like Gecko"
138.21.12.23 - - [30/Dec/2019:07:16:39 +0100] "GET /reload?ser=1577686599649 HTTP/1.1" 200 28 "http://renault.2web.at/account?loadrequest=true" "Mozilla/5.0 (Windows NT 10.0; WOW64; Trident/7.0; Touch; rv:11.0) like Gecko"
212.152.246.134 - - [30/Dec/2019:07:17:14 +0100] "GET /reload?ser=1577686634481 HTTP/1.1" 200 28 "http://renault.activities.at/result?searchterm=true&search=stundensatz" "Mozilla/5.0 (Windows NT 10.0; WOW64; Trident/7.0; rv:11.0) like Gecko"
138.21.12.23 - - [30/Dec/2019:07:17:40 +0100] "GET /reload?ser=1577686660661 HTTP/1.1" 200 28 "http://renault.2web.at/account?loadrequest=true" "Mozilla/5.0 (Windows NT 10.0; WOW64; Trident/7.0; Touch; rv:11.0) like Gecko"
212.152.246.134 - - [30/Dec/2019:07:18:15 +0100] "GET /reload?ser=1577686695410 HTTP/1.1" 200 28 "http://renault.activities.at/result?searchterm=true&search=stundensatz" "Mozilla/5.0 (Windows NT 10.0; WOW64; Trident/7.0; rv:11.0) like Gecko"
138.21.12.23 - - [30/Dec/2019:07:18:41 +0100] "GET /reload?ser=1577686721673 HTTP/1.1" 200 28 "http://renault.2web.at/account?loadrequest=true" "Mozilla/5.0 (Windows NT 10.0; WOW64; Trident/7.0; Touch; rv:11.0) like Gecko"
212.152.246.134 - - [30/Dec/2019:07:19:15 +0100] "GET /reload?ser=1577686756348 HTTP/1.1" 200 28 "http://renault.activities.at/result?searchterm=true&search=stundensatz" "Mozilla/5.0 (Windows NT 10.0; WOW64; Trident/7.0; rv:11.0) like Gecko"
138.21.12.23 - - [30/Dec/2019:07:19:42 +0100] "GET /reload?ser=1577686782681 HTTP/1.1" 200 28 "http://renault.2web.at/account?loadrequest=true" "Mozilla/5.0 (Windows NT 10.0; WOW64; Trident/7.0; Touch; rv:11.0) like Gecko"
212.152.246.134 - - [30/Dec/2019:07:20:16 +0100] "GET /reload?ser=1577686817317 HTTP/1.1" 200 28 "http://renault.activities.at/result?searchterm=true&search=stundensatz" "Mozilla/5.0 (Windows NT 10.0; WOW64; Trident/7.0; rv:11.0) like Gecko"
138.21.12.23 - - [30/Dec/2019:07:20:43 +0100] "GET /reload?ser=1577686843700 HTTP/1.1" 200 28 "http://renault.2web.at/account?loadrequest=true" "Mozilla/5.0 (Windows NT 10.0; WOW64; Trident/7.0; Touch; rv:11.0) like Gecko"
212.152.246.134 - - [30/Dec/2019:07:21:17 +0100] "GET /reload?ser=1577686878255 HTTP/1.1" 200 28 "http://renault.activities.at/result?searchterm=true&search=stundensatz" "Mozilla/5.0 (Windows NT 10.0; WOW64; Trident/7.0; rv:11.0) like Gecko"
138.21.12.23 - - [30/Dec/2019:07:21:44 +0100] "GET /reload?ser=1577686904732 HTTP/1.1" 200 28 "http://renault.2web.at/account?loadrequest=true" "Mozilla/5.0 (Windows NT 10.0; WOW64; Trident/7.0; Touch; rv:11.0) like Gecko"
212.152.246.134 - - [30/Dec/2019:07:22:18 +0100] "GET /reload?ser=1577686939221 HTTP/1.1" 200 28 "http://renault.activities.at/result?searchterm=true&search=stundensatz" "Mozilla/5.0 (Windows NT 10.0; WOW64; Trident/7.0; rv:11.0) like Gecko"
138.21.12.23 - - [30/Dec/2019:07:22:45 +0100] "GET /reload?ser=1577686965761 HTTP/1.1" 200 28 "http://renault.2web.at/account?loadrequest=true" "Mozilla/5.0 (Windows NT 10.0; WOW64; Trident/7.0; Touch; rv:11.0) like Gecko"
212.152.246.134 - - [30/Dec/2019:07:23:19 +0100] "GET /reload?ser=1577687000166 HTTP/1.1" 200 28 "http://renault.activities.at/result?searchterm=true&search=stundensatz" "Mozilla/5.0 (Windows NT 10.0; WOW64; Trident/7.0; rv:11.0) like Gecko"
138.21.12.23 - - [30/Dec/2019:07:23:46 +0100] "GET /reload?ser=1577687026786 HTTP/1.1" 200 28 "http://renault.2web.at/account?loadrequest=true" "Mozilla/5.0 (Windows NT 10.0; WOW64; Trident/7.0; Touch; rv:11.0) like Gecko"
