212.152.246.134 - - [30/Dec/2019:08:42:33 +0100] "GET /reload?ser=1577691754354 HTTP/1.1" 200 28 "http://renault.activities.at/result?searchterm=true&search=stundensatz" "Mozilla/5.0 (Windows NT 10.0; WOW64; Trident/7.0; rv:11.0) like Gecko"
138.21.12.23 - - [30/Dec/2019:08:42:43 +0100] "GET /reload?ser=1577691763635 HTTP/1.1" 200 28 "http://renault.2web.at/result?searchterm=true&search=beach+flag" "Mozilla/5.0 (Windows NT 10.0; WOW64; Trident/7.0; Touch; rv:11.0) like Gecko"
212.152.246.134 - - [30/Dec/2019:08:43:34 +0100] "GET /reload?ser=1577691815294 HTTP/1.1" 200 28 "http://renault.activities.at/result?searchterm=true&search=stundensatz" "Mozilla/5.0 (Windows NT 10.0; WOW64; Trident/7.0; rv:11.0) like Gecko"
138.21.12.23 - - [30/Dec/2019:08:43:44 +0100] "GET /reload?ser=1577691824644 HTTP/1.1" 200 28 "http://renault.2web.at/result?searchterm=true&search=beach+flag" "Mozilla/5.0 (Windows NT 10.0; WOW64; Trident/7.0; Touch; rv:11.0) like Gecko"
212.152.246.134 - - [30/Dec/2019:08:44:35 +0100] "GET /reload?ser=1577691876239 HTTP/1.1" 200 28 "http://renault.activities.at/result?searchterm=true&search=stundensatz" "Mozilla/5.0 (Windows NT 10.0; WOW64; Trident/7.0; rv:11.0) like Gecko"
138.21.12.23 - - [30/Dec/2019:08:44:46 +0100] "GET /reload?ser=1577691886382 HTTP/1.1" 200 28 "http://renault.2web.at/result?searchterm=true&search=beach+flag" "Mozilla/5.0 (Windows NT 10.0; WOW64; Trident/7.0; Touch; rv:11.0) like Gecko"
212.152.246.134 - - [30/Dec/2019:08:45:36 +0100] "GET /reload?ser=1577691937202 HTTP/1.1" 200 28 "http://renault.activities.at/result?searchterm=true&search=stundensatz" "Mozilla/5.0 (Windows NT 10.0; WOW64; Trident/7.0; rv:11.0) like Gecko"
138.21.12.23 - - [30/Dec/2019:08:45:47 +0100] "GET /reload?ser=1577691947387 HTTP/1.1" 200 28 "http://renault.2web.at/result?searchterm=true&search=beach+flag" "Mozilla/5.0 (Windows NT 10.0; WOW64; Trident/7.0; Touch; rv:11.0) like Gecko"
212.152.246.134 - - [30/Dec/2019:08:46:37 +0100] "GET /reload?ser=1577691998157 HTTP/1.1" 200 28 "http://renault.activities.at/result?searchterm=true&search=stundensatz" "Mozilla/5.0 (Windows NT 10.0; WOW64; Trident/7.0; rv:11.0) like Gecko"
138.21.12.23 - - [30/Dec/2019:08:46:48 +0100] "GET /reload?ser=1577692008410 HTTP/1.1" 200 28 "http://renault.2web.at/result?searchterm=true&search=beach+flag" "Mozilla/5.0 (Windows NT 10.0; WOW64; Trident/7.0; Touch; rv:11.0) like Gecko"
212.152.246.134 - - [30/Dec/2019:08:47:38 +0100] "GET /reload?ser=1577692059125 HTTP/1.1" 200 28 "http://renault.activities.at/result?searchterm=true&search=stundensatz" "Mozilla/5.0 (Windows NT 10.0; WOW64; Trident/7.0; rv:11.0) like Gecko"
138.21.12.23 - - [30/Dec/2019:08:47:50 +0100] "GET /reload?ser=1577692070314 HTTP/1.1" 200 28 "http://renault.2web.at/result?searchterm=true&search=beach+flag" "Mozilla/5.0 (Windows NT 10.0; WOW64; Trident/7.0; Touch; rv:11.0) like Gecko"
212.152.246.134 - - [30/Dec/2019:08:48:39 +0100] "GET /reload?ser=1577692120073 HTTP/1.1" 200 28 "http://renault.activities.at/result?searchterm=true&search=stundensatz" "Mozilla/5.0 (Windows NT 10.0; WOW64; Trident/7.0; rv:11.0) like Gecko"
138.21.12.23 - - [30/Dec/2019:08:48:51 +0100] "GET /reload?ser=1577692131379 HTTP/1.1" 200 28 "http://renault.2web.at/result?searchterm=true&search=beach+flag" "Mozilla/5.0 (Windows NT 10.0; WOW64; Trident/7.0; Touch; rv:11.0) like Gecko"
212.152.246.134 - - [30/Dec/2019:08:49:40 +0100] "GET /reload?ser=1577692181017 HTTP/1.1" 200 28 "http://renault.activities.at/result?searchterm=true&search=stundensatz" "Mozilla/5.0 (Windows NT 10.0; WOW64; Trident/7.0; rv:11.0) like Gecko"
138.21.12.23 - - [30/Dec/2019:08:49:52 +0100] "GET /reload?ser=1577692192432 HTTP/1.1" 200 28 "http://renault.2web.at/result?searchterm=true&search=beach+flag" "Mozilla/5.0 (Windows NT 10.0; WOW64; Trident/7.0; Touch; rv:11.0) like Gecko"
212.152.246.134 - - [30/Dec/2019:08:50:41 +0100] "GET /reload?ser=1577692241972 HTTP/1.1" 200 28 "http://renault.activities.at/result?searchterm=true&search=stundensatz" "Mozilla/5.0 (Windows NT 10.0; WOW64; Trident/7.0; rv:11.0) like Gecko"
138.21.12.23 - - [30/Dec/2019:08:50:54 +0100] "GET /reload?ser=1577692254103 HTTP/1.1" 200 28 "http://renault.2web.at/result?searchterm=true&search=beach+flag" "Mozilla/5.0 (Windows NT 10.0; WOW64; Trident/7.0; Touch; rv:11.0) like Gecko"
212.152.246.134 - - [30/Dec/2019:08:51:42 +0100] "GET /reload?ser=1577692302916 HTTP/1.1" 200 28 "http://renault.activities.at/result?searchterm=true&search=stundensatz" "Mozilla/5.0 (Windows NT 10.0; WOW64; Trident/7.0; rv:11.0) like Gecko"
138.21.12.23 - - [30/Dec/2019:08:51:55 +0100] "GET /reload?ser=1577692315117 HTTP/1.1" 200 28 "http://renault.2web.at/result?searchterm=true&search=beach+flag" "Mozilla/5.0 (Windows NT 10.0; WOW64; Trident/7.0; Touch; rv:11.0) like Gecko"
212.152.246.134 - - [30/Dec/2019:08:52:43 +0100] "GET /reload?ser=1577692363884 HTTP/1.1" 200 28 "http://renault.activities.at/result?searchterm=true&search=stundensatz" "Mozilla/5.0 (Windows NT 10.0; WOW64; Trident/7.0; rv:11.0) like Gecko"
138.21.12.23 - - [30/Dec/2019:08:52:56 +0100] "GET /reload?ser=1577692376143 HTTP/1.1" 200 28 "http://renault.2web.at/result?searchterm=true&search=beach+flag" "Mozilla/5.0 (Windows NT 10.0; WOW64; Trident/7.0; Touch; rv:11.0) like Gecko"
212.152.246.134 - - [30/Dec/2019:08:53:44 +0100] "GET /reload?ser=1577692424825 HTTP/1.1" 200 28 "http://renault.activities.at/result?searchterm=true&search=stundensatz" "Mozilla/5.0 (Windows NT 10.0; WOW64; Trident/7.0; rv:11.0) like Gecko"
138.21.12.23 - - [30/Dec/2019:08:53:58 +0100] "GET /reload?ser=1577692437919 HTTP/1.1" 200 28 "http://renault.2web.at/result?searchterm=true&search=beach+flag" "Mozilla/5.0 (Windows NT 10.0; WOW64; Trident/7.0; Touch; rv:11.0) like Gecko"
212.152.246.134 - - [30/Dec/2019:08:54:45 +0100] "GET /reload?ser=1577692485770 HTTP/1.1" 200 28 "http://renault.activities.at/result?searchterm=true&search=stundensatz" "Mozilla/5.0 (Windows NT 10.0; WOW64; Trident/7.0; rv:11.0) like Gecko"
138.21.12.23 - - [30/Dec/2019:08:54:59 +0100] "GET /reload?ser=1577692498919 HTTP/1.1" 200 28 "http://renault.2web.at/result?searchterm=true&search=beach+flag" "Mozilla/5.0 (Windows NT 10.0; WOW64; Trident/7.0; Touch; rv:11.0) like Gecko"
212.152.246.134 - - [30/Dec/2019:08:55:46 +0100] "GET /reload?ser=1577692546715 HTTP/1.1" 200 28 "http://renault.activities.at/result?searchterm=true&search=stundensatz" "Mozilla/5.0 (Windows NT 10.0; WOW64; Trident/7.0; rv:11.0) like Gecko"
138.21.12.23 - - [30/Dec/2019:08:56:00 +0100] "GET /reload?ser=1577692559933 HTTP/1.1" 200 28 "http://renault.2web.at/result?searchterm=true&search=beach+flag" "Mozilla/5.0 (Windows NT 10.0; WOW64; Trident/7.0; Touch; rv:11.0) like Gecko"
212.152.246.134 - - [30/Dec/2019:08:56:47 +0100] "GET /reload?ser=1577692607657 HTTP/1.1" 200 28 "http://renault.activities.at/result?searchterm=true&search=stundensatz" "Mozilla/5.0 (Windows NT 10.0; WOW64; Trident/7.0; rv:11.0) like Gecko"
138.21.12.23 - - [30/Dec/2019:08:57:01 +0100] "GET /reload?ser=1577692621737 HTTP/1.1" 200 28 "http://renault.2web.at/result?searchterm=true&search=beach+flag" "Mozilla/5.0 (Windows NT 10.0; WOW64; Trident/7.0; Touch; rv:11.0) like Gecko"
212.152.246.134 - - [30/Dec/2019:08:57:48 +0100] "GET /reload?ser=1577692668602 HTTP/1.1" 200 28 "http://renault.activities.at/result?searchterm=true&search=stundensatz" "Mozilla/5.0 (Windows NT 10.0; WOW64; Trident/7.0; rv:11.0) like Gecko"
138.21.12.23 - - [30/Dec/2019:08:58:02 +0100] "GET /reload?ser=1577692682824 HTTP/1.1" 200 28 "http://renault.2web.at/result?searchterm=true&search=beach+flag" "Mozilla/5.0 (Windows NT 10.0; WOW64; Trident/7.0; Touch; rv:11.0) like Gecko"
66.249.66.223 - - [30/Dec/2019:08:58:38 +0100] "GET /favicon.ico HTTP/1.1" 200 3250 "-" "Googlebot-Image/1.0"
212.152.246.134 - - [30/Dec/2019:08:58:49 +0100] "GET /reload?ser=1577692729566 HTTP/1.1" 200 28 "http://renault.activities.at/result?searchterm=true&search=stundensatz" "Mozilla/5.0 (Windows NT 10.0; WOW64; Trident/7.0; rv:11.0) like Gecko"
138.21.12.23 - - [30/Dec/2019:08:59:04 +0100] "GET /reload?ser=1577692743871 HTTP/1.1" 200 28 "http://renault.2web.at/result?searchterm=true&search=beach+flag" "Mozilla/5.0 (Windows NT 10.0; WOW64; Trident/7.0; Touch; rv:11.0) like Gecko"
212.152.246.134 - - [30/Dec/2019:08:59:50 +0100] "GET /reload?ser=1577692790505 HTTP/1.1" 200 28 "http://renault.activities.at/result?searchterm=true&search=stundensatz" "Mozilla/5.0 (Windows NT 10.0; WOW64; Trident/7.0; rv:11.0) like Gecko"
138.21.12.23 - - [30/Dec/2019:09:00:05 +0100] "GET /reload?ser=1577692805625 HTTP/1.1" 200 28 "http://renault.2web.at/result?searchterm=true&search=beach+flag" "Mozilla/5.0 (Windows NT 10.0; WOW64; Trident/7.0; Touch; rv:11.0) like Gecko"
212.152.246.134 - - [30/Dec/2019:09:00:51 +0100] "GET /reload?ser=1577692851453 HTTP/1.1" 200 28 "http://renault.activities.at/result?searchterm=true&search=stundensatz" "Mozilla/5.0 (Windows NT 10.0; WOW64; Trident/7.0; rv:11.0) like Gecko"
138.21.12.23 - - [30/Dec/2019:09:01:06 +0100] "GET /reload?ser=1577692866658 HTTP/1.1" 200 28 "http://renault.2web.at/result?searchterm=true&search=beach+flag" "Mozilla/5.0 (Windows NT 10.0; WOW64; Trident/7.0; Touch; rv:11.0) like Gecko"
212.152.246.134 - - [30/Dec/2019:09:01:52 +0100] "GET /reload?ser=1577692912394 HTTP/1.1" 200 28 "http://renault.activities.at/result?searchterm=true&search=stundensatz" "Mozilla/5.0 (Windows NT 10.0; WOW64; Trident/7.0; rv:11.0) like Gecko"
138.21.12.23 - - [30/Dec/2019:09:02:07 +0100] "GET /reload?ser=1577692927740 HTTP/1.1" 200 28 "http://renault.2web.at/result?searchterm=true&search=beach+flag" "Mozilla/5.0 (Windows NT 10.0; WOW64; Trident/7.0; Touch; rv:11.0) like Gecko"
212.152.246.134 - - [30/Dec/2019:09:02:52 +0100] "GET /reload?ser=1577692973340 HTTP/1.1" 200 28 "http://renault.activities.at/result?searchterm=true&search=stundensatz" "Mozilla/5.0 (Windows NT 10.0; WOW64; Trident/7.0; rv:11.0) like Gecko"
138.21.12.23 - - [30/Dec/2019:09:03:09 +0100] "GET /reload?ser=1577692989572 HTTP/1.1" 200 28 "http://renault.2web.at/result?searchterm=true&search=beach+flag" "Mozilla/5.0 (Windows NT 10.0; WOW64; Trident/7.0; Touch; rv:11.0) like Gecko"
212.152.246.134 - - [30/Dec/2019:09:03:53 +0100] "GET /reload?ser=1577693034278 HTTP/1.1" 200 28 "http://renault.activities.at/result?searchterm=true&search=stundensatz" "Mozilla/5.0 (Windows NT 10.0; WOW64; Trident/7.0; rv:11.0) like Gecko"
138.21.12.23 - - [30/Dec/2019:09:04:10 +0100] "GET /reload?ser=1577693050703 HTTP/1.1" 200 28 "http://renault.2web.at/result?searchterm=true&search=beach+flag" "Mozilla/5.0 (Windows NT 10.0; WOW64; Trident/7.0; Touch; rv:11.0) like Gecko"
66.249.66.221 - - [30/Dec/2019:09:04:43 +0100] "GET /images/favicon.ico HTTP/1.1" 404 305 "-" "Googlebot-Image/1.0"
212.152.246.134 - - [30/Dec/2019:09:04:54 +0100] "GET /reload?ser=1577693095223 HTTP/1.1" 200 28 "http://renault.activities.at/result?searchterm=true&search=stundensatz" "Mozilla/5.0 (Windows NT 10.0; WOW64; Trident/7.0; rv:11.0) like Gecko"
138.21.12.23 - - [30/Dec/2019:09:05:11 +0100] "GET /reload?ser=1577693111757 HTTP/1.1" 200 28 "http://renault.2web.at/result?searchterm=true&search=beach+flag" "Mozilla/5.0 (Windows NT 10.0; WOW64; Trident/7.0; Touch; rv:11.0) like Gecko"
212.152.246.134 - - [30/Dec/2019:09:05:55 +0100] "GET /reload?ser=1577693156186 HTTP/1.1" 200 28 "http://renault.activities.at/result?searchterm=true&search=stundensatz" "Mozilla/5.0 (Windows NT 10.0; WOW64; Trident/7.0; rv:11.0) like Gecko"
138.21.12.23 - - [30/Dec/2019:09:06:13 +0100] "GET /reload?ser=1577693173615 HTTP/1.1" 200 28 "http://renault.2web.at/result?searchterm=true&search=beach+flag" "Mozilla/5.0 (Windows NT 10.0; WOW64; Trident/7.0; Touch; rv:11.0) like Gecko"
212.152.246.134 - - [30/Dec/2019:09:06:56 +0100] "GET /reload?ser=1577693217147 HTTP/1.1" 200 28 "http://renault.activities.at/result?searchterm=true&search=stundensatz" "Mozilla/5.0 (Windows NT 10.0; WOW64; Trident/7.0; rv:11.0) like Gecko"
138.21.12.23 - - [30/Dec/2019:09:07:14 +0100] "GET /reload?ser=1577693234649 HTTP/1.1" 200 28 "http://renault.2web.at/result?searchterm=true&search=beach+flag" "Mozilla/5.0 (Windows NT 10.0; WOW64; Trident/7.0; Touch; rv:11.0) like Gecko"
212.152.246.134 - - [30/Dec/2019:09:07:57 +0100] "GET /reload?ser=1577693278091 HTTP/1.1" 200 28 "http://renault.activities.at/result?searchterm=true&search=stundensatz" "Mozilla/5.0 (Windows NT 10.0; WOW64; Trident/7.0; rv:11.0) like Gecko"
138.21.12.23 - - [30/Dec/2019:09:08:15 +0100] "GET /reload?ser=1577693295707 HTTP/1.1" 200 28 "http://renault.2web.at/result?searchterm=true&search=beach+flag" "Mozilla/5.0 (Windows NT 10.0; WOW64; Trident/7.0; Touch; rv:11.0) like Gecko"
212.152.246.134 - - [30/Dec/2019:09:08:58 +0100] "GET /reload?ser=1577693339032 HTTP/1.1" 200 28 "http://renault.activities.at/result?searchterm=true&search=stundensatz" "Mozilla/5.0 (Windows NT 10.0; WOW64; Trident/7.0; rv:11.0) like Gecko"
138.21.12.23 - - [30/Dec/2019:09:09:16 +0100] "GET /reload?ser=1577693356736 HTTP/1.1" 200 28 "http://renault.2web.at/result?searchterm=true&search=beach+flag" "Mozilla/5.0 (Windows NT 10.0; WOW64; Trident/7.0; Touch; rv:11.0) like Gecko"
212.152.246.134 - - [30/Dec/2019:09:09:59 +0100] "GET /reload?ser=1577693399976 HTTP/1.1" 200 28 "http://renault.activities.at/result?searchterm=true&search=stundensatz" "Mozilla/5.0 (Windows NT 10.0; WOW64; Trident/7.0; rv:11.0) like Gecko"
138.21.12.23 - - [30/Dec/2019:09:10:17 +0100] "GET /reload?ser=1577693417759 HTTP/1.1" 200 28 "http://renault.2web.at/result?searchterm=true&search=beach+flag" "Mozilla/5.0 (Windows NT 10.0; WOW64; Trident/7.0; Touch; rv:11.0) like Gecko"
212.152.246.134 - - [30/Dec/2019:09:11:00 +0100] "GET /reload?ser=1577693460935 HTTP/1.1" 200 28 "http://renault.activities.at/result?searchterm=true&search=stundensatz" "Mozilla/5.0 (Windows NT 10.0; WOW64; Trident/7.0; rv:11.0) like Gecko"
138.21.12.23 - - [30/Dec/2019:09:11:18 +0100] "GET /reload?ser=1577693478827 HTTP/1.1" 200 28 "http://renault.2web.at/result?searchterm=true&search=beach+flag" "Mozilla/5.0 (Windows NT 10.0; WOW64; Trident/7.0; Touch; rv:11.0) like Gecko"
212.152.246.134 - - [30/Dec/2019:09:12:01 +0100] "GET /reload?ser=1577693521877 HTTP/1.1" 200 28 "http://renault.activities.at/result?searchterm=true&search=stundensatz" "Mozilla/5.0 (Windows NT 10.0; WOW64; Trident/7.0; rv:11.0) like Gecko"
138.21.12.23 - - [30/Dec/2019:09:12:20 +0100] "GET /reload?ser=1577693539878 HTTP/1.1" 200 28 "http://renault.2web.at/result?searchterm=true&search=beach+flag" "Mozilla/5.0 (Windows NT 10.0; WOW64; Trident/7.0; Touch; rv:11.0) like Gecko"
212.152.246.134 - - [30/Dec/2019:09:13:02 +0100] "GET /reload?ser=1577693582822 HTTP/1.1" 200 28 "http://renault.activities.at/result?searchterm=true&search=stundensatz" "Mozilla/5.0 (Windows NT 10.0; WOW64; Trident/7.0; rv:11.0) like Gecko"
138.21.12.23 - - [30/Dec/2019:09:13:21 +0100] "GET /reload?ser=1577693600922 HTTP/1.1" 200 28 "http://renault.2web.at/result?searchterm=true&search=beach+flag" "Mozilla/5.0 (Windows NT 10.0; WOW64; Trident/7.0; Touch; rv:11.0) like Gecko"
212.152.246.134 - - [30/Dec/2019:09:14:03 +0100] "GET /reload?ser=1577693643762 HTTP/1.1" 200 28 "http://renault.activities.at/result?searchterm=true&search=stundensatz" "Mozilla/5.0 (Windows NT 10.0; WOW64; Trident/7.0; rv:11.0) like Gecko"
138.21.12.23 - - [30/Dec/2019:09:14:22 +0100] "GET /reload?ser=1577693661952 HTTP/1.1" 200 28 "http://renault.2web.at/result?searchterm=true&search=beach+flag" "Mozilla/5.0 (Windows NT 10.0; WOW64; Trident/7.0; Touch; rv:11.0) like Gecko"
212.152.246.134 - - [30/Dec/2019:09:15:04 +0100] "GET /reload?ser=1577693704724 HTTP/1.1" 200 28 "http://renault.activities.at/result?searchterm=true&search=stundensatz" "Mozilla/5.0 (Windows NT 10.0; WOW64; Trident/7.0; rv:11.0) like Gecko"
138.21.12.23 - - [30/Dec/2019:09:15:23 +0100] "GET /reload?ser=1577693723013 HTTP/1.1" 200 28 "http://renault.2web.at/result?searchterm=true&search=beach+flag" "Mozilla/5.0 (Windows NT 10.0; WOW64; Trident/7.0; Touch; rv:11.0) like Gecko"
212.152.246.134 - - [30/Dec/2019:09:16:05 +0100] "GET /reload?ser=1577693765669 HTTP/1.1" 200 28 "http://renault.activities.at/result?searchterm=true&search=stundensatz" "Mozilla/5.0 (Windows NT 10.0; WOW64; Trident/7.0; rv:11.0) like Gecko"
138.21.12.23 - - [30/Dec/2019:09:16:24 +0100] "GET /reload?ser=1577693784050 HTTP/1.1" 200 28 "http://renault.2web.at/result?searchterm=true&search=beach+flag" "Mozilla/5.0 (Windows NT 10.0; WOW64; Trident/7.0; Touch; rv:11.0) like Gecko"
212.152.246.134 - - [30/Dec/2019:09:17:06 +0100] "GET /reload?ser=1577693826620 HTTP/1.1" 200 28 "http://renault.activities.at/result?searchterm=true&search=stundensatz" "Mozilla/5.0 (Windows NT 10.0; WOW64; Trident/7.0; rv:11.0) like Gecko"
138.21.12.23 - - [30/Dec/2019:09:17:25 +0100] "GET /reload?ser=1577693845103 HTTP/1.1" 200 28 "http://renault.2web.at/result?searchterm=true&search=beach+flag" "Mozilla/5.0 (Windows NT 10.0; WOW64; Trident/7.0; Touch; rv:11.0) like Gecko"
83.175.94.87 - - [30/Dec/2019:09:17:28 +0100] "GET /login?required=true HTTP/1.1" 200 2085 "-" "Mozilla/5.0 (Windows NT 6.1; Win64; x64) AppleWebKit/537.36 (KHTML, like Gecko) Chrome/79.0.3945.88 Safari/537.36"
83.175.94.87 - - [30/Dec/2019:09:17:29 +0100] "GET /css/styles.css HTTP/1.1" 304 - "http://renault.activities.at/login?required=true" "Mozilla/5.0 (Windows NT 6.1; Win64; x64) AppleWebKit/537.36 (KHTML, like Gecko) Chrome/79.0.3945.88 Safari/537.36"
83.175.94.87 - - [30/Dec/2019:09:17:29 +0100] "GET /loadthumbnail.php?id=11127982 HTTP/1.1" 200 399614 "http://renault.activities.at/login?required=true" "Mozilla/5.0 (Windows NT 6.1; Win64; x64) AppleWebKit/537.36 (KHTML, like Gecko) Chrome/79.0.3945.88 Safari/537.36"
83.175.94.87 - - [30/Dec/2019:09:17:29 +0100] "GET /images/favicon.ico HTTP/1.1" 404 305 "http://renault.activities.at/login?required=true" "Mozilla/5.0 (Windows NT 6.1; Win64; x64) AppleWebKit/537.36 (KHTML, like Gecko) Chrome/79.0.3945.88 Safari/537.36"
83.175.94.87 - - [30/Dec/2019:09:17:39 +0100] "POST /login HTTP/1.1" 302 140 "http://renault.activities.at/login?required=true" "Mozilla/5.0 (Windows NT 6.1; Win64; x64) AppleWebKit/537.36 (KHTML, like Gecko) Chrome/79.0.3945.88 Safari/537.36"
83.175.94.87 - - [30/Dec/2019:09:17:41 +0100] "GET /account HTTP/1.1" 200 5872 "http://renault.activities.at/login?required=true" "Mozilla/5.0 (Windows NT 6.1; Win64; x64) AppleWebKit/537.36 (KHTML, like Gecko) Chrome/79.0.3945.88 Safari/537.36"
83.175.94.87 - - [30/Dec/2019:09:17:45 +0100] "GET /loadthumbnail.php?id=11555218&width=50&height=50 HTTP/1.1" 200 996 "http://renault.activities.at/account" "Mozilla/5.0 (Windows NT 6.1; Win64; x64) AppleWebKit/537.36 (KHTML, like Gecko) Chrome/79.0.3945.88 Safari/537.36"
83.175.94.87 - - [30/Dec/2019:09:17:55 +0100] "GET /result?searchterm=true&search=duster HTTP/1.1" 200 8203 "http://renault.activities.at/account" "Mozilla/5.0 (Windows NT 6.1; Win64; x64) AppleWebKit/537.36 (KHTML, like Gecko) Chrome/79.0.3945.88 Safari/537.36"
83.175.94.87 - - [30/Dec/2019:09:17:59 +0100] "GET /loadthumbnail.php?id=10203255 HTTP/1.1" 200 137 "http://renault.activities.at/result?searchterm=true&search=duster" "Mozilla/5.0 (Windows NT 6.1; Win64; x64) AppleWebKit/537.36 (KHTML, like Gecko) Chrome/79.0.3945.88 Safari/537.36"
83.175.94.87 - - [30/Dec/2019:09:17:59 +0100] "GET /loadthumbnail.php?id=11825618&width=113 HTTP/1.1" 200 2042 "http://renault.activities.at/result?searchterm=true&search=duster" "Mozilla/5.0 (Windows NT 6.1; Win64; x64) AppleWebKit/537.36 (KHTML, like Gecko) Chrome/79.0.3945.88 Safari/537.36"
83.175.94.87 - - [30/Dec/2019:09:17:59 +0100] "GET /loadthumbnail.php?id=11825617&width=113 HTTP/1.1" 200 2042 "http://renault.activities.at/result?searchterm=true&search=duster" "Mozilla/5.0 (Windows NT 6.1; Win64; x64) AppleWebKit/537.36 (KHTML, like Gecko) Chrome/79.0.3945.88 Safari/537.36"
83.175.94.87 - - [30/Dec/2019:09:17:59 +0100] "GET /loadthumbnail.php?id=12174323&width=113 HTTP/1.1" 200 6446 "http://renault.activities.at/result?searchterm=true&search=duster" "Mozilla/5.0 (Windows NT 6.1; Win64; x64) AppleWebKit/537.36 (KHTML, like Gecko) Chrome/79.0.3945.88 Safari/537.36"
83.175.94.87 - - [30/Dec/2019:09:17:59 +0100] "GET /loadthumbnail.php?id=12064393&width=113 HTTP/1.1" 200 2870 "http://renault.activities.at/result?searchterm=true&search=duster" "Mozilla/5.0 (Windows NT 6.1; Win64; x64) AppleWebKit/537.36 (KHTML, like Gecko) Chrome/79.0.3945.88 Safari/537.36"
83.175.94.87 - - [30/Dec/2019:09:17:59 +0100] "GET /loadthumbnail.php?id=11987881&width=113 HTTP/1.1" 200 2583 "http://renault.activities.at/result?searchterm=true&search=duster" "Mozilla/5.0 (Windows NT 6.1; Win64; x64) AppleWebKit/537.36 (KHTML, like Gecko) Chrome/79.0.3945.88 Safari/537.36"
83.175.94.87 - - [30/Dec/2019:09:17:59 +0100] "GET /loadthumbnail.php?id=12022099&width=113 HTTP/1.1" 200 2908 "http://renault.activities.at/result?searchterm=true&search=duster" "Mozilla/5.0 (Windows NT 6.1; Win64; x64) AppleWebKit/537.36 (KHTML, like Gecko) Chrome/79.0.3945.88 Safari/537.36"
83.175.94.87 - - [30/Dec/2019:09:17:59 +0100] "GET /loadthumbnail.php?id=11825610&width=113 HTTP/1.1" 200 1298 "http://renault.activities.at/result?searchterm=true&search=duster" "Mozilla/5.0 (Windows NT 6.1; Win64; x64) AppleWebKit/537.36 (KHTML, like Gecko) Chrome/79.0.3945.88 Safari/537.36"
83.175.94.87 - - [30/Dec/2019:09:17:59 +0100] "GET /loadthumbnail.php?id=11825611&width=113 HTTP/1.1" 200 1298 "http://renault.activities.at/result?searchterm=true&search=duster" "Mozilla/5.0 (Windows NT 6.1; Win64; x64) AppleWebKit/537.36 (KHTML, like Gecko) Chrome/79.0.3945.88 Safari/537.36"
83.175.94.87 - - [30/Dec/2019:09:17:59 +0100] "GET /loadthumbnail.php?id=10203650&width=113 HTTP/1.1" 200 2741 "http://renault.activities.at/result?searchterm=true&search=duster" "Mozilla/5.0 (Windows NT 6.1; Win64; x64) AppleWebKit/537.36 (KHTML, like Gecko) Chrome/79.0.3945.88 Safari/537.36"
83.175.94.87 - - [30/Dec/2019:09:17:59 +0100] "GET /loadthumbnail.php?id=11825612&width=113 HTTP/1.1" 200 2858 "http://renault.activities.at/result?searchterm=true&search=duster" "Mozilla/5.0 (Windows NT 6.1; Win64; x64) AppleWebKit/537.36 (KHTML, like Gecko) Chrome/79.0.3945.88 Safari/537.36"
83.175.94.87 - - [30/Dec/2019:09:17:59 +0100] "GET /loadthumbnail.php?id=11877757&width=113 HTTP/1.1" 200 32396 "http://renault.activities.at/result?searchterm=true&search=duster" "Mozilla/5.0 (Windows NT 6.1; Win64; x64) AppleWebKit/537.36 (KHTML, like Gecko) Chrome/79.0.3945.88 Safari/537.36"
83.175.94.87 - - [30/Dec/2019:09:17:59 +0100] "GET /loadthumbnail.php?id=12018229&width=113 HTTP/1.1" 200 2908 "http://renault.activities.at/result?searchterm=true&search=duster" "Mozilla/5.0 (Windows NT 6.1; Win64; x64) AppleWebKit/537.36 (KHTML, like Gecko) Chrome/79.0.3945.88 Safari/537.36"
83.175.94.87 - - [30/Dec/2019:09:17:59 +0100] "GET /loadthumbnail.php?id=11715009&width=113 HTTP/1.1" 200 22295 "http://renault.activities.at/result?searchterm=true&search=duster" "Mozilla/5.0 (Windows NT 6.1; Win64; x64) AppleWebKit/537.36 (KHTML, like Gecko) Chrome/79.0.3945.88 Safari/537.36"
83.175.94.87 - - [30/Dec/2019:09:17:55 +0100] "POST /axjaxrequest?mode=suggest HTTP/1.1" 200 111 "http://renault.activities.at/account" "Mozilla/5.0 (Windows NT 6.1; Win64; x64) AppleWebKit/537.36 (KHTML, like Gecko) Chrome/79.0.3945.88 Safari/537.36"
212.152.246.134 - - [30/Dec/2019:09:18:07 +0100] "GET /reload?ser=1577693887561 HTTP/1.1" 200 28 "http://renault.activities.at/result?searchterm=true&search=stundensatz" "Mozilla/5.0 (Windows NT 10.0; WOW64; Trident/7.0; rv:11.0) like Gecko"
138.21.12.23 - - [30/Dec/2019:09:18:26 +0100] "GET /reload?ser=1577693906126 HTTP/1.1" 200 28 "http://renault.2web.at/result?searchterm=true&search=beach+flag" "Mozilla/5.0 (Windows NT 10.0; WOW64; Trident/7.0; Touch; rv:11.0) like Gecko"
212.152.246.134 - - [30/Dec/2019:09:19:08 +0100] "GET /reload?ser=1577693948503 HTTP/1.1" 200 28 "http://renault.activities.at/result?searchterm=true&search=stundensatz" "Mozilla/5.0 (Windows NT 10.0; WOW64; Trident/7.0; rv:11.0) like Gecko"
138.21.12.23 - - [30/Dec/2019:09:19:27 +0100] "GET /reload?ser=1577693967213 HTTP/1.1" 200 28 "http://renault.2web.at/result?searchterm=true&search=beach+flag" "Mozilla/5.0 (Windows NT 10.0; WOW64; Trident/7.0; Touch; rv:11.0) like Gecko"
212.152.246.134 - - [30/Dec/2019:09:20:09 +0100] "GET /reload?ser=1577694009445 HTTP/1.1" 200 28 "http://renault.activities.at/result?searchterm=true&search=stundensatz" "Mozilla/5.0 (Windows NT 10.0; WOW64; Trident/7.0; rv:11.0) like Gecko"
138.21.12.23 - - [30/Dec/2019:09:20:28 +0100] "GET /reload?ser=1577694028257 HTTP/1.1" 200 28 "http://renault.2web.at/result?searchterm=true&search=beach+flag" "Mozilla/5.0 (Windows NT 10.0; WOW64; Trident/7.0; Touch; rv:11.0) like Gecko"
212.152.246.134 - - [30/Dec/2019:09:21:10 +0100] "GET /reload?ser=1577694070386 HTTP/1.1" 200 28 "http://renault.activities.at/result?searchterm=true&search=stundensatz" "Mozilla/5.0 (Windows NT 10.0; WOW64; Trident/7.0; rv:11.0) like Gecko"
138.21.12.23 - - [30/Dec/2019:09:21:29 +0100] "GET /reload?ser=1577694089303 HTTP/1.1" 200 28 "http://renault.2web.at/result?searchterm=true&search=beach+flag" "Mozilla/5.0 (Windows NT 10.0; WOW64; Trident/7.0; Touch; rv:11.0) like Gecko"
212.152.246.134 - - [30/Dec/2019:09:22:10 +0100] "GET /reload?ser=1577694131362 HTTP/1.1" 200 28 "http://renault.activities.at/result?searchterm=true&search=stundensatz" "Mozilla/5.0 (Windows NT 10.0; WOW64; Trident/7.0; rv:11.0) like Gecko"
138.21.12.23 - - [30/Dec/2019:09:22:30 +0100] "GET /reload?ser=1577694150394 HTTP/1.1" 200 28 "http://renault.2web.at/result?searchterm=true&search=beach+flag" "Mozilla/5.0 (Windows NT 10.0; WOW64; Trident/7.0; Touch; rv:11.0) like Gecko"
212.152.246.134 - - [30/Dec/2019:09:23:11 +0100] "GET /reload?ser=1577694192293 HTTP/1.1" 200 28 "http://renault.activities.at/result?searchterm=true&search=stundensatz" "Mozilla/5.0 (Windows NT 10.0; WOW64; Trident/7.0; rv:11.0) like Gecko"
138.21.12.23 - - [30/Dec/2019:09:23:31 +0100] "GET /reload?ser=1577694211448 HTTP/1.1" 200 28 "http://renault.2web.at/result?searchterm=true&search=beach+flag" "Mozilla/5.0 (Windows NT 10.0; WOW64; Trident/7.0; Touch; rv:11.0) like Gecko"
212.152.246.134 - - [30/Dec/2019:09:24:12 +0100] "GET /reload?ser=1577694253268 HTTP/1.1" 200 28 "http://renault.activities.at/result?searchterm=true&search=stundensatz" "Mozilla/5.0 (Windows NT 10.0; WOW64; Trident/7.0; rv:11.0) like Gecko"
138.21.12.23 - - [30/Dec/2019:09:24:32 +0100] "GET /reload?ser=1577694272491 HTTP/1.1" 200 28 "http://renault.2web.at/result?searchterm=true&search=beach+flag" "Mozilla/5.0 (Windows NT 10.0; WOW64; Trident/7.0; Touch; rv:11.0) like Gecko"
212.152.246.134 - - [30/Dec/2019:09:25:13 +0100] "GET /reload?ser=1577694314221 HTTP/1.1" 200 28 "http://renault.activities.at/result?searchterm=true&search=stundensatz" "Mozilla/5.0 (Windows NT 10.0; WOW64; Trident/7.0; rv:11.0) like Gecko"
138.21.12.23 - - [30/Dec/2019:09:25:33 +0100] "GET /reload?ser=1577694333538 HTTP/1.1" 200 28 "http://renault.2web.at/result?searchterm=true&search=beach+flag" "Mozilla/5.0 (Windows NT 10.0; WOW64; Trident/7.0; Touch; rv:11.0) like Gecko"
212.152.246.134 - - [30/Dec/2019:09:26:14 +0100] "GET /reload?ser=1577694375183 HTTP/1.1" 200 28 "http://renault.activities.at/result?searchterm=true&search=stundensatz" "Mozilla/5.0 (Windows NT 10.0; WOW64; Trident/7.0; rv:11.0) like Gecko"
138.21.12.23 - - [30/Dec/2019:09:26:34 +0100] "GET /reload?ser=1577694394606 HTTP/1.1" 200 28 "http://renault.2web.at/result?searchterm=true&search=beach+flag" "Mozilla/5.0 (Windows NT 10.0; WOW64; Trident/7.0; Touch; rv:11.0) like Gecko"
212.152.246.134 - - [30/Dec/2019:09:27:15 +0100] "GET /reload?ser=1577694436126 HTTP/1.1" 200 28 "http://renault.activities.at/result?searchterm=true&search=stundensatz" "Mozilla/5.0 (Windows NT 10.0; WOW64; Trident/7.0; rv:11.0) like Gecko"
138.21.12.23 - - [30/Dec/2019:09:27:35 +0100] "GET /reload?ser=1577694455630 HTTP/1.1" 200 28 "http://renault.2web.at/result?searchterm=true&search=beach+flag" "Mozilla/5.0 (Windows NT 10.0; WOW64; Trident/7.0; Touch; rv:11.0) like Gecko"
212.152.246.134 - - [30/Dec/2019:09:28:16 +0100] "GET /reload?ser=1577694497067 HTTP/1.1" 200 28 "http://renault.activities.at/result?searchterm=true&search=stundensatz" "Mozilla/5.0 (Windows NT 10.0; WOW64; Trident/7.0; rv:11.0) like Gecko"
138.21.12.23 - - [30/Dec/2019:09:28:36 +0100] "GET /reload?ser=1577694516669 HTTP/1.1" 200 28 "http://renault.2web.at/result?searchterm=true&search=beach+flag" "Mozilla/5.0 (Windows NT 10.0; WOW64; Trident/7.0; Touch; rv:11.0) like Gecko"
212.152.246.134 - - [30/Dec/2019:09:29:17 +0100] "GET /reload?ser=1577694558005 HTTP/1.1" 200 28 "http://renault.activities.at/result?searchterm=true&search=stundensatz" "Mozilla/5.0 (Windows NT 10.0; WOW64; Trident/7.0; rv:11.0) like Gecko"
138.21.12.23 - - [30/Dec/2019:09:29:37 +0100] "GET /reload?ser=1577694577741 HTTP/1.1" 200 28 "http://renault.2web.at/result?searchterm=true&search=beach+flag" "Mozilla/5.0 (Windows NT 10.0; WOW64; Trident/7.0; Touch; rv:11.0) like Gecko"
212.152.246.134 - - [30/Dec/2019:09:30:18 +0100] "GET /reload?ser=1577694618958 HTTP/1.1" 200 28 "http://renault.activities.at/result?searchterm=true&search=stundensatz" "Mozilla/5.0 (Windows NT 10.0; WOW64; Trident/7.0; rv:11.0) like Gecko"
138.21.12.23 - - [30/Dec/2019:09:30:38 +0100] "GET /reload?ser=1577694638772 HTTP/1.1" 200 28 "http://renault.2web.at/result?searchterm=true&search=beach+flag" "Mozilla/5.0 (Windows NT 10.0; WOW64; Trident/7.0; Touch; rv:11.0) like Gecko"
212.152.246.134 - - [30/Dec/2019:09:31:19 +0100] "GET /reload?ser=1577694679899 HTTP/1.1" 200 28 "http://renault.activities.at/result?searchterm=true&search=stundensatz" "Mozilla/5.0 (Windows NT 10.0; WOW64; Trident/7.0; rv:11.0) like Gecko"
138.21.12.23 - - [30/Dec/2019:09:31:39 +0100] "GET /reload?ser=1577694699821 HTTP/1.1" 200 28 "http://renault.2web.at/result?searchterm=true&search=beach+flag" "Mozilla/5.0 (Windows NT 10.0; WOW64; Trident/7.0; Touch; rv:11.0) like Gecko"
212.152.246.134 - - [30/Dec/2019:09:32:20 +0100] "GET /reload?ser=1577694740840 HTTP/1.1" 200 28 "http://renault.activities.at/result?searchterm=true&search=stundensatz" "Mozilla/5.0 (Windows NT 10.0; WOW64; Trident/7.0; rv:11.0) like Gecko"
138.21.12.23 - - [30/Dec/2019:09:32:41 +0100] "GET /reload?ser=1577694760881 HTTP/1.1" 200 28 "http://renault.2web.at/result?searchterm=true&search=beach+flag" "Mozilla/5.0 (Windows NT 10.0; WOW64; Trident/7.0; Touch; rv:11.0) like Gecko"
207.46.13.204 - - [30/Dec/2019:09:33:13 +0100] "GET /10201442 HTTP/1.1" 302 150 "-" "Mozilla/5.0 (compatible; bingbot/2.0; +http://www.bing.com/bingbot.htm)"
207.46.13.204 - - [30/Dec/2019:09:33:17 +0100] "GET /login?required=true HTTP/1.1" 200 2085 "-" "Mozilla/5.0 (compatible; bingbot/2.0; +http://www.bing.com/bingbot.htm)"
212.152.246.134 - - [30/Dec/2019:09:33:21 +0100] "GET /reload?ser=1577694801796 HTTP/1.1" 200 28 "http://renault.activities.at/result?searchterm=true&search=stundensatz" "Mozilla/5.0 (Windows NT 10.0; WOW64; Trident/7.0; rv:11.0) like Gecko"
138.21.12.23 - - [30/Dec/2019:09:33:42 +0100] "GET /reload?ser=1577694821963 HTTP/1.1" 200 28 "http://renault.2web.at/result?searchterm=true&search=beach+flag" "Mozilla/5.0 (Windows NT 10.0; WOW64; Trident/7.0; Touch; rv:11.0) like Gecko"
212.152.246.134 - - [30/Dec/2019:09:34:22 +0100] "GET /reload?ser=1577694862767 HTTP/1.1" 200 28 "http://renault.activities.at/result?searchterm=true&search=stundensatz" "Mozilla/5.0 (Windows NT 10.0; WOW64; Trident/7.0; rv:11.0) like Gecko"
138.21.12.23 - - [30/Dec/2019:09:34:43 +0100] "GET /reload?ser=1577694883027 HTTP/1.1" 200 28 "http://renault.2web.at/result?searchterm=true&search=beach+flag" "Mozilla/5.0 (Windows NT 10.0; WOW64; Trident/7.0; Touch; rv:11.0) like Gecko"
40.77.189.185 - - [30/Dec/2019:09:34:46 +0100] "GET /css/reset.css HTTP/1.1" 200 3591 "-" "Mozilla/5.0 (Windows NT 6.1; WOW64) AppleWebKit/534+ (KHTML, like Gecko) BingPreview/1.0b"
40.77.189.185 - - [30/Dec/2019:09:34:46 +0100] "GET /css/clears.css HTTP/1.1" 200 1978 "-" "Mozilla/5.0 (Windows NT 6.1; WOW64) AppleWebKit/534+ (KHTML, like Gecko) BingPreview/1.0b"
40.77.188.80 - - [30/Dec/2019:09:34:47 +0100] "GET /js/checkout.css HTTP/1.1" 200 767 "-" "Mozilla/5.0 (Windows NT 6.1; WOW64) AppleWebKit/534+ (KHTML, like Gecko) BingPreview/1.0b"
40.77.188.253 - - [30/Dec/2019:09:34:48 +0100] "GET /css/prototip.css HTTP/1.1" 200 3299 "-" "Mozilla/5.0 (Windows NT 6.1; WOW64) AppleWebKit/534+ (KHTML, like Gecko) BingPreview/1.0b"
40.77.190.235 - - [30/Dec/2019:09:34:48 +0100] "GET /css/themes/default.css HTTP/1.1" 200 2674 "-" "Mozilla/5.0 (Windows NT 6.1; WOW64) AppleWebKit/534+ (KHTML, like Gecko) BingPreview/1.0b"
40.77.190.235 - - [30/Dec/2019:09:34:49 +0100] "GET /css/themes/alphacube.css HTTP/1.1" 200 2665 "-" "Mozilla/5.0 (Windows NT 6.1; WOW64) AppleWebKit/534+ (KHTML, like Gecko) BingPreview/1.0b"
207.46.13.204 - - [30/Dec/2019:09:34:50 +0100] "GET /robots.txt HTTP/1.1" 404 300 "-" "msnbot/2.0b (+http://search.msn.com/msnbot.htm)"
40.77.188.174 - - [30/Dec/2019:09:34:49 +0100] "GET /loadthumbnail.php?id=11127982 HTTP/1.1" 200 586642 "-" "Mozilla/5.0 (Windows NT 6.1; WOW64) AppleWebKit/534+ (KHTML, like Gecko) BingPreview/1.0b"
40.77.189.178 - - [30/Dec/2019:09:34:52 +0100] "GET /css/print.css HTTP/1.1" 200 1042 "-" "Mozilla/5.0 (Windows NT 6.1; WOW64) AppleWebKit/534+ (KHTML, like Gecko) BingPreview/1.0b"
212.152.246.134 - - [30/Dec/2019:09:35:23 +0100] "GET /reload?ser=1577694923699 HTTP/1.1" 200 28 "http://renault.activities.at/result?searchterm=true&search=stundensatz" "Mozilla/5.0 (Windows NT 10.0; WOW64; Trident/7.0; rv:11.0) like Gecko"
138.21.12.23 - - [30/Dec/2019:09:35:44 +0100] "GET /reload?ser=1577694944365 HTTP/1.1" 200 28 "http://renault.2web.at/result?searchterm=true&search=beach+flag" "Mozilla/5.0 (Windows NT 10.0; WOW64; Trident/7.0; Touch; rv:11.0) like Gecko"
212.152.246.134 - - [30/Dec/2019:09:36:24 +0100] "GET /reload?ser=1577694984637 HTTP/1.1" 200 28 "http://renault.activities.at/result?searchterm=true&search=stundensatz" "Mozilla/5.0 (Windows NT 10.0; WOW64; Trident/7.0; rv:11.0) like Gecko"
138.21.12.23 - - [30/Dec/2019:09:36:45 +0100] "GET /reload?ser=1577695005427 HTTP/1.1" 200 28 "http://renault.2web.at/result?searchterm=true&search=beach+flag" "Mozilla/5.0 (Windows NT 10.0; WOW64; Trident/7.0; Touch; rv:11.0) like Gecko"
212.152.246.134 - - [30/Dec/2019:09:37:25 +0100] "GET /reload?ser=1577695045566 HTTP/1.1" 200 28 "http://renault.activities.at/result?searchterm=true&search=stundensatz" "Mozilla/5.0 (Windows NT 10.0; WOW64; Trident/7.0; rv:11.0) like Gecko"
138.21.12.23 - - [30/Dec/2019:09:37:46 +0100] "GET /reload?ser=1577695066430 HTTP/1.1" 200 28 "http://renault.2web.at/result?searchterm=true&search=beach+flag" "Mozilla/5.0 (Windows NT 10.0; WOW64; Trident/7.0; Touch; rv:11.0) like Gecko"
212.152.246.134 - - [30/Dec/2019:09:38:26 +0100] "GET /reload?ser=1577695106540 HTTP/1.1" 200 28 "http://renault.activities.at/result?searchterm=true&search=stundensatz" "Mozilla/5.0 (Windows NT 10.0; WOW64; Trident/7.0; rv:11.0) like Gecko"
138.21.12.23 - - [30/Dec/2019:09:38:47 +0100] "GET /reload?ser=1577695127476 HTTP/1.1" 200 28 "http://renault.2web.at/result?searchterm=true&search=beach+flag" "Mozilla/5.0 (Windows NT 10.0; WOW64; Trident/7.0; Touch; rv:11.0) like Gecko"
212.152.246.134 - - [30/Dec/2019:09:39:27 +0100] "GET /reload?ser=1577695167498 HTTP/1.1" 200 28 "http://renault.activities.at/result?searchterm=true&search=stundensatz" "Mozilla/5.0 (Windows NT 10.0; WOW64; Trident/7.0; rv:11.0) like Gecko"
138.21.12.23 - - [30/Dec/2019:09:39:48 +0100] "GET /reload?ser=1577695188554 HTTP/1.1" 200 28 "http://renault.2web.at/result?searchterm=true&search=beach+flag" "Mozilla/5.0 (Windows NT 10.0; WOW64; Trident/7.0; Touch; rv:11.0) like Gecko"
212.152.246.134 - - [30/Dec/2019:09:40:28 +0100] "GET /reload?ser=1577695228446 HTTP/1.1" 200 28 "http://renault.activities.at/result?searchterm=true&search=stundensatz" "Mozilla/5.0 (Windows NT 10.0; WOW64; Trident/7.0; rv:11.0) like Gecko"
138.21.12.23 - - [30/Dec/2019:09:40:49 +0100] "GET /reload?ser=1577695249601 HTTP/1.1" 200 28 "http://renault.2web.at/result?searchterm=true&search=beach+flag" "Mozilla/5.0 (Windows NT 10.0; WOW64; Trident/7.0; Touch; rv:11.0) like Gecko"
212.152.246.134 - - [30/Dec/2019:09:41:29 +0100] "GET /reload?ser=1577695289393 HTTP/1.1" 200 28 "http://renault.activities.at/result?searchterm=true&search=stundensatz" "Mozilla/5.0 (Windows NT 10.0; WOW64; Trident/7.0; rv:11.0) like Gecko"
138.21.12.23 - - [30/Dec/2019:09:41:50 +0100] "GET /reload?ser=1577695310682 HTTP/1.1" 200 28 "http://renault.2web.at/result?searchterm=true&search=beach+flag" "Mozilla/5.0 (Windows NT 10.0; WOW64; Trident/7.0; Touch; rv:11.0) like Gecko"
212.152.246.134 - - [30/Dec/2019:09:42:29 +0100] "GET /reload?ser=1577695350353 HTTP/1.1" 200 28 "http://renault.activities.at/result?searchterm=true&search=stundensatz" "Mozilla/5.0 (Windows NT 10.0; WOW64; Trident/7.0; rv:11.0) like Gecko"
138.21.12.23 - - [30/Dec/2019:09:42:51 +0100] "GET /reload?ser=1577695371761 HTTP/1.1" 200 28 "http://renault.2web.at/result?searchterm=true&search=beach+flag" "Mozilla/5.0 (Windows NT 10.0; WOW64; Trident/7.0; Touch; rv:11.0) like Gecko"
212.152.246.134 - - [30/Dec/2019:09:43:30 +0100] "GET /reload?ser=1577695411294 HTTP/1.1" 200 28 "http://renault.activities.at/result?searchterm=true&search=stundensatz" "Mozilla/5.0 (Windows NT 10.0; WOW64; Trident/7.0; rv:11.0) like Gecko"
138.21.12.23 - - [30/Dec/2019:09:43:52 +0100] "GET /reload?ser=1577695432805 HTTP/1.1" 200 28 "http://renault.2web.at/result?searchterm=true&search=beach+flag" "Mozilla/5.0 (Windows NT 10.0; WOW64; Trident/7.0; Touch; rv:11.0) like Gecko"
212.152.246.134 - - [30/Dec/2019:09:44:31 +0100] "GET /reload?ser=1577695472275 HTTP/1.1" 200 28 "http://renault.activities.at/result?searchterm=true&search=stundensatz" "Mozilla/5.0 (Windows NT 10.0; WOW64; Trident/7.0; rv:11.0) like Gecko"
138.21.12.23 - - [30/Dec/2019:09:44:53 +0100] "GET /reload?ser=1577695493848 HTTP/1.1" 200 28 "http://renault.2web.at/result?searchterm=true&search=beach+flag" "Mozilla/5.0 (Windows NT 10.0; WOW64; Trident/7.0; Touch; rv:11.0) like Gecko"
212.152.246.134 - - [30/Dec/2019:09:45:32 +0100] "GET /reload?ser=1577695533234 HTTP/1.1" 200 28 "http://renault.activities.at/result?searchterm=true&search=stundensatz" "Mozilla/5.0 (Windows NT 10.0; WOW64; Trident/7.0; rv:11.0) like Gecko"
138.21.12.23 - - [30/Dec/2019:09:45:54 +0100] "GET /reload?ser=1577695554879 HTTP/1.1" 200 28 "http://renault.2web.at/result?searchterm=true&search=beach+flag" "Mozilla/5.0 (Windows NT 10.0; WOW64; Trident/7.0; Touch; rv:11.0) like Gecko"
212.152.246.134 - - [30/Dec/2019:09:46:33 +0100] "GET /reload?ser=1577695594193 HTTP/1.1" 200 28 "http://renault.activities.at/result?searchterm=true&search=stundensatz" "Mozilla/5.0 (Windows NT 10.0; WOW64; Trident/7.0; rv:11.0) like Gecko"
138.21.12.23 - - [30/Dec/2019:09:46:56 +0100] "GET /reload?ser=1577695615919 HTTP/1.1" 200 28 "http://renault.2web.at/result?searchterm=true&search=beach+flag" "Mozilla/5.0 (Windows NT 10.0; WOW64; Trident/7.0; Touch; rv:11.0) like Gecko"
212.152.246.134 - - [30/Dec/2019:09:47:34 +0100] "GET /reload?ser=1577695655153 HTTP/1.1" 200 28 "http://renault.activities.at/result?searchterm=true&search=stundensatz" "Mozilla/5.0 (Windows NT 10.0; WOW64; Trident/7.0; rv:11.0) like Gecko"
138.21.12.23 - - [30/Dec/2019:09:47:57 +0100] "GET /reload?ser=1577695677010 HTTP/1.1" 200 28 "http://renault.2web.at/result?searchterm=true&search=beach+flag" "Mozilla/5.0 (Windows NT 10.0; WOW64; Trident/7.0; Touch; rv:11.0) like Gecko"
212.152.246.134 - - [30/Dec/2019:09:48:35 +0100] "GET /reload?ser=1577695716090 HTTP/1.1" 200 28 "http://renault.activities.at/result?searchterm=true&search=stundensatz" "Mozilla/5.0 (Windows NT 10.0; WOW64; Trident/7.0; rv:11.0) like Gecko"
138.21.12.23 - - [30/Dec/2019:09:48:58 +0100] "GET /reload?ser=1577695738027 HTTP/1.1" 200 28 "http://renault.2web.at/result?searchterm=true&search=beach+flag" "Mozilla/5.0 (Windows NT 10.0; WOW64; Trident/7.0; Touch; rv:11.0) like Gecko"
212.152.246.134 - - [30/Dec/2019:09:49:36 +0100] "GET /reload?ser=1577695777045 HTTP/1.1" 200 28 "http://renault.activities.at/result?searchterm=true&search=stundensatz" "Mozilla/5.0 (Windows NT 10.0; WOW64; Trident/7.0; rv:11.0) like Gecko"
138.21.12.23 - - [30/Dec/2019:09:49:59 +0100] "GET /reload?ser=1577695799079 HTTP/1.1" 200 28 "http://renault.2web.at/result?searchterm=true&search=beach+flag" "Mozilla/5.0 (Windows NT 10.0; WOW64; Trident/7.0; Touch; rv:11.0) like Gecko"
212.152.246.134 - - [30/Dec/2019:09:50:37 +0100] "GET /reload?ser=1577695837997 HTTP/1.1" 200 28 "http://renault.activities.at/result?searchterm=true&search=stundensatz" "Mozilla/5.0 (Windows NT 10.0; WOW64; Trident/7.0; rv:11.0) like Gecko"
138.21.12.23 - - [30/Dec/2019:09:51:00 +0100] "GET /reload?ser=1577695860107 HTTP/1.1" 200 28 "http://renault.2web.at/result?searchterm=true&search=beach+flag" "Mozilla/5.0 (Windows NT 10.0; WOW64; Trident/7.0; Touch; rv:11.0) like Gecko"
212.152.246.134 - - [30/Dec/2019:09:51:38 +0100] "GET /reload?ser=1577695898966 HTTP/1.1" 200 28 "http://renault.activities.at/result?searchterm=true&search=stundensatz" "Mozilla/5.0 (Windows NT 10.0; WOW64; Trident/7.0; rv:11.0) like Gecko"
138.21.12.23 - - [30/Dec/2019:09:52:01 +0100] "GET /reload?ser=1577695921155 HTTP/1.1" 200 28 "http://renault.2web.at/result?searchterm=true&search=beach+flag" "Mozilla/5.0 (Windows NT 10.0; WOW64; Trident/7.0; Touch; rv:11.0) like Gecko"
212.152.246.134 - - [30/Dec/2019:09:52:39 +0100] "GET /reload?ser=1577695959931 HTTP/1.1" 200 28 "http://renault.activities.at/result?searchterm=true&search=stundensatz" "Mozilla/5.0 (Windows NT 10.0; WOW64; Trident/7.0; rv:11.0) like Gecko"
138.21.12.23 - - [30/Dec/2019:09:53:03 +0100] "GET /reload?ser=1577695982928 HTTP/1.1" 200 28 "http://renault.2web.at/result?searchterm=true&search=beach+flag" "Mozilla/5.0 (Windows NT 10.0; WOW64; Trident/7.0; Touch; rv:11.0) like Gecko"
212.152.246.134 - - [30/Dec/2019:09:53:40 +0100] "GET /reload?ser=1577696020885 HTTP/1.1" 200 28 "http://renault.activities.at/result?searchterm=true&search=stundensatz" "Mozilla/5.0 (Windows NT 10.0; WOW64; Trident/7.0; rv:11.0) like Gecko"
138.21.12.23 - - [30/Dec/2019:09:54:04 +0100] "GET /reload?ser=1577696043952 HTTP/1.1" 200 28 "http://renault.2web.at/result?searchterm=true&search=beach+flag" "Mozilla/5.0 (Windows NT 10.0; WOW64; Trident/7.0; Touch; rv:11.0) like Gecko"
212.152.246.134 - - [30/Dec/2019:09:54:41 +0100] "GET /reload?ser=1577696081840 HTTP/1.1" 200 28 "http://renault.activities.at/result?searchterm=true&search=stundensatz" "Mozilla/5.0 (Windows NT 10.0; WOW64; Trident/7.0; rv:11.0) like Gecko"
138.21.12.23 - - [30/Dec/2019:09:55:05 +0100] "GET /reload?ser=1577696105008 HTTP/1.1" 200 28 "http://renault.2web.at/result?searchterm=true&search=beach+flag" "Mozilla/5.0 (Windows NT 10.0; WOW64; Trident/7.0; Touch; rv:11.0) like Gecko"
212.152.246.134 - - [30/Dec/2019:09:55:42 +0100] "GET /reload?ser=1577696142792 HTTP/1.1" 200 28 "http://renault.activities.at/result?searchterm=true&search=stundensatz" "Mozilla/5.0 (Windows NT 10.0; WOW64; Trident/7.0; rv:11.0) like Gecko"
138.21.12.23 - - [30/Dec/2019:09:56:07 +0100] "GET /reload?ser=1577696167000 HTTP/1.1" 200 28 "http://renault.2web.at/result?searchterm=true&search=beach+flag" "Mozilla/5.0 (Windows NT 10.0; WOW64; Trident/7.0; Touch; rv:11.0) like Gecko"
212.152.246.134 - - [30/Dec/2019:09:56:43 +0100] "GET /reload?ser=1577696203743 HTTP/1.1" 200 28 "http://renault.activities.at/result?searchterm=true&search=stundensatz" "Mozilla/5.0 (Windows NT 10.0; WOW64; Trident/7.0; rv:11.0) like Gecko"
138.21.12.23 - - [30/Dec/2019:09:57:08 +0100] "GET /reload?ser=1577696228028 HTTP/1.1" 200 28 "http://renault.2web.at/result?searchterm=true&search=beach+flag" "Mozilla/5.0 (Windows NT 10.0; WOW64; Trident/7.0; Touch; rv:11.0) like Gecko"
212.152.246.134 - - [30/Dec/2019:09:57:44 +0100] "GET /reload?ser=1577696264687 HTTP/1.1" 200 28 "http://renault.activities.at/result?searchterm=true&search=stundensatz" "Mozilla/5.0 (Windows NT 10.0; WOW64; Trident/7.0; rv:11.0) like Gecko"
138.21.12.23 - - [30/Dec/2019:09:58:09 +0100] "GET /reload?ser=1577696289069 HTTP/1.1" 200 28 "http://renault.2web.at/result?searchterm=true&search=beach+flag" "Mozilla/5.0 (Windows NT 10.0; WOW64; Trident/7.0; Touch; rv:11.0) like Gecko"
212.152.246.134 - - [30/Dec/2019:09:58:45 +0100] "GET /reload?ser=1577696325642 HTTP/1.1" 200 28 "http://renault.activities.at/result?searchterm=true&search=stundensatz" "Mozilla/5.0 (Windows NT 10.0; WOW64; Trident/7.0; rv:11.0) like Gecko"
138.21.12.23 - - [30/Dec/2019:09:59:11 +0100] "GET /reload?ser=1577696351018 HTTP/1.1" 200 28 "http://renault.2web.at/result?searchterm=true&search=beach+flag" "Mozilla/5.0 (Windows NT 10.0; WOW64; Trident/7.0; Touch; rv:11.0) like Gecko"
212.152.246.134 - - [30/Dec/2019:09:59:46 +0100] "GET /reload?ser=1577696386613 HTTP/1.1" 200 28 "http://renault.activities.at/result?searchterm=true&search=stundensatz" "Mozilla/5.0 (Windows NT 10.0; WOW64; Trident/7.0; rv:11.0) like Gecko"
138.21.12.23 - - [30/Dec/2019:10:00:12 +0100] "GET /reload?ser=1577696412066 HTTP/1.1" 200 28 "http://renault.2web.at/result?searchterm=true&search=beach+flag" "Mozilla/5.0 (Windows NT 10.0; WOW64; Trident/7.0; Touch; rv:11.0) like Gecko"
212.152.246.134 - - [30/Dec/2019:10:00:47 +0100] "GET /reload?ser=1577696447584 HTTP/1.1" 200 28 "http://renault.activities.at/result?searchterm=true&search=stundensatz" "Mozilla/5.0 (Windows NT 10.0; WOW64; Trident/7.0; rv:11.0) like Gecko"
138.21.12.21 - - [30/Dec/2019:10:01:13 +0100] "GET /reload?ser=1577696473133 HTTP/1.1" 200 28 "http://renault.2web.at/result?searchterm=true&search=beach+flag" "Mozilla/5.0 (Windows NT 10.0; WOW64; Trident/7.0; Touch; rv:11.0) like Gecko"
212.152.246.134 - - [30/Dec/2019:10:01:48 +0100] "GET /reload?ser=1577696508546 HTTP/1.1" 200 28 "http://renault.activities.at/result?searchterm=true&search=stundensatz" "Mozilla/5.0 (Windows NT 10.0; WOW64; Trident/7.0; rv:11.0) like Gecko"
138.21.12.21 - - [30/Dec/2019:10:02:15 +0100] "GET /reload?ser=1577696535127 HTTP/1.1" 200 28 "http://renault.2web.at/result?searchterm=true&search=beach+flag" "Mozilla/5.0 (Windows NT 10.0; WOW64; Trident/7.0; Touch; rv:11.0) like Gecko"
212.152.246.134 - - [30/Dec/2019:10:02:49 +0100] "GET /reload?ser=1577696569512 HTTP/1.1" 200 28 "http://renault.activities.at/result?searchterm=true&search=stundensatz" "Mozilla/5.0 (Windows NT 10.0; WOW64; Trident/7.0; rv:11.0) like Gecko"
138.21.12.21 - - [30/Dec/2019:10:03:16 +0100] "GET /reload?ser=1577696596170 HTTP/1.1" 200 28 "http://renault.2web.at/result?searchterm=true&search=beach+flag" "Mozilla/5.0 (Windows NT 10.0; WOW64; Trident/7.0; Touch; rv:11.0) like Gecko"
212.152.246.134 - - [30/Dec/2019:10:03:50 +0100] "GET /reload?ser=1577696630474 HTTP/1.1" 200 28 "http://renault.activities.at/result?searchterm=true&search=stundensatz" "Mozilla/5.0 (Windows NT 10.0; WOW64; Trident/7.0; rv:11.0) like Gecko"
138.21.12.21 - - [30/Dec/2019:10:04:17 +0100] "GET /reload?ser=1577696657198 HTTP/1.1" 200 28 "http://renault.2web.at/result?searchterm=true&search=beach+flag" "Mozilla/5.0 (Windows NT 10.0; WOW64; Trident/7.0; Touch; rv:11.0) like Gecko"
212.152.246.134 - - [30/Dec/2019:10:04:51 +0100] "GET /reload?ser=1577696691419 HTTP/1.1" 200 28 "http://renault.activities.at/result?searchterm=true&search=stundensatz" "Mozilla/5.0 (Windows NT 10.0; WOW64; Trident/7.0; rv:11.0) like Gecko"
138.21.12.21 - - [30/Dec/2019:10:05:19 +0100] "GET /reload?ser=1577696719041 HTTP/1.1" 200 28 "http://renault.2web.at/result?searchterm=true&search=beach+flag" "Mozilla/5.0 (Windows NT 10.0; WOW64; Trident/7.0; Touch; rv:11.0) like Gecko"
212.152.246.134 - - [30/Dec/2019:10:05:51 +0100] "GET /reload?ser=1577696752367 HTTP/1.1" 200 28 "http://renault.activities.at/result?searchterm=true&search=stundensatz" "Mozilla/5.0 (Windows NT 10.0; WOW64; Trident/7.0; rv:11.0) like Gecko"
138.21.12.21 - - [30/Dec/2019:10:06:20 +0100] "GET /reload?ser=1577696780089 HTTP/1.1" 200 28 "http://renault.2web.at/result?searchterm=true&search=beach+flag" "Mozilla/5.0 (Windows NT 10.0; WOW64; Trident/7.0; Touch; rv:11.0) like Gecko"
212.152.246.134 - - [30/Dec/2019:10:06:52 +0100] "GET /reload?ser=1577696813309 HTTP/1.1" 200 28 "http://renault.activities.at/result?searchterm=true&search=stundensatz" "Mozilla/5.0 (Windows NT 10.0; WOW64; Trident/7.0; rv:11.0) like Gecko"
138.21.12.21 - - [30/Dec/2019:10:07:21 +0100] "GET /reload?ser=1577696841137 HTTP/1.1" 200 28 "http://renault.2web.at/result?searchterm=true&search=beach+flag" "Mozilla/5.0 (Windows NT 10.0; WOW64; Trident/7.0; Touch; rv:11.0) like Gecko"
212.152.246.134 - - [30/Dec/2019:10:07:53 +0100] "GET /reload?ser=1577696874263 HTTP/1.1" 200 28 "http://renault.activities.at/result?searchterm=true&search=stundensatz" "Mozilla/5.0 (Windows NT 10.0; WOW64; Trident/7.0; rv:11.0) like Gecko"
138.21.12.21 - - [30/Dec/2019:10:08:23 +0100] "GET /reload?ser=1577696902972 HTTP/1.1" 200 28 "http://renault.2web.at/result?searchterm=true&search=beach+flag" "Mozilla/5.0 (Windows NT 10.0; WOW64; Trident/7.0; Touch; rv:11.0) like Gecko"
212.152.246.134 - - [30/Dec/2019:10:08:54 +0100] "GET /reload?ser=1577696935218 HTTP/1.1" 200 28 "http://renault.activities.at/result?searchterm=true&search=stundensatz" "Mozilla/5.0 (Windows NT 10.0; WOW64; Trident/7.0; rv:11.0) like Gecko"
138.21.12.21 - - [30/Dec/2019:10:09:24 +0100] "GET /reload?ser=1577696964015 HTTP/1.1" 200 28 "http://renault.2web.at/result?searchterm=true&search=beach+flag" "Mozilla/5.0 (Windows NT 10.0; WOW64; Trident/7.0; Touch; rv:11.0) like Gecko"
