89.144.196.201 - - [07/Jan/2020:11:41:14 +0100] "GET /css/prototip.css HTTP/1.1" 200 968 "http://renault.activities.at/" "Mozilla/5.0 (Windows NT 6.1; Win64; x64) AppleWebKit/537.36 (KHTML, like Gecko) Chrome/79.0.3945.88 Safari/537.36"
89.144.196.201 - - [07/Jan/2020:11:41:14 +0100] "GET /css/styles.css HTTP/1.1" 200 14664 "http://renault.activities.at/" "Mozilla/5.0 (Windows NT 6.1; Win64; x64) AppleWebKit/537.36 (KHTML, like Gecko) Chrome/79.0.3945.88 Safari/537.36"
89.144.196.201 - - [07/Jan/2020:11:41:14 +0100] "GET /css/themes/alphacube.css HTTP/1.1" 200 743 "http://renault.activities.at/" "Mozilla/5.0 (Windows NT 6.1; Win64; x64) AppleWebKit/537.36 (KHTML, like Gecko) Chrome/79.0.3945.88 Safari/537.36"
89.144.196.201 - - [07/Jan/2020:11:41:14 +0100] "GET /css/themes/default.css HTTP/1.1" 200 769 "http://renault.activities.at/" "Mozilla/5.0 (Windows NT 6.1; Win64; x64) AppleWebKit/537.36 (KHTML, like Gecko) Chrome/79.0.3945.88 Safari/537.36"
89.144.196.201 - - [07/Jan/2020:11:41:14 +0100] "GET /js/flashdetection.js HTTP/1.1" 200 1059 "http://renault.activities.at/" "Mozilla/5.0 (Windows NT 6.1; Win64; x64) AppleWebKit/537.36 (KHTML, like Gecko) Chrome/79.0.3945.88 Safari/537.36"
89.144.196.201 - - [07/Jan/2020:11:41:14 +0100] "GET /js/index.php?c=auto&f=,prototype/prototype.js,prototype/validation.js,scriptaculous/builder.js,scriptaculous/effects.js,scriptaculous/dragdrop.js,scriptaculous/controls.js,scriptaculous/slider.js,varien/js.js,varien/form.js,varien/menu.js,mage/translate.js,mage/cookies.js,varien/product.js,spinner/SpinnerControl.jsmin.js,prototype/window.js,prototype/window_ext.js HTTP/1.1" 200 94182 "http://renault.activities.at/" "Mozilla/5.0 (Windows NT 6.1; Win64; x64) AppleWebKit/537.36 (KHTML, like Gecko) Chrome/79.0.3945.88 Safari/537.36"
89.144.196.201 - - [07/Jan/2020:11:41:14 +0100] "GET /images/main_block_border.gif HTTP/1.1" 200 43 "http://renault.activities.at/css/styles.css" "Mozilla/5.0 (Windows NT 6.1; Win64; x64) AppleWebKit/537.36 (KHTML, like Gecko) Chrome/79.0.3945.88 Safari/537.36"
89.144.196.201 - - [07/Jan/2020:11:41:14 +0100] "GET /images/main_block_corner_right_bot.gif HTTP/1.1" 200 158 "http://renault.activities.at/css/styles.css" "Mozilla/5.0 (Windows NT 6.1; Win64; x64) AppleWebKit/537.36 (KHTML, like Gecko) Chrome/79.0.3945.88 Safari/537.36"
89.144.196.201 - - [07/Jan/2020:11:41:14 +0100] "GET /css/print.css HTTP/1.1" 200 543 "http://renault.activities.at/" "Mozilla/5.0 (Windows NT 6.1; Win64; x64) AppleWebKit/537.36 (KHTML, like Gecko) Chrome/79.0.3945.88 Safari/537.36"
89.144.196.201 - - [07/Jan/2020:11:41:14 +0100] "GET /images/header_block_border.gif HTTP/1.1" 200 43 "http://renault.activities.at/css/styles.css" "Mozilla/5.0 (Windows NT 6.1; Win64; x64) AppleWebKit/537.36 (KHTML, like Gecko) Chrome/79.0.3945.88 Safari/537.36"
89.144.196.201 - - [07/Jan/2020:11:41:14 +0100] "GET /images/header_block_corner_left_top.gif HTTP/1.1" 200 160 "http://renault.activities.at/css/styles.css" "Mozilla/5.0 (Windows NT 6.1; Win64; x64) AppleWebKit/537.36 (KHTML, like Gecko) Chrome/79.0.3945.88 Safari/537.36"
89.144.196.201 - - [07/Jan/2020:11:41:14 +0100] "GET /images/main_block_corner_left_bot.gif HTTP/1.1" 200 159 "http://renault.activities.at/css/styles.css" "Mozilla/5.0 (Windows NT 6.1; Win64; x64) AppleWebKit/537.36 (KHTML, like Gecko) Chrome/79.0.3945.88 Safari/537.36"
89.144.196.201 - - [07/Jan/2020:11:41:14 +0100] "GET /images/main_block_corner_right_top.gif HTTP/1.1" 200 159 "http://renault.activities.at/css/styles.css" "Mozilla/5.0 (Windows NT 6.1; Win64; x64) AppleWebKit/537.36 (KHTML, like Gecko) Chrome/79.0.3945.88 Safari/537.36"
89.144.196.201 - - [07/Jan/2020:11:41:14 +0100] "GET /images/title_border.jpg HTTP/1.1" 200 304 "http://renault.activities.at/css/styles.css" "Mozilla/5.0 (Windows NT 6.1; Win64; x64) AppleWebKit/537.36 (KHTML, like Gecko) Chrome/79.0.3945.88 Safari/537.36"
89.144.196.201 - - [07/Jan/2020:11:41:14 +0100] "GET /images/title_corner_left_top.jpg HTTP/1.1" 200 372 "http://renault.activities.at/css/styles.css" "Mozilla/5.0 (Windows NT 6.1; Win64; x64) AppleWebKit/537.36 (KHTML, like Gecko) Chrome/79.0.3945.88 Safari/537.36"
89.144.196.201 - - [07/Jan/2020:11:41:14 +0100] "GET /images/main_block_corner_left_top.gif HTTP/1.1" 200 159 "http://renault.activities.at/css/styles.css" "Mozilla/5.0 (Windows NT 6.1; Win64; x64) AppleWebKit/537.36 (KHTML, like Gecko) Chrome/79.0.3945.88 Safari/537.36"
89.144.196.201 - - [07/Jan/2020:11:41:14 +0100] "GET /images/title_border_top.jpg HTTP/1.1" 200 336 "http://renault.activities.at/css/styles.css" "Mozilla/5.0 (Windows NT 6.1; Win64; x64) AppleWebKit/537.36 (KHTML, like Gecko) Chrome/79.0.3945.88 Safari/537.36"
89.144.196.201 - - [07/Jan/2020:11:41:14 +0100] "GET /images/title_corner_right_top.jpg HTTP/1.1" 200 389 "http://renault.activities.at/css/styles.css" "Mozilla/5.0 (Windows NT 6.1; Win64; x64) AppleWebKit/537.36 (KHTML, like Gecko) Chrome/79.0.3945.88 Safari/537.36"
89.144.196.201 - - [07/Jan/2020:11:41:14 +0100] "GET /images/header_block_corner_right_top.gif HTTP/1.1" 200 160 "http://renault.activities.at/css/styles.css" "Mozilla/5.0 (Windows NT 6.1; Win64; x64) AppleWebKit/537.36 (KHTML, like Gecko) Chrome/79.0.3945.88 Safari/537.36"
89.144.196.201 - - [07/Jan/2020:11:41:14 +0100] "GET /loadthumbnail.php?id=11127982 HTTP/1.1" 200 399614 "http://renault.activities.at/" "Mozilla/5.0 (Windows NT 6.1; Win64; x64) AppleWebKit/537.36 (KHTML, like Gecko) Chrome/79.0.3945.88 Safari/537.36"
89.144.196.201 - - [07/Jan/2020:11:41:15 +0100] "GET /images/favicon.ico HTTP/1.1" 404 305 "http://renault.activities.at/" "Mozilla/5.0 (Windows NT 6.1; Win64; x64) AppleWebKit/537.36 (KHTML, like Gecko) Chrome/79.0.3945.88 Safari/537.36"
89.144.196.201 - - [07/Jan/2020:11:41:16 +0100] "GET /login HTTP/1.1" 200 2085 "http://renault.activities.at/" "Mozilla/5.0 (Windows NT 6.1; Win64; x64) AppleWebKit/537.36 (KHTML, like Gecko) Chrome/79.0.3945.88 Safari/537.36"
89.144.196.201 - - [07/Jan/2020:11:41:17 +0100] "GET /images/button_left_bg.gif HTTP/1.1" 200 564 "http://renault.activities.at/css/styles.css" "Mozilla/5.0 (Windows NT 6.1; Win64; x64) AppleWebKit/537.36 (KHTML, like Gecko) Chrome/79.0.3945.88 Safari/537.36"
89.144.196.201 - - [07/Jan/2020:11:41:17 +0100] "GET /images/button_right_bg.gif HTTP/1.1" 200 561 "http://renault.activities.at/css/styles.css" "Mozilla/5.0 (Windows NT 6.1; Win64; x64) AppleWebKit/537.36 (KHTML, like Gecko) Chrome/79.0.3945.88 Safari/537.36"
89.144.196.201 - - [07/Jan/2020:11:41:17 +0100] "GET /images/button_bg.gif HTTP/1.1" 200 151 "http://renault.activities.at/css/styles.css" "Mozilla/5.0 (Windows NT 6.1; Win64; x64) AppleWebKit/537.36 (KHTML, like Gecko) Chrome/79.0.3945.88 Safari/537.36"
213.153.47.173 - - [07/Jan/2020:11:41:35 +0100] "GET /reload?ser=1578393695412 HTTP/1.1" 200 28 "http://renault.activities.at/login?required=true" "Mozilla/5.0 (Windows NT 10.0; Win64; x64; rv:71.0) Gecko/20100101 Firefox/71.0"
89.144.196.201 - - [07/Jan/2020:11:41:36 +0100] "POST /login HTTP/1.1" 302 140 "http://renault.activities.at/login" "Mozilla/5.0 (Windows NT 6.1; Win64; x64) AppleWebKit/537.36 (KHTML, like Gecko) Chrome/79.0.3945.88 Safari/537.36"
80.120.5.131 - - [07/Jan/2020:11:41:39 +0100] "GET /reload?ser=1578393698993 HTTP/1.1" 200 2 "http://renault.activities.at/forgotpassword" "Mozilla/5.0 (Windows NT 10.0; Win64; x64) AppleWebKit/537.36 (KHTML, like Gecko) Chrome/79.0.3945.88 Safari/537.36"
89.144.196.201 - - [07/Jan/2020:11:41:38 +0100] "GET /account HTTP/1.1" 200 6019 "http://renault.activities.at/login" "Mozilla/5.0 (Windows NT 6.1; Win64; x64) AppleWebKit/537.36 (KHTML, like Gecko) Chrome/79.0.3945.88 Safari/537.36"
89.144.196.201 - - [07/Jan/2020:11:41:41 +0100] "GET /js/account.js HTTP/1.1" 200 953 "http://renault.activities.at/account" "Mozilla/5.0 (Windows NT 6.1; Win64; x64) AppleWebKit/537.36 (KHTML, like Gecko) Chrome/79.0.3945.88 Safari/537.36"
89.144.196.201 - - [07/Jan/2020:11:41:41 +0100] "GET /images/top_links_divider.gif HTTP/1.1" 200 44 "http://renault.activities.at/css/styles.css" "Mozilla/5.0 (Windows NT 6.1; Win64; x64) AppleWebKit/537.36 (KHTML, like Gecko) Chrome/79.0.3945.88 Safari/537.36"
89.144.196.201 - - [07/Jan/2020:11:41:41 +0100] "GET /images/menu_button_bg.jpg HTTP/1.1" 200 322 "http://renault.activities.at/css/styles.css" "Mozilla/5.0 (Windows NT 6.1; Win64; x64) AppleWebKit/537.36 (KHTML, like Gecko) Chrome/79.0.3945.88 Safari/537.36"
89.144.196.201 - - [07/Jan/2020:11:41:41 +0100] "GET /images/nav_divider.gif HTTP/1.1" 200 43 "http://renault.activities.at/css/styles.css" "Mozilla/5.0 (Windows NT 6.1; Win64; x64) AppleWebKit/537.36 (KHTML, like Gecko) Chrome/79.0.3945.88 Safari/537.36"
89.144.196.201 - - [07/Jan/2020:11:41:41 +0100] "GET /images/sidebar_title_corner_left_top.gif HTTP/1.1" 200 1124 "http://renault.activities.at/css/styles.css" "Mozilla/5.0 (Windows NT 6.1; Win64; x64) AppleWebKit/537.36 (KHTML, like Gecko) Chrome/79.0.3945.88 Safari/537.36"
89.144.196.201 - - [07/Jan/2020:11:41:41 +0100] "GET /images/sidebar_title_corner_right_top.gif HTTP/1.1" 200 383 "http://renault.activities.at/css/styles.css" "Mozilla/5.0 (Windows NT 6.1; Win64; x64) AppleWebKit/537.36 (KHTML, like Gecko) Chrome/79.0.3945.88 Safari/537.36"
89.144.196.201 - - [07/Jan/2020:11:41:41 +0100] "GET /images/sidebar_title_border.gif HTTP/1.1" 200 43 "http://renault.activities.at/css/styles.css" "Mozilla/5.0 (Windows NT 6.1; Win64; x64) AppleWebKit/537.36 (KHTML, like Gecko) Chrome/79.0.3945.88 Safari/537.36"
89.144.196.201 - - [07/Jan/2020:11:41:41 +0100] "GET /images/menu_divider.gif HTTP/1.1" 200 176 "http://renault.activities.at/css/styles.css" "Mozilla/5.0 (Windows NT 6.1; Win64; x64) AppleWebKit/537.36 (KHTML, like Gecko) Chrome/79.0.3945.88 Safari/537.36"
89.144.196.201 - - [07/Jan/2020:11:41:41 +0100] "GET /images/sidebar_title_border_top.gif HTTP/1.1" 200 155 "http://renault.activities.at/css/styles.css" "Mozilla/5.0 (Windows NT 6.1; Win64; x64) AppleWebKit/537.36 (KHTML, like Gecko) Chrome/79.0.3945.88 Safari/537.36"
89.144.196.201 - - [07/Jan/2020:11:41:41 +0100] "GET /images/search_bg.gif HTTP/1.1" 200 1726 "http://renault.activities.at/css/styles.css" "Mozilla/5.0 (Windows NT 6.1; Win64; x64) AppleWebKit/537.36 (KHTML, like Gecko) Chrome/79.0.3945.88 Safari/537.36"
89.144.196.201 - - [07/Jan/2020:11:41:41 +0100] "GET /loadthumbnail.php?id=11847427&width=50&height=50 HTTP/1.1" 200 1110 "http://renault.activities.at/account" "Mozilla/5.0 (Windows NT 6.1; Win64; x64) AppleWebKit/537.36 (KHTML, like Gecko) Chrome/79.0.3945.88 Safari/537.36"
89.144.196.201 - - [07/Jan/2020:11:41:41 +0100] "GET /loadthumbnail.php?id=11895725&width=50&height=50 HTTP/1.1" 200 1180 "http://renault.activities.at/account" "Mozilla/5.0 (Windows NT 6.1; Win64; x64) AppleWebKit/537.36 (KHTML, like Gecko) Chrome/79.0.3945.88 Safari/537.36"
89.144.196.201 - - [07/Jan/2020:11:41:41 +0100] "GET /images/footer_divider.gif HTTP/1.1" 200 44 "http://renault.activities.at/css/styles.css" "Mozilla/5.0 (Windows NT 6.1; Win64; x64) AppleWebKit/537.36 (KHTML, like Gecko) Chrome/79.0.3945.88 Safari/537.36"
89.144.196.201 - - [07/Jan/2020:11:41:41 +0100] "GET /loadthumbnail.php?id=11829073&width=50&height=50 HTTP/1.1" 200 1016 "http://renault.activities.at/account" "Mozilla/5.0 (Windows NT 6.1; Win64; x64) AppleWebKit/537.36 (KHTML, like Gecko) Chrome/79.0.3945.88 Safari/537.36"
193.194.132.30 - - [07/Jan/2020:11:41:45 +0100] "GET /reload?ser=1578393705554 HTTP/1.1" 200 28 "http://renault.2web.at/account?loadrequest=true" "Mozilla/5.0 (Windows NT 10.0; WOW64; Trident/7.0; Touch; rv:11.0) like Gecko"
213.153.47.173 - - [07/Jan/2020:11:41:54 +0100] "GET /reload?ser=1578393714091 HTTP/1.1" 200 28 "http://renault.activities.at/login?required=true" "Mozilla/5.0 (Windows NT 10.0; Win64; x64; rv:71.0) Gecko/20100101 Firefox/71.0"
80.122.221.194 - - [07/Jan/2020:11:41:56 +0100] "GET /reload?ser=1578393716773 HTTP/1.1" 200 28 "http://renault.activities.at/success" "Mozilla/5.0 (Windows NT 10.0; Win64; x64) AppleWebKit/537.36 (KHTML, like Gecko) Chrome/70.0.3538.102 Safari/537.36 Edge/18.18363"
80.80.251.48 - - [07/Jan/2020:11:42:08 +0100] "GET /reload?ser=1578393728007 HTTP/1.1" 200 28 "http://renault.activities.at/" "Mozilla/5.0 (Windows NT 10.0; Win64; x64) AppleWebKit/537.36 (KHTML, like Gecko) Chrome/64.0.3282.140 Safari/537.36 Edge/17.17134"
89.144.196.201 - - [07/Jan/2020:11:42:32 +0100] "GET /result?searchterm=true&search=captur HTTP/1.1" 200 8621 "http://renault.activities.at/account" "Mozilla/5.0 (Windows NT 6.1; Win64; x64) AppleWebKit/537.36 (KHTML, like Gecko) Chrome/79.0.3945.88 Safari/537.36"
89.144.196.201 - - [07/Jan/2020:11:42:35 +0100] "GET /images/loading.gif HTTP/1.1" 200 3208 "http://renault.activities.at/result?searchterm=true&search=captur" "Mozilla/5.0 (Windows NT 6.1; Win64; x64) AppleWebKit/537.36 (KHTML, like Gecko) Chrome/79.0.3945.88 Safari/537.36"
89.144.196.201 - - [07/Jan/2020:11:42:35 +0100] "GET /js/prototip.js HTTP/1.1" 200 4588 "http://renault.activities.at/result?searchterm=true&search=captur" "Mozilla/5.0 (Windows NT 6.1; Win64; x64) AppleWebKit/537.36 (KHTML, like Gecko) Chrome/79.0.3945.88 Safari/537.36"
89.144.196.201 - - [07/Jan/2020:11:42:35 +0100] "GET /js/ProduktGrp.js HTTP/1.1" 200 1569 "http://renault.activities.at/result?searchterm=true&search=captur" "Mozilla/5.0 (Windows NT 6.1; Win64; x64) AppleWebKit/537.36 (KHTML, like Gecko) Chrome/79.0.3945.88 Safari/537.36"
89.144.196.201 - - [07/Jan/2020:11:42:35 +0100] "GET /loadthumbnail.php?id=10203276 HTTP/1.1" 200 75 "http://renault.activities.at/result?searchterm=true&search=captur" "Mozilla/5.0 (Windows NT 6.1; Win64; x64) AppleWebKit/537.36 (KHTML, like Gecko) Chrome/79.0.3945.88 Safari/537.36"
89.144.196.201 - - [07/Jan/2020:11:42:35 +0100] "GET /loadthumbnail.php?id=10203255 HTTP/1.1" 200 137 "http://renault.activities.at/result?searchterm=true&search=captur" "Mozilla/5.0 (Windows NT 6.1; Win64; x64) AppleWebKit/537.36 (KHTML, like Gecko) Chrome/79.0.3945.88 Safari/537.36"
89.144.196.201 - - [07/Jan/2020:11:42:35 +0100] "GET /loadthumbnail.php?id=12153814&width=113 HTTP/1.1" 200 3262 "http://renault.activities.at/result?searchterm=true&search=captur" "Mozilla/5.0 (Windows NT 6.1; Win64; x64) AppleWebKit/537.36 (KHTML, like Gecko) Chrome/79.0.3945.88 Safari/537.36"
89.144.196.201 - - [07/Jan/2020:11:42:35 +0100] "GET /loadthumbnail.php?id=12174331&width=113 HTTP/1.1" 200 6083 "http://renault.activities.at/result?searchterm=true&search=captur" "Mozilla/5.0 (Windows NT 6.1; Win64; x64) AppleWebKit/537.36 (KHTML, like Gecko) Chrome/79.0.3945.88 Safari/537.36"
89.144.196.201 - - [07/Jan/2020:11:42:35 +0100] "GET /loadthumbnail.php?id=11181187&width=113 HTTP/1.1" 200 1532 "http://renault.activities.at/result?searchterm=true&search=captur" "Mozilla/5.0 (Windows NT 6.1; Win64; x64) AppleWebKit/537.36 (KHTML, like Gecko) Chrome/79.0.3945.88 Safari/537.36"
89.144.196.201 - - [07/Jan/2020:11:42:35 +0100] "GET /images/vista-up.gif HTTP/1.1" 200 131 "http://renault.activities.at/css/styles.css" "Mozilla/5.0 (Windows NT 6.1; Win64; x64) AppleWebKit/537.36 (KHTML, like Gecko) Chrome/79.0.3945.88 Safari/537.36"
89.144.196.201 - - [07/Jan/2020:11:42:35 +0100] "GET /loadthumbnail.php?id=12010039&width=113 HTTP/1.1" 200 19412 "http://renault.activities.at/result?searchterm=true&search=captur" "Mozilla/5.0 (Windows NT 6.1; Win64; x64) AppleWebKit/537.36 (KHTML, like Gecko) Chrome/79.0.3945.88 Safari/537.36"
89.144.196.201 - - [07/Jan/2020:11:42:35 +0100] "GET /images/vista-dn.gif HTTP/1.1" 200 128 "http://renault.activities.at/css/styles.css" "Mozilla/5.0 (Windows NT 6.1; Win64; x64) AppleWebKit/537.36 (KHTML, like Gecko) Chrome/79.0.3945.88 Safari/537.36"
89.144.196.201 - - [07/Jan/2020:11:42:35 +0100] "GET /images/pager_bg.gif HTTP/1.1" 200 150 "http://renault.activities.at/css/styles.css" "Mozilla/5.0 (Windows NT 6.1; Win64; x64) AppleWebKit/537.36 (KHTML, like Gecko) Chrome/79.0.3945.88 Safari/537.36"
89.144.196.201 - - [07/Jan/2020:11:42:35 +0100] "GET /loadthumbnail.php?id=11194713&width=113 HTTP/1.1" 200 1171 "http://renault.activities.at/result?searchterm=true&search=captur" "Mozilla/5.0 (Windows NT 6.1; Win64; x64) AppleWebKit/537.36 (KHTML, like Gecko) Chrome/79.0.3945.88 Safari/537.36"
89.144.196.201 - - [07/Jan/2020:11:42:35 +0100] "GET /loadthumbnail.php?id=11181180&width=113 HTTP/1.1" 200 1834 "http://renault.activities.at/result?searchterm=true&search=captur" "Mozilla/5.0 (Windows NT 6.1; Win64; x64) AppleWebKit/537.36 (KHTML, like Gecko) Chrome/79.0.3945.88 Safari/537.36"
89.144.196.201 - - [07/Jan/2020:11:42:35 +0100] "GET /loadthumbnail.php?id=11181223&width=113 HTTP/1.1" 200 1171 "http://renault.activities.at/result?searchterm=true&search=captur" "Mozilla/5.0 (Windows NT 6.1; Win64; x64) AppleWebKit/537.36 (KHTML, like Gecko) Chrome/79.0.3945.88 Safari/537.36"
89.144.196.201 - - [07/Jan/2020:11:42:35 +0100] "GET /loadthumbnail.php?id=11181185&width=113 HTTP/1.1" 200 1532 "http://renault.activities.at/result?searchterm=true&search=captur" "Mozilla/5.0 (Windows NT 6.1; Win64; x64) AppleWebKit/537.36 (KHTML, like Gecko) Chrome/79.0.3945.88 Safari/537.36"
89.144.196.201 - - [07/Jan/2020:11:42:35 +0100] "GET /loadthumbnail.php?id=11181178&width=113 HTTP/1.1" 200 1834 "http://renault.activities.at/result?searchterm=true&search=captur" "Mozilla/5.0 (Windows NT 6.1; Win64; x64) AppleWebKit/537.36 (KHTML, like Gecko) Chrome/79.0.3945.88 Safari/537.36"
89.144.196.201 - - [07/Jan/2020:11:42:35 +0100] "GET /loadthumbnail.php?id=11181221&width=113 HTTP/1.1" 200 1171 "http://renault.activities.at/result?searchterm=true&search=captur" "Mozilla/5.0 (Windows NT 6.1; Win64; x64) AppleWebKit/537.36 (KHTML, like Gecko) Chrome/79.0.3945.88 Safari/537.36"
89.144.196.201 - - [07/Jan/2020:11:42:36 +0100] "GET /images/validation_advice_bg.gif HTTP/1.1" 200 134 "http://renault.activities.at/css/styles.css" "Mozilla/5.0 (Windows NT 6.1; Win64; x64) AppleWebKit/537.36 (KHTML, like Gecko) Chrome/79.0.3945.88 Safari/537.36"
89.144.196.201 - - [07/Jan/2020:11:42:36 +0100] "GET /loadthumbnail.php?id=11181168&width=113 HTTP/1.1" 200 847 "http://renault.activities.at/result?searchterm=true&search=captur" "Mozilla/5.0 (Windows NT 6.1; Win64; x64) AppleWebKit/537.36 (KHTML, like Gecko) Chrome/79.0.3945.88 Safari/537.36"
89.144.196.201 - - [07/Jan/2020:11:42:36 +0100] "GET /loadthumbnail.php?id=11181166&width=113 HTTP/1.1" 200 847 "http://renault.activities.at/result?searchterm=true&search=captur" "Mozilla/5.0 (Windows NT 6.1; Win64; x64) AppleWebKit/537.36 (KHTML, like Gecko) Chrome/79.0.3945.88 Safari/537.36"
89.144.196.201 - - [07/Jan/2020:11:42:36 +0100] "GET /loadthumbnail.php?id=11181170&width=113 HTTP/1.1" 200 1576 "http://renault.activities.at/result?searchterm=true&search=captur" "Mozilla/5.0 (Windows NT 6.1; Win64; x64) AppleWebKit/537.36 (KHTML, like Gecko) Chrome/79.0.3945.88 Safari/537.36"
89.144.196.201 - - [07/Jan/2020:11:42:36 +0100] "GET /loadthumbnail.php?id=11181172&width=113 HTTP/1.1" 200 1576 "http://renault.activities.at/result?searchterm=true&search=captur" "Mozilla/5.0 (Windows NT 6.1; Win64; x64) AppleWebKit/537.36 (KHTML, like Gecko) Chrome/79.0.3945.88 Safari/537.36"
89.144.196.201 - - [07/Jan/2020:11:42:36 +0100] "GET /loadthumbnail.php?id=12150120&width=113 HTTP/1.1" 200 1538 "http://renault.activities.at/result?searchterm=true&search=captur" "Mozilla/5.0 (Windows NT 6.1; Win64; x64) AppleWebKit/537.36 (KHTML, like Gecko) Chrome/79.0.3945.88 Safari/537.36"
89.144.196.201 - - [07/Jan/2020:11:42:32 +0100] "POST /axjaxrequest?mode=suggest HTTP/1.1" 200 111 "http://renault.activities.at/account" "Mozilla/5.0 (Windows NT 6.1; Win64; x64) AppleWebKit/537.36 (KHTML, like Gecko) Chrome/79.0.3945.88 Safari/537.36"
213.153.47.173 - - [07/Jan/2020:11:42:36 +0100] "GET /reload?ser=1578393756059 HTTP/1.1" 200 28 "http://renault.activities.at/login?required=true" "Mozilla/5.0 (Windows NT 10.0; Win64; x64; rv:71.0) Gecko/20100101 Firefox/71.0"
80.120.5.131 - - [07/Jan/2020:11:42:40 +0100] "GET /reload?ser=1578393760007 HTTP/1.1" 200 2 "http://renault.activities.at/forgotpassword" "Mozilla/5.0 (Windows NT 10.0; Win64; x64) AppleWebKit/537.36 (KHTML, like Gecko) Chrome/79.0.3945.88 Safari/537.36"
89.144.196.201 - - [07/Jan/2020:11:42:43 +0100] "GET /result?dir=DESC&mode=grid&order=name&limit=15&page=2&search=captur HTTP/1.1" 200 7110 "http://renault.activities.at/result?searchterm=true&search=captur" "Mozilla/5.0 (Windows NT 6.1; Win64; x64) AppleWebKit/537.36 (KHTML, like Gecko) Chrome/79.0.3945.88 Safari/537.36"
89.144.196.201 - - [07/Jan/2020:11:42:45 +0100] "GET /loadthumbnail.php?id=10203275 HTTP/1.1" 200 85 "http://renault.activities.at/result?dir=DESC&mode=grid&order=name&limit=15&page=2&search=captur" "Mozilla/5.0 (Windows NT 6.1; Win64; x64) AppleWebKit/537.36 (KHTML, like Gecko) Chrome/79.0.3945.88 Safari/537.36"
89.144.196.201 - - [07/Jan/2020:11:42:45 +0100] "GET /loadthumbnail.php?id=12150121&width=113 HTTP/1.1" 200 1811 "http://renault.activities.at/result?dir=DESC&mode=grid&order=name&limit=15&page=2&search=captur" "Mozilla/5.0 (Windows NT 6.1; Win64; x64) AppleWebKit/537.36 (KHTML, like Gecko) Chrome/79.0.3945.88 Safari/537.36"
89.144.196.201 - - [07/Jan/2020:11:42:46 +0100] "GET /loadthumbnail.php?id=10995605&width=113 HTTP/1.1" 200 1252 "http://renault.activities.at/result?dir=DESC&mode=grid&order=name&limit=15&page=2&search=captur" "Mozilla/5.0 (Windows NT 6.1; Win64; x64) AppleWebKit/537.36 (KHTML, like Gecko) Chrome/79.0.3945.88 Safari/537.36"
89.144.196.201 - - [07/Jan/2020:11:42:46 +0100] "GET /loadthumbnail.php?id=12134932&width=113 HTTP/1.1" 200 2975 "http://renault.activities.at/result?dir=DESC&mode=grid&order=name&limit=15&page=2&search=captur" "Mozilla/5.0 (Windows NT 6.1; Win64; x64) AppleWebKit/537.36 (KHTML, like Gecko) Chrome/79.0.3945.88 Safari/537.36"
89.144.196.201 - - [07/Jan/2020:11:42:46 +0100] "GET /loadthumbnail.php?id=12134931&width=113 HTTP/1.1" 200 4627 "http://renault.activities.at/result?dir=DESC&mode=grid&order=name&limit=15&page=2&search=captur" "Mozilla/5.0 (Windows NT 6.1; Win64; x64) AppleWebKit/537.36 (KHTML, like Gecko) Chrome/79.0.3945.88 Safari/537.36"
89.144.196.201 - - [07/Jan/2020:11:42:46 +0100] "GET /loadthumbnail.php?id=11715013&width=113 HTTP/1.1" 200 33856 "http://renault.activities.at/result?dir=DESC&mode=grid&order=name&limit=15&page=2&search=captur" "Mozilla/5.0 (Windows NT 6.1; Win64; x64) AppleWebKit/537.36 (KHTML, like Gecko) Chrome/79.0.3945.88 Safari/537.36"
89.144.196.201 - - [07/Jan/2020:11:42:46 +0100] "GET /loadthumbnail.php?id=11990631&width=113 HTTP/1.1" 200 3037 "http://renault.activities.at/result?dir=DESC&mode=grid&order=name&limit=15&page=2&search=captur" "Mozilla/5.0 (Windows NT 6.1; Win64; x64) AppleWebKit/537.36 (KHTML, like Gecko) Chrome/79.0.3945.88 Safari/537.36"
89.144.196.201 - - [07/Jan/2020:11:42:46 +0100] "GET /loadthumbnail.php?id=11334755&width=113 HTTP/1.1" 200 23865 "http://renault.activities.at/result?dir=DESC&mode=grid&order=name&limit=15&page=2&search=captur" "Mozilla/5.0 (Windows NT 6.1; Win64; x64) AppleWebKit/537.36 (KHTML, like Gecko) Chrome/79.0.3945.88 Safari/537.36"
193.194.132.30 - - [07/Jan/2020:11:42:46 +0100] "GET /reload?ser=1578393766607 HTTP/1.1" 200 28 "http://renault.2web.at/account?loadrequest=true" "Mozilla/5.0 (Windows NT 10.0; WOW64; Trident/7.0; Touch; rv:11.0) like Gecko"
213.153.47.173 - - [07/Jan/2020:11:42:54 +0100] "GET /reload?ser=1578393774748 HTTP/1.1" 200 28 "http://renault.activities.at/login?required=true" "Mozilla/5.0 (Windows NT 10.0; Win64; x64; rv:71.0) Gecko/20100101 Firefox/71.0"
80.122.221.194 - - [07/Jan/2020:11:42:57 +0100] "GET /reload?ser=1578393777771 HTTP/1.1" 200 28 "http://renault.activities.at/success" "Mozilla/5.0 (Windows NT 10.0; Win64; x64) AppleWebKit/537.36 (KHTML, like Gecko) Chrome/70.0.3538.102 Safari/537.36 Edge/18.18363"
89.144.196.201 - - [07/Jan/2020:11:42:56 +0100] "GET /result?dir=DESC&mode=grid&order=name&limit=15&page=1&search=captur HTTP/1.1" 200 8621 "http://renault.activities.at/result?dir=DESC&mode=grid&order=name&limit=15&page=2&search=captur" "Mozilla/5.0 (Windows NT 6.1; Win64; x64) AppleWebKit/537.36 (KHTML, like Gecko) Chrome/79.0.3945.88 Safari/537.36"
80.80.251.48 - - [07/Jan/2020:11:43:09 +0100] "GET /reload?ser=1578393788999 HTTP/1.1" 200 28 "http://renault.activities.at/" "Mozilla/5.0 (Windows NT 10.0; Win64; x64) AppleWebKit/537.36 (KHTML, like Gecko) Chrome/64.0.3282.140 Safari/537.36 Edge/17.17134"
89.144.196.201 - - [07/Jan/2020:11:43:16 +0100] "POST /axjaxrequest?mode=suggest HTTP/1.1" 200 136 "http://renault.activities.at/result?dir=DESC&mode=grid&order=name&limit=15&page=1&search=captur" "Mozilla/5.0 (Windows NT 6.1; Win64; x64) AppleWebKit/537.36 (KHTML, like Gecko) Chrome/79.0.3945.88 Safari/537.36"
89.144.196.201 - - [07/Jan/2020:11:43:16 +0100] "GET /result?searchterm=true&search=zoe HTTP/1.1" 200 8451 "http://renault.activities.at/result?dir=DESC&mode=grid&order=name&limit=15&page=1&search=captur" "Mozilla/5.0 (Windows NT 6.1; Win64; x64) AppleWebKit/537.36 (KHTML, like Gecko) Chrome/79.0.3945.88 Safari/537.36"
89.144.196.201 - - [07/Jan/2020:11:43:20 +0100] "GET /loadthumbnail.php?id=12174362&width=113 HTTP/1.1" 200 5477 "http://renault.activities.at/result?searchterm=true&search=zoe" "Mozilla/5.0 (Windows NT 6.1; Win64; x64) AppleWebKit/537.36 (KHTML, like Gecko) Chrome/79.0.3945.88 Safari/537.36"
89.144.196.201 - - [07/Jan/2020:11:43:20 +0100] "GET /loadthumbnail.php?id=12138224&width=113 HTTP/1.1" 200 3427 "http://renault.activities.at/result?searchterm=true&search=zoe" "Mozilla/5.0 (Windows NT 6.1; Win64; x64) AppleWebKit/537.36 (KHTML, like Gecko) Chrome/79.0.3945.88 Safari/537.36"
89.144.196.201 - - [07/Jan/2020:11:43:20 +0100] "GET /loadthumbnail.php?id=10203650&width=113 HTTP/1.1" 200 2741 "http://renault.activities.at/result?searchterm=true&search=zoe" "Mozilla/5.0 (Windows NT 6.1; Win64; x64) AppleWebKit/537.36 (KHTML, like Gecko) Chrome/79.0.3945.88 Safari/537.36"
89.144.196.201 - - [07/Jan/2020:11:43:20 +0100] "GET /loadthumbnail.php?id=11181191&width=113 HTTP/1.1" 200 1888 "http://renault.activities.at/result?searchterm=true&search=zoe" "Mozilla/5.0 (Windows NT 6.1; Win64; x64) AppleWebKit/537.36 (KHTML, like Gecko) Chrome/79.0.3945.88 Safari/537.36"
89.144.196.201 - - [07/Jan/2020:11:43:20 +0100] "GET /loadthumbnail.php?id=11186502&width=113 HTTP/1.1" 200 2016 "http://renault.activities.at/result?searchterm=true&search=zoe" "Mozilla/5.0 (Windows NT 6.1; Win64; x64) AppleWebKit/537.36 (KHTML, like Gecko) Chrome/79.0.3945.88 Safari/537.36"
89.144.196.201 - - [07/Jan/2020:11:43:20 +0100] "GET /loadthumbnail.php?id=11181189&width=113 HTTP/1.1" 200 1888 "http://renault.activities.at/result?searchterm=true&search=zoe" "Mozilla/5.0 (Windows NT 6.1; Win64; x64) AppleWebKit/537.36 (KHTML, like Gecko) Chrome/79.0.3945.88 Safari/537.36"
89.144.196.201 - - [07/Jan/2020:11:43:20 +0100] "GET /loadthumbnail.php?id=11195848&width=113 HTTP/1.1" 200 2016 "http://renault.activities.at/result?searchterm=true&search=zoe" "Mozilla/5.0 (Windows NT 6.1; Win64; x64) AppleWebKit/537.36 (KHTML, like Gecko) Chrome/79.0.3945.88 Safari/537.36"
89.144.196.201 - - [07/Jan/2020:11:43:21 +0100] "GET /loadthumbnail.php?id=11186498&width=113 HTTP/1.1" 200 2016 "http://renault.activities.at/result?searchterm=true&search=zoe" "Mozilla/5.0 (Windows NT 6.1; Win64; x64) AppleWebKit/537.36 (KHTML, like Gecko) Chrome/79.0.3945.88 Safari/537.36"
89.144.196.201 - - [07/Jan/2020:11:43:25 +0100] "GET /result?dir=DESC&mode=grid&order=name&limit=15&page=2&search=zoe HTTP/1.1" 200 7441 "http://renault.activities.at/result?searchterm=true&search=zoe" "Mozilla/5.0 (Windows NT 6.1; Win64; x64) AppleWebKit/537.36 (KHTML, like Gecko) Chrome/79.0.3945.88 Safari/537.36"
89.144.196.201 - - [07/Jan/2020:11:43:28 +0100] "GET /loadthumbnail.php?id=11181193&width=113 HTTP/1.1" 200 1448 "http://renault.activities.at/result?dir=DESC&mode=grid&order=name&limit=15&page=2&search=zoe" "Mozilla/5.0 (Windows NT 6.1; Win64; x64) AppleWebKit/537.36 (KHTML, like Gecko) Chrome/79.0.3945.88 Safari/537.36"
89.144.196.201 - - [07/Jan/2020:11:43:28 +0100] "GET /loadthumbnail.php?id=11036127&width=113 HTTP/1.1" 200 1099 "http://renault.activities.at/result?dir=DESC&mode=grid&order=name&limit=15&page=2&search=zoe" "Mozilla/5.0 (Windows NT 6.1; Win64; x64) AppleWebKit/537.36 (KHTML, like Gecko) Chrome/79.0.3945.88 Safari/537.36"
89.144.196.201 - - [07/Jan/2020:11:43:28 +0100] "GET /loadthumbnail.php?id=11181195&width=113 HTTP/1.1" 200 1448 "http://renault.activities.at/result?dir=DESC&mode=grid&order=name&limit=15&page=2&search=zoe" "Mozilla/5.0 (Windows NT 6.1; Win64; x64) AppleWebKit/537.36 (KHTML, like Gecko) Chrome/79.0.3945.88 Safari/537.36"
89.144.196.201 - - [07/Jan/2020:11:43:28 +0100] "GET /loadthumbnail.php?id=12122782&width=113 HTTP/1.1" 200 4559 "http://renault.activities.at/result?dir=DESC&mode=grid&order=name&limit=15&page=2&search=zoe" "Mozilla/5.0 (Windows NT 6.1; Win64; x64) AppleWebKit/537.36 (KHTML, like Gecko) Chrome/79.0.3945.88 Safari/537.36"
89.144.196.201 - - [07/Jan/2020:11:43:28 +0100] "GET /loadthumbnail.php?id=12088270&width=113 HTTP/1.1" 200 2783 "http://renault.activities.at/result?dir=DESC&mode=grid&order=name&limit=15&page=2&search=zoe" "Mozilla/5.0 (Windows NT 6.1; Win64; x64) AppleWebKit/537.36 (KHTML, like Gecko) Chrome/79.0.3945.88 Safari/537.36"
89.144.196.201 - - [07/Jan/2020:11:43:28 +0100] "GET /loadthumbnail.php?id=12101507&width=113 HTTP/1.1" 200 3189 "http://renault.activities.at/result?dir=DESC&mode=grid&order=name&limit=15&page=2&search=zoe" "Mozilla/5.0 (Windows NT 6.1; Win64; x64) AppleWebKit/537.36 (KHTML, like Gecko) Chrome/79.0.3945.88 Safari/537.36"
89.144.196.201 - - [07/Jan/2020:11:43:28 +0100] "GET /loadthumbnail.php?id=11342067&width=113 HTTP/1.1" 200 21913 "http://renault.activities.at/result?dir=DESC&mode=grid&order=name&limit=15&page=2&search=zoe" "Mozilla/5.0 (Windows NT 6.1; Win64; x64) AppleWebKit/537.36 (KHTML, like Gecko) Chrome/79.0.3945.88 Safari/537.36"
213.153.47.173 - - [07/Jan/2020:11:43:36 +0100] "GET /reload?ser=1578393816708 HTTP/1.1" 200 28 "http://renault.activities.at/login?required=true" "Mozilla/5.0 (Windows NT 10.0; Win64; x64; rv:71.0) Gecko/20100101 Firefox/71.0"
80.120.5.131 - - [07/Jan/2020:11:43:41 +0100] "GET /reload?ser=1578393820993 HTTP/1.1" 200 2 "http://renault.activities.at/forgotpassword" "Mozilla/5.0 (Windows NT 10.0; Win64; x64) AppleWebKit/537.36 (KHTML, like Gecko) Chrome/79.0.3945.88 Safari/537.36"
193.194.132.30 - - [07/Jan/2020:11:43:47 +0100] "GET /reload?ser=1578393827635 HTTP/1.1" 200 28 "http://renault.2web.at/account?loadrequest=true" "Mozilla/5.0 (Windows NT 10.0; WOW64; Trident/7.0; Touch; rv:11.0) like Gecko"
213.153.47.173 - - [07/Jan/2020:11:43:55 +0100] "GET /reload?ser=1578393835406 HTTP/1.1" 200 28 "http://renault.activities.at/login?required=true" "Mozilla/5.0 (Windows NT 10.0; Win64; x64; rv:71.0) Gecko/20100101 Firefox/71.0"
80.122.221.194 - - [07/Jan/2020:11:43:58 +0100] "GET /reload?ser=1578393838771 HTTP/1.1" 200 28 "http://renault.activities.at/success" "Mozilla/5.0 (Windows NT 10.0; Win64; x64) AppleWebKit/537.36 (KHTML, like Gecko) Chrome/70.0.3538.102 Safari/537.36 Edge/18.18363"
80.80.251.48 - - [07/Jan/2020:11:44:10 +0100] "GET /reload?ser=1578393849988 HTTP/1.1" 200 28 "http://renault.activities.at/" "Mozilla/5.0 (Windows NT 10.0; Win64; x64) AppleWebKit/537.36 (KHTML, like Gecko) Chrome/64.0.3282.140 Safari/537.36 Edge/17.17134"
89.144.196.201 - - [07/Jan/2020:11:44:30 +0100] "GET /reload?ser=1578393870353 HTTP/1.1" 200 28 "http://renault.activities.at/result?dir=DESC&mode=grid&order=name&limit=15&page=2&search=zoe" "Mozilla/5.0 (Windows NT 6.1; Win64; x64) AppleWebKit/537.36 (KHTML, like Gecko) Chrome/79.0.3945.88 Safari/537.36"
213.153.47.173 - - [07/Jan/2020:11:44:37 +0100] "GET /reload?ser=1578393877355 HTTP/1.1" 200 28 "http://renault.activities.at/login?required=true" "Mozilla/5.0 (Windows NT 10.0; Win64; x64; rv:71.0) Gecko/20100101 Firefox/71.0"
80.120.5.131 - - [07/Jan/2020:11:44:42 +0100] "GET /reload?ser=1578393882004 HTTP/1.1" 200 2 "http://renault.activities.at/forgotpassword" "Mozilla/5.0 (Windows NT 10.0; Win64; x64) AppleWebKit/537.36 (KHTML, like Gecko) Chrome/79.0.3945.88 Safari/537.36"
89.144.196.201 - - [07/Jan/2020:11:44:42 +0100] "GET /result?searchterm=true&search=zoe HTTP/1.1" 200 8451 "http://renault.activities.at/result?dir=DESC&mode=grid&order=name&limit=15&page=1&search=captur" "Mozilla/5.0 (Windows NT 6.1; Win64; x64) AppleWebKit/537.36 (KHTML, like Gecko) Chrome/79.0.3945.88 Safari/537.36"
193.194.132.30 - - [07/Jan/2020:11:44:48 +0100] "GET /reload?ser=1578393888669 HTTP/1.1" 200 28 "http://renault.2web.at/account?loadrequest=true" "Mozilla/5.0 (Windows NT 10.0; WOW64; Trident/7.0; Touch; rv:11.0) like Gecko"
89.144.196.201 - - [07/Jan/2020:11:44:52 +0100] "GET /result?dir=DESC&mode=grid&order=name&limit=15&page=1&search=captur HTTP/1.1" 200 8451 "http://renault.activities.at/result?dir=DESC&mode=grid&order=name&limit=15&page=2&search=captur" "Mozilla/5.0 (Windows NT 6.1; Win64; x64) AppleWebKit/537.36 (KHTML, like Gecko) Chrome/79.0.3945.88 Safari/537.36"
213.153.47.173 - - [07/Jan/2020:11:44:56 +0100] "GET /reload?ser=1578393896064 HTTP/1.1" 200 28 "http://renault.activities.at/login?required=true" "Mozilla/5.0 (Windows NT 10.0; Win64; x64; rv:71.0) Gecko/20100101 Firefox/71.0"
80.122.221.194 - - [07/Jan/2020:11:44:59 +0100] "GET /reload?ser=1578393899760 HTTP/1.1" 200 28 "http://renault.activities.at/success" "Mozilla/5.0 (Windows NT 10.0; Win64; x64) AppleWebKit/537.36 (KHTML, like Gecko) Chrome/70.0.3538.102 Safari/537.36 Edge/18.18363"
89.144.196.201 - - [07/Jan/2020:11:45:03 +0100] "POST /axjaxrequest?mode=suggest HTTP/1.1" 200 159 "http://renault.activities.at/result?dir=DESC&mode=grid&order=name&limit=15&page=1&search=captur" "Mozilla/5.0 (Windows NT 6.1; Win64; x64) AppleWebKit/537.36 (KHTML, like Gecko) Chrome/79.0.3945.88 Safari/537.36"
89.144.196.201 - - [07/Jan/2020:11:45:04 +0100] "POST /axjaxrequest?mode=suggest HTTP/1.1" 200 111 "http://renault.activities.at/result?dir=DESC&mode=grid&order=name&limit=15&page=1&search=captur" "Mozilla/5.0 (Windows NT 6.1; Win64; x64) AppleWebKit/537.36 (KHTML, like Gecko) Chrome/79.0.3945.88 Safari/537.36"
89.144.196.201 - - [07/Jan/2020:11:45:04 +0100] "GET /result?searchterm=true&search=captur HTTP/1.1" 200 8621 "http://renault.activities.at/result?dir=DESC&mode=grid&order=name&limit=15&page=1&search=captur" "Mozilla/5.0 (Windows NT 6.1; Win64; x64) AppleWebKit/537.36 (KHTML, like Gecko) Chrome/79.0.3945.88 Safari/537.36"
80.80.251.48 - - [07/Jan/2020:11:45:11 +0100] "GET /reload?ser=1578393911009 HTTP/1.1" 200 28 "http://renault.activities.at/" "Mozilla/5.0 (Windows NT 10.0; Win64; x64) AppleWebKit/537.36 (KHTML, like Gecko) Chrome/64.0.3282.140 Safari/537.36 Edge/17.17134"
89.144.196.201 - - [07/Jan/2020:11:45:17 +0100] "GET /result?dir=DESC&mode=grid&order=name&limit=15&page=2&search=captur HTTP/1.1" 200 7110 "http://renault.activities.at/result?searchterm=true&search=captur" "Mozilla/5.0 (Windows NT 6.1; Win64; x64) AppleWebKit/537.36 (KHTML, like Gecko) Chrome/79.0.3945.88 Safari/537.36"
213.153.47.173 - - [07/Jan/2020:11:45:37 +0100] "GET /reload?ser=1578393938017 HTTP/1.1" 200 28 "http://renault.activities.at/login?required=true" "Mozilla/5.0 (Windows NT 10.0; Win64; x64; rv:71.0) Gecko/20100101 Firefox/71.0"
80.120.5.131 - - [07/Jan/2020:11:45:43 +0100] "GET /reload?ser=1578393942992 HTTP/1.1" 200 2 "http://renault.activities.at/forgotpassword" "Mozilla/5.0 (Windows NT 10.0; Win64; x64) AppleWebKit/537.36 (KHTML, like Gecko) Chrome/79.0.3945.88 Safari/537.36"
193.194.132.30 - - [07/Jan/2020:11:45:49 +0100] "GET /reload?ser=1578393949778 HTTP/1.1" 200 28 "http://renault.2web.at/account?loadrequest=true" "Mozilla/5.0 (Windows NT 10.0; WOW64; Trident/7.0; Touch; rv:11.0) like Gecko"
213.153.47.173 - - [07/Jan/2020:11:45:56 +0100] "GET /reload?ser=1578393956727 HTTP/1.1" 200 28 "http://renault.activities.at/login?required=true" "Mozilla/5.0 (Windows NT 10.0; Win64; x64; rv:71.0) Gecko/20100101 Firefox/71.0"
80.122.221.194 - - [07/Jan/2020:11:46:00 +0100] "GET /reload?ser=1578393960771 HTTP/1.1" 200 28 "http://renault.activities.at/success" "Mozilla/5.0 (Windows NT 10.0; Win64; x64) AppleWebKit/537.36 (KHTML, like Gecko) Chrome/70.0.3538.102 Safari/537.36 Edge/18.18363"
80.80.251.48 - - [07/Jan/2020:11:46:12 +0100] "GET /reload?ser=1578393971997 HTTP/1.1" 200 28 "http://renault.activities.at/" "Mozilla/5.0 (Windows NT 10.0; Win64; x64) AppleWebKit/537.36 (KHTML, like Gecko) Chrome/64.0.3282.140 Safari/537.36 Edge/17.17134"
89.144.196.201 - - [07/Jan/2020:11:46:20 +0100] "GET /reload?ser=1578393980409 HTTP/1.1" 200 28 "http://renault.activities.at/result?dir=DESC&mode=grid&order=name&limit=15&page=2&search=captur" "Mozilla/5.0 (Windows NT 6.1; Win64; x64) AppleWebKit/537.36 (KHTML, like Gecko) Chrome/79.0.3945.88 Safari/537.36"
213.153.47.173 - - [07/Jan/2020:11:46:38 +0100] "GET /reload?ser=1578393998666 HTTP/1.1" 200 28 "http://renault.activities.at/login?required=true" "Mozilla/5.0 (Windows NT 10.0; Win64; x64; rv:71.0) Gecko/20100101 Firefox/71.0"
80.120.5.131 - - [07/Jan/2020:11:46:44 +0100] "GET /reload?ser=1578394003994 HTTP/1.1" 200 2 "http://renault.activities.at/forgotpassword" "Mozilla/5.0 (Windows NT 10.0; Win64; x64) AppleWebKit/537.36 (KHTML, like Gecko) Chrome/79.0.3945.88 Safari/537.36"
193.194.132.30 - - [07/Jan/2020:11:46:51 +0100] "GET /reload?ser=1578394010826 HTTP/1.1" 200 28 "http://renault.2web.at/account?loadrequest=true" "Mozilla/5.0 (Windows NT 10.0; WOW64; Trident/7.0; Touch; rv:11.0) like Gecko"
213.153.47.173 - - [07/Jan/2020:11:46:57 +0100] "GET /reload?ser=1578394017374 HTTP/1.1" 200 28 "http://renault.activities.at/login?required=true" "Mozilla/5.0 (Windows NT 10.0; Win64; x64; rv:71.0) Gecko/20100101 Firefox/71.0"
80.122.221.194 - - [07/Jan/2020:11:47:01 +0100] "GET /reload?ser=1578394021766 HTTP/1.1" 200 28 "http://renault.activities.at/success" "Mozilla/5.0 (Windows NT 10.0; Win64; x64) AppleWebKit/537.36 (KHTML, like Gecko) Chrome/70.0.3538.102 Safari/537.36 Edge/18.18363"
80.80.251.48 - - [07/Jan/2020:11:47:13 +0100] "GET /reload?ser=1578394032996 HTTP/1.1" 200 28 "http://renault.activities.at/" "Mozilla/5.0 (Windows NT 10.0; Win64; x64) AppleWebKit/537.36 (KHTML, like Gecko) Chrome/64.0.3282.140 Safari/537.36 Edge/17.17134"
89.144.196.201 - - [07/Jan/2020:11:47:21 +0100] "GET /reload?ser=1578394041414 HTTP/1.1" 200 28 "http://renault.activities.at/result?dir=DESC&mode=grid&order=name&limit=15&page=2&search=captur" "Mozilla/5.0 (Windows NT 6.1; Win64; x64) AppleWebKit/537.36 (KHTML, like Gecko) Chrome/79.0.3945.88 Safari/537.36"
213.153.47.173 - - [07/Jan/2020:11:47:39 +0100] "GET /reload?ser=1578394059311 HTTP/1.1" 200 28 "http://renault.activities.at/login?required=true" "Mozilla/5.0 (Windows NT 10.0; Win64; x64; rv:71.0) Gecko/20100101 Firefox/71.0"
80.120.5.131 - - [07/Jan/2020:11:47:45 +0100] "GET /reload?ser=1578394064997 HTTP/1.1" 200 2 "http://renault.activities.at/forgotpassword" "Mozilla/5.0 (Windows NT 10.0; Win64; x64) AppleWebKit/537.36 (KHTML, like Gecko) Chrome/79.0.3945.88 Safari/537.36"
193.194.132.30 - - [07/Jan/2020:11:47:52 +0100] "GET /reload?ser=1578394071897 HTTP/1.1" 200 28 "http://renault.2web.at/account?loadrequest=true" "Mozilla/5.0 (Windows NT 10.0; WOW64; Trident/7.0; Touch; rv:11.0) like Gecko"
213.153.47.173 - - [07/Jan/2020:11:47:57 +0100] "GET /reload?ser=1578394078010 HTTP/1.1" 200 28 "http://renault.activities.at/login?required=true" "Mozilla/5.0 (Windows NT 10.0; Win64; x64; rv:71.0) Gecko/20100101 Firefox/71.0"
80.122.221.194 - - [07/Jan/2020:11:48:02 +0100] "GET /reload?ser=1578394082775 HTTP/1.1" 200 28 "http://renault.activities.at/success" "Mozilla/5.0 (Windows NT 10.0; Win64; x64) AppleWebKit/537.36 (KHTML, like Gecko) Chrome/70.0.3538.102 Safari/537.36 Edge/18.18363"
80.80.251.48 - - [07/Jan/2020:11:48:14 +0100] "GET /reload?ser=1578394094003 HTTP/1.1" 200 28 "http://renault.activities.at/" "Mozilla/5.0 (Windows NT 10.0; Win64; x64) AppleWebKit/537.36 (KHTML, like Gecko) Chrome/64.0.3282.140 Safari/537.36 Edge/17.17134"
89.144.196.201 - - [07/Jan/2020:11:48:22 +0100] "GET /reload?ser=1578394102375 HTTP/1.1" 200 28 "http://renault.activities.at/result?dir=DESC&mode=grid&order=name&limit=15&page=2&search=captur" "Mozilla/5.0 (Windows NT 6.1; Win64; x64) AppleWebKit/537.36 (KHTML, like Gecko) Chrome/79.0.3945.88 Safari/537.36"
213.153.47.173 - - [07/Jan/2020:11:48:39 +0100] "GET /reload?ser=1578394119975 HTTP/1.1" 200 28 "http://renault.activities.at/login?required=true" "Mozilla/5.0 (Windows NT 10.0; Win64; x64; rv:71.0) Gecko/20100101 Firefox/71.0"
80.120.5.131 - - [07/Jan/2020:11:48:46 +0100] "GET /reload?ser=1578394126004 HTTP/1.1" 200 2 "http://renault.activities.at/forgotpassword" "Mozilla/5.0 (Windows NT 10.0; Win64; x64) AppleWebKit/537.36 (KHTML, like Gecko) Chrome/79.0.3945.88 Safari/537.36"
193.194.132.30 - - [07/Jan/2020:11:48:53 +0100] "GET /reload?ser=1578394133171 HTTP/1.1" 200 28 "http://renault.2web.at/account?loadrequest=true" "Mozilla/5.0 (Windows NT 10.0; WOW64; Trident/7.0; Touch; rv:11.0) like Gecko"
213.153.47.173 - - [07/Jan/2020:11:48:58 +0100] "GET /reload?ser=1578394138663 HTTP/1.1" 200 28 "http://renault.activities.at/login?required=true" "Mozilla/5.0 (Windows NT 10.0; Win64; x64; rv:71.0) Gecko/20100101 Firefox/71.0"
80.122.221.194 - - [07/Jan/2020:11:49:03 +0100] "GET /reload?ser=1578394143770 HTTP/1.1" 200 28 "http://renault.activities.at/success" "Mozilla/5.0 (Windows NT 10.0; Win64; x64) AppleWebKit/537.36 (KHTML, like Gecko) Chrome/70.0.3538.102 Safari/537.36 Edge/18.18363"
80.80.251.48 - - [07/Jan/2020:11:49:15 +0100] "GET /reload?ser=1578394155005 HTTP/1.1" 200 28 "http://renault.activities.at/" "Mozilla/5.0 (Windows NT 10.0; Win64; x64) AppleWebKit/537.36 (KHTML, like Gecko) Chrome/64.0.3282.140 Safari/537.36 Edge/17.17134"
89.144.196.201 - - [07/Jan/2020:11:49:23 +0100] "GET /reload?ser=1578394163354 HTTP/1.1" 200 28 "http://renault.activities.at/result?dir=DESC&mode=grid&order=name&limit=15&page=2&search=captur" "Mozilla/5.0 (Windows NT 6.1; Win64; x64) AppleWebKit/537.36 (KHTML, like Gecko) Chrome/79.0.3945.88 Safari/537.36"
213.153.47.173 - - [07/Jan/2020:11:49:40 +0100] "GET /reload?ser=1578394180622 HTTP/1.1" 200 28 "http://renault.activities.at/login?required=true" "Mozilla/5.0 (Windows NT 10.0; Win64; x64; rv:71.0) Gecko/20100101 Firefox/71.0"
80.120.5.131 - - [07/Jan/2020:11:49:47 +0100] "GET /reload?ser=1578394186998 HTTP/1.1" 200 2 "http://renault.activities.at/forgotpassword" "Mozilla/5.0 (Windows NT 10.0; Win64; x64) AppleWebKit/537.36 (KHTML, like Gecko) Chrome/79.0.3945.88 Safari/537.36"
193.194.132.30 - - [07/Jan/2020:11:49:54 +0100] "GET /reload?ser=1578394194203 HTTP/1.1" 200 28 "http://renault.2web.at/account?loadrequest=true" "Mozilla/5.0 (Windows NT 10.0; WOW64; Trident/7.0; Touch; rv:11.0) like Gecko"
213.153.47.173 - - [07/Jan/2020:11:49:59 +0100] "GET /reload?ser=1578394199311 HTTP/1.1" 200 28 "http://renault.activities.at/login?required=true" "Mozilla/5.0 (Windows NT 10.0; Win64; x64; rv:71.0) Gecko/20100101 Firefox/71.0"
80.122.221.194 - - [07/Jan/2020:11:50:04 +0100] "GET /reload?ser=1578394204765 HTTP/1.1" 200 28 "http://renault.activities.at/success" "Mozilla/5.0 (Windows NT 10.0; Win64; x64) AppleWebKit/537.36 (KHTML, like Gecko) Chrome/70.0.3538.102 Safari/537.36 Edge/18.18363"
80.80.251.48 - - [07/Jan/2020:11:50:16 +0100] "GET /reload?ser=1578394215996 HTTP/1.1" 200 28 "http://renault.activities.at/" "Mozilla/5.0 (Windows NT 10.0; Win64; x64) AppleWebKit/537.36 (KHTML, like Gecko) Chrome/64.0.3282.140 Safari/537.36 Edge/17.17134"
89.144.196.201 - - [07/Jan/2020:11:50:24 +0100] "GET /reload?ser=1578394224353 HTTP/1.1" 200 28 "http://renault.activities.at/result?dir=DESC&mode=grid&order=name&limit=15&page=2&search=captur" "Mozilla/5.0 (Windows NT 6.1; Win64; x64) AppleWebKit/537.36 (KHTML, like Gecko) Chrome/79.0.3945.88 Safari/537.36"
213.153.47.173 - - [07/Jan/2020:11:50:41 +0100] "GET /reload?ser=1578394241281 HTTP/1.1" 200 28 "http://renault.activities.at/login?required=true" "Mozilla/5.0 (Windows NT 10.0; Win64; x64; rv:71.0) Gecko/20100101 Firefox/71.0"
80.120.5.131 - - [07/Jan/2020:11:50:48 +0100] "GET /reload?ser=1578394248005 HTTP/1.1" 200 2 "http://renault.activities.at/forgotpassword" "Mozilla/5.0 (Windows NT 10.0; Win64; x64) AppleWebKit/537.36 (KHTML, like Gecko) Chrome/79.0.3945.88 Safari/537.36"
193.194.132.30 - - [07/Jan/2020:11:50:55 +0100] "GET /reload?ser=1578394255270 HTTP/1.1" 200 28 "http://renault.2web.at/account?loadrequest=true" "Mozilla/5.0 (Windows NT 10.0; WOW64; Trident/7.0; Touch; rv:11.0) like Gecko"
213.153.47.173 - - [07/Jan/2020:11:50:59 +0100] "GET /reload?ser=1578394259951 HTTP/1.1" 200 28 "http://renault.activities.at/login?required=true" "Mozilla/5.0 (Windows NT 10.0; Win64; x64; rv:71.0) Gecko/20100101 Firefox/71.0"
80.122.221.194 - - [07/Jan/2020:11:51:05 +0100] "GET /reload?ser=1578394265769 HTTP/1.1" 200 28 "http://renault.activities.at/success" "Mozilla/5.0 (Windows NT 10.0; Win64; x64) AppleWebKit/537.36 (KHTML, like Gecko) Chrome/70.0.3538.102 Safari/537.36 Edge/18.18363"
80.80.251.48 - - [07/Jan/2020:11:51:17 +0100] "GET /reload?ser=1578394276999 HTTP/1.1" 200 28 "http://renault.activities.at/" "Mozilla/5.0 (Windows NT 10.0; Win64; x64) AppleWebKit/537.36 (KHTML, like Gecko) Chrome/64.0.3282.140 Safari/537.36 Edge/17.17134"
89.144.196.201 - - [07/Jan/2020:11:51:25 +0100] "GET /reload?ser=1578394285354 HTTP/1.1" 200 28 "http://renault.activities.at/result?dir=DESC&mode=grid&order=name&limit=15&page=2&search=captur" "Mozilla/5.0 (Windows NT 6.1; Win64; x64) AppleWebKit/537.36 (KHTML, like Gecko) Chrome/79.0.3945.88 Safari/537.36"
213.153.47.173 - - [07/Jan/2020:11:51:41 +0100] "GET /reload?ser=1578394301938 HTTP/1.1" 200 28 "http://renault.activities.at/login?required=true" "Mozilla/5.0 (Windows NT 10.0; Win64; x64; rv:71.0) Gecko/20100101 Firefox/71.0"
80.120.5.131 - - [07/Jan/2020:11:51:49 +0100] "GET /reload?ser=1578394308998 HTTP/1.1" 200 2 "http://renault.activities.at/forgotpassword" "Mozilla/5.0 (Windows NT 10.0; Win64; x64) AppleWebKit/537.36 (KHTML, like Gecko) Chrome/79.0.3945.88 Safari/537.36"
193.194.132.30 - - [07/Jan/2020:11:51:56 +0100] "GET /reload?ser=1578394316303 HTTP/1.1" 200 28 "http://renault.2web.at/account?loadrequest=true" "Mozilla/5.0 (Windows NT 10.0; WOW64; Trident/7.0; Touch; rv:11.0) like Gecko"
213.153.47.173 - - [07/Jan/2020:11:52:00 +0100] "GET /reload?ser=1578394320619 HTTP/1.1" 200 28 "http://renault.activities.at/login?required=true" "Mozilla/5.0 (Windows NT 10.0; Win64; x64; rv:71.0) Gecko/20100101 Firefox/71.0"
80.122.221.194 - - [07/Jan/2020:11:52:06 +0100] "GET /reload?ser=1578394326761 HTTP/1.1" 200 28 "http://renault.activities.at/success" "Mozilla/5.0 (Windows NT 10.0; Win64; x64) AppleWebKit/537.36 (KHTML, like Gecko) Chrome/70.0.3538.102 Safari/537.36 Edge/18.18363"
80.80.251.48 - - [07/Jan/2020:11:52:18 +0100] "GET /reload?ser=1578394337991 HTTP/1.1" 200 28 "http://renault.activities.at/" "Mozilla/5.0 (Windows NT 10.0; Win64; x64) AppleWebKit/537.36 (KHTML, like Gecko) Chrome/64.0.3282.140 Safari/537.36 Edge/17.17134"
89.144.196.201 - - [07/Jan/2020:11:52:26 +0100] "GET /reload?ser=1578394346354 HTTP/1.1" 200 28 "http://renault.activities.at/result?dir=DESC&mode=grid&order=name&limit=15&page=2&search=captur" "Mozilla/5.0 (Windows NT 6.1; Win64; x64) AppleWebKit/537.36 (KHTML, like Gecko) Chrome/79.0.3945.88 Safari/537.36"
213.153.47.173 - - [07/Jan/2020:11:52:42 +0100] "GET /reload?ser=1578394362608 HTTP/1.1" 200 28 "http://renault.activities.at/login?required=true" "Mozilla/5.0 (Windows NT 10.0; Win64; x64; rv:71.0) Gecko/20100101 Firefox/71.0"
80.120.5.131 - - [07/Jan/2020:11:52:50 +0100] "GET /reload?ser=1578394369994 HTTP/1.1" 200 2 "http://renault.activities.at/forgotpassword" "Mozilla/5.0 (Windows NT 10.0; Win64; x64) AppleWebKit/537.36 (KHTML, like Gecko) Chrome/79.0.3945.88 Safari/537.36"
193.194.132.30 - - [07/Jan/2020:11:52:57 +0100] "GET /reload?ser=1578394377388 HTTP/1.1" 200 28 "http://renault.2web.at/account?loadrequest=true" "Mozilla/5.0 (Windows NT 10.0; WOW64; Trident/7.0; Touch; rv:11.0) like Gecko"
213.153.47.173 - - [07/Jan/2020:11:53:01 +0100] "GET /reload?ser=1578394381278 HTTP/1.1" 200 28 "http://renault.activities.at/login?required=true" "Mozilla/5.0 (Windows NT 10.0; Win64; x64; rv:71.0) Gecko/20100101 Firefox/71.0"
80.122.221.194 - - [07/Jan/2020:11:53:07 +0100] "GET /reload?ser=1578394387761 HTTP/1.1" 200 28 "http://renault.activities.at/success" "Mozilla/5.0 (Windows NT 10.0; Win64; x64) AppleWebKit/537.36 (KHTML, like Gecko) Chrome/70.0.3538.102 Safari/537.36 Edge/18.18363"
80.80.251.48 - - [07/Jan/2020:11:53:19 +0100] "GET /reload?ser=1578394398992 HTTP/1.1" 200 28 "http://renault.activities.at/" "Mozilla/5.0 (Windows NT 10.0; Win64; x64) AppleWebKit/537.36 (KHTML, like Gecko) Chrome/64.0.3282.140 Safari/537.36 Edge/17.17134"
89.144.196.201 - - [07/Jan/2020:11:53:27 +0100] "GET /reload?ser=1578394407354 HTTP/1.1" 200 28 "http://renault.activities.at/result?dir=DESC&mode=grid&order=name&limit=15&page=2&search=captur" "Mozilla/5.0 (Windows NT 6.1; Win64; x64) AppleWebKit/537.36 (KHTML, like Gecko) Chrome/79.0.3945.88 Safari/537.36"
213.153.47.173 - - [07/Jan/2020:11:53:43 +0100] "GET /reload?ser=1578394423249 HTTP/1.1" 200 28 "http://renault.activities.at/login?required=true" "Mozilla/5.0 (Windows NT 10.0; Win64; x64; rv:71.0) Gecko/20100101 Firefox/71.0"
80.120.5.131 - - [07/Jan/2020:11:53:51 +0100] "GET /reload?ser=1578394430992 HTTP/1.1" 200 2 "http://renault.activities.at/forgotpassword" "Mozilla/5.0 (Windows NT 10.0; Win64; x64) AppleWebKit/537.36 (KHTML, like Gecko) Chrome/79.0.3945.88 Safari/537.36"
