213.153.47.173 - - [07/Jan/2020:11:19:39 +0100] "GET /reload?ser=1578392379440 HTTP/1.1" 200 28 "http://renault.activities.at/login?required=true" "Mozilla/5.0 (Windows NT 10.0; Win64; x64; rv:71.0) Gecko/20100101 Firefox/71.0"
80.80.251.48 - - [07/Jan/2020:11:19:46 +0100] "GET /reload?ser=1578392386015 HTTP/1.1" 200 28 "http://renault.activities.at/" "Mozilla/5.0 (Windows NT 10.0; Win64; x64) AppleWebKit/537.36 (KHTML, like Gecko) Chrome/64.0.3282.140 Safari/537.36 Edge/17.17134"
80.120.5.131 - - [07/Jan/2020:11:19:50 +0100] "GET /reload?ser=1578392390003 HTTP/1.1" 200 2 "http://renault.activities.at/forgotpassword?action=createnew&token=11884304,5e143f43401a6&__language=de" "Mozilla/5.0 (Windows NT 10.0; Win64; x64) AppleWebKit/537.36 (KHTML, like Gecko) Chrome/79.0.3945.88 Safari/537.36"
193.194.132.30 - - [07/Jan/2020:11:20:04 +0100] "GET /reload?ser=1578392404830 HTTP/1.1" 200 28 "http://renault.activities.at/10260260?dir=DESC&mode=grid&order=name&limit=15&page=2" "Mozilla/5.0 (Windows NT 10.0; Win64; x64) AppleWebKit/537.36 (KHTML, like Gecko) Chrome/79.0.3945.88 Safari/537.36"
193.194.132.30 - - [07/Jan/2020:11:20:17 +0100] "GET /reload?ser=1578392417203 HTTP/1.1" 200 28 "http://renault.2web.at/account?loadrequest=true" "Mozilla/5.0 (Windows NT 10.0; WOW64; Trident/7.0; Touch; rv:11.0) like Gecko"
80.120.5.131 - - [07/Jan/2020:11:20:18 +0100] "GET /reload?ser=1578392418002 HTTP/1.1" 200 2 "http://renault.activities.at/forgotpassword" "Mozilla/5.0 (Windows NT 10.0; Win64; x64) AppleWebKit/537.36 (KHTML, like Gecko) Chrome/79.0.3945.88 Safari/537.36"
213.153.47.173 - - [07/Jan/2020:11:20:21 +0100] "GET /reload?ser=1578392421807 HTTP/1.1" 200 28 "http://renault.activities.at/login?required=true" "Mozilla/5.0 (Windows NT 10.0; Win64; x64; rv:71.0) Gecko/20100101 Firefox/71.0"
80.120.5.131 - - [07/Jan/2020:11:20:30 +0100] "GET /reload?ser=1578392430000 HTTP/1.1" 200 2 "http://renault.activities.at/login" "Mozilla/5.0 (Windows NT 10.0; Win64; x64) AppleWebKit/537.36 (KHTML, like Gecko) Chrome/79.0.3945.88 Safari/537.36"
80.122.221.194 - - [07/Jan/2020:11:20:35 +0100] "GET /reload?ser=1578392435780 HTTP/1.1" 200 28 "http://renault.activities.at/success" "Mozilla/5.0 (Windows NT 10.0; Win64; x64) AppleWebKit/537.36 (KHTML, like Gecko) Chrome/70.0.3538.102 Safari/537.36 Edge/18.18363"
213.153.47.173 - - [07/Jan/2020:11:20:40 +0100] "GET /reload?ser=1578392440129 HTTP/1.1" 200 28 "http://renault.activities.at/login?required=true" "Mozilla/5.0 (Windows NT 10.0; Win64; x64; rv:71.0) Gecko/20100101 Firefox/71.0"
80.80.251.48 - - [07/Jan/2020:11:20:47 +0100] "GET /reload?ser=1578392447011 HTTP/1.1" 200 28 "http://renault.activities.at/" "Mozilla/5.0 (Windows NT 10.0; Win64; x64) AppleWebKit/537.36 (KHTML, like Gecko) Chrome/64.0.3282.140 Safari/537.36 Edge/17.17134"
80.120.5.131 - - [07/Jan/2020:11:20:51 +0100] "GET /reload?ser=1578392450996 HTTP/1.1" 200 2 "http://renault.activities.at/forgotpassword?action=createnew&token=11884304,5e143f43401a6&__language=de" "Mozilla/5.0 (Windows NT 10.0; Win64; x64) AppleWebKit/537.36 (KHTML, like Gecko) Chrome/79.0.3945.88 Safari/537.36"
193.194.132.30 - - [07/Jan/2020:11:21:06 +0100] "GET /reload?ser=1578392465884 HTTP/1.1" 200 28 "http://renault.activities.at/10260260?dir=DESC&mode=grid&order=name&limit=15&page=2" "Mozilla/5.0 (Windows NT 10.0; Win64; x64) AppleWebKit/537.36 (KHTML, like Gecko) Chrome/79.0.3945.88 Safari/537.36"
80.120.5.131 - - [07/Jan/2020:11:21:19 +0100] "GET /reload?ser=1578392478991 HTTP/1.1" 200 2 "http://renault.activities.at/forgotpassword" "Mozilla/5.0 (Windows NT 10.0; Win64; x64) AppleWebKit/537.36 (KHTML, like Gecko) Chrome/79.0.3945.88 Safari/537.36"
193.194.132.30 - - [07/Jan/2020:11:21:19 +0100] "GET /reload?ser=1578392479109 HTTP/1.1" 200 28 "http://renault.2web.at/account?loadrequest=true" "Mozilla/5.0 (Windows NT 10.0; WOW64; Trident/7.0; Touch; rv:11.0) like Gecko"
213.153.47.173 - - [07/Jan/2020:11:21:22 +0100] "GET /reload?ser=1578392482475 HTTP/1.1" 200 28 "http://renault.activities.at/login?required=true" "Mozilla/5.0 (Windows NT 10.0; Win64; x64; rv:71.0) Gecko/20100101 Firefox/71.0"
80.120.5.131 - - [07/Jan/2020:11:21:31 +0100] "GET /reload?ser=1578392491004 HTTP/1.1" 200 2 "http://renault.activities.at/login" "Mozilla/5.0 (Windows NT 10.0; Win64; x64) AppleWebKit/537.36 (KHTML, like Gecko) Chrome/79.0.3945.88 Safari/537.36"
80.122.221.194 - - [07/Jan/2020:11:21:36 +0100] "GET /reload?ser=1578392496783 HTTP/1.1" 200 28 "http://renault.activities.at/success" "Mozilla/5.0 (Windows NT 10.0; Win64; x64) AppleWebKit/537.36 (KHTML, like Gecko) Chrome/70.0.3538.102 Safari/537.36 Edge/18.18363"
213.153.47.173 - - [07/Jan/2020:11:21:40 +0100] "GET /reload?ser=1578392500781 HTTP/1.1" 200 28 "http://renault.activities.at/login?required=true" "Mozilla/5.0 (Windows NT 10.0; Win64; x64; rv:71.0) Gecko/20100101 Firefox/71.0"
80.80.251.48 - - [07/Jan/2020:11:21:48 +0100] "GET /reload?ser=1578392508016 HTTP/1.1" 200 28 "http://renault.activities.at/" "Mozilla/5.0 (Windows NT 10.0; Win64; x64) AppleWebKit/537.36 (KHTML, like Gecko) Chrome/64.0.3282.140 Safari/537.36 Edge/17.17134"
80.120.5.131 - - [07/Jan/2020:11:21:52 +0100] "GET /reload?ser=1578392511999 HTTP/1.1" 200 2 "http://renault.activities.at/forgotpassword?action=createnew&token=11884304,5e143f43401a6&__language=de" "Mozilla/5.0 (Windows NT 10.0; Win64; x64) AppleWebKit/537.36 (KHTML, like Gecko) Chrome/79.0.3945.88 Safari/537.36"
80.120.5.131 - - [07/Jan/2020:11:22:20 +0100] "GET /reload?ser=1578392539994 HTTP/1.1" 200 2 "http://renault.activities.at/forgotpassword" "Mozilla/5.0 (Windows NT 10.0; Win64; x64) AppleWebKit/537.36 (KHTML, like Gecko) Chrome/79.0.3945.88 Safari/537.36"
193.194.132.30 - - [07/Jan/2020:11:22:20 +0100] "GET /reload?ser=1578392540140 HTTP/1.1" 200 28 "http://renault.2web.at/account?loadrequest=true" "Mozilla/5.0 (Windows NT 10.0; WOW64; Trident/7.0; Touch; rv:11.0) like Gecko"
213.153.47.173 - - [07/Jan/2020:11:22:23 +0100] "GET /reload?ser=1578392543120 HTTP/1.1" 200 28 "http://renault.activities.at/login?required=true" "Mozilla/5.0 (Windows NT 10.0; Win64; x64; rv:71.0) Gecko/20100101 Firefox/71.0"
80.120.5.131 - - [07/Jan/2020:11:22:32 +0100] "GET /reload?ser=1578392551992 HTTP/1.1" 200 2 "http://renault.activities.at/login" "Mozilla/5.0 (Windows NT 10.0; Win64; x64) AppleWebKit/537.36 (KHTML, like Gecko) Chrome/79.0.3945.88 Safari/537.36"
80.122.221.194 - - [07/Jan/2020:11:22:37 +0100] "GET /reload?ser=1578392557779 HTTP/1.1" 200 28 "http://renault.activities.at/success" "Mozilla/5.0 (Windows NT 10.0; Win64; x64) AppleWebKit/537.36 (KHTML, like Gecko) Chrome/70.0.3538.102 Safari/537.36 Edge/18.18363"
213.153.47.173 - - [07/Jan/2020:11:22:41 +0100] "GET /reload?ser=1578392561443 HTTP/1.1" 200 28 "http://renault.activities.at/login?required=true" "Mozilla/5.0 (Windows NT 10.0; Win64; x64; rv:71.0) Gecko/20100101 Firefox/71.0"
80.80.251.48 - - [07/Jan/2020:11:22:49 +0100] "GET /reload?ser=1578392569014 HTTP/1.1" 200 28 "http://renault.activities.at/" "Mozilla/5.0 (Windows NT 10.0; Win64; x64) AppleWebKit/537.36 (KHTML, like Gecko) Chrome/64.0.3282.140 Safari/537.36 Edge/17.17134"
80.120.5.131 - - [07/Jan/2020:11:22:53 +0100] "GET /reload?ser=1578392573004 HTTP/1.1" 200 2 "http://renault.activities.at/forgotpassword?action=createnew&token=11884304,5e143f43401a6&__language=de" "Mozilla/5.0 (Windows NT 10.0; Win64; x64) AppleWebKit/537.36 (KHTML, like Gecko) Chrome/79.0.3945.88 Safari/537.36"
80.120.5.131 - - [07/Jan/2020:11:23:21 +0100] "GET /reload?ser=1578392600999 HTTP/1.1" 200 2 "http://renault.activities.at/forgotpassword" "Mozilla/5.0 (Windows NT 10.0; Win64; x64) AppleWebKit/537.36 (KHTML, like Gecko) Chrome/79.0.3945.88 Safari/537.36"
193.194.132.30 - - [07/Jan/2020:11:23:21 +0100] "GET /reload?ser=1578392601187 HTTP/1.1" 200 28 "http://renault.2web.at/account?loadrequest=true" "Mozilla/5.0 (Windows NT 10.0; WOW64; Trident/7.0; Touch; rv:11.0) like Gecko"
213.153.47.173 - - [07/Jan/2020:11:23:23 +0100] "GET /reload?ser=1578392603760 HTTP/1.1" 200 28 "http://renault.activities.at/login?required=true" "Mozilla/5.0 (Windows NT 10.0; Win64; x64; rv:71.0) Gecko/20100101 Firefox/71.0"
80.120.5.131 - - [07/Jan/2020:11:23:33 +0100] "GET /reload?ser=1578392612997 HTTP/1.1" 200 2 "http://renault.activities.at/login" "Mozilla/5.0 (Windows NT 10.0; Win64; x64) AppleWebKit/537.36 (KHTML, like Gecko) Chrome/79.0.3945.88 Safari/537.36"
80.122.221.194 - - [07/Jan/2020:11:23:38 +0100] "GET /reload?ser=1578392618783 HTTP/1.1" 200 28 "http://renault.activities.at/success" "Mozilla/5.0 (Windows NT 10.0; Win64; x64) AppleWebKit/537.36 (KHTML, like Gecko) Chrome/70.0.3538.102 Safari/537.36 Edge/18.18363"
213.153.47.173 - - [07/Jan/2020:11:23:42 +0100] "GET /reload?ser=1578392622120 HTTP/1.1" 200 28 "http://renault.activities.at/login?required=true" "Mozilla/5.0 (Windows NT 10.0; Win64; x64; rv:71.0) Gecko/20100101 Firefox/71.0"
80.80.251.48 - - [07/Jan/2020:11:23:50 +0100] "GET /reload?ser=1578392630012 HTTP/1.1" 200 28 "http://renault.activities.at/" "Mozilla/5.0 (Windows NT 10.0; Win64; x64) AppleWebKit/537.36 (KHTML, like Gecko) Chrome/64.0.3282.140 Safari/537.36 Edge/17.17134"
80.120.5.131 - - [07/Jan/2020:11:23:54 +0100] "GET /reload?ser=1578392633993 HTTP/1.1" 200 2 "http://renault.activities.at/forgotpassword?action=createnew&token=11884304,5e143f43401a6&__language=de" "Mozilla/5.0 (Windows NT 10.0; Win64; x64) AppleWebKit/537.36 (KHTML, like Gecko) Chrome/79.0.3945.88 Safari/537.36"
80.120.5.131 - - [07/Jan/2020:11:24:22 +0100] "GET /reload?ser=1578392662003 HTTP/1.1" 200 2 "http://renault.activities.at/forgotpassword" "Mozilla/5.0 (Windows NT 10.0; Win64; x64) AppleWebKit/537.36 (KHTML, like Gecko) Chrome/79.0.3945.88 Safari/537.36"
193.194.132.30 - - [07/Jan/2020:11:24:23 +0100] "GET /reload?ser=1578392663015 HTTP/1.1" 200 28 "http://renault.2web.at/account?loadrequest=true" "Mozilla/5.0 (Windows NT 10.0; WOW64; Trident/7.0; Touch; rv:11.0) like Gecko"
213.153.47.173 - - [07/Jan/2020:11:24:24 +0100] "GET /reload?ser=1578392664406 HTTP/1.1" 200 28 "http://renault.activities.at/login?required=true" "Mozilla/5.0 (Windows NT 10.0; Win64; x64; rv:71.0) Gecko/20100101 Firefox/71.0"
80.120.5.131 - - [07/Jan/2020:11:24:34 +0100] "GET /reload?ser=1578392674001 HTTP/1.1" 200 2 "http://renault.activities.at/login" "Mozilla/5.0 (Windows NT 10.0; Win64; x64) AppleWebKit/537.36 (KHTML, like Gecko) Chrome/79.0.3945.88 Safari/537.36"
80.122.221.194 - - [07/Jan/2020:11:24:39 +0100] "GET /reload?ser=1578392679774 HTTP/1.1" 200 28 "http://renault.activities.at/success" "Mozilla/5.0 (Windows NT 10.0; Win64; x64) AppleWebKit/537.36 (KHTML, like Gecko) Chrome/70.0.3538.102 Safari/537.36 Edge/18.18363"
213.153.47.173 - - [07/Jan/2020:11:24:42 +0100] "GET /reload?ser=1578392682774 HTTP/1.1" 200 28 "http://renault.activities.at/login?required=true" "Mozilla/5.0 (Windows NT 10.0; Win64; x64; rv:71.0) Gecko/20100101 Firefox/71.0"
212.186.92.126 - - [07/Jan/2020:11:24:45 +0100] "GET / HTTP/1.1" 200 3380 "-" "Mozilla/5.0 (Windows NT 10.0; Win64; x64) AppleWebKit/537.36 (KHTML, like Gecko) Chrome/79.0.3945.88 Safari/537.36"
212.186.92.126 - - [07/Jan/2020:11:24:47 +0100] "GET /loadthumbnail.php?id=11127982 HTTP/1.1" 200 399614 "http://renault.activities.at/" "Mozilla/5.0 (Windows NT 10.0; Win64; x64) AppleWebKit/537.36 (KHTML, like Gecko) Chrome/79.0.3945.88 Safari/537.36"
212.186.92.126 - - [07/Jan/2020:11:24:47 +0100] "GET /images/favicon.ico HTTP/1.1" 404 305 "http://renault.activities.at/" "Mozilla/5.0 (Windows NT 10.0; Win64; x64) AppleWebKit/537.36 (KHTML, like Gecko) Chrome/79.0.3945.88 Safari/537.36"
212.186.92.126 - - [07/Jan/2020:11:24:48 +0100] "GET /login HTTP/1.1" 200 2085 "http://renault.activities.at/" "Mozilla/5.0 (Windows NT 10.0; Win64; x64) AppleWebKit/537.36 (KHTML, like Gecko) Chrome/79.0.3945.88 Safari/537.36"
80.80.251.48 - - [07/Jan/2020:11:24:51 +0100] "GET /reload?ser=1578392691006 HTTP/1.1" 200 28 "http://renault.activities.at/" "Mozilla/5.0 (Windows NT 10.0; Win64; x64) AppleWebKit/537.36 (KHTML, like Gecko) Chrome/64.0.3282.140 Safari/537.36 Edge/17.17134"
212.186.92.126 - - [07/Jan/2020:11:24:53 +0100] "POST /login HTTP/1.1" 302 140 "http://renault.activities.at/login" "Mozilla/5.0 (Windows NT 10.0; Win64; x64) AppleWebKit/537.36 (KHTML, like Gecko) Chrome/79.0.3945.88 Safari/537.36"
80.120.5.131 - - [07/Jan/2020:11:24:55 +0100] "GET /reload?ser=1578392694998 HTTP/1.1" 200 2 "http://renault.activities.at/forgotpassword?action=createnew&token=11884304,5e143f43401a6&__language=de" "Mozilla/5.0 (Windows NT 10.0; Win64; x64) AppleWebKit/537.36 (KHTML, like Gecko) Chrome/79.0.3945.88 Safari/537.36"
212.186.92.126 - - [07/Jan/2020:11:24:55 +0100] "GET /account HTTP/1.1" 200 6638 "http://renault.activities.at/login" "Mozilla/5.0 (Windows NT 10.0; Win64; x64) AppleWebKit/537.36 (KHTML, like Gecko) Chrome/79.0.3945.88 Safari/537.36"
212.186.92.126 - - [07/Jan/2020:11:24:59 +0100] "GET /loadthumbnail.php?id=11967853&width=50&height=50 HTTP/1.1" 200 948 "http://renault.activities.at/account" "Mozilla/5.0 (Windows NT 10.0; Win64; x64) AppleWebKit/537.36 (KHTML, like Gecko) Chrome/79.0.3945.88 Safari/537.36"
212.186.92.126 - - [07/Jan/2020:11:24:59 +0100] "GET /loadthumbnail.php?id=10269569&width=50&height=50 HTTP/1.1" 200 774 "http://renault.activities.at/account" "Mozilla/5.0 (Windows NT 10.0; Win64; x64) AppleWebKit/537.36 (KHTML, like Gecko) Chrome/79.0.3945.88 Safari/537.36"
212.186.92.126 - - [07/Jan/2020:11:24:59 +0100] "GET /loadthumbnail.php?id=12029411&width=50&height=50 HTTP/1.1" 200 1054 "http://renault.activities.at/account" "Mozilla/5.0 (Windows NT 10.0; Win64; x64) AppleWebKit/537.36 (KHTML, like Gecko) Chrome/79.0.3945.88 Safari/537.36"
212.186.92.126 - - [07/Jan/2020:11:24:59 +0100] "GET /loadthumbnail.php?id=11967852&width=50&height=50 HTTP/1.1" 200 853 "http://renault.activities.at/account" "Mozilla/5.0 (Windows NT 10.0; Win64; x64) AppleWebKit/537.36 (KHTML, like Gecko) Chrome/79.0.3945.88 Safari/537.36"
212.186.92.126 - - [07/Jan/2020:11:24:59 +0100] "GET /loadthumbnail.php?id=10269567&width=50&height=50 HTTP/1.1" 200 845 "http://renault.activities.at/account" "Mozilla/5.0 (Windows NT 10.0; Win64; x64) AppleWebKit/537.36 (KHTML, like Gecko) Chrome/79.0.3945.88 Safari/537.36"
212.186.92.126 - - [07/Jan/2020:11:24:59 +0100] "GET /loadthumbnail.php?id=10745359&width=50&height=50 HTTP/1.1" 200 1503 "http://renault.activities.at/account" "Mozilla/5.0 (Windows NT 10.0; Win64; x64) AppleWebKit/537.36 (KHTML, like Gecko) Chrome/79.0.3945.88 Safari/537.36"
212.186.92.126 - - [07/Jan/2020:11:24:59 +0100] "GET /loadthumbnail.php?id=12029410&width=50&height=50 HTTP/1.1" 200 938 "http://renault.activities.at/account" "Mozilla/5.0 (Windows NT 10.0; Win64; x64) AppleWebKit/537.36 (KHTML, like Gecko) Chrome/79.0.3945.88 Safari/537.36"
212.186.92.126 - - [07/Jan/2020:11:24:59 +0100] "GET /loadthumbnail.php?id=11181195&width=50&height=50 HTTP/1.1" 200 714 "http://renault.activities.at/account" "Mozilla/5.0 (Windows NT 10.0; Win64; x64) AppleWebKit/537.36 (KHTML, like Gecko) Chrome/79.0.3945.88 Safari/537.36"
212.186.92.126 - - [07/Jan/2020:11:24:59 +0100] "GET /loadthumbnail.php?id=12029409&width=50&height=50 HTTP/1.1" 200 858 "http://renault.activities.at/account" "Mozilla/5.0 (Windows NT 10.0; Win64; x64) AppleWebKit/537.36 (KHTML, like Gecko) Chrome/79.0.3945.88 Safari/537.36"
212.186.92.126 - - [07/Jan/2020:11:24:59 +0100] "GET /loadthumbnail.php?id=10309491&width=50&height=50 HTTP/1.1" 200 1292 "http://renault.activities.at/account" "Mozilla/5.0 (Windows NT 10.0; Win64; x64) AppleWebKit/537.36 (KHTML, like Gecko) Chrome/79.0.3945.88 Safari/537.36"
212.186.92.126 - - [07/Jan/2020:11:24:59 +0100] "GET /loadthumbnail.php?id=12029412&width=50&height=50 HTTP/1.1" 200 1048 "http://renault.activities.at/account" "Mozilla/5.0 (Windows NT 10.0; Win64; x64) AppleWebKit/537.36 (KHTML, like Gecko) Chrome/79.0.3945.88 Safari/537.36"
212.186.92.126 - - [07/Jan/2020:11:24:59 +0100] "GET /loadthumbnail.php?id=11489795&width=50&height=50 HTTP/1.1" 200 1333 "http://renault.activities.at/account" "Mozilla/5.0 (Windows NT 10.0; Win64; x64) AppleWebKit/537.36 (KHTML, like Gecko) Chrome/79.0.3945.88 Safari/537.36"
212.186.92.126 - - [07/Jan/2020:11:25:06 +0100] "GET /orders HTTP/1.1" 200 6153 "http://renault.activities.at/account" "Mozilla/5.0 (Windows NT 10.0; Win64; x64) AppleWebKit/537.36 (KHTML, like Gecko) Chrome/79.0.3945.88 Safari/537.36"
212.186.92.126 - - [07/Jan/2020:11:25:08 +0100] "GET /loadthumbnail.php?id=10203276 HTTP/1.1" 200 75 "http://renault.activities.at/orders" "Mozilla/5.0 (Windows NT 10.0; Win64; x64) AppleWebKit/537.36 (KHTML, like Gecko) Chrome/79.0.3945.88 Safari/537.36"
212.186.92.126 - - [07/Jan/2020:11:25:17 +0100] "GET /12177019 HTTP/1.1" 200 6819 "http://renault.activities.at/orders" "Mozilla/5.0 (Windows NT 10.0; Win64; x64) AppleWebKit/537.36 (KHTML, like Gecko) Chrome/79.0.3945.88 Safari/537.36"
212.186.92.126 - - [07/Jan/2020:11:25:20 +0100] "GET /images/icons/lupe.gif HTTP/1.1" 200 324 "http://renault.activities.at/12177019" "Mozilla/5.0 (Windows NT 10.0; Win64; x64) AppleWebKit/537.36 (KHTML, like Gecko) Chrome/79.0.3945.88 Safari/537.36"
80.120.5.131 - - [07/Jan/2020:11:25:23 +0100] "GET /reload?ser=1578392723001 HTTP/1.1" 200 2 "http://renault.activities.at/forgotpassword" "Mozilla/5.0 (Windows NT 10.0; Win64; x64) AppleWebKit/537.36 (KHTML, like Gecko) Chrome/79.0.3945.88 Safari/537.36"
193.194.132.30 - - [07/Jan/2020:11:25:24 +0100] "GET /reload?ser=1578392724092 HTTP/1.1" 200 28 "http://renault.2web.at/account?loadrequest=true" "Mozilla/5.0 (Windows NT 10.0; WOW64; Trident/7.0; Touch; rv:11.0) like Gecko"
213.153.47.173 - - [07/Jan/2020:11:25:24 +0100] "GET /reload?ser=1578392725059 HTTP/1.1" 200 28 "http://renault.activities.at/login?required=true" "Mozilla/5.0 (Windows NT 10.0; Win64; x64; rv:71.0) Gecko/20100101 Firefox/71.0"
212.186.92.126 - - [07/Jan/2020:11:25:24 +0100] "GET /orders HTTP/1.1" 200 6153 "http://renault.activities.at/12177019" "Mozilla/5.0 (Windows NT 10.0; Win64; x64) AppleWebKit/537.36 (KHTML, like Gecko) Chrome/79.0.3945.88 Safari/537.36"
54.201.16.86 - - [07/Jan/2020:11:25:25 +0100] "GET / HTTP/1.1" 200 13451 "-" "Mozilla/5.0 (Windows NT 6.1; Win64; x64) AppleWebKit/537.36 (KHTML, like Gecko) Chrome/72.0.3626.109 Safari/537.36"
212.186.92.126 - - [07/Jan/2020:11:25:29 +0100] "GET /12111664 HTTP/1.1" 200 6509 "http://renault.activities.at/orders" "Mozilla/5.0 (Windows NT 10.0; Win64; x64) AppleWebKit/537.36 (KHTML, like Gecko) Chrome/79.0.3945.88 Safari/537.36"
80.120.5.131 - - [07/Jan/2020:11:25:35 +0100] "GET /reload?ser=1578392734992 HTTP/1.1" 200 2 "http://renault.activities.at/login" "Mozilla/5.0 (Windows NT 10.0; Win64; x64) AppleWebKit/537.36 (KHTML, like Gecko) Chrome/79.0.3945.88 Safari/537.36"
212.186.92.126 - - [07/Jan/2020:11:25:37 +0100] "GET /orders HTTP/1.1" 200 6153 "http://renault.activities.at/12111664" "Mozilla/5.0 (Windows NT 10.0; Win64; x64) AppleWebKit/537.36 (KHTML, like Gecko) Chrome/79.0.3945.88 Safari/537.36"
80.122.221.194 - - [07/Jan/2020:11:25:40 +0100] "GET /reload?ser=1578392740782 HTTP/1.1" 200 28 "http://renault.activities.at/success" "Mozilla/5.0 (Windows NT 10.0; Win64; x64) AppleWebKit/537.36 (KHTML, like Gecko) Chrome/70.0.3538.102 Safari/537.36 Edge/18.18363"
213.153.47.173 - - [07/Jan/2020:11:25:43 +0100] "GET /reload?ser=1578392743407 HTTP/1.1" 200 28 "http://renault.activities.at/login?required=true" "Mozilla/5.0 (Windows NT 10.0; Win64; x64; rv:71.0) Gecko/20100101 Firefox/71.0"
80.80.251.48 - - [07/Jan/2020:11:25:52 +0100] "GET /reload?ser=1578392751999 HTTP/1.1" 200 28 "http://renault.activities.at/" "Mozilla/5.0 (Windows NT 10.0; Win64; x64) AppleWebKit/537.36 (KHTML, like Gecko) Chrome/64.0.3282.140 Safari/537.36 Edge/17.17134"
80.120.5.131 - - [07/Jan/2020:11:25:56 +0100] "GET /reload?ser=1578392755994 HTTP/1.1" 200 2 "http://renault.activities.at/forgotpassword?action=createnew&token=11884304,5e143f43401a6&__language=de" "Mozilla/5.0 (Windows NT 10.0; Win64; x64) AppleWebKit/537.36 (KHTML, like Gecko) Chrome/79.0.3945.88 Safari/537.36"
212.186.92.126 - - [07/Jan/2020:11:26:17 +0100] "GET /12115396 HTTP/1.1" 200 6511 "http://renault.activities.at/orders" "Mozilla/5.0 (Windows NT 10.0; Win64; x64) AppleWebKit/537.36 (KHTML, like Gecko) Chrome/79.0.3945.88 Safari/537.36"
80.120.5.131 - - [07/Jan/2020:11:26:24 +0100] "GET /reload?ser=1578392783992 HTTP/1.1" 200 2 "http://renault.activities.at/forgotpassword" "Mozilla/5.0 (Windows NT 10.0; Win64; x64) AppleWebKit/537.36 (KHTML, like Gecko) Chrome/79.0.3945.88 Safari/537.36"
213.153.47.173 - - [07/Jan/2020:11:26:25 +0100] "GET /reload?ser=1578392785713 HTTP/1.1" 200 28 "http://renault.activities.at/login?required=true" "Mozilla/5.0 (Windows NT 10.0; Win64; x64; rv:71.0) Gecko/20100101 Firefox/71.0"
193.194.132.30 - - [07/Jan/2020:11:26:25 +0100] "GET /reload?ser=1578392785176 HTTP/1.1" 200 28 "http://renault.2web.at/account?loadrequest=true" "Mozilla/5.0 (Windows NT 10.0; WOW64; Trident/7.0; Touch; rv:11.0) like Gecko"
212.186.92.126 - - [07/Jan/2020:11:26:32 +0100] "GET /orders HTTP/1.1" 200 6153 "http://renault.activities.at/12115396" "Mozilla/5.0 (Windows NT 10.0; Win64; x64) AppleWebKit/537.36 (KHTML, like Gecko) Chrome/79.0.3945.88 Safari/537.36"
212.186.92.126 - - [07/Jan/2020:11:26:36 +0100] "GET /12123051 HTTP/1.1" 200 6549 "http://renault.activities.at/orders" "Mozilla/5.0 (Windows NT 10.0; Win64; x64) AppleWebKit/537.36 (KHTML, like Gecko) Chrome/79.0.3945.88 Safari/537.36"
80.122.221.194 - - [07/Jan/2020:11:26:41 +0100] "GET /reload?ser=1578392801782 HTTP/1.1" 200 28 "http://renault.activities.at/success" "Mozilla/5.0 (Windows NT 10.0; Win64; x64) AppleWebKit/537.36 (KHTML, like Gecko) Chrome/70.0.3538.102 Safari/537.36 Edge/18.18363"
212.186.92.126 - - [07/Jan/2020:11:26:42 +0100] "GET /orders HTTP/1.1" 200 6153 "http://renault.activities.at/12123051" "Mozilla/5.0 (Windows NT 10.0; Win64; x64) AppleWebKit/537.36 (KHTML, like Gecko) Chrome/79.0.3945.88 Safari/537.36"
213.153.47.173 - - [07/Jan/2020:11:26:43 +0100] "GET /reload?ser=1578392804031 HTTP/1.1" 200 28 "http://renault.activities.at/login?required=true" "Mozilla/5.0 (Windows NT 10.0; Win64; x64; rv:71.0) Gecko/20100101 Firefox/71.0"
212.186.92.126 - - [07/Jan/2020:11:26:46 +0100] "GET /12126631 HTTP/1.1" 200 6533 "http://renault.activities.at/orders" "Mozilla/5.0 (Windows NT 10.0; Win64; x64) AppleWebKit/537.36 (KHTML, like Gecko) Chrome/79.0.3945.88 Safari/537.36"
80.80.251.48 - - [07/Jan/2020:11:26:53 +0100] "GET /reload?ser=1578392813012 HTTP/1.1" 200 28 "http://renault.activities.at/" "Mozilla/5.0 (Windows NT 10.0; Win64; x64) AppleWebKit/537.36 (KHTML, like Gecko) Chrome/64.0.3282.140 Safari/537.36 Edge/17.17134"
212.186.92.126 - - [07/Jan/2020:11:26:53 +0100] "GET /orders HTTP/1.1" 200 6153 "http://renault.activities.at/12126631" "Mozilla/5.0 (Windows NT 10.0; Win64; x64) AppleWebKit/537.36 (KHTML, like Gecko) Chrome/79.0.3945.88 Safari/537.36"
212.186.92.126 - - [07/Jan/2020:11:26:58 +0100] "GET /12129321 HTTP/1.1" 200 6579 "http://renault.activities.at/orders" "Mozilla/5.0 (Windows NT 10.0; Win64; x64) AppleWebKit/537.36 (KHTML, like Gecko) Chrome/79.0.3945.88 Safari/537.36"
212.186.92.126 - - [07/Jan/2020:11:27:03 +0100] "GET /orders HTTP/1.1" 200 6153 "http://renault.activities.at/12129321" "Mozilla/5.0 (Windows NT 10.0; Win64; x64) AppleWebKit/537.36 (KHTML, like Gecko) Chrome/79.0.3945.88 Safari/537.36"
212.186.92.126 - - [07/Jan/2020:11:27:07 +0100] "GET /12126631 HTTP/1.1" 200 6533 "http://renault.activities.at/orders" "Mozilla/5.0 (Windows NT 10.0; Win64; x64) AppleWebKit/537.36 (KHTML, like Gecko) Chrome/79.0.3945.88 Safari/537.36"
212.186.92.126 - - [07/Jan/2020:11:27:13 +0100] "GET /orders HTTP/1.1" 200 6153 "http://renault.activities.at/12126631" "Mozilla/5.0 (Windows NT 10.0; Win64; x64) AppleWebKit/537.36 (KHTML, like Gecko) Chrome/79.0.3945.88 Safari/537.36"
212.186.92.126 - - [07/Jan/2020:11:27:20 +0100] "GET /12139744 HTTP/1.1" 200 6646 "http://renault.activities.at/orders" "Mozilla/5.0 (Windows NT 10.0; Win64; x64) AppleWebKit/537.36 (KHTML, like Gecko) Chrome/79.0.3945.88 Safari/537.36"
80.120.5.131 - - [07/Jan/2020:11:27:25 +0100] "GET /reload?ser=1578392844992 HTTP/1.1" 200 2 "http://renault.activities.at/forgotpassword" "Mozilla/5.0 (Windows NT 10.0; Win64; x64) AppleWebKit/537.36 (KHTML, like Gecko) Chrome/79.0.3945.88 Safari/537.36"
213.153.47.173 - - [07/Jan/2020:11:27:26 +0100] "GET /reload?ser=1578392846387 HTTP/1.1" 200 28 "http://renault.activities.at/login?required=true" "Mozilla/5.0 (Windows NT 10.0; Win64; x64; rv:71.0) Gecko/20100101 Firefox/71.0"
193.194.132.30 - - [07/Jan/2020:11:27:27 +0100] "GET /reload?ser=1578392846915 HTTP/1.1" 200 28 "http://renault.2web.at/account?loadrequest=true" "Mozilla/5.0 (Windows NT 10.0; WOW64; Trident/7.0; Touch; rv:11.0) like Gecko"
212.186.92.126 - - [07/Jan/2020:11:27:29 +0100] "POST /axjaxrequest?mode=suggest HTTP/1.1" 200 765 "http://renault.activities.at/12139744" "Mozilla/5.0 (Windows NT 10.0; Win64; x64) AppleWebKit/537.36 (KHTML, like Gecko) Chrome/79.0.3945.88 Safari/537.36"
212.186.92.126 - - [07/Jan/2020:11:27:29 +0100] "GET /result?searchterm=true&search=pos3044 HTTP/1.1" 200 6505 "http://renault.activities.at/12139744" "Mozilla/5.0 (Windows NT 10.0; Win64; x64) AppleWebKit/537.36 (KHTML, like Gecko) Chrome/79.0.3945.88 Safari/537.36"
212.186.92.126 - - [07/Jan/2020:11:27:32 +0100] "GET /loadthumbnail.php?id=12150120&width=113 HTTP/1.1" 200 1538 "http://renault.activities.at/result?searchterm=true&search=pos3044" "Mozilla/5.0 (Windows NT 10.0; Win64; x64) AppleWebKit/537.36 (KHTML, like Gecko) Chrome/79.0.3945.88 Safari/537.36"
212.186.92.126 - - [07/Jan/2020:11:27:32 +0100] "GET /loadthumbnail.php?id=10203255 HTTP/1.1" 200 137 "http://renault.activities.at/result?searchterm=true&search=pos3044" "Mozilla/5.0 (Windows NT 10.0; Win64; x64) AppleWebKit/537.36 (KHTML, like Gecko) Chrome/79.0.3945.88 Safari/537.36"
212.186.92.126 - - [07/Jan/2020:11:27:30 +0100] "POST /axjaxrequest?mode=suggest HTTP/1.1" 200 112 "http://renault.activities.at/12139744" "Mozilla/5.0 (Windows NT 10.0; Win64; x64) AppleWebKit/537.36 (KHTML, like Gecko) Chrome/79.0.3945.88 Safari/537.36"
212.186.92.126 - - [07/Jan/2020:11:27:36 +0100] "POST /result?searchterm=true&search=pos3044 HTTP/1.1" 200 6693 "http://renault.activities.at/result?searchterm=true&search=pos3044" "Mozilla/5.0 (Windows NT 10.0; Win64; x64) AppleWebKit/537.36 (KHTML, like Gecko) Chrome/79.0.3945.88 Safari/537.36"
80.122.221.194 - - [07/Jan/2020:11:27:42 +0100] "GET /reload?ser=1578392862777 HTTP/1.1" 200 28 "http://renault.activities.at/success" "Mozilla/5.0 (Windows NT 10.0; Win64; x64) AppleWebKit/537.36 (KHTML, like Gecko) Chrome/70.0.3538.102 Safari/537.36 Edge/18.18363"
213.153.47.173 - - [07/Jan/2020:11:27:44 +0100] "GET /reload?ser=1578392864685 HTTP/1.1" 200 28 "http://renault.activities.at/login?required=true" "Mozilla/5.0 (Windows NT 10.0; Win64; x64; rv:71.0) Gecko/20100101 Firefox/71.0"
212.186.92.126 - - [07/Jan/2020:11:27:42 +0100] "GET /checkout HTTP/1.1" 200 20290 "http://renault.activities.at/result?searchterm=true&search=pos3044" "Mozilla/5.0 (Windows NT 10.0; Win64; x64) AppleWebKit/537.36 (KHTML, like Gecko) Chrome/79.0.3945.88 Safari/537.36"
212.186.92.126 - - [07/Jan/2020:11:27:47 +0100] "GET /loadthumbnail.php?id=10201939 HTTP/1.1" 200 201 "http://renault.activities.at/checkout" "Mozilla/5.0 (Windows NT 10.0; Win64; x64) AppleWebKit/537.36 (KHTML, like Gecko) Chrome/79.0.3945.88 Safari/537.36"
212.186.92.126 - - [07/Jan/2020:11:27:47 +0100] "GET /loadthumbnail.php?id=10202698 HTTP/1.1" 200 16686 "http://renault.activities.at/checkout" "Mozilla/5.0 (Windows NT 10.0; Win64; x64) AppleWebKit/537.36 (KHTML, like Gecko) Chrome/79.0.3945.88 Safari/537.36"
212.186.92.126 - - [07/Jan/2020:11:27:50 +0100] "POST /docheckout HTTP/1.1" 200 457 "http://renault.activities.at/checkout" "Mozilla/5.0 (Windows NT 10.0; Win64; x64) AppleWebKit/537.36 (KHTML, like Gecko) Chrome/79.0.3945.88 Safari/537.36"
80.80.251.48 - - [07/Jan/2020:11:27:54 +0100] "GET /reload?ser=1578392874004 HTTP/1.1" 200 28 "http://renault.activities.at/" "Mozilla/5.0 (Windows NT 10.0; Win64; x64) AppleWebKit/537.36 (KHTML, like Gecko) Chrome/64.0.3282.140 Safari/537.36 Edge/17.17134"
212.186.92.126 - - [07/Jan/2020:11:27:53 +0100] "POST /docheckout HTTP/1.1" 200 608 "http://renault.activities.at/checkout" "Mozilla/5.0 (Windows NT 10.0; Win64; x64) AppleWebKit/537.36 (KHTML, like Gecko) Chrome/79.0.3945.88 Safari/537.36"
212.186.92.126 - - [07/Jan/2020:11:27:58 +0100] "POST /docheckout HTTP/1.1" 200 68 "http://renault.activities.at/checkout" "Mozilla/5.0 (Windows NT 10.0; Win64; x64) AppleWebKit/537.36 (KHTML, like Gecko) Chrome/79.0.3945.88 Safari/537.36"
212.186.92.126 - - [07/Jan/2020:11:28:00 +0100] "GET /success HTTP/1.1" 200 3782 "http://renault.activities.at/checkout" "Mozilla/5.0 (Windows NT 10.0; Win64; x64) AppleWebKit/537.36 (KHTML, like Gecko) Chrome/79.0.3945.88 Safari/537.36"
212.186.92.126 - - [07/Jan/2020:11:28:04 +0100] "GET /12183423?print=true HTTP/1.1" 200 2048 "http://renault.activities.at/success" "Mozilla/5.0 (Windows NT 10.0; Win64; x64) AppleWebKit/537.36 (KHTML, like Gecko) Chrome/79.0.3945.88 Safari/537.36"
212.186.92.126 - - [07/Jan/2020:11:28:16 +0100] "GET /logout HTTP/1.1" 302 140 "http://renault.activities.at/success" "Mozilla/5.0 (Windows NT 10.0; Win64; x64) AppleWebKit/537.36 (KHTML, like Gecko) Chrome/79.0.3945.88 Safari/537.36"
212.186.92.126 - - [07/Jan/2020:11:28:17 +0100] "GET /logout HTTP/1.1" 200 1583 "http://renault.activities.at/success" "Mozilla/5.0 (Windows NT 10.0; Win64; x64) AppleWebKit/537.36 (KHTML, like Gecko) Chrome/79.0.3945.88 Safari/537.36"
80.120.5.131 - - [07/Jan/2020:11:28:26 +0100] "GET /reload?ser=1578392905994 HTTP/1.1" 200 2 "http://renault.activities.at/forgotpassword" "Mozilla/5.0 (Windows NT 10.0; Win64; x64) AppleWebKit/537.36 (KHTML, like Gecko) Chrome/79.0.3945.88 Safari/537.36"
213.153.47.173 - - [07/Jan/2020:11:28:26 +0100] "GET /reload?ser=1578392907040 HTTP/1.1" 200 28 "http://renault.activities.at/login?required=true" "Mozilla/5.0 (Windows NT 10.0; Win64; x64; rv:71.0) Gecko/20100101 Firefox/71.0"
193.194.132.30 - - [07/Jan/2020:11:28:28 +0100] "GET /reload?ser=1578392907975 HTTP/1.1" 200 28 "http://renault.2web.at/account?loadrequest=true" "Mozilla/5.0 (Windows NT 10.0; WOW64; Trident/7.0; Touch; rv:11.0) like Gecko"
80.122.221.194 - - [07/Jan/2020:11:28:43 +0100] "GET /reload?ser=1578392923780 HTTP/1.1" 200 28 "http://renault.activities.at/success" "Mozilla/5.0 (Windows NT 10.0; Win64; x64) AppleWebKit/537.36 (KHTML, like Gecko) Chrome/70.0.3538.102 Safari/537.36 Edge/18.18363"
213.153.47.173 - - [07/Jan/2020:11:28:45 +0100] "GET /reload?ser=1578392925328 HTTP/1.1" 200 28 "http://renault.activities.at/login?required=true" "Mozilla/5.0 (Windows NT 10.0; Win64; x64; rv:71.0) Gecko/20100101 Firefox/71.0"
80.80.251.48 - - [07/Jan/2020:11:28:55 +0100] "GET /reload?ser=1578392934996 HTTP/1.1" 200 28 "http://renault.activities.at/" "Mozilla/5.0 (Windows NT 10.0; Win64; x64) AppleWebKit/537.36 (KHTML, like Gecko) Chrome/64.0.3282.140 Safari/537.36 Edge/17.17134"
80.120.5.131 - - [07/Jan/2020:11:29:27 +0100] "GET /reload?ser=1578392966993 HTTP/1.1" 200 2 "http://renault.activities.at/forgotpassword" "Mozilla/5.0 (Windows NT 10.0; Win64; x64) AppleWebKit/537.36 (KHTML, like Gecko) Chrome/79.0.3945.88 Safari/537.36"
213.153.47.173 - - [07/Jan/2020:11:29:27 +0100] "GET /reload?ser=1578392967675 HTTP/1.1" 200 28 "http://renault.activities.at/login?required=true" "Mozilla/5.0 (Windows NT 10.0; Win64; x64; rv:71.0) Gecko/20100101 Firefox/71.0"
193.194.132.30 - - [07/Jan/2020:11:29:29 +0100] "GET /reload?ser=1578392968991 HTTP/1.1" 200 28 "http://renault.2web.at/account?loadrequest=true" "Mozilla/5.0 (Windows NT 10.0; WOW64; Trident/7.0; Touch; rv:11.0) like Gecko"
80.122.221.194 - - [07/Jan/2020:11:29:44 +0100] "GET /reload?ser=1578392984776 HTTP/1.1" 200 28 "http://renault.activities.at/success" "Mozilla/5.0 (Windows NT 10.0; Win64; x64) AppleWebKit/537.36 (KHTML, like Gecko) Chrome/70.0.3538.102 Safari/537.36 Edge/18.18363"
213.153.47.173 - - [07/Jan/2020:11:29:45 +0100] "GET /reload?ser=1578392985963 HTTP/1.1" 200 28 "http://renault.activities.at/login?required=true" "Mozilla/5.0 (Windows NT 10.0; Win64; x64; rv:71.0) Gecko/20100101 Firefox/71.0"
80.80.251.48 - - [07/Jan/2020:11:29:56 +0100] "GET /reload?ser=1578392996015 HTTP/1.1" 200 28 "http://renault.activities.at/" "Mozilla/5.0 (Windows NT 10.0; Win64; x64) AppleWebKit/537.36 (KHTML, like Gecko) Chrome/64.0.3282.140 Safari/537.36 Edge/17.17134"
80.120.5.131 - - [07/Jan/2020:11:30:28 +0100] "GET /reload?ser=1578393027992 HTTP/1.1" 200 2 "http://renault.activities.at/forgotpassword" "Mozilla/5.0 (Windows NT 10.0; Win64; x64) AppleWebKit/537.36 (KHTML, like Gecko) Chrome/79.0.3945.88 Safari/537.36"
213.153.47.173 - - [07/Jan/2020:11:30:28 +0100] "GET /reload?ser=1578393028310 HTTP/1.1" 200 28 "http://renault.activities.at/login?required=true" "Mozilla/5.0 (Windows NT 10.0; Win64; x64; rv:71.0) Gecko/20100101 Firefox/71.0"
193.194.132.30 - - [07/Jan/2020:11:30:31 +0100] "GET /reload?ser=1578393030838 HTTP/1.1" 200 28 "http://renault.2web.at/account?loadrequest=true" "Mozilla/5.0 (Windows NT 10.0; WOW64; Trident/7.0; Touch; rv:11.0) like Gecko"
80.122.221.194 - - [07/Jan/2020:11:30:45 +0100] "GET /reload?ser=1578393045776 HTTP/1.1" 200 28 "http://renault.activities.at/success" "Mozilla/5.0 (Windows NT 10.0; Win64; x64) AppleWebKit/537.36 (KHTML, like Gecko) Chrome/70.0.3538.102 Safari/537.36 Edge/18.18363"
213.153.47.173 - - [07/Jan/2020:11:30:46 +0100] "GET /reload?ser=1578393046619 HTTP/1.1" 200 28 "http://renault.activities.at/login?required=true" "Mozilla/5.0 (Windows NT 10.0; Win64; x64; rv:71.0) Gecko/20100101 Firefox/71.0"
80.80.251.48 - - [07/Jan/2020:11:30:57 +0100] "GET /reload?ser=1578393057011 HTTP/1.1" 200 28 "http://renault.activities.at/" "Mozilla/5.0 (Windows NT 10.0; Win64; x64) AppleWebKit/537.36 (KHTML, like Gecko) Chrome/64.0.3282.140 Safari/537.36 Edge/17.17134"
213.153.47.173 - - [07/Jan/2020:11:31:28 +0100] "GET /reload?ser=1578393088951 HTTP/1.1" 200 28 "http://renault.activities.at/login?required=true" "Mozilla/5.0 (Windows NT 10.0; Win64; x64; rv:71.0) Gecko/20100101 Firefox/71.0"
80.120.5.131 - - [07/Jan/2020:11:31:29 +0100] "GET /reload?ser=1578393089003 HTTP/1.1" 200 2 "http://renault.activities.at/forgotpassword" "Mozilla/5.0 (Windows NT 10.0; Win64; x64) AppleWebKit/537.36 (KHTML, like Gecko) Chrome/79.0.3945.88 Safari/537.36"
193.194.132.30 - - [07/Jan/2020:11:31:32 +0100] "GET /reload?ser=1578393091879 HTTP/1.1" 200 28 "http://renault.2web.at/account?loadrequest=true" "Mozilla/5.0 (Windows NT 10.0; WOW64; Trident/7.0; Touch; rv:11.0) like Gecko"
80.122.221.194 - - [07/Jan/2020:11:31:46 +0100] "GET /reload?ser=1578393106777 HTTP/1.1" 200 28 "http://renault.activities.at/success" "Mozilla/5.0 (Windows NT 10.0; Win64; x64) AppleWebKit/537.36 (KHTML, like Gecko) Chrome/70.0.3538.102 Safari/537.36 Edge/18.18363"
213.153.47.173 - - [07/Jan/2020:11:31:47 +0100] "GET /reload?ser=1578393107505 HTTP/1.1" 200 28 "http://renault.activities.at/login?required=true" "Mozilla/5.0 (Windows NT 10.0; Win64; x64; rv:71.0) Gecko/20100101 Firefox/71.0"
80.80.251.48 - - [07/Jan/2020:11:31:58 +0100] "GET /reload?ser=1578393118007 HTTP/1.1" 200 28 "http://renault.activities.at/" "Mozilla/5.0 (Windows NT 10.0; Win64; x64) AppleWebKit/537.36 (KHTML, like Gecko) Chrome/64.0.3282.140 Safari/537.36 Edge/17.17134"
213.153.47.173 - - [07/Jan/2020:11:32:29 +0100] "GET /reload?ser=1578393149591 HTTP/1.1" 200 28 "http://renault.activities.at/login?required=true" "Mozilla/5.0 (Windows NT 10.0; Win64; x64; rv:71.0) Gecko/20100101 Firefox/71.0"
80.120.5.131 - - [07/Jan/2020:11:32:30 +0100] "GET /reload?ser=1578393150003 HTTP/1.1" 200 2 "http://renault.activities.at/forgotpassword" "Mozilla/5.0 (Windows NT 10.0; Win64; x64) AppleWebKit/537.36 (KHTML, like Gecko) Chrome/79.0.3945.88 Safari/537.36"
193.194.132.30 - - [07/Jan/2020:11:32:33 +0100] "GET /reload?ser=1578393152927 HTTP/1.1" 200 28 "http://renault.2web.at/account?loadrequest=true" "Mozilla/5.0 (Windows NT 10.0; WOW64; Trident/7.0; Touch; rv:11.0) like Gecko"
80.122.221.194 - - [07/Jan/2020:11:32:47 +0100] "GET /reload?ser=1578393167781 HTTP/1.1" 200 28 "http://renault.activities.at/success" "Mozilla/5.0 (Windows NT 10.0; Win64; x64) AppleWebKit/537.36 (KHTML, like Gecko) Chrome/70.0.3538.102 Safari/537.36 Edge/18.18363"
213.153.47.173 - - [07/Jan/2020:11:32:48 +0100] "GET /reload?ser=1578393168151 HTTP/1.1" 200 28 "http://renault.activities.at/login?required=true" "Mozilla/5.0 (Windows NT 10.0; Win64; x64; rv:71.0) Gecko/20100101 Firefox/71.0"
80.80.251.48 - - [07/Jan/2020:11:32:59 +0100] "GET /reload?ser=1578393179003 HTTP/1.1" 200 28 "http://renault.activities.at/" "Mozilla/5.0 (Windows NT 10.0; Win64; x64) AppleWebKit/537.36 (KHTML, like Gecko) Chrome/64.0.3282.140 Safari/537.36 Edge/17.17134"
213.153.47.173 - - [07/Jan/2020:11:33:30 +0100] "GET /reload?ser=1578393210237 HTTP/1.1" 200 28 "http://renault.activities.at/login?required=true" "Mozilla/5.0 (Windows NT 10.0; Win64; x64; rv:71.0) Gecko/20100101 Firefox/71.0"
80.120.5.131 - - [07/Jan/2020:11:33:31 +0100] "GET /reload?ser=1578393211006 HTTP/1.1" 200 2 "http://renault.activities.at/forgotpassword" "Mozilla/5.0 (Windows NT 10.0; Win64; x64) AppleWebKit/537.36 (KHTML, like Gecko) Chrome/79.0.3945.88 Safari/537.36"
193.194.132.30 - - [07/Jan/2020:11:33:35 +0100] "GET /reload?ser=1578393215756 HTTP/1.1" 200 28 "http://renault.2web.at/account?loadrequest=true" "Mozilla/5.0 (Windows NT 10.0; WOW64; Trident/7.0; Touch; rv:11.0) like Gecko"
213.153.47.173 - - [07/Jan/2020:11:33:48 +0100] "GET /reload?ser=1578393228795 HTTP/1.1" 200 28 "http://renault.activities.at/login?required=true" "Mozilla/5.0 (Windows NT 10.0; Win64; x64; rv:71.0) Gecko/20100101 Firefox/71.0"
80.122.221.194 - - [07/Jan/2020:11:33:48 +0100] "GET /reload?ser=1578393228770 HTTP/1.1" 200 28 "http://renault.activities.at/success" "Mozilla/5.0 (Windows NT 10.0; Win64; x64) AppleWebKit/537.36 (KHTML, like Gecko) Chrome/70.0.3538.102 Safari/537.36 Edge/18.18363"
80.80.251.48 - - [07/Jan/2020:11:34:00 +0100] "GET /reload?ser=1578393240006 HTTP/1.1" 200 28 "http://renault.activities.at/" "Mozilla/5.0 (Windows NT 10.0; Win64; x64) AppleWebKit/537.36 (KHTML, like Gecko) Chrome/64.0.3282.140 Safari/537.36 Edge/17.17134"
213.153.47.173 - - [07/Jan/2020:11:34:30 +0100] "GET /reload?ser=1578393270882 HTTP/1.1" 200 28 "http://renault.activities.at/login?required=true" "Mozilla/5.0 (Windows NT 10.0; Win64; x64; rv:71.0) Gecko/20100101 Firefox/71.0"
80.120.5.131 - - [07/Jan/2020:11:34:32 +0100] "GET /reload?ser=1578393271992 HTTP/1.1" 200 2 "http://renault.activities.at/forgotpassword" "Mozilla/5.0 (Windows NT 10.0; Win64; x64) AppleWebKit/537.36 (KHTML, like Gecko) Chrome/79.0.3945.88 Safari/537.36"
193.194.132.30 - - [07/Jan/2020:11:34:36 +0100] "GET /reload?ser=1578393276787 HTTP/1.1" 200 28 "http://renault.2web.at/account?loadrequest=true" "Mozilla/5.0 (Windows NT 10.0; WOW64; Trident/7.0; Touch; rv:11.0) like Gecko"
213.153.47.173 - - [07/Jan/2020:11:34:49 +0100] "GET /reload?ser=1578393289451 HTTP/1.1" 200 28 "http://renault.activities.at/login?required=true" "Mozilla/5.0 (Windows NT 10.0; Win64; x64; rv:71.0) Gecko/20100101 Firefox/71.0"
80.122.221.194 - - [07/Jan/2020:11:34:49 +0100] "GET /reload?ser=1578393289771 HTTP/1.1" 200 28 "http://renault.activities.at/success" "Mozilla/5.0 (Windows NT 10.0; Win64; x64) AppleWebKit/537.36 (KHTML, like Gecko) Chrome/70.0.3538.102 Safari/537.36 Edge/18.18363"
80.80.251.48 - - [07/Jan/2020:11:35:01 +0100] "GET /reload?ser=1578393301007 HTTP/1.1" 200 28 "http://renault.activities.at/" "Mozilla/5.0 (Windows NT 10.0; Win64; x64) AppleWebKit/537.36 (KHTML, like Gecko) Chrome/64.0.3282.140 Safari/537.36 Edge/17.17134"
213.153.47.173 - - [07/Jan/2020:11:35:31 +0100] "GET /reload?ser=1578393331530 HTTP/1.1" 200 28 "http://renault.activities.at/login?required=true" "Mozilla/5.0 (Windows NT 10.0; Win64; x64; rv:71.0) Gecko/20100101 Firefox/71.0"
80.120.5.131 - - [07/Jan/2020:11:35:33 +0100] "GET /reload?ser=1578393333001 HTTP/1.1" 200 2 "http://renault.activities.at/forgotpassword" "Mozilla/5.0 (Windows NT 10.0; Win64; x64) AppleWebKit/537.36 (KHTML, like Gecko) Chrome/79.0.3945.88 Safari/537.36"
193.194.132.30 - - [07/Jan/2020:11:35:38 +0100] "GET /reload?ser=1578393337845 HTTP/1.1" 200 28 "http://renault.2web.at/account?loadrequest=true" "Mozilla/5.0 (Windows NT 10.0; WOW64; Trident/7.0; Touch; rv:11.0) like Gecko"
213.153.47.173 - - [07/Jan/2020:11:35:50 +0100] "GET /reload?ser=1578393350097 HTTP/1.1" 200 28 "http://renault.activities.at/login?required=true" "Mozilla/5.0 (Windows NT 10.0; Win64; x64; rv:71.0) Gecko/20100101 Firefox/71.0"
80.122.221.194 - - [07/Jan/2020:11:35:50 +0100] "GET /reload?ser=1578393350764 HTTP/1.1" 200 28 "http://renault.activities.at/success" "Mozilla/5.0 (Windows NT 10.0; Win64; x64) AppleWebKit/537.36 (KHTML, like Gecko) Chrome/70.0.3538.102 Safari/537.36 Edge/18.18363"
80.80.251.48 - - [07/Jan/2020:11:36:02 +0100] "GET /reload?ser=1578393362005 HTTP/1.1" 200 28 "http://renault.activities.at/" "Mozilla/5.0 (Windows NT 10.0; Win64; x64) AppleWebKit/537.36 (KHTML, like Gecko) Chrome/64.0.3282.140 Safari/537.36 Edge/17.17134"
213.153.47.173 - - [07/Jan/2020:11:36:32 +0100] "GET /reload?ser=1578393392186 HTTP/1.1" 200 28 "http://renault.activities.at/login?required=true" "Mozilla/5.0 (Windows NT 10.0; Win64; x64; rv:71.0) Gecko/20100101 Firefox/71.0"
80.120.5.131 - - [07/Jan/2020:11:36:34 +0100] "GET /reload?ser=1578393394006 HTTP/1.1" 200 2 "http://renault.activities.at/forgotpassword" "Mozilla/5.0 (Windows NT 10.0; Win64; x64) AppleWebKit/537.36 (KHTML, like Gecko) Chrome/79.0.3945.88 Safari/537.36"
193.194.132.30 - - [07/Jan/2020:11:36:39 +0100] "GET /reload?ser=1578393399702 HTTP/1.1" 200 28 "http://renault.2web.at/account?loadrequest=true" "Mozilla/5.0 (Windows NT 10.0; WOW64; Trident/7.0; Touch; rv:11.0) like Gecko"
213.153.47.173 - - [07/Jan/2020:11:36:50 +0100] "GET /reload?ser=1578393410766 HTTP/1.1" 200 28 "http://renault.activities.at/login?required=true" "Mozilla/5.0 (Windows NT 10.0; Win64; x64; rv:71.0) Gecko/20100101 Firefox/71.0"
80.122.221.194 - - [07/Jan/2020:11:36:51 +0100] "GET /reload?ser=1578393411764 HTTP/1.1" 200 28 "http://renault.activities.at/success" "Mozilla/5.0 (Windows NT 10.0; Win64; x64) AppleWebKit/537.36 (KHTML, like Gecko) Chrome/70.0.3538.102 Safari/537.36 Edge/18.18363"
80.80.251.48 - - [07/Jan/2020:11:37:03 +0100] "GET /reload?ser=1578393423002 HTTP/1.1" 200 28 "http://renault.activities.at/" "Mozilla/5.0 (Windows NT 10.0; Win64; x64) AppleWebKit/537.36 (KHTML, like Gecko) Chrome/64.0.3282.140 Safari/537.36 Edge/17.17134"
213.153.47.173 - - [07/Jan/2020:11:37:32 +0100] "GET /reload?ser=1578393452842 HTTP/1.1" 200 28 "http://renault.activities.at/login?required=true" "Mozilla/5.0 (Windows NT 10.0; Win64; x64; rv:71.0) Gecko/20100101 Firefox/71.0"
80.120.5.131 - - [07/Jan/2020:11:37:35 +0100] "GET /reload?ser=1578393455004 HTTP/1.1" 200 2 "http://renault.activities.at/forgotpassword" "Mozilla/5.0 (Windows NT 10.0; Win64; x64) AppleWebKit/537.36 (KHTML, like Gecko) Chrome/79.0.3945.88 Safari/537.36"
193.194.132.30 - - [07/Jan/2020:11:37:40 +0100] "GET /reload?ser=1578393460728 HTTP/1.1" 200 28 "http://renault.2web.at/account?loadrequest=true" "Mozilla/5.0 (Windows NT 10.0; WOW64; Trident/7.0; Touch; rv:11.0) like Gecko"
213.153.47.173 - - [07/Jan/2020:11:37:51 +0100] "GET /reload?ser=1578393471411 HTTP/1.1" 200 28 "http://renault.activities.at/login?required=true" "Mozilla/5.0 (Windows NT 10.0; Win64; x64; rv:71.0) Gecko/20100101 Firefox/71.0"
80.122.221.194 - - [07/Jan/2020:11:37:52 +0100] "GET /reload?ser=1578393472767 HTTP/1.1" 200 28 "http://renault.activities.at/success" "Mozilla/5.0 (Windows NT 10.0; Win64; x64) AppleWebKit/537.36 (KHTML, like Gecko) Chrome/70.0.3538.102 Safari/537.36 Edge/18.18363"
80.80.251.48 - - [07/Jan/2020:11:38:04 +0100] "GET /reload?ser=1578393484007 HTTP/1.1" 200 28 "http://renault.activities.at/" "Mozilla/5.0 (Windows NT 10.0; Win64; x64) AppleWebKit/537.36 (KHTML, like Gecko) Chrome/64.0.3282.140 Safari/537.36 Edge/17.17134"
213.153.47.173 - - [07/Jan/2020:11:38:33 +0100] "GET /reload?ser=1578393513489 HTTP/1.1" 200 28 "http://renault.activities.at/login?required=true" "Mozilla/5.0 (Windows NT 10.0; Win64; x64; rv:71.0) Gecko/20100101 Firefox/71.0"
80.120.5.131 - - [07/Jan/2020:11:38:36 +0100] "GET /reload?ser=1578393516006 HTTP/1.1" 200 2 "http://renault.activities.at/forgotpassword" "Mozilla/5.0 (Windows NT 10.0; Win64; x64) AppleWebKit/537.36 (KHTML, like Gecko) Chrome/79.0.3945.88 Safari/537.36"
193.194.132.30 - - [07/Jan/2020:11:38:41 +0100] "GET /reload?ser=1578393521787 HTTP/1.1" 200 28 "http://renault.2web.at/account?loadrequest=true" "Mozilla/5.0 (Windows NT 10.0; WOW64; Trident/7.0; Touch; rv:11.0) like Gecko"
213.153.47.173 - - [07/Jan/2020:11:38:52 +0100] "GET /reload?ser=1578393532066 HTTP/1.1" 200 28 "http://renault.activities.at/login?required=true" "Mozilla/5.0 (Windows NT 10.0; Win64; x64; rv:71.0) Gecko/20100101 Firefox/71.0"
80.122.221.194 - - [07/Jan/2020:11:38:53 +0100] "GET /reload?ser=1578393533777 HTTP/1.1" 200 28 "http://renault.activities.at/success" "Mozilla/5.0 (Windows NT 10.0; Win64; x64) AppleWebKit/537.36 (KHTML, like Gecko) Chrome/70.0.3538.102 Safari/537.36 Edge/18.18363"
80.80.251.48 - - [07/Jan/2020:11:39:05 +0100] "GET /reload?ser=1578393545010 HTTP/1.1" 200 28 "http://renault.activities.at/" "Mozilla/5.0 (Windows NT 10.0; Win64; x64) AppleWebKit/537.36 (KHTML, like Gecko) Chrome/64.0.3282.140 Safari/537.36 Edge/17.17134"
213.153.47.173 - - [07/Jan/2020:11:39:34 +0100] "GET /reload?ser=1578393574132 HTTP/1.1" 200 28 "http://renault.activities.at/login?required=true" "Mozilla/5.0 (Windows NT 10.0; Win64; x64; rv:71.0) Gecko/20100101 Firefox/71.0"
80.120.5.131 - - [07/Jan/2020:11:39:37 +0100] "GET /reload?ser=1578393576992 HTTP/1.1" 200 2 "http://renault.activities.at/forgotpassword" "Mozilla/5.0 (Windows NT 10.0; Win64; x64) AppleWebKit/537.36 (KHTML, like Gecko) Chrome/79.0.3945.88 Safari/537.36"
193.194.132.30 - - [07/Jan/2020:11:39:43 +0100] "GET /reload?ser=1578393583508 HTTP/1.1" 200 28 "http://renault.2web.at/account?loadrequest=true" "Mozilla/5.0 (Windows NT 10.0; WOW64; Trident/7.0; Touch; rv:11.0) like Gecko"
213.153.47.173 - - [07/Jan/2020:11:39:52 +0100] "GET /reload?ser=1578393592766 HTTP/1.1" 200 28 "http://renault.activities.at/login?required=true" "Mozilla/5.0 (Windows NT 10.0; Win64; x64; rv:71.0) Gecko/20100101 Firefox/71.0"
80.122.221.194 - - [07/Jan/2020:11:39:54 +0100] "GET /reload?ser=1578393594764 HTTP/1.1" 200 28 "http://renault.activities.at/success" "Mozilla/5.0 (Windows NT 10.0; Win64; x64) AppleWebKit/537.36 (KHTML, like Gecko) Chrome/70.0.3538.102 Safari/537.36 Edge/18.18363"
80.80.251.48 - - [07/Jan/2020:11:40:06 +0100] "GET /reload?ser=1578393606009 HTTP/1.1" 200 28 "http://renault.activities.at/" "Mozilla/5.0 (Windows NT 10.0; Win64; x64) AppleWebKit/537.36 (KHTML, like Gecko) Chrome/64.0.3282.140 Safari/537.36 Edge/17.17134"
213.153.47.173 - - [07/Jan/2020:11:40:34 +0100] "GET /reload?ser=1578393634775 HTTP/1.1" 200 28 "http://renault.activities.at/login?required=true" "Mozilla/5.0 (Windows NT 10.0; Win64; x64; rv:71.0) Gecko/20100101 Firefox/71.0"
80.120.5.131 - - [07/Jan/2020:11:40:38 +0100] "GET /reload?ser=1578393637997 HTTP/1.1" 200 2 "http://renault.activities.at/forgotpassword" "Mozilla/5.0 (Windows NT 10.0; Win64; x64) AppleWebKit/537.36 (KHTML, like Gecko) Chrome/79.0.3945.88 Safari/537.36"
193.194.132.30 - - [07/Jan/2020:11:40:44 +0100] "GET /reload?ser=1578393644525 HTTP/1.1" 200 28 "http://renault.2web.at/account?loadrequest=true" "Mozilla/5.0 (Windows NT 10.0; WOW64; Trident/7.0; Touch; rv:11.0) like Gecko"
213.153.47.173 - - [07/Jan/2020:11:40:53 +0100] "GET /reload?ser=1578393653433 HTTP/1.1" 200 28 "http://renault.activities.at/login?required=true" "Mozilla/5.0 (Windows NT 10.0; Win64; x64; rv:71.0) Gecko/20100101 Firefox/71.0"
80.122.221.194 - - [07/Jan/2020:11:40:55 +0100] "GET /reload?ser=1578393655769 HTTP/1.1" 200 28 "http://renault.activities.at/success" "Mozilla/5.0 (Windows NT 10.0; Win64; x64) AppleWebKit/537.36 (KHTML, like Gecko) Chrome/70.0.3538.102 Safari/537.36 Edge/18.18363"
80.80.251.48 - - [07/Jan/2020:11:41:07 +0100] "GET /reload?ser=1578393667004 HTTP/1.1" 200 28 "http://renault.activities.at/" "Mozilla/5.0 (Windows NT 10.0; Win64; x64) AppleWebKit/537.36 (KHTML, like Gecko) Chrome/64.0.3282.140 Safari/537.36 Edge/17.17134"
89.144.196.201 - - [07/Jan/2020:11:41:12 +0100] "GET / HTTP/1.1" 200 3380 "-" "Mozilla/5.0 (Windows NT 6.1; Win64; x64) AppleWebKit/537.36 (KHTML, like Gecko) Chrome/79.0.3945.88 Safari/537.36"
89.144.196.201 - - [07/Jan/2020:11:41:14 +0100] "GET /js/default.js HTTP/1.1" 200 14698 "http://renault.activities.at/" "Mozilla/5.0 (Windows NT 6.1; Win64; x64) AppleWebKit/537.36 (KHTML, like Gecko) Chrome/79.0.3945.88 Safari/537.36"
89.144.196.201 - - [07/Jan/2020:11:41:14 +0100] "GET /js/checkout.css HTTP/1.1" 200 359 "http://renault.activities.at/" "Mozilla/5.0 (Windows NT 6.1; Win64; x64) AppleWebKit/537.36 (KHTML, like Gecko) Chrome/79.0.3945.88 Safari/537.36"
89.144.196.201 - - [07/Jan/2020:11:41:14 +0100] "GET /css/reset.css HTTP/1.1" 200 1356 "http://renault.activities.at/" "Mozilla/5.0 (Windows NT 6.1; Win64; x64) AppleWebKit/537.36 (KHTML, like Gecko) Chrome/79.0.3945.88 Safari/537.36"
89.144.196.201 - - [07/Jan/2020:11:41:14 +0100] "GET /css/clears.css HTTP/1.1" 200 851 "http://renault.activities.at/" "Mozilla/5.0 (Windows NT 6.1; Win64; x64) AppleWebKit/537.36 (KHTML, like Gecko) Chrome/79.0.3945.88 Safari/537.36"
