80.122.221.194 - - [07/Jan/2020:15:07:19 +0100] "GET /reload?ser=1578406039739 HTTP/1.1" 200 28 "http://renault.activities.at/success" "Mozilla/5.0 (Windows NT 10.0; Win64; x64) AppleWebKit/537.36 (KHTML, like Gecko) Chrome/70.0.3538.102 Safari/537.36 Edge/18.18363"
80.80.251.48 - - [07/Jan/2020:15:07:32 +0100] "GET /reload?ser=1578406051864 HTTP/1.1" 200 28 "http://renault.activities.at/" "Mozilla/5.0 (Windows NT 10.0; Win64; x64) AppleWebKit/537.36 (KHTML, like Gecko) Chrome/64.0.3282.140 Safari/537.36 Edge/17.17134"
82.135.5.126 - - [07/Jan/2020:15:07:37 +0100] "GET /reload?ser=1578406057678 HTTP/1.1" 200 28 "http://renault.activities.at/result?searchterm=true&search=trafic" "Mozilla/5.0 (Windows NT 10.0; WOW64; Trident/7.0; rv:11.0) like Gecko"
82.135.5.126 - - [07/Jan/2020:15:07:47 +0100] "GET /reload?ser=1578406067617 HTTP/1.1" 200 28 "http://renault.activities.at/" "Mozilla/5.0 (Windows NT 10.0; WOW64; Trident/7.0; rv:11.0) like Gecko"
213.153.47.173 - - [07/Jan/2020:15:07:48 +0100] "GET /reload?ser=1578406068263 HTTP/1.1" 200 28 "http://renault.activities.at/login?required=true" "Mozilla/5.0 (Windows NT 10.0; Win64; x64; rv:71.0) Gecko/20100101 Firefox/71.0"
80.80.251.48 - - [07/Jan/2020:15:07:56 +0100] "GET /reload?ser=1578406075657 HTTP/1.1" 200 28 "http://renault.activities.at/forgotpassword" "Mozilla/5.0 (Windows NT 10.0; Win64; x64) AppleWebKit/537.36 (KHTML, like Gecko) Chrome/64.0.3282.140 Safari/537.36 Edge/17.17134"
213.153.47.173 - - [07/Jan/2020:15:08:07 +0100] "GET /reload?ser=1578406087264 HTTP/1.1" 200 28 "http://renault.activities.at/login?required=true" "Mozilla/5.0 (Windows NT 10.0; Win64; x64; rv:71.0) Gecko/20100101 Firefox/71.0"
82.135.5.126 - - [07/Jan/2020:15:08:12 +0100] "GET /reload?ser=1578406092570 HTTP/1.1" 200 28 "http://renault.activities.at/result?searchterm=true&search=fahne" "Mozilla/5.0 (Windows NT 10.0; WOW64; Trident/7.0; rv:11.0) like Gecko"
80.122.221.194 - - [07/Jan/2020:15:08:20 +0100] "GET /reload?ser=1578406100746 HTTP/1.1" 200 28 "http://renault.activities.at/success" "Mozilla/5.0 (Windows NT 10.0; Win64; x64) AppleWebKit/537.36 (KHTML, like Gecko) Chrome/70.0.3538.102 Safari/537.36 Edge/18.18363"
80.80.251.48 - - [07/Jan/2020:15:08:33 +0100] "GET /reload?ser=1578406112498 HTTP/1.1" 200 28 "http://renault.activities.at/" "Mozilla/5.0 (Windows NT 10.0; Win64; x64) AppleWebKit/537.36 (KHTML, like Gecko) Chrome/64.0.3282.140 Safari/537.36 Edge/17.17134"
82.135.5.126 - - [07/Jan/2020:15:08:38 +0100] "GET /reload?ser=1578406118711 HTTP/1.1" 200 28 "http://renault.activities.at/result?searchterm=true&search=trafic" "Mozilla/5.0 (Windows NT 10.0; WOW64; Trident/7.0; rv:11.0) like Gecko"
82.135.5.126 - - [07/Jan/2020:15:08:48 +0100] "GET /reload?ser=1578406128320 HTTP/1.1" 200 28 "http://renault.activities.at/" "Mozilla/5.0 (Windows NT 10.0; WOW64; Trident/7.0; rv:11.0) like Gecko"
213.153.47.173 - - [07/Jan/2020:15:08:48 +0100] "GET /reload?ser=1578406128912 HTTP/1.1" 200 28 "http://renault.activities.at/login?required=true" "Mozilla/5.0 (Windows NT 10.0; Win64; x64; rv:71.0) Gecko/20100101 Firefox/71.0"
80.80.251.48 - - [07/Jan/2020:15:08:57 +0100] "GET /reload?ser=1578406136661 HTTP/1.1" 200 28 "http://renault.activities.at/forgotpassword" "Mozilla/5.0 (Windows NT 10.0; Win64; x64) AppleWebKit/537.36 (KHTML, like Gecko) Chrome/64.0.3282.140 Safari/537.36 Edge/17.17134"
213.153.47.173 - - [07/Jan/2020:15:09:07 +0100] "GET /reload?ser=1578406147921 HTTP/1.1" 200 28 "http://renault.activities.at/login?required=true" "Mozilla/5.0 (Windows NT 10.0; Win64; x64; rv:71.0) Gecko/20100101 Firefox/71.0"
82.135.5.126 - - [07/Jan/2020:15:09:13 +0100] "GET /reload?ser=1578406153573 HTTP/1.1" 200 28 "http://renault.activities.at/result?searchterm=true&search=fahne" "Mozilla/5.0 (Windows NT 10.0; WOW64; Trident/7.0; rv:11.0) like Gecko"
80.122.221.194 - - [07/Jan/2020:15:09:21 +0100] "GET /reload?ser=1578406161746 HTTP/1.1" 200 28 "http://renault.activities.at/success" "Mozilla/5.0 (Windows NT 10.0; Win64; x64) AppleWebKit/537.36 (KHTML, like Gecko) Chrome/70.0.3538.102 Safari/537.36 Edge/18.18363"
80.80.251.48 - - [07/Jan/2020:15:09:33 +0100] "GET /reload?ser=1578406173129 HTTP/1.1" 200 28 "http://renault.activities.at/" "Mozilla/5.0 (Windows NT 10.0; Win64; x64) AppleWebKit/537.36 (KHTML, like Gecko) Chrome/64.0.3282.140 Safari/537.36 Edge/17.17134"
82.135.5.126 - - [07/Jan/2020:15:09:39 +0100] "GET /reload?ser=1578406179720 HTTP/1.1" 200 28 "http://renault.activities.at/result?searchterm=true&search=trafic" "Mozilla/5.0 (Windows NT 10.0; WOW64; Trident/7.0; rv:11.0) like Gecko"
82.135.5.126 - - [07/Jan/2020:15:09:49 +0100] "GET /reload?ser=1578406189361 HTTP/1.1" 200 28 "http://renault.activities.at/" "Mozilla/5.0 (Windows NT 10.0; WOW64; Trident/7.0; rv:11.0) like Gecko"
213.153.47.173 - - [07/Jan/2020:15:09:49 +0100] "GET /reload?ser=1578406189569 HTTP/1.1" 200 28 "http://renault.activities.at/login?required=true" "Mozilla/5.0 (Windows NT 10.0; Win64; x64; rv:71.0) Gecko/20100101 Firefox/71.0"
80.80.251.48 - - [07/Jan/2020:15:09:58 +0100] "GET /reload?ser=1578406197650 HTTP/1.1" 200 28 "http://renault.activities.at/forgotpassword" "Mozilla/5.0 (Windows NT 10.0; Win64; x64) AppleWebKit/537.36 (KHTML, like Gecko) Chrome/64.0.3282.140 Safari/537.36 Edge/17.17134"
213.153.47.173 - - [07/Jan/2020:15:10:08 +0100] "GET /reload?ser=1578406208574 HTTP/1.1" 200 28 "http://renault.activities.at/login?required=true" "Mozilla/5.0 (Windows NT 10.0; Win64; x64; rv:71.0) Gecko/20100101 Firefox/71.0"
82.135.5.126 - - [07/Jan/2020:15:10:14 +0100] "GET /reload?ser=1578406214543 HTTP/1.1" 200 28 "http://renault.activities.at/result?searchterm=true&search=fahne" "Mozilla/5.0 (Windows NT 10.0; WOW64; Trident/7.0; rv:11.0) like Gecko"
80.122.221.194 - - [07/Jan/2020:15:10:22 +0100] "GET /reload?ser=1578406222743 HTTP/1.1" 200 28 "http://renault.activities.at/success" "Mozilla/5.0 (Windows NT 10.0; Win64; x64) AppleWebKit/537.36 (KHTML, like Gecko) Chrome/70.0.3538.102 Safari/537.36 Edge/18.18363"
80.80.251.48 - - [07/Jan/2020:15:10:34 +0100] "GET /reload?ser=1578406233775 HTTP/1.1" 200 28 "http://renault.activities.at/" "Mozilla/5.0 (Windows NT 10.0; Win64; x64) AppleWebKit/537.36 (KHTML, like Gecko) Chrome/64.0.3282.140 Safari/537.36 Edge/17.17134"
82.135.5.126 - - [07/Jan/2020:15:10:40 +0100] "GET /reload?ser=1578406240769 HTTP/1.1" 200 28 "http://renault.activities.at/result?searchterm=true&search=trafic" "Mozilla/5.0 (Windows NT 10.0; WOW64; Trident/7.0; rv:11.0) like Gecko"
213.153.47.173 - - [07/Jan/2020:15:10:50 +0100] "GET /reload?ser=1578406250211 HTTP/1.1" 200 28 "http://renault.activities.at/login?required=true" "Mozilla/5.0 (Windows NT 10.0; Win64; x64; rv:71.0) Gecko/20100101 Firefox/71.0"
82.135.5.126 - - [07/Jan/2020:15:10:50 +0100] "GET /reload?ser=1578406250042 HTTP/1.1" 200 28 "http://renault.activities.at/" "Mozilla/5.0 (Windows NT 10.0; WOW64; Trident/7.0; rv:11.0) like Gecko"
80.80.251.48 - - [07/Jan/2020:15:10:59 +0100] "GET /reload?ser=1578406258665 HTTP/1.1" 200 28 "http://renault.activities.at/forgotpassword" "Mozilla/5.0 (Windows NT 10.0; Win64; x64) AppleWebKit/537.36 (KHTML, like Gecko) Chrome/64.0.3282.140 Safari/537.36 Edge/17.17134"
213.153.47.173 - - [07/Jan/2020:15:11:09 +0100] "GET /reload?ser=1578406269220 HTTP/1.1" 200 28 "http://renault.activities.at/login?required=true" "Mozilla/5.0 (Windows NT 10.0; Win64; x64; rv:71.0) Gecko/20100101 Firefox/71.0"
82.135.5.126 - - [07/Jan/2020:15:11:15 +0100] "GET /reload?ser=1578406275594 HTTP/1.1" 200 28 "http://renault.activities.at/result?searchterm=true&search=fahne" "Mozilla/5.0 (Windows NT 10.0; WOW64; Trident/7.0; rv:11.0) like Gecko"
80.122.221.194 - - [07/Jan/2020:15:11:23 +0100] "GET /reload?ser=1578406283737 HTTP/1.1" 200 28 "http://renault.activities.at/success" "Mozilla/5.0 (Windows NT 10.0; Win64; x64) AppleWebKit/537.36 (KHTML, like Gecko) Chrome/70.0.3538.102 Safari/537.36 Edge/18.18363"
80.80.251.48 - - [07/Jan/2020:15:11:35 +0100] "GET /reload?ser=1578406294428 HTTP/1.1" 200 28 "http://renault.activities.at/" "Mozilla/5.0 (Windows NT 10.0; Win64; x64) AppleWebKit/537.36 (KHTML, like Gecko) Chrome/64.0.3282.140 Safari/537.36 Edge/17.17134"
82.135.5.126 - - [07/Jan/2020:15:11:41 +0100] "GET /reload?ser=1578406301763 HTTP/1.1" 200 28 "http://renault.activities.at/result?searchterm=true&search=trafic" "Mozilla/5.0 (Windows NT 10.0; WOW64; Trident/7.0; rv:11.0) like Gecko"
213.153.47.173 - - [07/Jan/2020:15:11:50 +0100] "GET /reload?ser=1578406310859 HTTP/1.1" 200 28 "http://renault.activities.at/login?required=true" "Mozilla/5.0 (Windows NT 10.0; Win64; x64; rv:71.0) Gecko/20100101 Firefox/71.0"
82.135.5.126 - - [07/Jan/2020:15:11:50 +0100] "GET /reload?ser=1578406310812 HTTP/1.1" 200 28 "http://renault.activities.at/" "Mozilla/5.0 (Windows NT 10.0; WOW64; Trident/7.0; rv:11.0) like Gecko"
80.80.251.48 - - [07/Jan/2020:15:12:00 +0100] "GET /reload?ser=1578406319662 HTTP/1.1" 200 28 "http://renault.activities.at/forgotpassword" "Mozilla/5.0 (Windows NT 10.0; Win64; x64) AppleWebKit/537.36 (KHTML, like Gecko) Chrome/64.0.3282.140 Safari/537.36 Edge/17.17134"
213.153.47.173 - - [07/Jan/2020:15:12:09 +0100] "GET /reload?ser=1578406329857 HTTP/1.1" 200 28 "http://renault.activities.at/login?required=true" "Mozilla/5.0 (Windows NT 10.0; Win64; x64; rv:71.0) Gecko/20100101 Firefox/71.0"
82.135.5.126 - - [07/Jan/2020:15:12:16 +0100] "GET /reload?ser=1578406336613 HTTP/1.1" 200 28 "http://renault.activities.at/result?searchterm=true&search=fahne" "Mozilla/5.0 (Windows NT 10.0; WOW64; Trident/7.0; rv:11.0) like Gecko"
80.122.221.194 - - [07/Jan/2020:15:12:24 +0100] "GET /reload?ser=1578406344742 HTTP/1.1" 200 28 "http://renault.activities.at/success" "Mozilla/5.0 (Windows NT 10.0; Win64; x64) AppleWebKit/537.36 (KHTML, like Gecko) Chrome/70.0.3538.102 Safari/537.36 Edge/18.18363"
80.80.251.48 - - [07/Jan/2020:15:12:35 +0100] "GET /reload?ser=1578406355079 HTTP/1.1" 200 28 "http://renault.activities.at/" "Mozilla/5.0 (Windows NT 10.0; Win64; x64) AppleWebKit/537.36 (KHTML, like Gecko) Chrome/64.0.3282.140 Safari/537.36 Edge/17.17134"
82.135.5.126 - - [07/Jan/2020:15:12:42 +0100] "GET /reload?ser=1578406362736 HTTP/1.1" 200 28 "http://renault.activities.at/result?searchterm=true&search=trafic" "Mozilla/5.0 (Windows NT 10.0; WOW64; Trident/7.0; rv:11.0) like Gecko"
213.153.47.173 - - [07/Jan/2020:15:12:51 +0100] "GET /reload?ser=1578406371496 HTTP/1.1" 200 28 "http://renault.activities.at/login?required=true" "Mozilla/5.0 (Windows NT 10.0; Win64; x64; rv:71.0) Gecko/20100101 Firefox/71.0"
82.135.5.126 - - [07/Jan/2020:15:12:51 +0100] "GET /reload?ser=1578406371490 HTTP/1.1" 200 28 "http://renault.activities.at/" "Mozilla/5.0 (Windows NT 10.0; WOW64; Trident/7.0; rv:11.0) like Gecko"
80.80.251.48 - - [07/Jan/2020:15:13:01 +0100] "GET /reload?ser=1578406380657 HTTP/1.1" 200 28 "http://renault.activities.at/forgotpassword" "Mozilla/5.0 (Windows NT 10.0; Win64; x64) AppleWebKit/537.36 (KHTML, like Gecko) Chrome/64.0.3282.140 Safari/537.36 Edge/17.17134"
213.153.47.173 - - [07/Jan/2020:15:13:10 +0100] "GET /reload?ser=1578406390527 HTTP/1.1" 200 28 "http://renault.activities.at/login?required=true" "Mozilla/5.0 (Windows NT 10.0; Win64; x64; rv:71.0) Gecko/20100101 Firefox/71.0"
82.135.5.126 - - [07/Jan/2020:15:13:17 +0100] "GET /reload?ser=1578406397678 HTTP/1.1" 200 28 "http://renault.activities.at/result?searchterm=true&search=fahne" "Mozilla/5.0 (Windows NT 10.0; WOW64; Trident/7.0; rv:11.0) like Gecko"
80.122.221.194 - - [07/Jan/2020:15:13:25 +0100] "GET /reload?ser=1578406405739 HTTP/1.1" 200 28 "http://renault.activities.at/success" "Mozilla/5.0 (Windows NT 10.0; Win64; x64) AppleWebKit/537.36 (KHTML, like Gecko) Chrome/70.0.3538.102 Safari/537.36 Edge/18.18363"
80.80.251.48 - - [07/Jan/2020:15:13:36 +0100] "GET /reload?ser=1578406415726 HTTP/1.1" 200 28 "http://renault.activities.at/" "Mozilla/5.0 (Windows NT 10.0; Win64; x64) AppleWebKit/537.36 (KHTML, like Gecko) Chrome/64.0.3282.140 Safari/537.36 Edge/17.17134"
82.135.5.126 - - [07/Jan/2020:15:13:43 +0100] "GET /reload?ser=1578406423746 HTTP/1.1" 200 28 "http://renault.activities.at/result?searchterm=true&search=trafic" "Mozilla/5.0 (Windows NT 10.0; WOW64; Trident/7.0; rv:11.0) like Gecko"
213.153.47.173 - - [07/Jan/2020:15:13:52 +0100] "GET /reload?ser=1578406432153 HTTP/1.1" 200 28 "http://renault.activities.at/login?required=true" "Mozilla/5.0 (Windows NT 10.0; Win64; x64; rv:71.0) Gecko/20100101 Firefox/71.0"
82.135.5.126 - - [07/Jan/2020:15:13:52 +0100] "GET /reload?ser=1578406432200 HTTP/1.1" 200 28 "http://renault.activities.at/" "Mozilla/5.0 (Windows NT 10.0; WOW64; Trident/7.0; rv:11.0) like Gecko"
80.80.251.48 - - [07/Jan/2020:15:14:02 +0100] "GET /reload?ser=1578406441662 HTTP/1.1" 200 28 "http://renault.activities.at/forgotpassword" "Mozilla/5.0 (Windows NT 10.0; Win64; x64) AppleWebKit/537.36 (KHTML, like Gecko) Chrome/64.0.3282.140 Safari/537.36 Edge/17.17134"
213.153.47.173 - - [07/Jan/2020:15:14:11 +0100] "GET /reload?ser=1578406451252 HTTP/1.1" 200 28 "http://renault.activities.at/login?required=true" "Mozilla/5.0 (Windows NT 10.0; Win64; x64; rv:71.0) Gecko/20100101 Firefox/71.0"
82.135.5.126 - - [07/Jan/2020:15:14:18 +0100] "GET /reload?ser=1578406458654 HTTP/1.1" 200 28 "http://renault.activities.at/result?searchterm=true&search=fahne" "Mozilla/5.0 (Windows NT 10.0; WOW64; Trident/7.0; rv:11.0) like Gecko"
80.122.221.194 - - [07/Jan/2020:15:14:26 +0100] "GET /reload?ser=1578406466745 HTTP/1.1" 200 28 "http://renault.activities.at/success" "Mozilla/5.0 (Windows NT 10.0; Win64; x64) AppleWebKit/537.36 (KHTML, like Gecko) Chrome/70.0.3538.102 Safari/537.36 Edge/18.18363"
80.80.251.48 - - [07/Jan/2020:15:14:37 +0100] "GET /reload?ser=1578406476376 HTTP/1.1" 200 28 "http://renault.activities.at/" "Mozilla/5.0 (Windows NT 10.0; Win64; x64) AppleWebKit/537.36 (KHTML, like Gecko) Chrome/64.0.3282.140 Safari/537.36 Edge/17.17134"
82.135.5.126 - - [07/Jan/2020:15:14:44 +0100] "GET /reload?ser=1578406484777 HTTP/1.1" 200 28 "http://renault.activities.at/result?searchterm=true&search=trafic" "Mozilla/5.0 (Windows NT 10.0; WOW64; Trident/7.0; rv:11.0) like Gecko"
213.153.47.173 - - [07/Jan/2020:15:14:52 +0100] "GET /reload?ser=1578406492790 HTTP/1.1" 200 28 "http://renault.activities.at/login?required=true" "Mozilla/5.0 (Windows NT 10.0; Win64; x64; rv:71.0) Gecko/20100101 Firefox/71.0"
82.135.5.126 - - [07/Jan/2020:15:14:52 +0100] "GET /reload?ser=1578406492913 HTTP/1.1" 200 28 "http://renault.activities.at/" "Mozilla/5.0 (Windows NT 10.0; WOW64; Trident/7.0; rv:11.0) like Gecko"
80.80.251.48 - - [07/Jan/2020:15:15:03 +0100] "GET /reload?ser=1578406502658 HTTP/1.1" 200 28 "http://renault.activities.at/forgotpassword" "Mozilla/5.0 (Windows NT 10.0; Win64; x64) AppleWebKit/537.36 (KHTML, like Gecko) Chrome/64.0.3282.140 Safari/537.36 Edge/17.17134"
213.153.47.173 - - [07/Jan/2020:15:15:11 +0100] "GET /reload?ser=1578406511926 HTTP/1.1" 200 28 "http://renault.activities.at/login?required=true" "Mozilla/5.0 (Windows NT 10.0; Win64; x64; rv:71.0) Gecko/20100101 Firefox/71.0"
82.135.5.126 - - [07/Jan/2020:15:15:19 +0100] "GET /reload?ser=1578406519658 HTTP/1.1" 200 28 "http://renault.activities.at/result?searchterm=true&search=fahne" "Mozilla/5.0 (Windows NT 10.0; WOW64; Trident/7.0; rv:11.0) like Gecko"
80.122.221.194 - - [07/Jan/2020:15:15:27 +0100] "GET /reload?ser=1578406527732 HTTP/1.1" 200 28 "http://renault.activities.at/success" "Mozilla/5.0 (Windows NT 10.0; Win64; x64) AppleWebKit/537.36 (KHTML, like Gecko) Chrome/70.0.3538.102 Safari/537.36 Edge/18.18363"
80.80.251.48 - - [07/Jan/2020:15:15:37 +0100] "GET /reload?ser=1578406537023 HTTP/1.1" 200 28 "http://renault.activities.at/" "Mozilla/5.0 (Windows NT 10.0; Win64; x64) AppleWebKit/537.36 (KHTML, like Gecko) Chrome/64.0.3282.140 Safari/537.36 Edge/17.17134"
82.135.5.126 - - [07/Jan/2020:15:15:45 +0100] "GET /reload?ser=1578406545796 HTTP/1.1" 200 28 "http://renault.activities.at/result?searchterm=true&search=trafic" "Mozilla/5.0 (Windows NT 10.0; WOW64; Trident/7.0; rv:11.0) like Gecko"
213.153.47.173 - - [07/Jan/2020:15:15:53 +0100] "GET /reload?ser=1578406553428 HTTP/1.1" 200 28 "http://renault.activities.at/login?required=true" "Mozilla/5.0 (Windows NT 10.0; Win64; x64; rv:71.0) Gecko/20100101 Firefox/71.0"
82.135.5.126 - - [07/Jan/2020:15:15:53 +0100] "GET /reload?ser=1578406553624 HTTP/1.1" 200 28 "http://renault.activities.at/" "Mozilla/5.0 (Windows NT 10.0; WOW64; Trident/7.0; rv:11.0) like Gecko"
80.80.251.48 - - [07/Jan/2020:15:16:04 +0100] "GET /reload?ser=1578406563662 HTTP/1.1" 200 28 "http://renault.activities.at/forgotpassword" "Mozilla/5.0 (Windows NT 10.0; Win64; x64) AppleWebKit/537.36 (KHTML, like Gecko) Chrome/64.0.3282.140 Safari/537.36 Edge/17.17134"
213.153.47.173 - - [07/Jan/2020:15:16:12 +0100] "GET /reload?ser=1578406572567 HTTP/1.1" 200 28 "http://renault.activities.at/login?required=true" "Mozilla/5.0 (Windows NT 10.0; Win64; x64; rv:71.0) Gecko/20100101 Firefox/71.0"
82.135.5.126 - - [07/Jan/2020:15:16:20 +0100] "GET /reload?ser=1578406580659 HTTP/1.1" 200 28 "http://renault.activities.at/result?searchterm=true&search=fahne" "Mozilla/5.0 (Windows NT 10.0; WOW64; Trident/7.0; rv:11.0) like Gecko"
80.122.221.194 - - [07/Jan/2020:15:16:28 +0100] "GET /reload?ser=1578406588738 HTTP/1.1" 200 28 "http://renault.activities.at/success" "Mozilla/5.0 (Windows NT 10.0; Win64; x64) AppleWebKit/537.36 (KHTML, like Gecko) Chrome/70.0.3538.102 Safari/537.36 Edge/18.18363"
80.80.251.48 - - [07/Jan/2020:15:16:38 +0100] "GET /reload?ser=1578406597673 HTTP/1.1" 200 28 "http://renault.activities.at/" "Mozilla/5.0 (Windows NT 10.0; Win64; x64) AppleWebKit/537.36 (KHTML, like Gecko) Chrome/64.0.3282.140 Safari/537.36 Edge/17.17134"
82.135.5.126 - - [07/Jan/2020:15:16:46 +0100] "GET /reload?ser=1578406606812 HTTP/1.1" 200 28 "http://renault.activities.at/result?searchterm=true&search=trafic" "Mozilla/5.0 (Windows NT 10.0; WOW64; Trident/7.0; rv:11.0) like Gecko"
213.153.47.173 - - [07/Jan/2020:15:16:54 +0100] "GET /reload?ser=1578406614076 HTTP/1.1" 200 28 "http://renault.activities.at/login?required=true" "Mozilla/5.0 (Windows NT 10.0; Win64; x64; rv:71.0) Gecko/20100101 Firefox/71.0"
82.135.5.126 - - [07/Jan/2020:15:16:54 +0100] "GET /reload?ser=1578406614312 HTTP/1.1" 200 28 "http://renault.activities.at/" "Mozilla/5.0 (Windows NT 10.0; WOW64; Trident/7.0; rv:11.0) like Gecko"
80.80.251.48 - - [07/Jan/2020:15:17:05 +0100] "GET /reload?ser=1578406624657 HTTP/1.1" 200 28 "http://renault.activities.at/forgotpassword" "Mozilla/5.0 (Windows NT 10.0; Win64; x64) AppleWebKit/537.36 (KHTML, like Gecko) Chrome/64.0.3282.140 Safari/537.36 Edge/17.17134"
213.153.47.173 - - [07/Jan/2020:15:17:13 +0100] "GET /reload?ser=1578406633205 HTTP/1.1" 200 28 "http://renault.activities.at/login?required=true" "Mozilla/5.0 (Windows NT 10.0; Win64; x64; rv:71.0) Gecko/20100101 Firefox/71.0"
82.135.5.126 - - [07/Jan/2020:15:17:21 +0100] "GET /reload?ser=1578406641740 HTTP/1.1" 200 28 "http://renault.activities.at/result?searchterm=true&search=fahne" "Mozilla/5.0 (Windows NT 10.0; WOW64; Trident/7.0; rv:11.0) like Gecko"
80.122.221.194 - - [07/Jan/2020:15:17:29 +0100] "GET /reload?ser=1578406649739 HTTP/1.1" 200 28 "http://renault.activities.at/success" "Mozilla/5.0 (Windows NT 10.0; Win64; x64) AppleWebKit/537.36 (KHTML, like Gecko) Chrome/70.0.3538.102 Safari/537.36 Edge/18.18363"
80.80.251.48 - - [07/Jan/2020:15:17:39 +0100] "GET /reload?ser=1578406658326 HTTP/1.1" 200 28 "http://renault.activities.at/" "Mozilla/5.0 (Windows NT 10.0; Win64; x64) AppleWebKit/537.36 (KHTML, like Gecko) Chrome/64.0.3282.140 Safari/537.36 Edge/17.17134"
82.135.5.126 - - [07/Jan/2020:15:17:47 +0100] "GET /reload?ser=1578406667800 HTTP/1.1" 200 28 "http://renault.activities.at/result?searchterm=true&search=trafic" "Mozilla/5.0 (Windows NT 10.0; WOW64; Trident/7.0; rv:11.0) like Gecko"
213.153.47.173 - - [07/Jan/2020:15:17:54 +0100] "GET /reload?ser=1578406674709 HTTP/1.1" 200 28 "http://renault.activities.at/login?required=true" "Mozilla/5.0 (Windows NT 10.0; Win64; x64; rv:71.0) Gecko/20100101 Firefox/71.0"
82.135.5.126 - - [07/Jan/2020:15:17:55 +0100] "GET /reload?ser=1578406675001 HTTP/1.1" 200 28 "http://renault.activities.at/" "Mozilla/5.0 (Windows NT 10.0; WOW64; Trident/7.0; rv:11.0) like Gecko"
80.80.251.48 - - [07/Jan/2020:15:18:06 +0100] "GET /reload?ser=1578406685668 HTTP/1.1" 200 28 "http://renault.activities.at/forgotpassword" "Mozilla/5.0 (Windows NT 10.0; Win64; x64) AppleWebKit/537.36 (KHTML, like Gecko) Chrome/64.0.3282.140 Safari/537.36 Edge/17.17134"
213.153.47.173 - - [07/Jan/2020:15:18:13 +0100] "GET /reload?ser=1578406693863 HTTP/1.1" 200 28 "http://renault.activities.at/login?required=true" "Mozilla/5.0 (Windows NT 10.0; Win64; x64; rv:71.0) Gecko/20100101 Firefox/71.0"
82.135.5.126 - - [07/Jan/2020:15:18:22 +0100] "GET /reload?ser=1578406702770 HTTP/1.1" 200 28 "http://renault.activities.at/result?searchterm=true&search=fahne" "Mozilla/5.0 (Windows NT 10.0; WOW64; Trident/7.0; rv:11.0) like Gecko"
80.122.221.194 - - [07/Jan/2020:15:18:30 +0100] "GET /reload?ser=1578406710740 HTTP/1.1" 200 28 "http://renault.activities.at/success" "Mozilla/5.0 (Windows NT 10.0; Win64; x64) AppleWebKit/537.36 (KHTML, like Gecko) Chrome/70.0.3538.102 Safari/537.36 Edge/18.18363"
80.80.251.48 - - [07/Jan/2020:15:18:39 +0100] "GET /reload?ser=1578406718977 HTTP/1.1" 200 28 "http://renault.activities.at/" "Mozilla/5.0 (Windows NT 10.0; Win64; x64) AppleWebKit/537.36 (KHTML, like Gecko) Chrome/64.0.3282.140 Safari/537.36 Edge/17.17134"
82.135.5.126 - - [07/Jan/2020:15:18:48 +0100] "GET /reload?ser=1578406728814 HTTP/1.1" 200 28 "http://renault.activities.at/result?searchterm=true&search=trafic" "Mozilla/5.0 (Windows NT 10.0; WOW64; Trident/7.0; rv:11.0) like Gecko"
213.153.47.173 - - [07/Jan/2020:15:18:55 +0100] "GET /reload?ser=1578406735362 HTTP/1.1" 200 28 "http://renault.activities.at/login?required=true" "Mozilla/5.0 (Windows NT 10.0; Win64; x64; rv:71.0) Gecko/20100101 Firefox/71.0"
82.135.5.126 - - [07/Jan/2020:15:18:55 +0100] "GET /reload?ser=1578406735692 HTTP/1.1" 200 28 "http://renault.activities.at/" "Mozilla/5.0 (Windows NT 10.0; WOW64; Trident/7.0; rv:11.0) like Gecko"
80.80.251.48 - - [07/Jan/2020:15:19:07 +0100] "GET /reload?ser=1578406746666 HTTP/1.1" 200 28 "http://renault.activities.at/forgotpassword" "Mozilla/5.0 (Windows NT 10.0; Win64; x64) AppleWebKit/537.36 (KHTML, like Gecko) Chrome/64.0.3282.140 Safari/537.36 Edge/17.17134"
213.153.47.173 - - [07/Jan/2020:15:19:14 +0100] "GET /reload?ser=1578406754511 HTTP/1.1" 200 28 "http://renault.activities.at/login?required=true" "Mozilla/5.0 (Windows NT 10.0; Win64; x64; rv:71.0) Gecko/20100101 Firefox/71.0"
82.135.5.126 - - [07/Jan/2020:15:19:23 +0100] "GET /reload?ser=1578406763789 HTTP/1.1" 200 28 "http://renault.activities.at/result?searchterm=true&search=fahne" "Mozilla/5.0 (Windows NT 10.0; WOW64; Trident/7.0; rv:11.0) like Gecko"
80.122.221.194 - - [07/Jan/2020:15:19:31 +0100] "GET /reload?ser=1578406771742 HTTP/1.1" 200 28 "http://renault.activities.at/success" "Mozilla/5.0 (Windows NT 10.0; Win64; x64) AppleWebKit/537.36 (KHTML, like Gecko) Chrome/70.0.3538.102 Safari/537.36 Edge/18.18363"
80.80.251.48 - - [07/Jan/2020:15:19:40 +0100] "GET /reload?ser=1578406779643 HTTP/1.1" 200 28 "http://renault.activities.at/" "Mozilla/5.0 (Windows NT 10.0; Win64; x64) AppleWebKit/537.36 (KHTML, like Gecko) Chrome/64.0.3282.140 Safari/537.36 Edge/17.17134"
82.135.5.126 - - [07/Jan/2020:15:19:49 +0100] "GET /reload?ser=1578406789821 HTTP/1.1" 200 28 "http://renault.activities.at/result?searchterm=true&search=trafic" "Mozilla/5.0 (Windows NT 10.0; WOW64; Trident/7.0; rv:11.0) like Gecko"
213.153.47.173 - - [07/Jan/2020:15:19:55 +0100] "GET /reload?ser=1578406796010 HTTP/1.1" 200 28 "http://renault.activities.at/login?required=true" "Mozilla/5.0 (Windows NT 10.0; Win64; x64; rv:71.0) Gecko/20100101 Firefox/71.0"
82.135.5.126 - - [07/Jan/2020:15:19:56 +0100] "GET /reload?ser=1578406796379 HTTP/1.1" 200 28 "http://renault.activities.at/" "Mozilla/5.0 (Windows NT 10.0; WOW64; Trident/7.0; rv:11.0) like Gecko"
80.80.251.48 - - [07/Jan/2020:15:20:08 +0100] "GET /reload?ser=1578406807656 HTTP/1.1" 200 28 "http://renault.activities.at/forgotpassword" "Mozilla/5.0 (Windows NT 10.0; Win64; x64) AppleWebKit/537.36 (KHTML, like Gecko) Chrome/64.0.3282.140 Safari/537.36 Edge/17.17134"
213.153.47.173 - - [07/Jan/2020:15:20:15 +0100] "GET /reload?ser=1578406815167 HTTP/1.1" 200 28 "http://renault.activities.at/login?required=true" "Mozilla/5.0 (Windows NT 10.0; Win64; x64; rv:71.0) Gecko/20100101 Firefox/71.0"
82.135.5.126 - - [07/Jan/2020:15:20:24 +0100] "GET /reload?ser=1578406824781 HTTP/1.1" 200 28 "http://renault.activities.at/result?searchterm=true&search=fahne" "Mozilla/5.0 (Windows NT 10.0; WOW64; Trident/7.0; rv:11.0) like Gecko"
80.122.221.194 - - [07/Jan/2020:15:20:32 +0100] "GET /reload?ser=1578406832743 HTTP/1.1" 200 28 "http://renault.activities.at/success" "Mozilla/5.0 (Windows NT 10.0; Win64; x64) AppleWebKit/537.36 (KHTML, like Gecko) Chrome/70.0.3538.102 Safari/537.36 Edge/18.18363"
80.80.251.48 - - [07/Jan/2020:15:20:41 +0100] "GET /reload?ser=1578406840295 HTTP/1.1" 200 28 "http://renault.activities.at/" "Mozilla/5.0 (Windows NT 10.0; Win64; x64) AppleWebKit/537.36 (KHTML, like Gecko) Chrome/64.0.3282.140 Safari/537.36 Edge/17.17134"
82.135.5.126 - - [07/Jan/2020:15:20:50 +0100] "GET /reload?ser=1578406850847 HTTP/1.1" 200 28 "http://renault.activities.at/result?searchterm=true&search=trafic" "Mozilla/5.0 (Windows NT 10.0; WOW64; Trident/7.0; rv:11.0) like Gecko"
213.153.47.173 - - [07/Jan/2020:15:20:56 +0100] "GET /reload?ser=1578406856649 HTTP/1.1" 200 28 "http://renault.activities.at/login?required=true" "Mozilla/5.0 (Windows NT 10.0; Win64; x64; rv:71.0) Gecko/20100101 Firefox/71.0"
82.135.5.126 - - [07/Jan/2020:15:20:57 +0100] "GET /reload?ser=1578406857061 HTTP/1.1" 200 28 "http://renault.activities.at/" "Mozilla/5.0 (Windows NT 10.0; WOW64; Trident/7.0; rv:11.0) like Gecko"
80.80.251.48 - - [07/Jan/2020:15:21:09 +0100] "GET /reload?ser=1578406868649 HTTP/1.1" 200 28 "http://renault.activities.at/forgotpassword" "Mozilla/5.0 (Windows NT 10.0; Win64; x64) AppleWebKit/537.36 (KHTML, like Gecko) Chrome/64.0.3282.140 Safari/537.36 Edge/17.17134"
213.153.47.173 - - [07/Jan/2020:15:21:15 +0100] "GET /reload?ser=1578406875837 HTTP/1.1" 200 28 "http://renault.activities.at/login?required=true" "Mozilla/5.0 (Windows NT 10.0; Win64; x64; rv:71.0) Gecko/20100101 Firefox/71.0"
82.135.5.126 - - [07/Jan/2020:15:21:25 +0100] "GET /reload?ser=1578406885787 HTTP/1.1" 200 28 "http://renault.activities.at/result?searchterm=true&search=fahne" "Mozilla/5.0 (Windows NT 10.0; WOW64; Trident/7.0; rv:11.0) like Gecko"
80.122.221.194 - - [07/Jan/2020:15:21:33 +0100] "GET /reload?ser=1578406893734 HTTP/1.1" 200 28 "http://renault.activities.at/success" "Mozilla/5.0 (Windows NT 10.0; Win64; x64) AppleWebKit/537.36 (KHTML, like Gecko) Chrome/70.0.3538.102 Safari/537.36 Edge/18.18363"
82.135.5.126 - - [07/Jan/2020:15:21:51 +0100] "GET /reload?ser=1578406911851 HTTP/1.1" 200 28 "http://renault.activities.at/result?searchterm=true&search=trafic" "Mozilla/5.0 (Windows NT 10.0; WOW64; Trident/7.0; rv:11.0) like Gecko"
213.153.47.173 - - [07/Jan/2020:15:21:57 +0100] "GET /reload?ser=1578406917306 HTTP/1.1" 200 28 "http://renault.activities.at/login?required=true" "Mozilla/5.0 (Windows NT 10.0; Win64; x64; rv:71.0) Gecko/20100101 Firefox/71.0"
82.135.5.126 - - [07/Jan/2020:15:21:57 +0100] "GET /reload?ser=1578406917753 HTTP/1.1" 200 28 "http://renault.activities.at/" "Mozilla/5.0 (Windows NT 10.0; WOW64; Trident/7.0; rv:11.0) like Gecko"
80.80.251.48 - - [07/Jan/2020:15:22:10 +0100] "GET /reload?ser=1578406929656 HTTP/1.1" 200 28 "http://renault.activities.at/forgotpassword" "Mozilla/5.0 (Windows NT 10.0; Win64; x64) AppleWebKit/537.36 (KHTML, like Gecko) Chrome/64.0.3282.140 Safari/537.36 Edge/17.17134"
213.153.47.173 - - [07/Jan/2020:15:22:16 +0100] "GET /reload?ser=1578406936486 HTTP/1.1" 200 28 "http://renault.activities.at/login?required=true" "Mozilla/5.0 (Windows NT 10.0; Win64; x64; rv:71.0) Gecko/20100101 Firefox/71.0"
82.135.5.126 - - [07/Jan/2020:15:22:26 +0100] "GET /reload?ser=1578406946806 HTTP/1.1" 200 28 "http://renault.activities.at/result?searchterm=true&search=fahne" "Mozilla/5.0 (Windows NT 10.0; WOW64; Trident/7.0; rv:11.0) like Gecko"
80.122.221.194 - - [07/Jan/2020:15:22:34 +0100] "GET /reload?ser=1578406954736 HTTP/1.1" 200 28 "http://renault.activities.at/success" "Mozilla/5.0 (Windows NT 10.0; Win64; x64) AppleWebKit/537.36 (KHTML, like Gecko) Chrome/70.0.3538.102 Safari/537.36 Edge/18.18363"
82.135.5.126 - - [07/Jan/2020:15:22:52 +0100] "GET /reload?ser=1578406972869 HTTP/1.1" 200 28 "http://renault.activities.at/result?searchterm=true&search=trafic" "Mozilla/5.0 (Windows NT 10.0; WOW64; Trident/7.0; rv:11.0) like Gecko"
213.153.47.173 - - [07/Jan/2020:15:22:57 +0100] "GET /reload?ser=1578406977955 HTTP/1.1" 200 28 "http://renault.activities.at/login?required=true" "Mozilla/5.0 (Windows NT 10.0; Win64; x64; rv:71.0) Gecko/20100101 Firefox/71.0"
82.135.5.126 - - [07/Jan/2020:15:22:58 +0100] "GET /reload?ser=1578406978444 HTTP/1.1" 200 28 "http://renault.activities.at/" "Mozilla/5.0 (Windows NT 10.0; WOW64; Trident/7.0; rv:11.0) like Gecko"
80.80.251.48 - - [07/Jan/2020:15:23:11 +0100] "GET /reload?ser=1578406990656 HTTP/1.1" 200 28 "http://renault.activities.at/forgotpassword" "Mozilla/5.0 (Windows NT 10.0; Win64; x64) AppleWebKit/537.36 (KHTML, like Gecko) Chrome/64.0.3282.140 Safari/537.36 Edge/17.17134"
213.153.47.173 - - [07/Jan/2020:15:23:17 +0100] "GET /reload?ser=1578406997124 HTTP/1.1" 200 28 "http://renault.activities.at/login?required=true" "Mozilla/5.0 (Windows NT 10.0; Win64; x64; rv:71.0) Gecko/20100101 Firefox/71.0"
82.135.5.126 - - [07/Jan/2020:15:23:27 +0100] "GET /reload?ser=1578407007811 HTTP/1.1" 200 28 "http://renault.activities.at/result?searchterm=true&search=fahne" "Mozilla/5.0 (Windows NT 10.0; WOW64; Trident/7.0; rv:11.0) like Gecko"
80.122.221.194 - - [07/Jan/2020:15:23:35 +0100] "GET /reload?ser=1578407015731 HTTP/1.1" 200 28 "http://renault.activities.at/success" "Mozilla/5.0 (Windows NT 10.0; Win64; x64) AppleWebKit/537.36 (KHTML, like Gecko) Chrome/70.0.3538.102 Safari/537.36 Edge/18.18363"
82.135.5.126 - - [07/Jan/2020:15:23:53 +0100] "GET /reload?ser=1578407033893 HTTP/1.1" 200 28 "http://renault.activities.at/result?searchterm=true&search=trafic" "Mozilla/5.0 (Windows NT 10.0; WOW64; Trident/7.0; rv:11.0) like Gecko"
213.153.47.173 - - [07/Jan/2020:15:23:58 +0100] "GET /reload?ser=1578407038613 HTTP/1.1" 200 28 "http://renault.activities.at/login?required=true" "Mozilla/5.0 (Windows NT 10.0; Win64; x64; rv:71.0) Gecko/20100101 Firefox/71.0"
82.135.5.126 - - [07/Jan/2020:15:23:59 +0100] "GET /reload?ser=1578407039124 HTTP/1.1" 200 28 "http://renault.activities.at/" "Mozilla/5.0 (Windows NT 10.0; WOW64; Trident/7.0; rv:11.0) like Gecko"
80.80.251.48 - - [07/Jan/2020:15:24:12 +0100] "GET /reload?ser=1578407051654 HTTP/1.1" 200 28 "http://renault.activities.at/forgotpassword" "Mozilla/5.0 (Windows NT 10.0; Win64; x64) AppleWebKit/537.36 (KHTML, like Gecko) Chrome/64.0.3282.140 Safari/537.36 Edge/17.17134"
213.153.47.173 - - [07/Jan/2020:15:24:17 +0100] "GET /reload?ser=1578407057773 HTTP/1.1" 200 28 "http://renault.activities.at/login?required=true" "Mozilla/5.0 (Windows NT 10.0; Win64; x64; rv:71.0) Gecko/20100101 Firefox/71.0"
82.135.5.126 - - [07/Jan/2020:15:24:28 +0100] "GET /reload?ser=1578407068816 HTTP/1.1" 200 28 "http://renault.activities.at/result?searchterm=true&search=fahne" "Mozilla/5.0 (Windows NT 10.0; WOW64; Trident/7.0; rv:11.0) like Gecko"
80.122.221.194 - - [07/Jan/2020:15:24:36 +0100] "GET /reload?ser=1578407076738 HTTP/1.1" 200 28 "http://renault.activities.at/success" "Mozilla/5.0 (Windows NT 10.0; Win64; x64) AppleWebKit/537.36 (KHTML, like Gecko) Chrome/70.0.3538.102 Safari/537.36 Edge/18.18363"
82.135.5.126 - - [07/Jan/2020:15:24:54 +0100] "GET /reload?ser=1578407094879 HTTP/1.1" 200 28 "http://renault.activities.at/result?searchterm=true&search=trafic" "Mozilla/5.0 (Windows NT 10.0; WOW64; Trident/7.0; rv:11.0) like Gecko"
213.153.47.173 - - [07/Jan/2020:15:24:59 +0100] "GET /reload?ser=1578407099262 HTTP/1.1" 200 28 "http://renault.activities.at/login?required=true" "Mozilla/5.0 (Windows NT 10.0; Win64; x64; rv:71.0) Gecko/20100101 Firefox/71.0"
82.135.5.126 - - [07/Jan/2020:15:24:59 +0100] "GET /reload?ser=1578407099795 HTTP/1.1" 200 28 "http://renault.activities.at/" "Mozilla/5.0 (Windows NT 10.0; WOW64; Trident/7.0; rv:11.0) like Gecko"
80.80.251.48 - - [07/Jan/2020:15:25:13 +0100] "GET /reload?ser=1578407112659 HTTP/1.1" 200 28 "http://renault.activities.at/forgotpassword" "Mozilla/5.0 (Windows NT 10.0; Win64; x64) AppleWebKit/537.36 (KHTML, like Gecko) Chrome/64.0.3282.140 Safari/537.36 Edge/17.17134"
213.153.47.173 - - [07/Jan/2020:15:25:18 +0100] "GET /reload?ser=1578407118432 HTTP/1.1" 200 28 "http://renault.activities.at/login?required=true" "Mozilla/5.0 (Windows NT 10.0; Win64; x64; rv:71.0) Gecko/20100101 Firefox/71.0"
82.135.5.126 - - [07/Jan/2020:15:25:29 +0100] "GET /reload?ser=1578407129805 HTTP/1.1" 200 28 "http://renault.activities.at/result?searchterm=true&search=fahne" "Mozilla/5.0 (Windows NT 10.0; WOW64; Trident/7.0; rv:11.0) like Gecko"
80.122.221.194 - - [07/Jan/2020:15:25:37 +0100] "GET /reload?ser=1578407137735 HTTP/1.1" 200 28 "http://renault.activities.at/success" "Mozilla/5.0 (Windows NT 10.0; Win64; x64) AppleWebKit/537.36 (KHTML, like Gecko) Chrome/70.0.3538.102 Safari/537.36 Edge/18.18363"
82.135.5.126 - - [07/Jan/2020:15:25:55 +0100] "GET /reload?ser=1578407155877 HTTP/1.1" 200 28 "http://renault.activities.at/result?searchterm=true&search=trafic" "Mozilla/5.0 (Windows NT 10.0; WOW64; Trident/7.0; rv:11.0) like Gecko"
213.153.47.173 - - [07/Jan/2020:15:25:59 +0100] "GET /reload?ser=1578407159921 HTTP/1.1" 200 28 "http://renault.activities.at/login?required=true" "Mozilla/5.0 (Windows NT 10.0; Win64; x64; rv:71.0) Gecko/20100101 Firefox/71.0"
82.135.5.126 - - [07/Jan/2020:15:26:00 +0100] "GET /reload?ser=1578407160468 HTTP/1.1" 200 28 "http://renault.activities.at/" "Mozilla/5.0 (Windows NT 10.0; WOW64; Trident/7.0; rv:11.0) like Gecko"
80.80.251.48 - - [07/Jan/2020:15:26:14 +0100] "GET /reload?ser=1578407173654 HTTP/1.1" 200 28 "http://renault.activities.at/forgotpassword" "Mozilla/5.0 (Windows NT 10.0; Win64; x64) AppleWebKit/537.36 (KHTML, like Gecko) Chrome/64.0.3282.140 Safari/537.36 Edge/17.17134"
213.153.47.173 - - [07/Jan/2020:15:26:18 +0100] "GET /reload?ser=1578407179071 HTTP/1.1" 200 28 "http://renault.activities.at/login?required=true" "Mozilla/5.0 (Windows NT 10.0; Win64; x64; rv:71.0) Gecko/20100101 Firefox/71.0"
82.135.5.126 - - [07/Jan/2020:15:26:30 +0100] "GET /reload?ser=1578407190827 HTTP/1.1" 200 28 "http://renault.activities.at/result?searchterm=true&search=fahne" "Mozilla/5.0 (Windows NT 10.0; WOW64; Trident/7.0; rv:11.0) like Gecko"
80.122.221.194 - - [07/Jan/2020:15:26:38 +0100] "GET /reload?ser=1578407198734 HTTP/1.1" 200 28 "http://renault.activities.at/success" "Mozilla/5.0 (Windows NT 10.0; Win64; x64) AppleWebKit/537.36 (KHTML, like Gecko) Chrome/70.0.3538.102 Safari/537.36 Edge/18.18363"
82.135.5.126 - - [07/Jan/2020:15:26:56 +0100] "GET /reload?ser=1578407216907 HTTP/1.1" 200 28 "http://renault.activities.at/result?searchterm=true&search=trafic" "Mozilla/5.0 (Windows NT 10.0; WOW64; Trident/7.0; rv:11.0) like Gecko"
213.153.47.173 - - [07/Jan/2020:15:27:00 +0100] "GET /reload?ser=1578407220588 HTTP/1.1" 200 28 "http://renault.activities.at/login?required=true" "Mozilla/5.0 (Windows NT 10.0; Win64; x64; rv:71.0) Gecko/20100101 Firefox/71.0"
82.135.5.126 - - [07/Jan/2020:15:27:01 +0100] "GET /reload?ser=1578407221168 HTTP/1.1" 200 28 "http://renault.activities.at/" "Mozilla/5.0 (Windows NT 10.0; WOW64; Trident/7.0; rv:11.0) like Gecko"
80.80.251.48 - - [07/Jan/2020:15:27:15 +0100] "GET /reload?ser=1578407234648 HTTP/1.1" 200 28 "http://renault.activities.at/forgotpassword" "Mozilla/5.0 (Windows NT 10.0; Win64; x64) AppleWebKit/537.36 (KHTML, like Gecko) Chrome/64.0.3282.140 Safari/537.36 Edge/17.17134"
213.153.47.173 - - [07/Jan/2020:15:27:19 +0100] "GET /reload?ser=1578407239720 HTTP/1.1" 200 28 "http://renault.activities.at/login?required=true" "Mozilla/5.0 (Windows NT 10.0; Win64; x64; rv:71.0) Gecko/20100101 Firefox/71.0"
82.135.5.126 - - [07/Jan/2020:15:27:31 +0100] "GET /reload?ser=1578407251847 HTTP/1.1" 200 28 "http://renault.activities.at/result?searchterm=true&search=fahne" "Mozilla/5.0 (Windows NT 10.0; WOW64; Trident/7.0; rv:11.0) like Gecko"
80.122.221.194 - - [07/Jan/2020:15:27:39 +0100] "GET /reload?ser=1578407259738 HTTP/1.1" 200 28 "http://renault.activities.at/success" "Mozilla/5.0 (Windows NT 10.0; Win64; x64) AppleWebKit/537.36 (KHTML, like Gecko) Chrome/70.0.3538.102 Safari/537.36 Edge/18.18363"
82.135.5.126 - - [07/Jan/2020:15:27:57 +0100] "GET /reload?ser=1578407277895 HTTP/1.1" 200 28 "http://renault.activities.at/result?searchterm=true&search=trafic" "Mozilla/5.0 (Windows NT 10.0; WOW64; Trident/7.0; rv:11.0) like Gecko"
213.153.47.173 - - [07/Jan/2020:15:28:01 +0100] "GET /reload?ser=1578407281248 HTTP/1.1" 200 28 "http://renault.activities.at/login?required=true" "Mozilla/5.0 (Windows NT 10.0; Win64; x64; rv:71.0) Gecko/20100101 Firefox/71.0"
82.135.5.126 - - [07/Jan/2020:15:28:01 +0100] "GET /reload?ser=1578407281858 HTTP/1.1" 200 28 "http://renault.activities.at/" "Mozilla/5.0 (Windows NT 10.0; WOW64; Trident/7.0; rv:11.0) like Gecko"
80.80.251.48 - - [07/Jan/2020:15:28:16 +0100] "GET /reload?ser=1578407295658 HTTP/1.1" 200 28 "http://renault.activities.at/forgotpassword" "Mozilla/5.0 (Windows NT 10.0; Win64; x64) AppleWebKit/537.36 (KHTML, like Gecko) Chrome/64.0.3282.140 Safari/537.36 Edge/17.17134"
213.153.47.173 - - [07/Jan/2020:15:28:20 +0100] "GET /reload?ser=1578407300368 HTTP/1.1" 200 28 "http://renault.activities.at/login?required=true" "Mozilla/5.0 (Windows NT 10.0; Win64; x64; rv:71.0) Gecko/20100101 Firefox/71.0"
82.135.5.126 - - [07/Jan/2020:15:28:32 +0100] "GET /reload?ser=1578407312881 HTTP/1.1" 200 28 "http://renault.activities.at/result?searchterm=true&search=fahne" "Mozilla/5.0 (Windows NT 10.0; WOW64; Trident/7.0; rv:11.0) like Gecko"
80.122.221.194 - - [07/Jan/2020:15:28:40 +0100] "GET /reload?ser=1578407320773 HTTP/1.1" 200 28 "http://renault.activities.at/success" "Mozilla/5.0 (Windows NT 10.0; Win64; x64) AppleWebKit/537.36 (KHTML, like Gecko) Chrome/70.0.3538.102 Safari/537.36 Edge/18.18363"
82.135.5.126 - - [07/Jan/2020:15:28:58 +0100] "GET /reload?ser=1578407338901 HTTP/1.1" 200 28 "http://renault.activities.at/result?searchterm=true&search=trafic" "Mozilla/5.0 (Windows NT 10.0; WOW64; Trident/7.0; rv:11.0) like Gecko"
213.153.47.173 - - [07/Jan/2020:15:29:01 +0100] "GET /reload?ser=1578407341917 HTTP/1.1" 200 28 "http://renault.activities.at/login?required=true" "Mozilla/5.0 (Windows NT 10.0; Win64; x64; rv:71.0) Gecko/20100101 Firefox/71.0"
82.135.5.126 - - [07/Jan/2020:15:29:02 +0100] "GET /reload?ser=1578407342533 HTTP/1.1" 200 28 "http://renault.activities.at/" "Mozilla/5.0 (Windows NT 10.0; WOW64; Trident/7.0; rv:11.0) like Gecko"
88.116.203.202 - - [07/Jan/2020:15:29:16 +0100] "GET / HTTP/1.1" 200 3380 "-" "Mozilla/5.0 (Windows NT 6.1; WOW64; Trident/7.0; rv:11.0) like Gecko"
88.116.203.202 - - [07/Jan/2020:15:29:17 +0100] "GET /js/default.js HTTP/1.1" 304 - "http://renault.activities.at/" "Mozilla/5.0 (Windows NT 6.1; WOW64; Trident/7.0; rv:11.0) like Gecko"
88.116.203.202 - - [07/Jan/2020:15:29:17 +0100] "GET /js/flashdetection.js HTTP/1.1" 304 - "http://renault.activities.at/" "Mozilla/5.0 (Windows NT 6.1; WOW64; Trident/7.0; rv:11.0) like Gecko"
88.116.203.202 - - [07/Jan/2020:15:29:17 +0100] "GET /css/reset.css HTTP/1.1" 304 - "http://renault.activities.at/" "Mozilla/5.0 (Windows NT 6.1; WOW64; Trident/7.0; rv:11.0) like Gecko"
88.116.203.202 - - [07/Jan/2020:15:29:17 +0100] "GET /css/styles.css HTTP/1.1" 304 - "http://renault.activities.at/" "Mozilla/5.0 (Windows NT 6.1; WOW64; Trident/7.0; rv:11.0) like Gecko"
88.116.203.202 - - [07/Jan/2020:15:29:17 +0100] "GET /css/clears.css HTTP/1.1" 304 - "http://renault.activities.at/" "Mozilla/5.0 (Windows NT 6.1; WOW64; Trident/7.0; rv:11.0) like Gecko"
88.116.203.202 - - [07/Jan/2020:15:29:17 +0100] "GET /css/print.css HTTP/1.1" 304 - "http://renault.activities.at/" "Mozilla/5.0 (Windows NT 6.1; WOW64; Trident/7.0; rv:11.0) like Gecko"
88.116.203.202 - - [07/Jan/2020:15:29:18 +0100] "GET /js/checkout.css HTTP/1.1" 304 - "http://renault.activities.at/" "Mozilla/5.0 (Windows NT 6.1; WOW64; Trident/7.0; rv:11.0) like Gecko"
88.116.203.202 - - [07/Jan/2020:15:29:18 +0100] "GET /css/prototip.css HTTP/1.1" 304 - "http://renault.activities.at/" "Mozilla/5.0 (Windows NT 6.1; WOW64; Trident/7.0; rv:11.0) like Gecko"
88.116.203.202 - - [07/Jan/2020:15:29:18 +0100] "GET /css/themes/default.css HTTP/1.1" 304 - "http://renault.activities.at/" "Mozilla/5.0 (Windows NT 6.1; WOW64; Trident/7.0; rv:11.0) like Gecko"
88.116.203.202 - - [07/Jan/2020:15:29:18 +0100] "GET /css/themes/alphacube.css HTTP/1.1" 304 - "http://renault.activities.at/" "Mozilla/5.0 (Windows NT 6.1; WOW64; Trident/7.0; rv:11.0) like Gecko"
80.80.251.48 - - [07/Jan/2020:15:29:17 +0100] "GET /reload?ser=1578407356648 HTTP/1.1" 200 28 "http://renault.activities.at/forgotpassword" "Mozilla/5.0 (Windows NT 10.0; Win64; x64) AppleWebKit/537.36 (KHTML, like Gecko) Chrome/64.0.3282.140 Safari/537.36 Edge/17.17134"
88.116.203.202 - - [07/Jan/2020:15:29:18 +0100] "GET /images/main_block_border.gif HTTP/1.1" 304 - "http://renault.activities.at/" "Mozilla/5.0 (Windows NT 6.1; WOW64; Trident/7.0; rv:11.0) like Gecko"
88.116.203.202 - - [07/Jan/2020:15:29:18 +0100] "GET /images/main_block_corner_left_bot.gif HTTP/1.1" 304 - "http://renault.activities.at/" "Mozilla/5.0 (Windows NT 6.1; WOW64; Trident/7.0; rv:11.0) like Gecko"
88.116.203.202 - - [07/Jan/2020:15:29:18 +0100] "GET /images/main_block_corner_right_bot.gif HTTP/1.1" 304 - "http://renault.activities.at/" "Mozilla/5.0 (Windows NT 6.1; WOW64; Trident/7.0; rv:11.0) like Gecko"
88.116.203.202 - - [07/Jan/2020:15:29:18 +0100] "GET /images/header_block_border.gif HTTP/1.1" 304 - "http://renault.activities.at/" "Mozilla/5.0 (Windows NT 6.1; WOW64; Trident/7.0; rv:11.0) like Gecko"
88.116.203.202 - - [07/Jan/2020:15:29:18 +0100] "GET /images/header_block_corner_left_top.gif HTTP/1.1" 304 - "http://renault.activities.at/" "Mozilla/5.0 (Windows NT 6.1; WOW64; Trident/7.0; rv:11.0) like Gecko"
88.116.203.202 - - [07/Jan/2020:15:29:18 +0100] "GET /images/header_block_corner_right_top.gif HTTP/1.1" 304 - "http://renault.activities.at/" "Mozilla/5.0 (Windows NT 6.1; WOW64; Trident/7.0; rv:11.0) like Gecko"
88.116.203.202 - - [07/Jan/2020:15:29:18 +0100] "GET /images/main_block_corner_left_top.gif HTTP/1.1" 304 - "http://renault.activities.at/" "Mozilla/5.0 (Windows NT 6.1; WOW64; Trident/7.0; rv:11.0) like Gecko"
88.116.203.202 - - [07/Jan/2020:15:29:18 +0100] "GET /images/main_block_corner_right_top.gif HTTP/1.1" 304 - "http://renault.activities.at/" "Mozilla/5.0 (Windows NT 6.1; WOW64; Trident/7.0; rv:11.0) like Gecko"
88.116.203.202 - - [07/Jan/2020:15:29:18 +0100] "GET /images/title_border.jpg HTTP/1.1" 304 - "http://renault.activities.at/" "Mozilla/5.0 (Windows NT 6.1; WOW64; Trident/7.0; rv:11.0) like Gecko"
88.116.203.202 - - [07/Jan/2020:15:29:18 +0100] "GET /images/title_border_top.jpg HTTP/1.1" 304 - "http://renault.activities.at/" "Mozilla/5.0 (Windows NT 6.1; WOW64; Trident/7.0; rv:11.0) like Gecko"
88.116.203.202 - - [07/Jan/2020:15:29:18 +0100] "GET /images/title_corner_left_top.jpg HTTP/1.1" 304 - "http://renault.activities.at/" "Mozilla/5.0 (Windows NT 6.1; WOW64; Trident/7.0; rv:11.0) like Gecko"
88.116.203.202 - - [07/Jan/2020:15:29:18 +0100] "GET /images/title_corner_right_top.jpg HTTP/1.1" 304 - "http://renault.activities.at/" "Mozilla/5.0 (Windows NT 6.1; WOW64; Trident/7.0; rv:11.0) like Gecko"
88.116.203.202 - - [07/Jan/2020:15:29:18 +0100] "GET /loadthumbnail.php?id=11127982 HTTP/1.1" 200 399614 "http://renault.activities.at/" "Mozilla/5.0 (Windows NT 6.1; WOW64; Trident/7.0; rv:11.0) like Gecko"
88.116.203.202 - - [07/Jan/2020:15:29:20 +0100] "GET /login HTTP/1.1" 200 2085 "http://renault.activities.at/" "Mozilla/5.0 (Windows NT 6.1; WOW64; Trident/7.0; rv:11.0) like Gecko"
88.116.203.202 - - [07/Jan/2020:15:29:21 +0100] "GET /js/default.js HTTP/1.1" 304 - "http://renault.activities.at/login" "Mozilla/5.0 (Windows NT 6.1; WOW64; Trident/7.0; rv:11.0) like Gecko"
213.153.47.173 - - [07/Jan/2020:15:29:20 +0100] "GET /reload?ser=1578407361038 HTTP/1.1" 200 28 "http://renault.activities.at/login?required=true" "Mozilla/5.0 (Windows NT 10.0; Win64; x64; rv:71.0) Gecko/20100101 Firefox/71.0"
88.116.203.202 - - [07/Jan/2020:15:29:21 +0100] "GET /css/reset.css HTTP/1.1" 304 - "http://renault.activities.at/login" "Mozilla/5.0 (Windows NT 6.1; WOW64; Trident/7.0; rv:11.0) like Gecko"
88.116.203.202 - - [07/Jan/2020:15:29:21 +0100] "GET /css/styles.css HTTP/1.1" 304 - "http://renault.activities.at/login" "Mozilla/5.0 (Windows NT 6.1; WOW64; Trident/7.0; rv:11.0) like Gecko"
88.116.203.202 - - [07/Jan/2020:15:29:21 +0100] "GET /css/clears.css HTTP/1.1" 304 - "http://renault.activities.at/login" "Mozilla/5.0 (Windows NT 6.1; WOW64; Trident/7.0; rv:11.0) like Gecko"
88.116.203.202 - - [07/Jan/2020:15:29:21 +0100] "GET /css/print.css HTTP/1.1" 304 - "http://renault.activities.at/login" "Mozilla/5.0 (Windows NT 6.1; WOW64; Trident/7.0; rv:11.0) like Gecko"
88.116.203.202 - - [07/Jan/2020:15:29:21 +0100] "GET /js/checkout.css HTTP/1.1" 304 - "http://renault.activities.at/login" "Mozilla/5.0 (Windows NT 6.1; WOW64; Trident/7.0; rv:11.0) like Gecko"
88.116.203.202 - - [07/Jan/2020:15:29:21 +0100] "GET /css/prototip.css HTTP/1.1" 304 - "http://renault.activities.at/login" "Mozilla/5.0 (Windows NT 6.1; WOW64; Trident/7.0; rv:11.0) like Gecko"
88.116.203.202 - - [07/Jan/2020:15:29:21 +0100] "GET /css/themes/default.css HTTP/1.1" 304 - "http://renault.activities.at/login" "Mozilla/5.0 (Windows NT 6.1; WOW64; Trident/7.0; rv:11.0) like Gecko"
88.116.203.202 - - [07/Jan/2020:15:29:21 +0100] "GET /css/themes/alphacube.css HTTP/1.1" 304 - "http://renault.activities.at/login" "Mozilla/5.0 (Windows NT 6.1; WOW64; Trident/7.0; rv:11.0) like Gecko"
88.116.203.202 - - [07/Jan/2020:15:29:21 +0100] "GET /images/main_block_border.gif HTTP/1.1" 304 - "http://renault.activities.at/login" "Mozilla/5.0 (Windows NT 6.1; WOW64; Trident/7.0; rv:11.0) like Gecko"
88.116.203.202 - - [07/Jan/2020:15:29:21 +0100] "GET /images/main_block_corner_left_top.gif HTTP/1.1" 304 - "http://renault.activities.at/login" "Mozilla/5.0 (Windows NT 6.1; WOW64; Trident/7.0; rv:11.0) like Gecko"
88.116.203.202 - - [07/Jan/2020:15:29:21 +0100] "GET /images/main_block_corner_right_top.gif HTTP/1.1" 304 - "http://renault.activities.at/login" "Mozilla/5.0 (Windows NT 6.1; WOW64; Trident/7.0; rv:11.0) like Gecko"
88.116.203.202 - - [07/Jan/2020:15:29:21 +0100] "GET /images/main_block_corner_left_bot.gif HTTP/1.1" 304 - "http://renault.activities.at/login" "Mozilla/5.0 (Windows NT 6.1; WOW64; Trident/7.0; rv:11.0) like Gecko"
88.116.203.202 - - [07/Jan/2020:15:29:21 +0100] "GET /images/main_block_corner_right_bot.gif HTTP/1.1" 304 - "http://renault.activities.at/login" "Mozilla/5.0 (Windows NT 6.1; WOW64; Trident/7.0; rv:11.0) like Gecko"
88.116.203.202 - - [07/Jan/2020:15:29:21 +0100] "GET /images/header_block_border.gif HTTP/1.1" 304 - "http://renault.activities.at/login" "Mozilla/5.0 (Windows NT 6.1; WOW64; Trident/7.0; rv:11.0) like Gecko"
88.116.203.202 - - [07/Jan/2020:15:29:21 +0100] "GET /images/header_block_corner_left_top.gif HTTP/1.1" 304 - "http://renault.activities.at/login" "Mozilla/5.0 (Windows NT 6.1; WOW64; Trident/7.0; rv:11.0) like Gecko"
88.116.203.202 - - [07/Jan/2020:15:29:21 +0100] "GET /images/header_block_corner_right_top.gif HTTP/1.1" 304 - "http://renault.activities.at/login" "Mozilla/5.0 (Windows NT 6.1; WOW64; Trident/7.0; rv:11.0) like Gecko"
88.116.203.202 - - [07/Jan/2020:15:29:21 +0100] "GET /images/title_border.jpg HTTP/1.1" 304 - "http://renault.activities.at/login" "Mozilla/5.0 (Windows NT 6.1; WOW64; Trident/7.0; rv:11.0) like Gecko"
88.116.203.202 - - [07/Jan/2020:15:29:21 +0100] "GET /images/title_border_top.jpg HTTP/1.1" 304 - "http://renault.activities.at/login" "Mozilla/5.0 (Windows NT 6.1; WOW64; Trident/7.0; rv:11.0) like Gecko"
88.116.203.202 - - [07/Jan/2020:15:29:21 +0100] "GET /images/title_corner_left_top.jpg HTTP/1.1" 304 - "http://renault.activities.at/login" "Mozilla/5.0 (Windows NT 6.1; WOW64; Trident/7.0; rv:11.0) like Gecko"
88.116.203.202 - - [07/Jan/2020:15:29:21 +0100] "GET /images/title_corner_right_top.jpg HTTP/1.1" 304 - "http://renault.activities.at/login" "Mozilla/5.0 (Windows NT 6.1; WOW64; Trident/7.0; rv:11.0) like Gecko"
88.116.203.202 - - [07/Jan/2020:15:29:21 +0100] "GET /images/button_left_bg.gif HTTP/1.1" 304 - "http://renault.activities.at/login" "Mozilla/5.0 (Windows NT 6.1; WOW64; Trident/7.0; rv:11.0) like Gecko"
88.116.203.202 - - [07/Jan/2020:15:29:21 +0100] "GET /images/button_right_bg.gif HTTP/1.1" 304 - "http://renault.activities.at/login" "Mozilla/5.0 (Windows NT 6.1; WOW64; Trident/7.0; rv:11.0) like Gecko"
88.116.203.202 - - [07/Jan/2020:15:29:21 +0100] "GET /images/button_bg.gif HTTP/1.1" 304 - "http://renault.activities.at/login" "Mozilla/5.0 (Windows NT 6.1; WOW64; Trident/7.0; rv:11.0) like Gecko"
82.135.5.126 - - [07/Jan/2020:15:29:33 +0100] "GET /reload?ser=1578407373920 HTTP/1.1" 200 28 "http://renault.activities.at/result?searchterm=true&search=fahne" "Mozilla/5.0 (Windows NT 10.0; WOW64; Trident/7.0; rv:11.0) like Gecko"
