185.58.53.32 - - [10/Jan/2020:11:44:59 +0100] "GET /images/pager_bg.gif HTTP/1.1" 304 - "http://renault.activities.at/10201442?dir=DESC&mode=grid&order=name&limit=15&page=15" "Mozilla/5.0 (Windows NT 6.1; WOW64; Trident/7.0; rv:11.0) like Gecko"
185.58.53.32 - - [10/Jan/2020:11:44:59 +0100] "GET /images/button_left_bg.gif HTTP/1.1" 304 - "http://renault.activities.at/10201442?dir=DESC&mode=grid&order=name&limit=15&page=15" "Mozilla/5.0 (Windows NT 6.1; WOW64; Trident/7.0; rv:11.0) like Gecko"
185.58.53.32 - - [10/Jan/2020:11:44:59 +0100] "GET /images/sidebar_title_corner_right_top.gif HTTP/1.1" 304 - "http://renault.activities.at/10201442?dir=DESC&mode=grid&order=name&limit=15&page=15" "Mozilla/5.0 (Windows NT 6.1; WOW64; Trident/7.0; rv:11.0) like Gecko"
185.58.53.32 - - [10/Jan/2020:11:44:59 +0100] "GET /images/button_bg.gif HTTP/1.1" 304 - "http://renault.activities.at/10201442?dir=DESC&mode=grid&order=name&limit=15&page=15" "Mozilla/5.0 (Windows NT 6.1; WOW64; Trident/7.0; rv:11.0) like Gecko"
185.58.53.32 - - [10/Jan/2020:11:44:59 +0100] "GET /images/sidebar_title_border.gif HTTP/1.1" 304 - "http://renault.activities.at/10201442?dir=DESC&mode=grid&order=name&limit=15&page=15" "Mozilla/5.0 (Windows NT 6.1; WOW64; Trident/7.0; rv:11.0) like Gecko"
185.58.53.32 - - [10/Jan/2020:11:44:59 +0100] "GET /images/title_corner_right_top.jpg HTTP/1.1" 304 - "http://renault.activities.at/10201442?dir=DESC&mode=grid&order=name&limit=15&page=15" "Mozilla/5.0 (Windows NT 6.1; WOW64; Trident/7.0; rv:11.0) like Gecko"
185.58.53.32 - - [10/Jan/2020:11:44:59 +0100] "GET /images/top_links_divider.gif HTTP/1.1" 304 - "http://renault.activities.at/10201442?dir=DESC&mode=grid&order=name&limit=15&page=15" "Mozilla/5.0 (Windows NT 6.1; WOW64; Trident/7.0; rv:11.0) like Gecko"
185.58.53.32 - - [10/Jan/2020:11:44:59 +0100] "GET /images/nav_divider.gif HTTP/1.1" 304 - "http://renault.activities.at/10201442?dir=DESC&mode=grid&order=name&limit=15&page=15" "Mozilla/5.0 (Windows NT 6.1; WOW64; Trident/7.0; rv:11.0) like Gecko"
185.58.53.32 - - [10/Jan/2020:11:44:59 +0100] "GET /images/vista-dn.gif HTTP/1.1" 304 - "http://renault.activities.at/10201442?dir=DESC&mode=grid&order=name&limit=15&page=15" "Mozilla/5.0 (Windows NT 6.1; WOW64; Trident/7.0; rv:11.0) like Gecko"
185.58.53.32 - - [10/Jan/2020:11:44:59 +0100] "GET /images/title_border_top.jpg HTTP/1.1" 304 - "http://renault.activities.at/10201442?dir=DESC&mode=grid&order=name&limit=15&page=15" "Mozilla/5.0 (Windows NT 6.1; WOW64; Trident/7.0; rv:11.0) like Gecko"
185.58.53.32 - - [10/Jan/2020:11:44:59 +0100] "GET /images/menu_divider.gif HTTP/1.1" 304 - "http://renault.activities.at/10201442?dir=DESC&mode=grid&order=name&limit=15&page=15" "Mozilla/5.0 (Windows NT 6.1; WOW64; Trident/7.0; rv:11.0) like Gecko"
185.58.53.32 - - [10/Jan/2020:11:44:59 +0100] "GET /images/validation_advice_bg.gif HTTP/1.1" 304 - "http://renault.activities.at/10201442?dir=DESC&mode=grid&order=name&limit=15&page=15" "Mozilla/5.0 (Windows NT 6.1; WOW64; Trident/7.0; rv:11.0) like Gecko"
185.58.53.32 - - [10/Jan/2020:11:44:59 +0100] "GET /images/sidebar_title_corner_left_top.gif HTTP/1.1" 304 - "http://renault.activities.at/10201442?dir=DESC&mode=grid&order=name&limit=15&page=15" "Mozilla/5.0 (Windows NT 6.1; WOW64; Trident/7.0; rv:11.0) like Gecko"
185.58.53.32 - - [10/Jan/2020:11:44:59 +0100] "GET /images/button_right_bg.gif HTTP/1.1" 304 - "http://renault.activities.at/10201442?dir=DESC&mode=grid&order=name&limit=15&page=15" "Mozilla/5.0 (Windows NT 6.1; WOW64; Trident/7.0; rv:11.0) like Gecko"
185.58.53.32 - - [10/Jan/2020:11:44:59 +0100] "GET /images/title_corner_left_top.jpg HTTP/1.1" 304 - "http://renault.activities.at/10201442?dir=DESC&mode=grid&order=name&limit=15&page=15" "Mozilla/5.0 (Windows NT 6.1; WOW64; Trident/7.0; rv:11.0) like Gecko"
185.58.53.32 - - [10/Jan/2020:11:44:59 +0100] "GET /images/vista-up.gif HTTP/1.1" 304 - "http://renault.activities.at/10201442?dir=DESC&mode=grid&order=name&limit=15&page=15" "Mozilla/5.0 (Windows NT 6.1; WOW64; Trident/7.0; rv:11.0) like Gecko"
185.58.53.32 - - [10/Jan/2020:11:44:59 +0100] "GET /images/menu_button_bg.jpg HTTP/1.1" 304 - "http://renault.activities.at/10201442?dir=DESC&mode=grid&order=name&limit=15&page=15" "Mozilla/5.0 (Windows NT 6.1; WOW64; Trident/7.0; rv:11.0) like Gecko"
185.58.53.32 - - [10/Jan/2020:11:44:59 +0100] "GET /images/title_border.jpg HTTP/1.1" 304 - "http://renault.activities.at/10201442?dir=DESC&mode=grid&order=name&limit=15&page=15" "Mozilla/5.0 (Windows NT 6.1; WOW64; Trident/7.0; rv:11.0) like Gecko"
185.58.53.32 - - [10/Jan/2020:11:44:59 +0100] "GET /images/footer_divider.gif HTTP/1.1" 304 - "http://renault.activities.at/10201442?dir=DESC&mode=grid&order=name&limit=15&page=15" "Mozilla/5.0 (Windows NT 6.1; WOW64; Trident/7.0; rv:11.0) like Gecko"
185.58.53.32 - - [10/Jan/2020:11:44:59 +0100] "GET /images/sidebar_title_border_top.gif HTTP/1.1" 304 - "http://renault.activities.at/10201442?dir=DESC&mode=grid&order=name&limit=15&page=15" "Mozilla/5.0 (Windows NT 6.1; WOW64; Trident/7.0; rv:11.0) like Gecko"
185.58.53.32 - - [10/Jan/2020:11:44:59 +0100] "GET /images/sub_title_bg.jpg HTTP/1.1" 304 - "http://renault.activities.at/10201442?dir=DESC&mode=grid&order=name&limit=15&page=15" "Mozilla/5.0 (Windows NT 6.1; WOW64; Trident/7.0; rv:11.0) like Gecko"
185.58.53.32 - - [10/Jan/2020:11:44:59 +0100] "GET /loadthumbnail.php?id=11489779&width=113 HTTP/1.1" 200 1080 "http://renault.activities.at/10201442?dir=DESC&mode=grid&order=name&limit=15&page=15" "Mozilla/5.0 (Windows NT 6.1; WOW64; Trident/7.0; rv:11.0) like Gecko"
185.58.53.32 - - [10/Jan/2020:11:44:59 +0100] "GET /loadthumbnail.php?id=11434114&width=113 HTTP/1.1" 200 4564 "http://renault.activities.at/10201442?dir=DESC&mode=grid&order=name&limit=15&page=15" "Mozilla/5.0 (Windows NT 6.1; WOW64; Trident/7.0; rv:11.0) like Gecko"
185.58.53.32 - - [10/Jan/2020:11:44:59 +0100] "GET /loadthumbnail.php?id=12029408&width=113 HTTP/1.1" 200 2367 "http://renault.activities.at/10201442?dir=DESC&mode=grid&order=name&limit=15&page=15" "Mozilla/5.0 (Windows NT 6.1; WOW64; Trident/7.0; rv:11.0) like Gecko"
185.58.53.32 - - [10/Jan/2020:11:44:59 +0100] "GET /loadthumbnail.php?id=10745359&width=113 HTTP/1.1" 200 4202 "http://renault.activities.at/10201442?dir=DESC&mode=grid&order=name&limit=15&page=15" "Mozilla/5.0 (Windows NT 6.1; WOW64; Trident/7.0; rv:11.0) like Gecko"
185.58.53.32 - - [10/Jan/2020:11:44:59 +0100] "GET /loadthumbnail.php?id=12101507&width=113 HTTP/1.1" 200 3189 "http://renault.activities.at/10201442?dir=DESC&mode=grid&order=name&limit=15&page=15" "Mozilla/5.0 (Windows NT 6.1; WOW64; Trident/7.0; rv:11.0) like Gecko"
213.153.47.173 - - [10/Jan/2020:11:44:59 +0100] "GET /reload?ser=1578653099721 HTTP/1.1" 200 28 "http://renault.activities.at/login?required=true" "Mozilla/5.0 (Windows NT 10.0; Win64; x64; rv:72.0) Gecko/20100101 Firefox/72.0"
80.122.221.194 - - [10/Jan/2020:11:45:26 +0100] "GET /reload?ser=1578653126939 HTTP/1.1" 200 28 "http://renault.activities.at/success" "Mozilla/5.0 (Windows NT 10.0; Win64; x64) AppleWebKit/537.36 (KHTML, like Gecko) Chrome/70.0.3538.102 Safari/537.36 Edge/18.18363"
80.123.225.38 - - [10/Jan/2020:11:45:32 +0100] "GET /reload?ser=1578653132894 HTTP/1.1" 200 28 "http://renault.activities.at/address" "Mozilla/5.0 (Windows NT 10.0; Win64; x64) AppleWebKit/537.36 (KHTML, like Gecko) Chrome/79.0.3945.117 Safari/537.36"
80.123.225.38 - - [10/Jan/2020:11:45:51 +0100] "GET /reload?ser=1578653152795 HTTP/1.1" 200 28 "http://renault.activities.at/success" "Mozilla/5.0 (Windows NT 10.0; WOW64; Trident/7.0; rv:11.0) like Gecko"
185.58.53.32 - - [10/Jan/2020:11:45:54 +0100] "GET /images/vista-up-hover.gif HTTP/1.1" 304 - "http://renault.activities.at/10201442?dir=DESC&mode=grid&order=name&limit=15&page=15" "Mozilla/5.0 (Windows NT 6.1; WOW64; Trident/7.0; rv:11.0) like Gecko"
80.122.53.230 - - [10/Jan/2020:11:45:54 +0100] "GET /reload?ser=1578653155400 HTTP/1.1" 200 28 "http://renault.activities.at/login" "Mozilla/5.0 (Windows NT 10.0; WOW64; Trident/7.0; rv:11.0) like Gecko"
185.58.53.32 - - [10/Jan/2020:11:45:59 +0100] "GET /reload?ser=1578652837570 HTTP/1.1" 200 28 "http://renault.activities.at/10201442?dir=DESC&mode=grid&order=name&limit=15&page=15" "Mozilla/5.0 (Windows NT 6.1; WOW64; Trident/7.0; rv:11.0) like Gecko"
213.153.47.173 - - [10/Jan/2020:11:46:00 +0100] "GET /reload?ser=1578653160382 HTTP/1.1" 200 28 "http://renault.activities.at/login?required=true" "Mozilla/5.0 (Windows NT 10.0; Win64; x64; rv:72.0) Gecko/20100101 Firefox/72.0"
80.122.221.194 - - [10/Jan/2020:11:46:27 +0100] "GET /reload?ser=1578653187932 HTTP/1.1" 200 28 "http://renault.activities.at/success" "Mozilla/5.0 (Windows NT 10.0; Win64; x64) AppleWebKit/537.36 (KHTML, like Gecko) Chrome/70.0.3538.102 Safari/537.36 Edge/18.18363"
80.123.225.38 - - [10/Jan/2020:11:46:33 +0100] "GET /reload?ser=1578653193903 HTTP/1.1" 200 28 "http://renault.activities.at/address" "Mozilla/5.0 (Windows NT 10.0; Win64; x64) AppleWebKit/537.36 (KHTML, like Gecko) Chrome/79.0.3945.117 Safari/537.36"
80.123.225.38 - - [10/Jan/2020:11:46:52 +0100] "GET /reload?ser=1578653213766 HTTP/1.1" 200 28 "http://renault.activities.at/success" "Mozilla/5.0 (Windows NT 10.0; WOW64; Trident/7.0; rv:11.0) like Gecko"
80.122.53.230 - - [10/Jan/2020:11:46:55 +0100] "GET /reload?ser=1578653216053 HTTP/1.1" 200 28 "http://renault.activities.at/login" "Mozilla/5.0 (Windows NT 10.0; WOW64; Trident/7.0; rv:11.0) like Gecko"
185.58.53.32 - - [10/Jan/2020:11:47:00 +0100] "GET /reload?ser=1578652898516 HTTP/1.1" 200 28 "http://renault.activities.at/10201442?dir=DESC&mode=grid&order=name&limit=15&page=15" "Mozilla/5.0 (Windows NT 6.1; WOW64; Trident/7.0; rv:11.0) like Gecko"
213.153.47.173 - - [10/Jan/2020:11:47:00 +0100] "GET /reload?ser=1578653221032 HTTP/1.1" 200 28 "http://renault.activities.at/login?required=true" "Mozilla/5.0 (Windows NT 10.0; Win64; x64; rv:72.0) Gecko/20100101 Firefox/72.0"
80.122.221.194 - - [10/Jan/2020:11:47:28 +0100] "GET /reload?ser=1578653248947 HTTP/1.1" 200 28 "http://renault.activities.at/success" "Mozilla/5.0 (Windows NT 10.0; Win64; x64) AppleWebKit/537.36 (KHTML, like Gecko) Chrome/70.0.3538.102 Safari/537.36 Edge/18.18363"
80.123.225.38 - - [10/Jan/2020:11:47:34 +0100] "GET /reload?ser=1578653254906 HTTP/1.1" 200 28 "http://renault.activities.at/address" "Mozilla/5.0 (Windows NT 10.0; Win64; x64) AppleWebKit/537.36 (KHTML, like Gecko) Chrome/79.0.3945.117 Safari/537.36"
213.153.47.173 - - [10/Jan/2020:11:47:41 +0100] "GET /layout.php HTTP/1.1" 200 1558 "-" "Mozilla/5.0 (Windows NT 10.0; Win64; x64) AppleWebKit/537.36 (KHTML, like Gecko) Chrome/78.0.3904.108 Safari/537.36 OPR/65.0.3467.78"
213.153.47.173 - - [10/Jan/2020:11:47:41 +0100] "GET /images/favicon.ico HTTP/1.1" 404 305 "-" "Mozilla/5.0 (Windows NT 10.0; Win64; x64) AppleWebKit/537.36 (KHTML, like Gecko) Chrome/78.0.3904.108 Safari/537.36 OPR/65.0.3467.78"
80.123.225.38 - - [10/Jan/2020:11:47:53 +0100] "GET /reload?ser=1578653274716 HTTP/1.1" 200 28 "http://renault.activities.at/success" "Mozilla/5.0 (Windows NT 10.0; WOW64; Trident/7.0; rv:11.0) like Gecko"
80.122.53.230 - - [10/Jan/2020:11:47:55 +0100] "GET /reload?ser=1578653276703 HTTP/1.1" 200 28 "http://renault.activities.at/login" "Mozilla/5.0 (Windows NT 10.0; WOW64; Trident/7.0; rv:11.0) like Gecko"
213.153.47.173 - - [10/Jan/2020:11:48:01 +0100] "GET /reload?ser=1578653281690 HTTP/1.1" 200 28 "http://renault.activities.at/login?required=true" "Mozilla/5.0 (Windows NT 10.0; Win64; x64; rv:72.0) Gecko/20100101 Firefox/72.0"
185.58.53.32 - - [10/Jan/2020:11:48:01 +0100] "GET /reload?ser=1578652959470 HTTP/1.1" 200 28 "http://renault.activities.at/10201442?dir=DESC&mode=grid&order=name&limit=15&page=15" "Mozilla/5.0 (Windows NT 6.1; WOW64; Trident/7.0; rv:11.0) like Gecko"
80.122.221.194 - - [10/Jan/2020:11:48:29 +0100] "GET /reload?ser=1578653309941 HTTP/1.1" 200 28 "http://renault.activities.at/success" "Mozilla/5.0 (Windows NT 10.0; Win64; x64) AppleWebKit/537.36 (KHTML, like Gecko) Chrome/70.0.3538.102 Safari/537.36 Edge/18.18363"
80.123.225.38 - - [10/Jan/2020:11:48:35 +0100] "GET /reload?ser=1578653315894 HTTP/1.1" 200 28 "http://renault.activities.at/address" "Mozilla/5.0 (Windows NT 10.0; Win64; x64) AppleWebKit/537.36 (KHTML, like Gecko) Chrome/79.0.3945.117 Safari/537.36"
80.123.225.38 - - [10/Jan/2020:11:48:54 +0100] "GET /reload?ser=1578653335717 HTTP/1.1" 200 28 "http://renault.activities.at/success" "Mozilla/5.0 (Windows NT 10.0; WOW64; Trident/7.0; rv:11.0) like Gecko"
80.122.53.230 - - [10/Jan/2020:11:48:56 +0100] "GET /reload?ser=1578653337365 HTTP/1.1" 200 28 "http://renault.activities.at/login" "Mozilla/5.0 (Windows NT 10.0; WOW64; Trident/7.0; rv:11.0) like Gecko"
213.153.47.173 - - [10/Jan/2020:11:49:02 +0100] "GET /reload?ser=1578653342341 HTTP/1.1" 200 28 "http://renault.activities.at/login?required=true" "Mozilla/5.0 (Windows NT 10.0; Win64; x64; rv:72.0) Gecko/20100101 Firefox/72.0"
185.58.53.32 - - [10/Jan/2020:11:49:02 +0100] "GET /reload?ser=1578653020413 HTTP/1.1" 200 28 "http://renault.activities.at/10201442?dir=DESC&mode=grid&order=name&limit=15&page=15" "Mozilla/5.0 (Windows NT 6.1; WOW64; Trident/7.0; rv:11.0) like Gecko"
91.114.99.206 - - [10/Jan/2020:11:49:12 +0100] "GET /login HTTP/1.1" 200 2085 "-" "Mozilla/5.0 (Windows NT 6.1; Win64; x64) AppleWebKit/537.36 (KHTML, like Gecko) Chrome/79.0.3945.117 Safari/537.36"
91.114.99.206 - - [10/Jan/2020:11:49:13 +0100] "GET /loadthumbnail.php?id=11127982 HTTP/1.1" 200 399614 "http://renault.activities.at/login" "Mozilla/5.0 (Windows NT 6.1; Win64; x64) AppleWebKit/537.36 (KHTML, like Gecko) Chrome/79.0.3945.117 Safari/537.36"
91.114.99.206 - - [10/Jan/2020:11:49:14 +0100] "GET /images/favicon.ico HTTP/1.1" 404 305 "http://renault.activities.at/login" "Mozilla/5.0 (Windows NT 6.1; Win64; x64) AppleWebKit/537.36 (KHTML, like Gecko) Chrome/79.0.3945.117 Safari/537.36"
91.114.99.206 - - [10/Jan/2020:11:49:18 +0100] "POST /login HTTP/1.1" 302 140 "http://renault.activities.at/login" "Mozilla/5.0 (Windows NT 6.1; Win64; x64) AppleWebKit/537.36 (KHTML, like Gecko) Chrome/79.0.3945.117 Safari/537.36"
91.114.99.206 - - [10/Jan/2020:11:49:20 +0100] "GET /account HTTP/1.1" 200 6034 "http://renault.activities.at/login" "Mozilla/5.0 (Windows NT 6.1; Win64; x64) AppleWebKit/537.36 (KHTML, like Gecko) Chrome/79.0.3945.117 Safari/537.36"
91.114.99.206 - - [10/Jan/2020:11:49:23 +0100] "GET /loadthumbnail.php?id=10269569&width=50&height=50 HTTP/1.1" 200 774 "http://renault.activities.at/account" "Mozilla/5.0 (Windows NT 6.1; Win64; x64) AppleWebKit/537.36 (KHTML, like Gecko) Chrome/79.0.3945.117 Safari/537.36"
91.114.99.206 - - [10/Jan/2020:11:49:23 +0100] "GET /loadthumbnail.php?id=12094749&width=50&height=50 HTTP/1.1" 200 3578 "http://renault.activities.at/account" "Mozilla/5.0 (Windows NT 6.1; Win64; x64) AppleWebKit/537.36 (KHTML, like Gecko) Chrome/79.0.3945.117 Safari/537.36"
91.114.99.206 - - [10/Jan/2020:11:49:26 +0100] "GET /result?searchterm=true&search=clio HTTP/1.1" 200 8539 "http://renault.activities.at/account" "Mozilla/5.0 (Windows NT 6.1; Win64; x64) AppleWebKit/537.36 (KHTML, like Gecko) Chrome/79.0.3945.117 Safari/537.36"
91.114.99.206 - - [10/Jan/2020:11:49:27 +0100] "POST /axjaxrequest?mode=suggest HTTP/1.1" 200 109 "http://renault.activities.at/account" "Mozilla/5.0 (Windows NT 6.1; Win64; x64) AppleWebKit/537.36 (KHTML, like Gecko) Chrome/79.0.3945.117 Safari/537.36"
80.122.221.194 - - [10/Jan/2020:11:49:30 +0100] "GET /reload?ser=1578653370942 HTTP/1.1" 200 28 "http://renault.activities.at/success" "Mozilla/5.0 (Windows NT 10.0; Win64; x64) AppleWebKit/537.36 (KHTML, like Gecko) Chrome/70.0.3538.102 Safari/537.36 Edge/18.18363"
91.114.99.206 - - [10/Jan/2020:11:49:28 +0100] "GET /result?searchterm=true&search=clio HTTP/1.1" 200 8539 "http://renault.activities.at/account" "Mozilla/5.0 (Windows NT 6.1; Win64; x64) AppleWebKit/537.36 (KHTML, like Gecko) Chrome/79.0.3945.117 Safari/537.36"
91.114.99.206 - - [10/Jan/2020:11:49:34 +0100] "GET /loadthumbnail.php?id=10203276 HTTP/1.1" 200 75 "http://renault.activities.at/result?searchterm=true&search=clio" "Mozilla/5.0 (Windows NT 6.1; Win64; x64) AppleWebKit/537.36 (KHTML, like Gecko) Chrome/79.0.3945.117 Safari/537.36"
91.114.99.206 - - [10/Jan/2020:11:49:34 +0100] "GET /loadthumbnail.php?id=12174374&width=113 HTTP/1.1" 200 6146 "http://renault.activities.at/result?searchterm=true&search=clio" "Mozilla/5.0 (Windows NT 6.1; Win64; x64) AppleWebKit/537.36 (KHTML, like Gecko) Chrome/79.0.3945.117 Safari/537.36"
91.114.99.206 - - [10/Jan/2020:11:49:34 +0100] "GET /loadthumbnail.php?id=12174372&width=113 HTTP/1.1" 200 5610 "http://renault.activities.at/result?searchterm=true&search=clio" "Mozilla/5.0 (Windows NT 6.1; Win64; x64) AppleWebKit/537.36 (KHTML, like Gecko) Chrome/79.0.3945.117 Safari/537.36"
91.114.99.206 - - [10/Jan/2020:11:49:34 +0100] "GET /loadthumbnail.php?id=11760072&width=113 HTTP/1.1" 200 22371 "http://renault.activities.at/result?searchterm=true&search=clio" "Mozilla/5.0 (Windows NT 6.1; Win64; x64) AppleWebKit/537.36 (KHTML, like Gecko) Chrome/79.0.3945.117 Safari/537.36"
91.114.99.206 - - [10/Jan/2020:11:49:34 +0100] "GET /loadthumbnail.php?id=10203255 HTTP/1.1" 200 137 "http://renault.activities.at/result?searchterm=true&search=clio" "Mozilla/5.0 (Windows NT 6.1; Win64; x64) AppleWebKit/537.36 (KHTML, like Gecko) Chrome/79.0.3945.117 Safari/537.36"
91.114.99.206 - - [10/Jan/2020:11:49:34 +0100] "GET /loadthumbnail.php?id=12064387&width=113 HTTP/1.1" 200 3233 "http://renault.activities.at/result?searchterm=true&search=clio" "Mozilla/5.0 (Windows NT 6.1; Win64; x64) AppleWebKit/537.36 (KHTML, like Gecko) Chrome/79.0.3945.117 Safari/537.36"
91.114.99.206 - - [10/Jan/2020:11:49:34 +0100] "GET /loadthumbnail.php?id=11181187&width=113 HTTP/1.1" 200 1532 "http://renault.activities.at/result?searchterm=true&search=clio" "Mozilla/5.0 (Windows NT 6.1; Win64; x64) AppleWebKit/537.36 (KHTML, like Gecko) Chrome/79.0.3945.117 Safari/537.36"
91.114.99.206 - - [10/Jan/2020:11:49:34 +0100] "GET /loadthumbnail.php?id=11181180&width=113 HTTP/1.1" 200 1834 "http://renault.activities.at/result?searchterm=true&search=clio" "Mozilla/5.0 (Windows NT 6.1; Win64; x64) AppleWebKit/537.36 (KHTML, like Gecko) Chrome/79.0.3945.117 Safari/537.36"
91.114.99.206 - - [10/Jan/2020:11:49:34 +0100] "GET /loadthumbnail.php?id=11181185&width=113 HTTP/1.1" 200 1532 "http://renault.activities.at/result?searchterm=true&search=clio" "Mozilla/5.0 (Windows NT 6.1; Win64; x64) AppleWebKit/537.36 (KHTML, like Gecko) Chrome/79.0.3945.117 Safari/537.36"
91.114.99.206 - - [10/Jan/2020:11:49:34 +0100] "GET /loadthumbnail.php?id=12094699&width=113 HTTP/1.1" 200 1921 "http://renault.activities.at/result?searchterm=true&search=clio" "Mozilla/5.0 (Windows NT 6.1; Win64; x64) AppleWebKit/537.36 (KHTML, like Gecko) Chrome/79.0.3945.117 Safari/537.36"
91.114.99.206 - - [10/Jan/2020:11:49:34 +0100] "GET /loadthumbnail.php?id=11181178&width=113 HTTP/1.1" 200 1834 "http://renault.activities.at/result?searchterm=true&search=clio" "Mozilla/5.0 (Windows NT 6.1; Win64; x64) AppleWebKit/537.36 (KHTML, like Gecko) Chrome/79.0.3945.117 Safari/537.36"
91.114.99.206 - - [10/Jan/2020:11:49:34 +0100] "GET /loadthumbnail.php?id=10203650&width=113 HTTP/1.1" 200 2741 "http://renault.activities.at/result?searchterm=true&search=clio" "Mozilla/5.0 (Windows NT 6.1; Win64; x64) AppleWebKit/537.36 (KHTML, like Gecko) Chrome/79.0.3945.117 Safari/537.36"
91.114.99.206 - - [10/Jan/2020:11:49:34 +0100] "GET /loadthumbnail.php?id=12094698&width=113 HTTP/1.1" 200 1921 "http://renault.activities.at/result?searchterm=true&search=clio" "Mozilla/5.0 (Windows NT 6.1; Win64; x64) AppleWebKit/537.36 (KHTML, like Gecko) Chrome/79.0.3945.117 Safari/537.36"
91.114.99.206 - - [10/Jan/2020:11:49:34 +0100] "GET /loadthumbnail.php?id=11181168&width=113 HTTP/1.1" 200 847 "http://renault.activities.at/result?searchterm=true&search=clio" "Mozilla/5.0 (Windows NT 6.1; Win64; x64) AppleWebKit/537.36 (KHTML, like Gecko) Chrome/79.0.3945.117 Safari/537.36"
91.114.99.206 - - [10/Jan/2020:11:49:34 +0100] "GET /loadthumbnail.php?id=11181170&width=113 HTTP/1.1" 200 1576 "http://renault.activities.at/result?searchterm=true&search=clio" "Mozilla/5.0 (Windows NT 6.1; Win64; x64) AppleWebKit/537.36 (KHTML, like Gecko) Chrome/79.0.3945.117 Safari/537.36"
91.114.99.206 - - [10/Jan/2020:11:49:34 +0100] "GET /loadthumbnail.php?id=11181166&width=113 HTTP/1.1" 200 847 "http://renault.activities.at/result?searchterm=true&search=clio" "Mozilla/5.0 (Windows NT 6.1; Win64; x64) AppleWebKit/537.36 (KHTML, like Gecko) Chrome/79.0.3945.117 Safari/537.36"
91.114.99.206 - - [10/Jan/2020:11:49:34 +0100] "GET /loadthumbnail.php?id=11181172&width=113 HTTP/1.1" 200 1576 "http://renault.activities.at/result?searchterm=true&search=clio" "Mozilla/5.0 (Windows NT 6.1; Win64; x64) AppleWebKit/537.36 (KHTML, like Gecko) Chrome/79.0.3945.117 Safari/537.36"
80.123.225.38 - - [10/Jan/2020:11:49:36 +0100] "GET /reload?ser=1578653376896 HTTP/1.1" 200 28 "http://renault.activities.at/address" "Mozilla/5.0 (Windows NT 10.0; Win64; x64) AppleWebKit/537.36 (KHTML, like Gecko) Chrome/79.0.3945.117 Safari/537.36"
91.114.99.206 - - [10/Jan/2020:11:49:39 +0100] "GET /result?dir=DESC&mode=grid&order=name&limit=15&page=2&search=clio HTTP/1.1" 200 6815 "http://renault.activities.at/result?searchterm=true&search=clio" "Mozilla/5.0 (Windows NT 6.1; Win64; x64) AppleWebKit/537.36 (KHTML, like Gecko) Chrome/79.0.3945.117 Safari/537.36"
91.114.99.206 - - [10/Jan/2020:11:49:41 +0100] "GET /loadthumbnail.php?id=10203275 HTTP/1.1" 200 85 "http://renault.activities.at/result?dir=DESC&mode=grid&order=name&limit=15&page=2&search=clio" "Mozilla/5.0 (Windows NT 6.1; Win64; x64) AppleWebKit/537.36 (KHTML, like Gecko) Chrome/79.0.3945.117 Safari/537.36"
91.114.99.206 - - [10/Jan/2020:11:49:41 +0100] "GET /loadthumbnail.php?id=12088624&width=113 HTTP/1.1" 200 2886 "http://renault.activities.at/result?dir=DESC&mode=grid&order=name&limit=15&page=2&search=clio" "Mozilla/5.0 (Windows NT 6.1; Win64; x64) AppleWebKit/537.36 (KHTML, like Gecko) Chrome/79.0.3945.117 Safari/537.36"
91.114.99.206 - - [10/Jan/2020:11:49:41 +0100] "GET /loadthumbnail.php?id=12023913&width=113 HTTP/1.1" 200 3224 "http://renault.activities.at/result?dir=DESC&mode=grid&order=name&limit=15&page=2&search=clio" "Mozilla/5.0 (Windows NT 6.1; Win64; x64) AppleWebKit/537.36 (KHTML, like Gecko) Chrome/79.0.3945.117 Safari/537.36"
91.114.99.206 - - [10/Jan/2020:11:49:41 +0100] "GET /loadthumbnail.php?id=11141133&width=113 HTTP/1.1" 200 1050 "http://renault.activities.at/result?dir=DESC&mode=grid&order=name&limit=15&page=2&search=clio" "Mozilla/5.0 (Windows NT 6.1; Win64; x64) AppleWebKit/537.36 (KHTML, like Gecko) Chrome/79.0.3945.117 Safari/537.36"
91.114.99.206 - - [10/Jan/2020:11:49:42 +0100] "GET /loadthumbnail.php?id=12127770&width=113 HTTP/1.1" 200 3147 "http://renault.activities.at/result?dir=DESC&mode=grid&order=name&limit=15&page=2&search=clio" "Mozilla/5.0 (Windows NT 6.1; Win64; x64) AppleWebKit/537.36 (KHTML, like Gecko) Chrome/79.0.3945.117 Safari/537.36"
91.114.99.206 - - [10/Jan/2020:11:49:41 +0100] "GET /loadthumbnail.php?id=12137758&width=113 HTTP/1.1" 200 36121 "http://renault.activities.at/result?dir=DESC&mode=grid&order=name&limit=15&page=2&search=clio" "Mozilla/5.0 (Windows NT 6.1; Win64; x64) AppleWebKit/537.36 (KHTML, like Gecko) Chrome/79.0.3945.117 Safari/537.36"
91.114.99.206 - - [10/Jan/2020:11:49:42 +0100] "GET /loadthumbnail.php?id=11819630&width=113 HTTP/1.1" 200 2902 "http://renault.activities.at/result?dir=DESC&mode=grid&order=name&limit=15&page=2&search=clio" "Mozilla/5.0 (Windows NT 6.1; Win64; x64) AppleWebKit/537.36 (KHTML, like Gecko) Chrome/79.0.3945.117 Safari/537.36"
91.114.99.206 - - [10/Jan/2020:11:49:48 +0100] "POST /result?dir=DESC&mode=grid&order=name&limit=15&page=2&search=clio HTTP/1.1" 200 7002 "http://renault.activities.at/result?dir=DESC&mode=grid&order=name&limit=15&page=2&search=clio" "Mozilla/5.0 (Windows NT 6.1; Win64; x64) AppleWebKit/537.36 (KHTML, like Gecko) Chrome/79.0.3945.117 Safari/537.36"
91.114.99.206 - - [10/Jan/2020:11:49:53 +0100] "GET /result?searchterm=true&search=coc HTTP/1.1" 200 6136 "http://renault.activities.at/result?dir=DESC&mode=grid&order=name&limit=15&page=2&search=clio" "Mozilla/5.0 (Windows NT 6.1; Win64; x64) AppleWebKit/537.36 (KHTML, like Gecko) Chrome/79.0.3945.117 Safari/537.36"
91.114.99.206 - - [10/Jan/2020:11:49:55 +0100] "GET /loadthumbnail.php?id=11776453&width=113 HTTP/1.1" 200 1248 "http://renault.activities.at/result?searchterm=true&search=coc" "Mozilla/5.0 (Windows NT 6.1; Win64; x64) AppleWebKit/537.36 (KHTML, like Gecko) Chrome/79.0.3945.117 Safari/537.36"
91.114.99.206 - - [10/Jan/2020:11:49:55 +0100] "GET /loadthumbnail.php?id=11146700&width=113 HTTP/1.1" 200 1415 "http://renault.activities.at/result?searchterm=true&search=coc" "Mozilla/5.0 (Windows NT 6.1; Win64; x64) AppleWebKit/537.36 (KHTML, like Gecko) Chrome/79.0.3945.117 Safari/537.36"
80.123.225.38 - - [10/Jan/2020:11:49:55 +0100] "GET /reload?ser=1578653396689 HTTP/1.1" 200 28 "http://renault.activities.at/success" "Mozilla/5.0 (Windows NT 10.0; WOW64; Trident/7.0; rv:11.0) like Gecko"
91.114.99.206 - - [10/Jan/2020:11:49:53 +0100] "POST /axjaxrequest?mode=suggest HTTP/1.1" 200 153 "http://renault.activities.at/result?dir=DESC&mode=grid&order=name&limit=15&page=2&search=clio" "Mozilla/5.0 (Windows NT 6.1; Win64; x64) AppleWebKit/537.36 (KHTML, like Gecko) Chrome/79.0.3945.117 Safari/537.36"
213.153.47.173 - - [10/Jan/2020:11:50:02 +0100] "GET /reload?ser=1578653403000 HTTP/1.1" 200 28 "http://renault.activities.at/login?required=true" "Mozilla/5.0 (Windows NT 10.0; Win64; x64; rv:72.0) Gecko/20100101 Firefox/72.0"
91.114.99.206 - - [10/Jan/2020:11:50:01 +0100] "POST /result?searchterm=true&search=coc HTTP/1.1" 200 6241 "http://renault.activities.at/result?searchterm=true&search=coc" "Mozilla/5.0 (Windows NT 6.1; Win64; x64) AppleWebKit/537.36 (KHTML, like Gecko) Chrome/79.0.3945.117 Safari/537.36"
185.58.53.32 - - [10/Jan/2020:11:50:03 +0100] "GET /reload?ser=1578653081340 HTTP/1.1" 200 28 "http://renault.activities.at/10201442?dir=DESC&mode=grid&order=name&limit=15&page=15" "Mozilla/5.0 (Windows NT 6.1; WOW64; Trident/7.0; rv:11.0) like Gecko"
91.114.99.206 - - [10/Jan/2020:11:50:16 +0100] "POST /result?searchterm=true&search=coc HTTP/1.1" 200 6240 "http://renault.activities.at/result?searchterm=true&search=coc" "Mozilla/5.0 (Windows NT 6.1; Win64; x64) AppleWebKit/537.36 (KHTML, like Gecko) Chrome/79.0.3945.117 Safari/537.36"
91.114.99.206 - - [10/Jan/2020:11:50:23 +0100] "POST /result?searchterm=true&search=coc HTTP/1.1" 200 6240 "http://renault.activities.at/result?searchterm=true&search=coc" "Mozilla/5.0 (Windows NT 6.1; Win64; x64) AppleWebKit/537.36 (KHTML, like Gecko) Chrome/79.0.3945.117 Safari/537.36"
91.114.99.206 - - [10/Jan/2020:11:50:30 +0100] "POST /result?searchterm=true&search=coc HTTP/1.1" 200 6240 "http://renault.activities.at/result?searchterm=true&search=coc" "Mozilla/5.0 (Windows NT 6.1; Win64; x64) AppleWebKit/537.36 (KHTML, like Gecko) Chrome/79.0.3945.117 Safari/537.36"
80.122.221.194 - - [10/Jan/2020:11:50:31 +0100] "GET /reload?ser=1578653431935 HTTP/1.1" 200 28 "http://renault.activities.at/success" "Mozilla/5.0 (Windows NT 10.0; Win64; x64) AppleWebKit/537.36 (KHTML, like Gecko) Chrome/70.0.3538.102 Safari/537.36 Edge/18.18363"
91.114.99.206 - - [10/Jan/2020:11:50:34 +0100] "GET /cart HTTP/1.1" 200 5411 "http://renault.activities.at/result?searchterm=true&search=coc" "Mozilla/5.0 (Windows NT 6.1; Win64; x64) AppleWebKit/537.36 (KHTML, like Gecko) Chrome/79.0.3945.117 Safari/537.36"
91.114.99.206 - - [10/Jan/2020:11:50:37 +0100] "GET /loadthumbnail.php?id=12127770&width=100 HTTP/1.1" 200 2646 "http://renault.activities.at/cart" "Mozilla/5.0 (Windows NT 6.1; Win64; x64) AppleWebKit/537.36 (KHTML, like Gecko) Chrome/79.0.3945.117 Safari/537.36"
91.114.99.206 - - [10/Jan/2020:11:50:37 +0100] "GET /loadthumbnail.php?id=10232009&width=16&height=16 HTTP/1.1" 200 700 "http://renault.activities.at/cart" "Mozilla/5.0 (Windows NT 6.1; Win64; x64) AppleWebKit/537.36 (KHTML, like Gecko) Chrome/79.0.3945.117 Safari/537.36"
91.114.99.206 - - [10/Jan/2020:11:50:37 +0100] "GET /loadthumbnail.php?id=11146700&width=100 HTTP/1.1" 200 1235 "http://renault.activities.at/cart" "Mozilla/5.0 (Windows NT 6.1; Win64; x64) AppleWebKit/537.36 (KHTML, like Gecko) Chrome/79.0.3945.117 Safari/537.36"
91.114.99.206 - - [10/Jan/2020:11:50:37 +0100] "GET /loadthumbnail.php?id=11776453&width=100 HTTP/1.1" 200 1186 "http://renault.activities.at/cart" "Mozilla/5.0 (Windows NT 6.1; Win64; x64) AppleWebKit/537.36 (KHTML, like Gecko) Chrome/79.0.3945.117 Safari/537.36"
80.123.225.38 - - [10/Jan/2020:11:50:37 +0100] "GET /reload?ser=1578653437895 HTTP/1.1" 200 28 "http://renault.activities.at/address" "Mozilla/5.0 (Windows NT 10.0; Win64; x64) AppleWebKit/537.36 (KHTML, like Gecko) Chrome/79.0.3945.117 Safari/537.36"
80.123.225.38 - - [10/Jan/2020:11:50:56 +0100] "GET /reload?ser=1578653457703 HTTP/1.1" 200 28 "http://renault.activities.at/success" "Mozilla/5.0 (Windows NT 10.0; WOW64; Trident/7.0; rv:11.0) like Gecko"
91.114.99.206 - - [10/Jan/2020:11:50:56 +0100] "POST /cart HTTP/1.1" 200 5464 "http://renault.activities.at/cart" "Mozilla/5.0 (Windows NT 6.1; Win64; x64) AppleWebKit/537.36 (KHTML, like Gecko) Chrome/79.0.3945.117 Safari/537.36"
213.153.47.173 - - [10/Jan/2020:11:51:03 +0100] "GET /reload?ser=1578653463654 HTTP/1.1" 200 28 "http://renault.activities.at/login?required=true" "Mozilla/5.0 (Windows NT 10.0; Win64; x64; rv:72.0) Gecko/20100101 Firefox/72.0"
91.114.99.206 - - [10/Jan/2020:11:51:02 +0100] "GET /result?searchterm=true&search=service HTTP/1.1" 200 8405 "http://renault.activities.at/cart" "Mozilla/5.0 (Windows NT 6.1; Win64; x64) AppleWebKit/537.36 (KHTML, like Gecko) Chrome/79.0.3945.117 Safari/537.36"
185.58.53.32 - - [10/Jan/2020:11:51:04 +0100] "GET /reload?ser=1578653142305 HTTP/1.1" 200 28 "http://renault.activities.at/10201442?dir=DESC&mode=grid&order=name&limit=15&page=15" "Mozilla/5.0 (Windows NT 6.1; WOW64; Trident/7.0; rv:11.0) like Gecko"
91.114.99.206 - - [10/Jan/2020:11:51:05 +0100] "GET /loadthumbnail.php?id=11461719&width=113 HTTP/1.1" 200 32753 "http://renault.activities.at/result?searchterm=true&search=service" "Mozilla/5.0 (Windows NT 6.1; Win64; x64) AppleWebKit/537.36 (KHTML, like Gecko) Chrome/79.0.3945.117 Safari/537.36"
91.114.99.206 - - [10/Jan/2020:11:51:05 +0100] "GET /loadthumbnail.php?id=11075492&width=113 HTTP/1.1" 200 2349 "http://renault.activities.at/result?searchterm=true&search=service" "Mozilla/5.0 (Windows NT 6.1; Win64; x64) AppleWebKit/537.36 (KHTML, like Gecko) Chrome/79.0.3945.117 Safari/537.36"
91.114.99.206 - - [10/Jan/2020:11:51:05 +0100] "GET /loadthumbnail.php?id=11121996&width=113 HTTP/1.1" 200 2215 "http://renault.activities.at/result?searchterm=true&search=service" "Mozilla/5.0 (Windows NT 6.1; Win64; x64) AppleWebKit/537.36 (KHTML, like Gecko) Chrome/79.0.3945.117 Safari/537.36"
91.114.99.206 - - [10/Jan/2020:11:51:05 +0100] "GET /loadthumbnail.php?id=12094749&width=113 HTTP/1.1" 200 15117 "http://renault.activities.at/result?searchterm=true&search=service" "Mozilla/5.0 (Windows NT 6.1; Win64; x64) AppleWebKit/537.36 (KHTML, like Gecko) Chrome/79.0.3945.117 Safari/537.36"
91.114.99.206 - - [10/Jan/2020:11:51:05 +0100] "GET /loadthumbnail.php?id=12094811&width=113 HTTP/1.1" 200 27912 "http://renault.activities.at/result?searchterm=true&search=service" "Mozilla/5.0 (Windows NT 6.1; Win64; x64) AppleWebKit/537.36 (KHTML, like Gecko) Chrome/79.0.3945.117 Safari/537.36"
91.114.99.206 - - [10/Jan/2020:11:51:05 +0100] "GET /loadthumbnail.php?id=12088443&width=113 HTTP/1.1" 200 7201 "http://renault.activities.at/result?searchterm=true&search=service" "Mozilla/5.0 (Windows NT 6.1; Win64; x64) AppleWebKit/537.36 (KHTML, like Gecko) Chrome/79.0.3945.117 Safari/537.36"
91.114.99.206 - - [10/Jan/2020:11:51:05 +0100] "GET /loadthumbnail.php?id=10269569&width=113 HTTP/1.1" 200 1309 "http://renault.activities.at/result?searchterm=true&search=service" "Mozilla/5.0 (Windows NT 6.1; Win64; x64) AppleWebKit/537.36 (KHTML, like Gecko) Chrome/79.0.3945.117 Safari/537.36"
91.114.99.206 - - [10/Jan/2020:11:51:05 +0100] "GET /loadthumbnail.php?id=10269567&width=113 HTTP/1.1" 200 1590 "http://renault.activities.at/result?searchterm=true&search=service" "Mozilla/5.0 (Windows NT 6.1; Win64; x64) AppleWebKit/537.36 (KHTML, like Gecko) Chrome/79.0.3945.117 Safari/537.36"
91.114.99.206 - - [10/Jan/2020:11:51:05 +0100] "GET /loadthumbnail.php?id=11730248&width=113 HTTP/1.1" 200 4910 "http://renault.activities.at/result?searchterm=true&search=service" "Mozilla/5.0 (Windows NT 6.1; Win64; x64) AppleWebKit/537.36 (KHTML, like Gecko) Chrome/79.0.3945.117 Safari/537.36"
91.114.99.206 - - [10/Jan/2020:11:51:05 +0100] "GET /loadthumbnail.php?id=10633817&width=113 HTTP/1.1" 200 2614 "http://renault.activities.at/result?searchterm=true&search=service" "Mozilla/5.0 (Windows NT 6.1; Win64; x64) AppleWebKit/537.36 (KHTML, like Gecko) Chrome/79.0.3945.117 Safari/537.36"
91.114.99.206 - - [10/Jan/2020:11:51:05 +0100] "GET /loadthumbnail.php?id=12010095&width=113 HTTP/1.1" 200 20832 "http://renault.activities.at/result?searchterm=true&search=service" "Mozilla/5.0 (Windows NT 6.1; Win64; x64) AppleWebKit/537.36 (KHTML, like Gecko) Chrome/79.0.3945.117 Safari/537.36"
91.114.99.206 - - [10/Jan/2020:11:51:02 +0100] "POST /axjaxrequest?mode=suggest HTTP/1.1" 200 176 "http://renault.activities.at/cart" "Mozilla/5.0 (Windows NT 6.1; Win64; x64) AppleWebKit/537.36 (KHTML, like Gecko) Chrome/79.0.3945.117 Safari/537.36"
91.114.99.206 - - [10/Jan/2020:11:51:12 +0100] "POST /result?searchterm=true&search=service HTTP/1.1" 200 8505 "http://renault.activities.at/result?searchterm=true&search=service" "Mozilla/5.0 (Windows NT 6.1; Win64; x64) AppleWebKit/537.36 (KHTML, like Gecko) Chrome/79.0.3945.117 Safari/537.36"
91.114.99.206 - - [10/Jan/2020:11:51:22 +0100] "POST /result?searchterm=true&search=service HTTP/1.1" 200 8504 "http://renault.activities.at/result?searchterm=true&search=service" "Mozilla/5.0 (Windows NT 6.1; Win64; x64) AppleWebKit/537.36 (KHTML, like Gecko) Chrome/79.0.3945.117 Safari/537.36"
80.122.221.194 - - [10/Jan/2020:11:51:32 +0100] "GET /reload?ser=1578653492945 HTTP/1.1" 200 28 "http://renault.activities.at/success" "Mozilla/5.0 (Windows NT 10.0; Win64; x64) AppleWebKit/537.36 (KHTML, like Gecko) Chrome/70.0.3538.102 Safari/537.36 Edge/18.18363"
80.123.225.38 - - [10/Jan/2020:11:51:38 +0100] "GET /reload?ser=1578653498909 HTTP/1.1" 200 28 "http://renault.activities.at/address" "Mozilla/5.0 (Windows NT 10.0; Win64; x64) AppleWebKit/537.36 (KHTML, like Gecko) Chrome/79.0.3945.117 Safari/537.36"
91.114.99.206 - - [10/Jan/2020:11:51:54 +0100] "GET /result?searchterm=true&search=notiz HTTP/1.1" 200 5972 "http://renault.activities.at/result?searchterm=true&search=service" "Mozilla/5.0 (Windows NT 6.1; Win64; x64) AppleWebKit/537.36 (KHTML, like Gecko) Chrome/79.0.3945.117 Safari/537.36"
91.114.99.206 - - [10/Jan/2020:11:51:56 +0100] "GET /loadthumbnail.php?id=12029408&width=113 HTTP/1.1" 200 2367 "http://renault.activities.at/result?searchterm=true&search=notiz" "Mozilla/5.0 (Windows NT 6.1; Win64; x64) AppleWebKit/537.36 (KHTML, like Gecko) Chrome/79.0.3945.117 Safari/537.36"
91.114.99.206 - - [10/Jan/2020:11:51:55 +0100] "POST /axjaxrequest?mode=suggest HTTP/1.1" 200 112 "http://renault.activities.at/result?searchterm=true&search=service" "Mozilla/5.0 (Windows NT 6.1; Win64; x64) AppleWebKit/537.36 (KHTML, like Gecko) Chrome/79.0.3945.117 Safari/537.36"
80.123.225.38 - - [10/Jan/2020:11:51:57 +0100] "GET /reload?ser=1578653519180 HTTP/1.1" 200 28 "http://renault.activities.at/success" "Mozilla/5.0 (Windows NT 10.0; WOW64; Trident/7.0; rv:11.0) like Gecko"
213.153.47.173 - - [10/Jan/2020:11:52:04 +0100] "GET /reload?ser=1578653524300 HTTP/1.1" 200 28 "http://renault.activities.at/login?required=true" "Mozilla/5.0 (Windows NT 10.0; Win64; x64; rv:72.0) Gecko/20100101 Firefox/72.0"
185.58.53.32 - - [10/Jan/2020:11:52:05 +0100] "GET /reload?ser=1578653203252 HTTP/1.1" 200 28 "http://renault.activities.at/10201442?dir=DESC&mode=grid&order=name&limit=15&page=15" "Mozilla/5.0 (Windows NT 6.1; WOW64; Trident/7.0; rv:11.0) like Gecko"
91.114.99.206 - - [10/Jan/2020:11:52:24 +0100] "GET /cart HTTP/1.1" 200 5719 "http://renault.activities.at/result?searchterm=true&search=notiz" "Mozilla/5.0 (Windows NT 6.1; Win64; x64) AppleWebKit/537.36 (KHTML, like Gecko) Chrome/79.0.3945.117 Safari/537.36"
91.114.99.206 - - [10/Jan/2020:11:52:27 +0100] "GET /loadthumbnail.php?id=12094749&width=100 HTTP/1.1" 200 11995 "http://renault.activities.at/cart" "Mozilla/5.0 (Windows NT 6.1; Win64; x64) AppleWebKit/537.36 (KHTML, like Gecko) Chrome/79.0.3945.117 Safari/537.36"
91.114.99.206 - - [10/Jan/2020:11:52:27 +0100] "GET /loadthumbnail.php?id=10269569&width=100 HTTP/1.1" 200 1229 "http://renault.activities.at/cart" "Mozilla/5.0 (Windows NT 6.1; Win64; x64) AppleWebKit/537.36 (KHTML, like Gecko) Chrome/79.0.3945.117 Safari/537.36"
80.122.221.194 - - [10/Jan/2020:11:52:33 +0100] "GET /reload?ser=1578653553934 HTTP/1.1" 200 28 "http://renault.activities.at/success" "Mozilla/5.0 (Windows NT 10.0; Win64; x64) AppleWebKit/537.36 (KHTML, like Gecko) Chrome/70.0.3538.102 Safari/537.36 Edge/18.18363"
80.123.225.38 - - [10/Jan/2020:11:52:39 +0100] "GET /reload?ser=1578653559907 HTTP/1.1" 200 28 "http://renault.activities.at/address" "Mozilla/5.0 (Windows NT 10.0; Win64; x64) AppleWebKit/537.36 (KHTML, like Gecko) Chrome/79.0.3945.117 Safari/537.36"
91.114.99.206 - - [10/Jan/2020:11:52:42 +0100] "GET /checkout HTTP/1.1" 200 10263 "http://renault.activities.at/cart" "Mozilla/5.0 (Windows NT 6.1; Win64; x64) AppleWebKit/537.36 (KHTML, like Gecko) Chrome/79.0.3945.117 Safari/537.36"
91.114.99.206 - - [10/Jan/2020:11:52:46 +0100] "GET /loadthumbnail.php?id=10201939 HTTP/1.1" 200 201 "http://renault.activities.at/checkout" "Mozilla/5.0 (Windows NT 6.1; Win64; x64) AppleWebKit/537.36 (KHTML, like Gecko) Chrome/79.0.3945.117 Safari/537.36"
91.114.99.206 - - [10/Jan/2020:11:52:46 +0100] "GET /loadthumbnail.php?id=10202698 HTTP/1.1" 200 16686 "http://renault.activities.at/checkout" "Mozilla/5.0 (Windows NT 6.1; Win64; x64) AppleWebKit/537.36 (KHTML, like Gecko) Chrome/79.0.3945.117 Safari/537.36"
80.123.225.38 - - [10/Jan/2020:11:52:58 +0100] "GET /reload?ser=1578653580155 HTTP/1.1" 200 28 "http://renault.activities.at/success" "Mozilla/5.0 (Windows NT 10.0; WOW64; Trident/7.0; rv:11.0) like Gecko"
213.153.47.173 - - [10/Jan/2020:11:53:04 +0100] "GET /reload?ser=1578653584950 HTTP/1.1" 200 28 "http://renault.activities.at/login?required=true" "Mozilla/5.0 (Windows NT 10.0; Win64; x64; rv:72.0) Gecko/20100101 Firefox/72.0"
185.58.53.32 - - [10/Jan/2020:11:53:06 +0100] "GET /reload?ser=1578653264210 HTTP/1.1" 200 28 "http://renault.activities.at/10201442?dir=DESC&mode=grid&order=name&limit=15&page=15" "Mozilla/5.0 (Windows NT 6.1; WOW64; Trident/7.0; rv:11.0) like Gecko"
91.114.99.206 - - [10/Jan/2020:11:53:06 +0100] "POST /docheckout HTTP/1.1" 200 463 "http://renault.activities.at/checkout" "Mozilla/5.0 (Windows NT 6.1; Win64; x64) AppleWebKit/537.36 (KHTML, like Gecko) Chrome/79.0.3945.117 Safari/537.36"
91.114.99.206 - - [10/Jan/2020:11:53:09 +0100] "POST /docheckout HTTP/1.1" 200 838 "http://renault.activities.at/checkout" "Mozilla/5.0 (Windows NT 6.1; Win64; x64) AppleWebKit/537.36 (KHTML, like Gecko) Chrome/79.0.3945.117 Safari/537.36"
91.114.99.206 - - [10/Jan/2020:11:53:13 +0100] "POST /docheckout HTTP/1.1" 200 68 "http://renault.activities.at/checkout" "Mozilla/5.0 (Windows NT 6.1; Win64; x64) AppleWebKit/537.36 (KHTML, like Gecko) Chrome/79.0.3945.117 Safari/537.36"
91.114.99.206 - - [10/Jan/2020:11:53:16 +0100] "GET /success HTTP/1.1" 200 3782 "http://renault.activities.at/checkout" "Mozilla/5.0 (Windows NT 6.1; Win64; x64) AppleWebKit/537.36 (KHTML, like Gecko) Chrome/79.0.3945.117 Safari/537.36"
80.122.221.194 - - [10/Jan/2020:11:53:34 +0100] "GET /reload?ser=1578653614941 HTTP/1.1" 200 28 "http://renault.activities.at/success" "Mozilla/5.0 (Windows NT 10.0; Win64; x64) AppleWebKit/537.36 (KHTML, like Gecko) Chrome/70.0.3538.102 Safari/537.36 Edge/18.18363"
80.123.225.38 - - [10/Jan/2020:11:53:40 +0100] "GET /reload?ser=1578653620898 HTTP/1.1" 200 28 "http://renault.activities.at/address" "Mozilla/5.0 (Windows NT 10.0; Win64; x64) AppleWebKit/537.36 (KHTML, like Gecko) Chrome/79.0.3945.117 Safari/537.36"
80.123.225.38 - - [10/Jan/2020:11:53:59 +0100] "GET /reload?ser=1578653641152 HTTP/1.1" 200 28 "http://renault.activities.at/success" "Mozilla/5.0 (Windows NT 10.0; WOW64; Trident/7.0; rv:11.0) like Gecko"
213.153.47.173 - - [10/Jan/2020:11:54:05 +0100] "GET /reload?ser=1578653645600 HTTP/1.1" 200 28 "http://renault.activities.at/login?required=true" "Mozilla/5.0 (Windows NT 10.0; Win64; x64; rv:72.0) Gecko/20100101 Firefox/72.0"
185.58.53.32 - - [10/Jan/2020:11:54:07 +0100] "GET /reload?ser=1578653325169 HTTP/1.1" 200 28 "http://renault.activities.at/10201442?dir=DESC&mode=grid&order=name&limit=15&page=15" "Mozilla/5.0 (Windows NT 6.1; WOW64; Trident/7.0; rv:11.0) like Gecko"
80.122.221.194 - - [10/Jan/2020:11:54:35 +0100] "GET /reload?ser=1578653675931 HTTP/1.1" 200 28 "http://renault.activities.at/success" "Mozilla/5.0 (Windows NT 10.0; Win64; x64) AppleWebKit/537.36 (KHTML, like Gecko) Chrome/70.0.3538.102 Safari/537.36 Edge/18.18363"
80.123.225.38 - - [10/Jan/2020:11:54:41 +0100] "GET /reload?ser=1578653681904 HTTP/1.1" 200 28 "http://renault.activities.at/address" "Mozilla/5.0 (Windows NT 10.0; Win64; x64) AppleWebKit/537.36 (KHTML, like Gecko) Chrome/79.0.3945.117 Safari/537.36"
80.123.225.38 - - [10/Jan/2020:11:55:00 +0100] "GET /reload?ser=1578653702122 HTTP/1.1" 200 28 "http://renault.activities.at/success" "Mozilla/5.0 (Windows NT 10.0; WOW64; Trident/7.0; rv:11.0) like Gecko"
213.153.47.173 - - [10/Jan/2020:11:55:06 +0100] "GET /reload?ser=1578653706260 HTTP/1.1" 200 28 "http://renault.activities.at/login?required=true" "Mozilla/5.0 (Windows NT 10.0; Win64; x64; rv:72.0) Gecko/20100101 Firefox/72.0"
185.58.53.32 - - [10/Jan/2020:11:55:08 +0100] "GET /reload?ser=1578653386122 HTTP/1.1" 200 28 "http://renault.activities.at/10201442?dir=DESC&mode=grid&order=name&limit=15&page=15" "Mozilla/5.0 (Windows NT 6.1; WOW64; Trident/7.0; rv:11.0) like Gecko"
185.58.53.32 - - [10/Jan/2020:11:55:12 +0100] "GET /10201442?dir=DESC&mode=grid&order=name&limit=15&page=16 HTTP/1.1" 200 9008 "http://renault.activities.at/10201442?dir=DESC&mode=grid&order=name&limit=15&page=15" "Mozilla/5.0 (Windows NT 6.1; WOW64; Trident/7.0; rv:11.0) like Gecko"
185.58.53.32 - - [10/Jan/2020:11:55:15 +0100] "GET /js/default.js HTTP/1.1" 304 - "http://renault.activities.at/10201442?dir=DESC&mode=grid&order=name&limit=15&page=16" "Mozilla/5.0 (Windows NT 6.1; WOW64; Trident/7.0; rv:11.0) like Gecko"
185.58.53.32 - - [10/Jan/2020:11:55:15 +0100] "GET /js/prototip.js HTTP/1.1" 304 - "http://renault.activities.at/10201442?dir=DESC&mode=grid&order=name&limit=15&page=16" "Mozilla/5.0 (Windows NT 6.1; WOW64; Trident/7.0; rv:11.0) like Gecko"
185.58.53.32 - - [10/Jan/2020:11:55:15 +0100] "GET /css/reset.css HTTP/1.1" 304 - "http://renault.activities.at/10201442?dir=DESC&mode=grid&order=name&limit=15&page=16" "Mozilla/5.0 (Windows NT 6.1; WOW64; Trident/7.0; rv:11.0) like Gecko"
185.58.53.32 - - [10/Jan/2020:11:55:15 +0100] "GET /css/styles.css HTTP/1.1" 304 - "http://renault.activities.at/10201442?dir=DESC&mode=grid&order=name&limit=15&page=16" "Mozilla/5.0 (Windows NT 6.1; WOW64; Trident/7.0; rv:11.0) like Gecko"
185.58.53.32 - - [10/Jan/2020:11:55:15 +0100] "GET /css/clears.css HTTP/1.1" 304 - "http://renault.activities.at/10201442?dir=DESC&mode=grid&order=name&limit=15&page=16" "Mozilla/5.0 (Windows NT 6.1; WOW64; Trident/7.0; rv:11.0) like Gecko"
185.58.53.32 - - [10/Jan/2020:11:55:15 +0100] "GET /js/index.php?c=auto&f=,prototype/prototype.js,prototype/validation.js,scriptaculous/builder.js,scriptaculous/effects.js,scriptaculous/dragdrop.js,scriptaculous/controls.js,scriptaculous/slider.js,varien/js.js,varien/form.js,varien/menu.js,mage/translate.js,mage/cookies.js,varien/product.js,spinner/SpinnerControl.jsmin.js,prototype/window.js,prototype/window_ext.js HTTP/1.1" 304 - "http://renault.activities.at/10201442?dir=DESC&mode=grid&order=name&limit=15&page=16" "Mozilla/5.0 (Windows NT 6.1; WOW64; Trident/7.0; rv:11.0) like Gecko"
185.58.53.32 - - [10/Jan/2020:11:55:15 +0100] "GET /js/checkout.css HTTP/1.1" 304 - "http://renault.activities.at/10201442?dir=DESC&mode=grid&order=name&limit=15&page=16" "Mozilla/5.0 (Windows NT 6.1; WOW64; Trident/7.0; rv:11.0) like Gecko"
185.58.53.32 - - [10/Jan/2020:11:55:15 +0100] "GET /css/print.css HTTP/1.1" 304 - "http://renault.activities.at/10201442?dir=DESC&mode=grid&order=name&limit=15&page=16" "Mozilla/5.0 (Windows NT 6.1; WOW64; Trident/7.0; rv:11.0) like Gecko"
185.58.53.32 - - [10/Jan/2020:11:55:15 +0100] "GET /css/prototip.css HTTP/1.1" 304 - "http://renault.activities.at/10201442?dir=DESC&mode=grid&order=name&limit=15&page=16" "Mozilla/5.0 (Windows NT 6.1; WOW64; Trident/7.0; rv:11.0) like Gecko"
185.58.53.32 - - [10/Jan/2020:11:55:15 +0100] "GET /css/themes/default.css HTTP/1.1" 304 - "http://renault.activities.at/10201442?dir=DESC&mode=grid&order=name&limit=15&page=16" "Mozilla/5.0 (Windows NT 6.1; WOW64; Trident/7.0; rv:11.0) like Gecko"
185.58.53.32 - - [10/Jan/2020:11:55:15 +0100] "GET /css/themes/alphacube.css HTTP/1.1" 304 - "http://renault.activities.at/10201442?dir=DESC&mode=grid&order=name&limit=15&page=16" "Mozilla/5.0 (Windows NT 6.1; WOW64; Trident/7.0; rv:11.0) like Gecko"
185.58.53.32 - - [10/Jan/2020:11:55:15 +0100] "GET /js/ProduktGrp.js HTTP/1.1" 304 - "http://renault.activities.at/10201442?dir=DESC&mode=grid&order=name&limit=15&page=16" "Mozilla/5.0 (Windows NT 6.1; WOW64; Trident/7.0; rv:11.0) like Gecko"
185.58.53.32 - - [10/Jan/2020:11:55:15 +0100] "GET /images/loading.gif HTTP/1.1" 304 - "http://renault.activities.at/10201442?dir=DESC&mode=grid&order=name&limit=15&page=16" "Mozilla/5.0 (Windows NT 6.1; WOW64; Trident/7.0; rv:11.0) like Gecko"
185.58.53.32 - - [10/Jan/2020:11:55:15 +0100] "GET /loadthumbnail.php?id=12023913&width=113 HTTP/1.1" 200 3224 "http://renault.activities.at/10201442?dir=DESC&mode=grid&order=name&limit=15&page=16" "Mozilla/5.0 (Windows NT 6.1; WOW64; Trident/7.0; rv:11.0) like Gecko"
185.58.53.32 - - [10/Jan/2020:11:55:15 +0100] "GET /loadthumbnail.php?id=12127771&width=113 HTTP/1.1" 200 2909 "http://renault.activities.at/10201442?dir=DESC&mode=grid&order=name&limit=15&page=16" "Mozilla/5.0 (Windows NT 6.1; WOW64; Trident/7.0; rv:11.0) like Gecko"
185.58.53.32 - - [10/Jan/2020:11:55:15 +0100] "GET /loadthumbnail.php?id=12101517&width=113 HTTP/1.1" 200 3343 "http://renault.activities.at/10201442?dir=DESC&mode=grid&order=name&limit=15&page=16" "Mozilla/5.0 (Windows NT 6.1; WOW64; Trident/7.0; rv:11.0) like Gecko"
185.58.53.32 - - [10/Jan/2020:11:55:15 +0100] "GET /loadthumbnail.php?id=11573493&width=113 HTTP/1.1" 200 8256 "http://renault.activities.at/10201442?dir=DESC&mode=grid&order=name&limit=15&page=16" "Mozilla/5.0 (Windows NT 6.1; WOW64; Trident/7.0; rv:11.0) like Gecko"
185.58.53.32 - - [10/Jan/2020:11:55:15 +0100] "GET /loadthumbnail.php?id=12101516&width=113 HTTP/1.1" 200 3056 "http://renault.activities.at/10201442?dir=DESC&mode=grid&order=name&limit=15&page=16" "Mozilla/5.0 (Windows NT 6.1; WOW64; Trident/7.0; rv:11.0) like Gecko"
185.58.53.32 - - [10/Jan/2020:11:55:15 +0100] "GET /loadthumbnail.php?id=12029412&width=113 HTTP/1.1" 200 3690 "http://renault.activities.at/10201442?dir=DESC&mode=grid&order=name&limit=15&page=16" "Mozilla/5.0 (Windows NT 6.1; WOW64; Trident/7.0; rv:11.0) like Gecko"
185.58.53.32 - - [10/Jan/2020:11:55:15 +0100] "GET /images/main_block_border.gif HTTP/1.1" 304 - "http://renault.activities.at/10201442?dir=DESC&mode=grid&order=name&limit=15&page=16" "Mozilla/5.0 (Windows NT 6.1; WOW64; Trident/7.0; rv:11.0) like Gecko"
185.58.53.32 - - [10/Jan/2020:11:55:15 +0100] "GET /images/main_block_corner_left_top.gif HTTP/1.1" 304 - "http://renault.activities.at/10201442?dir=DESC&mode=grid&order=name&limit=15&page=16" "Mozilla/5.0 (Windows NT 6.1; WOW64; Trident/7.0; rv:11.0) like Gecko"
185.58.53.32 - - [10/Jan/2020:11:55:15 +0100] "GET /images/main_block_corner_left_bot.gif HTTP/1.1" 304 - "http://renault.activities.at/10201442?dir=DESC&mode=grid&order=name&limit=15&page=16" "Mozilla/5.0 (Windows NT 6.1; WOW64; Trident/7.0; rv:11.0) like Gecko"
185.58.53.32 - - [10/Jan/2020:11:55:15 +0100] "GET /images/header_block_corner_right_top.gif HTTP/1.1" 304 - "http://renault.activities.at/10201442?dir=DESC&mode=grid&order=name&limit=15&page=16" "Mozilla/5.0 (Windows NT 6.1; WOW64; Trident/7.0; rv:11.0) like Gecko"
185.58.53.32 - - [10/Jan/2020:11:55:15 +0100] "GET /images/header_block_corner_left_top.gif HTTP/1.1" 304 - "http://renault.activities.at/10201442?dir=DESC&mode=grid&order=name&limit=15&page=16" "Mozilla/5.0 (Windows NT 6.1; WOW64; Trident/7.0; rv:11.0) like Gecko"
185.58.53.32 - - [10/Jan/2020:11:55:15 +0100] "GET /images/main_block_corner_right_bot.gif HTTP/1.1" 304 - "http://renault.activities.at/10201442?dir=DESC&mode=grid&order=name&limit=15&page=16" "Mozilla/5.0 (Windows NT 6.1; WOW64; Trident/7.0; rv:11.0) like Gecko"
185.58.53.32 - - [10/Jan/2020:11:55:15 +0100] "GET /images/main_block_corner_right_top.gif HTTP/1.1" 304 - "http://renault.activities.at/10201442?dir=DESC&mode=grid&order=name&limit=15&page=16" "Mozilla/5.0 (Windows NT 6.1; WOW64; Trident/7.0; rv:11.0) like Gecko"
