213.153.47.173 - - [15/Jan/2020:09:29:09 +0100] "GET /reload?ser=1579076949478 HTTP/1.1" 200 28 "http://renault.activities.at/login?required=true" "Mozilla/5.0 (Windows NT 10.0; Win64; x64; rv:72.0) Gecko/20100101 Firefox/72.0"
80.120.5.131 - - [15/Jan/2020:09:29:26 +0100] "GET / HTTP/1.1" 200 13451 "-" "Mozilla/5.0 (Windows NT 10.0; Win64; x64) AppleWebKit/537.36 (KHTML, like Gecko) Chrome/79.0.3945.117 Safari/537.36"
80.120.5.131 - - [15/Jan/2020:09:29:28 +0100] "GET /loadthumbnail.php?id=11127982 HTTP/1.1" 200 586642 "http://renault.activities.at/" "Mozilla/5.0 (Windows NT 10.0; Win64; x64) AppleWebKit/537.36 (KHTML, like Gecko) Chrome/79.0.3945.117 Safari/537.36"
80.120.5.131 - - [15/Jan/2020:09:29:28 +0100] "GET /images/favicon.ico HTTP/1.1" 404 380 "http://renault.activities.at/" "Mozilla/5.0 (Windows NT 10.0; Win64; x64) AppleWebKit/537.36 (KHTML, like Gecko) Chrome/79.0.3945.117 Safari/537.36"
80.120.5.131 - - [15/Jan/2020:09:29:29 +0100] "GET /login HTTP/1.1" 200 7269 "http://renault.activities.at/" "Mozilla/5.0 (Windows NT 10.0; Win64; x64) AppleWebKit/537.36 (KHTML, like Gecko) Chrome/79.0.3945.117 Safari/537.36"
213.153.47.173 - - [15/Jan/2020:09:29:30 +0100] "GET /reload?ser=1579076970472 HTTP/1.1" 200 28 "http://renault.activities.at/login?required=true" "Mozilla/5.0 (Windows NT 10.0; Win64; x64; rv:72.0) Gecko/20100101 Firefox/72.0"
80.120.5.131 - - [15/Jan/2020:09:29:38 +0100] "POST /login HTTP/1.1" 200 7408 "http://renault.activities.at/login" "Mozilla/5.0 (Windows NT 10.0; Win64; x64) AppleWebKit/537.36 (KHTML, like Gecko) Chrome/79.0.3945.117 Safari/537.36"
80.120.5.131 - - [15/Jan/2020:09:29:44 +0100] "POST /login HTTP/1.1" 302 151 "http://renault.activities.at/login" "Mozilla/5.0 (Windows NT 10.0; Win64; x64) AppleWebKit/537.36 (KHTML, like Gecko) Chrome/79.0.3945.117 Safari/537.36"
80.120.5.131 - - [15/Jan/2020:09:29:45 +0100] "POST /login HTTP/1.1" 302 151 "http://renault.activities.at/login" "Mozilla/5.0 (Windows NT 10.0; Win64; x64) AppleWebKit/537.36 (KHTML, like Gecko) Chrome/79.0.3945.117 Safari/537.36"
80.122.221.194 - - [15/Jan/2020:09:29:51 +0100] "GET /reload?ser=1579076991624 HTTP/1.1" 200 28 "http://renault.activities.at/success" "Mozilla/5.0 (Windows NT 10.0; Win64; x64) AppleWebKit/537.36 (KHTML, like Gecko) Chrome/70.0.3538.102 Safari/537.36 Edge/18.18363"
80.120.5.131 - - [15/Jan/2020:09:29:47 +0100] "GET /account HTTP/1.1" 200 37286 "http://renault.activities.at/login" "Mozilla/5.0 (Windows NT 10.0; Win64; x64) AppleWebKit/537.36 (KHTML, like Gecko) Chrome/79.0.3945.117 Safari/537.36"
80.120.5.131 - - [15/Jan/2020:09:29:48 +0100] "POST /login HTTP/1.1" 302 151 "http://renault.activities.at/login" "Mozilla/5.0 (Windows NT 10.0; Win64; x64) AppleWebKit/537.36 (KHTML, like Gecko) Chrome/79.0.3945.117 Safari/537.36"
80.120.5.131 - - [15/Jan/2020:09:29:54 +0100] "GET /account HTTP/1.1" 200 37286 "http://renault.activities.at/login" "Mozilla/5.0 (Windows NT 10.0; Win64; x64) AppleWebKit/537.36 (KHTML, like Gecko) Chrome/79.0.3945.117 Safari/537.36"
80.120.5.131 - - [15/Jan/2020:09:29:56 +0100] "GET /loadthumbnail.php?id=12064387&width=50&height=50 HTTP/1.1" 200 1326 "http://renault.activities.at/account" "Mozilla/5.0 (Windows NT 10.0; Win64; x64) AppleWebKit/537.36 (KHTML, like Gecko) Chrome/79.0.3945.117 Safari/537.36"
80.120.5.131 - - [15/Jan/2020:09:29:56 +0100] "GET /loadthumbnail.php?id=12101507&width=50&height=50 HTTP/1.1" 200 1339 "http://renault.activities.at/account" "Mozilla/5.0 (Windows NT 10.0; Win64; x64) AppleWebKit/537.36 (KHTML, like Gecko) Chrome/79.0.3945.117 Safari/537.36"
80.120.5.131 - - [15/Jan/2020:09:29:56 +0100] "GET /loadthumbnail.php?id=11590243&width=50&height=50 HTTP/1.1" 200 1436 "http://renault.activities.at/account" "Mozilla/5.0 (Windows NT 10.0; Win64; x64) AppleWebKit/537.36 (KHTML, like Gecko) Chrome/79.0.3945.117 Safari/537.36"
80.120.5.131 - - [15/Jan/2020:09:29:56 +0100] "GET /loadthumbnail.php?id=11798476&width=50&height=50 HTTP/1.1" 200 1237 "http://renault.activities.at/account" "Mozilla/5.0 (Windows NT 10.0; Win64; x64) AppleWebKit/537.36 (KHTML, like Gecko) Chrome/79.0.3945.117 Safari/537.36"
80.120.5.131 - - [15/Jan/2020:09:29:56 +0100] "GET /loadthumbnail.php?id=11798477&width=50&height=50 HTTP/1.1" 200 1357 "http://renault.activities.at/account" "Mozilla/5.0 (Windows NT 10.0; Win64; x64) AppleWebKit/537.36 (KHTML, like Gecko) Chrome/79.0.3945.117 Safari/537.36"
80.120.5.131 - - [15/Jan/2020:09:30:02 +0100] "POST /axjaxrequest?mode=suggest HTTP/1.1" 200 228 "http://renault.activities.at/account" "Mozilla/5.0 (Windows NT 10.0; Win64; x64) AppleWebKit/537.36 (KHTML, like Gecko) Chrome/79.0.3945.117 Safari/537.36"
80.120.5.131 - - [15/Jan/2020:09:30:03 +0100] "GET /result?searchterm=true&search=luftballon HTTP/1.1" 200 48613 "http://renault.activities.at/account" "Mozilla/5.0 (Windows NT 10.0; Win64; x64) AppleWebKit/537.36 (KHTML, like Gecko) Chrome/79.0.3945.117 Safari/537.36"
80.120.5.131 - - [15/Jan/2020:09:30:06 +0100] "GET /loadthumbnail.php?id=10203255 HTTP/1.1" 200 114 "http://renault.activities.at/result?searchterm=true&search=luftballon" "Mozilla/5.0 (Windows NT 10.0; Win64; x64) AppleWebKit/537.36 (KHTML, like Gecko) Chrome/79.0.3945.117 Safari/537.36"
80.120.5.131 - - [15/Jan/2020:09:30:06 +0100] "GET /loadthumbnail.php?id=11521730&width=113 HTTP/1.1" 200 2985 "http://renault.activities.at/result?searchterm=true&search=luftballon" "Mozilla/5.0 (Windows NT 10.0; Win64; x64) AppleWebKit/537.36 (KHTML, like Gecko) Chrome/79.0.3945.117 Safari/537.36"
80.120.5.131 - - [15/Jan/2020:09:30:06 +0100] "GET /loadthumbnail.php?id=11489794&width=113 HTTP/1.1" 200 2968 "http://renault.activities.at/result?searchterm=true&search=luftballon" "Mozilla/5.0 (Windows NT 10.0; Win64; x64) AppleWebKit/537.36 (KHTML, like Gecko) Chrome/79.0.3945.117 Safari/537.36"
80.120.5.131 - - [15/Jan/2020:09:30:06 +0100] "GET /loadthumbnail.php?id=10309491&width=113 HTTP/1.1" 200 2614 "http://renault.activities.at/result?searchterm=true&search=luftballon" "Mozilla/5.0 (Windows NT 10.0; Win64; x64) AppleWebKit/537.36 (KHTML, like Gecko) Chrome/79.0.3945.117 Safari/537.36"
80.120.5.131 - - [15/Jan/2020:09:30:06 +0100] "GET /loadthumbnail.php?id=11489786&width=113 HTTP/1.1" 200 2869 "http://renault.activities.at/result?searchterm=true&search=luftballon" "Mozilla/5.0 (Windows NT 10.0; Win64; x64) AppleWebKit/537.36 (KHTML, like Gecko) Chrome/79.0.3945.117 Safari/537.36"
80.120.5.131 - - [15/Jan/2020:09:30:06 +0100] "GET /loadthumbnail.php?id=10309492&width=113 HTTP/1.1" 200 2790 "http://renault.activities.at/result?searchterm=true&search=luftballon" "Mozilla/5.0 (Windows NT 10.0; Win64; x64) AppleWebKit/537.36 (KHTML, like Gecko) Chrome/79.0.3945.117 Safari/537.36"
80.120.5.131 - - [15/Jan/2020:09:30:03 +0100] "POST /axjaxrequest?mode=suggest HTTP/1.1" 200 228 "http://renault.activities.at/account" "Mozilla/5.0 (Windows NT 10.0; Win64; x64) AppleWebKit/537.36 (KHTML, like Gecko) Chrome/79.0.3945.117 Safari/537.36"
213.153.47.173 - - [15/Jan/2020:09:30:10 +0100] "GET /reload?ser=1579077010132 HTTP/1.1" 200 28 "http://renault.activities.at/login?required=true" "Mozilla/5.0 (Windows NT 10.0; Win64; x64; rv:72.0) Gecko/20100101 Firefox/72.0"
80.120.5.131 - - [15/Jan/2020:09:30:16 +0100] "POST /result?searchterm=true&search=luftballon HTTP/1.1" 200 49654 "http://renault.activities.at/result?searchterm=true&search=luftballon" "Mozilla/5.0 (Windows NT 10.0; Win64; x64) AppleWebKit/537.36 (KHTML, like Gecko) Chrome/79.0.3945.117 Safari/537.36"
213.153.47.173 - - [15/Jan/2020:09:30:31 +0100] "GET /reload?ser=1579077031116 HTTP/1.1" 200 28 "http://renault.activities.at/login?required=true" "Mozilla/5.0 (Windows NT 10.0; Win64; x64; rv:72.0) Gecko/20100101 Firefox/72.0"
80.120.5.131 - - [15/Jan/2020:09:30:34 +0100] "POST /result?searchterm=true&search=luftballon HTTP/1.1" 200 49652 "http://renault.activities.at/result?searchterm=true&search=luftballon" "Mozilla/5.0 (Windows NT 10.0; Win64; x64) AppleWebKit/537.36 (KHTML, like Gecko) Chrome/79.0.3945.117 Safari/537.36"
80.120.5.131 - - [15/Jan/2020:09:30:50 +0100] "POST /result?searchterm=true&search=luftballon HTTP/1.1" 200 49655 "http://renault.activities.at/result?searchterm=true&search=luftballon" "Mozilla/5.0 (Windows NT 10.0; Win64; x64) AppleWebKit/537.36 (KHTML, like Gecko) Chrome/79.0.3945.117 Safari/537.36"
80.122.221.194 - - [15/Jan/2020:09:30:52 +0100] "GET /reload?ser=1579077052618 HTTP/1.1" 200 28 "http://renault.activities.at/success" "Mozilla/5.0 (Windows NT 10.0; Win64; x64) AppleWebKit/537.36 (KHTML, like Gecko) Chrome/70.0.3538.102 Safari/537.36 Edge/18.18363"
80.120.5.131 - - [15/Jan/2020:09:30:54 +0100] "POST /result?searchterm=true&search=luftballon HTTP/1.1" 200 49653 "http://renault.activities.at/result?searchterm=true&search=luftballon" "Mozilla/5.0 (Windows NT 10.0; Win64; x64) AppleWebKit/537.36 (KHTML, like Gecko) Chrome/79.0.3945.117 Safari/537.36"
80.120.5.131 - - [15/Jan/2020:09:30:59 +0100] "POST /result?searchterm=true&search=luftballon HTTP/1.1" 200 49652 "http://renault.activities.at/result?searchterm=true&search=luftballon" "Mozilla/5.0 (Windows NT 10.0; Win64; x64) AppleWebKit/537.36 (KHTML, like Gecko) Chrome/79.0.3945.117 Safari/537.36"
80.120.5.131 - - [15/Jan/2020:09:31:04 +0100] "GET /result?searchterm=true&search=captur HTTP/1.1" 200 81140 "http://renault.activities.at/result?searchterm=true&search=luftballon" "Mozilla/5.0 (Windows NT 10.0; Win64; x64) AppleWebKit/537.36 (KHTML, like Gecko) Chrome/79.0.3945.117 Safari/537.36"
80.120.5.131 - - [15/Jan/2020:09:31:08 +0100] "GET /loadthumbnail.php?id=10203276 HTTP/1.1" 200 57 "http://renault.activities.at/result?searchterm=true&search=captur" "Mozilla/5.0 (Windows NT 10.0; Win64; x64) AppleWebKit/537.36 (KHTML, like Gecko) Chrome/79.0.3945.117 Safari/537.36"
80.120.5.131 - - [15/Jan/2020:09:31:08 +0100] "GET /loadthumbnail.php?id=12153814&width=113 HTTP/1.1" 200 3380 "http://renault.activities.at/result?searchterm=true&search=captur" "Mozilla/5.0 (Windows NT 10.0; Win64; x64) AppleWebKit/537.36 (KHTML, like Gecko) Chrome/79.0.3945.117 Safari/537.36"
80.120.5.131 - - [15/Jan/2020:09:31:08 +0100] "GET /loadthumbnail.php?id=12174331&width=113 HTTP/1.1" 200 6225 "http://renault.activities.at/result?searchterm=true&search=captur" "Mozilla/5.0 (Windows NT 10.0; Win64; x64) AppleWebKit/537.36 (KHTML, like Gecko) Chrome/79.0.3945.117 Safari/537.36"
80.120.5.131 - - [15/Jan/2020:09:31:08 +0100] "GET /loadthumbnail.php?id=12010039&width=113 HTTP/1.1" 200 19389 "http://renault.activities.at/result?searchterm=true&search=captur" "Mozilla/5.0 (Windows NT 10.0; Win64; x64) AppleWebKit/537.36 (KHTML, like Gecko) Chrome/79.0.3945.117 Safari/537.36"
80.120.5.131 - - [15/Jan/2020:09:31:08 +0100] "GET /loadthumbnail.php?id=11181187&width=113 HTTP/1.1" 200 1676 "http://renault.activities.at/result?searchterm=true&search=captur" "Mozilla/5.0 (Windows NT 10.0; Win64; x64) AppleWebKit/537.36 (KHTML, like Gecko) Chrome/79.0.3945.117 Safari/537.36"
80.120.5.131 - - [15/Jan/2020:09:31:08 +0100] "GET /loadthumbnail.php?id=11181185&width=113 HTTP/1.1" 200 1676 "http://renault.activities.at/result?searchterm=true&search=captur" "Mozilla/5.0 (Windows NT 10.0; Win64; x64) AppleWebKit/537.36 (KHTML, like Gecko) Chrome/79.0.3945.117 Safari/537.36"
80.120.5.131 - - [15/Jan/2020:09:31:08 +0100] "GET /loadthumbnail.php?id=11181180&width=113 HTTP/1.1" 200 1978 "http://renault.activities.at/result?searchterm=true&search=captur" "Mozilla/5.0 (Windows NT 10.0; Win64; x64) AppleWebKit/537.36 (KHTML, like Gecko) Chrome/79.0.3945.117 Safari/537.36"
80.120.5.131 - - [15/Jan/2020:09:31:08 +0100] "GET /loadthumbnail.php?id=11194713&width=113 HTTP/1.1" 200 1338 "http://renault.activities.at/result?searchterm=true&search=captur" "Mozilla/5.0 (Windows NT 10.0; Win64; x64) AppleWebKit/537.36 (KHTML, like Gecko) Chrome/79.0.3945.117 Safari/537.36"
80.120.5.131 - - [15/Jan/2020:09:31:08 +0100] "GET /loadthumbnail.php?id=11181178&width=113 HTTP/1.1" 200 1978 "http://renault.activities.at/result?searchterm=true&search=captur" "Mozilla/5.0 (Windows NT 10.0; Win64; x64) AppleWebKit/537.36 (KHTML, like Gecko) Chrome/79.0.3945.117 Safari/537.36"
80.120.5.131 - - [15/Jan/2020:09:31:08 +0100] "GET /loadthumbnail.php?id=11181223&width=113 HTTP/1.1" 200 1338 "http://renault.activities.at/result?searchterm=true&search=captur" "Mozilla/5.0 (Windows NT 10.0; Win64; x64) AppleWebKit/537.36 (KHTML, like Gecko) Chrome/79.0.3945.117 Safari/537.36"
80.120.5.131 - - [15/Jan/2020:09:31:08 +0100] "GET /loadthumbnail.php?id=11181221&width=113 HTTP/1.1" 200 1338 "http://renault.activities.at/result?searchterm=true&search=captur" "Mozilla/5.0 (Windows NT 10.0; Win64; x64) AppleWebKit/537.36 (KHTML, like Gecko) Chrome/79.0.3945.117 Safari/537.36"
80.120.5.131 - - [15/Jan/2020:09:31:08 +0100] "GET /loadthumbnail.php?id=11181168&width=113 HTTP/1.1" 200 1005 "http://renault.activities.at/result?searchterm=true&search=captur" "Mozilla/5.0 (Windows NT 10.0; Win64; x64) AppleWebKit/537.36 (KHTML, like Gecko) Chrome/79.0.3945.117 Safari/537.36"
80.120.5.131 - - [15/Jan/2020:09:31:08 +0100] "GET /loadthumbnail.php?id=11181166&width=113 HTTP/1.1" 200 1005 "http://renault.activities.at/result?searchterm=true&search=captur" "Mozilla/5.0 (Windows NT 10.0; Win64; x64) AppleWebKit/537.36 (KHTML, like Gecko) Chrome/79.0.3945.117 Safari/537.36"
80.120.5.131 - - [15/Jan/2020:09:31:08 +0100] "GET /loadthumbnail.php?id=11181172&width=113 HTTP/1.1" 200 1723 "http://renault.activities.at/result?searchterm=true&search=captur" "Mozilla/5.0 (Windows NT 10.0; Win64; x64) AppleWebKit/537.36 (KHTML, like Gecko) Chrome/79.0.3945.117 Safari/537.36"
80.120.5.131 - - [15/Jan/2020:09:31:08 +0100] "GET /loadthumbnail.php?id=12150120&width=113 HTTP/1.1" 200 1660 "http://renault.activities.at/result?searchterm=true&search=captur" "Mozilla/5.0 (Windows NT 10.0; Win64; x64) AppleWebKit/537.36 (KHTML, like Gecko) Chrome/79.0.3945.117 Safari/537.36"
80.120.5.131 - - [15/Jan/2020:09:31:08 +0100] "GET /loadthumbnail.php?id=11181170&width=113 HTTP/1.1" 200 1723 "http://renault.activities.at/result?searchterm=true&search=captur" "Mozilla/5.0 (Windows NT 10.0; Win64; x64) AppleWebKit/537.36 (KHTML, like Gecko) Chrome/79.0.3945.117 Safari/537.36"
80.120.5.131 - - [15/Jan/2020:09:31:05 +0100] "POST /axjaxrequest?mode=suggest HTTP/1.1" 200 122 "http://renault.activities.at/result?searchterm=true&search=luftballon" "Mozilla/5.0 (Windows NT 10.0; Win64; x64) AppleWebKit/537.36 (KHTML, like Gecko) Chrome/79.0.3945.117 Safari/537.36"
213.153.47.173 - - [15/Jan/2020:09:31:10 +0100] "GET /reload?ser=1579077070785 HTTP/1.1" 200 28 "http://renault.activities.at/login?required=true" "Mozilla/5.0 (Windows NT 10.0; Win64; x64; rv:72.0) Gecko/20100101 Firefox/72.0"
80.120.5.131 - - [15/Jan/2020:09:31:17 +0100] "GET /result?dir=DESC&mode=grid&order=name&limit=15&page=2&search=captur HTTP/1.1" 200 59267 "http://renault.activities.at/result?searchterm=true&search=captur" "Mozilla/5.0 (Windows NT 10.0; Win64; x64) AppleWebKit/537.36 (KHTML, like Gecko) Chrome/79.0.3945.117 Safari/537.36"
80.120.5.131 - - [15/Jan/2020:09:31:19 +0100] "GET /loadthumbnail.php?id=10203275 HTTP/1.1" 200 824 "http://renault.activities.at/result?dir=DESC&mode=grid&order=name&limit=15&page=2&search=captur" "Mozilla/5.0 (Windows NT 10.0; Win64; x64) AppleWebKit/537.36 (KHTML, like Gecko) Chrome/79.0.3945.117 Safari/537.36"
80.120.5.131 - - [15/Jan/2020:09:31:19 +0100] "GET /loadthumbnail.php?id=12150121&width=113 HTTP/1.1" 200 1934 "http://renault.activities.at/result?dir=DESC&mode=grid&order=name&limit=15&page=2&search=captur" "Mozilla/5.0 (Windows NT 10.0; Win64; x64) AppleWebKit/537.36 (KHTML, like Gecko) Chrome/79.0.3945.117 Safari/537.36"
80.120.5.131 - - [15/Jan/2020:09:31:19 +0100] "GET /loadthumbnail.php?id=10995605&width=113 HTTP/1.1" 200 1431 "http://renault.activities.at/result?dir=DESC&mode=grid&order=name&limit=15&page=2&search=captur" "Mozilla/5.0 (Windows NT 10.0; Win64; x64) AppleWebKit/537.36 (KHTML, like Gecko) Chrome/79.0.3945.117 Safari/537.36"
80.120.5.131 - - [15/Jan/2020:09:31:19 +0100] "GET /loadthumbnail.php?id=12134932&width=113 HTTP/1.1" 200 3094 "http://renault.activities.at/result?dir=DESC&mode=grid&order=name&limit=15&page=2&search=captur" "Mozilla/5.0 (Windows NT 10.0; Win64; x64) AppleWebKit/537.36 (KHTML, like Gecko) Chrome/79.0.3945.117 Safari/537.36"
80.120.5.131 - - [15/Jan/2020:09:31:19 +0100] "GET /loadthumbnail.php?id=12176975&width=113 HTTP/1.1" 200 3470 "http://renault.activities.at/result?dir=DESC&mode=grid&order=name&limit=15&page=2&search=captur" "Mozilla/5.0 (Windows NT 10.0; Win64; x64) AppleWebKit/537.36 (KHTML, like Gecko) Chrome/79.0.3945.117 Safari/537.36"
80.120.5.131 - - [15/Jan/2020:09:31:19 +0100] "GET /loadthumbnail.php?id=12134931&width=113 HTTP/1.1" 200 4747 "http://renault.activities.at/result?dir=DESC&mode=grid&order=name&limit=15&page=2&search=captur" "Mozilla/5.0 (Windows NT 10.0; Win64; x64) AppleWebKit/537.36 (KHTML, like Gecko) Chrome/79.0.3945.117 Safari/537.36"
80.120.5.131 - - [15/Jan/2020:09:31:20 +0100] "GET /loadthumbnail.php?id=11990631&width=113 HTTP/1.1" 200 3153 "http://renault.activities.at/result?dir=DESC&mode=grid&order=name&limit=15&page=2&search=captur" "Mozilla/5.0 (Windows NT 10.0; Win64; x64) AppleWebKit/537.36 (KHTML, like Gecko) Chrome/79.0.3945.117 Safari/537.36"
80.120.5.131 - - [15/Jan/2020:09:31:20 +0100] "GET /loadthumbnail.php?id=11334755&width=113 HTTP/1.1" 200 23942 "http://renault.activities.at/result?dir=DESC&mode=grid&order=name&limit=15&page=2&search=captur" "Mozilla/5.0 (Windows NT 10.0; Win64; x64) AppleWebKit/537.36 (KHTML, like Gecko) Chrome/79.0.3945.117 Safari/537.36"
80.120.5.131 - - [15/Jan/2020:09:31:20 +0100] "GET /loadthumbnail.php?id=11715013&width=113 HTTP/1.1" 200 33828 "http://renault.activities.at/result?dir=DESC&mode=grid&order=name&limit=15&page=2&search=captur" "Mozilla/5.0 (Windows NT 10.0; Win64; x64) AppleWebKit/537.36 (KHTML, like Gecko) Chrome/79.0.3945.117 Safari/537.36"
80.122.53.106 - - [15/Jan/2020:09:31:28 +0100] "GET /login HTTP/1.1" 200 2085 "-" "Mozilla/5.0 (Windows NT 6.1; Win64; x64) AppleWebKit/537.36 (KHTML, like Gecko) Chrome/79.0.3945.117 Safari/537.36"
80.122.53.106 - - [15/Jan/2020:09:31:28 +0100] "GET /binaries/10019519.pdf HTTP/1.1" 200 1474703 "-" "Mozilla/5.0 (Windows NT 6.1; Win64; x64) AppleWebKit/537.36 (KHTML, like Gecko) Chrome/79.0.3945.117 Safari/537.36"
80.122.53.106 - - [15/Jan/2020:09:31:28 +0100] "GET / HTTP/1.1" 200 3380 "-" "Mozilla/5.0 (Windows NT 6.1; Win64; x64) AppleWebKit/537.36 (KHTML, like Gecko) Chrome/79.0.3945.117 Safari/537.36"
80.122.53.106 - - [15/Jan/2020:09:31:29 +0100] "GET / HTTP/1.1" 200 3380 "https://www.google.com/" "Mozilla/5.0 (Windows NT 6.1; Win64; x64) AppleWebKit/537.36 (KHTML, like Gecko) Chrome/79.0.3945.117 Safari/537.36"
80.122.53.106 - - [15/Jan/2020:09:31:30 +0100] "GET /js/default.js HTTP/1.1" 200 14698 "http://renault.activities.at/" "Mozilla/5.0 (Windows NT 6.1; Win64; x64) AppleWebKit/537.36 (KHTML, like Gecko) Chrome/79.0.3945.117 Safari/537.36"
80.122.53.106 - - [15/Jan/2020:09:31:30 +0100] "GET /js/index.php?c=auto&f=,prototype/prototype.js,prototype/validation.js,scriptaculous/builder.js,scriptaculous/effects.js,scriptaculous/dragdrop.js,scriptaculous/controls.js,scriptaculous/slider.js,varien/js.js,varien/form.js,varien/menu.js,mage/translate.js,mage/cookies.js,varien/product.js,spinner/SpinnerControl.jsmin.js,prototype/window.js,prototype/window_ext.js HTTP/1.1" 200 94182 "http://renault.activities.at/" "Mozilla/5.0 (Windows NT 6.1; Win64; x64) AppleWebKit/537.36 (KHTML, like Gecko) Chrome/79.0.3945.117 Safari/537.36"
80.122.53.106 - - [15/Jan/2020:09:31:30 +0100] "GET /images/main_block_border.gif HTTP/1.1" 200 43 "http://renault.activities.at/css/styles.css" "Mozilla/5.0 (Windows NT 6.1; Win64; x64) AppleWebKit/537.36 (KHTML, like Gecko) Chrome/79.0.3945.117 Safari/537.36"
80.122.53.106 - - [15/Jan/2020:09:31:30 +0100] "GET /images/main_block_corner_left_bot.gif HTTP/1.1" 200 159 "http://renault.activities.at/css/styles.css" "Mozilla/5.0 (Windows NT 6.1; Win64; x64) AppleWebKit/537.36 (KHTML, like Gecko) Chrome/79.0.3945.117 Safari/537.36"
80.122.53.106 - - [15/Jan/2020:09:31:30 +0100] "GET /images/header_block_border.gif HTTP/1.1" 200 43 "http://renault.activities.at/css/styles.css" "Mozilla/5.0 (Windows NT 6.1; Win64; x64) AppleWebKit/537.36 (KHTML, like Gecko) Chrome/79.0.3945.117 Safari/537.36"
80.122.53.106 - - [15/Jan/2020:09:31:30 +0100] "GET /images/header_block_corner_left_top.gif HTTP/1.1" 200 160 "http://renault.activities.at/css/styles.css" "Mozilla/5.0 (Windows NT 6.1; Win64; x64) AppleWebKit/537.36 (KHTML, like Gecko) Chrome/79.0.3945.117 Safari/537.36"
80.122.53.106 - - [15/Jan/2020:09:31:30 +0100] "GET /images/header_block_corner_right_top.gif HTTP/1.1" 200 160 "http://renault.activities.at/css/styles.css" "Mozilla/5.0 (Windows NT 6.1; Win64; x64) AppleWebKit/537.36 (KHTML, like Gecko) Chrome/79.0.3945.117 Safari/537.36"
80.122.53.106 - - [15/Jan/2020:09:31:30 +0100] "GET /images/main_block_corner_right_bot.gif HTTP/1.1" 200 158 "http://renault.activities.at/css/styles.css" "Mozilla/5.0 (Windows NT 6.1; Win64; x64) AppleWebKit/537.36 (KHTML, like Gecko) Chrome/79.0.3945.117 Safari/537.36"
80.122.53.106 - - [15/Jan/2020:09:31:30 +0100] "GET /images/main_block_corner_left_top.gif HTTP/1.1" 200 159 "http://renault.activities.at/css/styles.css" "Mozilla/5.0 (Windows NT 6.1; Win64; x64) AppleWebKit/537.36 (KHTML, like Gecko) Chrome/79.0.3945.117 Safari/537.36"
80.122.53.106 - - [15/Jan/2020:09:31:30 +0100] "GET /images/main_block_corner_right_top.gif HTTP/1.1" 200 159 "http://renault.activities.at/css/styles.css" "Mozilla/5.0 (Windows NT 6.1; Win64; x64) AppleWebKit/537.36 (KHTML, like Gecko) Chrome/79.0.3945.117 Safari/537.36"
80.122.53.106 - - [15/Jan/2020:09:31:30 +0100] "GET /images/title_border.jpg HTTP/1.1" 200 304 "http://renault.activities.at/css/styles.css" "Mozilla/5.0 (Windows NT 6.1; Win64; x64) AppleWebKit/537.36 (KHTML, like Gecko) Chrome/79.0.3945.117 Safari/537.36"
80.122.53.106 - - [15/Jan/2020:09:31:30 +0100] "GET /images/title_border_top.jpg HTTP/1.1" 200 336 "http://renault.activities.at/css/styles.css" "Mozilla/5.0 (Windows NT 6.1; Win64; x64) AppleWebKit/537.36 (KHTML, like Gecko) Chrome/79.0.3945.117 Safari/537.36"
80.122.53.106 - - [15/Jan/2020:09:31:30 +0100] "GET /images/title_corner_left_top.jpg HTTP/1.1" 200 372 "http://renault.activities.at/css/styles.css" "Mozilla/5.0 (Windows NT 6.1; Win64; x64) AppleWebKit/537.36 (KHTML, like Gecko) Chrome/79.0.3945.117 Safari/537.36"
80.122.53.106 - - [15/Jan/2020:09:31:30 +0100] "GET /images/title_corner_right_top.jpg HTTP/1.1" 200 389 "http://renault.activities.at/css/styles.css" "Mozilla/5.0 (Windows NT 6.1; Win64; x64) AppleWebKit/537.36 (KHTML, like Gecko) Chrome/79.0.3945.117 Safari/537.36"
80.122.53.106 - - [15/Jan/2020:09:31:30 +0100] "GET /loadthumbnail.php?id=11127982 HTTP/1.1" 200 399614 "http://renault.activities.at/" "Mozilla/5.0 (Windows NT 6.1; Win64; x64) AppleWebKit/537.36 (KHTML, like Gecko) Chrome/79.0.3945.117 Safari/537.36"
80.122.53.106 - - [15/Jan/2020:09:31:31 +0100] "GET /images/favicon.ico HTTP/1.1" 404 305 "http://renault.activities.at/" "Mozilla/5.0 (Windows NT 6.1; Win64; x64) AppleWebKit/537.36 (KHTML, like Gecko) Chrome/79.0.3945.117 Safari/537.36"
80.122.53.106 - - [15/Jan/2020:09:31:31 +0100] "GET / HTTP/1.1" 200 3380 "-" "Mozilla/5.0 (Windows NT 6.1; Win64; x64) AppleWebKit/537.36 (KHTML, like Gecko) Chrome/79.0.3945.117 Safari/537.36"
213.153.47.173 - - [15/Jan/2020:09:31:31 +0100] "GET /reload?ser=1579077091746 HTTP/1.1" 200 28 "http://renault.activities.at/login?required=true" "Mozilla/5.0 (Windows NT 10.0; Win64; x64; rv:72.0) Gecko/20100101 Firefox/72.0"
80.122.53.106 - - [15/Jan/2020:09:31:35 +0100] "GET /login HTTP/1.1" 200 2085 "http://renault.activities.at/" "Mozilla/5.0 (Windows NT 6.1; Win64; x64) AppleWebKit/537.36 (KHTML, like Gecko) Chrome/79.0.3945.117 Safari/537.36"
80.122.53.106 - - [15/Jan/2020:09:31:36 +0100] "GET /images/button_left_bg.gif HTTP/1.1" 200 564 "http://renault.activities.at/css/styles.css" "Mozilla/5.0 (Windows NT 6.1; Win64; x64) AppleWebKit/537.36 (KHTML, like Gecko) Chrome/79.0.3945.117 Safari/537.36"
80.122.53.106 - - [15/Jan/2020:09:31:36 +0100] "GET /images/button_right_bg.gif HTTP/1.1" 200 561 "http://renault.activities.at/css/styles.css" "Mozilla/5.0 (Windows NT 6.1; Win64; x64) AppleWebKit/537.36 (KHTML, like Gecko) Chrome/79.0.3945.117 Safari/537.36"
80.122.53.106 - - [15/Jan/2020:09:31:36 +0100] "GET /images/button_bg.gif HTTP/1.1" 200 151 "http://renault.activities.at/css/styles.css" "Mozilla/5.0 (Windows NT 6.1; Win64; x64) AppleWebKit/537.36 (KHTML, like Gecko) Chrome/79.0.3945.117 Safari/537.36"
80.122.53.106 - - [15/Jan/2020:09:31:36 +0100] "GET /login HTTP/1.1" 200 2085 "-" "Mozilla/5.0 (Windows NT 6.1; Win64; x64) AppleWebKit/537.36 (KHTML, like Gecko) Chrome/79.0.3945.117 Safari/537.36"
80.122.53.106 - - [15/Jan/2020:09:31:39 +0100] "POST /login HTTP/1.1" 302 140 "http://renault.activities.at/login" "Mozilla/5.0 (Windows NT 6.1; Win64; x64) AppleWebKit/537.36 (KHTML, like Gecko) Chrome/79.0.3945.117 Safari/537.36"
80.122.53.106 - - [15/Jan/2020:09:31:43 +0100] "GET /account HTTP/1.1" 200 6653 "http://renault.activities.at/login" "Mozilla/5.0 (Windows NT 6.1; Win64; x64) AppleWebKit/537.36 (KHTML, like Gecko) Chrome/79.0.3945.117 Safari/537.36"
80.122.53.106 - - [15/Jan/2020:09:31:48 +0100] "GET /images/top_links_divider.gif HTTP/1.1" 200 44 "http://renault.activities.at/css/styles.css" "Mozilla/5.0 (Windows NT 6.1; Win64; x64) AppleWebKit/537.36 (KHTML, like Gecko) Chrome/79.0.3945.117 Safari/537.36"
80.122.53.106 - - [15/Jan/2020:09:31:48 +0100] "GET /images/nav_divider.gif HTTP/1.1" 200 43 "http://renault.activities.at/css/styles.css" "Mozilla/5.0 (Windows NT 6.1; Win64; x64) AppleWebKit/537.36 (KHTML, like Gecko) Chrome/79.0.3945.117 Safari/537.36"
80.122.53.106 - - [15/Jan/2020:09:31:48 +0100] "GET /images/menu_button_bg.jpg HTTP/1.1" 200 322 "http://renault.activities.at/css/styles.css" "Mozilla/5.0 (Windows NT 6.1; Win64; x64) AppleWebKit/537.36 (KHTML, like Gecko) Chrome/79.0.3945.117 Safari/537.36"
80.122.53.106 - - [15/Jan/2020:09:31:48 +0100] "GET /images/menu_divider.gif HTTP/1.1" 200 176 "http://renault.activities.at/css/styles.css" "Mozilla/5.0 (Windows NT 6.1; Win64; x64) AppleWebKit/537.36 (KHTML, like Gecko) Chrome/79.0.3945.117 Safari/537.36"
80.122.53.106 - - [15/Jan/2020:09:31:48 +0100] "GET /images/search_bg.gif HTTP/1.1" 200 1726 "http://renault.activities.at/css/styles.css" "Mozilla/5.0 (Windows NT 6.1; Win64; x64) AppleWebKit/537.36 (KHTML, like Gecko) Chrome/79.0.3945.117 Safari/537.36"
80.122.53.106 - - [15/Jan/2020:09:31:48 +0100] "GET /images/sidebar_title_border.gif HTTP/1.1" 200 43 "http://renault.activities.at/css/styles.css" "Mozilla/5.0 (Windows NT 6.1; Win64; x64) AppleWebKit/537.36 (KHTML, like Gecko) Chrome/79.0.3945.117 Safari/537.36"
80.122.53.106 - - [15/Jan/2020:09:31:48 +0100] "GET /images/sidebar_title_border_top.gif HTTP/1.1" 200 155 "http://renault.activities.at/css/styles.css" "Mozilla/5.0 (Windows NT 6.1; Win64; x64) AppleWebKit/537.36 (KHTML, like Gecko) Chrome/79.0.3945.117 Safari/537.36"
80.122.53.106 - - [15/Jan/2020:09:31:48 +0100] "GET /images/sidebar_title_corner_left_top.gif HTTP/1.1" 200 1124 "http://renault.activities.at/css/styles.css" "Mozilla/5.0 (Windows NT 6.1; Win64; x64) AppleWebKit/537.36 (KHTML, like Gecko) Chrome/79.0.3945.117 Safari/537.36"
80.122.53.106 - - [15/Jan/2020:09:31:48 +0100] "GET /images/sidebar_title_corner_right_top.gif HTTP/1.1" 200 383 "http://renault.activities.at/css/styles.css" "Mozilla/5.0 (Windows NT 6.1; Win64; x64) AppleWebKit/537.36 (KHTML, like Gecko) Chrome/79.0.3945.117 Safari/537.36"
80.122.53.106 - - [15/Jan/2020:09:31:48 +0100] "GET /images/validation_advice_bg.gif HTTP/1.1" 200 134 "http://renault.activities.at/css/styles.css" "Mozilla/5.0 (Windows NT 6.1; Win64; x64) AppleWebKit/537.36 (KHTML, like Gecko) Chrome/79.0.3945.117 Safari/537.36"
80.122.53.106 - - [15/Jan/2020:09:31:48 +0100] "GET /images/reset_bg.gif HTTP/1.1" 200 785 "http://renault.activities.at/css/styles.css" "Mozilla/5.0 (Windows NT 6.1; Win64; x64) AppleWebKit/537.36 (KHTML, like Gecko) Chrome/79.0.3945.117 Safari/537.36"
80.122.53.106 - - [15/Jan/2020:09:31:48 +0100] "GET /images/footer_divider.gif HTTP/1.1" 200 44 "http://renault.activities.at/css/styles.css" "Mozilla/5.0 (Windows NT 6.1; Win64; x64) AppleWebKit/537.36 (KHTML, like Gecko) Chrome/79.0.3945.117 Safari/537.36"
80.122.53.106 - - [15/Jan/2020:09:31:48 +0100] "GET /loadthumbnail.php?id=11355691&width=50&height=50 HTTP/1.1" 200 715 "http://renault.activities.at/account" "Mozilla/5.0 (Windows NT 6.1; Win64; x64) AppleWebKit/537.36 (KHTML, like Gecko) Chrome/79.0.3945.117 Safari/537.36"
80.122.53.106 - - [15/Jan/2020:09:31:48 +0100] "GET /account HTTP/1.1" 200 6653 "-" "Mozilla/5.0 (Windows NT 6.1; Win64; x64) AppleWebKit/537.36 (KHTML, like Gecko) Chrome/79.0.3945.117 Safari/537.36"
80.120.5.131 - - [15/Jan/2020:09:31:51 +0100] "POST /result?dir=DESC&mode=grid&order=name&limit=15&page=2&search=captur HTTP/1.1" 200 59908 "http://renault.activities.at/result?dir=DESC&mode=grid&order=name&limit=15&page=2&search=captur" "Mozilla/5.0 (Windows NT 10.0; Win64; x64) AppleWebKit/537.36 (KHTML, like Gecko) Chrome/79.0.3945.117 Safari/537.36"
80.122.221.194 - - [15/Jan/2020:09:31:54 +0100] "GET /reload?ser=1579077114634 HTTP/1.1" 200 28 "http://renault.activities.at/success" "Mozilla/5.0 (Windows NT 10.0; Win64; x64) AppleWebKit/537.36 (KHTML, like Gecko) Chrome/70.0.3538.102 Safari/537.36 Edge/18.18363"
80.122.53.106 - - [15/Jan/2020:09:31:59 +0100] "GET /result?searchterm=true&search=sandero HTTP/1.1" 200 7033 "http://renault.activities.at/account" "Mozilla/5.0 (Windows NT 6.1; Win64; x64) AppleWebKit/537.36 (KHTML, like Gecko) Chrome/79.0.3945.117 Safari/537.36"
80.122.53.106 - - [15/Jan/2020:09:32:02 +0100] "GET /loadthumbnail.php?id=12174322&width=113 HTTP/1.1" 200 6394 "http://renault.activities.at/result?searchterm=true&search=sandero" "Mozilla/5.0 (Windows NT 6.1; Win64; x64) AppleWebKit/537.36 (KHTML, like Gecko) Chrome/79.0.3945.117 Safari/537.36"
80.122.53.106 - - [15/Jan/2020:09:32:02 +0100] "GET /loadthumbnail.php?id=11784479&width=113 HTTP/1.1" 200 2490 "http://renault.activities.at/result?searchterm=true&search=sandero" "Mozilla/5.0 (Windows NT 6.1; Win64; x64) AppleWebKit/537.36 (KHTML, like Gecko) Chrome/79.0.3945.117 Safari/537.36"
80.122.53.106 - - [15/Jan/2020:09:32:02 +0100] "GET /loadthumbnail.php?id=11798476&width=113 HTTP/1.1" 200 2525 "http://renault.activities.at/result?searchterm=true&search=sandero" "Mozilla/5.0 (Windows NT 6.1; Win64; x64) AppleWebKit/537.36 (KHTML, like Gecko) Chrome/79.0.3945.117 Safari/537.36"
80.122.53.106 - - [15/Jan/2020:09:32:02 +0100] "GET /loadthumbnail.php?id=11987881&width=113 HTTP/1.1" 200 2583 "http://renault.activities.at/result?searchterm=true&search=sandero" "Mozilla/5.0 (Windows NT 6.1; Win64; x64) AppleWebKit/537.36 (KHTML, like Gecko) Chrome/79.0.3945.117 Safari/537.36"
80.122.53.106 - - [15/Jan/2020:09:32:02 +0100] "GET /images/vista-dn.gif HTTP/1.1" 200 128 "http://renault.activities.at/css/styles.css" "Mozilla/5.0 (Windows NT 6.1; Win64; x64) AppleWebKit/537.36 (KHTML, like Gecko) Chrome/79.0.3945.117 Safari/537.36"
80.122.53.106 - - [15/Jan/2020:09:32:02 +0100] "GET /loadthumbnail.php?id=10260863&width=113 HTTP/1.1" 200 1170 "http://renault.activities.at/result?searchterm=true&search=sandero" "Mozilla/5.0 (Windows NT 6.1; Win64; x64) AppleWebKit/537.36 (KHTML, like Gecko) Chrome/79.0.3945.117 Safari/537.36"
80.122.53.106 - - [15/Jan/2020:09:32:02 +0100] "GET /images/pager_bg.gif HTTP/1.1" 200 150 "http://renault.activities.at/css/styles.css" "Mozilla/5.0 (Windows NT 6.1; Win64; x64) AppleWebKit/537.36 (KHTML, like Gecko) Chrome/79.0.3945.117 Safari/537.36"
80.122.53.106 - - [15/Jan/2020:09:32:02 +0100] "GET /images/vista-up.gif HTTP/1.1" 200 131 "http://renault.activities.at/css/styles.css" "Mozilla/5.0 (Windows NT 6.1; Win64; x64) AppleWebKit/537.36 (KHTML, like Gecko) Chrome/79.0.3945.117 Safari/537.36"
80.122.53.106 - - [15/Jan/2020:09:32:02 +0100] "GET /loadthumbnail.php?id=12047627&width=113 HTTP/1.1" 200 3640 "http://renault.activities.at/result?searchterm=true&search=sandero" "Mozilla/5.0 (Windows NT 6.1; Win64; x64) AppleWebKit/537.36 (KHTML, like Gecko) Chrome/79.0.3945.117 Safari/537.36"
80.122.53.106 - - [15/Jan/2020:09:32:02 +0100] "GET /loadthumbnail.php?id=11715005&width=113 HTTP/1.1" 200 30128 "http://renault.activities.at/result?searchterm=true&search=sandero" "Mozilla/5.0 (Windows NT 6.1; Win64; x64) AppleWebKit/537.36 (KHTML, like Gecko) Chrome/79.0.3945.117 Safari/537.36"
80.122.53.106 - - [15/Jan/2020:09:31:59 +0100] "POST /axjaxrequest?mode=suggest HTTP/1.1" 200 111 "http://renault.activities.at/account" "Mozilla/5.0 (Windows NT 6.1; Win64; x64) AppleWebKit/537.36 (KHTML, like Gecko) Chrome/79.0.3945.117 Safari/537.36"
80.122.53.106 - - [15/Jan/2020:09:32:02 +0100] "GET /result?searchterm=true&search=sandero HTTP/1.1" 200 7033 "-" "Mozilla/5.0 (Windows NT 6.1; Win64; x64) AppleWebKit/537.36 (KHTML, like Gecko) Chrome/79.0.3945.117 Safari/537.36"
213.153.47.173 - - [15/Jan/2020:09:32:11 +0100] "GET /reload?ser=1579077131444 HTTP/1.1" 200 28 "http://renault.activities.at/login?required=true" "Mozilla/5.0 (Windows NT 10.0; Win64; x64; rv:72.0) Gecko/20100101 Firefox/72.0"
213.153.47.173 - - [15/Jan/2020:09:32:32 +0100] "GET /reload?ser=1579077152403 HTTP/1.1" 200 28 "http://renault.activities.at/login?required=true" "Mozilla/5.0 (Windows NT 10.0; Win64; x64; rv:72.0) Gecko/20100101 Firefox/72.0"
80.120.5.131 - - [15/Jan/2020:09:32:55 +0100] "GET /reload?ser=1579077175197 HTTP/1.1" 200 2 "http://renault.activities.at/result?dir=DESC&mode=grid&order=name&limit=15&page=2&search=captur" "Mozilla/5.0 (Windows NT 10.0; Win64; x64) AppleWebKit/537.36 (KHTML, like Gecko) Chrome/79.0.3945.117 Safari/537.36"
80.122.221.194 - - [15/Jan/2020:09:32:56 +0100] "GET /reload?ser=1579077176618 HTTP/1.1" 200 28 "http://renault.activities.at/success" "Mozilla/5.0 (Windows NT 10.0; Win64; x64) AppleWebKit/537.36 (KHTML, like Gecko) Chrome/70.0.3538.102 Safari/537.36 Edge/18.18363"
213.153.47.173 - - [15/Jan/2020:09:33:12 +0100] "GET /reload?ser=1579077192102 HTTP/1.1" 200 28 "http://renault.activities.at/login?required=true" "Mozilla/5.0 (Windows NT 10.0; Win64; x64; rv:72.0) Gecko/20100101 Firefox/72.0"
213.153.47.173 - - [15/Jan/2020:09:33:33 +0100] "GET /reload?ser=1579077213051 HTTP/1.1" 200 28 "http://renault.activities.at/login?required=true" "Mozilla/5.0 (Windows NT 10.0; Win64; x64; rv:72.0) Gecko/20100101 Firefox/72.0"
80.120.5.131 - - [15/Jan/2020:09:33:56 +0100] "GET /reload?ser=1579077236180 HTTP/1.1" 200 2 "http://renault.activities.at/result?dir=DESC&mode=grid&order=name&limit=15&page=2&search=captur" "Mozilla/5.0 (Windows NT 10.0; Win64; x64) AppleWebKit/537.36 (KHTML, like Gecko) Chrome/79.0.3945.117 Safari/537.36"
80.122.221.194 - - [15/Jan/2020:09:33:57 +0100] "GET /reload?ser=1579077237625 HTTP/1.1" 200 28 "http://renault.activities.at/success" "Mozilla/5.0 (Windows NT 10.0; Win64; x64) AppleWebKit/537.36 (KHTML, like Gecko) Chrome/70.0.3538.102 Safari/537.36 Edge/18.18363"
213.153.47.173 - - [15/Jan/2020:09:34:12 +0100] "GET /reload?ser=1579077252769 HTTP/1.1" 200 28 "http://renault.activities.at/login?required=true" "Mozilla/5.0 (Windows NT 10.0; Win64; x64; rv:72.0) Gecko/20100101 Firefox/72.0"
213.153.47.173 - - [15/Jan/2020:09:34:33 +0100] "GET /reload?ser=1579077273698 HTTP/1.1" 200 28 "http://renault.activities.at/login?required=true" "Mozilla/5.0 (Windows NT 10.0; Win64; x64; rv:72.0) Gecko/20100101 Firefox/72.0"
80.120.5.131 - - [15/Jan/2020:09:34:57 +0100] "GET /reload?ser=1579077297150 HTTP/1.1" 200 2 "http://renault.activities.at/result?dir=DESC&mode=grid&order=name&limit=15&page=2&search=captur" "Mozilla/5.0 (Windows NT 10.0; Win64; x64) AppleWebKit/537.36 (KHTML, like Gecko) Chrome/79.0.3945.117 Safari/537.36"
80.122.221.194 - - [15/Jan/2020:09:34:58 +0100] "GET /reload?ser=1579077298614 HTTP/1.1" 200 28 "http://renault.activities.at/success" "Mozilla/5.0 (Windows NT 10.0; Win64; x64) AppleWebKit/537.36 (KHTML, like Gecko) Chrome/70.0.3538.102 Safari/537.36 Edge/18.18363"
213.153.47.173 - - [15/Jan/2020:09:35:13 +0100] "GET /reload?ser=1579077313418 HTTP/1.1" 200 28 "http://renault.activities.at/login?required=true" "Mozilla/5.0 (Windows NT 10.0; Win64; x64; rv:72.0) Gecko/20100101 Firefox/72.0"
213.153.47.173 - - [15/Jan/2020:09:35:34 +0100] "GET /reload?ser=1579077334335 HTTP/1.1" 200 28 "http://renault.activities.at/login?required=true" "Mozilla/5.0 (Windows NT 10.0; Win64; x64; rv:72.0) Gecko/20100101 Firefox/72.0"
80.120.5.131 - - [15/Jan/2020:09:35:58 +0100] "GET /reload?ser=1579077358115 HTTP/1.1" 200 2 "http://renault.activities.at/result?dir=DESC&mode=grid&order=name&limit=15&page=2&search=captur" "Mozilla/5.0 (Windows NT 10.0; Win64; x64) AppleWebKit/537.36 (KHTML, like Gecko) Chrome/79.0.3945.117 Safari/537.36"
80.122.221.194 - - [15/Jan/2020:09:35:59 +0100] "GET /reload?ser=1579077359616 HTTP/1.1" 200 28 "http://renault.activities.at/success" "Mozilla/5.0 (Windows NT 10.0; Win64; x64) AppleWebKit/537.36 (KHTML, like Gecko) Chrome/70.0.3538.102 Safari/537.36 Edge/18.18363"
213.153.47.173 - - [15/Jan/2020:09:36:14 +0100] "GET /reload?ser=1579077374064 HTTP/1.1" 200 28 "http://renault.activities.at/login?required=true" "Mozilla/5.0 (Windows NT 10.0; Win64; x64; rv:72.0) Gecko/20100101 Firefox/72.0"
213.153.47.173 - - [15/Jan/2020:09:36:34 +0100] "GET /reload?ser=1579077394983 HTTP/1.1" 200 28 "http://renault.activities.at/login?required=true" "Mozilla/5.0 (Windows NT 10.0; Win64; x64; rv:72.0) Gecko/20100101 Firefox/72.0"
80.120.5.131 - - [15/Jan/2020:09:36:32 +0100] "GET /checkout HTTP/1.1" 200 92849 "http://renault.activities.at/result?dir=DESC&mode=grid&order=name&limit=15&page=2&search=captur" "Mozilla/5.0 (Windows NT 10.0; Win64; x64) AppleWebKit/537.36 (KHTML, like Gecko) Chrome/79.0.3945.117 Safari/537.36"
80.120.5.131 - - [15/Jan/2020:09:36:35 +0100] "GET /cart HTTP/1.1" 200 39865 "http://renault.activities.at/result?dir=DESC&mode=grid&order=name&limit=15&page=2&search=captur" "Mozilla/5.0 (Windows NT 10.0; Win64; x64) AppleWebKit/537.36 (KHTML, like Gecko) Chrome/79.0.3945.117 Safari/537.36"
80.120.5.131 - - [15/Jan/2020:09:36:39 +0100] "GET /cart HTTP/1.1" 200 39865 "http://renault.activities.at/result?dir=DESC&mode=grid&order=name&limit=15&page=2&search=captur" "Mozilla/5.0 (Windows NT 10.0; Win64; x64) AppleWebKit/537.36 (KHTML, like Gecko) Chrome/79.0.3945.117 Safari/537.36"
80.120.5.131 - - [15/Jan/2020:09:36:40 +0100] "GET /checkout HTTP/1.1" 200 92849 "http://renault.activities.at/result?dir=DESC&mode=grid&order=name&limit=15&page=2&search=captur" "Mozilla/5.0 (Windows NT 10.0; Win64; x64) AppleWebKit/537.36 (KHTML, like Gecko) Chrome/79.0.3945.117 Safari/537.36"
80.120.5.131 - - [15/Jan/2020:09:36:43 +0100] "GET /checkout HTTP/1.1" 200 92849 "http://renault.activities.at/result?dir=DESC&mode=grid&order=name&limit=15&page=2&search=captur" "Mozilla/5.0 (Windows NT 10.0; Win64; x64) AppleWebKit/537.36 (KHTML, like Gecko) Chrome/79.0.3945.117 Safari/537.36"
80.120.5.131 - - [15/Jan/2020:09:36:49 +0100] "GET /loadthumbnail.php?id=10201939 HTTP/1.1" 200 218 "http://renault.activities.at/checkout" "Mozilla/5.0 (Windows NT 10.0; Win64; x64) AppleWebKit/537.36 (KHTML, like Gecko) Chrome/79.0.3945.117 Safari/537.36"
80.120.5.131 - - [15/Jan/2020:09:36:49 +0100] "GET /loadthumbnail.php?id=10202698 HTTP/1.1" 200 16678 "http://renault.activities.at/checkout" "Mozilla/5.0 (Windows NT 10.0; Win64; x64) AppleWebKit/537.36 (KHTML, like Gecko) Chrome/79.0.3945.117 Safari/537.36"
80.120.5.131 - - [15/Jan/2020:09:36:51 +0100] "POST /docheckout HTTP/1.1" 200 1342 "http://renault.activities.at/checkout" "Mozilla/5.0 (Windows NT 10.0; Win64; x64) AppleWebKit/537.36 (KHTML, like Gecko) Chrome/79.0.3945.117 Safari/537.36"
80.120.5.131 - - [15/Jan/2020:09:36:55 +0100] "POST /docheckout HTTP/1.1" 200 4433 "http://renault.activities.at/checkout" "Mozilla/5.0 (Windows NT 10.0; Win64; x64) AppleWebKit/537.36 (KHTML, like Gecko) Chrome/79.0.3945.117 Safari/537.36"
80.122.221.194 - - [15/Jan/2020:09:37:00 +0100] "GET /reload?ser=1579077420623 HTTP/1.1" 200 28 "http://renault.activities.at/success" "Mozilla/5.0 (Windows NT 10.0; Win64; x64) AppleWebKit/537.36 (KHTML, like Gecko) Chrome/70.0.3538.102 Safari/537.36 Edge/18.18363"
80.120.5.131 - - [15/Jan/2020:09:37:05 +0100] "POST /docheckout HTTP/1.1" 200 49 "http://renault.activities.at/checkout" "Mozilla/5.0 (Windows NT 10.0; Win64; x64) AppleWebKit/537.36 (KHTML, like Gecko) Chrome/79.0.3945.117 Safari/537.36"
80.120.5.131 - - [15/Jan/2020:09:37:08 +0100] "GET /success HTTP/1.1" 200 23007 "http://renault.activities.at/checkout" "Mozilla/5.0 (Windows NT 10.0; Win64; x64) AppleWebKit/537.36 (KHTML, like Gecko) Chrome/79.0.3945.117 Safari/537.36"
213.153.47.173 - - [15/Jan/2020:09:37:14 +0100] "GET /reload?ser=1579077434713 HTTP/1.1" 200 28 "http://renault.activities.at/login?required=true" "Mozilla/5.0 (Windows NT 10.0; Win64; x64; rv:72.0) Gecko/20100101 Firefox/72.0"
213.153.47.173 - - [15/Jan/2020:09:37:35 +0100] "GET /reload?ser=1579077455643 HTTP/1.1" 200 28 "http://renault.activities.at/login?required=true" "Mozilla/5.0 (Windows NT 10.0; Win64; x64; rv:72.0) Gecko/20100101 Firefox/72.0"
80.122.221.194 - - [15/Jan/2020:09:38:01 +0100] "GET /reload?ser=1579077481620 HTTP/1.1" 200 28 "http://renault.activities.at/success" "Mozilla/5.0 (Windows NT 10.0; Win64; x64) AppleWebKit/537.36 (KHTML, like Gecko) Chrome/70.0.3538.102 Safari/537.36 Edge/18.18363"
80.120.5.131 - - [15/Jan/2020:09:38:10 +0100] "GET /reload?ser=1579077490843 HTTP/1.1" 200 2 "http://renault.activities.at/success" "Mozilla/5.0 (Windows NT 10.0; Win64; x64) AppleWebKit/537.36 (KHTML, like Gecko) Chrome/79.0.3945.117 Safari/537.36"
213.153.47.173 - - [15/Jan/2020:09:38:15 +0100] "GET /reload?ser=1579077495351 HTTP/1.1" 200 28 "http://renault.activities.at/login?required=true" "Mozilla/5.0 (Windows NT 10.0; Win64; x64; rv:72.0) Gecko/20100101 Firefox/72.0"
213.153.47.173 - - [15/Jan/2020:09:38:36 +0100] "GET /reload?ser=1579077516291 HTTP/1.1" 200 28 "http://renault.activities.at/login?required=true" "Mozilla/5.0 (Windows NT 10.0; Win64; x64; rv:72.0) Gecko/20100101 Firefox/72.0"
80.122.221.194 - - [15/Jan/2020:09:39:02 +0100] "GET /reload?ser=1579077542613 HTTP/1.1" 200 28 "http://renault.activities.at/success" "Mozilla/5.0 (Windows NT 10.0; Win64; x64) AppleWebKit/537.36 (KHTML, like Gecko) Chrome/70.0.3538.102 Safari/537.36 Edge/18.18363"
80.120.5.131 - - [15/Jan/2020:09:39:11 +0100] "GET /reload?ser=1579077551808 HTTP/1.1" 200 2 "http://renault.activities.at/success" "Mozilla/5.0 (Windows NT 10.0; Win64; x64) AppleWebKit/537.36 (KHTML, like Gecko) Chrome/79.0.3945.117 Safari/537.36"
213.153.47.173 - - [15/Jan/2020:09:39:15 +0100] "GET /reload?ser=1579077556000 HTTP/1.1" 200 28 "http://renault.activities.at/login?required=true" "Mozilla/5.0 (Windows NT 10.0; Win64; x64; rv:72.0) Gecko/20100101 Firefox/72.0"
213.153.47.173 - - [15/Jan/2020:09:39:36 +0100] "GET /reload?ser=1579077576940 HTTP/1.1" 200 28 "http://renault.activities.at/login?required=true" "Mozilla/5.0 (Windows NT 10.0; Win64; x64; rv:72.0) Gecko/20100101 Firefox/72.0"
80.122.221.194 - - [15/Jan/2020:09:40:03 +0100] "GET /reload?ser=1579077603610 HTTP/1.1" 200 28 "http://renault.activities.at/success" "Mozilla/5.0 (Windows NT 10.0; Win64; x64) AppleWebKit/537.36 (KHTML, like Gecko) Chrome/70.0.3538.102 Safari/537.36 Edge/18.18363"
80.120.5.131 - - [15/Jan/2020:09:40:12 +0100] "GET /reload?ser=1579077612758 HTTP/1.1" 200 2 "http://renault.activities.at/success" "Mozilla/5.0 (Windows NT 10.0; Win64; x64) AppleWebKit/537.36 (KHTML, like Gecko) Chrome/79.0.3945.117 Safari/537.36"
213.153.47.173 - - [15/Jan/2020:09:40:16 +0100] "GET /reload?ser=1579077616634 HTTP/1.1" 200 28 "http://renault.activities.at/login?required=true" "Mozilla/5.0 (Windows NT 10.0; Win64; x64; rv:72.0) Gecko/20100101 Firefox/72.0"
213.153.47.173 - - [15/Jan/2020:09:40:37 +0100] "GET /reload?ser=1579077637598 HTTP/1.1" 200 28 "http://renault.activities.at/login?required=true" "Mozilla/5.0 (Windows NT 10.0; Win64; x64; rv:72.0) Gecko/20100101 Firefox/72.0"
80.122.221.194 - - [15/Jan/2020:09:41:04 +0100] "GET /reload?ser=1579077664619 HTTP/1.1" 200 28 "http://renault.activities.at/success" "Mozilla/5.0 (Windows NT 10.0; Win64; x64) AppleWebKit/537.36 (KHTML, like Gecko) Chrome/70.0.3538.102 Safari/537.36 Edge/18.18363"
80.120.5.131 - - [15/Jan/2020:09:41:13 +0100] "GET /reload?ser=1579077673724 HTTP/1.1" 200 2 "http://renault.activities.at/success" "Mozilla/5.0 (Windows NT 10.0; Win64; x64) AppleWebKit/537.36 (KHTML, like Gecko) Chrome/79.0.3945.117 Safari/537.36"
213.153.47.173 - - [15/Jan/2020:09:41:17 +0100] "GET /reload?ser=1579077677288 HTTP/1.1" 200 28 "http://renault.activities.at/login?required=true" "Mozilla/5.0 (Windows NT 10.0; Win64; x64; rv:72.0) Gecko/20100101 Firefox/72.0"
213.153.47.173 - - [15/Jan/2020:09:41:38 +0100] "GET /reload?ser=1579077698248 HTTP/1.1" 200 28 "http://renault.activities.at/login?required=true" "Mozilla/5.0 (Windows NT 10.0; Win64; x64; rv:72.0) Gecko/20100101 Firefox/72.0"
80.122.221.194 - - [15/Jan/2020:09:42:05 +0100] "GET /reload?ser=1579077725624 HTTP/1.1" 200 28 "http://renault.activities.at/success" "Mozilla/5.0 (Windows NT 10.0; Win64; x64) AppleWebKit/537.36 (KHTML, like Gecko) Chrome/70.0.3538.102 Safari/537.36 Edge/18.18363"
80.120.5.131 - - [15/Jan/2020:09:42:14 +0100] "GET /reload?ser=1579077734686 HTTP/1.1" 200 2 "http://renault.activities.at/success" "Mozilla/5.0 (Windows NT 10.0; Win64; x64) AppleWebKit/537.36 (KHTML, like Gecko) Chrome/79.0.3945.117 Safari/537.36"
213.153.47.173 - - [15/Jan/2020:09:42:17 +0100] "GET /reload?ser=1579077737928 HTTP/1.1" 200 28 "http://renault.activities.at/login?required=true" "Mozilla/5.0 (Windows NT 10.0; Win64; x64; rv:72.0) Gecko/20100101 Firefox/72.0"
213.153.47.173 - - [15/Jan/2020:09:42:38 +0100] "GET /reload?ser=1579077758908 HTTP/1.1" 200 28 "http://renault.activities.at/login?required=true" "Mozilla/5.0 (Windows NT 10.0; Win64; x64; rv:72.0) Gecko/20100101 Firefox/72.0"
80.122.221.194 - - [15/Jan/2020:09:43:07 +0100] "GET /reload?ser=1579077787614 HTTP/1.1" 200 28 "http://renault.activities.at/success" "Mozilla/5.0 (Windows NT 10.0; Win64; x64) AppleWebKit/537.36 (KHTML, like Gecko) Chrome/70.0.3538.102 Safari/537.36 Edge/18.18363"
80.120.5.131 - - [15/Jan/2020:09:43:15 +0100] "GET /reload?ser=1579077795654 HTTP/1.1" 200 2 "http://renault.activities.at/success" "Mozilla/5.0 (Windows NT 10.0; Win64; x64) AppleWebKit/537.36 (KHTML, like Gecko) Chrome/79.0.3945.117 Safari/537.36"
213.153.47.173 - - [15/Jan/2020:09:43:18 +0100] "GET /reload?ser=1579077798595 HTTP/1.1" 200 28 "http://renault.activities.at/login?required=true" "Mozilla/5.0 (Windows NT 10.0; Win64; x64; rv:72.0) Gecko/20100101 Firefox/72.0"
213.153.47.173 - - [15/Jan/2020:09:43:39 +0100] "GET /reload?ser=1579077819561 HTTP/1.1" 200 28 "http://renault.activities.at/login?required=true" "Mozilla/5.0 (Windows NT 10.0; Win64; x64; rv:72.0) Gecko/20100101 Firefox/72.0"
80.122.221.194 - - [15/Jan/2020:09:44:08 +0100] "GET /reload?ser=1579077848613 HTTP/1.1" 200 28 "http://renault.activities.at/success" "Mozilla/5.0 (Windows NT 10.0; Win64; x64) AppleWebKit/537.36 (KHTML, like Gecko) Chrome/70.0.3538.102 Safari/537.36 Edge/18.18363"
80.120.5.131 - - [15/Jan/2020:09:44:16 +0100] "GET /reload?ser=1579077856638 HTTP/1.1" 200 2 "http://renault.activities.at/success" "Mozilla/5.0 (Windows NT 10.0; Win64; x64) AppleWebKit/537.36 (KHTML, like Gecko) Chrome/79.0.3945.117 Safari/537.36"
213.153.47.173 - - [15/Jan/2020:09:44:19 +0100] "GET /reload?ser=1579077859248 HTTP/1.1" 200 28 "http://renault.activities.at/login?required=true" "Mozilla/5.0 (Windows NT 10.0; Win64; x64; rv:72.0) Gecko/20100101 Firefox/72.0"
213.153.47.173 - - [15/Jan/2020:09:44:40 +0100] "GET /reload?ser=1579077880214 HTTP/1.1" 200 28 "http://renault.activities.at/login?required=true" "Mozilla/5.0 (Windows NT 10.0; Win64; x64; rv:72.0) Gecko/20100101 Firefox/72.0"
80.122.221.194 - - [15/Jan/2020:09:45:10 +0100] "GET /reload?ser=1579077910622 HTTP/1.1" 200 28 "http://renault.activities.at/success" "Mozilla/5.0 (Windows NT 10.0; Win64; x64) AppleWebKit/537.36 (KHTML, like Gecko) Chrome/70.0.3538.102 Safari/537.36 Edge/18.18363"
80.120.5.131 - - [15/Jan/2020:09:45:17 +0100] "GET /reload?ser=1579077917597 HTTP/1.1" 200 2 "http://renault.activities.at/success" "Mozilla/5.0 (Windows NT 10.0; Win64; x64) AppleWebKit/537.36 (KHTML, like Gecko) Chrome/79.0.3945.117 Safari/537.36"
213.153.47.173 - - [15/Jan/2020:09:45:19 +0100] "GET /reload?ser=1579077919901 HTTP/1.1" 200 28 "http://renault.activities.at/login?required=true" "Mozilla/5.0 (Windows NT 10.0; Win64; x64; rv:72.0) Gecko/20100101 Firefox/72.0"
213.153.47.173 - - [15/Jan/2020:09:45:40 +0100] "GET /reload?ser=1579077940858 HTTP/1.1" 200 28 "http://renault.activities.at/login?required=true" "Mozilla/5.0 (Windows NT 10.0; Win64; x64; rv:72.0) Gecko/20100101 Firefox/72.0"
80.122.221.194 - - [15/Jan/2020:09:46:11 +0100] "GET /reload?ser=1579077971615 HTTP/1.1" 200 28 "http://renault.activities.at/success" "Mozilla/5.0 (Windows NT 10.0; Win64; x64) AppleWebKit/537.36 (KHTML, like Gecko) Chrome/70.0.3538.102 Safari/537.36 Edge/18.18363"
80.120.5.131 - - [15/Jan/2020:09:46:18 +0100] "GET /reload?ser=1579077978547 HTTP/1.1" 200 2 "http://renault.activities.at/success" "Mozilla/5.0 (Windows NT 10.0; Win64; x64) AppleWebKit/537.36 (KHTML, like Gecko) Chrome/79.0.3945.117 Safari/537.36"
