178.188.249.126 - - [20/Jan/2020:12:03:56 +0100] "GET /reload?ser=1579518236782 HTTP/1.1" 200 28 "http://renault.activities.at/result?searchterm=true&search=checkliste" "Mozilla/5.0 (Windows NT 6.1; Win64; x64) AppleWebKit/537.36 (KHTML, like Gecko) Chrome/79.0.3945.117 Safari/537.36"
213.153.47.173 - - [20/Jan/2020:12:04:14 +0100] "GET /reload?ser=1579518254550 HTTP/1.1" 200 28 "http://renault.activities.at/login?required=true" "Mozilla/5.0 (Windows NT 10.0; Win64; x64; rv:72.0) Gecko/20100101 Firefox/72.0"
213.153.47.173 - - [20/Jan/2020:12:04:24 +0100] "GET /reload?ser=1579518264971 HTTP/1.1" 200 28 "http://renault.activities.at/login?required=true" "Mozilla/5.0 (Windows NT 10.0; Win64; x64; rv:72.0) Gecko/20100101 Firefox/72.0"
83.175.113.91 - - [20/Jan/2020:12:04:35 +0100] "GET /reload?ser=1579518275427 HTTP/1.1" 200 28 "http://renault.activities.at/aboutus" "Mozilla/5.0 (Windows NT 10.0; Win64; x64) AppleWebKit/537.36 (KHTML, like Gecko) Chrome/79.0.3945.117 Safari/537.36"
80.122.221.194 - - [20/Jan/2020:12:04:36 +0100] "GET /reload?ser=1579518277022 HTTP/1.1" 200 28 "http://renault.activities.at/cart" "Mozilla/5.0 (Windows NT 10.0; Win64; x64) AppleWebKit/537.36 (KHTML, like Gecko) Chrome/70.0.3538.102 Safari/537.36 Edge/18.18363"
80.80.251.48 - - [20/Jan/2020:12:04:39 +0100] "GET /reload?ser=1579518279504 HTTP/1.1" 200 28 "http://renault.activities.at/aboutus" "Mozilla/5.0 (Windows NT 10.0; WOW64; Trident/7.0; rv:11.0) like Gecko"
80.120.5.131 - - [20/Jan/2020:12:04:48 +0100] "GET /reload?ser=1579518288221 HTTP/1.1" 200 2 "http://renault.activities.at/result?dir=DESC&mode=grid&order=name&limit=15&page=2&search=captur" "Mozilla/5.0 (Windows NT 10.0; Win64; x64) AppleWebKit/537.36 (KHTML, like Gecko) Chrome/79.0.3945.117 Safari/537.36"
178.188.249.126 - - [20/Jan/2020:12:04:57 +0100] "GET /reload?ser=1579518297783 HTTP/1.1" 200 28 "http://renault.activities.at/result?searchterm=true&search=checkliste" "Mozilla/5.0 (Windows NT 6.1; Win64; x64) AppleWebKit/537.36 (KHTML, like Gecko) Chrome/79.0.3945.117 Safari/537.36"
213.153.47.173 - - [20/Jan/2020:12:05:15 +0100] "GET /reload?ser=1579518315195 HTTP/1.1" 200 28 "http://renault.activities.at/login?required=true" "Mozilla/5.0 (Windows NT 10.0; Win64; x64; rv:72.0) Gecko/20100101 Firefox/72.0"
213.153.47.173 - - [20/Jan/2020:12:05:25 +0100] "GET /reload?ser=1579518325614 HTTP/1.1" 200 28 "http://renault.activities.at/login?required=true" "Mozilla/5.0 (Windows NT 10.0; Win64; x64; rv:72.0) Gecko/20100101 Firefox/72.0"
83.175.113.91 - - [20/Jan/2020:12:05:36 +0100] "GET /reload?ser=1579518336428 HTTP/1.1" 200 28 "http://renault.activities.at/aboutus" "Mozilla/5.0 (Windows NT 10.0; Win64; x64) AppleWebKit/537.36 (KHTML, like Gecko) Chrome/79.0.3945.117 Safari/537.36"
80.122.221.194 - - [20/Jan/2020:12:05:37 +0100] "GET /reload?ser=1579518338013 HTTP/1.1" 200 28 "http://renault.activities.at/cart" "Mozilla/5.0 (Windows NT 10.0; Win64; x64) AppleWebKit/537.36 (KHTML, like Gecko) Chrome/70.0.3538.102 Safari/537.36 Edge/18.18363"
80.80.251.48 - - [20/Jan/2020:12:05:40 +0100] "GET /reload?ser=1579518340535 HTTP/1.1" 200 28 "http://renault.activities.at/aboutus" "Mozilla/5.0 (Windows NT 10.0; WOW64; Trident/7.0; rv:11.0) like Gecko"
80.120.5.131 - - [20/Jan/2020:12:05:49 +0100] "GET /reload?ser=1579518349211 HTTP/1.1" 200 2 "http://renault.activities.at/result?dir=DESC&mode=grid&order=name&limit=15&page=2&search=captur" "Mozilla/5.0 (Windows NT 10.0; Win64; x64) AppleWebKit/537.36 (KHTML, like Gecko) Chrome/79.0.3945.117 Safari/537.36"
178.188.249.126 - - [20/Jan/2020:12:05:58 +0100] "GET /reload?ser=1579518358784 HTTP/1.1" 200 28 "http://renault.activities.at/result?searchterm=true&search=checkliste" "Mozilla/5.0 (Windows NT 6.1; Win64; x64) AppleWebKit/537.36 (KHTML, like Gecko) Chrome/79.0.3945.117 Safari/537.36"
213.153.47.173 - - [20/Jan/2020:12:06:15 +0100] "GET /reload?ser=1579518375860 HTTP/1.1" 200 28 "http://renault.activities.at/login?required=true" "Mozilla/5.0 (Windows NT 10.0; Win64; x64; rv:72.0) Gecko/20100101 Firefox/72.0"
213.153.47.173 - - [20/Jan/2020:12:06:26 +0100] "GET /reload?ser=1579518386269 HTTP/1.1" 200 28 "http://renault.activities.at/login?required=true" "Mozilla/5.0 (Windows NT 10.0; Win64; x64; rv:72.0) Gecko/20100101 Firefox/72.0"
83.175.113.91 - - [20/Jan/2020:12:06:37 +0100] "GET /reload?ser=1579518397427 HTTP/1.1" 200 28 "http://renault.activities.at/aboutus" "Mozilla/5.0 (Windows NT 10.0; Win64; x64) AppleWebKit/537.36 (KHTML, like Gecko) Chrome/79.0.3945.117 Safari/537.36"
80.122.221.194 - - [20/Jan/2020:12:06:38 +0100] "GET /reload?ser=1579518399017 HTTP/1.1" 200 28 "http://renault.activities.at/cart" "Mozilla/5.0 (Windows NT 10.0; Win64; x64) AppleWebKit/537.36 (KHTML, like Gecko) Chrome/70.0.3538.102 Safari/537.36 Edge/18.18363"
80.80.251.48 - - [20/Jan/2020:12:06:41 +0100] "GET /reload?ser=1579518401534 HTTP/1.1" 200 28 "http://renault.activities.at/aboutus" "Mozilla/5.0 (Windows NT 10.0; WOW64; Trident/7.0; rv:11.0) like Gecko"
80.120.5.131 - - [20/Jan/2020:12:06:50 +0100] "GET /reload?ser=1579518410210 HTTP/1.1" 200 2 "http://renault.activities.at/result?dir=DESC&mode=grid&order=name&limit=15&page=2&search=captur" "Mozilla/5.0 (Windows NT 10.0; Win64; x64) AppleWebKit/537.36 (KHTML, like Gecko) Chrome/79.0.3945.117 Safari/537.36"
178.188.249.126 - - [20/Jan/2020:12:06:59 +0100] "GET /reload?ser=1579518419785 HTTP/1.1" 200 28 "http://renault.activities.at/result?searchterm=true&search=checkliste" "Mozilla/5.0 (Windows NT 6.1; Win64; x64) AppleWebKit/537.36 (KHTML, like Gecko) Chrome/79.0.3945.117 Safari/537.36"
213.153.47.173 - - [20/Jan/2020:12:07:16 +0100] "GET /reload?ser=1579518436505 HTTP/1.1" 200 28 "http://renault.activities.at/login?required=true" "Mozilla/5.0 (Windows NT 10.0; Win64; x64; rv:72.0) Gecko/20100101 Firefox/72.0"
213.153.47.173 - - [20/Jan/2020:12:07:26 +0100] "GET /reload?ser=1579518446933 HTTP/1.1" 200 28 "http://renault.activities.at/login?required=true" "Mozilla/5.0 (Windows NT 10.0; Win64; x64; rv:72.0) Gecko/20100101 Firefox/72.0"
83.175.113.91 - - [20/Jan/2020:12:07:38 +0100] "GET /reload?ser=1579518458427 HTTP/1.1" 200 28 "http://renault.activities.at/aboutus" "Mozilla/5.0 (Windows NT 10.0; Win64; x64) AppleWebKit/537.36 (KHTML, like Gecko) Chrome/79.0.3945.117 Safari/537.36"
80.122.221.194 - - [20/Jan/2020:12:07:39 +0100] "GET /reload?ser=1579518460008 HTTP/1.1" 200 28 "http://renault.activities.at/cart" "Mozilla/5.0 (Windows NT 10.0; Win64; x64) AppleWebKit/537.36 (KHTML, like Gecko) Chrome/70.0.3538.102 Safari/537.36 Edge/18.18363"
80.80.251.48 - - [20/Jan/2020:12:07:42 +0100] "GET /reload?ser=1579518462544 HTTP/1.1" 200 28 "http://renault.activities.at/aboutus" "Mozilla/5.0 (Windows NT 10.0; WOW64; Trident/7.0; rv:11.0) like Gecko"
80.120.5.131 - - [20/Jan/2020:12:07:51 +0100] "GET /reload?ser=1579518471214 HTTP/1.1" 200 2 "http://renault.activities.at/result?dir=DESC&mode=grid&order=name&limit=15&page=2&search=captur" "Mozilla/5.0 (Windows NT 10.0; Win64; x64) AppleWebKit/537.36 (KHTML, like Gecko) Chrome/79.0.3945.117 Safari/537.36"
178.188.249.126 - - [20/Jan/2020:12:08:00 +0100] "GET /reload?ser=1579518480787 HTTP/1.1" 200 28 "http://renault.activities.at/result?searchterm=true&search=checkliste" "Mozilla/5.0 (Windows NT 6.1; Win64; x64) AppleWebKit/537.36 (KHTML, like Gecko) Chrome/79.0.3945.117 Safari/537.36"
213.153.47.173 - - [20/Jan/2020:12:08:17 +0100] "GET /reload?ser=1579518497150 HTTP/1.1" 200 28 "http://renault.activities.at/login?required=true" "Mozilla/5.0 (Windows NT 10.0; Win64; x64; rv:72.0) Gecko/20100101 Firefox/72.0"
213.153.47.173 - - [20/Jan/2020:12:08:27 +0100] "GET /reload?ser=1579518507579 HTTP/1.1" 200 28 "http://renault.activities.at/login?required=true" "Mozilla/5.0 (Windows NT 10.0; Win64; x64; rv:72.0) Gecko/20100101 Firefox/72.0"
83.175.113.91 - - [20/Jan/2020:12:08:39 +0100] "GET /reload?ser=1579518519427 HTTP/1.1" 200 28 "http://renault.activities.at/aboutus" "Mozilla/5.0 (Windows NT 10.0; Win64; x64) AppleWebKit/537.36 (KHTML, like Gecko) Chrome/79.0.3945.117 Safari/537.36"
80.122.221.194 - - [20/Jan/2020:12:08:40 +0100] "GET /reload?ser=1579518521015 HTTP/1.1" 200 28 "http://renault.activities.at/cart" "Mozilla/5.0 (Windows NT 10.0; Win64; x64) AppleWebKit/537.36 (KHTML, like Gecko) Chrome/70.0.3538.102 Safari/537.36 Edge/18.18363"
80.80.251.48 - - [20/Jan/2020:12:08:43 +0100] "GET /reload?ser=1579518523540 HTTP/1.1" 200 28 "http://renault.activities.at/aboutus" "Mozilla/5.0 (Windows NT 10.0; WOW64; Trident/7.0; rv:11.0) like Gecko"
80.120.5.131 - - [20/Jan/2020:12:08:52 +0100] "GET /reload?ser=1579518532210 HTTP/1.1" 200 2 "http://renault.activities.at/result?dir=DESC&mode=grid&order=name&limit=15&page=2&search=captur" "Mozilla/5.0 (Windows NT 10.0; Win64; x64) AppleWebKit/537.36 (KHTML, like Gecko) Chrome/79.0.3945.117 Safari/537.36"
178.188.249.126 - - [20/Jan/2020:12:09:01 +0100] "GET /reload?ser=1579518541787 HTTP/1.1" 200 28 "http://renault.activities.at/result?searchterm=true&search=checkliste" "Mozilla/5.0 (Windows NT 6.1; Win64; x64) AppleWebKit/537.36 (KHTML, like Gecko) Chrome/79.0.3945.117 Safari/537.36"
213.153.47.173 - - [20/Jan/2020:12:09:17 +0100] "GET /reload?ser=1579518557805 HTTP/1.1" 200 28 "http://renault.activities.at/login?required=true" "Mozilla/5.0 (Windows NT 10.0; Win64; x64; rv:72.0) Gecko/20100101 Firefox/72.0"
213.153.47.173 - - [20/Jan/2020:12:09:28 +0100] "GET /reload?ser=1579518568244 HTTP/1.1" 200 28 "http://renault.activities.at/login?required=true" "Mozilla/5.0 (Windows NT 10.0; Win64; x64; rv:72.0) Gecko/20100101 Firefox/72.0"
83.175.113.91 - - [20/Jan/2020:12:09:40 +0100] "GET /reload?ser=1579518580427 HTTP/1.1" 200 28 "http://renault.activities.at/aboutus" "Mozilla/5.0 (Windows NT 10.0; Win64; x64) AppleWebKit/537.36 (KHTML, like Gecko) Chrome/79.0.3945.117 Safari/537.36"
80.122.221.194 - - [20/Jan/2020:12:09:41 +0100] "GET /reload?ser=1579518582023 HTTP/1.1" 200 28 "http://renault.activities.at/cart" "Mozilla/5.0 (Windows NT 10.0; Win64; x64) AppleWebKit/537.36 (KHTML, like Gecko) Chrome/70.0.3538.102 Safari/537.36 Edge/18.18363"
80.80.251.48 - - [20/Jan/2020:12:09:44 +0100] "GET /reload?ser=1579518584535 HTTP/1.1" 200 28 "http://renault.activities.at/aboutus" "Mozilla/5.0 (Windows NT 10.0; WOW64; Trident/7.0; rv:11.0) like Gecko"
80.120.5.131 - - [20/Jan/2020:12:09:53 +0100] "GET /reload?ser=1579518593210 HTTP/1.1" 200 2 "http://renault.activities.at/result?dir=DESC&mode=grid&order=name&limit=15&page=2&search=captur" "Mozilla/5.0 (Windows NT 10.0; Win64; x64) AppleWebKit/537.36 (KHTML, like Gecko) Chrome/79.0.3945.117 Safari/537.36"
213.90.25.78 - - [20/Jan/2020:12:09:53 +0100] "GET / HTTP/1.1" 200 3380 "-" "Mozilla/5.0 (Windows NT 10.0; WOW64; Trident/7.0; rv:11.0) like Gecko"
213.90.25.78 - - [20/Jan/2020:12:09:54 +0100] "GET /js/default.js HTTP/1.1" 200 14698 "http://renault.activities.at/" "Mozilla/5.0 (Windows NT 10.0; WOW64; Trident/7.0; rv:11.0) like Gecko"
213.90.25.78 - - [20/Jan/2020:12:09:54 +0100] "GET /js/flashdetection.js HTTP/1.1" 200 1059 "http://renault.activities.at/" "Mozilla/5.0 (Windows NT 10.0; WOW64; Trident/7.0; rv:11.0) like Gecko"
213.90.25.78 - - [20/Jan/2020:12:09:54 +0100] "GET /css/reset.css HTTP/1.1" 200 1356 "http://renault.activities.at/" "Mozilla/5.0 (Windows NT 10.0; WOW64; Trident/7.0; rv:11.0) like Gecko"
213.90.25.78 - - [20/Jan/2020:12:09:54 +0100] "GET /css/styles.css HTTP/1.1" 200 14664 "http://renault.activities.at/" "Mozilla/5.0 (Windows NT 10.0; WOW64; Trident/7.0; rv:11.0) like Gecko"
213.90.25.78 - - [20/Jan/2020:12:09:54 +0100] "GET /css/clears.css HTTP/1.1" 200 851 "http://renault.activities.at/" "Mozilla/5.0 (Windows NT 10.0; WOW64; Trident/7.0; rv:11.0) like Gecko"
213.90.25.78 - - [20/Jan/2020:12:09:54 +0100] "GET /css/print.css HTTP/1.1" 200 543 "http://renault.activities.at/" "Mozilla/5.0 (Windows NT 10.0; WOW64; Trident/7.0; rv:11.0) like Gecko"
213.90.25.78 - - [20/Jan/2020:12:09:54 +0100] "GET /js/checkout.css HTTP/1.1" 200 359 "http://renault.activities.at/" "Mozilla/5.0 (Windows NT 10.0; WOW64; Trident/7.0; rv:11.0) like Gecko"
213.90.25.78 - - [20/Jan/2020:12:09:54 +0100] "GET /css/prototip.css HTTP/1.1" 200 968 "http://renault.activities.at/" "Mozilla/5.0 (Windows NT 10.0; WOW64; Trident/7.0; rv:11.0) like Gecko"
213.90.25.78 - - [20/Jan/2020:12:09:54 +0100] "GET /css/themes/default.css HTTP/1.1" 200 769 "http://renault.activities.at/" "Mozilla/5.0 (Windows NT 10.0; WOW64; Trident/7.0; rv:11.0) like Gecko"
213.90.25.78 - - [20/Jan/2020:12:09:54 +0100] "GET /css/themes/alphacube.css HTTP/1.1" 200 743 "http://renault.activities.at/" "Mozilla/5.0 (Windows NT 10.0; WOW64; Trident/7.0; rv:11.0) like Gecko"
213.90.25.78 - - [20/Jan/2020:12:09:54 +0100] "GET /js/index.php?c=auto&f=,prototype/prototype.js,prototype/validation.js,scriptaculous/builder.js,scriptaculous/effects.js,scriptaculous/dragdrop.js,scriptaculous/controls.js,scriptaculous/slider.js,varien/js.js,varien/form.js,varien/menu.js,mage/translate.js,mage/cookies.js,varien/product.js,spinner/SpinnerControl.jsmin.js,prototype/window.js,prototype/window_ext.js HTTP/1.1" 200 94182 "http://renault.activities.at/" "Mozilla/5.0 (Windows NT 10.0; WOW64; Trident/7.0; rv:11.0) like Gecko"
213.90.25.78 - - [20/Jan/2020:12:09:55 +0100] "GET /images/main_block_corner_left_bot.gif HTTP/1.1" 200 159 "http://renault.activities.at/" "Mozilla/5.0 (Windows NT 10.0; WOW64; Trident/7.0; rv:11.0) like Gecko"
213.90.25.78 - - [20/Jan/2020:12:09:55 +0100] "GET /images/main_block_border.gif HTTP/1.1" 200 43 "http://renault.activities.at/" "Mozilla/5.0 (Windows NT 10.0; WOW64; Trident/7.0; rv:11.0) like Gecko"
213.90.25.78 - - [20/Jan/2020:12:09:55 +0100] "GET /images/main_block_corner_right_bot.gif HTTP/1.1" 200 158 "http://renault.activities.at/" "Mozilla/5.0 (Windows NT 10.0; WOW64; Trident/7.0; rv:11.0) like Gecko"
213.90.25.78 - - [20/Jan/2020:12:09:55 +0100] "GET /images/header_block_border.gif HTTP/1.1" 200 43 "http://renault.activities.at/" "Mozilla/5.0 (Windows NT 10.0; WOW64; Trident/7.0; rv:11.0) like Gecko"
213.90.25.78 - - [20/Jan/2020:12:09:55 +0100] "GET /images/header_block_corner_left_top.gif HTTP/1.1" 200 160 "http://renault.activities.at/" "Mozilla/5.0 (Windows NT 10.0; WOW64; Trident/7.0; rv:11.0) like Gecko"
213.90.25.78 - - [20/Jan/2020:12:09:55 +0100] "GET /images/header_block_corner_right_top.gif HTTP/1.1" 200 160 "http://renault.activities.at/" "Mozilla/5.0 (Windows NT 10.0; WOW64; Trident/7.0; rv:11.0) like Gecko"
213.90.25.78 - - [20/Jan/2020:12:09:55 +0100] "GET /images/main_block_corner_left_top.gif HTTP/1.1" 200 159 "http://renault.activities.at/" "Mozilla/5.0 (Windows NT 10.0; WOW64; Trident/7.0; rv:11.0) like Gecko"
213.90.25.78 - - [20/Jan/2020:12:09:55 +0100] "GET /images/main_block_corner_right_top.gif HTTP/1.1" 200 159 "http://renault.activities.at/" "Mozilla/5.0 (Windows NT 10.0; WOW64; Trident/7.0; rv:11.0) like Gecko"
213.90.25.78 - - [20/Jan/2020:12:09:55 +0100] "GET /images/title_border.jpg HTTP/1.1" 200 304 "http://renault.activities.at/" "Mozilla/5.0 (Windows NT 10.0; WOW64; Trident/7.0; rv:11.0) like Gecko"
213.90.25.78 - - [20/Jan/2020:12:09:55 +0100] "GET /images/title_border_top.jpg HTTP/1.1" 200 336 "http://renault.activities.at/" "Mozilla/5.0 (Windows NT 10.0; WOW64; Trident/7.0; rv:11.0) like Gecko"
213.90.25.78 - - [20/Jan/2020:12:09:55 +0100] "GET /images/title_corner_left_top.jpg HTTP/1.1" 200 372 "http://renault.activities.at/" "Mozilla/5.0 (Windows NT 10.0; WOW64; Trident/7.0; rv:11.0) like Gecko"
213.90.25.78 - - [20/Jan/2020:12:09:55 +0100] "GET /images/title_corner_right_top.jpg HTTP/1.1" 200 389 "http://renault.activities.at/" "Mozilla/5.0 (Windows NT 10.0; WOW64; Trident/7.0; rv:11.0) like Gecko"
213.90.25.78 - - [20/Jan/2020:12:09:55 +0100] "GET /loadthumbnail.php?id=11127982 HTTP/1.1" 200 399614 "http://renault.activities.at/" "Mozilla/5.0 (Windows NT 10.0; WOW64; Trident/7.0; rv:11.0) like Gecko"
213.90.25.78 - - [20/Jan/2020:12:09:57 +0100] "GET /login HTTP/1.1" 200 2085 "http://renault.activities.at/" "Mozilla/5.0 (Windows NT 10.0; WOW64; Trident/7.0; rv:11.0) like Gecko"
213.90.25.78 - - [20/Jan/2020:12:09:57 +0100] "GET /js/default.js HTTP/1.1" 304 - "http://renault.activities.at/login" "Mozilla/5.0 (Windows NT 10.0; WOW64; Trident/7.0; rv:11.0) like Gecko"
213.90.25.78 - - [20/Jan/2020:12:09:57 +0100] "GET /css/reset.css HTTP/1.1" 304 - "http://renault.activities.at/login" "Mozilla/5.0 (Windows NT 10.0; WOW64; Trident/7.0; rv:11.0) like Gecko"
213.90.25.78 - - [20/Jan/2020:12:09:57 +0100] "GET /css/print.css HTTP/1.1" 304 - "http://renault.activities.at/login" "Mozilla/5.0 (Windows NT 10.0; WOW64; Trident/7.0; rv:11.0) like Gecko"
213.90.25.78 - - [20/Jan/2020:12:09:57 +0100] "GET /css/clears.css HTTP/1.1" 304 - "http://renault.activities.at/login" "Mozilla/5.0 (Windows NT 10.0; WOW64; Trident/7.0; rv:11.0) like Gecko"
213.90.25.78 - - [20/Jan/2020:12:09:57 +0100] "GET /css/styles.css HTTP/1.1" 304 - "http://renault.activities.at/login" "Mozilla/5.0 (Windows NT 10.0; WOW64; Trident/7.0; rv:11.0) like Gecko"
213.90.25.78 - - [20/Jan/2020:12:09:57 +0100] "GET /js/checkout.css HTTP/1.1" 304 - "http://renault.activities.at/login" "Mozilla/5.0 (Windows NT 10.0; WOW64; Trident/7.0; rv:11.0) like Gecko"
213.90.25.78 - - [20/Jan/2020:12:09:57 +0100] "GET /css/prototip.css HTTP/1.1" 304 - "http://renault.activities.at/login" "Mozilla/5.0 (Windows NT 10.0; WOW64; Trident/7.0; rv:11.0) like Gecko"
213.90.25.78 - - [20/Jan/2020:12:09:57 +0100] "GET /css/themes/default.css HTTP/1.1" 304 - "http://renault.activities.at/login" "Mozilla/5.0 (Windows NT 10.0; WOW64; Trident/7.0; rv:11.0) like Gecko"
213.90.25.78 - - [20/Jan/2020:12:09:57 +0100] "GET /css/themes/alphacube.css HTTP/1.1" 304 - "http://renault.activities.at/login" "Mozilla/5.0 (Windows NT 10.0; WOW64; Trident/7.0; rv:11.0) like Gecko"
213.90.25.78 - - [20/Jan/2020:12:09:57 +0100] "GET /images/main_block_corner_left_top.gif HTTP/1.1" 304 - "http://renault.activities.at/login" "Mozilla/5.0 (Windows NT 10.0; WOW64; Trident/7.0; rv:11.0) like Gecko"
213.90.25.78 - - [20/Jan/2020:12:09:57 +0100] "GET /images/main_block_border.gif HTTP/1.1" 304 - "http://renault.activities.at/login" "Mozilla/5.0 (Windows NT 10.0; WOW64; Trident/7.0; rv:11.0) like Gecko"
213.90.25.78 - - [20/Jan/2020:12:09:57 +0100] "GET /images/main_block_corner_right_top.gif HTTP/1.1" 304 - "http://renault.activities.at/login" "Mozilla/5.0 (Windows NT 10.0; WOW64; Trident/7.0; rv:11.0) like Gecko"
213.90.25.78 - - [20/Jan/2020:12:09:57 +0100] "GET /images/main_block_corner_left_bot.gif HTTP/1.1" 304 - "http://renault.activities.at/login" "Mozilla/5.0 (Windows NT 10.0; WOW64; Trident/7.0; rv:11.0) like Gecko"
213.90.25.78 - - [20/Jan/2020:12:09:57 +0100] "GET /images/main_block_corner_right_bot.gif HTTP/1.1" 304 - "http://renault.activities.at/login" "Mozilla/5.0 (Windows NT 10.0; WOW64; Trident/7.0; rv:11.0) like Gecko"
213.90.25.78 - - [20/Jan/2020:12:09:57 +0100] "GET /images/header_block_border.gif HTTP/1.1" 304 - "http://renault.activities.at/login" "Mozilla/5.0 (Windows NT 10.0; WOW64; Trident/7.0; rv:11.0) like Gecko"
213.90.25.78 - - [20/Jan/2020:12:09:58 +0100] "GET /images/header_block_corner_left_top.gif HTTP/1.1" 304 - "http://renault.activities.at/login" "Mozilla/5.0 (Windows NT 10.0; WOW64; Trident/7.0; rv:11.0) like Gecko"
213.90.25.78 - - [20/Jan/2020:12:09:58 +0100] "GET /images/header_block_corner_right_top.gif HTTP/1.1" 304 - "http://renault.activities.at/login" "Mozilla/5.0 (Windows NT 10.0; WOW64; Trident/7.0; rv:11.0) like Gecko"
213.90.25.78 - - [20/Jan/2020:12:09:58 +0100] "GET /images/title_border.jpg HTTP/1.1" 304 - "http://renault.activities.at/login" "Mozilla/5.0 (Windows NT 10.0; WOW64; Trident/7.0; rv:11.0) like Gecko"
213.90.25.78 - - [20/Jan/2020:12:09:58 +0100] "GET /images/title_border_top.jpg HTTP/1.1" 304 - "http://renault.activities.at/login" "Mozilla/5.0 (Windows NT 10.0; WOW64; Trident/7.0; rv:11.0) like Gecko"
213.90.25.78 - - [20/Jan/2020:12:09:58 +0100] "GET /images/title_corner_left_top.jpg HTTP/1.1" 304 - "http://renault.activities.at/login" "Mozilla/5.0 (Windows NT 10.0; WOW64; Trident/7.0; rv:11.0) like Gecko"
213.90.25.78 - - [20/Jan/2020:12:09:58 +0100] "GET /images/title_corner_right_top.jpg HTTP/1.1" 304 - "http://renault.activities.at/login" "Mozilla/5.0 (Windows NT 10.0; WOW64; Trident/7.0; rv:11.0) like Gecko"
213.90.25.78 - - [20/Jan/2020:12:09:58 +0100] "GET /images/button_left_bg.gif HTTP/1.1" 200 564 "http://renault.activities.at/login" "Mozilla/5.0 (Windows NT 10.0; WOW64; Trident/7.0; rv:11.0) like Gecko"
213.90.25.78 - - [20/Jan/2020:12:09:58 +0100] "GET /images/button_right_bg.gif HTTP/1.1" 200 561 "http://renault.activities.at/login" "Mozilla/5.0 (Windows NT 10.0; WOW64; Trident/7.0; rv:11.0) like Gecko"
213.90.25.78 - - [20/Jan/2020:12:09:58 +0100] "GET /images/button_bg.gif HTTP/1.1" 200 151 "http://renault.activities.at/login" "Mozilla/5.0 (Windows NT 10.0; WOW64; Trident/7.0; rv:11.0) like Gecko"
178.188.249.126 - - [20/Jan/2020:12:10:02 +0100] "GET /reload?ser=1579518602789 HTTP/1.1" 200 28 "http://renault.activities.at/result?searchterm=true&search=checkliste" "Mozilla/5.0 (Windows NT 6.1; Win64; x64) AppleWebKit/537.36 (KHTML, like Gecko) Chrome/79.0.3945.117 Safari/537.36"
213.90.25.78 - - [20/Jan/2020:12:10:05 +0100] "POST /login HTTP/1.1" 302 140 "http://renault.activities.at/login" "Mozilla/5.0 (Windows NT 10.0; WOW64; Trident/7.0; rv:11.0) like Gecko"
213.90.25.78 - - [20/Jan/2020:12:10:07 +0100] "GET /account HTTP/1.1" 200 5959 "http://renault.activities.at/login" "Mozilla/5.0 (Windows NT 10.0; WOW64; Trident/7.0; rv:11.0) like Gecko"
213.90.25.78 - - [20/Jan/2020:12:10:10 +0100] "GET /js/default.js HTTP/1.1" 304 - "http://renault.activities.at/account" "Mozilla/5.0 (Windows NT 10.0; WOW64; Trident/7.0; rv:11.0) like Gecko"
213.90.25.78 - - [20/Jan/2020:12:10:10 +0100] "GET /css/reset.css HTTP/1.1" 304 - "http://renault.activities.at/account" "Mozilla/5.0 (Windows NT 10.0; WOW64; Trident/7.0; rv:11.0) like Gecko"
213.90.25.78 - - [20/Jan/2020:12:10:10 +0100] "GET /css/styles.css HTTP/1.1" 304 - "http://renault.activities.at/account" "Mozilla/5.0 (Windows NT 10.0; WOW64; Trident/7.0; rv:11.0) like Gecko"
213.90.25.78 - - [20/Jan/2020:12:10:10 +0100] "GET /css/clears.css HTTP/1.1" 304 - "http://renault.activities.at/account" "Mozilla/5.0 (Windows NT 10.0; WOW64; Trident/7.0; rv:11.0) like Gecko"
213.90.25.78 - - [20/Jan/2020:12:10:10 +0100] "GET /css/print.css HTTP/1.1" 304 - "http://renault.activities.at/account" "Mozilla/5.0 (Windows NT 10.0; WOW64; Trident/7.0; rv:11.0) like Gecko"
213.90.25.78 - - [20/Jan/2020:12:10:10 +0100] "GET /js/checkout.css HTTP/1.1" 304 - "http://renault.activities.at/account" "Mozilla/5.0 (Windows NT 10.0; WOW64; Trident/7.0; rv:11.0) like Gecko"
213.90.25.78 - - [20/Jan/2020:12:10:10 +0100] "GET /css/prototip.css HTTP/1.1" 304 - "http://renault.activities.at/account" "Mozilla/5.0 (Windows NT 10.0; WOW64; Trident/7.0; rv:11.0) like Gecko"
213.90.25.78 - - [20/Jan/2020:12:10:10 +0100] "GET /css/themes/default.css HTTP/1.1" 304 - "http://renault.activities.at/account" "Mozilla/5.0 (Windows NT 10.0; WOW64; Trident/7.0; rv:11.0) like Gecko"
213.90.25.78 - - [20/Jan/2020:12:10:10 +0100] "GET /css/themes/alphacube.css HTTP/1.1" 304 - "http://renault.activities.at/account" "Mozilla/5.0 (Windows NT 10.0; WOW64; Trident/7.0; rv:11.0) like Gecko"
213.90.25.78 - - [20/Jan/2020:12:10:10 +0100] "GET /js/account.js HTTP/1.1" 200 953 "http://renault.activities.at/account" "Mozilla/5.0 (Windows NT 10.0; WOW64; Trident/7.0; rv:11.0) like Gecko"
213.90.25.78 - - [20/Jan/2020:12:10:10 +0100] "GET /images/header_block_corner_left_top.gif HTTP/1.1" 304 - "http://renault.activities.at/account" "Mozilla/5.0 (Windows NT 10.0; WOW64; Trident/7.0; rv:11.0) like Gecko"
213.90.25.78 - - [20/Jan/2020:12:10:10 +0100] "GET /images/main_block_border.gif HTTP/1.1" 304 - "http://renault.activities.at/account" "Mozilla/5.0 (Windows NT 10.0; WOW64; Trident/7.0; rv:11.0) like Gecko"
213.90.25.78 - - [20/Jan/2020:12:10:10 +0100] "GET /images/main_block_corner_left_top.gif HTTP/1.1" 304 - "http://renault.activities.at/account" "Mozilla/5.0 (Windows NT 10.0; WOW64; Trident/7.0; rv:11.0) like Gecko"
213.90.25.78 - - [20/Jan/2020:12:10:10 +0100] "GET /images/header_block_border.gif HTTP/1.1" 304 - "http://renault.activities.at/account" "Mozilla/5.0 (Windows NT 10.0; WOW64; Trident/7.0; rv:11.0) like Gecko"
213.90.25.78 - - [20/Jan/2020:12:10:10 +0100] "GET /images/header_block_corner_right_top.gif HTTP/1.1" 304 - "http://renault.activities.at/account" "Mozilla/5.0 (Windows NT 10.0; WOW64; Trident/7.0; rv:11.0) like Gecko"
213.90.25.78 - - [20/Jan/2020:12:10:10 +0100] "GET /images/search_bg.gif HTTP/1.1" 200 1726 "http://renault.activities.at/account" "Mozilla/5.0 (Windows NT 10.0; WOW64; Trident/7.0; rv:11.0) like Gecko"
213.90.25.78 - - [20/Jan/2020:12:10:10 +0100] "GET /images/main_block_corner_right_top.gif HTTP/1.1" 304 - "http://renault.activities.at/account" "Mozilla/5.0 (Windows NT 10.0; WOW64; Trident/7.0; rv:11.0) like Gecko"
213.90.25.78 - - [20/Jan/2020:12:10:10 +0100] "GET /images/main_block_corner_left_bot.gif HTTP/1.1" 304 - "http://renault.activities.at/account" "Mozilla/5.0 (Windows NT 10.0; WOW64; Trident/7.0; rv:11.0) like Gecko"
213.90.25.78 - - [20/Jan/2020:12:10:10 +0100] "GET /images/main_block_corner_right_bot.gif HTTP/1.1" 304 - "http://renault.activities.at/account" "Mozilla/5.0 (Windows NT 10.0; WOW64; Trident/7.0; rv:11.0) like Gecko"
213.90.25.78 - - [20/Jan/2020:12:10:10 +0100] "GET /images/menu_divider.gif HTTP/1.1" 200 176 "http://renault.activities.at/account" "Mozilla/5.0 (Windows NT 10.0; WOW64; Trident/7.0; rv:11.0) like Gecko"
213.90.25.78 - - [20/Jan/2020:12:10:10 +0100] "GET /images/top_links_divider.gif HTTP/1.1" 200 44 "http://renault.activities.at/account" "Mozilla/5.0 (Windows NT 10.0; WOW64; Trident/7.0; rv:11.0) like Gecko"
213.90.25.78 - - [20/Jan/2020:12:10:10 +0100] "GET /images/menu_button_bg.jpg HTTP/1.1" 200 322 "http://renault.activities.at/account" "Mozilla/5.0 (Windows NT 10.0; WOW64; Trident/7.0; rv:11.0) like Gecko"
213.90.25.78 - - [20/Jan/2020:12:10:10 +0100] "GET /images/nav_divider.gif HTTP/1.1" 200 43 "http://renault.activities.at/account" "Mozilla/5.0 (Windows NT 10.0; WOW64; Trident/7.0; rv:11.0) like Gecko"
213.90.25.78 - - [20/Jan/2020:12:10:10 +0100] "GET /images/button_left_bg.gif HTTP/1.1" 304 - "http://renault.activities.at/account" "Mozilla/5.0 (Windows NT 10.0; WOW64; Trident/7.0; rv:11.0) like Gecko"
213.90.25.78 - - [20/Jan/2020:12:10:10 +0100] "GET /images/sidebar_title_border.gif HTTP/1.1" 200 43 "http://renault.activities.at/account" "Mozilla/5.0 (Windows NT 10.0; WOW64; Trident/7.0; rv:11.0) like Gecko"
213.90.25.78 - - [20/Jan/2020:12:10:10 +0100] "GET /images/sidebar_title_border_top.gif HTTP/1.1" 200 155 "http://renault.activities.at/account" "Mozilla/5.0 (Windows NT 10.0; WOW64; Trident/7.0; rv:11.0) like Gecko"
213.90.25.78 - - [20/Jan/2020:12:10:10 +0100] "GET /loadthumbnail.php?id=11351226&width=50&height=50 HTTP/1.1" 200 4457 "http://renault.activities.at/account" "Mozilla/5.0 (Windows NT 10.0; WOW64; Trident/7.0; rv:11.0) like Gecko"
213.90.25.78 - - [20/Jan/2020:12:10:10 +0100] "GET /loadthumbnail.php?id=11351222&width=50&height=50 HTTP/1.1" 200 4353 "http://renault.activities.at/account" "Mozilla/5.0 (Windows NT 10.0; WOW64; Trident/7.0; rv:11.0) like Gecko"
213.90.25.78 - - [20/Jan/2020:12:10:10 +0100] "GET /images/sidebar_title_corner_left_top.gif HTTP/1.1" 200 1124 "http://renault.activities.at/account" "Mozilla/5.0 (Windows NT 10.0; WOW64; Trident/7.0; rv:11.0) like Gecko"
213.90.25.78 - - [20/Jan/2020:12:10:10 +0100] "GET /images/button_bg.gif HTTP/1.1" 304 - "http://renault.activities.at/account" "Mozilla/5.0 (Windows NT 10.0; WOW64; Trident/7.0; rv:11.0) like Gecko"
213.90.25.78 - - [20/Jan/2020:12:10:10 +0100] "GET /images/sidebar_title_corner_right_top.gif HTTP/1.1" 200 383 "http://renault.activities.at/account" "Mozilla/5.0 (Windows NT 10.0; WOW64; Trident/7.0; rv:11.0) like Gecko"
213.90.25.78 - - [20/Jan/2020:12:10:10 +0100] "GET /images/button_right_bg.gif HTTP/1.1" 304 - "http://renault.activities.at/account" "Mozilla/5.0 (Windows NT 10.0; WOW64; Trident/7.0; rv:11.0) like Gecko"
213.90.25.78 - - [20/Jan/2020:12:10:10 +0100] "GET /images/title_border.jpg HTTP/1.1" 304 - "http://renault.activities.at/account" "Mozilla/5.0 (Windows NT 10.0; WOW64; Trident/7.0; rv:11.0) like Gecko"
213.90.25.78 - - [20/Jan/2020:12:10:10 +0100] "GET /images/title_border_top.jpg HTTP/1.1" 304 - "http://renault.activities.at/account" "Mozilla/5.0 (Windows NT 10.0; WOW64; Trident/7.0; rv:11.0) like Gecko"
213.90.25.78 - - [20/Jan/2020:12:10:10 +0100] "GET /images/title_corner_left_top.jpg HTTP/1.1" 304 - "http://renault.activities.at/account" "Mozilla/5.0 (Windows NT 10.0; WOW64; Trident/7.0; rv:11.0) like Gecko"
213.90.25.78 - - [20/Jan/2020:12:10:10 +0100] "GET /images/title_corner_right_top.jpg HTTP/1.1" 304 - "http://renault.activities.at/account" "Mozilla/5.0 (Windows NT 10.0; WOW64; Trident/7.0; rv:11.0) like Gecko"
213.90.25.78 - - [20/Jan/2020:12:10:10 +0100] "GET /images/footer_divider.gif HTTP/1.1" 200 44 "http://renault.activities.at/account" "Mozilla/5.0 (Windows NT 10.0; WOW64; Trident/7.0; rv:11.0) like Gecko"
213.90.25.78 - - [20/Jan/2020:12:10:15 +0100] "POST /axjaxrequest?mode=suggest HTTP/1.1" 200 21 "http://renault.activities.at/account" "Mozilla/5.0 (Windows NT 10.0; WOW64; Trident/7.0; rv:11.0) like Gecko"
213.153.47.173 - - [20/Jan/2020:12:10:18 +0100] "GET /reload?ser=1579518618460 HTTP/1.1" 200 28 "http://renault.activities.at/login?required=true" "Mozilla/5.0 (Windows NT 10.0; Win64; x64; rv:72.0) Gecko/20100101 Firefox/72.0"
213.90.25.78 - - [20/Jan/2020:12:10:18 +0100] "POST /axjaxrequest?mode=suggest HTTP/1.1" 200 132 "http://renault.activities.at/account" "Mozilla/5.0 (Windows NT 10.0; WOW64; Trident/7.0; rv:11.0) like Gecko"
213.90.25.78 - - [20/Jan/2020:12:10:19 +0100] "POST /axjaxrequest?mode=suggest HTTP/1.1" 200 132 "http://renault.activities.at/account" "Mozilla/5.0 (Windows NT 10.0; WOW64; Trident/7.0; rv:11.0) like Gecko"
213.90.25.78 - - [20/Jan/2020:12:10:20 +0100] "GET /result?searchterm=true&search=wartung HTTP/1.1" 200 6279 "http://renault.activities.at/account" "Mozilla/5.0 (Windows NT 10.0; WOW64; Trident/7.0; rv:11.0) like Gecko"
213.90.25.78 - - [20/Jan/2020:12:10:23 +0100] "GET /js/prototip.js HTTP/1.1" 200 4588 "http://renault.activities.at/result?searchterm=true&search=wartung" "Mozilla/5.0 (Windows NT 10.0; WOW64; Trident/7.0; rv:11.0) like Gecko"
213.90.25.78 - - [20/Jan/2020:12:10:23 +0100] "GET /js/default.js HTTP/1.1" 304 - "http://renault.activities.at/result?searchterm=true&search=wartung" "Mozilla/5.0 (Windows NT 10.0; WOW64; Trident/7.0; rv:11.0) like Gecko"
213.90.25.78 - - [20/Jan/2020:12:10:23 +0100] "GET /css/reset.css HTTP/1.1" 304 - "http://renault.activities.at/result?searchterm=true&search=wartung" "Mozilla/5.0 (Windows NT 10.0; WOW64; Trident/7.0; rv:11.0) like Gecko"
213.90.25.78 - - [20/Jan/2020:12:10:23 +0100] "GET /css/styles.css HTTP/1.1" 304 - "http://renault.activities.at/result?searchterm=true&search=wartung" "Mozilla/5.0 (Windows NT 10.0; WOW64; Trident/7.0; rv:11.0) like Gecko"
213.90.25.78 - - [20/Jan/2020:12:10:23 +0100] "GET /css/clears.css HTTP/1.1" 304 - "http://renault.activities.at/result?searchterm=true&search=wartung" "Mozilla/5.0 (Windows NT 10.0; WOW64; Trident/7.0; rv:11.0) like Gecko"
213.90.25.78 - - [20/Jan/2020:12:10:23 +0100] "GET /css/print.css HTTP/1.1" 304 - "http://renault.activities.at/result?searchterm=true&search=wartung" "Mozilla/5.0 (Windows NT 10.0; WOW64; Trident/7.0; rv:11.0) like Gecko"
213.90.25.78 - - [20/Jan/2020:12:10:23 +0100] "GET /js/checkout.css HTTP/1.1" 304 - "http://renault.activities.at/result?searchterm=true&search=wartung" "Mozilla/5.0 (Windows NT 10.0; WOW64; Trident/7.0; rv:11.0) like Gecko"
213.90.25.78 - - [20/Jan/2020:12:10:23 +0100] "GET /css/prototip.css HTTP/1.1" 304 - "http://renault.activities.at/result?searchterm=true&search=wartung" "Mozilla/5.0 (Windows NT 10.0; WOW64; Trident/7.0; rv:11.0) like Gecko"
213.90.25.78 - - [20/Jan/2020:12:10:23 +0100] "GET /css/themes/default.css HTTP/1.1" 304 - "http://renault.activities.at/result?searchterm=true&search=wartung" "Mozilla/5.0 (Windows NT 10.0; WOW64; Trident/7.0; rv:11.0) like Gecko"
213.90.25.78 - - [20/Jan/2020:12:10:23 +0100] "GET /css/themes/alphacube.css HTTP/1.1" 304 - "http://renault.activities.at/result?searchterm=true&search=wartung" "Mozilla/5.0 (Windows NT 10.0; WOW64; Trident/7.0; rv:11.0) like Gecko"
213.90.25.78 - - [20/Jan/2020:12:10:23 +0100] "GET /js/ProduktGrp.js HTTP/1.1" 200 1569 "http://renault.activities.at/result?searchterm=true&search=wartung" "Mozilla/5.0 (Windows NT 10.0; WOW64; Trident/7.0; rv:11.0) like Gecko"
213.90.25.78 - - [20/Jan/2020:12:10:23 +0100] "GET /images/loading.gif HTTP/1.1" 200 3208 "http://renault.activities.at/result?searchterm=true&search=wartung" "Mozilla/5.0 (Windows NT 10.0; WOW64; Trident/7.0; rv:11.0) like Gecko"
213.90.25.78 - - [20/Jan/2020:12:10:23 +0100] "GET /images/header_block_corner_left_top.gif HTTP/1.1" 304 - "http://renault.activities.at/result?searchterm=true&search=wartung" "Mozilla/5.0 (Windows NT 10.0; WOW64; Trident/7.0; rv:11.0) like Gecko"
213.90.25.78 - - [20/Jan/2020:12:10:23 +0100] "GET /images/header_block_corner_right_top.gif HTTP/1.1" 304 - "http://renault.activities.at/result?searchterm=true&search=wartung" "Mozilla/5.0 (Windows NT 10.0; WOW64; Trident/7.0; rv:11.0) like Gecko"
213.90.25.78 - - [20/Jan/2020:12:10:23 +0100] "GET /images/search_bg.gif HTTP/1.1" 304 - "http://renault.activities.at/result?searchterm=true&search=wartung" "Mozilla/5.0 (Windows NT 10.0; WOW64; Trident/7.0; rv:11.0) like Gecko"
213.90.25.78 - - [20/Jan/2020:12:10:23 +0100] "GET /images/main_block_border.gif HTTP/1.1" 304 - "http://renault.activities.at/result?searchterm=true&search=wartung" "Mozilla/5.0 (Windows NT 10.0; WOW64; Trident/7.0; rv:11.0) like Gecko"
213.90.25.78 - - [20/Jan/2020:12:10:23 +0100] "GET /images/main_block_corner_left_top.gif HTTP/1.1" 304 - "http://renault.activities.at/result?searchterm=true&search=wartung" "Mozilla/5.0 (Windows NT 10.0; WOW64; Trident/7.0; rv:11.0) like Gecko"
213.90.25.78 - - [20/Jan/2020:12:10:23 +0100] "GET /images/main_block_corner_right_top.gif HTTP/1.1" 304 - "http://renault.activities.at/result?searchterm=true&search=wartung" "Mozilla/5.0 (Windows NT 10.0; WOW64; Trident/7.0; rv:11.0) like Gecko"
213.90.25.78 - - [20/Jan/2020:12:10:23 +0100] "GET /images/main_block_corner_left_bot.gif HTTP/1.1" 304 - "http://renault.activities.at/result?searchterm=true&search=wartung" "Mozilla/5.0 (Windows NT 10.0; WOW64; Trident/7.0; rv:11.0) like Gecko"
213.90.25.78 - - [20/Jan/2020:12:10:23 +0100] "GET /images/main_block_corner_right_bot.gif HTTP/1.1" 304 - "http://renault.activities.at/result?searchterm=true&search=wartung" "Mozilla/5.0 (Windows NT 10.0; WOW64; Trident/7.0; rv:11.0) like Gecko"
213.90.25.78 - - [20/Jan/2020:12:10:23 +0100] "GET /loadthumbnail.php?id=10203255 HTTP/1.1" 200 137 "http://renault.activities.at/result?searchterm=true&search=wartung" "Mozilla/5.0 (Windows NT 10.0; WOW64; Trident/7.0; rv:11.0) like Gecko"
213.90.25.78 - - [20/Jan/2020:12:10:23 +0100] "GET /images/header_block_border.gif HTTP/1.1" 304 - "http://renault.activities.at/result?searchterm=true&search=wartung" "Mozilla/5.0 (Windows NT 10.0; WOW64; Trident/7.0; rv:11.0) like Gecko"
213.90.25.78 - - [20/Jan/2020:12:10:23 +0100] "GET /loadthumbnail.php?id=11423691&width=113 HTTP/1.1" 200 6071 "http://renault.activities.at/result?searchterm=true&search=wartung" "Mozilla/5.0 (Windows NT 10.0; WOW64; Trident/7.0; rv:11.0) like Gecko"
213.90.25.78 - - [20/Jan/2020:12:10:23 +0100] "GET /images/button_right_bg.gif HTTP/1.1" 304 - "http://renault.activities.at/result?searchterm=true&search=wartung" "Mozilla/5.0 (Windows NT 10.0; WOW64; Trident/7.0; rv:11.0) like Gecko"
213.90.25.78 - - [20/Jan/2020:12:10:23 +0100] "GET /loadthumbnail.php?id=10272696&width=113 HTTP/1.1" 200 6494 "http://renault.activities.at/result?searchterm=true&search=wartung" "Mozilla/5.0 (Windows NT 10.0; WOW64; Trident/7.0; rv:11.0) like Gecko"
213.90.25.78 - - [20/Jan/2020:12:10:23 +0100] "GET /loadthumbnail.php?id=11730248&width=113 HTTP/1.1" 200 4910 "http://renault.activities.at/result?searchterm=true&search=wartung" "Mozilla/5.0 (Windows NT 10.0; WOW64; Trident/7.0; rv:11.0) like Gecko"
213.90.25.78 - - [20/Jan/2020:12:10:23 +0100] "GET /images/title_corner_right_top.jpg HTTP/1.1" 304 - "http://renault.activities.at/result?searchterm=true&search=wartung" "Mozilla/5.0 (Windows NT 10.0; WOW64; Trident/7.0; rv:11.0) like Gecko"
213.90.25.78 - - [20/Jan/2020:12:10:23 +0100] "GET /images/title_border.jpg HTTP/1.1" 304 - "http://renault.activities.at/result?searchterm=true&search=wartung" "Mozilla/5.0 (Windows NT 10.0; WOW64; Trident/7.0; rv:11.0) like Gecko"
213.90.25.78 - - [20/Jan/2020:12:10:23 +0100] "GET /images/sidebar_title_corner_right_top.gif HTTP/1.1" 304 - "http://renault.activities.at/result?searchterm=true&search=wartung" "Mozilla/5.0 (Windows NT 10.0; WOW64; Trident/7.0; rv:11.0) like Gecko"
213.90.25.78 - - [20/Jan/2020:12:10:23 +0100] "GET /images/button_bg.gif HTTP/1.1" 304 - "http://renault.activities.at/result?searchterm=true&search=wartung" "Mozilla/5.0 (Windows NT 10.0; WOW64; Trident/7.0; rv:11.0) like Gecko"
213.90.25.78 - - [20/Jan/2020:12:10:23 +0100] "GET /images/title_corner_left_top.jpg HTTP/1.1" 304 - "http://renault.activities.at/result?searchterm=true&search=wartung" "Mozilla/5.0 (Windows NT 10.0; WOW64; Trident/7.0; rv:11.0) like Gecko"
213.90.25.78 - - [20/Jan/2020:12:10:23 +0100] "GET /images/pager_bg.gif HTTP/1.1" 200 150 "http://renault.activities.at/result?searchterm=true&search=wartung" "Mozilla/5.0 (Windows NT 10.0; WOW64; Trident/7.0; rv:11.0) like Gecko"
213.90.25.78 - - [20/Jan/2020:12:10:23 +0100] "GET /images/sidebar_title_corner_left_top.gif HTTP/1.1" 304 - "http://renault.activities.at/result?searchterm=true&search=wartung" "Mozilla/5.0 (Windows NT 10.0; WOW64; Trident/7.0; rv:11.0) like Gecko"
213.90.25.78 - - [20/Jan/2020:12:10:23 +0100] "GET /images/title_border_top.jpg HTTP/1.1" 304 - "http://renault.activities.at/result?searchterm=true&search=wartung" "Mozilla/5.0 (Windows NT 10.0; WOW64; Trident/7.0; rv:11.0) like Gecko"
213.90.25.78 - - [20/Jan/2020:12:10:23 +0100] "GET /images/top_links_divider.gif HTTP/1.1" 304 - "http://renault.activities.at/result?searchterm=true&search=wartung" "Mozilla/5.0 (Windows NT 10.0; WOW64; Trident/7.0; rv:11.0) like Gecko"
213.90.25.78 - - [20/Jan/2020:12:10:23 +0100] "GET /images/menu_divider.gif HTTP/1.1" 304 - "http://renault.activities.at/result?searchterm=true&search=wartung" "Mozilla/5.0 (Windows NT 10.0; WOW64; Trident/7.0; rv:11.0) like Gecko"
213.90.25.78 - - [20/Jan/2020:12:10:23 +0100] "GET /images/button_left_bg.gif HTTP/1.1" 304 - "http://renault.activities.at/result?searchterm=true&search=wartung" "Mozilla/5.0 (Windows NT 10.0; WOW64; Trident/7.0; rv:11.0) like Gecko"
213.90.25.78 - - [20/Jan/2020:12:10:23 +0100] "GET /images/sidebar_title_border.gif HTTP/1.1" 304 - "http://renault.activities.at/result?searchterm=true&search=wartung" "Mozilla/5.0 (Windows NT 10.0; WOW64; Trident/7.0; rv:11.0) like Gecko"
213.90.25.78 - - [20/Jan/2020:12:10:23 +0100] "GET /images/sidebar_title_border_top.gif HTTP/1.1" 304 - "http://renault.activities.at/result?searchterm=true&search=wartung" "Mozilla/5.0 (Windows NT 10.0; WOW64; Trident/7.0; rv:11.0) like Gecko"
213.90.25.78 - - [20/Jan/2020:12:10:23 +0100] "GET /images/menu_button_bg.jpg HTTP/1.1" 304 - "http://renault.activities.at/result?searchterm=true&search=wartung" "Mozilla/5.0 (Windows NT 10.0; WOW64; Trident/7.0; rv:11.0) like Gecko"
213.90.25.78 - - [20/Jan/2020:12:10:23 +0100] "GET /images/nav_divider.gif HTTP/1.1" 304 - "http://renault.activities.at/result?searchterm=true&search=wartung" "Mozilla/5.0 (Windows NT 10.0; WOW64; Trident/7.0; rv:11.0) like Gecko"
213.90.25.78 - - [20/Jan/2020:12:10:23 +0100] "GET /images/vista-up.gif HTTP/1.1" 200 131 "http://renault.activities.at/result?searchterm=true&search=wartung" "Mozilla/5.0 (Windows NT 10.0; WOW64; Trident/7.0; rv:11.0) like Gecko"
213.90.25.78 - - [20/Jan/2020:12:10:23 +0100] "GET /images/vista-dn.gif HTTP/1.1" 200 128 "http://renault.activities.at/result?searchterm=true&search=wartung" "Mozilla/5.0 (Windows NT 10.0; WOW64; Trident/7.0; rv:11.0) like Gecko"
213.90.25.78 - - [20/Jan/2020:12:10:23 +0100] "GET /images/validation_advice_bg.gif HTTP/1.1" 200 134 "http://renault.activities.at/result?searchterm=true&search=wartung" "Mozilla/5.0 (Windows NT 10.0; WOW64; Trident/7.0; rv:11.0) like Gecko"
213.90.25.78 - - [20/Jan/2020:12:10:23 +0100] "GET /images/footer_divider.gif HTTP/1.1" 304 - "http://renault.activities.at/result?searchterm=true&search=wartung" "Mozilla/5.0 (Windows NT 10.0; WOW64; Trident/7.0; rv:11.0) like Gecko"
213.153.47.173 - - [20/Jan/2020:12:10:28 +0100] "GET /reload?ser=1579518628879 HTTP/1.1" 200 28 "http://renault.activities.at/login?required=true" "Mozilla/5.0 (Windows NT 10.0; Win64; x64; rv:72.0) Gecko/20100101 Firefox/72.0"
83.175.113.91 - - [20/Jan/2020:12:10:41 +0100] "GET /reload?ser=1579518641427 HTTP/1.1" 200 28 "http://renault.activities.at/aboutus" "Mozilla/5.0 (Windows NT 10.0; Win64; x64) AppleWebKit/537.36 (KHTML, like Gecko) Chrome/79.0.3945.117 Safari/537.36"
80.122.221.194 - - [20/Jan/2020:12:10:42 +0100] "GET /reload?ser=1579518643014 HTTP/1.1" 200 28 "http://renault.activities.at/cart" "Mozilla/5.0 (Windows NT 10.0; Win64; x64) AppleWebKit/537.36 (KHTML, like Gecko) Chrome/70.0.3538.102 Safari/537.36 Edge/18.18363"
80.80.251.48 - - [20/Jan/2020:12:10:45 +0100] "GET /reload?ser=1579518645498 HTTP/1.1" 200 28 "http://renault.activities.at/aboutus" "Mozilla/5.0 (Windows NT 10.0; WOW64; Trident/7.0; rv:11.0) like Gecko"
80.120.5.131 - - [20/Jan/2020:12:10:55 +0100] "GET /reload?ser=1579518655216 HTTP/1.1" 200 2 "http://renault.activities.at/result?dir=DESC&mode=grid&order=name&limit=15&page=2&search=captur" "Mozilla/5.0 (Windows NT 10.0; Win64; x64) AppleWebKit/537.36 (KHTML, like Gecko) Chrome/79.0.3945.117 Safari/537.36"
178.188.249.126 - - [20/Jan/2020:12:11:03 +0100] "GET /reload?ser=1579518663790 HTTP/1.1" 200 28 "http://renault.activities.at/result?searchterm=true&search=checkliste" "Mozilla/5.0 (Windows NT 6.1; Win64; x64) AppleWebKit/537.36 (KHTML, like Gecko) Chrome/79.0.3945.117 Safari/537.36"
213.153.47.173 - - [20/Jan/2020:12:11:19 +0100] "GET /reload?ser=1579518679106 HTTP/1.1" 200 28 "http://renault.activities.at/login?required=true" "Mozilla/5.0 (Windows NT 10.0; Win64; x64; rv:72.0) Gecko/20100101 Firefox/72.0"
213.90.25.78 - - [20/Jan/2020:12:11:23 +0100] "GET /reload?ser=1579518683740 HTTP/1.1" 200 28 "http://renault.activities.at/result?searchterm=true&search=wartung" "Mozilla/5.0 (Windows NT 10.0; WOW64; Trident/7.0; rv:11.0) like Gecko"
213.153.47.173 - - [20/Jan/2020:12:11:29 +0100] "GET /reload?ser=1579518689525 HTTP/1.1" 200 28 "http://renault.activities.at/login?required=true" "Mozilla/5.0 (Windows NT 10.0; Win64; x64; rv:72.0) Gecko/20100101 Firefox/72.0"
83.175.113.91 - - [20/Jan/2020:12:11:42 +0100] "GET /reload?ser=1579518702428 HTTP/1.1" 200 28 "http://renault.activities.at/aboutus" "Mozilla/5.0 (Windows NT 10.0; Win64; x64) AppleWebKit/537.36 (KHTML, like Gecko) Chrome/79.0.3945.117 Safari/537.36"
80.122.221.194 - - [20/Jan/2020:12:11:43 +0100] "GET /reload?ser=1579518704019 HTTP/1.1" 200 28 "http://renault.activities.at/cart" "Mozilla/5.0 (Windows NT 10.0; Win64; x64) AppleWebKit/537.36 (KHTML, like Gecko) Chrome/70.0.3538.102 Safari/537.36 Edge/18.18363"
80.80.251.48 - - [20/Jan/2020:12:11:46 +0100] "GET /reload?ser=1579518706478 HTTP/1.1" 200 28 "http://renault.activities.at/aboutus" "Mozilla/5.0 (Windows NT 10.0; WOW64; Trident/7.0; rv:11.0) like Gecko"
80.120.5.131 - - [20/Jan/2020:12:11:57 +0100] "GET /reload?ser=1579518717215 HTTP/1.1" 200 2 "http://renault.activities.at/result?dir=DESC&mode=grid&order=name&limit=15&page=2&search=captur" "Mozilla/5.0 (Windows NT 10.0; Win64; x64) AppleWebKit/537.36 (KHTML, like Gecko) Chrome/79.0.3945.117 Safari/537.36"
178.188.249.126 - - [20/Jan/2020:12:12:04 +0100] "GET /reload?ser=1579518724792 HTTP/1.1" 200 28 "http://renault.activities.at/result?searchterm=true&search=checkliste" "Mozilla/5.0 (Windows NT 6.1; Win64; x64) AppleWebKit/537.36 (KHTML, like Gecko) Chrome/79.0.3945.117 Safari/537.36"
213.153.47.173 - - [20/Jan/2020:12:12:19 +0100] "GET /reload?ser=1579518739763 HTTP/1.1" 200 28 "http://renault.activities.at/login?required=true" "Mozilla/5.0 (Windows NT 10.0; Win64; x64; rv:72.0) Gecko/20100101 Firefox/72.0"
213.90.25.78 - - [20/Jan/2020:12:12:24 +0100] "GET /reload?ser=1579518744713 HTTP/1.1" 200 28 "http://renault.activities.at/result?searchterm=true&search=wartung" "Mozilla/5.0 (Windows NT 10.0; WOW64; Trident/7.0; rv:11.0) like Gecko"
213.153.47.173 - - [20/Jan/2020:12:12:30 +0100] "GET /reload?ser=1579518750182 HTTP/1.1" 200 28 "http://renault.activities.at/login?required=true" "Mozilla/5.0 (Windows NT 10.0; Win64; x64; rv:72.0) Gecko/20100101 Firefox/72.0"
83.175.113.91 - - [20/Jan/2020:12:12:43 +0100] "GET /reload?ser=1579518763428 HTTP/1.1" 200 28 "http://renault.activities.at/aboutus" "Mozilla/5.0 (Windows NT 10.0; Win64; x64) AppleWebKit/537.36 (KHTML, like Gecko) Chrome/79.0.3945.117 Safari/537.36"
80.122.221.194 - - [20/Jan/2020:12:12:44 +0100] "GET /reload?ser=1579518765010 HTTP/1.1" 200 28 "http://renault.activities.at/cart" "Mozilla/5.0 (Windows NT 10.0; Win64; x64) AppleWebKit/537.36 (KHTML, like Gecko) Chrome/70.0.3538.102 Safari/537.36 Edge/18.18363"
80.80.251.48 - - [20/Jan/2020:12:12:47 +0100] "GET /reload?ser=1579518767427 HTTP/1.1" 200 28 "http://renault.activities.at/aboutus" "Mozilla/5.0 (Windows NT 10.0; WOW64; Trident/7.0; rv:11.0) like Gecko"
80.120.5.131 - - [20/Jan/2020:12:12:58 +0100] "GET /reload?ser=1579518778213 HTTP/1.1" 200 2 "http://renault.activities.at/result?dir=DESC&mode=grid&order=name&limit=15&page=2&search=captur" "Mozilla/5.0 (Windows NT 10.0; Win64; x64) AppleWebKit/537.36 (KHTML, like Gecko) Chrome/79.0.3945.117 Safari/537.36"
178.188.249.126 - - [20/Jan/2020:12:13:05 +0100] "GET /reload?ser=1579518785792 HTTP/1.1" 200 28 "http://renault.activities.at/result?searchterm=true&search=checkliste" "Mozilla/5.0 (Windows NT 6.1; Win64; x64) AppleWebKit/537.36 (KHTML, like Gecko) Chrome/79.0.3945.117 Safari/537.36"
213.153.47.173 - - [20/Jan/2020:12:13:20 +0100] "GET /reload?ser=1579518800419 HTTP/1.1" 200 28 "http://renault.activities.at/login?required=true" "Mozilla/5.0 (Windows NT 10.0; Win64; x64; rv:72.0) Gecko/20100101 Firefox/72.0"
213.90.25.78 - - [20/Jan/2020:12:13:25 +0100] "GET /reload?ser=1579518805667 HTTP/1.1" 200 28 "http://renault.activities.at/result?searchterm=true&search=wartung" "Mozilla/5.0 (Windows NT 10.0; WOW64; Trident/7.0; rv:11.0) like Gecko"
213.153.47.173 - - [20/Jan/2020:12:13:30 +0100] "GET /reload?ser=1579518810832 HTTP/1.1" 200 28 "http://renault.activities.at/login?required=true" "Mozilla/5.0 (Windows NT 10.0; Win64; x64; rv:72.0) Gecko/20100101 Firefox/72.0"
83.175.113.91 - - [20/Jan/2020:12:13:44 +0100] "GET /reload?ser=1579518824427 HTTP/1.1" 200 28 "http://renault.activities.at/aboutus" "Mozilla/5.0 (Windows NT 10.0; Win64; x64) AppleWebKit/537.36 (KHTML, like Gecko) Chrome/79.0.3945.117 Safari/537.36"
80.122.221.194 - - [20/Jan/2020:12:13:45 +0100] "GET /reload?ser=1579518826010 HTTP/1.1" 200 28 "http://renault.activities.at/cart" "Mozilla/5.0 (Windows NT 10.0; Win64; x64) AppleWebKit/537.36 (KHTML, like Gecko) Chrome/70.0.3538.102 Safari/537.36 Edge/18.18363"
80.80.251.48 - - [20/Jan/2020:12:13:48 +0100] "GET /reload?ser=1579518828406 HTTP/1.1" 200 28 "http://renault.activities.at/aboutus" "Mozilla/5.0 (Windows NT 10.0; WOW64; Trident/7.0; rv:11.0) like Gecko"
80.120.5.131 - - [20/Jan/2020:12:13:59 +0100] "GET /reload?ser=1579518839221 HTTP/1.1" 200 2 "http://renault.activities.at/result?dir=DESC&mode=grid&order=name&limit=15&page=2&search=captur" "Mozilla/5.0 (Windows NT 10.0; Win64; x64) AppleWebKit/537.36 (KHTML, like Gecko) Chrome/79.0.3945.117 Safari/537.36"
178.188.249.126 - - [20/Jan/2020:12:14:06 +0100] "GET /reload?ser=1579518846763 HTTP/1.1" 200 28 "http://renault.activities.at/result?searchterm=true&search=checkliste" "Mozilla/5.0 (Windows NT 6.1; Win64; x64) AppleWebKit/537.36 (KHTML, like Gecko) Chrome/79.0.3945.117 Safari/537.36"
213.153.47.173 - - [20/Jan/2020:12:14:21 +0100] "GET /reload?ser=1579518861071 HTTP/1.1" 200 28 "http://renault.activities.at/login?required=true" "Mozilla/5.0 (Windows NT 10.0; Win64; x64; rv:72.0) Gecko/20100101 Firefox/72.0"
213.90.25.78 - - [20/Jan/2020:12:14:21 +0100] "GET /css/themes/alphacube/top_mid.gif HTTP/1.1" 200 833 "http://renault.activities.at/result?searchterm=true&search=wartung" "Mozilla/5.0 (Windows NT 10.0; WOW64; Trident/7.0; rv:11.0) like Gecko"
213.90.25.78 - - [20/Jan/2020:12:14:21 +0100] "GET /css/themes/alphacube/bottom_middle.gif HTTP/1.1" 200 44 "http://renault.activities.at/result?searchterm=true&search=wartung" "Mozilla/5.0 (Windows NT 10.0; WOW64; Trident/7.0; rv:11.0) like Gecko"
213.90.25.78 - - [20/Jan/2020:12:14:21 +0100] "GET /css/themes/alphacube/frame_right.gif HTTP/1.1" 200 64 "http://renault.activities.at/result?searchterm=true&search=wartung" "Mozilla/5.0 (Windows NT 10.0; WOW64; Trident/7.0; rv:11.0) like Gecko"
213.90.25.78 - - [20/Jan/2020:12:14:21 +0100] "GET /css/themes/alphacube/frame_left.gif HTTP/1.1" 200 64 "http://renault.activities.at/result?searchterm=true&search=wartung" "Mozilla/5.0 (Windows NT 10.0; WOW64; Trident/7.0; rv:11.0) like Gecko"
