81.189.133.90 - - [20/Jan/2020:15:20:44 +0100] "GET /10201442?dir=DESC&mode=grid&order=price&limit=15&page=16 HTTP/1.1" 200 9466 "http://renault.activities.at/10201442?dir=DESC&mode=grid&order=price&limit=15&page=15" "Mozilla/5.0 (Windows NT 10.0; WOW64; Trident/7.0; rv:11.0) like Gecko"
81.189.133.90 - - [20/Jan/2020:15:20:47 +0100] "GET /loadthumbnail.php?id=12176991&width=113 HTTP/1.1" 200 3227 "http://renault.activities.at/10201442?dir=DESC&mode=grid&order=price&limit=15&page=16" "Mozilla/5.0 (Windows NT 10.0; WOW64; Trident/7.0; rv:11.0) like Gecko"
81.189.133.90 - - [20/Jan/2020:15:20:47 +0100] "GET /loadthumbnail.php?id=11590243&width=113 HTTP/1.1" 200 3639 "http://renault.activities.at/10201442?dir=DESC&mode=grid&order=price&limit=15&page=16" "Mozilla/5.0 (Windows NT 10.0; WOW64; Trident/7.0; rv:11.0) like Gecko"
81.189.133.90 - - [20/Jan/2020:15:20:47 +0100] "GET /loadthumbnail.php?id=12176996&width=113 HTTP/1.1" 200 3379 "http://renault.activities.at/10201442?dir=DESC&mode=grid&order=price&limit=15&page=16" "Mozilla/5.0 (Windows NT 10.0; WOW64; Trident/7.0; rv:11.0) like Gecko"
81.189.133.90 - - [20/Jan/2020:15:20:47 +0100] "GET /loadthumbnail.php?id=12176987&width=113 HTTP/1.1" 200 3020 "http://renault.activities.at/10201442?dir=DESC&mode=grid&order=price&limit=15&page=16" "Mozilla/5.0 (Windows NT 10.0; WOW64; Trident/7.0; rv:11.0) like Gecko"
81.189.133.90 - - [20/Jan/2020:15:20:47 +0100] "GET /loadthumbnail.php?id=11643691&width=113 HTTP/1.1" 200 3164 "http://renault.activities.at/10201442?dir=DESC&mode=grid&order=price&limit=15&page=16" "Mozilla/5.0 (Windows NT 10.0; WOW64; Trident/7.0; rv:11.0) like Gecko"
81.189.133.90 - - [20/Jan/2020:15:20:47 +0100] "GET /loadthumbnail.php?id=11711048&width=113 HTTP/1.1" 200 3085 "http://renault.activities.at/10201442?dir=DESC&mode=grid&order=price&limit=15&page=16" "Mozilla/5.0 (Windows NT 10.0; WOW64; Trident/7.0; rv:11.0) like Gecko"
81.189.133.90 - - [20/Jan/2020:15:20:48 +0100] "GET /loadthumbnail.php?id=11829073&width=113 HTTP/1.1" 200 2418 "http://renault.activities.at/10201442?dir=DESC&mode=grid&order=price&limit=15&page=16" "Mozilla/5.0 (Windows NT 10.0; WOW64; Trident/7.0; rv:11.0) like Gecko"
81.189.133.90 - - [20/Jan/2020:15:20:48 +0100] "GET /loadthumbnail.php?id=11847426&width=113 HTTP/1.1" 200 2727 "http://renault.activities.at/10201442?dir=DESC&mode=grid&order=price&limit=15&page=16" "Mozilla/5.0 (Windows NT 10.0; WOW64; Trident/7.0; rv:11.0) like Gecko"
81.189.133.90 - - [20/Jan/2020:15:20:48 +0100] "GET /loadthumbnail.php?id=11340120&width=113 HTTP/1.1" 200 2962 "http://renault.activities.at/10201442?dir=DESC&mode=grid&order=price&limit=15&page=16" "Mozilla/5.0 (Windows NT 10.0; WOW64; Trident/7.0; rv:11.0) like Gecko"
81.189.133.90 - - [20/Jan/2020:15:20:48 +0100] "GET /loadthumbnail.php?id=12176979&width=113 HTTP/1.1" 200 2612 "http://renault.activities.at/10201442?dir=DESC&mode=grid&order=price&limit=15&page=16" "Mozilla/5.0 (Windows NT 10.0; WOW64; Trident/7.0; rv:11.0) like Gecko"
81.189.133.90 - - [20/Jan/2020:15:20:48 +0100] "GET /loadthumbnail.php?id=12023913&width=113 HTTP/1.1" 200 3224 "http://renault.activities.at/10201442?dir=DESC&mode=grid&order=price&limit=15&page=16" "Mozilla/5.0 (Windows NT 10.0; WOW64; Trident/7.0; rv:11.0) like Gecko"
81.189.133.90 - - [20/Jan/2020:15:20:48 +0100] "GET /loadthumbnail.php?id=12101516&width=113 HTTP/1.1" 200 3056 "http://renault.activities.at/10201442?dir=DESC&mode=grid&order=price&limit=15&page=16" "Mozilla/5.0 (Windows NT 10.0; WOW64; Trident/7.0; rv:11.0) like Gecko"
81.189.133.90 - - [20/Jan/2020:15:20:48 +0100] "GET /loadthumbnail.php?id=11798476&width=113 HTTP/1.1" 200 2525 "http://renault.activities.at/10201442?dir=DESC&mode=grid&order=price&limit=15&page=16" "Mozilla/5.0 (Windows NT 10.0; WOW64; Trident/7.0; rv:11.0) like Gecko"
81.189.133.90 - - [20/Jan/2020:15:20:48 +0100] "GET /loadthumbnail.php?id=11895725&width=113 HTTP/1.1" 200 2960 "http://renault.activities.at/10201442?dir=DESC&mode=grid&order=price&limit=15&page=16" "Mozilla/5.0 (Windows NT 10.0; WOW64; Trident/7.0; rv:11.0) like Gecko"
80.122.221.194 - - [20/Jan/2020:15:20:49 +0100] "GET /reload?ser=1579530049975 HTTP/1.1" 200 28 "http://renault.activities.at/cart" "Mozilla/5.0 (Windows NT 10.0; Win64; x64) AppleWebKit/537.36 (KHTML, like Gecko) Chrome/70.0.3538.102 Safari/537.36 Edge/18.18363"
81.189.133.90 - - [20/Jan/2020:15:20:52 +0100] "GET /10201442?dir=DESC&mode=grid&order=price&limit=15&page=17 HTTP/1.1" 200 9462 "http://renault.activities.at/10201442?dir=DESC&mode=grid&order=price&limit=15&page=16" "Mozilla/5.0 (Windows NT 10.0; WOW64; Trident/7.0; rv:11.0) like Gecko"
81.189.133.90 - - [20/Jan/2020:15:20:56 +0100] "GET /loadthumbnail.php?id=12127771&width=113 HTTP/1.1" 200 2909 "http://renault.activities.at/10201442?dir=DESC&mode=grid&order=price&limit=15&page=17" "Mozilla/5.0 (Windows NT 10.0; WOW64; Trident/7.0; rv:11.0) like Gecko"
81.189.133.90 - - [20/Jan/2020:15:20:56 +0100] "GET /loadthumbnail.php?id=12101517&width=113 HTTP/1.1" 200 3343 "http://renault.activities.at/10201442?dir=DESC&mode=grid&order=price&limit=15&page=17" "Mozilla/5.0 (Windows NT 10.0; WOW64; Trident/7.0; rv:11.0) like Gecko"
81.189.133.90 - - [20/Jan/2020:15:20:56 +0100] "GET /loadthumbnail.php?id=12101507&width=113 HTTP/1.1" 200 3189 "http://renault.activities.at/10201442?dir=DESC&mode=grid&order=price&limit=15&page=17" "Mozilla/5.0 (Windows NT 10.0; WOW64; Trident/7.0; rv:11.0) like Gecko"
81.189.133.90 - - [20/Jan/2020:15:20:56 +0100] "GET /loadthumbnail.php?id=11798477&width=113 HTTP/1.1" 200 3326 "http://renault.activities.at/10201442?dir=DESC&mode=grid&order=price&limit=15&page=17" "Mozilla/5.0 (Windows NT 10.0; WOW64; Trident/7.0; rv:11.0) like Gecko"
81.189.133.90 - - [20/Jan/2020:15:20:56 +0100] "GET /loadthumbnail.php?id=11847427&width=113 HTTP/1.1" 200 2698 "http://renault.activities.at/10201442?dir=DESC&mode=grid&order=price&limit=15&page=17" "Mozilla/5.0 (Windows NT 10.0; WOW64; Trident/7.0; rv:11.0) like Gecko"
81.189.133.90 - - [20/Jan/2020:15:20:56 +0100] "GET /loadthumbnail.php?id=11893885&width=113 HTTP/1.1" 200 3187 "http://renault.activities.at/10201442?dir=DESC&mode=grid&order=price&limit=15&page=17" "Mozilla/5.0 (Windows NT 10.0; WOW64; Trident/7.0; rv:11.0) like Gecko"
81.189.133.90 - - [20/Jan/2020:15:20:56 +0100] "GET /loadthumbnail.php?id=12018229&width=113 HTTP/1.1" 200 2908 "http://renault.activities.at/10201442?dir=DESC&mode=grid&order=price&limit=15&page=17" "Mozilla/5.0 (Windows NT 10.0; WOW64; Trident/7.0; rv:11.0) like Gecko"
81.189.133.90 - - [20/Jan/2020:15:20:56 +0100] "GET /loadthumbnail.php?id=11819635&width=113 HTTP/1.1" 200 3087 "http://renault.activities.at/10201442?dir=DESC&mode=grid&order=price&limit=15&page=17" "Mozilla/5.0 (Windows NT 10.0; WOW64; Trident/7.0; rv:11.0) like Gecko"
81.189.133.90 - - [20/Jan/2020:15:20:56 +0100] "GET /loadthumbnail.php?id=11340121&width=113 HTTP/1.1" 200 4540 "http://renault.activities.at/10201442?dir=DESC&mode=grid&order=price&limit=15&page=17" "Mozilla/5.0 (Windows NT 10.0; WOW64; Trident/7.0; rv:11.0) like Gecko"
81.189.133.90 - - [20/Jan/2020:15:20:56 +0100] "GET /loadthumbnail.php?id=11435681&width=113 HTTP/1.1" 200 3946 "http://renault.activities.at/10201442?dir=DESC&mode=grid&order=price&limit=15&page=17" "Mozilla/5.0 (Windows NT 10.0; WOW64; Trident/7.0; rv:11.0) like Gecko"
81.189.133.90 - - [20/Jan/2020:15:20:56 +0100] "GET /loadthumbnail.php?id=11340122&width=113 HTTP/1.1" 200 3786 "http://renault.activities.at/10201442?dir=DESC&mode=grid&order=price&limit=15&page=17" "Mozilla/5.0 (Windows NT 10.0; WOW64; Trident/7.0; rv:11.0) like Gecko"
81.189.133.90 - - [20/Jan/2020:15:20:56 +0100] "GET /loadthumbnail.php?id=12029408&width=113 HTTP/1.1" 200 2367 "http://renault.activities.at/10201442?dir=DESC&mode=grid&order=price&limit=15&page=17" "Mozilla/5.0 (Windows NT 10.0; WOW64; Trident/7.0; rv:11.0) like Gecko"
81.189.133.90 - - [20/Jan/2020:15:20:56 +0100] "GET /loadthumbnail.php?id=11489794&width=113 HTTP/1.1" 200 2829 "http://renault.activities.at/10201442?dir=DESC&mode=grid&order=price&limit=15&page=17" "Mozilla/5.0 (Windows NT 10.0; WOW64; Trident/7.0; rv:11.0) like Gecko"
81.189.133.90 - - [20/Jan/2020:15:21:01 +0100] "GET /10201442?dir=DESC&mode=grid&order=price&limit=15&page=18 HTTP/1.1" 200 9260 "http://renault.activities.at/10201442?dir=DESC&mode=grid&order=price&limit=15&page=17" "Mozilla/5.0 (Windows NT 10.0; WOW64; Trident/7.0; rv:11.0) like Gecko"
81.189.133.90 - - [20/Jan/2020:15:21:05 +0100] "GET /loadthumbnail.php?id=11521730&width=113 HTTP/1.1" 200 2841 "http://renault.activities.at/10201442?dir=DESC&mode=grid&order=price&limit=15&page=18" "Mozilla/5.0 (Windows NT 10.0; WOW64; Trident/7.0; rv:11.0) like Gecko"
81.189.133.90 - - [20/Jan/2020:15:21:05 +0100] "GET /loadthumbnail.php?id=12133331&width=113 HTTP/1.1" 200 5072 "http://renault.activities.at/10201442?dir=DESC&mode=grid&order=price&limit=15&page=18" "Mozilla/5.0 (Windows NT 10.0; WOW64; Trident/7.0; rv:11.0) like Gecko"
81.189.133.90 - - [20/Jan/2020:15:21:09 +0100] "GET /10201442?dir=DESC&mode=grid&order=price&limit=15&page=19 HTTP/1.1" 200 9310 "http://renault.activities.at/10201442?dir=DESC&mode=grid&order=price&limit=15&page=18" "Mozilla/5.0 (Windows NT 10.0; WOW64; Trident/7.0; rv:11.0) like Gecko"
81.189.133.90 - - [20/Jan/2020:15:21:13 +0100] "GET /loadthumbnail.php?id=11181191&width=113 HTTP/1.1" 200 1888 "http://renault.activities.at/10201442?dir=DESC&mode=grid&order=price&limit=15&page=19" "Mozilla/5.0 (Windows NT 10.0; WOW64; Trident/7.0; rv:11.0) like Gecko"
81.189.133.90 - - [20/Jan/2020:15:21:13 +0100] "GET /loadthumbnail.php?id=11181193&width=113 HTTP/1.1" 200 1448 "http://renault.activities.at/10201442?dir=DESC&mode=grid&order=price&limit=15&page=19" "Mozilla/5.0 (Windows NT 10.0; WOW64; Trident/7.0; rv:11.0) like Gecko"
81.189.133.90 - - [20/Jan/2020:15:21:13 +0100] "GET /loadthumbnail.php?id=11181195&width=113 HTTP/1.1" 200 1448 "http://renault.activities.at/10201442?dir=DESC&mode=grid&order=price&limit=15&page=19" "Mozilla/5.0 (Windows NT 10.0; WOW64; Trident/7.0; rv:11.0) like Gecko"
213.153.47.173 - - [20/Jan/2020:15:21:21 +0100] "GET /reload?ser=1579530081810 HTTP/1.1" 200 28 "http://renault.activities.at/login?required=true" "Mozilla/5.0 (Windows NT 10.0; Win64; x64; rv:72.0) Gecko/20100101 Firefox/72.0"
81.189.133.90 - - [20/Jan/2020:15:21:22 +0100] "GET /10201442?dir=DESC&mode=grid&order=price&limit=15&page=20 HTTP/1.1" 200 9483 "http://renault.activities.at/10201442?dir=DESC&mode=grid&order=price&limit=15&page=19" "Mozilla/5.0 (Windows NT 10.0; WOW64; Trident/7.0; rv:11.0) like Gecko"
81.189.133.90 - - [20/Jan/2020:15:21:25 +0100] "GET /loadthumbnail.php?id=11635106&width=113 HTTP/1.1" 200 2935 "http://renault.activities.at/10201442?dir=DESC&mode=grid&order=price&limit=15&page=20" "Mozilla/5.0 (Windows NT 10.0; WOW64; Trident/7.0; rv:11.0) like Gecko"
81.189.133.90 - - [20/Jan/2020:15:21:25 +0100] "GET /loadthumbnail.php?id=11573493&width=113 HTTP/1.1" 200 8256 "http://renault.activities.at/10201442?dir=DESC&mode=grid&order=price&limit=15&page=20" "Mozilla/5.0 (Windows NT 10.0; WOW64; Trident/7.0; rv:11.0) like Gecko"
213.153.47.173 - - [20/Jan/2020:15:21:31 +0100] "GET /reload?ser=1579530091920 HTTP/1.1" 200 28 "http://renault.activities.at/login?required=true" "Mozilla/5.0 (Windows NT 10.0; Win64; x64; rv:72.0) Gecko/20100101 Firefox/72.0"
80.122.221.194 - - [20/Jan/2020:15:21:50 +0100] "GET /reload?ser=1579530110968 HTTP/1.1" 200 28 "http://renault.activities.at/cart" "Mozilla/5.0 (Windows NT 10.0; Win64; x64) AppleWebKit/537.36 (KHTML, like Gecko) Chrome/70.0.3538.102 Safari/537.36 Edge/18.18363"
213.153.47.173 - - [20/Jan/2020:15:22:22 +0100] "GET /reload?ser=1579530142459 HTTP/1.1" 200 28 "http://renault.activities.at/login?required=true" "Mozilla/5.0 (Windows NT 10.0; Win64; x64; rv:72.0) Gecko/20100101 Firefox/72.0"
81.189.133.90 - - [20/Jan/2020:15:22:25 +0100] "GET /reload?ser=1579530145950 HTTP/1.1" 200 28 "http://renault.activities.at/10201442?dir=DESC&mode=grid&order=price&limit=15&page=20" "Mozilla/5.0 (Windows NT 10.0; WOW64; Trident/7.0; rv:11.0) like Gecko"
213.153.47.173 - - [20/Jan/2020:15:22:32 +0100] "GET /reload?ser=1579530152558 HTTP/1.1" 200 28 "http://renault.activities.at/login?required=true" "Mozilla/5.0 (Windows NT 10.0; Win64; x64; rv:72.0) Gecko/20100101 Firefox/72.0"
80.122.221.194 - - [20/Jan/2020:15:22:51 +0100] "GET /reload?ser=1579530171968 HTTP/1.1" 200 28 "http://renault.activities.at/cart" "Mozilla/5.0 (Windows NT 10.0; Win64; x64) AppleWebKit/537.36 (KHTML, like Gecko) Chrome/70.0.3538.102 Safari/537.36 Edge/18.18363"
213.153.47.173 - - [20/Jan/2020:15:23:23 +0100] "GET /reload?ser=1579530203122 HTTP/1.1" 200 28 "http://renault.activities.at/login?required=true" "Mozilla/5.0 (Windows NT 10.0; Win64; x64; rv:72.0) Gecko/20100101 Firefox/72.0"
81.189.133.90 - - [20/Jan/2020:15:23:26 +0100] "GET /reload?ser=1579530206945 HTTP/1.1" 200 28 "http://renault.activities.at/10201442?dir=DESC&mode=grid&order=price&limit=15&page=20" "Mozilla/5.0 (Windows NT 10.0; WOW64; Trident/7.0; rv:11.0) like Gecko"
213.153.47.173 - - [20/Jan/2020:15:23:33 +0100] "GET /reload?ser=1579530213201 HTTP/1.1" 200 28 "http://renault.activities.at/login?required=true" "Mozilla/5.0 (Windows NT 10.0; Win64; x64; rv:72.0) Gecko/20100101 Firefox/72.0"
80.122.221.194 - - [20/Jan/2020:15:23:52 +0100] "GET /reload?ser=1579530232966 HTTP/1.1" 200 28 "http://renault.activities.at/cart" "Mozilla/5.0 (Windows NT 10.0; Win64; x64) AppleWebKit/537.36 (KHTML, like Gecko) Chrome/70.0.3538.102 Safari/537.36 Edge/18.18363"
81.189.133.90 - - [20/Jan/2020:15:23:55 +0100] "GET /logout HTTP/1.1" 302 140 "http://renault.activities.at/10201442?dir=DESC&mode=grid&order=price&limit=15&page=20" "Mozilla/5.0 (Windows NT 10.0; WOW64; Trident/7.0; rv:11.0) like Gecko"
81.189.133.90 - - [20/Jan/2020:15:23:56 +0100] "GET /logout HTTP/1.1" 200 1583 "http://renault.activities.at/10201442?dir=DESC&mode=grid&order=price&limit=15&page=20" "Mozilla/5.0 (Windows NT 10.0; WOW64; Trident/7.0; rv:11.0) like Gecko"
213.153.47.173 - - [20/Jan/2020:15:24:23 +0100] "GET /reload?ser=1579530263760 HTTP/1.1" 200 28 "http://renault.activities.at/login?required=true" "Mozilla/5.0 (Windows NT 10.0; Win64; x64; rv:72.0) Gecko/20100101 Firefox/72.0"
213.153.47.173 - - [20/Jan/2020:15:24:33 +0100] "GET /reload?ser=1579530273840 HTTP/1.1" 200 28 "http://renault.activities.at/login?required=true" "Mozilla/5.0 (Windows NT 10.0; Win64; x64; rv:72.0) Gecko/20100101 Firefox/72.0"
80.122.221.194 - - [20/Jan/2020:15:24:53 +0100] "GET /reload?ser=1579530293975 HTTP/1.1" 200 28 "http://renault.activities.at/cart" "Mozilla/5.0 (Windows NT 10.0; Win64; x64) AppleWebKit/537.36 (KHTML, like Gecko) Chrome/70.0.3538.102 Safari/537.36 Edge/18.18363"
213.153.47.173 - - [20/Jan/2020:15:25:24 +0100] "GET /reload?ser=1579530324425 HTTP/1.1" 200 28 "http://renault.activities.at/login?required=true" "Mozilla/5.0 (Windows NT 10.0; Win64; x64; rv:72.0) Gecko/20100101 Firefox/72.0"
80.122.35.214 - - [20/Jan/2020:15:25:31 +0100] "GET /login HTTP/1.1" 200 2095 "-" "Mozilla/5.0 (Windows NT 6.1; Win64; x64) AppleWebKit/537.36 (KHTML, like Gecko) Chrome/79.0.3945.117 Safari/537.36"
80.122.35.214 - - [20/Jan/2020:15:25:32 +0100] "GET /loadthumbnail.php?id=11127982 HTTP/1.1" 200 399614 "http://renault.2web.at/login" "Mozilla/5.0 (Windows NT 6.1; Win64; x64) AppleWebKit/537.36 (KHTML, like Gecko) Chrome/79.0.3945.117 Safari/537.36"
80.122.35.214 - - [20/Jan/2020:15:25:33 +0100] "GET /images/favicon.ico HTTP/1.1" 404 300 "http://renault.2web.at/login" "Mozilla/5.0 (Windows NT 6.1; Win64; x64) AppleWebKit/537.36 (KHTML, like Gecko) Chrome/79.0.3945.117 Safari/537.36"
213.153.47.173 - - [20/Jan/2020:15:25:34 +0100] "GET /reload?ser=1579530334494 HTTP/1.1" 200 28 "http://renault.activities.at/login?required=true" "Mozilla/5.0 (Windows NT 10.0; Win64; x64; rv:72.0) Gecko/20100101 Firefox/72.0"
80.122.35.214 - - [20/Jan/2020:15:25:44 +0100] "POST /login HTTP/1.1" 302 137 "http://renault.2web.at/login" "Mozilla/5.0 (Windows NT 6.1; Win64; x64) AppleWebKit/537.36 (KHTML, like Gecko) Chrome/79.0.3945.117 Safari/537.36"
80.122.35.214 - - [20/Jan/2020:15:25:46 +0100] "GET /account HTTP/1.1" 200 6264 "http://renault.2web.at/login" "Mozilla/5.0 (Windows NT 6.1; Win64; x64) AppleWebKit/537.36 (KHTML, like Gecko) Chrome/79.0.3945.117 Safari/537.36"
80.122.35.214 - - [20/Jan/2020:15:25:48 +0100] "POST /login HTTP/1.1" 302 137 "http://renault.2web.at/login" "Mozilla/5.0 (Windows NT 6.1; Win64; x64) AppleWebKit/537.36 (KHTML, like Gecko) Chrome/79.0.3945.117 Safari/537.36"
80.122.35.214 - - [20/Jan/2020:15:25:50 +0100] "GET /account HTTP/1.1" 200 6264 "http://renault.2web.at/login" "Mozilla/5.0 (Windows NT 6.1; Win64; x64) AppleWebKit/537.36 (KHTML, like Gecko) Chrome/79.0.3945.117 Safari/537.36"
80.122.35.214 - - [20/Jan/2020:15:25:52 +0100] "GET /loadthumbnail.php?id=12134932&width=50&height=50 HTTP/1.1" 200 1148 "http://renault.2web.at/account" "Mozilla/5.0 (Windows NT 6.1; Win64; x64) AppleWebKit/537.36 (KHTML, like Gecko) Chrome/79.0.3945.117 Safari/537.36"
80.122.35.214 - - [20/Jan/2020:15:25:52 +0100] "GET /loadthumbnail.php?id=12176975&width=50&height=50 HTTP/1.1" 200 1312 "http://renault.2web.at/account" "Mozilla/5.0 (Windows NT 6.1; Win64; x64) AppleWebKit/537.36 (KHTML, like Gecko) Chrome/79.0.3945.117 Safari/537.36"
80.122.35.214 - - [20/Jan/2020:15:25:52 +0100] "GET /loadthumbnail.php?id=12150121&width=50&height=50 HTTP/1.1" 200 853 "http://renault.2web.at/account" "Mozilla/5.0 (Windows NT 6.1; Win64; x64) AppleWebKit/537.36 (KHTML, like Gecko) Chrome/79.0.3945.117 Safari/537.36"
80.122.35.214 - - [20/Jan/2020:15:25:52 +0100] "GET /loadthumbnail.php?id=12088270&width=50&height=50 HTTP/1.1" 200 1170 "http://renault.2web.at/account" "Mozilla/5.0 (Windows NT 6.1; Win64; x64) AppleWebKit/537.36 (KHTML, like Gecko) Chrome/79.0.3945.117 Safari/537.36"
80.122.35.214 - - [20/Jan/2020:15:25:52 +0100] "GET /loadthumbnail.php?id=10995605&width=50&height=50 HTTP/1.1" 200 735 "http://renault.2web.at/account" "Mozilla/5.0 (Windows NT 6.1; Win64; x64) AppleWebKit/537.36 (KHTML, like Gecko) Chrome/79.0.3945.117 Safari/537.36"
80.122.35.214 - - [20/Jan/2020:15:25:52 +0100] "GET /loadthumbnail.php?id=12122782&width=50&height=50 HTTP/1.1" 200 1145 "http://renault.2web.at/account" "Mozilla/5.0 (Windows NT 6.1; Win64; x64) AppleWebKit/537.36 (KHTML, like Gecko) Chrome/79.0.3945.117 Safari/537.36"
80.122.221.194 - - [20/Jan/2020:15:25:54 +0100] "GET /reload?ser=1579530354968 HTTP/1.1" 200 28 "http://renault.activities.at/cart" "Mozilla/5.0 (Windows NT 10.0; Win64; x64) AppleWebKit/537.36 (KHTML, like Gecko) Chrome/70.0.3538.102 Safari/537.36 Edge/18.18363"
80.122.35.214 - - [20/Jan/2020:15:26:07 +0100] "GET /12197231 HTTP/1.1" 200 6154 "http://renault.2web.at/account" "Mozilla/5.0 (Windows NT 6.1; Win64; x64) AppleWebKit/537.36 (KHTML, like Gecko) Chrome/79.0.3945.117 Safari/537.36"
213.153.47.173 - - [20/Jan/2020:15:26:25 +0100] "GET /reload?ser=1579530385073 HTTP/1.1" 200 28 "http://renault.activities.at/login?required=true" "Mozilla/5.0 (Windows NT 10.0; Win64; x64; rv:72.0) Gecko/20100101 Firefox/72.0"
80.122.35.214 - - [20/Jan/2020:15:26:29 +0100] "POST /axjaxrequest?mode=suggest HTTP/1.1" 200 111 "http://renault.2web.at/12197231" "Mozilla/5.0 (Windows NT 6.1; Win64; x64) AppleWebKit/537.36 (KHTML, like Gecko) Chrome/79.0.3945.117 Safari/537.36"
80.122.35.214 - - [20/Jan/2020:15:26:32 +0100] "POST /axjaxrequest?mode=suggest HTTP/1.1" 200 21 "http://renault.2web.at/12197231" "Mozilla/5.0 (Windows NT 6.1; Win64; x64) AppleWebKit/537.36 (KHTML, like Gecko) Chrome/79.0.3945.117 Safari/537.36"
80.122.35.214 - - [20/Jan/2020:15:26:33 +0100] "POST /axjaxrequest?mode=suggest HTTP/1.1" 200 21 "http://renault.2web.at/12197231" "Mozilla/5.0 (Windows NT 6.1; Win64; x64) AppleWebKit/537.36 (KHTML, like Gecko) Chrome/79.0.3945.117 Safari/537.36"
213.153.47.173 - - [20/Jan/2020:15:26:35 +0100] "GET /reload?ser=1579530395173 HTTP/1.1" 200 28 "http://renault.activities.at/login?required=true" "Mozilla/5.0 (Windows NT 10.0; Win64; x64; rv:72.0) Gecko/20100101 Firefox/72.0"
80.122.35.214 - - [20/Jan/2020:15:26:36 +0100] "GET /result?searchterm=true&search=Sandero+Prospekt HTTP/1.1" 200 6439 "http://renault.2web.at/12197231" "Mozilla/5.0 (Windows NT 6.1; Win64; x64) AppleWebKit/537.36 (KHTML, like Gecko) Chrome/79.0.3945.117 Safari/537.36"
80.122.35.214 - - [20/Jan/2020:15:26:38 +0100] "GET /loadthumbnail.php?id=11798476&width=113 HTTP/1.1" 200 2525 "http://renault.2web.at/result?searchterm=true&search=Sandero+Prospekt" "Mozilla/5.0 (Windows NT 6.1; Win64; x64) AppleWebKit/537.36 (KHTML, like Gecko) Chrome/79.0.3945.117 Safari/537.36"
80.122.35.214 - - [20/Jan/2020:15:26:38 +0100] "GET /loadthumbnail.php?id=11987881&width=113 HTTP/1.1" 200 2583 "http://renault.2web.at/result?searchterm=true&search=Sandero+Prospekt" "Mozilla/5.0 (Windows NT 6.1; Win64; x64) AppleWebKit/537.36 (KHTML, like Gecko) Chrome/79.0.3945.117 Safari/537.36"
80.122.35.214 - - [20/Jan/2020:15:26:38 +0100] "GET /loadthumbnail.php?id=10203255 HTTP/1.1" 200 137 "http://renault.2web.at/result?searchterm=true&search=Sandero+Prospekt" "Mozilla/5.0 (Windows NT 6.1; Win64; x64) AppleWebKit/537.36 (KHTML, like Gecko) Chrome/79.0.3945.117 Safari/537.36"
80.122.35.214 - - [20/Jan/2020:15:26:36 +0100] "POST /axjaxrequest?mode=suggest HTTP/1.1" 200 21 "http://renault.2web.at/12197231" "Mozilla/5.0 (Windows NT 6.1; Win64; x64) AppleWebKit/537.36 (KHTML, like Gecko) Chrome/79.0.3945.117 Safari/537.36"
80.122.35.214 - - [20/Jan/2020:15:26:50 +0100] "GET / HTTP/1.1" 200 6523 "http://renault.2web.at/result?searchterm=true&search=Sandero+Prospekt" "Mozilla/5.0 (Windows NT 6.1; Win64; x64) AppleWebKit/537.36 (KHTML, like Gecko) Chrome/79.0.3945.117 Safari/537.36"
80.122.35.214 - - [20/Jan/2020:15:26:51 +0100] "GET /js/flashdetection.js HTTP/1.1" 200 1059 "http://renault.2web.at/" "Mozilla/5.0 (Windows NT 6.1; Win64; x64) AppleWebKit/537.36 (KHTML, like Gecko) Chrome/79.0.3945.117 Safari/537.36"
80.122.221.194 - - [20/Jan/2020:15:26:55 +0100] "GET /reload?ser=1579530415969 HTTP/1.1" 200 28 "http://renault.activities.at/cart" "Mozilla/5.0 (Windows NT 10.0; Win64; x64) AppleWebKit/537.36 (KHTML, like Gecko) Chrome/70.0.3538.102 Safari/537.36 Edge/18.18363"
80.122.35.214 - - [20/Jan/2020:15:27:06 +0100] "POST /axjaxrequest?mode=suggest HTTP/1.1" 200 111 "http://renault.2web.at/" "Mozilla/5.0 (Windows NT 6.1; Win64; x64) AppleWebKit/537.36 (KHTML, like Gecko) Chrome/79.0.3945.117 Safari/537.36"
80.122.35.214 - - [20/Jan/2020:15:27:07 +0100] "POST /axjaxrequest?mode=suggest HTTP/1.1" 200 111 "http://renault.2web.at/" "Mozilla/5.0 (Windows NT 6.1; Win64; x64) AppleWebKit/537.36 (KHTML, like Gecko) Chrome/79.0.3945.117 Safari/537.36"
80.122.35.214 - - [20/Jan/2020:15:27:08 +0100] "POST /axjaxrequest?mode=suggest HTTP/1.1" 200 21 "http://renault.2web.at/" "Mozilla/5.0 (Windows NT 6.1; Win64; x64) AppleWebKit/537.36 (KHTML, like Gecko) Chrome/79.0.3945.117 Safari/537.36"
80.122.35.214 - - [20/Jan/2020:15:27:10 +0100] "GET /result?searchterm=true&search=Sandero+Prospekt HTTP/1.1" 200 6439 "http://renault.2web.at/" "Mozilla/5.0 (Windows NT 6.1; Win64; x64) AppleWebKit/537.36 (KHTML, like Gecko) Chrome/79.0.3945.117 Safari/537.36"
80.122.35.214 - - [20/Jan/2020:15:27:10 +0100] "POST /axjaxrequest?mode=suggest HTTP/1.1" 200 21 "http://renault.2web.at/" "Mozilla/5.0 (Windows NT 6.1; Win64; x64) AppleWebKit/537.36 (KHTML, like Gecko) Chrome/79.0.3945.117 Safari/537.36"
213.153.47.173 - - [20/Jan/2020:15:27:25 +0100] "GET /reload?ser=1579530445722 HTTP/1.1" 200 28 "http://renault.activities.at/login?required=true" "Mozilla/5.0 (Windows NT 10.0; Win64; x64; rv:72.0) Gecko/20100101 Firefox/72.0"
213.153.47.173 - - [20/Jan/2020:15:27:35 +0100] "GET /reload?ser=1579530455842 HTTP/1.1" 200 28 "http://renault.activities.at/login?required=true" "Mozilla/5.0 (Windows NT 10.0; Win64; x64; rv:72.0) Gecko/20100101 Firefox/72.0"
80.122.35.214 - - [20/Jan/2020:15:27:35 +0100] "POST /axjaxrequest?mode=suggest HTTP/1.1" 200 21 "http://renault.2web.at/result?searchterm=true&search=Sandero+Prospekt" "Mozilla/5.0 (Windows NT 6.1; Win64; x64) AppleWebKit/537.36 (KHTML, like Gecko) Chrome/79.0.3945.117 Safari/537.36"
80.122.35.214 - - [20/Jan/2020:15:27:37 +0100] "GET /result?searchterm=true&search=Duster+Prospekt HTTP/1.1" 200 6435 "http://renault.2web.at/result?searchterm=true&search=Sandero+Prospekt" "Mozilla/5.0 (Windows NT 6.1; Win64; x64) AppleWebKit/537.36 (KHTML, like Gecko) Chrome/79.0.3945.117 Safari/537.36"
80.122.35.214 - - [20/Jan/2020:15:27:38 +0100] "GET /loadthumbnail.php?id=12018229&width=113 HTTP/1.1" 200 2908 "http://renault.2web.at/result?searchterm=true&search=Duster+Prospekt" "Mozilla/5.0 (Windows NT 6.1; Win64; x64) AppleWebKit/537.36 (KHTML, like Gecko) Chrome/79.0.3945.117 Safari/537.36"
212.152.158.195 - - [20/Jan/2020:15:27:38 +0100] "GET / HTTP/1.1" 200 3380 "-" "Mozilla/5.0 (Windows NT 10.0; Win64; x64) AppleWebKit/537.36 (KHTML, like Gecko) Chrome/79.0.3945.130 Safari/537.36"
80.122.35.214 - - [20/Jan/2020:15:27:37 +0100] "POST /axjaxrequest?mode=suggest HTTP/1.1" 200 21 "http://renault.2web.at/result?searchterm=true&search=Sandero+Prospekt" "Mozilla/5.0 (Windows NT 6.1; Win64; x64) AppleWebKit/537.36 (KHTML, like Gecko) Chrome/79.0.3945.117 Safari/537.36"
212.152.158.195 - - [20/Jan/2020:15:27:39 +0100] "GET /loadthumbnail.php?id=11127982 HTTP/1.1" 200 399614 "http://renault.activities.at/" "Mozilla/5.0 (Windows NT 10.0; Win64; x64) AppleWebKit/537.36 (KHTML, like Gecko) Chrome/79.0.3945.130 Safari/537.36"
212.152.158.195 - - [20/Jan/2020:15:27:40 +0100] "GET /images/favicon.ico HTTP/1.1" 404 305 "http://renault.activities.at/" "Mozilla/5.0 (Windows NT 10.0; Win64; x64) AppleWebKit/537.36 (KHTML, like Gecko) Chrome/79.0.3945.130 Safari/537.36"
212.152.158.195 - - [20/Jan/2020:15:27:45 +0100] "GET /login HTTP/1.1" 200 2085 "http://renault.activities.at/" "Mozilla/5.0 (Windows NT 10.0; Win64; x64) AppleWebKit/537.36 (KHTML, like Gecko) Chrome/79.0.3945.130 Safari/537.36"
80.122.221.194 - - [20/Jan/2020:15:27:56 +0100] "GET /reload?ser=1579530476969 HTTP/1.1" 200 28 "http://renault.activities.at/cart" "Mozilla/5.0 (Windows NT 10.0; Win64; x64) AppleWebKit/537.36 (KHTML, like Gecko) Chrome/70.0.3538.102 Safari/537.36 Edge/18.18363"
212.152.158.195 - - [20/Jan/2020:15:27:59 +0100] "POST /login HTTP/1.1" 302 140 "http://renault.activities.at/login" "Mozilla/5.0 (Windows NT 10.0; Win64; x64) AppleWebKit/537.36 (KHTML, like Gecko) Chrome/79.0.3945.130 Safari/537.36"
212.152.158.195 - - [20/Jan/2020:15:28:01 +0100] "GET /account HTTP/1.1" 200 6929 "http://renault.activities.at/login" "Mozilla/5.0 (Windows NT 10.0; Win64; x64) AppleWebKit/537.36 (KHTML, like Gecko) Chrome/79.0.3945.130 Safari/537.36"
212.152.158.195 - - [20/Jan/2020:15:28:04 +0100] "GET /loadthumbnail.php?id=11351226&width=50&height=50 HTTP/1.1" 200 4457 "http://renault.activities.at/account" "Mozilla/5.0 (Windows NT 10.0; Win64; x64) AppleWebKit/537.36 (KHTML, like Gecko) Chrome/79.0.3945.130 Safari/537.36"
80.122.35.214 - - [20/Jan/2020:15:28:13 +0100] "POST /axjaxrequest?mode=suggest HTTP/1.1" 200 21 "http://renault.2web.at/result?searchterm=true&search=Duster+Prospekt" "Mozilla/5.0 (Windows NT 6.1; Win64; x64) AppleWebKit/537.36 (KHTML, like Gecko) Chrome/79.0.3945.117 Safari/537.36"
80.122.35.214 - - [20/Jan/2020:15:28:15 +0100] "GET /result?searchterm=true&search=Dokker+Prospekt HTTP/1.1" 200 6519 "http://renault.2web.at/result?searchterm=true&search=Duster+Prospekt" "Mozilla/5.0 (Windows NT 6.1; Win64; x64) AppleWebKit/537.36 (KHTML, like Gecko) Chrome/79.0.3945.117 Safari/537.36"
80.122.35.214 - - [20/Jan/2020:15:28:17 +0100] "GET /loadthumbnail.php?id=11895725&width=113 HTTP/1.1" 200 2960 "http://renault.2web.at/result?searchterm=true&search=Dokker+Prospekt" "Mozilla/5.0 (Windows NT 6.1; Win64; x64) AppleWebKit/537.36 (KHTML, like Gecko) Chrome/79.0.3945.117 Safari/537.36"
80.122.35.214 - - [20/Jan/2020:15:28:17 +0100] "GET /loadthumbnail.php?id=11847427&width=113 HTTP/1.1" 200 2698 "http://renault.2web.at/result?searchterm=true&search=Dokker+Prospekt" "Mozilla/5.0 (Windows NT 6.1; Win64; x64) AppleWebKit/537.36 (KHTML, like Gecko) Chrome/79.0.3945.117 Safari/537.36"
80.122.35.214 - - [20/Jan/2020:15:28:23 +0100] "GET /result?searchterm=true&search=KadjarProspekt HTTP/1.1" 200 4933 "http://renault.2web.at/result?searchterm=true&search=Dokker+Prospekt" "Mozilla/5.0 (Windows NT 6.1; Win64; x64) AppleWebKit/537.36 (KHTML, like Gecko) Chrome/79.0.3945.117 Safari/537.36"
80.122.35.214 - - [20/Jan/2020:15:28:25 +0100] "GET /images/note_msg_icon.gif HTTP/1.1" 200 1022 "http://renault.2web.at/css/styles.css" "Mozilla/5.0 (Windows NT 6.1; Win64; x64) AppleWebKit/537.36 (KHTML, like Gecko) Chrome/79.0.3945.117 Safari/537.36"
80.122.35.214 - - [20/Jan/2020:15:28:23 +0100] "POST /axjaxrequest?mode=suggest HTTP/1.1" 200 21 "http://renault.2web.at/result?searchterm=true&search=Dokker+Prospekt" "Mozilla/5.0 (Windows NT 6.1; Win64; x64) AppleWebKit/537.36 (KHTML, like Gecko) Chrome/79.0.3945.117 Safari/537.36"
213.153.47.173 - - [20/Jan/2020:15:28:26 +0100] "GET /reload?ser=1579530506381 HTTP/1.1" 200 28 "http://renault.activities.at/login?required=true" "Mozilla/5.0 (Windows NT 10.0; Win64; x64; rv:72.0) Gecko/20100101 Firefox/72.0"
80.122.35.214 - - [20/Jan/2020:15:28:28 +0100] "GET /result?searchterm=true&search=Kadjar+Prospekt HTTP/1.1" 200 6155 "http://renault.2web.at/result?searchterm=true&search=KadjarProspekt" "Mozilla/5.0 (Windows NT 6.1; Win64; x64) AppleWebKit/537.36 (KHTML, like Gecko) Chrome/79.0.3945.117 Safari/537.36"
80.122.35.214 - - [20/Jan/2020:15:28:30 +0100] "GET /loadthumbnail.php?id=11967700&width=113 HTTP/1.1" 200 3470 "http://renault.2web.at/result?searchterm=true&search=Kadjar+Prospekt" "Mozilla/5.0 (Windows NT 6.1; Win64; x64) AppleWebKit/537.36 (KHTML, like Gecko) Chrome/79.0.3945.117 Safari/537.36"
80.122.35.214 - - [20/Jan/2020:15:28:28 +0100] "POST /axjaxrequest?mode=suggest HTTP/1.1" 200 21 "http://renault.2web.at/result?searchterm=true&search=KadjarProspekt" "Mozilla/5.0 (Windows NT 6.1; Win64; x64) AppleWebKit/537.36 (KHTML, like Gecko) Chrome/79.0.3945.117 Safari/537.36"
80.122.35.214 - - [20/Jan/2020:15:28:32 +0100] "GET /images/vista-up-hover.gif HTTP/1.1" 200 130 "http://renault.2web.at/css/styles.css" "Mozilla/5.0 (Windows NT 6.1; Win64; x64) AppleWebKit/537.36 (KHTML, like Gecko) Chrome/79.0.3945.117 Safari/537.36"
213.153.47.173 - - [20/Jan/2020:15:28:36 +0100] "GET /reload?ser=1579530516490 HTTP/1.1" 200 28 "http://renault.activities.at/login?required=true" "Mozilla/5.0 (Windows NT 10.0; Win64; x64; rv:72.0) Gecko/20100101 Firefox/72.0"
80.122.221.194 - - [20/Jan/2020:15:28:57 +0100] "GET /reload?ser=1579530537966 HTTP/1.1" 200 28 "http://renault.activities.at/cart" "Mozilla/5.0 (Windows NT 10.0; Win64; x64) AppleWebKit/537.36 (KHTML, like Gecko) Chrome/70.0.3538.102 Safari/537.36 Edge/18.18363"
212.152.158.195 - - [20/Jan/2020:15:29:08 +0100] "GET /reload?ser=1579530548491 HTTP/1.1" 200 28 "http://renault.activities.at/account" "Mozilla/5.0 (Windows NT 10.0; Win64; x64) AppleWebKit/537.36 (KHTML, like Gecko) Chrome/79.0.3945.130 Safari/537.36"
213.153.47.173 - - [20/Jan/2020:15:29:26 +0100] "GET /reload?ser=1579530567029 HTTP/1.1" 200 28 "http://renault.activities.at/login?required=true" "Mozilla/5.0 (Windows NT 10.0; Win64; x64; rv:72.0) Gecko/20100101 Firefox/72.0"
80.122.35.214 - - [20/Jan/2020:15:29:30 +0100] "GET /reload?ser=1579530570528 HTTP/1.1" 200 28 "http://renault.2web.at/result?searchterm=true&search=Kadjar+Prospekt" "Mozilla/5.0 (Windows NT 6.1; Win64; x64) AppleWebKit/537.36 (KHTML, like Gecko) Chrome/79.0.3945.117 Safari/537.36"
213.153.47.173 - - [20/Jan/2020:15:29:37 +0100] "GET /reload?ser=1579530577139 HTTP/1.1" 200 28 "http://renault.activities.at/login?required=true" "Mozilla/5.0 (Windows NT 10.0; Win64; x64; rv:72.0) Gecko/20100101 Firefox/72.0"
80.122.221.194 - - [20/Jan/2020:15:29:58 +0100] "GET /reload?ser=1579530598959 HTTP/1.1" 200 28 "http://renault.activities.at/cart" "Mozilla/5.0 (Windows NT 10.0; Win64; x64) AppleWebKit/537.36 (KHTML, like Gecko) Chrome/70.0.3538.102 Safari/537.36 Edge/18.18363"
212.152.158.195 - - [20/Jan/2020:15:30:09 +0100] "GET /reload?ser=1579530609495 HTTP/1.1" 200 28 "http://renault.activities.at/account" "Mozilla/5.0 (Windows NT 10.0; Win64; x64) AppleWebKit/537.36 (KHTML, like Gecko) Chrome/79.0.3945.130 Safari/537.36"
213.153.47.173 - - [20/Jan/2020:15:30:27 +0100] "GET /reload?ser=1579530627688 HTTP/1.1" 200 28 "http://renault.activities.at/login?required=true" "Mozilla/5.0 (Windows NT 10.0; Win64; x64; rv:72.0) Gecko/20100101 Firefox/72.0"
80.122.35.214 - - [20/Jan/2020:15:30:31 +0100] "GET /reload?ser=1579530631532 HTTP/1.1" 200 28 "http://renault.2web.at/result?searchterm=true&search=Kadjar+Prospekt" "Mozilla/5.0 (Windows NT 6.1; Win64; x64) AppleWebKit/537.36 (KHTML, like Gecko) Chrome/79.0.3945.117 Safari/537.36"
213.153.47.173 - - [20/Jan/2020:15:30:37 +0100] "GET /reload?ser=1579530637778 HTTP/1.1" 200 28 "http://renault.activities.at/login?required=true" "Mozilla/5.0 (Windows NT 10.0; Win64; x64; rv:72.0) Gecko/20100101 Firefox/72.0"
80.122.221.194 - - [20/Jan/2020:15:30:59 +0100] "GET /reload?ser=1579530659957 HTTP/1.1" 200 28 "http://renault.activities.at/cart" "Mozilla/5.0 (Windows NT 10.0; Win64; x64) AppleWebKit/537.36 (KHTML, like Gecko) Chrome/70.0.3538.102 Safari/537.36 Edge/18.18363"
212.152.158.195 - - [20/Jan/2020:15:31:11 +0100] "GET /reload?ser=1579530671494 HTTP/1.1" 200 28 "http://renault.activities.at/account" "Mozilla/5.0 (Windows NT 10.0; Win64; x64) AppleWebKit/537.36 (KHTML, like Gecko) Chrome/79.0.3945.130 Safari/537.36"
213.153.47.173 - - [20/Jan/2020:15:31:28 +0100] "GET /reload?ser=1579530688357 HTTP/1.1" 200 28 "http://renault.activities.at/login?required=true" "Mozilla/5.0 (Windows NT 10.0; Win64; x64; rv:72.0) Gecko/20100101 Firefox/72.0"
80.122.35.214 - - [20/Jan/2020:15:31:32 +0100] "GET /reload?ser=1579530692536 HTTP/1.1" 200 28 "http://renault.2web.at/result?searchterm=true&search=Kadjar+Prospekt" "Mozilla/5.0 (Windows NT 6.1; Win64; x64) AppleWebKit/537.36 (KHTML, like Gecko) Chrome/79.0.3945.117 Safari/537.36"
213.153.47.173 - - [20/Jan/2020:15:31:38 +0100] "GET /reload?ser=1579530698437 HTTP/1.1" 200 28 "http://renault.activities.at/login?required=true" "Mozilla/5.0 (Windows NT 10.0; Win64; x64; rv:72.0) Gecko/20100101 Firefox/72.0"
80.122.221.194 - - [20/Jan/2020:15:32:00 +0100] "GET /reload?ser=1579530720970 HTTP/1.1" 200 28 "http://renault.activities.at/cart" "Mozilla/5.0 (Windows NT 10.0; Win64; x64) AppleWebKit/537.36 (KHTML, like Gecko) Chrome/70.0.3538.102 Safari/537.36 Edge/18.18363"
212.152.158.195 - - [20/Jan/2020:15:32:13 +0100] "GET /reload?ser=1579530733491 HTTP/1.1" 200 28 "http://renault.activities.at/account" "Mozilla/5.0 (Windows NT 10.0; Win64; x64) AppleWebKit/537.36 (KHTML, like Gecko) Chrome/79.0.3945.130 Safari/537.36"
213.153.47.173 - - [20/Jan/2020:15:32:28 +0100] "GET /reload?ser=1579530749015 HTTP/1.1" 200 28 "http://renault.activities.at/login?required=true" "Mozilla/5.0 (Windows NT 10.0; Win64; x64; rv:72.0) Gecko/20100101 Firefox/72.0"
80.122.35.214 - - [20/Jan/2020:15:32:33 +0100] "GET /reload?ser=1579530753540 HTTP/1.1" 200 28 "http://renault.2web.at/result?searchterm=true&search=Kadjar+Prospekt" "Mozilla/5.0 (Windows NT 6.1; Win64; x64) AppleWebKit/537.36 (KHTML, like Gecko) Chrome/79.0.3945.117 Safari/537.36"
213.153.47.173 - - [20/Jan/2020:15:32:39 +0100] "GET /reload?ser=1579530759095 HTTP/1.1" 200 28 "http://renault.activities.at/login?required=true" "Mozilla/5.0 (Windows NT 10.0; Win64; x64; rv:72.0) Gecko/20100101 Firefox/72.0"
80.122.221.194 - - [20/Jan/2020:15:33:01 +0100] "GET /reload?ser=1579530781963 HTTP/1.1" 200 28 "http://renault.activities.at/cart" "Mozilla/5.0 (Windows NT 10.0; Win64; x64) AppleWebKit/537.36 (KHTML, like Gecko) Chrome/70.0.3538.102 Safari/537.36 Edge/18.18363"
212.152.158.195 - - [20/Jan/2020:15:33:14 +0100] "GET /reload?ser=1579530794486 HTTP/1.1" 200 28 "http://renault.activities.at/account" "Mozilla/5.0 (Windows NT 10.0; Win64; x64) AppleWebKit/537.36 (KHTML, like Gecko) Chrome/79.0.3945.130 Safari/537.36"
213.153.47.173 - - [20/Jan/2020:15:33:29 +0100] "GET /reload?ser=1579530809684 HTTP/1.1" 200 28 "http://renault.activities.at/login?required=true" "Mozilla/5.0 (Windows NT 10.0; Win64; x64; rv:72.0) Gecko/20100101 Firefox/72.0"
80.122.35.214 - - [20/Jan/2020:15:33:34 +0100] "GET /reload?ser=1579530814544 HTTP/1.1" 200 28 "http://renault.2web.at/result?searchterm=true&search=Kadjar+Prospekt" "Mozilla/5.0 (Windows NT 6.1; Win64; x64) AppleWebKit/537.36 (KHTML, like Gecko) Chrome/79.0.3945.117 Safari/537.36"
213.153.47.173 - - [20/Jan/2020:15:33:39 +0100] "GET /reload?ser=1579530819764 HTTP/1.1" 200 28 "http://renault.activities.at/login?required=true" "Mozilla/5.0 (Windows NT 10.0; Win64; x64; rv:72.0) Gecko/20100101 Firefox/72.0"
212.152.158.195 - - [20/Jan/2020:15:33:39 +0100] "GET /result?searchterm=true&search=Nachweisblatt+Sicherung HTTP/1.1" 200 5017 "http://renault.activities.at/account" "Mozilla/5.0 (Windows NT 10.0; Win64; x64) AppleWebKit/537.36 (KHTML, like Gecko) Chrome/79.0.3945.130 Safari/537.36"
212.152.158.195 - - [20/Jan/2020:15:33:44 +0100] "GET /result?searchterm=true&search=Nachweisblatt+ HTTP/1.1" 200 5010 "http://renault.activities.at/result?searchterm=true&search=Nachweisblatt+Sicherung" "Mozilla/5.0 (Windows NT 10.0; Win64; x64) AppleWebKit/537.36 (KHTML, like Gecko) Chrome/79.0.3945.130 Safari/537.36"
80.122.221.194 - - [20/Jan/2020:15:34:02 +0100] "GET /reload?ser=1579530842964 HTTP/1.1" 200 28 "http://renault.activities.at/cart" "Mozilla/5.0 (Windows NT 10.0; Win64; x64) AppleWebKit/537.36 (KHTML, like Gecko) Chrome/70.0.3538.102 Safari/537.36 Edge/18.18363"
212.152.158.195 - - [20/Jan/2020:15:34:05 +0100] "POST /axjaxrequest?mode=suggest HTTP/1.1" 200 21 "http://renault.activities.at/result?searchterm=true&search=Nachweisblatt+" "Mozilla/5.0 (Windows NT 10.0; Win64; x64) AppleWebKit/537.36 (KHTML, like Gecko) Chrome/79.0.3945.130 Safari/537.36"
212.152.158.195 - - [20/Jan/2020:15:34:06 +0100] "GET /result?searchterm=true&search=Fahrbatterie HTTP/1.1" 200 5011 "http://renault.activities.at/result?searchterm=true&search=Nachweisblatt+" "Mozilla/5.0 (Windows NT 10.0; Win64; x64) AppleWebKit/537.36 (KHTML, like Gecko) Chrome/79.0.3945.130 Safari/537.36"
212.152.158.195 - - [20/Jan/2020:15:34:06 +0100] "POST /axjaxrequest?mode=suggest HTTP/1.1" 200 21 "http://renault.activities.at/result?searchterm=true&search=Nachweisblatt+" "Mozilla/5.0 (Windows NT 10.0; Win64; x64) AppleWebKit/537.36 (KHTML, like Gecko) Chrome/79.0.3945.130 Safari/537.36"
212.152.158.195 - - [20/Jan/2020:15:34:23 +0100] "GET /result?searchterm=true&search=Batterie HTTP/1.1" 200 6209 "http://renault.activities.at/result?searchterm=true&search=Fahrbatterie" "Mozilla/5.0 (Windows NT 10.0; Win64; x64) AppleWebKit/537.36 (KHTML, like Gecko) Chrome/79.0.3945.130 Safari/537.36"
212.152.158.195 - - [20/Jan/2020:15:34:25 +0100] "GET /loadthumbnail.php?id=10260210&width=113 HTTP/1.1" 200 3764 "http://renault.activities.at/result?searchterm=true&search=Batterie" "Mozilla/5.0 (Windows NT 10.0; Win64; x64) AppleWebKit/537.36 (KHTML, like Gecko) Chrome/79.0.3945.130 Safari/537.36"
212.152.158.195 - - [20/Jan/2020:15:34:25 +0100] "GET /loadthumbnail.php?id=10203255 HTTP/1.1" 200 137 "http://renault.activities.at/result?searchterm=true&search=Batterie" "Mozilla/5.0 (Windows NT 10.0; Win64; x64) AppleWebKit/537.36 (KHTML, like Gecko) Chrome/79.0.3945.130 Safari/537.36"
212.152.158.195 - - [20/Jan/2020:15:34:23 +0100] "POST /axjaxrequest?mode=suggest HTTP/1.1" 200 116 "http://renault.activities.at/result?searchterm=true&search=Fahrbatterie" "Mozilla/5.0 (Windows NT 10.0; Win64; x64) AppleWebKit/537.36 (KHTML, like Gecko) Chrome/79.0.3945.130 Safari/537.36"
213.153.47.173 - - [20/Jan/2020:15:34:30 +0100] "GET /reload?ser=1579530870323 HTTP/1.1" 200 28 "http://renault.activities.at/login?required=true" "Mozilla/5.0 (Windows NT 10.0; Win64; x64; rv:72.0) Gecko/20100101 Firefox/72.0"
212.152.158.195 - - [20/Jan/2020:15:34:29 +0100] "GET /717716?print=true HTTP/1.1" 200 2699 "http://renault.activities.at/result?searchterm=true&search=Batterie" "Mozilla/5.0 (Windows NT 10.0; Win64; x64) AppleWebKit/537.36 (KHTML, like Gecko) Chrome/79.0.3945.130 Safari/537.36"
212.152.158.195 - - [20/Jan/2020:15:34:32 +0100] "GET /loadthumbnail.php?id=10260210&width=250 HTTP/1.1" 200 7905 "http://renault.activities.at/717716?print=true" "Mozilla/5.0 (Windows NT 10.0; Win64; x64) AppleWebKit/537.36 (KHTML, like Gecko) Chrome/79.0.3945.130 Safari/537.36"
212.152.158.195 - - [20/Jan/2020:15:34:32 +0100] "GET /loadthumbnail.php?id=10260210&width=900&height=900 HTTP/1.1" 200 7905 "http://renault.activities.at/717716?print=true" "Mozilla/5.0 (Windows NT 10.0; Win64; x64) AppleWebKit/537.36 (KHTML, like Gecko) Chrome/79.0.3945.130 Safari/537.36"
80.122.35.214 - - [20/Jan/2020:15:34:35 +0100] "GET /reload?ser=1579530875548 HTTP/1.1" 200 28 "http://renault.2web.at/result?searchterm=true&search=Kadjar+Prospekt" "Mozilla/5.0 (Windows NT 6.1; Win64; x64) AppleWebKit/537.36 (KHTML, like Gecko) Chrome/79.0.3945.117 Safari/537.36"
213.153.47.173 - - [20/Jan/2020:15:34:40 +0100] "GET /reload?ser=1579530880423 HTTP/1.1" 200 28 "http://renault.activities.at/login?required=true" "Mozilla/5.0 (Windows NT 10.0; Win64; x64; rv:72.0) Gecko/20100101 Firefox/72.0"
80.122.221.194 - - [20/Jan/2020:15:35:03 +0100] "GET /reload?ser=1579530903957 HTTP/1.1" 200 28 "http://renault.activities.at/cart" "Mozilla/5.0 (Windows NT 10.0; Win64; x64) AppleWebKit/537.36 (KHTML, like Gecko) Chrome/70.0.3538.102 Safari/537.36 Edge/18.18363"
212.152.158.195 - - [20/Jan/2020:15:35:25 +0100] "GET /reload?ser=1579530925628 HTTP/1.1" 200 28 "http://renault.activities.at/result?searchterm=true&search=Batterie" "Mozilla/5.0 (Windows NT 10.0; Win64; x64) AppleWebKit/537.36 (KHTML, like Gecko) Chrome/79.0.3945.130 Safari/537.36"
213.153.47.173 - - [20/Jan/2020:15:35:30 +0100] "GET /reload?ser=1579530930982 HTTP/1.1" 200 28 "http://renault.activities.at/login?required=true" "Mozilla/5.0 (Windows NT 10.0; Win64; x64; rv:72.0) Gecko/20100101 Firefox/72.0"
80.122.35.214 - - [20/Jan/2020:15:35:36 +0100] "GET /reload?ser=1579530936551 HTTP/1.1" 200 28 "http://renault.2web.at/result?searchterm=true&search=Kadjar+Prospekt" "Mozilla/5.0 (Windows NT 6.1; Win64; x64) AppleWebKit/537.36 (KHTML, like Gecko) Chrome/79.0.3945.117 Safari/537.36"
213.153.47.173 - - [20/Jan/2020:15:35:41 +0100] "GET /reload?ser=1579530941081 HTTP/1.1" 200 28 "http://renault.activities.at/login?required=true" "Mozilla/5.0 (Windows NT 10.0; Win64; x64; rv:72.0) Gecko/20100101 Firefox/72.0"
13.66.139.0 - - [20/Jan/2020:15:35:55 +0100] "GET /login HTTP/1.1" 200 2085 "-" "Mozilla/5.0 (compatible; bingbot/2.0; +http://www.bing.com/bingbot.htm)"
40.77.191.205 - - [20/Jan/2020:15:35:57 +0100] "GET /css/clears.css HTTP/1.1" 200 851 "http://renault.activities.at/login" "Mozilla/5.0 (Windows NT 6.1; WOW64) AppleWebKit/534+ (KHTML, like Gecko) BingPreview/1.0b"
40.77.191.205 - - [20/Jan/2020:15:35:57 +0100] "GET /css/reset.css HTTP/1.1" 200 1356 "http://renault.activities.at/login" "Mozilla/5.0 (Windows NT 6.1; WOW64) AppleWebKit/534+ (KHTML, like Gecko) BingPreview/1.0b"
40.77.191.205 - - [20/Jan/2020:15:35:57 +0100] "GET /js/checkout.css HTTP/1.1" 200 359 "http://renault.activities.at/login" "Mozilla/5.0 (Windows NT 6.1; WOW64) AppleWebKit/534+ (KHTML, like Gecko) BingPreview/1.0b"
40.77.191.205 - - [20/Jan/2020:15:35:57 +0100] "GET /css/themes/default.css HTTP/1.1" 200 769 "http://renault.activities.at/login" "Mozilla/5.0 (Windows NT 6.1; WOW64) AppleWebKit/534+ (KHTML, like Gecko) BingPreview/1.0b"
40.77.191.205 - - [20/Jan/2020:15:35:57 +0100] "GET /css/prototip.css HTTP/1.1" 200 968 "http://renault.activities.at/login" "Mozilla/5.0 (Windows NT 6.1; WOW64) AppleWebKit/534+ (KHTML, like Gecko) BingPreview/1.0b"
40.77.191.205 - - [20/Jan/2020:15:35:57 +0100] "GET /css/styles.css HTTP/1.1" 200 14664 "http://renault.activities.at/login" "Mozilla/5.0 (Windows NT 6.1; WOW64) AppleWebKit/534+ (KHTML, like Gecko) BingPreview/1.0b"
40.77.191.205 - - [20/Jan/2020:15:35:57 +0100] "GET /css/themes/alphacube.css HTTP/1.1" 200 743 "http://renault.activities.at/login" "Mozilla/5.0 (Windows NT 6.1; WOW64) AppleWebKit/534+ (KHTML, like Gecko) BingPreview/1.0b"
40.77.191.205 - - [20/Jan/2020:15:35:57 +0100] "GET /js/default.js HTTP/1.1" 200 14698 "http://renault.activities.at/login" "Mozilla/5.0 (Windows NT 6.1; WOW64) AppleWebKit/534+ (KHTML, like Gecko) BingPreview/1.0b"
40.77.191.205 - - [20/Jan/2020:15:35:57 +0100] "GET /js/index.php?c=auto&f=,prototype/prototype.js,prototype/validation.js,scriptaculous/builder.js,scriptaculous/effects.js,scriptaculous/dragdrop.js,scriptaculous/controls.js,scriptaculous/slider.js,varien/js.js,varien/form.js,varien/menu.js,mage/translate.js,mage/cookies.js,varien/product.js,spinner/SpinnerControl.jsmin.js,prototype/window.js,prototype/window_ext.js HTTP/1.1" 200 94182 "http://renault.activities.at/login" "Mozilla/5.0 (Windows NT 6.1; WOW64) AppleWebKit/534+ (KHTML, like Gecko) BingPreview/1.0b"
40.77.191.205 - - [20/Jan/2020:15:35:58 +0100] "GET /css/print.css HTTP/1.1" 200 543 "http://renault.activities.at/login" "Mozilla/5.0 (Windows NT 6.1; WOW64) AppleWebKit/534+ (KHTML, like Gecko) BingPreview/1.0b"
40.77.191.205 - - [20/Jan/2020:15:35:58 +0100] "GET /loadthumbnail.php?id=11127982 HTTP/1.1" 200 399614 "http://renault.activities.at/login" "Mozilla/5.0 (Windows NT 6.1; WOW64) AppleWebKit/534+ (KHTML, like Gecko) BingPreview/1.0b"
80.122.221.194 - - [20/Jan/2020:15:36:04 +0100] "GET /reload?ser=1579530964958 HTTP/1.1" 200 28 "http://renault.activities.at/cart" "Mozilla/5.0 (Windows NT 10.0; Win64; x64) AppleWebKit/537.36 (KHTML, like Gecko) Chrome/70.0.3538.102 Safari/537.36 Edge/18.18363"
212.152.158.195 - - [20/Jan/2020:15:36:26 +0100] "GET /reload?ser=1579530986651 HTTP/1.1" 200 28 "http://renault.activities.at/result?searchterm=true&search=Batterie" "Mozilla/5.0 (Windows NT 10.0; Win64; x64) AppleWebKit/537.36 (KHTML, like Gecko) Chrome/79.0.3945.130 Safari/537.36"
213.153.47.173 - - [20/Jan/2020:15:36:31 +0100] "GET /reload?ser=1579530991641 HTTP/1.1" 200 28 "http://renault.activities.at/login?required=true" "Mozilla/5.0 (Windows NT 10.0; Win64; x64; rv:72.0) Gecko/20100101 Firefox/72.0"
80.122.35.214 - - [20/Jan/2020:15:36:37 +0100] "GET /reload?ser=1579530997556 HTTP/1.1" 200 28 "http://renault.2web.at/result?searchterm=true&search=Kadjar+Prospekt" "Mozilla/5.0 (Windows NT 6.1; Win64; x64) AppleWebKit/537.36 (KHTML, like Gecko) Chrome/79.0.3945.117 Safari/537.36"
213.153.47.173 - - [20/Jan/2020:15:36:41 +0100] "GET /reload?ser=1579531001741 HTTP/1.1" 200 28 "http://renault.activities.at/login?required=true" "Mozilla/5.0 (Windows NT 10.0; Win64; x64; rv:72.0) Gecko/20100101 Firefox/72.0"
80.122.221.194 - - [20/Jan/2020:15:37:05 +0100] "GET /reload?ser=1579531025956 HTTP/1.1" 200 28 "http://renault.activities.at/cart" "Mozilla/5.0 (Windows NT 10.0; Win64; x64) AppleWebKit/537.36 (KHTML, like Gecko) Chrome/70.0.3538.102 Safari/537.36 Edge/18.18363"
212.152.158.195 - - [20/Jan/2020:15:37:27 +0100] "GET /reload?ser=1579531047719 HTTP/1.1" 200 28 "http://renault.activities.at/result?searchterm=true&search=Batterie" "Mozilla/5.0 (Windows NT 10.0; Win64; x64) AppleWebKit/537.36 (KHTML, like Gecko) Chrome/79.0.3945.130 Safari/537.36"
213.153.47.173 - - [20/Jan/2020:15:37:32 +0100] "GET /reload?ser=1579531052300 HTTP/1.1" 200 28 "http://renault.activities.at/login?required=true" "Mozilla/5.0 (Windows NT 10.0; Win64; x64; rv:72.0) Gecko/20100101 Firefox/72.0"
80.122.35.214 - - [20/Jan/2020:15:37:38 +0100] "GET /reload?ser=1579531058559 HTTP/1.1" 200 28 "http://renault.2web.at/result?searchterm=true&search=Kadjar+Prospekt" "Mozilla/5.0 (Windows NT 6.1; Win64; x64) AppleWebKit/537.36 (KHTML, like Gecko) Chrome/79.0.3945.117 Safari/537.36"
213.153.47.173 - - [20/Jan/2020:15:37:42 +0100] "GET /reload?ser=1579531062391 HTTP/1.1" 200 28 "http://renault.activities.at/login?required=true" "Mozilla/5.0 (Windows NT 10.0; Win64; x64; rv:72.0) Gecko/20100101 Firefox/72.0"
80.122.221.194 - - [20/Jan/2020:15:38:06 +0100] "GET /reload?ser=1579531086964 HTTP/1.1" 200 28 "http://renault.activities.at/cart" "Mozilla/5.0 (Windows NT 10.0; Win64; x64) AppleWebKit/537.36 (KHTML, like Gecko) Chrome/70.0.3538.102 Safari/537.36 Edge/18.18363"
212.152.158.195 - - [20/Jan/2020:15:38:28 +0100] "GET /reload?ser=1579531108775 HTTP/1.1" 200 28 "http://renault.activities.at/result?searchterm=true&search=Batterie" "Mozilla/5.0 (Windows NT 10.0; Win64; x64) AppleWebKit/537.36 (KHTML, like Gecko) Chrome/79.0.3945.130 Safari/537.36"
213.153.47.173 - - [20/Jan/2020:15:38:32 +0100] "GET /reload?ser=1579531112950 HTTP/1.1" 200 28 "http://renault.activities.at/login?required=true" "Mozilla/5.0 (Windows NT 10.0; Win64; x64; rv:72.0) Gecko/20100101 Firefox/72.0"
80.122.35.214 - - [20/Jan/2020:15:38:39 +0100] "GET /reload?ser=1579531119564 HTTP/1.1" 200 28 "http://renault.2web.at/result?searchterm=true&search=Kadjar+Prospekt" "Mozilla/5.0 (Windows NT 6.1; Win64; x64) AppleWebKit/537.36 (KHTML, like Gecko) Chrome/79.0.3945.117 Safari/537.36"
213.153.47.173 - - [20/Jan/2020:15:38:42 +0100] "GET /reload?ser=1579531123049 HTTP/1.1" 200 28 "http://renault.activities.at/login?required=true" "Mozilla/5.0 (Windows NT 10.0; Win64; x64; rv:72.0) Gecko/20100101 Firefox/72.0"
80.122.221.194 - - [20/Jan/2020:15:39:07 +0100] "GET /reload?ser=1579531147958 HTTP/1.1" 200 28 "http://renault.activities.at/cart" "Mozilla/5.0 (Windows NT 10.0; Win64; x64) AppleWebKit/537.36 (KHTML, like Gecko) Chrome/70.0.3538.102 Safari/537.36 Edge/18.18363"
