212.152.246.134 - - [21/Jan/2020:16:51:41 +0100] "GET /reload?ser=1579621902646 HTTP/1.1" 200 28 "http://renault.activities.at/success" "Mozilla/5.0 (Windows NT 10.0; WOW64; Trident/7.0; rv:11.0) like Gecko"
193.194.132.25 - - [21/Jan/2020:16:52:09 +0100] "GET /reload?ser=1579621929983 HTTP/1.1" 200 28 "http://renault.activities.at/success" "Mozilla/5.0 (Windows NT 10.0; Win64; x64) AppleWebKit/537.36 (KHTML, like Gecko) Chrome/64.0.3282.140 Safari/537.36 Edge/17.17134"
213.153.47.173 - - [21/Jan/2020:16:52:24 +0100] "GET /reload?ser=1579621944692 HTTP/1.1" 200 28 "http://renault.activities.at/login?required=true" "Mozilla/5.0 (Windows NT 10.0; Win64; x64; rv:72.0) Gecko/20100101 Firefox/72.0"
80.122.221.194 - - [21/Jan/2020:16:52:26 +0100] "GET /reload?ser=1579621946580 HTTP/1.1" 200 28 "http://renault.activities.at/success" "Mozilla/5.0 (Windows NT 10.0; Win64; x64) AppleWebKit/537.36 (KHTML, like Gecko) Chrome/70.0.3538.102 Safari/537.36 Edge/18.18363"
213.153.47.173 - - [21/Jan/2020:16:52:42 +0100] "GET /reload?ser=1579621962848 HTTP/1.1" 200 28 "http://renault.activities.at/login?required=true" "Mozilla/5.0 (Windows NT 10.0; Win64; x64; rv:72.0) Gecko/20100101 Firefox/72.0"
212.152.246.134 - - [21/Jan/2020:16:52:42 +0100] "GET /reload?ser=1579621963620 HTTP/1.1" 200 28 "http://renault.activities.at/success" "Mozilla/5.0 (Windows NT 10.0; WOW64; Trident/7.0; rv:11.0) like Gecko"
193.194.132.25 - - [21/Jan/2020:16:53:11 +0100] "GET /reload?ser=1579621991922 HTTP/1.1" 200 28 "http://renault.activities.at/success" "Mozilla/5.0 (Windows NT 10.0; Win64; x64) AppleWebKit/537.36 (KHTML, like Gecko) Chrome/64.0.3282.140 Safari/537.36 Edge/17.17134"
213.153.47.173 - - [21/Jan/2020:16:53:25 +0100] "GET /reload?ser=1579622005351 HTTP/1.1" 200 28 "http://renault.activities.at/login?required=true" "Mozilla/5.0 (Windows NT 10.0; Win64; x64; rv:72.0) Gecko/20100101 Firefox/72.0"
80.122.221.194 - - [21/Jan/2020:16:53:27 +0100] "GET /reload?ser=1579622007583 HTTP/1.1" 200 28 "http://renault.activities.at/success" "Mozilla/5.0 (Windows NT 10.0; Win64; x64) AppleWebKit/537.36 (KHTML, like Gecko) Chrome/70.0.3538.102 Safari/537.36 Edge/18.18363"
213.153.47.173 - - [21/Jan/2020:16:53:43 +0100] "GET /reload?ser=1579622023510 HTTP/1.1" 200 28 "http://renault.activities.at/login?required=true" "Mozilla/5.0 (Windows NT 10.0; Win64; x64; rv:72.0) Gecko/20100101 Firefox/72.0"
212.152.246.134 - - [21/Jan/2020:16:53:43 +0100] "GET /reload?ser=1579622024634 HTTP/1.1" 200 28 "http://renault.activities.at/success" "Mozilla/5.0 (Windows NT 10.0; WOW64; Trident/7.0; rv:11.0) like Gecko"
193.194.132.25 - - [21/Jan/2020:16:54:13 +0100] "GET /reload?ser=1579622053903 HTTP/1.1" 200 28 "http://renault.activities.at/success" "Mozilla/5.0 (Windows NT 10.0; Win64; x64) AppleWebKit/537.36 (KHTML, like Gecko) Chrome/64.0.3282.140 Safari/537.36 Edge/17.17134"
213.153.47.173 - - [21/Jan/2020:16:54:25 +0100] "GET /reload?ser=1579622065989 HTTP/1.1" 200 28 "http://renault.activities.at/login?required=true" "Mozilla/5.0 (Windows NT 10.0; Win64; x64; rv:72.0) Gecko/20100101 Firefox/72.0"
80.122.221.194 - - [21/Jan/2020:16:54:29 +0100] "GET /reload?ser=1579622069589 HTTP/1.1" 200 28 "http://renault.activities.at/success" "Mozilla/5.0 (Windows NT 10.0; Win64; x64) AppleWebKit/537.36 (KHTML, like Gecko) Chrome/70.0.3538.102 Safari/537.36 Edge/18.18363"
213.153.47.173 - - [21/Jan/2020:16:54:44 +0100] "GET /reload?ser=1579622084170 HTTP/1.1" 200 28 "http://renault.activities.at/login?required=true" "Mozilla/5.0 (Windows NT 10.0; Win64; x64; rv:72.0) Gecko/20100101 Firefox/72.0"
212.152.246.134 - - [21/Jan/2020:16:54:44 +0100] "GET /reload?ser=1579622085606 HTTP/1.1" 200 28 "http://renault.activities.at/success" "Mozilla/5.0 (Windows NT 10.0; WOW64; Trident/7.0; rv:11.0) like Gecko"
193.194.132.25 - - [21/Jan/2020:16:55:15 +0100] "GET /reload?ser=1579622115860 HTTP/1.1" 200 28 "http://renault.activities.at/success" "Mozilla/5.0 (Windows NT 10.0; Win64; x64) AppleWebKit/537.36 (KHTML, like Gecko) Chrome/64.0.3282.140 Safari/537.36 Edge/17.17134"
213.153.47.173 - - [21/Jan/2020:16:55:26 +0100] "GET /reload?ser=1579622126633 HTTP/1.1" 200 28 "http://renault.activities.at/login?required=true" "Mozilla/5.0 (Windows NT 10.0; Win64; x64; rv:72.0) Gecko/20100101 Firefox/72.0"
80.122.221.194 - - [21/Jan/2020:16:55:30 +0100] "GET /reload?ser=1579622130579 HTTP/1.1" 200 28 "http://renault.activities.at/success" "Mozilla/5.0 (Windows NT 10.0; Win64; x64) AppleWebKit/537.36 (KHTML, like Gecko) Chrome/70.0.3538.102 Safari/537.36 Edge/18.18363"
213.153.47.173 - - [21/Jan/2020:16:55:44 +0100] "GET /reload?ser=1579622144826 HTTP/1.1" 200 28 "http://renault.activities.at/login?required=true" "Mozilla/5.0 (Windows NT 10.0; Win64; x64; rv:72.0) Gecko/20100101 Firefox/72.0"
212.152.246.134 - - [21/Jan/2020:16:55:45 +0100] "GET /reload?ser=1579622146562 HTTP/1.1" 200 28 "http://renault.activities.at/success" "Mozilla/5.0 (Windows NT 10.0; WOW64; Trident/7.0; rv:11.0) like Gecko"
193.194.132.25 - - [21/Jan/2020:16:56:17 +0100] "GET /reload?ser=1579622177821 HTTP/1.1" 200 28 "http://renault.activities.at/success" "Mozilla/5.0 (Windows NT 10.0; Win64; x64) AppleWebKit/537.36 (KHTML, like Gecko) Chrome/64.0.3282.140 Safari/537.36 Edge/17.17134"
80.122.221.194 - - [21/Jan/2020:16:56:31 +0100] "GET /reload?ser=1579622191590 HTTP/1.1" 200 28 "http://renault.activities.at/success" "Mozilla/5.0 (Windows NT 10.0; Win64; x64) AppleWebKit/537.36 (KHTML, like Gecko) Chrome/70.0.3538.102 Safari/537.36 Edge/18.18363"
212.152.246.134 - - [21/Jan/2020:16:56:46 +0100] "GET /reload?ser=1579622207502 HTTP/1.1" 200 28 "http://renault.activities.at/success" "Mozilla/5.0 (Windows NT 10.0; WOW64; Trident/7.0; rv:11.0) like Gecko"
193.194.132.25 - - [21/Jan/2020:16:57:19 +0100] "GET /reload?ser=1579622239798 HTTP/1.1" 200 28 "http://renault.activities.at/success" "Mozilla/5.0 (Windows NT 10.0; Win64; x64) AppleWebKit/537.36 (KHTML, like Gecko) Chrome/64.0.3282.140 Safari/537.36 Edge/17.17134"
80.122.221.194 - - [21/Jan/2020:16:57:32 +0100] "GET /reload?ser=1579622252588 HTTP/1.1" 200 28 "http://renault.activities.at/success" "Mozilla/5.0 (Windows NT 10.0; Win64; x64) AppleWebKit/537.36 (KHTML, like Gecko) Chrome/70.0.3538.102 Safari/537.36 Edge/18.18363"
212.152.246.134 - - [21/Jan/2020:16:57:47 +0100] "GET /reload?ser=1579622268458 HTTP/1.1" 200 28 "http://renault.activities.at/success" "Mozilla/5.0 (Windows NT 10.0; WOW64; Trident/7.0; rv:11.0) like Gecko"
193.194.132.25 - - [21/Jan/2020:16:58:21 +0100] "GET /reload?ser=1579622301796 HTTP/1.1" 200 28 "http://renault.activities.at/success" "Mozilla/5.0 (Windows NT 10.0; Win64; x64) AppleWebKit/537.36 (KHTML, like Gecko) Chrome/64.0.3282.140 Safari/537.36 Edge/17.17134"
80.122.221.194 - - [21/Jan/2020:16:58:33 +0100] "GET /reload?ser=1579622313577 HTTP/1.1" 200 28 "http://renault.activities.at/success" "Mozilla/5.0 (Windows NT 10.0; Win64; x64) AppleWebKit/537.36 (KHTML, like Gecko) Chrome/70.0.3538.102 Safari/537.36 Edge/18.18363"
212.152.246.134 - - [21/Jan/2020:16:58:48 +0100] "GET /reload?ser=1579622329440 HTTP/1.1" 200 28 "http://renault.activities.at/success" "Mozilla/5.0 (Windows NT 10.0; WOW64; Trident/7.0; rv:11.0) like Gecko"
193.194.132.25 - - [21/Jan/2020:16:59:23 +0100] "GET /reload?ser=1579622363795 HTTP/1.1" 200 28 "http://renault.activities.at/success" "Mozilla/5.0 (Windows NT 10.0; Win64; x64) AppleWebKit/537.36 (KHTML, like Gecko) Chrome/64.0.3282.140 Safari/537.36 Edge/17.17134"
80.122.221.194 - - [21/Jan/2020:16:59:34 +0100] "GET /reload?ser=1579622374577 HTTP/1.1" 200 28 "http://renault.activities.at/success" "Mozilla/5.0 (Windows NT 10.0; Win64; x64) AppleWebKit/537.36 (KHTML, like Gecko) Chrome/70.0.3538.102 Safari/537.36 Edge/18.18363"
212.152.246.134 - - [21/Jan/2020:16:59:49 +0100] "GET /reload?ser=1579622390427 HTTP/1.1" 200 28 "http://renault.activities.at/success" "Mozilla/5.0 (Windows NT 10.0; WOW64; Trident/7.0; rv:11.0) like Gecko"
193.194.132.25 - - [21/Jan/2020:17:00:25 +0100] "GET /reload?ser=1579622424916 HTTP/1.1" 200 28 "http://renault.activities.at/success" "Mozilla/5.0 (Windows NT 10.0; Win64; x64) AppleWebKit/537.36 (KHTML, like Gecko) Chrome/64.0.3282.140 Safari/537.36 Edge/17.17134"
80.122.221.194 - - [21/Jan/2020:17:00:36 +0100] "GET /reload?ser=1579622436577 HTTP/1.1" 200 28 "http://renault.activities.at/success" "Mozilla/5.0 (Windows NT 10.0; Win64; x64) AppleWebKit/537.36 (KHTML, like Gecko) Chrome/70.0.3538.102 Safari/537.36 Edge/18.18363"
212.152.246.134 - - [21/Jan/2020:17:00:50 +0100] "GET /reload?ser=1579622451362 HTTP/1.1" 200 28 "http://renault.activities.at/success" "Mozilla/5.0 (Windows NT 10.0; WOW64; Trident/7.0; rv:11.0) like Gecko"
185.224.25.233 - - [21/Jan/2020:17:00:56 +0100] "GET / HTTP/1.1" 200 3380 "-" "Mozilla/5.0 (Windows NT 10.0; WOW64; Trident/7.0; rv:11.0) like Gecko"
185.224.25.233 - - [21/Jan/2020:17:00:57 +0100] "GET /js/flashdetection.js HTTP/1.1" 200 1059 "http://renault.activities.at/" "Mozilla/5.0 (Windows NT 10.0; WOW64; Trident/7.0; rv:11.0) like Gecko"
185.224.25.233 - - [21/Jan/2020:17:00:57 +0100] "GET /css/reset.css HTTP/1.1" 200 1356 "http://renault.activities.at/" "Mozilla/5.0 (Windows NT 10.0; WOW64; Trident/7.0; rv:11.0) like Gecko"
185.224.25.233 - - [21/Jan/2020:17:00:57 +0100] "GET /js/default.js HTTP/1.1" 200 14698 "http://renault.activities.at/" "Mozilla/5.0 (Windows NT 10.0; WOW64; Trident/7.0; rv:11.0) like Gecko"
185.224.25.233 - - [21/Jan/2020:17:00:57 +0100] "GET /css/clears.css HTTP/1.1" 200 851 "http://renault.activities.at/" "Mozilla/5.0 (Windows NT 10.0; WOW64; Trident/7.0; rv:11.0) like Gecko"
185.224.25.233 - - [21/Jan/2020:17:00:57 +0100] "GET /css/styles.css HTTP/1.1" 200 14664 "http://renault.activities.at/" "Mozilla/5.0 (Windows NT 10.0; WOW64; Trident/7.0; rv:11.0) like Gecko"
185.224.25.233 - - [21/Jan/2020:17:00:57 +0100] "GET /css/print.css HTTP/1.1" 200 543 "http://renault.activities.at/" "Mozilla/5.0 (Windows NT 10.0; WOW64; Trident/7.0; rv:11.0) like Gecko"
185.224.25.233 - - [21/Jan/2020:17:00:57 +0100] "GET /js/checkout.css HTTP/1.1" 200 359 "http://renault.activities.at/" "Mozilla/5.0 (Windows NT 10.0; WOW64; Trident/7.0; rv:11.0) like Gecko"
185.224.25.233 - - [21/Jan/2020:17:00:57 +0100] "GET /css/prototip.css HTTP/1.1" 200 968 "http://renault.activities.at/" "Mozilla/5.0 (Windows NT 10.0; WOW64; Trident/7.0; rv:11.0) like Gecko"
185.224.25.233 - - [21/Jan/2020:17:00:57 +0100] "GET /css/themes/default.css HTTP/1.1" 200 769 "http://renault.activities.at/" "Mozilla/5.0 (Windows NT 10.0; WOW64; Trident/7.0; rv:11.0) like Gecko"
185.224.25.233 - - [21/Jan/2020:17:00:57 +0100] "GET /css/themes/alphacube.css HTTP/1.1" 200 743 "http://renault.activities.at/" "Mozilla/5.0 (Windows NT 10.0; WOW64; Trident/7.0; rv:11.0) like Gecko"
185.224.25.233 - - [21/Jan/2020:17:00:57 +0100] "GET /js/index.php?c=auto&f=,prototype/prototype.js,prototype/validation.js,scriptaculous/builder.js,scriptaculous/effects.js,scriptaculous/dragdrop.js,scriptaculous/controls.js,scriptaculous/slider.js,varien/js.js,varien/form.js,varien/menu.js,mage/translate.js,mage/cookies.js,varien/product.js,spinner/SpinnerControl.jsmin.js,prototype/window.js,prototype/window_ext.js HTTP/1.1" 200 94182 "http://renault.activities.at/" "Mozilla/5.0 (Windows NT 10.0; WOW64; Trident/7.0; rv:11.0) like Gecko"
185.224.25.233 - - [21/Jan/2020:17:00:58 +0100] "GET /images/header_block_corner_left_top.gif HTTP/1.1" 200 160 "http://renault.activities.at/" "Mozilla/5.0 (Windows NT 10.0; WOW64; Trident/7.0; rv:11.0) like Gecko"
185.224.25.233 - - [21/Jan/2020:17:00:58 +0100] "GET /images/main_block_border.gif HTTP/1.1" 200 43 "http://renault.activities.at/" "Mozilla/5.0 (Windows NT 10.0; WOW64; Trident/7.0; rv:11.0) like Gecko"
185.224.25.233 - - [21/Jan/2020:17:00:58 +0100] "GET /images/main_block_corner_left_bot.gif HTTP/1.1" 200 159 "http://renault.activities.at/" "Mozilla/5.0 (Windows NT 10.0; WOW64; Trident/7.0; rv:11.0) like Gecko"
185.224.25.233 - - [21/Jan/2020:17:00:58 +0100] "GET /images/main_block_corner_right_bot.gif HTTP/1.1" 200 158 "http://renault.activities.at/" "Mozilla/5.0 (Windows NT 10.0; WOW64; Trident/7.0; rv:11.0) like Gecko"
185.224.25.233 - - [21/Jan/2020:17:00:58 +0100] "GET /images/header_block_border.gif HTTP/1.1" 200 43 "http://renault.activities.at/" "Mozilla/5.0 (Windows NT 10.0; WOW64; Trident/7.0; rv:11.0) like Gecko"
185.224.25.233 - - [21/Jan/2020:17:00:58 +0100] "GET /images/header_block_corner_right_top.gif HTTP/1.1" 200 160 "http://renault.activities.at/" "Mozilla/5.0 (Windows NT 10.0; WOW64; Trident/7.0; rv:11.0) like Gecko"
185.224.25.233 - - [21/Jan/2020:17:00:58 +0100] "GET /images/main_block_corner_left_top.gif HTTP/1.1" 200 159 "http://renault.activities.at/" "Mozilla/5.0 (Windows NT 10.0; WOW64; Trident/7.0; rv:11.0) like Gecko"
185.224.25.233 - - [21/Jan/2020:17:00:58 +0100] "GET /images/favicon.ico HTTP/1.1" 404 305 "-" "Mozilla/5.0 (Windows NT 10.0; Win64; x64; Trident/7.0; rv:11.0) like Gecko"
185.224.25.233 - - [21/Jan/2020:17:00:58 +0100] "GET /images/title_border.jpg HTTP/1.1" 200 304 "http://renault.activities.at/" "Mozilla/5.0 (Windows NT 10.0; WOW64; Trident/7.0; rv:11.0) like Gecko"
185.224.25.233 - - [21/Jan/2020:17:00:58 +0100] "GET /images/main_block_corner_right_top.gif HTTP/1.1" 200 159 "http://renault.activities.at/" "Mozilla/5.0 (Windows NT 10.0; WOW64; Trident/7.0; rv:11.0) like Gecko"
185.224.25.233 - - [21/Jan/2020:17:00:58 +0100] "GET /images/title_border_top.jpg HTTP/1.1" 200 336 "http://renault.activities.at/" "Mozilla/5.0 (Windows NT 10.0; WOW64; Trident/7.0; rv:11.0) like Gecko"
185.224.25.233 - - [21/Jan/2020:17:00:58 +0100] "GET /images/title_corner_left_top.jpg HTTP/1.1" 200 372 "http://renault.activities.at/" "Mozilla/5.0 (Windows NT 10.0; WOW64; Trident/7.0; rv:11.0) like Gecko"
185.224.25.233 - - [21/Jan/2020:17:00:58 +0100] "GET /images/title_corner_right_top.jpg HTTP/1.1" 200 389 "http://renault.activities.at/" "Mozilla/5.0 (Windows NT 10.0; WOW64; Trident/7.0; rv:11.0) like Gecko"
185.224.25.233 - - [21/Jan/2020:17:00:58 +0100] "GET /loadthumbnail.php?id=11127982 HTTP/1.1" 200 399614 "http://renault.activities.at/" "Mozilla/5.0 (Windows NT 10.0; WOW64; Trident/7.0; rv:11.0) like Gecko"
193.194.132.25 - - [21/Jan/2020:17:01:26 +0100] "GET /reload?ser=1579622486257 HTTP/1.1" 200 28 "http://renault.activities.at/success" "Mozilla/5.0 (Windows NT 10.0; Win64; x64) AppleWebKit/537.36 (KHTML, like Gecko) Chrome/64.0.3282.140 Safari/537.36 Edge/17.17134"
80.122.221.194 - - [21/Jan/2020:17:01:37 +0100] "GET /reload?ser=1579622497582 HTTP/1.1" 200 28 "http://renault.activities.at/success" "Mozilla/5.0 (Windows NT 10.0; Win64; x64) AppleWebKit/537.36 (KHTML, like Gecko) Chrome/70.0.3538.102 Safari/537.36 Edge/18.18363"
212.152.246.134 - - [21/Jan/2020:17:01:51 +0100] "GET /reload?ser=1579622512338 HTTP/1.1" 200 28 "http://renault.activities.at/success" "Mozilla/5.0 (Windows NT 10.0; WOW64; Trident/7.0; rv:11.0) like Gecko"
193.194.132.25 - - [21/Jan/2020:17:02:27 +0100] "GET /reload?ser=1579622547402 HTTP/1.1" 200 28 "http://renault.activities.at/success" "Mozilla/5.0 (Windows NT 10.0; Win64; x64) AppleWebKit/537.36 (KHTML, like Gecko) Chrome/64.0.3282.140 Safari/537.36 Edge/17.17134"
80.122.221.194 - - [21/Jan/2020:17:02:38 +0100] "GET /reload?ser=1579622558580 HTTP/1.1" 200 28 "http://renault.activities.at/success" "Mozilla/5.0 (Windows NT 10.0; Win64; x64) AppleWebKit/537.36 (KHTML, like Gecko) Chrome/70.0.3538.102 Safari/537.36 Edge/18.18363"
212.152.246.134 - - [21/Jan/2020:17:02:52 +0100] "GET /reload?ser=1579622573291 HTTP/1.1" 200 28 "http://renault.activities.at/success" "Mozilla/5.0 (Windows NT 10.0; WOW64; Trident/7.0; rv:11.0) like Gecko"
193.194.132.25 - - [21/Jan/2020:17:03:28 +0100] "GET /reload?ser=1579622608535 HTTP/1.1" 200 28 "http://renault.activities.at/success" "Mozilla/5.0 (Windows NT 10.0; Win64; x64) AppleWebKit/537.36 (KHTML, like Gecko) Chrome/64.0.3282.140 Safari/537.36 Edge/17.17134"
80.122.221.194 - - [21/Jan/2020:17:03:39 +0100] "GET /reload?ser=1579622619582 HTTP/1.1" 200 28 "http://renault.activities.at/success" "Mozilla/5.0 (Windows NT 10.0; Win64; x64) AppleWebKit/537.36 (KHTML, like Gecko) Chrome/70.0.3538.102 Safari/537.36 Edge/18.18363"
212.152.246.134 - - [21/Jan/2020:17:03:53 +0100] "GET /reload?ser=1579622634245 HTTP/1.1" 200 28 "http://renault.activities.at/success" "Mozilla/5.0 (Windows NT 10.0; WOW64; Trident/7.0; rv:11.0) like Gecko"
193.194.132.25 - - [21/Jan/2020:17:04:30 +0100] "GET /reload?ser=1579622669995 HTTP/1.1" 200 28 "http://renault.activities.at/success" "Mozilla/5.0 (Windows NT 10.0; Win64; x64) AppleWebKit/537.36 (KHTML, like Gecko) Chrome/64.0.3282.140 Safari/537.36 Edge/17.17134"
80.122.221.194 - - [21/Jan/2020:17:04:40 +0100] "GET /reload?ser=1579622680572 HTTP/1.1" 200 28 "http://renault.activities.at/success" "Mozilla/5.0 (Windows NT 10.0; Win64; x64) AppleWebKit/537.36 (KHTML, like Gecko) Chrome/70.0.3538.102 Safari/537.36 Edge/18.18363"
212.152.246.134 - - [21/Jan/2020:17:04:54 +0100] "GET /reload?ser=1579622695226 HTTP/1.1" 200 28 "http://renault.activities.at/success" "Mozilla/5.0 (Windows NT 10.0; WOW64; Trident/7.0; rv:11.0) like Gecko"
193.194.132.25 - - [21/Jan/2020:17:05:31 +0100] "GET /reload?ser=1579622731145 HTTP/1.1" 200 28 "http://renault.activities.at/success" "Mozilla/5.0 (Windows NT 10.0; Win64; x64) AppleWebKit/537.36 (KHTML, like Gecko) Chrome/64.0.3282.140 Safari/537.36 Edge/17.17134"
80.122.221.194 - - [21/Jan/2020:17:05:41 +0100] "GET /reload?ser=1579622741576 HTTP/1.1" 200 28 "http://renault.activities.at/success" "Mozilla/5.0 (Windows NT 10.0; Win64; x64) AppleWebKit/537.36 (KHTML, like Gecko) Chrome/70.0.3538.102 Safari/537.36 Edge/18.18363"
212.152.246.134 - - [21/Jan/2020:17:05:55 +0100] "GET /reload?ser=1579622756156 HTTP/1.1" 200 28 "http://renault.activities.at/success" "Mozilla/5.0 (Windows NT 10.0; WOW64; Trident/7.0; rv:11.0) like Gecko"
193.194.132.25 - - [21/Jan/2020:17:06:32 +0100] "GET /reload?ser=1579622792258 HTTP/1.1" 200 28 "http://renault.activities.at/success" "Mozilla/5.0 (Windows NT 10.0; Win64; x64) AppleWebKit/537.36 (KHTML, like Gecko) Chrome/64.0.3282.140 Safari/537.36 Edge/17.17134"
80.122.221.194 - - [21/Jan/2020:17:06:42 +0100] "GET /reload?ser=1579622802573 HTTP/1.1" 200 28 "http://renault.activities.at/success" "Mozilla/5.0 (Windows NT 10.0; Win64; x64) AppleWebKit/537.36 (KHTML, like Gecko) Chrome/70.0.3538.102 Safari/537.36 Edge/18.18363"
212.152.246.134 - - [21/Jan/2020:17:06:56 +0100] "GET /reload?ser=1579622817121 HTTP/1.1" 200 28 "http://renault.activities.at/success" "Mozilla/5.0 (Windows NT 10.0; WOW64; Trident/7.0; rv:11.0) like Gecko"
193.194.132.25 - - [21/Jan/2020:17:07:33 +0100] "GET /reload?ser=1579622853378 HTTP/1.1" 200 28 "http://renault.activities.at/success" "Mozilla/5.0 (Windows NT 10.0; Win64; x64) AppleWebKit/537.36 (KHTML, like Gecko) Chrome/64.0.3282.140 Safari/537.36 Edge/17.17134"
80.122.221.194 - - [21/Jan/2020:17:07:43 +0100] "GET /reload?ser=1579622863583 HTTP/1.1" 200 28 "http://renault.activities.at/success" "Mozilla/5.0 (Windows NT 10.0; Win64; x64) AppleWebKit/537.36 (KHTML, like Gecko) Chrome/70.0.3538.102 Safari/537.36 Edge/18.18363"
193.194.132.25 - - [21/Jan/2020:17:08:34 +0100] "GET /reload?ser=1579622914506 HTTP/1.1" 200 28 "http://renault.activities.at/success" "Mozilla/5.0 (Windows NT 10.0; Win64; x64) AppleWebKit/537.36 (KHTML, like Gecko) Chrome/64.0.3282.140 Safari/537.36 Edge/17.17134"
80.122.221.194 - - [21/Jan/2020:17:08:44 +0100] "GET /reload?ser=1579622924586 HTTP/1.1" 200 28 "http://renault.activities.at/success" "Mozilla/5.0 (Windows NT 10.0; Win64; x64) AppleWebKit/537.36 (KHTML, like Gecko) Chrome/70.0.3538.102 Safari/537.36 Edge/18.18363"
193.194.132.25 - - [21/Jan/2020:17:09:35 +0100] "GET /reload?ser=1579622975642 HTTP/1.1" 200 28 "http://renault.activities.at/success" "Mozilla/5.0 (Windows NT 10.0; Win64; x64) AppleWebKit/537.36 (KHTML, like Gecko) Chrome/64.0.3282.140 Safari/537.36 Edge/17.17134"
80.122.221.194 - - [21/Jan/2020:17:09:45 +0100] "GET /reload?ser=1579622985584 HTTP/1.1" 200 28 "http://renault.activities.at/success" "Mozilla/5.0 (Windows NT 10.0; Win64; x64) AppleWebKit/537.36 (KHTML, like Gecko) Chrome/70.0.3538.102 Safari/537.36 Edge/18.18363"
80.121.255.150 - - [21/Jan/2020:17:10:24 +0100] "GET / HTTP/1.1" 200 3380 "-" "Mozilla/5.0 (Windows NT 10.0; WOW64; Trident/7.0; rv:11.0) like Gecko"
80.121.255.150 - - [21/Jan/2020:17:10:25 +0100] "GET /js/flashdetection.js HTTP/1.1" 200 1059 "http://renault.activities.at/" "Mozilla/5.0 (Windows NT 10.0; WOW64; Trident/7.0; rv:11.0) like Gecko"
80.121.255.150 - - [21/Jan/2020:17:10:25 +0100] "GET /css/reset.css HTTP/1.1" 200 1356 "http://renault.activities.at/" "Mozilla/5.0 (Windows NT 10.0; WOW64; Trident/7.0; rv:11.0) like Gecko"
80.121.255.150 - - [21/Jan/2020:17:10:25 +0100] "GET /css/clears.css HTTP/1.1" 200 851 "http://renault.activities.at/" "Mozilla/5.0 (Windows NT 10.0; WOW64; Trident/7.0; rv:11.0) like Gecko"
80.121.255.150 - - [21/Jan/2020:17:10:25 +0100] "GET /js/default.js HTTP/1.1" 200 14698 "http://renault.activities.at/" "Mozilla/5.0 (Windows NT 10.0; WOW64; Trident/7.0; rv:11.0) like Gecko"
80.121.255.150 - - [21/Jan/2020:17:10:25 +0100] "GET /css/styles.css HTTP/1.1" 200 14664 "http://renault.activities.at/" "Mozilla/5.0 (Windows NT 10.0; WOW64; Trident/7.0; rv:11.0) like Gecko"
80.121.255.150 - - [21/Jan/2020:17:10:25 +0100] "GET /css/print.css HTTP/1.1" 200 543 "http://renault.activities.at/" "Mozilla/5.0 (Windows NT 10.0; WOW64; Trident/7.0; rv:11.0) like Gecko"
80.121.255.150 - - [21/Jan/2020:17:10:25 +0100] "GET /js/checkout.css HTTP/1.1" 200 359 "http://renault.activities.at/" "Mozilla/5.0 (Windows NT 10.0; WOW64; Trident/7.0; rv:11.0) like Gecko"
80.121.255.150 - - [21/Jan/2020:17:10:25 +0100] "GET /css/prototip.css HTTP/1.1" 200 968 "http://renault.activities.at/" "Mozilla/5.0 (Windows NT 10.0; WOW64; Trident/7.0; rv:11.0) like Gecko"
80.121.255.150 - - [21/Jan/2020:17:10:25 +0100] "GET /css/themes/default.css HTTP/1.1" 200 769 "http://renault.activities.at/" "Mozilla/5.0 (Windows NT 10.0; WOW64; Trident/7.0; rv:11.0) like Gecko"
80.121.255.150 - - [21/Jan/2020:17:10:25 +0100] "GET /css/themes/alphacube.css HTTP/1.1" 200 743 "http://renault.activities.at/" "Mozilla/5.0 (Windows NT 10.0; WOW64; Trident/7.0; rv:11.0) like Gecko"
80.121.255.150 - - [21/Jan/2020:17:10:25 +0100] "GET /js/index.php?c=auto&f=,prototype/prototype.js,prototype/validation.js,scriptaculous/builder.js,scriptaculous/effects.js,scriptaculous/dragdrop.js,scriptaculous/controls.js,scriptaculous/slider.js,varien/js.js,varien/form.js,varien/menu.js,mage/translate.js,mage/cookies.js,varien/product.js,spinner/SpinnerControl.jsmin.js,prototype/window.js,prototype/window_ext.js HTTP/1.1" 200 94182 "http://renault.activities.at/" "Mozilla/5.0 (Windows NT 10.0; WOW64; Trident/7.0; rv:11.0) like Gecko"
80.121.255.150 - - [21/Jan/2020:17:10:25 +0100] "GET /images/main_block_border.gif HTTP/1.1" 200 43 "http://renault.activities.at/" "Mozilla/5.0 (Windows NT 10.0; WOW64; Trident/7.0; rv:11.0) like Gecko"
80.121.255.150 - - [21/Jan/2020:17:10:25 +0100] "GET /images/main_block_corner_left_bot.gif HTTP/1.1" 200 159 "http://renault.activities.at/" "Mozilla/5.0 (Windows NT 10.0; WOW64; Trident/7.0; rv:11.0) like Gecko"
80.121.255.150 - - [21/Jan/2020:17:10:25 +0100] "GET /images/main_block_corner_right_bot.gif HTTP/1.1" 200 158 "http://renault.activities.at/" "Mozilla/5.0 (Windows NT 10.0; WOW64; Trident/7.0; rv:11.0) like Gecko"
80.121.255.150 - - [21/Jan/2020:17:10:25 +0100] "GET /images/header_block_border.gif HTTP/1.1" 200 43 "http://renault.activities.at/" "Mozilla/5.0 (Windows NT 10.0; WOW64; Trident/7.0; rv:11.0) like Gecko"
80.121.255.150 - - [21/Jan/2020:17:10:25 +0100] "GET /images/header_block_corner_left_top.gif HTTP/1.1" 200 160 "http://renault.activities.at/" "Mozilla/5.0 (Windows NT 10.0; WOW64; Trident/7.0; rv:11.0) like Gecko"
80.121.255.150 - - [21/Jan/2020:17:10:25 +0100] "GET /images/header_block_corner_right_top.gif HTTP/1.1" 200 160 "http://renault.activities.at/" "Mozilla/5.0 (Windows NT 10.0; WOW64; Trident/7.0; rv:11.0) like Gecko"
80.121.255.150 - - [21/Jan/2020:17:10:25 +0100] "GET /images/main_block_corner_left_top.gif HTTP/1.1" 200 159 "http://renault.activities.at/" "Mozilla/5.0 (Windows NT 10.0; WOW64; Trident/7.0; rv:11.0) like Gecko"
80.121.255.150 - - [21/Jan/2020:17:10:25 +0100] "GET /images/main_block_corner_right_top.gif HTTP/1.1" 200 159 "http://renault.activities.at/" "Mozilla/5.0 (Windows NT 10.0; WOW64; Trident/7.0; rv:11.0) like Gecko"
80.121.255.150 - - [21/Jan/2020:17:10:25 +0100] "GET /images/title_border.jpg HTTP/1.1" 200 304 "http://renault.activities.at/" "Mozilla/5.0 (Windows NT 10.0; WOW64; Trident/7.0; rv:11.0) like Gecko"
80.121.255.150 - - [21/Jan/2020:17:10:25 +0100] "GET /images/title_border_top.jpg HTTP/1.1" 200 336 "http://renault.activities.at/" "Mozilla/5.0 (Windows NT 10.0; WOW64; Trident/7.0; rv:11.0) like Gecko"
80.121.255.150 - - [21/Jan/2020:17:10:25 +0100] "GET /images/title_corner_left_top.jpg HTTP/1.1" 200 372 "http://renault.activities.at/" "Mozilla/5.0 (Windows NT 10.0; WOW64; Trident/7.0; rv:11.0) like Gecko"
80.121.255.150 - - [21/Jan/2020:17:10:25 +0100] "GET /images/favicon.ico HTTP/1.1" 404 305 "-" "Mozilla/5.0 (Windows NT 10.0; Win64; x64; Trident/7.0; rv:11.0) like Gecko"
80.121.255.150 - - [21/Jan/2020:17:10:25 +0100] "GET /images/title_corner_right_top.jpg HTTP/1.1" 200 389 "http://renault.activities.at/" "Mozilla/5.0 (Windows NT 10.0; WOW64; Trident/7.0; rv:11.0) like Gecko"
80.121.255.150 - - [21/Jan/2020:17:10:25 +0100] "GET /loadthumbnail.php?id=11127982 HTTP/1.1" 200 399614 "http://renault.activities.at/" "Mozilla/5.0 (Windows NT 10.0; WOW64; Trident/7.0; rv:11.0) like Gecko"
193.194.132.25 - - [21/Jan/2020:17:10:37 +0100] "GET /reload?ser=1579623037792 HTTP/1.1" 200 28 "http://renault.activities.at/success" "Mozilla/5.0 (Windows NT 10.0; Win64; x64) AppleWebKit/537.36 (KHTML, like Gecko) Chrome/64.0.3282.140 Safari/537.36 Edge/17.17134"
80.121.255.150 - - [21/Jan/2020:17:10:46 +0100] "GET /js/default.js HTTP/1.1" 304 - "http://renault.activities.at/login" "Mozilla/5.0 (Windows NT 10.0; WOW64; Trident/7.0; rv:11.0) like Gecko"
80.121.255.150 - - [21/Jan/2020:17:10:46 +0100] "GET /login HTTP/1.1" 200 2085 "http://renault.activities.at/" "Mozilla/5.0 (Windows NT 10.0; WOW64; Trident/7.0; rv:11.0) like Gecko"
80.121.255.150 - - [21/Jan/2020:17:10:46 +0100] "GET /css/reset.css HTTP/1.1" 304 - "http://renault.activities.at/login" "Mozilla/5.0 (Windows NT 10.0; WOW64; Trident/7.0; rv:11.0) like Gecko"
80.121.255.150 - - [21/Jan/2020:17:10:46 +0100] "GET /css/styles.css HTTP/1.1" 304 - "http://renault.activities.at/login" "Mozilla/5.0 (Windows NT 10.0; WOW64; Trident/7.0; rv:11.0) like Gecko"
80.121.255.150 - - [21/Jan/2020:17:10:46 +0100] "GET /css/clears.css HTTP/1.1" 304 - "http://renault.activities.at/login" "Mozilla/5.0 (Windows NT 10.0; WOW64; Trident/7.0; rv:11.0) like Gecko"
80.121.255.150 - - [21/Jan/2020:17:10:46 +0100] "GET /css/print.css HTTP/1.1" 304 - "http://renault.activities.at/login" "Mozilla/5.0 (Windows NT 10.0; WOW64; Trident/7.0; rv:11.0) like Gecko"
80.121.255.150 - - [21/Jan/2020:17:10:46 +0100] "GET /css/prototip.css HTTP/1.1" 304 - "http://renault.activities.at/login" "Mozilla/5.0 (Windows NT 10.0; WOW64; Trident/7.0; rv:11.0) like Gecko"
80.121.255.150 - - [21/Jan/2020:17:10:46 +0100] "GET /js/checkout.css HTTP/1.1" 304 - "http://renault.activities.at/login" "Mozilla/5.0 (Windows NT 10.0; WOW64; Trident/7.0; rv:11.0) like Gecko"
80.121.255.150 - - [21/Jan/2020:17:10:47 +0100] "GET /css/themes/default.css HTTP/1.1" 304 - "http://renault.activities.at/login" "Mozilla/5.0 (Windows NT 10.0; WOW64; Trident/7.0; rv:11.0) like Gecko"
80.121.255.150 - - [21/Jan/2020:17:10:47 +0100] "GET /css/themes/alphacube.css HTTP/1.1" 304 - "http://renault.activities.at/login" "Mozilla/5.0 (Windows NT 10.0; WOW64; Trident/7.0; rv:11.0) like Gecko"
80.121.255.150 - - [21/Jan/2020:17:10:47 +0100] "GET /images/main_block_corner_left_top.gif HTTP/1.1" 304 - "http://renault.activities.at/login" "Mozilla/5.0 (Windows NT 10.0; WOW64; Trident/7.0; rv:11.0) like Gecko"
80.121.255.150 - - [21/Jan/2020:17:10:47 +0100] "GET /images/main_block_border.gif HTTP/1.1" 304 - "http://renault.activities.at/login" "Mozilla/5.0 (Windows NT 10.0; WOW64; Trident/7.0; rv:11.0) like Gecko"
80.121.255.150 - - [21/Jan/2020:17:10:47 +0100] "GET /images/main_block_corner_right_top.gif HTTP/1.1" 304 - "http://renault.activities.at/login" "Mozilla/5.0 (Windows NT 10.0; WOW64; Trident/7.0; rv:11.0) like Gecko"
80.121.255.150 - - [21/Jan/2020:17:10:47 +0100] "GET /images/main_block_corner_left_bot.gif HTTP/1.1" 304 - "http://renault.activities.at/login" "Mozilla/5.0 (Windows NT 10.0; WOW64; Trident/7.0; rv:11.0) like Gecko"
80.121.255.150 - - [21/Jan/2020:17:10:47 +0100] "GET /images/main_block_corner_right_bot.gif HTTP/1.1" 304 - "http://renault.activities.at/login" "Mozilla/5.0 (Windows NT 10.0; WOW64; Trident/7.0; rv:11.0) like Gecko"
80.121.255.150 - - [21/Jan/2020:17:10:47 +0100] "GET /images/header_block_border.gif HTTP/1.1" 304 - "http://renault.activities.at/login" "Mozilla/5.0 (Windows NT 10.0; WOW64; Trident/7.0; rv:11.0) like Gecko"
80.121.255.150 - - [21/Jan/2020:17:10:47 +0100] "GET /images/header_block_corner_left_top.gif HTTP/1.1" 304 - "http://renault.activities.at/login" "Mozilla/5.0 (Windows NT 10.0; WOW64; Trident/7.0; rv:11.0) like Gecko"
80.121.255.150 - - [21/Jan/2020:17:10:47 +0100] "GET /images/header_block_corner_right_top.gif HTTP/1.1" 304 - "http://renault.activities.at/login" "Mozilla/5.0 (Windows NT 10.0; WOW64; Trident/7.0; rv:11.0) like Gecko"
80.121.255.150 - - [21/Jan/2020:17:10:47 +0100] "GET /images/title_border.jpg HTTP/1.1" 304 - "http://renault.activities.at/login" "Mozilla/5.0 (Windows NT 10.0; WOW64; Trident/7.0; rv:11.0) like Gecko"
80.121.255.150 - - [21/Jan/2020:17:10:47 +0100] "GET /images/title_corner_left_top.jpg HTTP/1.1" 304 - "http://renault.activities.at/login" "Mozilla/5.0 (Windows NT 10.0; WOW64; Trident/7.0; rv:11.0) like Gecko"
80.121.255.150 - - [21/Jan/2020:17:10:47 +0100] "GET /images/title_border_top.jpg HTTP/1.1" 304 - "http://renault.activities.at/login" "Mozilla/5.0 (Windows NT 10.0; WOW64; Trident/7.0; rv:11.0) like Gecko"
80.121.255.150 - - [21/Jan/2020:17:10:47 +0100] "GET /images/title_corner_right_top.jpg HTTP/1.1" 304 - "http://renault.activities.at/login" "Mozilla/5.0 (Windows NT 10.0; WOW64; Trident/7.0; rv:11.0) like Gecko"
80.121.255.150 - - [21/Jan/2020:17:10:47 +0100] "GET /images/button_left_bg.gif HTTP/1.1" 200 564 "http://renault.activities.at/login" "Mozilla/5.0 (Windows NT 10.0; WOW64; Trident/7.0; rv:11.0) like Gecko"
80.121.255.150 - - [21/Jan/2020:17:10:47 +0100] "GET /images/button_bg.gif HTTP/1.1" 200 151 "http://renault.activities.at/login" "Mozilla/5.0 (Windows NT 10.0; WOW64; Trident/7.0; rv:11.0) like Gecko"
80.121.255.150 - - [21/Jan/2020:17:10:47 +0100] "GET /images/button_right_bg.gif HTTP/1.1" 200 561 "http://renault.activities.at/login" "Mozilla/5.0 (Windows NT 10.0; WOW64; Trident/7.0; rv:11.0) like Gecko"
80.121.255.150 - - [21/Jan/2020:17:10:47 +0100] "GET /images/favicon.ico HTTP/1.1" 404 305 "-" "Mozilla/5.0 (Windows NT 10.0; Win64; x64; Trident/7.0; rv:11.0) like Gecko"
80.121.255.150 - - [21/Jan/2020:17:10:47 +0100] "GET /favicon.ico HTTP/1.1" 200 3250 "-" "Mozilla/5.0 (Windows NT 10.0; Win64; x64; Trident/7.0; rv:11.0) like Gecko"
80.122.221.194 - - [21/Jan/2020:17:10:46 +0100] "GET /reload?ser=1579623046576 HTTP/1.1" 200 28 "http://renault.activities.at/success" "Mozilla/5.0 (Windows NT 10.0; Win64; x64) AppleWebKit/537.36 (KHTML, like Gecko) Chrome/70.0.3538.102 Safari/537.36 Edge/18.18363"
80.121.255.150 - - [21/Jan/2020:17:10:53 +0100] "POST /login HTTP/1.1" 302 140 "http://renault.activities.at/login" "Mozilla/5.0 (Windows NT 10.0; WOW64; Trident/7.0; rv:11.0) like Gecko"
80.121.255.150 - - [21/Jan/2020:17:10:55 +0100] "GET /account HTTP/1.1" 200 5890 "http://renault.activities.at/login" "Mozilla/5.0 (Windows NT 10.0; WOW64; Trident/7.0; rv:11.0) like Gecko"
80.121.255.150 - - [21/Jan/2020:17:10:57 +0100] "POST /login HTTP/1.1" 302 140 "http://renault.activities.at/login" "Mozilla/5.0 (Windows NT 10.0; WOW64; Trident/7.0; rv:11.0) like Gecko"
80.121.255.150 - - [21/Jan/2020:17:10:59 +0100] "GET /account HTTP/1.1" 200 5890 "http://renault.activities.at/login" "Mozilla/5.0 (Windows NT 10.0; WOW64; Trident/7.0; rv:11.0) like Gecko"
80.121.255.150 - - [21/Jan/2020:17:11:01 +0100] "GET /js/default.js HTTP/1.1" 304 - "http://renault.activities.at/account" "Mozilla/5.0 (Windows NT 10.0; WOW64; Trident/7.0; rv:11.0) like Gecko"
80.121.255.150 - - [21/Jan/2020:17:11:01 +0100] "GET /css/reset.css HTTP/1.1" 304 - "http://renault.activities.at/account" "Mozilla/5.0 (Windows NT 10.0; WOW64; Trident/7.0; rv:11.0) like Gecko"
80.121.255.150 - - [21/Jan/2020:17:11:01 +0100] "GET /css/styles.css HTTP/1.1" 304 - "http://renault.activities.at/account" "Mozilla/5.0 (Windows NT 10.0; WOW64; Trident/7.0; rv:11.0) like Gecko"
80.121.255.150 - - [21/Jan/2020:17:11:01 +0100] "GET /css/clears.css HTTP/1.1" 304 - "http://renault.activities.at/account" "Mozilla/5.0 (Windows NT 10.0; WOW64; Trident/7.0; rv:11.0) like Gecko"
80.121.255.150 - - [21/Jan/2020:17:11:01 +0100] "GET /css/print.css HTTP/1.1" 304 - "http://renault.activities.at/account" "Mozilla/5.0 (Windows NT 10.0; WOW64; Trident/7.0; rv:11.0) like Gecko"
80.121.255.150 - - [21/Jan/2020:17:11:01 +0100] "GET /js/checkout.css HTTP/1.1" 304 - "http://renault.activities.at/account" "Mozilla/5.0 (Windows NT 10.0; WOW64; Trident/7.0; rv:11.0) like Gecko"
80.121.255.150 - - [21/Jan/2020:17:11:01 +0100] "GET /css/prototip.css HTTP/1.1" 304 - "http://renault.activities.at/account" "Mozilla/5.0 (Windows NT 10.0; WOW64; Trident/7.0; rv:11.0) like Gecko"
80.121.255.150 - - [21/Jan/2020:17:11:01 +0100] "GET /css/themes/default.css HTTP/1.1" 304 - "http://renault.activities.at/account" "Mozilla/5.0 (Windows NT 10.0; WOW64; Trident/7.0; rv:11.0) like Gecko"
80.121.255.150 - - [21/Jan/2020:17:11:01 +0100] "GET /css/themes/alphacube.css HTTP/1.1" 304 - "http://renault.activities.at/account" "Mozilla/5.0 (Windows NT 10.0; WOW64; Trident/7.0; rv:11.0) like Gecko"
80.121.255.150 - - [21/Jan/2020:17:11:01 +0100] "GET /js/account.js HTTP/1.1" 200 953 "http://renault.activities.at/account" "Mozilla/5.0 (Windows NT 10.0; WOW64; Trident/7.0; rv:11.0) like Gecko"
80.121.255.150 - - [21/Jan/2020:17:11:01 +0100] "GET /images/header_block_corner_right_top.gif HTTP/1.1" 304 - "http://renault.activities.at/account" "Mozilla/5.0 (Windows NT 10.0; WOW64; Trident/7.0; rv:11.0) like Gecko"
80.121.255.150 - - [21/Jan/2020:17:11:01 +0100] "GET /images/main_block_corner_left_top.gif HTTP/1.1" 304 - "http://renault.activities.at/account" "Mozilla/5.0 (Windows NT 10.0; WOW64; Trident/7.0; rv:11.0) like Gecko"
80.121.255.150 - - [21/Jan/2020:17:11:01 +0100] "GET /images/main_block_corner_right_top.gif HTTP/1.1" 304 - "http://renault.activities.at/account" "Mozilla/5.0 (Windows NT 10.0; WOW64; Trident/7.0; rv:11.0) like Gecko"
80.121.255.150 - - [21/Jan/2020:17:11:01 +0100] "GET /images/header_block_corner_left_top.gif HTTP/1.1" 304 - "http://renault.activities.at/account" "Mozilla/5.0 (Windows NT 10.0; WOW64; Trident/7.0; rv:11.0) like Gecko"
80.121.255.150 - - [21/Jan/2020:17:11:01 +0100] "GET /images/search_bg.gif HTTP/1.1" 200 1726 "http://renault.activities.at/account" "Mozilla/5.0 (Windows NT 10.0; WOW64; Trident/7.0; rv:11.0) like Gecko"
80.121.255.150 - - [21/Jan/2020:17:11:01 +0100] "GET /images/main_block_border.gif HTTP/1.1" 304 - "http://renault.activities.at/account" "Mozilla/5.0 (Windows NT 10.0; WOW64; Trident/7.0; rv:11.0) like Gecko"
80.121.255.150 - - [21/Jan/2020:17:11:01 +0100] "GET /images/main_block_corner_left_bot.gif HTTP/1.1" 304 - "http://renault.activities.at/account" "Mozilla/5.0 (Windows NT 10.0; WOW64; Trident/7.0; rv:11.0) like Gecko"
80.121.255.150 - - [21/Jan/2020:17:11:01 +0100] "GET /images/main_block_corner_right_bot.gif HTTP/1.1" 304 - "http://renault.activities.at/account" "Mozilla/5.0 (Windows NT 10.0; WOW64; Trident/7.0; rv:11.0) like Gecko"
80.121.255.150 - - [21/Jan/2020:17:11:01 +0100] "GET /images/header_block_border.gif HTTP/1.1" 304 - "http://renault.activities.at/account" "Mozilla/5.0 (Windows NT 10.0; WOW64; Trident/7.0; rv:11.0) like Gecko"
80.121.255.150 - - [21/Jan/2020:17:11:01 +0100] "GET /images/top_links_divider.gif HTTP/1.1" 200 44 "http://renault.activities.at/account" "Mozilla/5.0 (Windows NT 10.0; WOW64; Trident/7.0; rv:11.0) like Gecko"
80.121.255.150 - - [21/Jan/2020:17:11:01 +0100] "GET /images/menu_button_bg.jpg HTTP/1.1" 200 322 "http://renault.activities.at/account" "Mozilla/5.0 (Windows NT 10.0; WOW64; Trident/7.0; rv:11.0) like Gecko"
80.121.255.150 - - [21/Jan/2020:17:11:01 +0100] "GET /images/nav_divider.gif HTTP/1.1" 200 43 "http://renault.activities.at/account" "Mozilla/5.0 (Windows NT 10.0; WOW64; Trident/7.0; rv:11.0) like Gecko"
80.121.255.150 - - [21/Jan/2020:17:11:01 +0100] "GET /images/menu_divider.gif HTTP/1.1" 200 176 "http://renault.activities.at/account" "Mozilla/5.0 (Windows NT 10.0; WOW64; Trident/7.0; rv:11.0) like Gecko"
80.121.255.150 - - [21/Jan/2020:17:11:01 +0100] "GET /images/button_left_bg.gif HTTP/1.1" 304 - "http://renault.activities.at/account" "Mozilla/5.0 (Windows NT 10.0; WOW64; Trident/7.0; rv:11.0) like Gecko"
80.121.255.150 - - [21/Jan/2020:17:11:01 +0100] "GET /images/sidebar_title_border.gif HTTP/1.1" 200 43 "http://renault.activities.at/account" "Mozilla/5.0 (Windows NT 10.0; WOW64; Trident/7.0; rv:11.0) like Gecko"
80.121.255.150 - - [21/Jan/2020:17:11:01 +0100] "GET /images/sidebar_title_border_top.gif HTTP/1.1" 200 155 "http://renault.activities.at/account" "Mozilla/5.0 (Windows NT 10.0; WOW64; Trident/7.0; rv:11.0) like Gecko"
80.121.255.150 - - [21/Jan/2020:17:11:01 +0100] "GET /images/sidebar_title_corner_left_top.gif HTTP/1.1" 200 1124 "http://renault.activities.at/account" "Mozilla/5.0 (Windows NT 10.0; WOW64; Trident/7.0; rv:11.0) like Gecko"
80.121.255.150 - - [21/Jan/2020:17:11:01 +0100] "GET /images/sidebar_title_corner_right_top.gif HTTP/1.1" 200 383 "http://renault.activities.at/account" "Mozilla/5.0 (Windows NT 10.0; WOW64; Trident/7.0; rv:11.0) like Gecko"
80.121.255.150 - - [21/Jan/2020:17:11:01 +0100] "GET /images/button_right_bg.gif HTTP/1.1" 304 - "http://renault.activities.at/account" "Mozilla/5.0 (Windows NT 10.0; WOW64; Trident/7.0; rv:11.0) like Gecko"
80.121.255.150 - - [21/Jan/2020:17:11:01 +0100] "GET /images/button_bg.gif HTTP/1.1" 304 - "http://renault.activities.at/account" "Mozilla/5.0 (Windows NT 10.0; WOW64; Trident/7.0; rv:11.0) like Gecko"
80.121.255.150 - - [21/Jan/2020:17:11:01 +0100] "GET /images/title_border.jpg HTTP/1.1" 304 - "http://renault.activities.at/account" "Mozilla/5.0 (Windows NT 10.0; WOW64; Trident/7.0; rv:11.0) like Gecko"
80.121.255.150 - - [21/Jan/2020:17:11:01 +0100] "GET /images/title_corner_left_top.jpg HTTP/1.1" 304 - "http://renault.activities.at/account" "Mozilla/5.0 (Windows NT 10.0; WOW64; Trident/7.0; rv:11.0) like Gecko"
80.121.255.150 - - [21/Jan/2020:17:11:01 +0100] "GET /images/title_border_top.jpg HTTP/1.1" 304 - "http://renault.activities.at/account" "Mozilla/5.0 (Windows NT 10.0; WOW64; Trident/7.0; rv:11.0) like Gecko"
80.121.255.150 - - [21/Jan/2020:17:11:01 +0100] "GET /images/title_corner_right_top.jpg HTTP/1.1" 304 - "http://renault.activities.at/account" "Mozilla/5.0 (Windows NT 10.0; WOW64; Trident/7.0; rv:11.0) like Gecko"
80.121.255.150 - - [21/Jan/2020:17:11:01 +0100] "GET /images/footer_divider.gif HTTP/1.1" 200 44 "http://renault.activities.at/account" "Mozilla/5.0 (Windows NT 10.0; WOW64; Trident/7.0; rv:11.0) like Gecko"
80.121.255.150 - - [21/Jan/2020:17:11:01 +0100] "GET /loadthumbnail.php?id=12023913&width=50&height=50 HTTP/1.1" 200 1201 "http://renault.activities.at/account" "Mozilla/5.0 (Windows NT 10.0; WOW64; Trident/7.0; rv:11.0) like Gecko"
80.121.255.150 - - [21/Jan/2020:17:11:02 +0100] "GET /favicon.ico HTTP/1.1" 200 3250 "-" "Mozilla/5.0 (Windows NT 10.0; Win64; x64; Trident/7.0; rv:11.0) like Gecko"
80.121.255.150 - - [21/Jan/2020:17:11:06 +0100] "GET /12121294 HTTP/1.1" 200 5702 "http://renault.activities.at/account" "Mozilla/5.0 (Windows NT 10.0; WOW64; Trident/7.0; rv:11.0) like Gecko"
80.121.255.150 - - [21/Jan/2020:17:11:08 +0100] "GET /js/default.js HTTP/1.1" 304 - "http://renault.activities.at/12121294" "Mozilla/5.0 (Windows NT 10.0; WOW64; Trident/7.0; rv:11.0) like Gecko"
80.121.255.150 - - [21/Jan/2020:17:11:08 +0100] "GET /css/reset.css HTTP/1.1" 304 - "http://renault.activities.at/12121294" "Mozilla/5.0 (Windows NT 10.0; WOW64; Trident/7.0; rv:11.0) like Gecko"
80.121.255.150 - - [21/Jan/2020:17:11:08 +0100] "GET /css/styles.css HTTP/1.1" 304 - "http://renault.activities.at/12121294" "Mozilla/5.0 (Windows NT 10.0; WOW64; Trident/7.0; rv:11.0) like Gecko"
80.121.255.150 - - [21/Jan/2020:17:11:08 +0100] "GET /css/clears.css HTTP/1.1" 304 - "http://renault.activities.at/12121294" "Mozilla/5.0 (Windows NT 10.0; WOW64; Trident/7.0; rv:11.0) like Gecko"
80.121.255.150 - - [21/Jan/2020:17:11:08 +0100] "GET /css/print.css HTTP/1.1" 304 - "http://renault.activities.at/12121294" "Mozilla/5.0 (Windows NT 10.0; WOW64; Trident/7.0; rv:11.0) like Gecko"
80.121.255.150 - - [21/Jan/2020:17:11:08 +0100] "GET /js/checkout.css HTTP/1.1" 304 - "http://renault.activities.at/12121294" "Mozilla/5.0 (Windows NT 10.0; WOW64; Trident/7.0; rv:11.0) like Gecko"
80.121.255.150 - - [21/Jan/2020:17:11:08 +0100] "GET /css/prototip.css HTTP/1.1" 304 - "http://renault.activities.at/12121294" "Mozilla/5.0 (Windows NT 10.0; WOW64; Trident/7.0; rv:11.0) like Gecko"
80.121.255.150 - - [21/Jan/2020:17:11:08 +0100] "GET /css/themes/default.css HTTP/1.1" 304 - "http://renault.activities.at/12121294" "Mozilla/5.0 (Windows NT 10.0; WOW64; Trident/7.0; rv:11.0) like Gecko"
80.121.255.150 - - [21/Jan/2020:17:11:08 +0100] "GET /css/themes/alphacube.css HTTP/1.1" 304 - "http://renault.activities.at/12121294" "Mozilla/5.0 (Windows NT 10.0; WOW64; Trident/7.0; rv:11.0) like Gecko"
80.121.255.150 - - [21/Jan/2020:17:11:08 +0100] "GET /images/icons/lupe.gif HTTP/1.1" 200 324 "http://renault.activities.at/12121294" "Mozilla/5.0 (Windows NT 10.0; WOW64; Trident/7.0; rv:11.0) like Gecko"
80.121.255.150 - - [21/Jan/2020:17:11:08 +0100] "GET /images/header_block_corner_right_top.gif HTTP/1.1" 304 - "http://renault.activities.at/12121294" "Mozilla/5.0 (Windows NT 10.0; WOW64; Trident/7.0; rv:11.0) like Gecko"
80.121.255.150 - - [21/Jan/2020:17:11:08 +0100] "GET /images/header_block_corner_left_top.gif HTTP/1.1" 304 - "http://renault.activities.at/12121294" "Mozilla/5.0 (Windows NT 10.0; WOW64; Trident/7.0; rv:11.0) like Gecko"
80.121.255.150 - - [21/Jan/2020:17:11:08 +0100] "GET /images/search_bg.gif HTTP/1.1" 304 - "http://renault.activities.at/12121294" "Mozilla/5.0 (Windows NT 10.0; WOW64; Trident/7.0; rv:11.0) like Gecko"
80.121.255.150 - - [21/Jan/2020:17:11:08 +0100] "GET /images/main_block_border.gif HTTP/1.1" 304 - "http://renault.activities.at/12121294" "Mozilla/5.0 (Windows NT 10.0; WOW64; Trident/7.0; rv:11.0) like Gecko"
80.121.255.150 - - [21/Jan/2020:17:11:08 +0100] "GET /images/main_block_corner_left_top.gif HTTP/1.1" 304 - "http://renault.activities.at/12121294" "Mozilla/5.0 (Windows NT 10.0; WOW64; Trident/7.0; rv:11.0) like Gecko"
80.121.255.150 - - [21/Jan/2020:17:11:08 +0100] "GET /images/header_block_border.gif HTTP/1.1" 304 - "http://renault.activities.at/12121294" "Mozilla/5.0 (Windows NT 10.0; WOW64; Trident/7.0; rv:11.0) like Gecko"
80.121.255.150 - - [21/Jan/2020:17:11:08 +0100] "GET /images/main_block_corner_right_top.gif HTTP/1.1" 304 - "http://renault.activities.at/12121294" "Mozilla/5.0 (Windows NT 10.0; WOW64; Trident/7.0; rv:11.0) like Gecko"
80.121.255.150 - - [21/Jan/2020:17:11:08 +0100] "GET /images/main_block_corner_left_bot.gif HTTP/1.1" 304 - "http://renault.activities.at/12121294" "Mozilla/5.0 (Windows NT 10.0; WOW64; Trident/7.0; rv:11.0) like Gecko"
80.121.255.150 - - [21/Jan/2020:17:11:08 +0100] "GET /images/main_block_corner_right_bot.gif HTTP/1.1" 304 - "http://renault.activities.at/12121294" "Mozilla/5.0 (Windows NT 10.0; WOW64; Trident/7.0; rv:11.0) like Gecko"
80.121.255.150 - - [21/Jan/2020:17:11:08 +0100] "GET /images/menu_divider.gif HTTP/1.1" 304 - "http://renault.activities.at/12121294" "Mozilla/5.0 (Windows NT 10.0; WOW64; Trident/7.0; rv:11.0) like Gecko"
80.121.255.150 - - [21/Jan/2020:17:11:08 +0100] "GET /images/button_left_bg.gif HTTP/1.1" 304 - "http://renault.activities.at/12121294" "Mozilla/5.0 (Windows NT 10.0; WOW64; Trident/7.0; rv:11.0) like Gecko"
80.121.255.150 - - [21/Jan/2020:17:11:08 +0100] "GET /images/sidebar_title_border.gif HTTP/1.1" 304 - "http://renault.activities.at/12121294" "Mozilla/5.0 (Windows NT 10.0; WOW64; Trident/7.0; rv:11.0) like Gecko"
80.121.255.150 - - [21/Jan/2020:17:11:08 +0100] "GET /images/top_links_divider.gif HTTP/1.1" 304 - "http://renault.activities.at/12121294" "Mozilla/5.0 (Windows NT 10.0; WOW64; Trident/7.0; rv:11.0) like Gecko"
80.121.255.150 - - [21/Jan/2020:17:11:08 +0100] "GET /images/menu_button_bg.jpg HTTP/1.1" 304 - "http://renault.activities.at/12121294" "Mozilla/5.0 (Windows NT 10.0; WOW64; Trident/7.0; rv:11.0) like Gecko"
80.121.255.150 - - [21/Jan/2020:17:11:08 +0100] "GET /images/nav_divider.gif HTTP/1.1" 304 - "http://renault.activities.at/12121294" "Mozilla/5.0 (Windows NT 10.0; WOW64; Trident/7.0; rv:11.0) like Gecko"
80.121.255.150 - - [21/Jan/2020:17:11:08 +0100] "GET /images/sidebar_title_border_top.gif HTTP/1.1" 304 - "http://renault.activities.at/12121294" "Mozilla/5.0 (Windows NT 10.0; WOW64; Trident/7.0; rv:11.0) like Gecko"
80.121.255.150 - - [21/Jan/2020:17:11:08 +0100] "GET /images/sidebar_title_corner_left_top.gif HTTP/1.1" 304 - "http://renault.activities.at/12121294" "Mozilla/5.0 (Windows NT 10.0; WOW64; Trident/7.0; rv:11.0) like Gecko"
80.121.255.150 - - [21/Jan/2020:17:11:08 +0100] "GET /images/sidebar_title_corner_right_top.gif HTTP/1.1" 304 - "http://renault.activities.at/12121294" "Mozilla/5.0 (Windows NT 10.0; WOW64; Trident/7.0; rv:11.0) like Gecko"
80.121.255.150 - - [21/Jan/2020:17:11:08 +0100] "GET /images/button_right_bg.gif HTTP/1.1" 304 - "http://renault.activities.at/12121294" "Mozilla/5.0 (Windows NT 10.0; WOW64; Trident/7.0; rv:11.0) like Gecko"
80.121.255.150 - - [21/Jan/2020:17:11:08 +0100] "GET /images/button_bg.gif HTTP/1.1" 304 - "http://renault.activities.at/12121294" "Mozilla/5.0 (Windows NT 10.0; WOW64; Trident/7.0; rv:11.0) like Gecko"
80.121.255.150 - - [21/Jan/2020:17:11:08 +0100] "GET /images/title_border.jpg HTTP/1.1" 304 - "http://renault.activities.at/12121294" "Mozilla/5.0 (Windows NT 10.0; WOW64; Trident/7.0; rv:11.0) like Gecko"
80.121.255.150 - - [21/Jan/2020:17:11:08 +0100] "GET /images/title_border_top.jpg HTTP/1.1" 304 - "http://renault.activities.at/12121294" "Mozilla/5.0 (Windows NT 10.0; WOW64; Trident/7.0; rv:11.0) like Gecko"
80.121.255.150 - - [21/Jan/2020:17:11:08 +0100] "GET /images/title_corner_left_top.jpg HTTP/1.1" 304 - "http://renault.activities.at/12121294" "Mozilla/5.0 (Windows NT 10.0; WOW64; Trident/7.0; rv:11.0) like Gecko"
80.121.255.150 - - [21/Jan/2020:17:11:08 +0100] "GET /images/title_corner_right_top.jpg HTTP/1.1" 304 - "http://renault.activities.at/12121294" "Mozilla/5.0 (Windows NT 10.0; WOW64; Trident/7.0; rv:11.0) like Gecko"
80.121.255.150 - - [21/Jan/2020:17:11:08 +0100] "GET /images/pager_bg.gif HTTP/1.1" 200 150 "http://renault.activities.at/12121294" "Mozilla/5.0 (Windows NT 10.0; WOW64; Trident/7.0; rv:11.0) like Gecko"
80.121.255.150 - - [21/Jan/2020:17:11:08 +0100] "GET /images/footer_divider.gif HTTP/1.1" 304 - "http://renault.activities.at/12121294" "Mozilla/5.0 (Windows NT 10.0; WOW64; Trident/7.0; rv:11.0) like Gecko"
193.194.132.25 - - [21/Jan/2020:17:11:13 +0100] "POST /success HTTP/1.1" 302 141 "http://renault.activities.at/success" "Mozilla/5.0 (Windows NT 10.0; Win64; x64) AppleWebKit/537.36 (KHTML, like Gecko) Chrome/64.0.3282.140 Safari/537.36 Edge/17.17134"
193.194.132.25 - - [21/Jan/2020:17:11:15 +0100] "GET /checkout HTTP/1.1" 302 148 "http://renault.activities.at/success" "Mozilla/5.0 (Windows NT 10.0; Win64; x64) AppleWebKit/537.36 (KHTML, like Gecko) Chrome/64.0.3282.140 Safari/537.36 Edge/17.17134"
193.194.132.25 - - [21/Jan/2020:17:11:16 +0100] "GET /cart?noamount=true HTTP/1.1" 200 6074 "http://renault.activities.at/success" "Mozilla/5.0 (Windows NT 10.0; Win64; x64) AppleWebKit/537.36 (KHTML, like Gecko) Chrome/64.0.3282.140 Safari/537.36 Edge/17.17134"
80.121.255.150 - - [21/Jan/2020:17:11:18 +0100] "POST /axjaxrequest?mode=suggest HTTP/1.1" 200 108 "http://renault.activities.at/12121294" "Mozilla/5.0 (Windows NT 10.0; WOW64; Trident/7.0; rv:11.0) like Gecko"
80.121.255.150 - - [21/Jan/2020:17:11:20 +0100] "GET /result?searchterm=true&search=neuer+clio HTTP/1.1" 200 6105 "http://renault.activities.at/12121294" "Mozilla/5.0 (Windows NT 10.0; WOW64; Trident/7.0; rv:11.0) like Gecko"
80.121.255.150 - - [21/Jan/2020:17:11:22 +0100] "GET /js/default.js HTTP/1.1" 304 - "http://renault.activities.at/result?searchterm=true&search=neuer+clio" "Mozilla/5.0 (Windows NT 10.0; WOW64; Trident/7.0; rv:11.0) like Gecko"
80.121.255.150 - - [21/Jan/2020:17:11:22 +0100] "GET /js/prototip.js HTTP/1.1" 200 4588 "http://renault.activities.at/result?searchterm=true&search=neuer+clio" "Mozilla/5.0 (Windows NT 10.0; WOW64; Trident/7.0; rv:11.0) like Gecko"
80.121.255.150 - - [21/Jan/2020:17:11:22 +0100] "GET /css/reset.css HTTP/1.1" 304 - "http://renault.activities.at/result?searchterm=true&search=neuer+clio" "Mozilla/5.0 (Windows NT 10.0; WOW64; Trident/7.0; rv:11.0) like Gecko"
