212.152.246.134 - - [21/Jan/2020:14:37:13 +0100] "GET /loadthumbnail.php?id=11586948&width=113 HTTP/1.1" 200 5839 "http://renault.activities.at/10260257?dir=DESC&mode=grid&order=name&limit=15&page=2" "Mozilla/5.0 (Windows NT 10.0; WOW64; Trident/7.0; rv:11.0) like Gecko"
212.152.246.134 - - [21/Jan/2020:14:37:13 +0100] "GET /loadthumbnail.php?id=11340124&width=113 HTTP/1.1" 200 4949 "http://renault.activities.at/10260257?dir=DESC&mode=grid&order=name&limit=15&page=2" "Mozilla/5.0 (Windows NT 10.0; WOW64; Trident/7.0; rv:11.0) like Gecko"
212.152.246.134 - - [21/Jan/2020:14:37:13 +0100] "GET /loadthumbnail.php?id=11461719&width=113 HTTP/1.1" 200 32753 "http://renault.activities.at/10260257?dir=DESC&mode=grid&order=name&limit=15&page=2" "Mozilla/5.0 (Windows NT 10.0; WOW64; Trident/7.0; rv:11.0) like Gecko"
212.152.246.134 - - [21/Jan/2020:14:37:13 +0100] "GET /loadthumbnail.php?id=11245117&width=113 HTTP/1.1" 200 2832 "http://renault.activities.at/10260257?dir=DESC&mode=grid&order=name&limit=15&page=2" "Mozilla/5.0 (Windows NT 10.0; WOW64; Trident/7.0; rv:11.0) like Gecko"
212.152.246.134 - - [21/Jan/2020:14:37:13 +0100] "GET /loadthumbnail.php?id=11340123&width=113 HTTP/1.1" 200 5559 "http://renault.activities.at/10260257?dir=DESC&mode=grid&order=name&limit=15&page=2" "Mozilla/5.0 (Windows NT 10.0; WOW64; Trident/7.0; rv:11.0) like Gecko"
212.152.246.134 - - [21/Jan/2020:14:37:13 +0100] "GET /loadthumbnail.php?id=11831534&width=113 HTTP/1.1" 200 4126 "http://renault.activities.at/10260257?dir=DESC&mode=grid&order=name&limit=15&page=2" "Mozilla/5.0 (Windows NT 10.0; WOW64; Trident/7.0; rv:11.0) like Gecko"
212.152.246.134 - - [21/Jan/2020:14:37:13 +0100] "GET /loadthumbnail.php?id=12133331&width=113 HTTP/1.1" 200 5072 "http://renault.activities.at/10260257?dir=DESC&mode=grid&order=name&limit=15&page=2" "Mozilla/5.0 (Windows NT 10.0; WOW64; Trident/7.0; rv:11.0) like Gecko"
213.153.47.173 - - [21/Jan/2020:14:37:15 +0100] "GET /reload?ser=1579613835439 HTTP/1.1" 200 28 "http://renault.activities.at/login?required=true" "Mozilla/5.0 (Windows NT 10.0; Win64; x64; rv:72.0) Gecko/20100101 Firefox/72.0"
212.152.246.134 - - [21/Jan/2020:14:37:17 +0100] "GET /10260257?dir=DESC&mode=grid&order=name&limit=15&page=3 HTTP/1.1" 200 8895 "http://renault.activities.at/10260257?dir=DESC&mode=grid&order=name&limit=15&page=2" "Mozilla/5.0 (Windows NT 10.0; WOW64; Trident/7.0; rv:11.0) like Gecko"
212.152.246.134 - - [21/Jan/2020:14:37:20 +0100] "GET /loadthumbnail.php?id=11340121&width=113 HTTP/1.1" 200 4540 "http://renault.activities.at/10260257?dir=DESC&mode=grid&order=name&limit=15&page=3" "Mozilla/5.0 (Windows NT 10.0; WOW64; Trident/7.0; rv:11.0) like Gecko"
212.152.246.134 - - [21/Jan/2020:14:37:20 +0100] "GET /loadthumbnail.php?id=11340122&width=113 HTTP/1.1" 200 3786 "http://renault.activities.at/10260257?dir=DESC&mode=grid&order=name&limit=15&page=3" "Mozilla/5.0 (Windows NT 10.0; WOW64; Trident/7.0; rv:11.0) like Gecko"
212.152.246.134 - - [21/Jan/2020:14:37:20 +0100] "GET /loadthumbnail.php?id=11435681&width=113 HTTP/1.1" 200 3946 "http://renault.activities.at/10260257?dir=DESC&mode=grid&order=name&limit=15&page=3" "Mozilla/5.0 (Windows NT 10.0; WOW64; Trident/7.0; rv:11.0) like Gecko"
212.152.246.134 - - [21/Jan/2020:14:37:20 +0100] "GET /loadthumbnail.php?id=11355691&width=113 HTTP/1.1" 200 1198 "http://renault.activities.at/10260257?dir=DESC&mode=grid&order=name&limit=15&page=3" "Mozilla/5.0 (Windows NT 10.0; WOW64; Trident/7.0; rv:11.0) like Gecko"
212.152.246.134 - - [21/Jan/2020:14:37:20 +0100] "GET /loadthumbnail.php?id=11788552&width=113 HTTP/1.1" 200 3318 "http://renault.activities.at/10260257?dir=DESC&mode=grid&order=name&limit=15&page=3" "Mozilla/5.0 (Windows NT 10.0; WOW64; Trident/7.0; rv:11.0) like Gecko"
212.152.246.134 - - [21/Jan/2020:14:37:20 +0100] "GET /loadthumbnail.php?id=11340118&width=113 HTTP/1.1" 200 5862 "http://renault.activities.at/10260257?dir=DESC&mode=grid&order=name&limit=15&page=3" "Mozilla/5.0 (Windows NT 10.0; WOW64; Trident/7.0; rv:11.0) like Gecko"
212.152.246.134 - - [21/Jan/2020:14:37:20 +0100] "GET /loadthumbnail.php?id=11340119&width=113 HTTP/1.1" 200 5321 "http://renault.activities.at/10260257?dir=DESC&mode=grid&order=name&limit=15&page=3" "Mozilla/5.0 (Windows NT 10.0; WOW64; Trident/7.0; rv:11.0) like Gecko"
212.152.246.134 - - [21/Jan/2020:14:37:20 +0100] "GET /loadthumbnail.php?id=11340120&width=113 HTTP/1.1" 200 2962 "http://renault.activities.at/10260257?dir=DESC&mode=grid&order=name&limit=15&page=3" "Mozilla/5.0 (Windows NT 10.0; WOW64; Trident/7.0; rv:11.0) like Gecko"
212.152.246.134 - - [21/Jan/2020:14:37:20 +0100] "GET /loadthumbnail.php?id=10413489&width=113 HTTP/1.1" 200 3213 "http://renault.activities.at/10260257?dir=DESC&mode=grid&order=name&limit=15&page=3" "Mozilla/5.0 (Windows NT 10.0; WOW64; Trident/7.0; rv:11.0) like Gecko"
212.152.246.134 - - [21/Jan/2020:14:37:20 +0100] "GET /loadthumbnail.php?id=10970933&width=113 HTTP/1.1" 200 5132 "http://renault.activities.at/10260257?dir=DESC&mode=grid&order=name&limit=15&page=3" "Mozilla/5.0 (Windows NT 10.0; WOW64; Trident/7.0; rv:11.0) like Gecko"
212.152.246.134 - - [21/Jan/2020:14:37:20 +0100] "GET /loadthumbnail.php?id=10970934&width=113 HTTP/1.1" 200 4103 "http://renault.activities.at/10260257?dir=DESC&mode=grid&order=name&limit=15&page=3" "Mozilla/5.0 (Windows NT 10.0; WOW64; Trident/7.0; rv:11.0) like Gecko"
212.152.246.134 - - [21/Jan/2020:14:37:20 +0100] "GET /loadthumbnail.php?id=10970931&width=113 HTTP/1.1" 200 6246 "http://renault.activities.at/10260257?dir=DESC&mode=grid&order=name&limit=15&page=3" "Mozilla/5.0 (Windows NT 10.0; WOW64; Trident/7.0; rv:11.0) like Gecko"
212.152.246.134 - - [21/Jan/2020:14:37:21 +0100] "GET /loadthumbnail.php?id=11078141&width=113 HTTP/1.1" 200 8866 "http://renault.activities.at/10260257?dir=DESC&mode=grid&order=name&limit=15&page=3" "Mozilla/5.0 (Windows NT 10.0; WOW64; Trident/7.0; rv:11.0) like Gecko"
212.152.246.134 - - [21/Jan/2020:14:37:26 +0100] "GET /10260257?dir=DESC&mode=grid&order=name&limit=15&page=4 HTTP/1.1" 200 7226 "http://renault.activities.at/10260257?dir=DESC&mode=grid&order=name&limit=15&page=3" "Mozilla/5.0 (Windows NT 10.0; WOW64; Trident/7.0; rv:11.0) like Gecko"
212.152.246.134 - - [21/Jan/2020:14:37:29 +0100] "GET /loadthumbnail.php?id=12136016&width=113 HTTP/1.1" 200 6678 "http://renault.activities.at/10260257?dir=DESC&mode=grid&order=name&limit=15&page=4" "Mozilla/5.0 (Windows NT 10.0; WOW64; Trident/7.0; rv:11.0) like Gecko"
212.152.246.134 - - [21/Jan/2020:14:37:29 +0100] "GET /loadthumbnail.php?id=12136020&width=113 HTTP/1.1" 200 5759 "http://renault.activities.at/10260257?dir=DESC&mode=grid&order=name&limit=15&page=4" "Mozilla/5.0 (Windows NT 10.0; WOW64; Trident/7.0; rv:11.0) like Gecko"
212.152.246.134 - - [21/Jan/2020:14:37:29 +0100] "GET /loadthumbnail.php?id=11831525&width=113 HTTP/1.1" 200 4126 "http://renault.activities.at/10260257?dir=DESC&mode=grid&order=name&limit=15&page=4" "Mozilla/5.0 (Windows NT 10.0; WOW64; Trident/7.0; rv:11.0) like Gecko"
212.152.246.134 - - [21/Jan/2020:14:37:36 +0100] "GET /10260286 HTTP/1.1" 200 6071 "http://renault.activities.at/10260257?dir=DESC&mode=grid&order=name&limit=15&page=4" "Mozilla/5.0 (Windows NT 10.0; WOW64; Trident/7.0; rv:11.0) like Gecko"
212.152.246.134 - - [21/Jan/2020:14:37:57 +0100] "GET /10260287 HTTP/1.1" 200 4918 "http://renault.activities.at/10260286" "Mozilla/5.0 (Windows NT 10.0; WOW64; Trident/7.0; rv:11.0) like Gecko"
213.153.47.173 - - [21/Jan/2020:14:37:57 +0100] "GET /reload?ser=1579613878097 HTTP/1.1" 200 28 "http://renault.activities.at/login?required=true" "Mozilla/5.0 (Windows NT 10.0; Win64; x64; rv:72.0) Gecko/20100101 Firefox/72.0"
212.152.246.129 - - [21/Jan/2020:14:38:03 +0100] "GET /reload?ser=1579613882841 HTTP/1.1" 200 28 "http://renault.activities.at/success" "Mozilla/5.0 (Windows NT 10.0; WOW64; Trident/7.0; rv:11.0) like Gecko"
80.122.221.194 - - [21/Jan/2020:14:38:05 +0100] "GET /reload?ser=1579613885609 HTTP/1.1" 200 28 "http://renault.activities.at/success" "Mozilla/5.0 (Windows NT 10.0; Win64; x64) AppleWebKit/537.36 (KHTML, like Gecko) Chrome/70.0.3538.102 Safari/537.36 Edge/18.18363"
212.152.246.134 - - [21/Jan/2020:14:38:11 +0100] "GET /10260003 HTTP/1.1" 200 9019 "http://renault.activities.at/10260287" "Mozilla/5.0 (Windows NT 10.0; WOW64; Trident/7.0; rv:11.0) like Gecko"
213.153.47.173 - - [21/Jan/2020:14:38:15 +0100] "GET /reload?ser=1579613896087 HTTP/1.1" 200 28 "http://renault.activities.at/login?required=true" "Mozilla/5.0 (Windows NT 10.0; Win64; x64; rv:72.0) Gecko/20100101 Firefox/72.0"
212.152.246.134 - - [21/Jan/2020:14:38:30 +0100] "POST /axjaxrequest?mode=suggest HTTP/1.1" 200 111 "http://renault.activities.at/10260003" "Mozilla/5.0 (Windows NT 10.0; WOW64; Trident/7.0; rv:11.0) like Gecko"
212.152.246.134 - - [21/Jan/2020:14:38:31 +0100] "POST /axjaxrequest?mode=suggest HTTP/1.1" 200 111 "http://renault.activities.at/10260003" "Mozilla/5.0 (Windows NT 10.0; WOW64; Trident/7.0; rv:11.0) like Gecko"
212.152.246.134 - - [21/Jan/2020:14:38:32 +0100] "POST /axjaxrequest?mode=suggest HTTP/1.1" 200 111 "http://renault.activities.at/10260003" "Mozilla/5.0 (Windows NT 10.0; WOW64; Trident/7.0; rv:11.0) like Gecko"
212.152.246.134 - - [21/Jan/2020:14:38:33 +0100] "GET /result?searchterm=true&search=prospekte HTTP/1.1" 200 4676 "http://renault.activities.at/10260003" "Mozilla/5.0 (Windows NT 10.0; WOW64; Trident/7.0; rv:11.0) like Gecko"
212.152.246.134 - - [21/Jan/2020:14:38:33 +0100] "POST /axjaxrequest?mode=suggest HTTP/1.1" 200 21 "http://renault.activities.at/10260003" "Mozilla/5.0 (Windows NT 10.0; WOW64; Trident/7.0; rv:11.0) like Gecko"
213.153.47.173 - - [21/Jan/2020:14:38:58 +0100] "GET /reload?ser=1579613938767 HTTP/1.1" 200 28 "http://renault.activities.at/login?required=true" "Mozilla/5.0 (Windows NT 10.0; Win64; x64; rv:72.0) Gecko/20100101 Firefox/72.0"
212.152.246.129 - - [21/Jan/2020:14:39:04 +0100] "GET /reload?ser=1579613944187 HTTP/1.1" 200 28 "http://renault.activities.at/success" "Mozilla/5.0 (Windows NT 10.0; WOW64; Trident/7.0; rv:11.0) like Gecko"
80.122.221.194 - - [21/Jan/2020:14:39:06 +0100] "GET /reload?ser=1579613946603 HTTP/1.1" 200 28 "http://renault.activities.at/success" "Mozilla/5.0 (Windows NT 10.0; Win64; x64) AppleWebKit/537.36 (KHTML, like Gecko) Chrome/70.0.3538.102 Safari/537.36 Edge/18.18363"
213.153.47.173 - - [21/Jan/2020:14:39:16 +0100] "GET /reload?ser=1579613956747 HTTP/1.1" 200 28 "http://renault.activities.at/login?required=true" "Mozilla/5.0 (Windows NT 10.0; Win64; x64; rv:72.0) Gecko/20100101 Firefox/72.0"
212.152.246.134 - - [21/Jan/2020:14:39:35 +0100] "GET /reload?ser=1579613976599 HTTP/1.1" 200 28 "http://renault.activities.at/result?searchterm=true&search=prospekte" "Mozilla/5.0 (Windows NT 10.0; WOW64; Trident/7.0; rv:11.0) like Gecko"
213.153.47.173 - - [21/Jan/2020:14:39:59 +0100] "GET /reload?ser=1579613999435 HTTP/1.1" 200 28 "http://renault.activities.at/login?required=true" "Mozilla/5.0 (Windows NT 10.0; Win64; x64; rv:72.0) Gecko/20100101 Firefox/72.0"
212.152.246.129 - - [21/Jan/2020:14:40:06 +0100] "GET /reload?ser=1579614005580 HTTP/1.1" 200 28 "http://renault.activities.at/success" "Mozilla/5.0 (Windows NT 10.0; WOW64; Trident/7.0; rv:11.0) like Gecko"
80.122.221.194 - - [21/Jan/2020:14:40:07 +0100] "GET /reload?ser=1579614007602 HTTP/1.1" 200 28 "http://renault.activities.at/success" "Mozilla/5.0 (Windows NT 10.0; Win64; x64) AppleWebKit/537.36 (KHTML, like Gecko) Chrome/70.0.3538.102 Safari/537.36 Edge/18.18363"
213.153.47.173 - - [21/Jan/2020:14:40:17 +0100] "GET /reload?ser=1579614017405 HTTP/1.1" 200 28 "http://renault.activities.at/login?required=true" "Mozilla/5.0 (Windows NT 10.0; Win64; x64; rv:72.0) Gecko/20100101 Firefox/72.0"
212.152.246.134 - - [21/Jan/2020:14:40:36 +0100] "GET /reload?ser=1579614037558 HTTP/1.1" 200 28 "http://renault.activities.at/result?searchterm=true&search=prospekte" "Mozilla/5.0 (Windows NT 10.0; WOW64; Trident/7.0; rv:11.0) like Gecko"
213.153.47.173 - - [21/Jan/2020:14:40:59 +0100] "GET /reload?ser=1579614060075 HTTP/1.1" 200 28 "http://renault.activities.at/login?required=true" "Mozilla/5.0 (Windows NT 10.0; Win64; x64; rv:72.0) Gecko/20100101 Firefox/72.0"
212.152.246.129 - - [21/Jan/2020:14:41:06 +0100] "GET /reload?ser=1579614066966 HTTP/1.1" 200 28 "http://renault.activities.at/success" "Mozilla/5.0 (Windows NT 10.0; WOW64; Trident/7.0; rv:11.0) like Gecko"
80.122.221.194 - - [21/Jan/2020:14:41:08 +0100] "GET /reload?ser=1579614068605 HTTP/1.1" 200 28 "http://renault.activities.at/success" "Mozilla/5.0 (Windows NT 10.0; Win64; x64) AppleWebKit/537.36 (KHTML, like Gecko) Chrome/70.0.3538.102 Safari/537.36 Edge/18.18363"
213.153.47.173 - - [21/Jan/2020:14:41:17 +0100] "GET /reload?ser=1579614078064 HTTP/1.1" 200 28 "http://renault.activities.at/login?required=true" "Mozilla/5.0 (Windows NT 10.0; Win64; x64; rv:72.0) Gecko/20100101 Firefox/72.0"
212.152.246.134 - - [21/Jan/2020:14:41:37 +0100] "GET /reload?ser=1579614098514 HTTP/1.1" 200 28 "http://renault.activities.at/result?searchterm=true&search=prospekte" "Mozilla/5.0 (Windows NT 10.0; WOW64; Trident/7.0; rv:11.0) like Gecko"
213.153.47.173 - - [21/Jan/2020:14:42:00 +0100] "GET /reload?ser=1579614120724 HTTP/1.1" 200 28 "http://renault.activities.at/login?required=true" "Mozilla/5.0 (Windows NT 10.0; Win64; x64; rv:72.0) Gecko/20100101 Firefox/72.0"
212.152.246.129 - - [21/Jan/2020:14:42:08 +0100] "GET /reload?ser=1579614127913 HTTP/1.1" 200 28 "http://renault.activities.at/success" "Mozilla/5.0 (Windows NT 10.0; WOW64; Trident/7.0; rv:11.0) like Gecko"
80.122.221.194 - - [21/Jan/2020:14:42:09 +0100] "GET /reload?ser=1579614129615 HTTP/1.1" 200 28 "http://renault.activities.at/success" "Mozilla/5.0 (Windows NT 10.0; Win64; x64) AppleWebKit/537.36 (KHTML, like Gecko) Chrome/70.0.3538.102 Safari/537.36 Edge/18.18363"
213.153.47.173 - - [21/Jan/2020:14:42:18 +0100] "GET /reload?ser=1579614138715 HTTP/1.1" 200 28 "http://renault.activities.at/login?required=true" "Mozilla/5.0 (Windows NT 10.0; Win64; x64; rv:72.0) Gecko/20100101 Firefox/72.0"
212.152.246.134 - - [21/Jan/2020:14:42:38 +0100] "GET /reload?ser=1579614159476 HTTP/1.1" 200 28 "http://renault.activities.at/result?searchterm=true&search=prospekte" "Mozilla/5.0 (Windows NT 10.0; WOW64; Trident/7.0; rv:11.0) like Gecko"
207.46.13.18 - - [21/Jan/2020:14:42:43 +0100] "GET /loadthumbnail.php?id=10203275 HTTP/1.1" 200 85 "-" "msnbot/2.0b (+http://search.msn.com/msnbot.htm)"
213.153.47.173 - - [21/Jan/2020:14:43:01 +0100] "GET /reload?ser=1579614181384 HTTP/1.1" 200 28 "http://renault.activities.at/login?required=true" "Mozilla/5.0 (Windows NT 10.0; Win64; x64; rv:72.0) Gecko/20100101 Firefox/72.0"
212.152.246.129 - - [21/Jan/2020:14:43:10 +0100] "GET /reload?ser=1579614189007 HTTP/1.1" 200 28 "http://renault.activities.at/success" "Mozilla/5.0 (Windows NT 10.0; WOW64; Trident/7.0; rv:11.0) like Gecko"
80.122.221.194 - - [21/Jan/2020:14:43:10 +0100] "GET /reload?ser=1579614190603 HTTP/1.1" 200 28 "http://renault.activities.at/success" "Mozilla/5.0 (Windows NT 10.0; Win64; x64) AppleWebKit/537.36 (KHTML, like Gecko) Chrome/70.0.3538.102 Safari/537.36 Edge/18.18363"
213.153.47.173 - - [21/Jan/2020:14:43:19 +0100] "GET /reload?ser=1579614199364 HTTP/1.1" 200 28 "http://renault.activities.at/login?required=true" "Mozilla/5.0 (Windows NT 10.0; Win64; x64; rv:72.0) Gecko/20100101 Firefox/72.0"
212.152.246.134 - - [21/Jan/2020:14:43:39 +0100] "GET /reload?ser=1579614220437 HTTP/1.1" 200 28 "http://renault.activities.at/result?searchterm=true&search=prospekte" "Mozilla/5.0 (Windows NT 10.0; WOW64; Trident/7.0; rv:11.0) like Gecko"
213.153.47.173 - - [21/Jan/2020:14:44:01 +0100] "GET /reload?ser=1579614242053 HTTP/1.1" 200 28 "http://renault.activities.at/login?required=true" "Mozilla/5.0 (Windows NT 10.0; Win64; x64; rv:72.0) Gecko/20100101 Firefox/72.0"
212.152.246.129 - - [21/Jan/2020:14:44:11 +0100] "GET /reload?ser=1579614250997 HTTP/1.1" 200 28 "http://renault.activities.at/success" "Mozilla/5.0 (Windows NT 10.0; WOW64; Trident/7.0; rv:11.0) like Gecko"
80.122.221.194 - - [21/Jan/2020:14:44:11 +0100] "GET /reload?ser=1579614251602 HTTP/1.1" 200 28 "http://renault.activities.at/success" "Mozilla/5.0 (Windows NT 10.0; Win64; x64) AppleWebKit/537.36 (KHTML, like Gecko) Chrome/70.0.3538.102 Safari/537.36 Edge/18.18363"
213.153.47.173 - - [21/Jan/2020:14:44:19 +0100] "GET /reload?ser=1579614260033 HTTP/1.1" 200 28 "http://renault.activities.at/login?required=true" "Mozilla/5.0 (Windows NT 10.0; Win64; x64; rv:72.0) Gecko/20100101 Firefox/72.0"
212.152.246.134 - - [21/Jan/2020:14:44:40 +0100] "GET /reload?ser=1579614281411 HTTP/1.1" 200 28 "http://renault.activities.at/result?searchterm=true&search=prospekte" "Mozilla/5.0 (Windows NT 10.0; WOW64; Trident/7.0; rv:11.0) like Gecko"
188.21.129.54 - - [21/Jan/2020:14:45:01 +0100] "GET /login HTTP/1.1" 200 2085 "-" "Mozilla/5.0 (Windows NT 6.3; WOW64; Trident/7.0; rv:11.0) like Gecko"
188.21.129.54 - - [21/Jan/2020:14:45:02 +0100] "GET /js/default.js HTTP/1.1" 304 - "http://renault.activities.at/login" "Mozilla/5.0 (Windows NT 6.3; WOW64; Trident/7.0; rv:11.0) like Gecko"
188.21.129.54 - - [21/Jan/2020:14:45:02 +0100] "GET /css/clears.css HTTP/1.1" 304 - "http://renault.activities.at/login" "Mozilla/5.0 (Windows NT 6.3; WOW64; Trident/7.0; rv:11.0) like Gecko"
188.21.129.54 - - [21/Jan/2020:14:45:02 +0100] "GET /css/reset.css HTTP/1.1" 304 - "http://renault.activities.at/login" "Mozilla/5.0 (Windows NT 6.3; WOW64; Trident/7.0; rv:11.0) like Gecko"
188.21.129.54 - - [21/Jan/2020:14:45:02 +0100] "GET /css/styles.css HTTP/1.1" 304 - "http://renault.activities.at/login" "Mozilla/5.0 (Windows NT 6.3; WOW64; Trident/7.0; rv:11.0) like Gecko"
188.21.129.54 - - [21/Jan/2020:14:45:02 +0100] "GET /css/print.css HTTP/1.1" 304 - "http://renault.activities.at/login" "Mozilla/5.0 (Windows NT 6.3; WOW64; Trident/7.0; rv:11.0) like Gecko"
188.21.129.54 - - [21/Jan/2020:14:45:02 +0100] "GET /js/checkout.css HTTP/1.1" 304 - "http://renault.activities.at/login" "Mozilla/5.0 (Windows NT 6.3; WOW64; Trident/7.0; rv:11.0) like Gecko"
188.21.129.54 - - [21/Jan/2020:14:45:02 +0100] "GET /css/prototip.css HTTP/1.1" 304 - "http://renault.activities.at/login" "Mozilla/5.0 (Windows NT 6.3; WOW64; Trident/7.0; rv:11.0) like Gecko"
188.21.129.54 - - [21/Jan/2020:14:45:02 +0100] "GET /css/themes/default.css HTTP/1.1" 304 - "http://renault.activities.at/login" "Mozilla/5.0 (Windows NT 6.3; WOW64; Trident/7.0; rv:11.0) like Gecko"
188.21.129.54 - - [21/Jan/2020:14:45:02 +0100] "GET /css/themes/alphacube.css HTTP/1.1" 304 - "http://renault.activities.at/login" "Mozilla/5.0 (Windows NT 6.3; WOW64; Trident/7.0; rv:11.0) like Gecko"
188.21.129.54 - - [21/Jan/2020:14:45:02 +0100] "GET /images/main_block_border.gif HTTP/1.1" 304 - "http://renault.activities.at/login" "Mozilla/5.0 (Windows NT 6.3; WOW64; Trident/7.0; rv:11.0) like Gecko"
188.21.129.54 - - [21/Jan/2020:14:45:02 +0100] "GET /images/main_block_corner_right_top.gif HTTP/1.1" 304 - "http://renault.activities.at/login" "Mozilla/5.0 (Windows NT 6.3; WOW64; Trident/7.0; rv:11.0) like Gecko"
188.21.129.54 - - [21/Jan/2020:14:45:02 +0100] "GET /images/main_block_corner_right_bot.gif HTTP/1.1" 304 - "http://renault.activities.at/login" "Mozilla/5.0 (Windows NT 6.3; WOW64; Trident/7.0; rv:11.0) like Gecko"
188.21.129.54 - - [21/Jan/2020:14:45:02 +0100] "GET /images/main_block_corner_left_top.gif HTTP/1.1" 304 - "http://renault.activities.at/login" "Mozilla/5.0 (Windows NT 6.3; WOW64; Trident/7.0; rv:11.0) like Gecko"
188.21.129.54 - - [21/Jan/2020:14:45:02 +0100] "GET /images/header_block_border.gif HTTP/1.1" 304 - "http://renault.activities.at/login" "Mozilla/5.0 (Windows NT 6.3; WOW64; Trident/7.0; rv:11.0) like Gecko"
188.21.129.54 - - [21/Jan/2020:14:45:02 +0100] "GET /images/main_block_corner_left_bot.gif HTTP/1.1" 304 - "http://renault.activities.at/login" "Mozilla/5.0 (Windows NT 6.3; WOW64; Trident/7.0; rv:11.0) like Gecko"
188.21.129.54 - - [21/Jan/2020:14:45:02 +0100] "GET /images/title_border_top.jpg HTTP/1.1" 304 - "http://renault.activities.at/login" "Mozilla/5.0 (Windows NT 6.3; WOW64; Trident/7.0; rv:11.0) like Gecko"
188.21.129.54 - - [21/Jan/2020:14:45:02 +0100] "GET /images/header_block_corner_right_top.gif HTTP/1.1" 304 - "http://renault.activities.at/login" "Mozilla/5.0 (Windows NT 6.3; WOW64; Trident/7.0; rv:11.0) like Gecko"
188.21.129.54 - - [21/Jan/2020:14:45:02 +0100] "GET /images/title_border.jpg HTTP/1.1" 304 - "http://renault.activities.at/login" "Mozilla/5.0 (Windows NT 6.3; WOW64; Trident/7.0; rv:11.0) like Gecko"
188.21.129.54 - - [21/Jan/2020:14:45:02 +0100] "GET /images/title_corner_left_top.jpg HTTP/1.1" 304 - "http://renault.activities.at/login" "Mozilla/5.0 (Windows NT 6.3; WOW64; Trident/7.0; rv:11.0) like Gecko"
188.21.129.54 - - [21/Jan/2020:14:45:02 +0100] "GET /images/header_block_corner_left_top.gif HTTP/1.1" 304 - "http://renault.activities.at/login" "Mozilla/5.0 (Windows NT 6.3; WOW64; Trident/7.0; rv:11.0) like Gecko"
188.21.129.54 - - [21/Jan/2020:14:45:02 +0100] "GET /images/button_left_bg.gif HTTP/1.1" 304 - "http://renault.activities.at/login" "Mozilla/5.0 (Windows NT 6.3; WOW64; Trident/7.0; rv:11.0) like Gecko"
188.21.129.54 - - [21/Jan/2020:14:45:02 +0100] "GET /images/title_corner_right_top.jpg HTTP/1.1" 304 - "http://renault.activities.at/login" "Mozilla/5.0 (Windows NT 6.3; WOW64; Trident/7.0; rv:11.0) like Gecko"
188.21.129.54 - - [21/Jan/2020:14:45:02 +0100] "GET /images/button_bg.gif HTTP/1.1" 304 - "http://renault.activities.at/login" "Mozilla/5.0 (Windows NT 6.3; WOW64; Trident/7.0; rv:11.0) like Gecko"
188.21.129.54 - - [21/Jan/2020:14:45:02 +0100] "GET /images/button_right_bg.gif HTTP/1.1" 304 - "http://renault.activities.at/login" "Mozilla/5.0 (Windows NT 6.3; WOW64; Trident/7.0; rv:11.0) like Gecko"
188.21.129.54 - - [21/Jan/2020:14:45:02 +0100] "GET /loadthumbnail.php?id=11127982 HTTP/1.1" 200 399614 "http://renault.activities.at/login" "Mozilla/5.0 (Windows NT 6.3; WOW64; Trident/7.0; rv:11.0) like Gecko"
213.153.47.173 - - [21/Jan/2020:14:45:02 +0100] "GET /reload?ser=1579614302723 HTTP/1.1" 200 28 "http://renault.activities.at/login?required=true" "Mozilla/5.0 (Windows NT 10.0; Win64; x64; rv:72.0) Gecko/20100101 Firefox/72.0"
188.21.129.54 - - [21/Jan/2020:14:45:03 +0100] "GET /images/validation_advice_bg.gif HTTP/1.1" 304 - "http://renault.activities.at/login" "Mozilla/5.0 (Windows NT 6.3; WOW64; Trident/7.0; rv:11.0) like Gecko"
188.21.129.54 - - [21/Jan/2020:14:45:09 +0100] "POST /login HTTP/1.1" 302 140 "http://renault.activities.at/login" "Mozilla/5.0 (Windows NT 6.3; WOW64; Trident/7.0; rv:11.0) like Gecko"
212.152.246.129 - - [21/Jan/2020:14:45:12 +0100] "GET /reload?ser=1579614312109 HTTP/1.1" 200 28 "http://renault.activities.at/success" "Mozilla/5.0 (Windows NT 10.0; WOW64; Trident/7.0; rv:11.0) like Gecko"
80.122.221.194 - - [21/Jan/2020:14:45:12 +0100] "GET /reload?ser=1579614312606 HTTP/1.1" 200 28 "http://renault.activities.at/success" "Mozilla/5.0 (Windows NT 10.0; Win64; x64) AppleWebKit/537.36 (KHTML, like Gecko) Chrome/70.0.3538.102 Safari/537.36 Edge/18.18363"
188.21.129.54 - - [21/Jan/2020:14:45:12 +0100] "GET /account HTTP/1.1" 200 5932 "http://renault.activities.at/login" "Mozilla/5.0 (Windows NT 6.3; WOW64; Trident/7.0; rv:11.0) like Gecko"
188.21.129.54 - - [21/Jan/2020:14:45:15 +0100] "GET /css/clears.css HTTP/1.1" 304 - "http://renault.activities.at/account" "Mozilla/5.0 (Windows NT 6.3; WOW64; Trident/7.0; rv:11.0) like Gecko"
188.21.129.54 - - [21/Jan/2020:14:45:15 +0100] "GET /css/styles.css HTTP/1.1" 304 - "http://renault.activities.at/account" "Mozilla/5.0 (Windows NT 6.3; WOW64; Trident/7.0; rv:11.0) like Gecko"
188.21.129.54 - - [21/Jan/2020:14:45:15 +0100] "GET /js/default.js HTTP/1.1" 304 - "http://renault.activities.at/account" "Mozilla/5.0 (Windows NT 6.3; WOW64; Trident/7.0; rv:11.0) like Gecko"
188.21.129.54 - - [21/Jan/2020:14:45:15 +0100] "GET /css/reset.css HTTP/1.1" 304 - "http://renault.activities.at/account" "Mozilla/5.0 (Windows NT 6.3; WOW64; Trident/7.0; rv:11.0) like Gecko"
188.21.129.54 - - [21/Jan/2020:14:45:15 +0100] "GET /js/checkout.css HTTP/1.1" 304 - "http://renault.activities.at/account" "Mozilla/5.0 (Windows NT 6.3; WOW64; Trident/7.0; rv:11.0) like Gecko"
188.21.129.54 - - [21/Jan/2020:14:45:15 +0100] "GET /css/print.css HTTP/1.1" 304 - "http://renault.activities.at/account" "Mozilla/5.0 (Windows NT 6.3; WOW64; Trident/7.0; rv:11.0) like Gecko"
188.21.129.54 - - [21/Jan/2020:14:45:15 +0100] "GET /css/themes/alphacube.css HTTP/1.1" 304 - "http://renault.activities.at/account" "Mozilla/5.0 (Windows NT 6.3; WOW64; Trident/7.0; rv:11.0) like Gecko"
188.21.129.54 - - [21/Jan/2020:14:45:15 +0100] "GET /css/prototip.css HTTP/1.1" 304 - "http://renault.activities.at/account" "Mozilla/5.0 (Windows NT 6.3; WOW64; Trident/7.0; rv:11.0) like Gecko"
188.21.129.54 - - [21/Jan/2020:14:45:15 +0100] "GET /css/themes/default.css HTTP/1.1" 304 - "http://renault.activities.at/account" "Mozilla/5.0 (Windows NT 6.3; WOW64; Trident/7.0; rv:11.0) like Gecko"
188.21.129.54 - - [21/Jan/2020:14:45:15 +0100] "GET /js/account.js HTTP/1.1" 304 - "http://renault.activities.at/account" "Mozilla/5.0 (Windows NT 6.3; WOW64; Trident/7.0; rv:11.0) like Gecko"
188.21.129.54 - - [21/Jan/2020:14:45:15 +0100] "GET /images/header_block_corner_left_top.gif HTTP/1.1" 304 - "http://renault.activities.at/account" "Mozilla/5.0 (Windows NT 6.3; WOW64; Trident/7.0; rv:11.0) like Gecko"
188.21.129.54 - - [21/Jan/2020:14:45:15 +0100] "GET /images/header_block_corner_right_top.gif HTTP/1.1" 304 - "http://renault.activities.at/account" "Mozilla/5.0 (Windows NT 6.3; WOW64; Trident/7.0; rv:11.0) like Gecko"
188.21.129.54 - - [21/Jan/2020:14:45:15 +0100] "GET /images/header_block_border.gif HTTP/1.1" 304 - "http://renault.activities.at/account" "Mozilla/5.0 (Windows NT 6.3; WOW64; Trident/7.0; rv:11.0) like Gecko"
188.21.129.54 - - [21/Jan/2020:14:45:15 +0100] "GET /images/search_bg.gif HTTP/1.1" 304 - "http://renault.activities.at/account" "Mozilla/5.0 (Windows NT 6.3; WOW64; Trident/7.0; rv:11.0) like Gecko"
188.21.129.54 - - [21/Jan/2020:14:45:15 +0100] "GET /images/main_block_border.gif HTTP/1.1" 304 - "http://renault.activities.at/account" "Mozilla/5.0 (Windows NT 6.3; WOW64; Trident/7.0; rv:11.0) like Gecko"
188.21.129.54 - - [21/Jan/2020:14:45:15 +0100] "GET /images/main_block_corner_left_top.gif HTTP/1.1" 304 - "http://renault.activities.at/account" "Mozilla/5.0 (Windows NT 6.3; WOW64; Trident/7.0; rv:11.0) like Gecko"
188.21.129.54 - - [21/Jan/2020:14:45:15 +0100] "GET /images/main_block_corner_left_bot.gif HTTP/1.1" 304 - "http://renault.activities.at/account" "Mozilla/5.0 (Windows NT 6.3; WOW64; Trident/7.0; rv:11.0) like Gecko"
188.21.129.54 - - [21/Jan/2020:14:45:15 +0100] "GET /images/main_block_corner_right_top.gif HTTP/1.1" 304 - "http://renault.activities.at/account" "Mozilla/5.0 (Windows NT 6.3; WOW64; Trident/7.0; rv:11.0) like Gecko"
188.21.129.54 - - [21/Jan/2020:14:45:15 +0100] "GET /images/top_links_divider.gif HTTP/1.1" 304 - "http://renault.activities.at/account" "Mozilla/5.0 (Windows NT 6.3; WOW64; Trident/7.0; rv:11.0) like Gecko"
188.21.129.54 - - [21/Jan/2020:14:45:15 +0100] "GET /images/main_block_corner_right_bot.gif HTTP/1.1" 304 - "http://renault.activities.at/account" "Mozilla/5.0 (Windows NT 6.3; WOW64; Trident/7.0; rv:11.0) like Gecko"
188.21.129.54 - - [21/Jan/2020:14:45:15 +0100] "GET /images/menu_button_bg.jpg HTTP/1.1" 304 - "http://renault.activities.at/account" "Mozilla/5.0 (Windows NT 6.3; WOW64; Trident/7.0; rv:11.0) like Gecko"
188.21.129.54 - - [21/Jan/2020:14:45:15 +0100] "GET /images/nav_divider.gif HTTP/1.1" 304 - "http://renault.activities.at/account" "Mozilla/5.0 (Windows NT 6.3; WOW64; Trident/7.0; rv:11.0) like Gecko"
188.21.129.54 - - [21/Jan/2020:14:45:15 +0100] "GET /images/button_left_bg.gif HTTP/1.1" 304 - "http://renault.activities.at/account" "Mozilla/5.0 (Windows NT 6.3; WOW64; Trident/7.0; rv:11.0) like Gecko"
188.21.129.54 - - [21/Jan/2020:14:45:15 +0100] "GET /images/sidebar_title_border.gif HTTP/1.1" 304 - "http://renault.activities.at/account" "Mozilla/5.0 (Windows NT 6.3; WOW64; Trident/7.0; rv:11.0) like Gecko"
188.21.129.54 - - [21/Jan/2020:14:45:15 +0100] "GET /images/menu_divider.gif HTTP/1.1" 304 - "http://renault.activities.at/account" "Mozilla/5.0 (Windows NT 6.3; WOW64; Trident/7.0; rv:11.0) like Gecko"
188.21.129.54 - - [21/Jan/2020:14:45:15 +0100] "GET /loadthumbnail.php?id=11592506&width=50&height=50 HTTP/1.1" 200 1999 "http://renault.activities.at/account" "Mozilla/5.0 (Windows NT 6.3; WOW64; Trident/7.0; rv:11.0) like Gecko"
188.21.129.54 - - [21/Jan/2020:14:45:15 +0100] "GET /images/sidebar_title_border_top.gif HTTP/1.1" 304 - "http://renault.activities.at/account" "Mozilla/5.0 (Windows NT 6.3; WOW64; Trident/7.0; rv:11.0) like Gecko"
188.21.129.54 - - [21/Jan/2020:14:45:15 +0100] "GET /images/sidebar_title_corner_left_top.gif HTTP/1.1" 304 - "http://renault.activities.at/account" "Mozilla/5.0 (Windows NT 6.3; WOW64; Trident/7.0; rv:11.0) like Gecko"
188.21.129.54 - - [21/Jan/2020:14:45:15 +0100] "GET /images/sidebar_title_corner_right_top.gif HTTP/1.1" 304 - "http://renault.activities.at/account" "Mozilla/5.0 (Windows NT 6.3; WOW64; Trident/7.0; rv:11.0) like Gecko"
188.21.129.54 - - [21/Jan/2020:14:45:15 +0100] "GET /images/button_bg.gif HTTP/1.1" 304 - "http://renault.activities.at/account" "Mozilla/5.0 (Windows NT 6.3; WOW64; Trident/7.0; rv:11.0) like Gecko"
188.21.129.54 - - [21/Jan/2020:14:45:15 +0100] "GET /images/button_right_bg.gif HTTP/1.1" 304 - "http://renault.activities.at/account" "Mozilla/5.0 (Windows NT 6.3; WOW64; Trident/7.0; rv:11.0) like Gecko"
188.21.129.54 - - [21/Jan/2020:14:45:15 +0100] "GET /images/title_border.jpg HTTP/1.1" 304 - "http://renault.activities.at/account" "Mozilla/5.0 (Windows NT 6.3; WOW64; Trident/7.0; rv:11.0) like Gecko"
188.21.129.54 - - [21/Jan/2020:14:45:16 +0100] "GET /images/title_corner_left_top.jpg HTTP/1.1" 304 - "http://renault.activities.at/account" "Mozilla/5.0 (Windows NT 6.3; WOW64; Trident/7.0; rv:11.0) like Gecko"
188.21.129.54 - - [21/Jan/2020:14:45:16 +0100] "GET /images/title_border_top.jpg HTTP/1.1" 304 - "http://renault.activities.at/account" "Mozilla/5.0 (Windows NT 6.3; WOW64; Trident/7.0; rv:11.0) like Gecko"
188.21.129.54 - - [21/Jan/2020:14:45:16 +0100] "GET /images/title_corner_right_top.jpg HTTP/1.1" 304 - "http://renault.activities.at/account" "Mozilla/5.0 (Windows NT 6.3; WOW64; Trident/7.0; rv:11.0) like Gecko"
188.21.129.54 - - [21/Jan/2020:14:45:16 +0100] "GET /images/footer_divider.gif HTTP/1.1" 304 - "http://renault.activities.at/account" "Mozilla/5.0 (Windows NT 6.3; WOW64; Trident/7.0; rv:11.0) like Gecko"
213.153.47.173 - - [21/Jan/2020:14:45:20 +0100] "GET /reload?ser=1579614320672 HTTP/1.1" 200 28 "http://renault.activities.at/login?required=true" "Mozilla/5.0 (Windows NT 10.0; Win64; x64; rv:72.0) Gecko/20100101 Firefox/72.0"
188.21.129.54 - - [21/Jan/2020:14:45:22 +0100] "POST /axjaxrequest?mode=suggest HTTP/1.1" 200 1154 "http://renault.activities.at/account" "Mozilla/5.0 (Windows NT 6.3; WOW64; Trident/7.0; rv:11.0) like Gecko"
188.21.129.54 - - [21/Jan/2020:14:45:23 +0100] "GET /result?searchterm=true&search=reh5277 HTTP/1.1" 200 5805 "http://renault.activities.at/account" "Mozilla/5.0 (Windows NT 6.3; WOW64; Trident/7.0; rv:11.0) like Gecko"
188.21.129.54 - - [21/Jan/2020:14:45:26 +0100] "GET /js/default.js HTTP/1.1" 304 - "http://renault.activities.at/result?searchterm=true&search=reh5277" "Mozilla/5.0 (Windows NT 6.3; WOW64; Trident/7.0; rv:11.0) like Gecko"
188.21.129.54 - - [21/Jan/2020:14:45:26 +0100] "GET /css/reset.css HTTP/1.1" 304 - "http://renault.activities.at/result?searchterm=true&search=reh5277" "Mozilla/5.0 (Windows NT 6.3; WOW64; Trident/7.0; rv:11.0) like Gecko"
188.21.129.54 - - [21/Jan/2020:14:45:26 +0100] "GET /js/prototip.js HTTP/1.1" 304 - "http://renault.activities.at/result?searchterm=true&search=reh5277" "Mozilla/5.0 (Windows NT 6.3; WOW64; Trident/7.0; rv:11.0) like Gecko"
188.21.129.54 - - [21/Jan/2020:14:45:26 +0100] "GET /css/styles.css HTTP/1.1" 304 - "http://renault.activities.at/result?searchterm=true&search=reh5277" "Mozilla/5.0 (Windows NT 6.3; WOW64; Trident/7.0; rv:11.0) like Gecko"
188.21.129.54 - - [21/Jan/2020:14:45:26 +0100] "GET /css/clears.css HTTP/1.1" 304 - "http://renault.activities.at/result?searchterm=true&search=reh5277" "Mozilla/5.0 (Windows NT 6.3; WOW64; Trident/7.0; rv:11.0) like Gecko"
188.21.129.54 - - [21/Jan/2020:14:45:26 +0100] "GET /css/print.css HTTP/1.1" 304 - "http://renault.activities.at/result?searchterm=true&search=reh5277" "Mozilla/5.0 (Windows NT 6.3; WOW64; Trident/7.0; rv:11.0) like Gecko"
188.21.129.54 - - [21/Jan/2020:14:45:26 +0100] "GET /js/checkout.css HTTP/1.1" 304 - "http://renault.activities.at/result?searchterm=true&search=reh5277" "Mozilla/5.0 (Windows NT 6.3; WOW64; Trident/7.0; rv:11.0) like Gecko"
188.21.129.54 - - [21/Jan/2020:14:45:26 +0100] "GET /css/prototip.css HTTP/1.1" 304 - "http://renault.activities.at/result?searchterm=true&search=reh5277" "Mozilla/5.0 (Windows NT 6.3; WOW64; Trident/7.0; rv:11.0) like Gecko"
188.21.129.54 - - [21/Jan/2020:14:45:26 +0100] "GET /css/themes/default.css HTTP/1.1" 304 - "http://renault.activities.at/result?searchterm=true&search=reh5277" "Mozilla/5.0 (Windows NT 6.3; WOW64; Trident/7.0; rv:11.0) like Gecko"
188.21.129.54 - - [21/Jan/2020:14:45:26 +0100] "GET /css/themes/alphacube.css HTTP/1.1" 304 - "http://renault.activities.at/result?searchterm=true&search=reh5277" "Mozilla/5.0 (Windows NT 6.3; WOW64; Trident/7.0; rv:11.0) like Gecko"
188.21.129.54 - - [21/Jan/2020:14:45:26 +0100] "GET /js/ProduktGrp.js HTTP/1.1" 304 - "http://renault.activities.at/result?searchterm=true&search=reh5277" "Mozilla/5.0 (Windows NT 6.3; WOW64; Trident/7.0; rv:11.0) like Gecko"
188.21.129.54 - - [21/Jan/2020:14:45:26 +0100] "GET /images/loading.gif HTTP/1.1" 304 - "http://renault.activities.at/result?searchterm=true&search=reh5277" "Mozilla/5.0 (Windows NT 6.3; WOW64; Trident/7.0; rv:11.0) like Gecko"
188.21.129.54 - - [21/Jan/2020:14:45:26 +0100] "GET /images/header_block_corner_left_top.gif HTTP/1.1" 304 - "http://renault.activities.at/result?searchterm=true&search=reh5277" "Mozilla/5.0 (Windows NT 6.3; WOW64; Trident/7.0; rv:11.0) like Gecko"
188.21.129.54 - - [21/Jan/2020:14:45:26 +0100] "GET /images/header_block_corner_right_top.gif HTTP/1.1" 304 - "http://renault.activities.at/result?searchterm=true&search=reh5277" "Mozilla/5.0 (Windows NT 6.3; WOW64; Trident/7.0; rv:11.0) like Gecko"
188.21.129.54 - - [21/Jan/2020:14:45:26 +0100] "GET /images/search_bg.gif HTTP/1.1" 304 - "http://renault.activities.at/result?searchterm=true&search=reh5277" "Mozilla/5.0 (Windows NT 6.3; WOW64; Trident/7.0; rv:11.0) like Gecko"
188.21.129.54 - - [21/Jan/2020:14:45:26 +0100] "GET /images/main_block_border.gif HTTP/1.1" 304 - "http://renault.activities.at/result?searchterm=true&search=reh5277" "Mozilla/5.0 (Windows NT 6.3; WOW64; Trident/7.0; rv:11.0) like Gecko"
188.21.129.54 - - [21/Jan/2020:14:45:26 +0100] "GET /images/main_block_corner_left_top.gif HTTP/1.1" 304 - "http://renault.activities.at/result?searchterm=true&search=reh5277" "Mozilla/5.0 (Windows NT 6.3; WOW64; Trident/7.0; rv:11.0) like Gecko"
188.21.129.54 - - [21/Jan/2020:14:45:26 +0100] "GET /images/main_block_corner_right_bot.gif HTTP/1.1" 304 - "http://renault.activities.at/result?searchterm=true&search=reh5277" "Mozilla/5.0 (Windows NT 6.3; WOW64; Trident/7.0; rv:11.0) like Gecko"
188.21.129.54 - - [21/Jan/2020:14:45:26 +0100] "GET /images/main_block_corner_right_top.gif HTTP/1.1" 304 - "http://renault.activities.at/result?searchterm=true&search=reh5277" "Mozilla/5.0 (Windows NT 6.3; WOW64; Trident/7.0; rv:11.0) like Gecko"
188.21.129.54 - - [21/Jan/2020:14:45:26 +0100] "GET /images/main_block_corner_left_bot.gif HTTP/1.1" 304 - "http://renault.activities.at/result?searchterm=true&search=reh5277" "Mozilla/5.0 (Windows NT 6.3; WOW64; Trident/7.0; rv:11.0) like Gecko"
188.21.129.54 - - [21/Jan/2020:14:45:26 +0100] "GET /loadthumbnail.php?id=10203255 HTTP/1.1" 200 137 "http://renault.activities.at/result?searchterm=true&search=reh5277" "Mozilla/5.0 (Windows NT 6.3; WOW64; Trident/7.0; rv:11.0) like Gecko"
188.21.129.54 - - [21/Jan/2020:14:45:26 +0100] "GET /images/header_block_border.gif HTTP/1.1" 304 - "http://renault.activities.at/result?searchterm=true&search=reh5277" "Mozilla/5.0 (Windows NT 6.3; WOW64; Trident/7.0; rv:11.0) like Gecko"
188.21.129.54 - - [21/Jan/2020:14:45:26 +0100] "GET /images/title_corner_right_top.jpg HTTP/1.1" 304 - "http://renault.activities.at/result?searchterm=true&search=reh5277" "Mozilla/5.0 (Windows NT 6.3; WOW64; Trident/7.0; rv:11.0) like Gecko"
188.21.129.54 - - [21/Jan/2020:14:45:26 +0100] "GET /images/title_corner_left_top.jpg HTTP/1.1" 304 - "http://renault.activities.at/result?searchterm=true&search=reh5277" "Mozilla/5.0 (Windows NT 6.3; WOW64; Trident/7.0; rv:11.0) like Gecko"
188.21.129.54 - - [21/Jan/2020:14:45:26 +0100] "GET /images/pager_bg.gif HTTP/1.1" 304 - "http://renault.activities.at/result?searchterm=true&search=reh5277" "Mozilla/5.0 (Windows NT 6.3; WOW64; Trident/7.0; rv:11.0) like Gecko"
188.21.129.54 - - [21/Jan/2020:14:45:26 +0100] "GET /loadthumbnail.php?id=11592489&width=113 HTTP/1.1" 200 16712 "http://renault.activities.at/result?searchterm=true&search=reh5277" "Mozilla/5.0 (Windows NT 6.3; WOW64; Trident/7.0; rv:11.0) like Gecko"
188.21.129.54 - - [21/Jan/2020:14:45:26 +0100] "GET /images/sidebar_title_corner_left_top.gif HTTP/1.1" 304 - "http://renault.activities.at/result?searchterm=true&search=reh5277" "Mozilla/5.0 (Windows NT 6.3; WOW64; Trident/7.0; rv:11.0) like Gecko"
188.21.129.54 - - [21/Jan/2020:14:45:26 +0100] "GET /images/title_border_top.jpg HTTP/1.1" 304 - "http://renault.activities.at/result?searchterm=true&search=reh5277" "Mozilla/5.0 (Windows NT 6.3; WOW64; Trident/7.0; rv:11.0) like Gecko"
188.21.129.54 - - [21/Jan/2020:14:45:26 +0100] "GET /images/title_border.jpg HTTP/1.1" 304 - "http://renault.activities.at/result?searchterm=true&search=reh5277" "Mozilla/5.0 (Windows NT 6.3; WOW64; Trident/7.0; rv:11.0) like Gecko"
188.21.129.54 - - [21/Jan/2020:14:45:26 +0100] "GET /images/sidebar_title_corner_right_top.gif HTTP/1.1" 304 - "http://renault.activities.at/result?searchterm=true&search=reh5277" "Mozilla/5.0 (Windows NT 6.3; WOW64; Trident/7.0; rv:11.0) like Gecko"
188.21.129.54 - - [21/Jan/2020:14:45:26 +0100] "GET /images/button_bg.gif HTTP/1.1" 304 - "http://renault.activities.at/result?searchterm=true&search=reh5277" "Mozilla/5.0 (Windows NT 6.3; WOW64; Trident/7.0; rv:11.0) like Gecko"
188.21.129.54 - - [21/Jan/2020:14:45:26 +0100] "GET /images/button_right_bg.gif HTTP/1.1" 304 - "http://renault.activities.at/result?searchterm=true&search=reh5277" "Mozilla/5.0 (Windows NT 6.3; WOW64; Trident/7.0; rv:11.0) like Gecko"
188.21.129.54 - - [21/Jan/2020:14:45:26 +0100] "GET /images/menu_divider.gif HTTP/1.1" 304 - "http://renault.activities.at/result?searchterm=true&search=reh5277" "Mozilla/5.0 (Windows NT 6.3; WOW64; Trident/7.0; rv:11.0) like Gecko"
188.21.129.54 - - [21/Jan/2020:14:45:26 +0100] "GET /images/top_links_divider.gif HTTP/1.1" 304 - "http://renault.activities.at/result?searchterm=true&search=reh5277" "Mozilla/5.0 (Windows NT 6.3; WOW64; Trident/7.0; rv:11.0) like Gecko"
188.21.129.54 - - [21/Jan/2020:14:45:26 +0100] "GET /images/button_left_bg.gif HTTP/1.1" 304 - "http://renault.activities.at/result?searchterm=true&search=reh5277" "Mozilla/5.0 (Windows NT 6.3; WOW64; Trident/7.0; rv:11.0) like Gecko"
188.21.129.54 - - [21/Jan/2020:14:45:26 +0100] "GET /images/sidebar_title_border.gif HTTP/1.1" 304 - "http://renault.activities.at/result?searchterm=true&search=reh5277" "Mozilla/5.0 (Windows NT 6.3; WOW64; Trident/7.0; rv:11.0) like Gecko"
188.21.129.54 - - [21/Jan/2020:14:45:26 +0100] "GET /images/sidebar_title_border_top.gif HTTP/1.1" 304 - "http://renault.activities.at/result?searchterm=true&search=reh5277" "Mozilla/5.0 (Windows NT 6.3; WOW64; Trident/7.0; rv:11.0) like Gecko"
188.21.129.54 - - [21/Jan/2020:14:45:26 +0100] "GET /images/menu_button_bg.jpg HTTP/1.1" 304 - "http://renault.activities.at/result?searchterm=true&search=reh5277" "Mozilla/5.0 (Windows NT 6.3; WOW64; Trident/7.0; rv:11.0) like Gecko"
188.21.129.54 - - [21/Jan/2020:14:45:26 +0100] "GET /images/vista-up.gif HTTP/1.1" 304 - "http://renault.activities.at/result?searchterm=true&search=reh5277" "Mozilla/5.0 (Windows NT 6.3; WOW64; Trident/7.0; rv:11.0) like Gecko"
188.21.129.54 - - [21/Jan/2020:14:45:26 +0100] "GET /images/nav_divider.gif HTTP/1.1" 304 - "http://renault.activities.at/result?searchterm=true&search=reh5277" "Mozilla/5.0 (Windows NT 6.3; WOW64; Trident/7.0; rv:11.0) like Gecko"
188.21.129.54 - - [21/Jan/2020:14:45:26 +0100] "GET /images/vista-dn.gif HTTP/1.1" 304 - "http://renault.activities.at/result?searchterm=true&search=reh5277" "Mozilla/5.0 (Windows NT 6.3; WOW64; Trident/7.0; rv:11.0) like Gecko"
188.21.129.54 - - [21/Jan/2020:14:45:26 +0100] "GET /images/footer_divider.gif HTTP/1.1" 304 - "http://renault.activities.at/result?searchterm=true&search=reh5277" "Mozilla/5.0 (Windows NT 6.3; WOW64; Trident/7.0; rv:11.0) like Gecko"
188.21.129.54 - - [21/Jan/2020:14:45:26 +0100] "GET /images/validation_advice_bg.gif HTTP/1.1" 304 - "http://renault.activities.at/result?searchterm=true&search=reh5277" "Mozilla/5.0 (Windows NT 6.3; WOW64; Trident/7.0; rv:11.0) like Gecko"
188.21.129.54 - - [21/Jan/2020:14:45:23 +0100] "POST /axjaxrequest?mode=suggest HTTP/1.1" 200 112 "http://renault.activities.at/account" "Mozilla/5.0 (Windows NT 6.3; WOW64; Trident/7.0; rv:11.0) like Gecko"
212.152.246.134 - - [21/Jan/2020:14:45:41 +0100] "GET /reload?ser=1579614342384 HTTP/1.1" 200 28 "http://renault.activities.at/result?searchterm=true&search=prospekte" "Mozilla/5.0 (Windows NT 10.0; WOW64; Trident/7.0; rv:11.0) like Gecko"
212.152.246.134 - - [21/Jan/2020:14:45:56 +0100] "POST /axjaxrequest?mode=suggest HTTP/1.1" 200 321 "http://renault.activities.at/result?searchterm=true&search=prospekte" "Mozilla/5.0 (Windows NT 10.0; WOW64; Trident/7.0; rv:11.0) like Gecko"
212.152.246.134 - - [21/Jan/2020:14:45:57 +0100] "POST /axjaxrequest?mode=suggest HTTP/1.1" 200 259 "http://renault.activities.at/result?searchterm=true&search=prospekte" "Mozilla/5.0 (Windows NT 10.0; WOW64; Trident/7.0; rv:11.0) like Gecko"
212.152.246.134 - - [21/Jan/2020:14:45:58 +0100] "POST /axjaxrequest?mode=suggest HTTP/1.1" 200 259 "http://renault.activities.at/result?searchterm=true&search=prospekte" "Mozilla/5.0 (Windows NT 10.0; WOW64; Trident/7.0; rv:11.0) like Gecko"
212.152.246.134 - - [21/Jan/2020:14:45:59 +0100] "POST /axjaxrequest?mode=suggest HTTP/1.1" 200 229 "http://renault.activities.at/result?searchterm=true&search=prospekte" "Mozilla/5.0 (Windows NT 10.0; WOW64; Trident/7.0; rv:11.0) like Gecko"
212.152.246.134 - - [21/Jan/2020:14:46:00 +0100] "POST /axjaxrequest?mode=suggest HTTP/1.1" 200 229 "http://renault.activities.at/result?searchterm=true&search=prospekte" "Mozilla/5.0 (Windows NT 10.0; WOW64; Trident/7.0; rv:11.0) like Gecko"
213.153.47.173 - - [21/Jan/2020:14:46:03 +0100] "GET /reload?ser=1579614363391 HTTP/1.1" 200 28 "http://renault.activities.at/login?required=true" "Mozilla/5.0 (Windows NT 10.0; Win64; x64; rv:72.0) Gecko/20100101 Firefox/72.0"
212.152.246.134 - - [21/Jan/2020:14:46:01 +0100] "GET /result?searchterm=true&search=brosch%FCre HTTP/1.1" 200 8719 "http://renault.activities.at/result?searchterm=true&search=prospekte" "Mozilla/5.0 (Windows NT 10.0; WOW64; Trident/7.0; rv:11.0) like Gecko"
212.152.246.129 - - [21/Jan/2020:14:46:13 +0100] "GET /reload?ser=1579614373061 HTTP/1.1" 200 28 "http://renault.activities.at/success" "Mozilla/5.0 (Windows NT 10.0; WOW64; Trident/7.0; rv:11.0) like Gecko"
80.122.221.194 - - [21/Jan/2020:14:46:13 +0100] "GET /reload?ser=1579614373606 HTTP/1.1" 200 28 "http://renault.activities.at/success" "Mozilla/5.0 (Windows NT 10.0; Win64; x64) AppleWebKit/537.36 (KHTML, like Gecko) Chrome/70.0.3538.102 Safari/537.36 Edge/18.18363"
212.152.246.134 - - [21/Jan/2020:14:46:16 +0100] "GET /result?dir=DESC&mode=grid&order=name&limit=15&page=2&search=brosch%C3%BCre HTTP/1.1" 200 8728 "http://renault.activities.at/result?searchterm=true&search=brosch%FCre" "Mozilla/5.0 (Windows NT 10.0; WOW64; Trident/7.0; rv:11.0) like Gecko"
212.152.246.134 - - [21/Jan/2020:14:46:19 +0100] "GET /loadthumbnail.php?id=11967697&width=113 HTTP/1.1" 200 2902 "http://renault.activities.at/result?dir=DESC&mode=grid&order=name&limit=15&page=2&search=brosch%C3%BCre" "Mozilla/5.0 (Windows NT 10.0; WOW64; Trident/7.0; rv:11.0) like Gecko"
212.152.246.134 - - [21/Jan/2020:14:46:19 +0100] "GET /loadthumbnail.php?id=11893885&width=113 HTTP/1.1" 200 3187 "http://renault.activities.at/result?dir=DESC&mode=grid&order=name&limit=15&page=2&search=brosch%C3%BCre" "Mozilla/5.0 (Windows NT 10.0; WOW64; Trident/7.0; rv:11.0) like Gecko"
212.152.246.134 - - [21/Jan/2020:14:46:19 +0100] "GET /loadthumbnail.php?id=11635106&width=113 HTTP/1.1" 200 2935 "http://renault.activities.at/result?dir=DESC&mode=grid&order=name&limit=15&page=2&search=brosch%C3%BCre" "Mozilla/5.0 (Windows NT 10.0; WOW64; Trident/7.0; rv:11.0) like Gecko"
212.152.246.134 - - [21/Jan/2020:14:46:19 +0100] "GET /loadthumbnail.php?id=12101517&width=113 HTTP/1.1" 200 3343 "http://renault.activities.at/result?dir=DESC&mode=grid&order=name&limit=15&page=2&search=brosch%C3%BCre" "Mozilla/5.0 (Windows NT 10.0; WOW64; Trident/7.0; rv:11.0) like Gecko"
212.152.246.134 - - [21/Jan/2020:14:46:19 +0100] "GET /loadthumbnail.php?id=12101507&width=113 HTTP/1.1" 200 3189 "http://renault.activities.at/result?dir=DESC&mode=grid&order=name&limit=15&page=2&search=brosch%C3%BCre" "Mozilla/5.0 (Windows NT 10.0; WOW64; Trident/7.0; rv:11.0) like Gecko"
212.152.246.134 - - [21/Jan/2020:14:46:19 +0100] "GET /loadthumbnail.php?id=12101516&width=113 HTTP/1.1" 200 3056 "http://renault.activities.at/result?dir=DESC&mode=grid&order=name&limit=15&page=2&search=brosch%C3%BCre" "Mozilla/5.0 (Windows NT 10.0; WOW64; Trident/7.0; rv:11.0) like Gecko"
212.152.246.134 - - [21/Jan/2020:14:46:19 +0100] "GET /loadthumbnail.php?id=12127771&width=113 HTTP/1.1" 200 2909 "http://renault.activities.at/result?dir=DESC&mode=grid&order=name&limit=15&page=2&search=brosch%C3%BCre" "Mozilla/5.0 (Windows NT 10.0; WOW64; Trident/7.0; rv:11.0) like Gecko"
212.152.246.134 - - [21/Jan/2020:14:46:19 +0100] "GET /loadthumbnail.php?id=12023913&width=113 HTTP/1.1" 200 3224 "http://renault.activities.at/result?dir=DESC&mode=grid&order=name&limit=15&page=2&search=brosch%C3%BCre" "Mozilla/5.0 (Windows NT 10.0; WOW64; Trident/7.0; rv:11.0) like Gecko"
212.152.246.134 - - [21/Jan/2020:14:46:19 +0100] "GET /loadthumbnail.php?id=11843899&width=113 HTTP/1.1" 200 2755 "http://renault.activities.at/result?dir=DESC&mode=grid&order=name&limit=15&page=2&search=brosch%C3%BCre" "Mozilla/5.0 (Windows NT 10.0; WOW64; Trident/7.0; rv:11.0) like Gecko"
212.152.246.134 - - [21/Jan/2020:14:46:19 +0100] "GET /loadthumbnail.php?id=12137758&width=113 HTTP/1.1" 200 36121 "http://renault.activities.at/result?dir=DESC&mode=grid&order=name&limit=15&page=2&search=brosch%C3%BCre" "Mozilla/5.0 (Windows NT 10.0; WOW64; Trident/7.0; rv:11.0) like Gecko"
213.153.47.173 - - [21/Jan/2020:14:46:21 +0100] "GET /reload?ser=1579614381332 HTTP/1.1" 200 28 "http://renault.activities.at/login?required=true" "Mozilla/5.0 (Windows NT 10.0; Win64; x64; rv:72.0) Gecko/20100101 Firefox/72.0"
213.153.47.173 - - [21/Jan/2020:14:47:03 +0100] "GET /reload?ser=1579614424037 HTTP/1.1" 200 28 "http://renault.activities.at/login?required=true" "Mozilla/5.0 (Windows NT 10.0; Win64; x64; rv:72.0) Gecko/20100101 Firefox/72.0"
212.152.246.129 - - [21/Jan/2020:14:47:14 +0100] "GET /reload?ser=1579614434073 HTTP/1.1" 200 28 "http://renault.activities.at/success" "Mozilla/5.0 (Windows NT 10.0; WOW64; Trident/7.0; rv:11.0) like Gecko"
80.122.221.194 - - [21/Jan/2020:14:47:14 +0100] "GET /reload?ser=1579614434604 HTTP/1.1" 200 28 "http://renault.activities.at/success" "Mozilla/5.0 (Windows NT 10.0; Win64; x64) AppleWebKit/537.36 (KHTML, like Gecko) Chrome/70.0.3538.102 Safari/537.36 Edge/18.18363"
212.152.246.134 - - [21/Jan/2020:14:47:19 +0100] "GET /reload?ser=1579614440783 HTTP/1.1" 200 28 "http://renault.activities.at/result?dir=DESC&mode=grid&order=name&limit=15&page=2&search=brosch%C3%BCre" "Mozilla/5.0 (Windows NT 10.0; WOW64; Trident/7.0; rv:11.0) like Gecko"
213.153.47.173 - - [21/Jan/2020:14:47:21 +0100] "GET /reload?ser=1579614441976 HTTP/1.1" 200 28 "http://renault.activities.at/login?required=true" "Mozilla/5.0 (Windows NT 10.0; Win64; x64; rv:72.0) Gecko/20100101 Firefox/72.0"
212.152.246.134 - - [21/Jan/2020:14:47:45 +0100] "GET /result?dir=DESC&mode=grid&order=name&limit=15&page=3&search=brosch%C3%BCre HTTP/1.1" 200 8691 "http://renault.activities.at/result?dir=DESC&mode=grid&order=name&limit=15&page=2&search=brosch%C3%BCre" "Mozilla/5.0 (Windows NT 10.0; WOW64; Trident/7.0; rv:11.0) like Gecko"
212.152.246.134 - - [21/Jan/2020:14:47:48 +0100] "GET /loadthumbnail.php?id=11228566&width=113 HTTP/1.1" 200 4033 "http://renault.activities.at/result?dir=DESC&mode=grid&order=name&limit=15&page=3&search=brosch%C3%BCre" "Mozilla/5.0 (Windows NT 10.0; WOW64; Trident/7.0; rv:11.0) like Gecko"
212.152.246.134 - - [21/Jan/2020:14:47:48 +0100] "GET /loadthumbnail.php?id=11847426&width=113 HTTP/1.1" 200 2727 "http://renault.activities.at/result?dir=DESC&mode=grid&order=name&limit=15&page=3&search=brosch%C3%BCre" "Mozilla/5.0 (Windows NT 10.0; WOW64; Trident/7.0; rv:11.0) like Gecko"
