193.194.132.30 - - [22/Jan/2020:12:14:05 +0100] "GET /loadthumbnail.php?id=11351222&width=113 HTTP/1.1" 200 17851 "http://renault.2web.at/10201442?dir=ASC&mode=grid&order=name&limit=15&page=1" "Mozilla/5.0 (Windows NT 10.0; Win64; x64) AppleWebKit/537.36 (KHTML, like Gecko) Chrome/79.0.3945.130 Safari/537.36"
193.194.132.30 - - [22/Jan/2020:12:14:05 +0100] "GET /loadthumbnail.php?id=11089820&width=113 HTTP/1.1" 200 2212 "http://renault.2web.at/10201442?dir=ASC&mode=grid&order=name&limit=15&page=1" "Mozilla/5.0 (Windows NT 10.0; Win64; x64) AppleWebKit/537.36 (KHTML, like Gecko) Chrome/79.0.3945.130 Safari/537.36"
193.194.132.30 - - [22/Jan/2020:12:14:05 +0100] "GET /loadthumbnail.php?id=11423838&width=113 HTTP/1.1" 200 2865 "http://renault.2web.at/10201442?dir=ASC&mode=grid&order=name&limit=15&page=1" "Mozilla/5.0 (Windows NT 10.0; Win64; x64) AppleWebKit/537.36 (KHTML, like Gecko) Chrome/79.0.3945.130 Safari/537.36"
193.194.132.30 - - [22/Jan/2020:12:14:05 +0100] "GET /loadthumbnail.php?id=11831525&width=113 HTTP/1.1" 200 4126 "http://renault.2web.at/10201442?dir=ASC&mode=grid&order=name&limit=15&page=1" "Mozilla/5.0 (Windows NT 10.0; Win64; x64) AppleWebKit/537.36 (KHTML, like Gecko) Chrome/79.0.3945.130 Safari/537.36"
193.194.132.30 - - [22/Jan/2020:12:14:06 +0100] "GET /loadthumbnail.php?id=11351226&width=113 HTTP/1.1" 200 16210 "http://renault.2web.at/10201442?dir=ASC&mode=grid&order=name&limit=15&page=1" "Mozilla/5.0 (Windows NT 10.0; Win64; x64) AppleWebKit/537.36 (KHTML, like Gecko) Chrome/79.0.3945.130 Safari/537.36"
193.194.132.30 - - [22/Jan/2020:12:14:06 +0100] "GET /loadthumbnail.php?id=10729892&width=113 HTTP/1.1" 200 4176 "http://renault.2web.at/10201442?dir=ASC&mode=grid&order=name&limit=15&page=1" "Mozilla/5.0 (Windows NT 10.0; Win64; x64) AppleWebKit/537.36 (KHTML, like Gecko) Chrome/79.0.3945.130 Safari/537.36"
193.194.132.30 - - [22/Jan/2020:12:14:06 +0100] "GET /loadthumbnail.php?id=11304858&width=113 HTTP/1.1" 200 1289 "http://renault.2web.at/10201442?dir=ASC&mode=grid&order=name&limit=15&page=1" "Mozilla/5.0 (Windows NT 10.0; Win64; x64) AppleWebKit/537.36 (KHTML, like Gecko) Chrome/79.0.3945.130 Safari/537.36"
193.194.132.30 - - [22/Jan/2020:12:14:06 +0100] "GET /loadthumbnail.php?id=11197547&width=113 HTTP/1.1" 200 9073 "http://renault.2web.at/10201442?dir=ASC&mode=grid&order=name&limit=15&page=1" "Mozilla/5.0 (Windows NT 10.0; Win64; x64) AppleWebKit/537.36 (KHTML, like Gecko) Chrome/79.0.3945.130 Safari/537.36"
193.194.132.30 - - [22/Jan/2020:12:14:06 +0100] "GET /loadthumbnail.php?id=12136020&width=113 HTTP/1.1" 200 5759 "http://renault.2web.at/10201442?dir=ASC&mode=grid&order=name&limit=15&page=1" "Mozilla/5.0 (Windows NT 10.0; Win64; x64) AppleWebKit/537.36 (KHTML, like Gecko) Chrome/79.0.3945.130 Safari/537.36"
213.153.47.173 - - [22/Jan/2020:12:14:30 +0100] "GET /reload?ser=1579691670188 HTTP/1.1" 200 28 "http://renault.activities.at/login?required=true" "Mozilla/5.0 (Windows NT 10.0; Win64; x64; rv:72.0) Gecko/20100101 Firefox/72.0"
193.194.132.30 - - [22/Jan/2020:12:14:32 +0100] "GET /css/themes/alphacube/top_mid.gif HTTP/1.1" 200 833 "http://renault.2web.at/css/themes/alphacube.css" "Mozilla/5.0 (Windows NT 10.0; Win64; x64) AppleWebKit/537.36 (KHTML, like Gecko) Chrome/79.0.3945.130 Safari/537.36"
193.194.132.30 - - [22/Jan/2020:12:14:32 +0100] "GET /css/themes/alphacube/frame_right.gif HTTP/1.1" 200 64 "http://renault.2web.at/css/themes/alphacube.css" "Mozilla/5.0 (Windows NT 10.0; Win64; x64) AppleWebKit/537.36 (KHTML, like Gecko) Chrome/79.0.3945.130 Safari/537.36"
193.194.132.30 - - [22/Jan/2020:12:14:32 +0100] "GET /css/themes/alphacube/bottom_middle.gif HTTP/1.1" 200 44 "http://renault.2web.at/css/themes/alphacube.css" "Mozilla/5.0 (Windows NT 10.0; Win64; x64) AppleWebKit/537.36 (KHTML, like Gecko) Chrome/79.0.3945.130 Safari/537.36"
193.194.132.30 - - [22/Jan/2020:12:14:32 +0100] "GET /css/themes/alphacube/frame_left.gif HTTP/1.1" 200 64 "http://renault.2web.at/css/themes/alphacube.css" "Mozilla/5.0 (Windows NT 10.0; Win64; x64) AppleWebKit/537.36 (KHTML, like Gecko) Chrome/79.0.3945.130 Safari/537.36"
193.194.132.30 - - [22/Jan/2020:12:14:32 +0100] "GET /css/themes/alphacube/button-close-focus.gif HTTP/1.1" 200 699 "http://renault.2web.at/css/themes/alphacube.css" "Mozilla/5.0 (Windows NT 10.0; Win64; x64) AppleWebKit/537.36 (KHTML, like Gecko) Chrome/79.0.3945.130 Safari/537.36"
193.194.132.30 - - [22/Jan/2020:12:14:32 +0100] "GET /css/themes/alphacube/bottom_left-c.gif HTTP/1.1" 200 62 "http://renault.2web.at/css/themes/alphacube.css" "Mozilla/5.0 (Windows NT 10.0; Win64; x64) AppleWebKit/537.36 (KHTML, like Gecko) Chrome/79.0.3945.130 Safari/537.36"
193.194.132.30 - - [22/Jan/2020:12:14:32 +0100] "GET /css/themes/alphacube/top_right.gif HTTP/1.1" 200 972 "http://renault.2web.at/css/themes/alphacube.css" "Mozilla/5.0 (Windows NT 10.0; Win64; x64) AppleWebKit/537.36 (KHTML, like Gecko) Chrome/79.0.3945.130 Safari/537.36"
193.194.132.30 - - [22/Jan/2020:12:14:32 +0100] "GET /css/themes/alphacube/bottom_right-c.gif HTTP/1.1" 200 62 "http://renault.2web.at/css/themes/alphacube.css" "Mozilla/5.0 (Windows NT 10.0; Win64; x64) AppleWebKit/537.36 (KHTML, like Gecko) Chrome/79.0.3945.130 Safari/537.36"
193.194.132.30 - - [22/Jan/2020:12:14:32 +0100] "GET /css/themes/alphacube/top_left.gif HTTP/1.1" 200 973 "http://renault.2web.at/css/themes/alphacube.css" "Mozilla/5.0 (Windows NT 10.0; Win64; x64) AppleWebKit/537.36 (KHTML, like Gecko) Chrome/79.0.3945.130 Safari/537.36"
193.194.132.30 - - [22/Jan/2020:12:14:32 +0100] "GET /11170029?print=true HTTP/1.1" 200 2623 "http://renault.2web.at/10201442?dir=ASC&mode=grid&order=name&limit=15&page=1" "Mozilla/5.0 (Windows NT 10.0; Win64; x64) AppleWebKit/537.36 (KHTML, like Gecko) Chrome/79.0.3945.130 Safari/537.36"
193.194.132.30 - - [22/Jan/2020:12:14:36 +0100] "GET /js/magiczoom/magiczoom.css HTTP/1.1" 200 1210 "http://renault.2web.at/11170029?print=true" "Mozilla/5.0 (Windows NT 10.0; Win64; x64) AppleWebKit/537.36 (KHTML, like Gecko) Chrome/79.0.3945.130 Safari/537.36"
193.194.132.30 - - [22/Jan/2020:12:14:36 +0100] "GET /js/Produkt.js HTTP/1.1" 200 852 "http://renault.2web.at/11170029?print=true" "Mozilla/5.0 (Windows NT 10.0; Win64; x64) AppleWebKit/537.36 (KHTML, like Gecko) Chrome/79.0.3945.130 Safari/537.36"
193.194.132.30 - - [22/Jan/2020:12:14:36 +0100] "GET /js/magiczoom/magiczoom.js HTTP/1.1" 200 26397 "http://renault.2web.at/11170029?print=true" "Mozilla/5.0 (Windows NT 10.0; Win64; x64) AppleWebKit/537.36 (KHTML, like Gecko) Chrome/79.0.3945.130 Safari/537.36"
193.194.132.30 - - [22/Jan/2020:12:14:36 +0100] "GET /loadthumbnail.php?id=11170050&width=250 HTTP/1.1" 200 3666 "http://renault.2web.at/11170029?print=true" "Mozilla/5.0 (Windows NT 10.0; Win64; x64) AppleWebKit/537.36 (KHTML, like Gecko) Chrome/79.0.3945.130 Safari/537.36"
193.194.132.30 - - [22/Jan/2020:12:14:36 +0100] "GET /loadthumbnail.php?id=11170050&width=900&height=900 HTTP/1.1" 200 8260 "http://renault.2web.at/11170029?print=true" "Mozilla/5.0 (Windows NT 10.0; Win64; x64) AppleWebKit/537.36 (KHTML, like Gecko) Chrome/79.0.3945.130 Safari/537.36"
193.194.132.30 - - [22/Jan/2020:12:14:37 +0100] "GET /js/magiczoom/graphics/loader.gif HTTP/1.1" 200 1849 "http://renault.2web.at/js/magiczoom/magiczoom.css" "Mozilla/5.0 (Windows NT 10.0; Win64; x64) AppleWebKit/537.36 (KHTML, like Gecko) Chrome/79.0.3945.130 Safari/537.36"
193.194.132.30 - - [22/Jan/2020:12:14:37 +0100] "GET /js/magiczoom/graphics/zoomin.cur HTTP/1.1" 200 326 "http://renault.2web.at/js/magiczoom/magiczoom.css" "Mozilla/5.0 (Windows NT 10.0; Win64; x64) AppleWebKit/537.36 (KHTML, like Gecko) Chrome/79.0.3945.130 Safari/537.36"
193.194.132.30 - - [22/Jan/2020:12:14:37 +0100] "GET /js/magiczoom/graphics/hint.gif HTTP/1.1" 200 73 "http://renault.2web.at/js/magiczoom/magiczoom.css" "Mozilla/5.0 (Windows NT 10.0; Win64; x64) AppleWebKit/537.36 (KHTML, like Gecko) Chrome/79.0.3945.130 Safari/537.36"
80.122.221.194 - - [22/Jan/2020:12:14:40 +0100] "GET /reload?ser=1579691680338 HTTP/1.1" 200 28 "http://renault.activities.at/success" "Mozilla/5.0 (Windows NT 10.0; Win64; x64) AppleWebKit/537.36 (KHTML, like Gecko) Chrome/70.0.3538.102 Safari/537.36 Edge/18.18363"
80.122.53.230 - - [22/Jan/2020:12:15:03 +0100] "GET /reload?ser=1579691703881 HTTP/1.1" 200 28 "http://renault.activities.at/result?dir=DESC&mode=grid&order=name&limit=15&page=1&search=flag" "Mozilla/5.0 (Windows NT 10.0; WOW64; Trident/7.0; rv:11.0) like Gecko"
193.194.132.30 - - [22/Jan/2020:12:15:07 +0100] "GET /reload?ser=1579691707284 HTTP/1.1" 200 28 "http://renault.2web.at/10201442?dir=ASC&mode=grid&order=name&limit=15&page=1" "Mozilla/5.0 (Windows NT 10.0; Win64; x64) AppleWebKit/537.36 (KHTML, like Gecko) Chrome/79.0.3945.130 Safari/537.36"
193.194.132.30 - - [22/Jan/2020:12:15:11 +0100] "GET /10201442?dir=ASC&mode=grid&order=name&limit=15&page=2 HTTP/1.1" 200 11119 "http://renault.2web.at/10201442?dir=ASC&mode=grid&order=name&limit=15&page=1" "Mozilla/5.0 (Windows NT 10.0; Win64; x64) AppleWebKit/537.36 (KHTML, like Gecko) Chrome/79.0.3945.130 Safari/537.36"
193.194.132.30 - - [22/Jan/2020:12:15:15 +0100] "GET /loadthumbnail.php?id=11715009&width=113 HTTP/1.1" 200 22295 "http://renault.2web.at/10201442?dir=ASC&mode=grid&order=name&limit=15&page=2" "Mozilla/5.0 (Windows NT 10.0; Win64; x64) AppleWebKit/537.36 (KHTML, like Gecko) Chrome/79.0.3945.130 Safari/537.36"
193.194.132.30 - - [22/Jan/2020:12:15:15 +0100] "GET /loadthumbnail.php?id=10562347&width=113 HTTP/1.1" 200 4993 "http://renault.2web.at/10201442?dir=ASC&mode=grid&order=name&limit=15&page=2" "Mozilla/5.0 (Windows NT 10.0; Win64; x64) AppleWebKit/537.36 (KHTML, like Gecko) Chrome/79.0.3945.130 Safari/537.36"
193.194.132.30 - - [22/Jan/2020:12:15:15 +0100] "GET /loadthumbnail.php?id=10562346&width=113 HTTP/1.1" 200 5314 "http://renault.2web.at/10201442?dir=ASC&mode=grid&order=name&limit=15&page=2" "Mozilla/5.0 (Windows NT 10.0; Win64; x64) AppleWebKit/537.36 (KHTML, like Gecko) Chrome/79.0.3945.130 Safari/537.36"
193.194.132.30 - - [22/Jan/2020:12:15:15 +0100] "GET /loadthumbnail.php?id=11078141&width=113 HTTP/1.1" 200 8866 "http://renault.2web.at/10201442?dir=ASC&mode=grid&order=name&limit=15&page=2" "Mozilla/5.0 (Windows NT 10.0; Win64; x64) AppleWebKit/537.36 (KHTML, like Gecko) Chrome/79.0.3945.130 Safari/537.36"
193.194.132.30 - - [22/Jan/2020:12:15:15 +0100] "GET /loadthumbnail.php?id=11124852&width=113 HTTP/1.1" 200 8535 "http://renault.2web.at/10201442?dir=ASC&mode=grid&order=name&limit=15&page=2" "Mozilla/5.0 (Windows NT 10.0; Win64; x64) AppleWebKit/537.36 (KHTML, like Gecko) Chrome/79.0.3945.130 Safari/537.36"
193.194.132.30 - - [22/Jan/2020:12:15:15 +0100] "GET /loadthumbnail.php?id=12136016&width=113 HTTP/1.1" 200 6678 "http://renault.2web.at/10201442?dir=ASC&mode=grid&order=name&limit=15&page=2" "Mozilla/5.0 (Windows NT 10.0; Win64; x64) AppleWebKit/537.36 (KHTML, like Gecko) Chrome/79.0.3945.130 Safari/537.36"
193.194.132.30 - - [22/Jan/2020:12:15:15 +0100] "GET /loadthumbnail.php?id=11715005&width=113 HTTP/1.1" 200 30128 "http://renault.2web.at/10201442?dir=ASC&mode=grid&order=name&limit=15&page=2" "Mozilla/5.0 (Windows NT 10.0; Win64; x64) AppleWebKit/537.36 (KHTML, like Gecko) Chrome/79.0.3945.130 Safari/537.36"
193.194.132.30 - - [22/Jan/2020:12:15:16 +0100] "GET /loadthumbnail.php?id=11658108&width=113 HTTP/1.1" 200 27184 "http://renault.2web.at/10201442?dir=ASC&mode=grid&order=name&limit=15&page=2" "Mozilla/5.0 (Windows NT 10.0; Win64; x64) AppleWebKit/537.36 (KHTML, like Gecko) Chrome/79.0.3945.130 Safari/537.36"
193.194.132.30 - - [22/Jan/2020:12:15:16 +0100] "GET /loadthumbnail.php?id=11877811&width=113 HTTP/1.1" 200 27053 "http://renault.2web.at/10201442?dir=ASC&mode=grid&order=name&limit=15&page=2" "Mozilla/5.0 (Windows NT 10.0; Win64; x64) AppleWebKit/537.36 (KHTML, like Gecko) Chrome/79.0.3945.130 Safari/537.36"
193.194.132.30 - - [22/Jan/2020:12:15:16 +0100] "GET /loadthumbnail.php?id=10970931&width=113 HTTP/1.1" 200 6246 "http://renault.2web.at/10201442?dir=ASC&mode=grid&order=name&limit=15&page=2" "Mozilla/5.0 (Windows NT 10.0; Win64; x64) AppleWebKit/537.36 (KHTML, like Gecko) Chrome/79.0.3945.130 Safari/537.36"
193.194.132.30 - - [22/Jan/2020:12:15:16 +0100] "GET /loadthumbnail.php?id=11334755&width=113 HTTP/1.1" 200 23865 "http://renault.2web.at/10201442?dir=ASC&mode=grid&order=name&limit=15&page=2" "Mozilla/5.0 (Windows NT 10.0; Win64; x64) AppleWebKit/537.36 (KHTML, like Gecko) Chrome/79.0.3945.130 Safari/537.36"
193.194.132.30 - - [22/Jan/2020:12:15:16 +0100] "GET /loadthumbnail.php?id=11334756&width=113 HTTP/1.1" 200 24626 "http://renault.2web.at/10201442?dir=ASC&mode=grid&order=name&limit=15&page=2" "Mozilla/5.0 (Windows NT 10.0; Win64; x64) AppleWebKit/537.36 (KHTML, like Gecko) Chrome/79.0.3945.130 Safari/537.36"
193.194.132.30 - - [22/Jan/2020:12:15:16 +0100] "GET /loadthumbnail.php?id=11319961&width=113 HTTP/1.1" 200 27077 "http://renault.2web.at/10201442?dir=ASC&mode=grid&order=name&limit=15&page=2" "Mozilla/5.0 (Windows NT 10.0; Win64; x64) AppleWebKit/537.36 (KHTML, like Gecko) Chrome/79.0.3945.130 Safari/537.36"
213.153.47.173 - - [22/Jan/2020:12:15:30 +0100] "GET /reload?ser=1579691730844 HTTP/1.1" 200 28 "http://renault.activities.at/login?required=true" "Mozilla/5.0 (Windows NT 10.0; Win64; x64; rv:72.0) Gecko/20100101 Firefox/72.0"
193.194.132.30 - - [22/Jan/2020:12:15:34 +0100] "GET /10201442?dir=ASC&mode=grid&order=name&limit=15&page=3 HTTP/1.1" 200 11215 "http://renault.2web.at/10201442?dir=ASC&mode=grid&order=name&limit=15&page=2" "Mozilla/5.0 (Windows NT 10.0; Win64; x64) AppleWebKit/537.36 (KHTML, like Gecko) Chrome/79.0.3945.130 Safari/537.36"
193.194.132.30 - - [22/Jan/2020:12:15:38 +0100] "GET /loadthumbnail.php?id=11164747&width=113 HTTP/1.1" 200 26121 "http://renault.2web.at/10201442?dir=ASC&mode=grid&order=name&limit=15&page=3" "Mozilla/5.0 (Windows NT 10.0; Win64; x64) AppleWebKit/537.36 (KHTML, like Gecko) Chrome/79.0.3945.130 Safari/537.36"
193.194.132.30 - - [22/Jan/2020:12:15:38 +0100] "GET /loadthumbnail.php?id=11319984&width=113 HTTP/1.1" 200 28924 "http://renault.2web.at/10201442?dir=ASC&mode=grid&order=name&limit=15&page=3" "Mozilla/5.0 (Windows NT 10.0; Win64; x64) AppleWebKit/537.36 (KHTML, like Gecko) Chrome/79.0.3945.130 Safari/537.36"
193.194.132.30 - - [22/Jan/2020:12:15:38 +0100] "GET /loadthumbnail.php?id=11342067&width=113 HTTP/1.1" 200 21913 "http://renault.2web.at/10201442?dir=ASC&mode=grid&order=name&limit=15&page=3" "Mozilla/5.0 (Windows NT 10.0; Win64; x64) AppleWebKit/537.36 (KHTML, like Gecko) Chrome/79.0.3945.130 Safari/537.36"
193.194.132.30 - - [22/Jan/2020:12:15:38 +0100] "GET /loadthumbnail.php?id=11342066&width=113 HTTP/1.1" 200 28015 "http://renault.2web.at/10201442?dir=ASC&mode=grid&order=name&limit=15&page=3" "Mozilla/5.0 (Windows NT 10.0; Win64; x64) AppleWebKit/537.36 (KHTML, like Gecko) Chrome/79.0.3945.130 Safari/537.36"
193.194.132.30 - - [22/Jan/2020:12:15:38 +0100] "GET /loadthumbnail.php?id=11504934&width=113 HTTP/1.1" 200 34212 "http://renault.2web.at/10201442?dir=ASC&mode=grid&order=name&limit=15&page=3" "Mozilla/5.0 (Windows NT 10.0; Win64; x64) AppleWebKit/537.36 (KHTML, like Gecko) Chrome/79.0.3945.130 Safari/537.36"
80.122.221.194 - - [22/Jan/2020:12:15:41 +0100] "GET /reload?ser=1579691741334 HTTP/1.1" 200 28 "http://renault.activities.at/success" "Mozilla/5.0 (Windows NT 10.0; Win64; x64) AppleWebKit/537.36 (KHTML, like Gecko) Chrome/70.0.3538.102 Safari/537.36 Edge/18.18363"
193.194.132.30 - - [22/Jan/2020:12:15:56 +0100] "GET /10201442?dir=ASC&mode=grid&order=name&limit=15&page=4 HTTP/1.1" 200 11103 "http://renault.2web.at/10201442?dir=ASC&mode=grid&order=name&limit=15&page=3" "Mozilla/5.0 (Windows NT 10.0; Win64; x64) AppleWebKit/537.36 (KHTML, like Gecko) Chrome/79.0.3945.130 Safari/537.36"
80.122.53.230 - - [22/Jan/2020:12:16:04 +0100] "GET /reload?ser=1579691764869 HTTP/1.1" 200 28 "http://renault.activities.at/result?dir=DESC&mode=grid&order=name&limit=15&page=1&search=flag" "Mozilla/5.0 (Windows NT 10.0; WOW64; Trident/7.0; rv:11.0) like Gecko"
193.194.132.30 - - [22/Jan/2020:12:16:13 +0100] "GET /10201442?dir=ASC&mode=grid&order=name&limit=15&page=5 HTTP/1.1" 200 11028 "http://renault.2web.at/10201442?dir=ASC&mode=grid&order=name&limit=15&page=4" "Mozilla/5.0 (Windows NT 10.0; Win64; x64) AppleWebKit/537.36 (KHTML, like Gecko) Chrome/79.0.3945.130 Safari/537.36"
213.153.47.173 - - [22/Jan/2020:12:16:31 +0100] "GET /reload?ser=1579691791509 HTTP/1.1" 200 28 "http://renault.activities.at/login?required=true" "Mozilla/5.0 (Windows NT 10.0; Win64; x64; rv:72.0) Gecko/20100101 Firefox/72.0"
193.194.132.30 - - [22/Jan/2020:12:16:29 +0100] "GET /10201442?dir=ASC&mode=grid&order=name&limit=15&page=6 HTTP/1.1" 200 11262 "http://renault.2web.at/10201442?dir=ASC&mode=grid&order=name&limit=15&page=5" "Mozilla/5.0 (Windows NT 10.0; Win64; x64) AppleWebKit/537.36 (KHTML, like Gecko) Chrome/79.0.3945.130 Safari/537.36"
193.194.132.30 - - [22/Jan/2020:12:16:33 +0100] "GET /loadthumbnail.php?id=11825611&width=113 HTTP/1.1" 200 1298 "http://renault.2web.at/10201442?dir=ASC&mode=grid&order=name&limit=15&page=6" "Mozilla/5.0 (Windows NT 10.0; Win64; x64) AppleWebKit/537.36 (KHTML, like Gecko) Chrome/79.0.3945.130 Safari/537.36"
193.194.132.30 - - [22/Jan/2020:12:16:33 +0100] "GET /loadthumbnail.php?id=11730248&width=113 HTTP/1.1" 200 4910 "http://renault.2web.at/10201442?dir=ASC&mode=grid&order=name&limit=15&page=6" "Mozilla/5.0 (Windows NT 10.0; Win64; x64) AppleWebKit/537.36 (KHTML, like Gecko) Chrome/79.0.3945.130 Safari/537.36"
193.194.132.30 - - [22/Jan/2020:12:16:33 +0100] "GET /loadthumbnail.php?id=11825610&width=113 HTTP/1.1" 200 1298 "http://renault.2web.at/10201442?dir=ASC&mode=grid&order=name&limit=15&page=6" "Mozilla/5.0 (Windows NT 10.0; Win64; x64) AppleWebKit/537.36 (KHTML, like Gecko) Chrome/79.0.3945.130 Safari/537.36"
193.194.132.30 - - [22/Jan/2020:12:16:33 +0100] "GET /loadthumbnail.php?id=11825612&width=113 HTTP/1.1" 200 2858 "http://renault.2web.at/10201442?dir=ASC&mode=grid&order=name&limit=15&page=6" "Mozilla/5.0 (Windows NT 10.0; Win64; x64) AppleWebKit/537.36 (KHTML, like Gecko) Chrome/79.0.3945.130 Safari/537.36"
193.194.132.30 - - [22/Jan/2020:12:16:33 +0100] "GET /loadthumbnail.php?id=10413489&width=113 HTTP/1.1" 200 3213 "http://renault.2web.at/10201442?dir=ASC&mode=grid&order=name&limit=15&page=6" "Mozilla/5.0 (Windows NT 10.0; Win64; x64) AppleWebKit/537.36 (KHTML, like Gecko) Chrome/79.0.3945.130 Safari/537.36"
193.194.132.30 - - [22/Jan/2020:12:16:33 +0100] "GET /loadthumbnail.php?id=11776453&width=113 HTTP/1.1" 200 1248 "http://renault.2web.at/10201442?dir=ASC&mode=grid&order=name&limit=15&page=6" "Mozilla/5.0 (Windows NT 10.0; Win64; x64) AppleWebKit/537.36 (KHTML, like Gecko) Chrome/79.0.3945.130 Safari/537.36"
193.194.132.30 - - [22/Jan/2020:12:16:34 +0100] "GET /loadthumbnail.php?id=11730458&width=113 HTTP/1.1" 200 4795 "http://renault.2web.at/10201442?dir=ASC&mode=grid&order=name&limit=15&page=6" "Mozilla/5.0 (Windows NT 10.0; Win64; x64) AppleWebKit/537.36 (KHTML, like Gecko) Chrome/79.0.3945.130 Safari/537.36"
193.194.132.30 - - [22/Jan/2020:12:16:34 +0100] "GET /loadthumbnail.php?id=11730459&width=113 HTTP/1.1" 200 4795 "http://renault.2web.at/10201442?dir=ASC&mode=grid&order=name&limit=15&page=6" "Mozilla/5.0 (Windows NT 10.0; Win64; x64) AppleWebKit/537.36 (KHTML, like Gecko) Chrome/79.0.3945.130 Safari/537.36"
193.194.132.30 - - [22/Jan/2020:12:16:34 +0100] "GET /loadthumbnail.php?id=11249798&width=113 HTTP/1.1" 200 2985 "http://renault.2web.at/10201442?dir=ASC&mode=grid&order=name&limit=15&page=6" "Mozilla/5.0 (Windows NT 10.0; Win64; x64) AppleWebKit/537.36 (KHTML, like Gecko) Chrome/79.0.3945.130 Safari/537.36"
193.194.132.30 - - [22/Jan/2020:12:16:34 +0100] "GET /loadthumbnail.php?id=12025504&width=113 HTTP/1.1" 200 19297 "http://renault.2web.at/10201442?dir=ASC&mode=grid&order=name&limit=15&page=6" "Mozilla/5.0 (Windows NT 10.0; Win64; x64) AppleWebKit/537.36 (KHTML, like Gecko) Chrome/79.0.3945.130 Safari/537.36"
193.194.132.30 - - [22/Jan/2020:12:16:34 +0100] "GET /loadthumbnail.php?id=11249797&width=113 HTTP/1.1" 200 2985 "http://renault.2web.at/10201442?dir=ASC&mode=grid&order=name&limit=15&page=6" "Mozilla/5.0 (Windows NT 10.0; Win64; x64) AppleWebKit/537.36 (KHTML, like Gecko) Chrome/79.0.3945.130 Safari/537.36"
80.122.221.194 - - [22/Jan/2020:12:16:42 +0100] "GET /reload?ser=1579691802337 HTTP/1.1" 200 28 "http://renault.activities.at/success" "Mozilla/5.0 (Windows NT 10.0; Win64; x64) AppleWebKit/537.36 (KHTML, like Gecko) Chrome/70.0.3538.102 Safari/537.36 Edge/18.18363"
193.194.132.30 - - [22/Jan/2020:12:16:52 +0100] "GET /11825557?print=true HTTP/1.1" 200 2652 "http://renault.2web.at/10201442?dir=ASC&mode=grid&order=name&limit=15&page=6" "Mozilla/5.0 (Windows NT 10.0; Win64; x64) AppleWebKit/537.36 (KHTML, like Gecko) Chrome/79.0.3945.130 Safari/537.36"
193.194.132.30 - - [22/Jan/2020:12:16:56 +0100] "GET /loadthumbnail.php?id=11825612&width=250 HTTP/1.1" 200 6294 "http://renault.2web.at/11825557?print=true" "Mozilla/5.0 (Windows NT 10.0; Win64; x64) AppleWebKit/537.36 (KHTML, like Gecko) Chrome/79.0.3945.130 Safari/537.36"
193.194.132.30 - - [22/Jan/2020:12:16:56 +0100] "GET /loadthumbnail.php?id=11825612&width=900&height=900 HTTP/1.1" 200 6294 "http://renault.2web.at/11825557?print=true" "Mozilla/5.0 (Windows NT 10.0; Win64; x64) AppleWebKit/537.36 (KHTML, like Gecko) Chrome/79.0.3945.130 Safari/537.36"
80.122.53.230 - - [22/Jan/2020:12:17:05 +0100] "GET /reload?ser=1579691825841 HTTP/1.1" 200 28 "http://renault.activities.at/result?dir=DESC&mode=grid&order=name&limit=15&page=1&search=flag" "Mozilla/5.0 (Windows NT 10.0; WOW64; Trident/7.0; rv:11.0) like Gecko"
193.194.132.30 - - [22/Jan/2020:12:17:12 +0100] "GET /11729780?print=true HTTP/1.1" 200 2644 "http://renault.2web.at/10201442?dir=ASC&mode=grid&order=name&limit=15&page=6" "Mozilla/5.0 (Windows NT 10.0; Win64; x64) AppleWebKit/537.36 (KHTML, like Gecko) Chrome/79.0.3945.130 Safari/537.36"
193.194.132.30 - - [22/Jan/2020:12:17:15 +0100] "GET /loadthumbnail.php?id=11730459&width=250 HTTP/1.1" 200 9134 "http://renault.2web.at/11729780?print=true" "Mozilla/5.0 (Windows NT 10.0; Win64; x64) AppleWebKit/537.36 (KHTML, like Gecko) Chrome/79.0.3945.130 Safari/537.36"
193.194.132.30 - - [22/Jan/2020:12:17:15 +0100] "GET /loadthumbnail.php?id=11730459&width=900&height=900 HTTP/1.1" 200 10766 "http://renault.2web.at/11729780?print=true" "Mozilla/5.0 (Windows NT 10.0; Win64; x64) AppleWebKit/537.36 (KHTML, like Gecko) Chrome/79.0.3945.130 Safari/537.36"
213.153.47.173 - - [22/Jan/2020:12:17:32 +0100] "GET /reload?ser=1579691852155 HTTP/1.1" 200 28 "http://renault.activities.at/login?required=true" "Mozilla/5.0 (Windows NT 10.0; Win64; x64; rv:72.0) Gecko/20100101 Firefox/72.0"
193.194.132.30 - - [22/Jan/2020:12:17:34 +0100] "GET /reload?ser=1579691854571 HTTP/1.1" 200 28 "http://renault.2web.at/10201442?dir=ASC&mode=grid&order=name&limit=15&page=6" "Mozilla/5.0 (Windows NT 10.0; Win64; x64) AppleWebKit/537.36 (KHTML, like Gecko) Chrome/79.0.3945.130 Safari/537.36"
80.122.221.194 - - [22/Jan/2020:12:17:43 +0100] "GET /reload?ser=1579691863342 HTTP/1.1" 200 28 "http://renault.activities.at/success" "Mozilla/5.0 (Windows NT 10.0; Win64; x64) AppleWebKit/537.36 (KHTML, like Gecko) Chrome/70.0.3538.102 Safari/537.36 Edge/18.18363"
80.122.53.230 - - [22/Jan/2020:12:18:06 +0100] "GET /reload?ser=1579691886799 HTTP/1.1" 200 28 "http://renault.activities.at/result?dir=DESC&mode=grid&order=name&limit=15&page=1&search=flag" "Mozilla/5.0 (Windows NT 10.0; WOW64; Trident/7.0; rv:11.0) like Gecko"
213.153.47.173 - - [22/Jan/2020:12:18:32 +0100] "GET /reload?ser=1579691912811 HTTP/1.1" 200 28 "http://renault.activities.at/login?required=true" "Mozilla/5.0 (Windows NT 10.0; Win64; x64; rv:72.0) Gecko/20100101 Firefox/72.0"
193.194.132.30 - - [22/Jan/2020:12:18:35 +0100] "GET /reload?ser=1579691915607 HTTP/1.1" 200 28 "http://renault.2web.at/10201442?dir=ASC&mode=grid&order=name&limit=15&page=6" "Mozilla/5.0 (Windows NT 10.0; Win64; x64) AppleWebKit/537.36 (KHTML, like Gecko) Chrome/79.0.3945.130 Safari/537.36"
193.194.132.30 - - [22/Jan/2020:12:18:39 +0100] "GET /10201442?dir=ASC&mode=grid&order=name&limit=15&page=7 HTTP/1.1" 200 11185 "http://renault.2web.at/10201442?dir=ASC&mode=grid&order=name&limit=15&page=6" "Mozilla/5.0 (Windows NT 10.0; Win64; x64) AppleWebKit/537.36 (KHTML, like Gecko) Chrome/79.0.3945.130 Safari/537.36"
193.194.132.30 - - [22/Jan/2020:12:18:43 +0100] "GET /loadthumbnail.php?id=12010045&width=113 HTTP/1.1" 200 22094 "http://renault.2web.at/10201442?dir=ASC&mode=grid&order=name&limit=15&page=7" "Mozilla/5.0 (Windows NT 10.0; Win64; x64) AppleWebKit/537.36 (KHTML, like Gecko) Chrome/79.0.3945.130 Safari/537.36"
193.194.132.30 - - [22/Jan/2020:12:18:43 +0100] "GET /loadthumbnail.php?id=10269569&width=113 HTTP/1.1" 200 1309 "http://renault.2web.at/10201442?dir=ASC&mode=grid&order=name&limit=15&page=7" "Mozilla/5.0 (Windows NT 10.0; Win64; x64) AppleWebKit/537.36 (KHTML, like Gecko) Chrome/79.0.3945.130 Safari/537.36"
193.194.132.30 - - [22/Jan/2020:12:18:43 +0100] "GET /loadthumbnail.php?id=10269567&width=113 HTTP/1.1" 200 1590 "http://renault.2web.at/10201442?dir=ASC&mode=grid&order=name&limit=15&page=7" "Mozilla/5.0 (Windows NT 10.0; Win64; x64) AppleWebKit/537.36 (KHTML, like Gecko) Chrome/79.0.3945.130 Safari/537.36"
193.194.132.30 - - [22/Jan/2020:12:18:43 +0100] "GET /loadthumbnail.php?id=12137758&width=113 HTTP/1.1" 200 36121 "http://renault.2web.at/10201442?dir=ASC&mode=grid&order=name&limit=15&page=7" "Mozilla/5.0 (Windows NT 10.0; Win64; x64) AppleWebKit/537.36 (KHTML, like Gecko) Chrome/79.0.3945.130 Safari/537.36"
193.194.132.30 - - [22/Jan/2020:12:18:43 +0100] "GET /loadthumbnail.php?id=11340120&width=113 HTTP/1.1" 200 2962 "http://renault.2web.at/10201442?dir=ASC&mode=grid&order=name&limit=15&page=7" "Mozilla/5.0 (Windows NT 10.0; Win64; x64) AppleWebKit/537.36 (KHTML, like Gecko) Chrome/79.0.3945.130 Safari/537.36"
193.194.132.30 - - [22/Jan/2020:12:18:43 +0100] "GET /loadthumbnail.php?id=12029411&width=113 HTTP/1.1" 200 3687 "http://renault.2web.at/10201442?dir=ASC&mode=grid&order=name&limit=15&page=7" "Mozilla/5.0 (Windows NT 10.0; Win64; x64) AppleWebKit/537.36 (KHTML, like Gecko) Chrome/79.0.3945.130 Safari/537.36"
193.194.132.30 - - [22/Jan/2020:12:18:44 +0100] "GET /loadthumbnail.php?id=11967858&width=113 HTTP/1.1" 200 1835 "http://renault.2web.at/10201442?dir=ASC&mode=grid&order=name&limit=15&page=7" "Mozilla/5.0 (Windows NT 10.0; Win64; x64) AppleWebKit/537.36 (KHTML, like Gecko) Chrome/79.0.3945.130 Safari/537.36"
193.194.132.30 - - [22/Jan/2020:12:18:44 +0100] "GET /loadthumbnail.php?id=11304834&width=113 HTTP/1.1" 200 1055 "http://renault.2web.at/10201442?dir=ASC&mode=grid&order=name&limit=15&page=7" "Mozilla/5.0 (Windows NT 10.0; Win64; x64) AppleWebKit/537.36 (KHTML, like Gecko) Chrome/79.0.3945.130 Safari/537.36"
193.194.132.30 - - [22/Jan/2020:12:18:44 +0100] "GET /loadthumbnail.php?id=12029410&width=113 HTTP/1.1" 200 3108 "http://renault.2web.at/10201442?dir=ASC&mode=grid&order=name&limit=15&page=7" "Mozilla/5.0 (Windows NT 10.0; Win64; x64) AppleWebKit/537.36 (KHTML, like Gecko) Chrome/79.0.3945.130 Safari/537.36"
193.194.132.30 - - [22/Jan/2020:12:18:44 +0100] "GET /loadthumbnail.php?id=11270805&width=113 HTTP/1.1" 200 5169 "http://renault.2web.at/10201442?dir=ASC&mode=grid&order=name&limit=15&page=7" "Mozilla/5.0 (Windows NT 10.0; Win64; x64) AppleWebKit/537.36 (KHTML, like Gecko) Chrome/79.0.3945.130 Safari/537.36"
193.194.132.30 - - [22/Jan/2020:12:18:44 +0100] "GET /loadthumbnail.php?id=11094463&width=113 HTTP/1.1" 200 2237 "http://renault.2web.at/10201442?dir=ASC&mode=grid&order=name&limit=15&page=7" "Mozilla/5.0 (Windows NT 10.0; Win64; x64) AppleWebKit/537.36 (KHTML, like Gecko) Chrome/79.0.3945.130 Safari/537.36"
193.194.132.30 - - [22/Jan/2020:12:18:44 +0100] "GET /loadthumbnail.php?id=12051174&width=113 HTTP/1.1" 200 2873 "http://renault.2web.at/10201442?dir=ASC&mode=grid&order=name&limit=15&page=7" "Mozilla/5.0 (Windows NT 10.0; Win64; x64) AppleWebKit/537.36 (KHTML, like Gecko) Chrome/79.0.3945.130 Safari/537.36"
193.194.132.30 - - [22/Jan/2020:12:18:44 +0100] "GET /loadthumbnail.php?id=11340119&width=113 HTTP/1.1" 200 5321 "http://renault.2web.at/10201442?dir=ASC&mode=grid&order=name&limit=15&page=7" "Mozilla/5.0 (Windows NT 10.0; Win64; x64) AppleWebKit/537.36 (KHTML, like Gecko) Chrome/79.0.3945.130 Safari/537.36"
80.122.221.194 - - [22/Jan/2020:12:18:44 +0100] "GET /reload?ser=1579691924331 HTTP/1.1" 200 28 "http://renault.activities.at/success" "Mozilla/5.0 (Windows NT 10.0; Win64; x64) AppleWebKit/537.36 (KHTML, like Gecko) Chrome/70.0.3538.102 Safari/537.36 Edge/18.18363"
80.122.53.230 - - [22/Jan/2020:12:19:07 +0100] "GET /reload?ser=1579691947772 HTTP/1.1" 200 28 "http://renault.activities.at/result?dir=DESC&mode=grid&order=name&limit=15&page=1&search=flag" "Mozilla/5.0 (Windows NT 10.0; WOW64; Trident/7.0; rv:11.0) like Gecko"
193.194.132.30 - - [22/Jan/2020:12:19:24 +0100] "GET /11278067?print=true HTTP/1.1" 200 2667 "http://renault.2web.at/10201442?dir=ASC&mode=grid&order=name&limit=15&page=7" "Mozilla/5.0 (Windows NT 10.0; Win64; x64) AppleWebKit/537.36 (KHTML, like Gecko) Chrome/79.0.3945.130 Safari/537.36"
193.194.132.30 - - [22/Jan/2020:12:19:27 +0100] "GET /loadthumbnail.php?id=11304834&width=250 HTTP/1.1" 200 2026 "http://renault.2web.at/11278067?print=true" "Mozilla/5.0 (Windows NT 10.0; Win64; x64) AppleWebKit/537.36 (KHTML, like Gecko) Chrome/79.0.3945.130 Safari/537.36"
193.194.132.30 - - [22/Jan/2020:12:19:27 +0100] "GET /loadthumbnail.php?id=11304834&width=900&height=900 HTTP/1.1" 200 6209 "http://renault.2web.at/11278067?print=true" "Mozilla/5.0 (Windows NT 10.0; Win64; x64) AppleWebKit/537.36 (KHTML, like Gecko) Chrome/79.0.3945.130 Safari/537.36"
213.153.47.173 - - [22/Jan/2020:12:19:33 +0100] "GET /reload?ser=1579691973456 HTTP/1.1" 200 28 "http://renault.activities.at/login?required=true" "Mozilla/5.0 (Windows NT 10.0; Win64; x64; rv:72.0) Gecko/20100101 Firefox/72.0"
80.122.221.194 - - [22/Jan/2020:12:19:45 +0100] "GET /reload?ser=1579691985346 HTTP/1.1" 200 28 "http://renault.activities.at/success" "Mozilla/5.0 (Windows NT 10.0; Win64; x64) AppleWebKit/537.36 (KHTML, like Gecko) Chrome/70.0.3538.102 Safari/537.36 Edge/18.18363"
193.194.132.30 - - [22/Jan/2020:12:19:45 +0100] "GET /reload?ser=1579691985242 HTTP/1.1" 200 28 "http://renault.2web.at/10201442?dir=ASC&mode=grid&order=name&limit=15&page=7" "Mozilla/5.0 (Windows NT 10.0; Win64; x64) AppleWebKit/537.36 (KHTML, like Gecko) Chrome/79.0.3945.130 Safari/537.36"
193.194.132.30 - - [22/Jan/2020:12:20:04 +0100] "GET /717424?print=true HTTP/1.1" 200 2568 "http://renault.2web.at/10201442?dir=ASC&mode=grid&order=name&limit=15&page=7" "Mozilla/5.0 (Windows NT 10.0; Win64; x64) AppleWebKit/537.36 (KHTML, like Gecko) Chrome/79.0.3945.130 Safari/537.36"
193.194.132.30 - - [22/Jan/2020:12:20:07 +0100] "GET /loadthumbnail.php?id=10203650&width=200 HTTP/1.1" 200 4671 "http://renault.2web.at/717424?print=true" "Mozilla/5.0 (Windows NT 10.0; Win64; x64) AppleWebKit/537.36 (KHTML, like Gecko) Chrome/79.0.3945.130 Safari/537.36"
80.122.53.230 - - [22/Jan/2020:12:20:08 +0100] "GET /reload?ser=1579692008760 HTTP/1.1" 200 28 "http://renault.activities.at/result?dir=DESC&mode=grid&order=name&limit=15&page=1&search=flag" "Mozilla/5.0 (Windows NT 10.0; WOW64; Trident/7.0; rv:11.0) like Gecko"
193.194.132.30 - - [22/Jan/2020:12:20:14 +0100] "GET /10201442?dir=ASC&mode=grid&order=name&limit=15&page=8 HTTP/1.1" 200 10929 "http://renault.2web.at/10201442?dir=ASC&mode=grid&order=name&limit=15&page=7" "Mozilla/5.0 (Windows NT 10.0; Win64; x64) AppleWebKit/537.36 (KHTML, like Gecko) Chrome/79.0.3945.130 Safari/537.36"
193.194.132.30 - - [22/Jan/2020:12:20:18 +0100] "GET /loadthumbnail.php?id=11112400&width=113 HTTP/1.1" 200 1851 "http://renault.2web.at/10201442?dir=ASC&mode=grid&order=name&limit=15&page=8" "Mozilla/5.0 (Windows NT 10.0; Win64; x64) AppleWebKit/537.36 (KHTML, like Gecko) Chrome/79.0.3945.130 Safari/537.36"
193.194.132.30 - - [22/Jan/2020:12:20:18 +0100] "GET /loadthumbnail.php?id=11112261&width=113 HTTP/1.1" 200 1814 "http://renault.2web.at/10201442?dir=ASC&mode=grid&order=name&limit=15&page=8" "Mozilla/5.0 (Windows NT 10.0; Win64; x64) AppleWebKit/537.36 (KHTML, like Gecko) Chrome/79.0.3945.130 Safari/537.36"
193.194.132.30 - - [22/Jan/2020:12:20:18 +0100] "GET /loadthumbnail.php?id=11111498&width=113 HTTP/1.1" 200 1791 "http://renault.2web.at/10201442?dir=ASC&mode=grid&order=name&limit=15&page=8" "Mozilla/5.0 (Windows NT 10.0; Win64; x64) AppleWebKit/537.36 (KHTML, like Gecko) Chrome/79.0.3945.130 Safari/537.36"
193.194.132.30 - - [22/Jan/2020:12:20:18 +0100] "GET /loadthumbnail.php?id=11111985&width=113 HTTP/1.1" 200 1814 "http://renault.2web.at/10201442?dir=ASC&mode=grid&order=name&limit=15&page=8" "Mozilla/5.0 (Windows NT 10.0; Win64; x64) AppleWebKit/537.36 (KHTML, like Gecko) Chrome/79.0.3945.130 Safari/537.36"
193.194.132.30 - - [22/Jan/2020:12:20:18 +0100] "GET /loadthumbnail.php?id=11112110&width=113 HTTP/1.1" 200 1851 "http://renault.2web.at/10201442?dir=ASC&mode=grid&order=name&limit=15&page=8" "Mozilla/5.0 (Windows NT 10.0; Win64; x64) AppleWebKit/537.36 (KHTML, like Gecko) Chrome/79.0.3945.130 Safari/537.36"
193.194.132.30 - - [22/Jan/2020:12:20:18 +0100] "GET /loadthumbnail.php?id=11340118&width=113 HTTP/1.1" 200 5862 "http://renault.2web.at/10201442?dir=ASC&mode=grid&order=name&limit=15&page=8" "Mozilla/5.0 (Windows NT 10.0; Win64; x64) AppleWebKit/537.36 (KHTML, like Gecko) Chrome/79.0.3945.130 Safari/537.36"
193.194.132.30 - - [22/Jan/2020:12:20:18 +0100] "GET /loadthumbnail.php?id=11111495&width=113 HTTP/1.1" 200 1788 "http://renault.2web.at/10201442?dir=ASC&mode=grid&order=name&limit=15&page=8" "Mozilla/5.0 (Windows NT 10.0; Win64; x64) AppleWebKit/537.36 (KHTML, like Gecko) Chrome/79.0.3945.130 Safari/537.36"
193.194.132.30 - - [22/Jan/2020:12:20:18 +0100] "GET /loadthumbnail.php?id=11111496&width=113 HTTP/1.1" 200 1791 "http://renault.2web.at/10201442?dir=ASC&mode=grid&order=name&limit=15&page=8" "Mozilla/5.0 (Windows NT 10.0; Win64; x64) AppleWebKit/537.36 (KHTML, like Gecko) Chrome/79.0.3945.130 Safari/537.36"
193.194.132.30 - - [22/Jan/2020:12:20:18 +0100] "GET /loadthumbnail.php?id=11111497&width=113 HTTP/1.1" 200 1788 "http://renault.2web.at/10201442?dir=ASC&mode=grid&order=name&limit=15&page=8" "Mozilla/5.0 (Windows NT 10.0; Win64; x64) AppleWebKit/537.36 (KHTML, like Gecko) Chrome/79.0.3945.130 Safari/537.36"
193.194.132.30 - - [22/Jan/2020:12:20:19 +0100] "GET /loadthumbnail.php?id=10925819&width=113 HTTP/1.1" 200 4429 "http://renault.2web.at/10201442?dir=ASC&mode=grid&order=name&limit=15&page=8" "Mozilla/5.0 (Windows NT 10.0; Win64; x64) AppleWebKit/537.36 (KHTML, like Gecko) Chrome/79.0.3945.130 Safari/537.36"
193.194.132.30 - - [22/Jan/2020:12:20:19 +0100] "GET /loadthumbnail.php?id=10925818&width=113 HTTP/1.1" 200 1753 "http://renault.2web.at/10201442?dir=ASC&mode=grid&order=name&limit=15&page=8" "Mozilla/5.0 (Windows NT 10.0; Win64; x64) AppleWebKit/537.36 (KHTML, like Gecko) Chrome/79.0.3945.130 Safari/537.36"
193.194.132.30 - - [22/Jan/2020:12:20:19 +0100] "GET /loadthumbnail.php?id=11171346&width=113 HTTP/1.1" 200 2786 "http://renault.2web.at/10201442?dir=ASC&mode=grid&order=name&limit=15&page=8" "Mozilla/5.0 (Windows NT 10.0; Win64; x64) AppleWebKit/537.36 (KHTML, like Gecko) Chrome/79.0.3945.130 Safari/537.36"
193.194.132.30 - - [22/Jan/2020:12:20:19 +0100] "GET /loadthumbnail.php?id=11171345&width=113 HTTP/1.1" 200 2786 "http://renault.2web.at/10201442?dir=ASC&mode=grid&order=name&limit=15&page=8" "Mozilla/5.0 (Windows NT 10.0; Win64; x64) AppleWebKit/537.36 (KHTML, like Gecko) Chrome/79.0.3945.130 Safari/537.36"
193.194.132.30 - - [22/Jan/2020:12:20:21 +0100] "GET /11109018?print=true HTTP/1.1" 200 2651 "http://renault.2web.at/10201442?dir=ASC&mode=grid&order=name&limit=15&page=8" "Mozilla/5.0 (Windows NT 10.0; Win64; x64) AppleWebKit/537.36 (KHTML, like Gecko) Chrome/79.0.3945.130 Safari/537.36"
193.194.132.30 - - [22/Jan/2020:12:20:25 +0100] "GET /loadthumbnail.php?id=11112400&width=250 HTTP/1.1" 200 4616 "http://renault.2web.at/11109018?print=true" "Mozilla/5.0 (Windows NT 10.0; Win64; x64) AppleWebKit/537.36 (KHTML, like Gecko) Chrome/79.0.3945.130 Safari/537.36"
193.194.132.30 - - [22/Jan/2020:12:20:25 +0100] "GET /loadthumbnail.php?id=11112400&width=900&height=900 HTTP/1.1" 200 10580 "http://renault.2web.at/11109018?print=true" "Mozilla/5.0 (Windows NT 10.0; Win64; x64) AppleWebKit/537.36 (KHTML, like Gecko) Chrome/79.0.3945.130 Safari/537.36"
213.153.47.173 - - [22/Jan/2020:12:20:34 +0100] "GET /reload?ser=1579692034103 HTTP/1.1" 200 28 "http://renault.activities.at/login?required=true" "Mozilla/5.0 (Windows NT 10.0; Win64; x64; rv:72.0) Gecko/20100101 Firefox/72.0"
80.122.221.194 - - [22/Jan/2020:12:20:46 +0100] "GET /reload?ser=1579692046332 HTTP/1.1" 200 28 "http://renault.activities.at/success" "Mozilla/5.0 (Windows NT 10.0; Win64; x64) AppleWebKit/537.36 (KHTML, like Gecko) Chrome/70.0.3538.102 Safari/537.36 Edge/18.18363"
80.122.53.230 - - [22/Jan/2020:12:21:09 +0100] "GET /reload?ser=1579692069700 HTTP/1.1" 200 28 "http://renault.activities.at/result?dir=DESC&mode=grid&order=name&limit=15&page=1&search=flag" "Mozilla/5.0 (Windows NT 10.0; WOW64; Trident/7.0; rv:11.0) like Gecko"
193.194.132.30 - - [22/Jan/2020:12:21:20 +0100] "GET /reload?ser=1579692080154 HTTP/1.1" 200 28 "http://renault.2web.at/10201442?dir=ASC&mode=grid&order=name&limit=15&page=8" "Mozilla/5.0 (Windows NT 10.0; Win64; x64) AppleWebKit/537.36 (KHTML, like Gecko) Chrome/79.0.3945.130 Safari/537.36"
213.153.47.173 - - [22/Jan/2020:12:21:34 +0100] "GET /reload?ser=1579692094749 HTTP/1.1" 200 28 "http://renault.activities.at/login?required=true" "Mozilla/5.0 (Windows NT 10.0; Win64; x64; rv:72.0) Gecko/20100101 Firefox/72.0"
80.122.221.194 - - [22/Jan/2020:12:21:47 +0100] "GET /reload?ser=1579692107348 HTTP/1.1" 200 28 "http://renault.activities.at/success" "Mozilla/5.0 (Windows NT 10.0; Win64; x64) AppleWebKit/537.36 (KHTML, like Gecko) Chrome/70.0.3538.102 Safari/537.36 Edge/18.18363"
193.194.132.30 - - [22/Jan/2020:12:21:46 +0100] "GET /11109021?print=true HTTP/1.1" 200 2649 "http://renault.2web.at/10201442?dir=ASC&mode=grid&order=name&limit=15&page=8" "Mozilla/5.0 (Windows NT 10.0; Win64; x64) AppleWebKit/537.36 (KHTML, like Gecko) Chrome/79.0.3945.130 Safari/537.36"
193.194.132.30 - - [22/Jan/2020:12:21:49 +0100] "GET /loadthumbnail.php?id=11111498&width=250 HTTP/1.1" 200 4214 "http://renault.2web.at/11109021?print=true" "Mozilla/5.0 (Windows NT 10.0; Win64; x64) AppleWebKit/537.36 (KHTML, like Gecko) Chrome/79.0.3945.130 Safari/537.36"
193.194.132.30 - - [22/Jan/2020:12:21:49 +0100] "GET /loadthumbnail.php?id=11111498&width=900&height=900 HTTP/1.1" 200 9289 "http://renault.2web.at/11109021?print=true" "Mozilla/5.0 (Windows NT 10.0; Win64; x64) AppleWebKit/537.36 (KHTML, like Gecko) Chrome/79.0.3945.130 Safari/537.36"
80.122.53.230 - - [22/Jan/2020:12:22:10 +0100] "GET /reload?ser=1579692130658 HTTP/1.1" 200 28 "http://renault.activities.at/result?dir=DESC&mode=grid&order=name&limit=15&page=1&search=flag" "Mozilla/5.0 (Windows NT 10.0; WOW64; Trident/7.0; rv:11.0) like Gecko"
193.194.132.30 - - [22/Jan/2020:12:22:21 +0100] "GET /reload?ser=1579692141186 HTTP/1.1" 200 28 "http://renault.2web.at/10201442?dir=ASC&mode=grid&order=name&limit=15&page=8" "Mozilla/5.0 (Windows NT 10.0; Win64; x64) AppleWebKit/537.36 (KHTML, like Gecko) Chrome/79.0.3945.130 Safari/537.36"
213.153.47.173 - - [22/Jan/2020:12:22:35 +0100] "GET /reload?ser=1579692155422 HTTP/1.1" 200 28 "http://renault.activities.at/login?required=true" "Mozilla/5.0 (Windows NT 10.0; Win64; x64; rv:72.0) Gecko/20100101 Firefox/72.0"
80.122.221.194 - - [22/Jan/2020:12:22:49 +0100] "GET /reload?ser=1579692169338 HTTP/1.1" 200 28 "http://renault.activities.at/success" "Mozilla/5.0 (Windows NT 10.0; Win64; x64) AppleWebKit/537.36 (KHTML, like Gecko) Chrome/70.0.3538.102 Safari/537.36 Edge/18.18363"
80.122.53.230 - - [22/Jan/2020:12:23:11 +0100] "GET /reload?ser=1579692191600 HTTP/1.1" 200 28 "http://renault.activities.at/result?dir=DESC&mode=grid&order=name&limit=15&page=1&search=flag" "Mozilla/5.0 (Windows NT 10.0; WOW64; Trident/7.0; rv:11.0) like Gecko"
193.194.132.30 - - [22/Jan/2020:12:23:22 +0100] "GET /reload?ser=1579692202197 HTTP/1.1" 200 28 "http://renault.2web.at/10201442?dir=ASC&mode=grid&order=name&limit=15&page=8" "Mozilla/5.0 (Windows NT 10.0; Win64; x64) AppleWebKit/537.36 (KHTML, like Gecko) Chrome/79.0.3945.130 Safari/537.36"
213.153.47.173 - - [22/Jan/2020:12:23:36 +0100] "GET /reload?ser=1579692216084 HTTP/1.1" 200 28 "http://renault.activities.at/login?required=true" "Mozilla/5.0 (Windows NT 10.0; Win64; x64; rv:72.0) Gecko/20100101 Firefox/72.0"
80.122.221.194 - - [22/Jan/2020:12:23:50 +0100] "GET /reload?ser=1579692230333 HTTP/1.1" 200 28 "http://renault.activities.at/success" "Mozilla/5.0 (Windows NT 10.0; Win64; x64) AppleWebKit/537.36 (KHTML, like Gecko) Chrome/70.0.3538.102 Safari/537.36 Edge/18.18363"
80.122.53.230 - - [22/Jan/2020:12:24:12 +0100] "GET /reload?ser=1579692252587 HTTP/1.1" 200 28 "http://renault.activities.at/result?dir=DESC&mode=grid&order=name&limit=15&page=1&search=flag" "Mozilla/5.0 (Windows NT 10.0; WOW64; Trident/7.0; rv:11.0) like Gecko"
193.194.132.30 - - [22/Jan/2020:12:24:23 +0100] "GET /reload?ser=1579692263234 HTTP/1.1" 200 28 "http://renault.2web.at/10201442?dir=ASC&mode=grid&order=name&limit=15&page=8" "Mozilla/5.0 (Windows NT 10.0; Win64; x64) AppleWebKit/537.36 (KHTML, like Gecko) Chrome/79.0.3945.130 Safari/537.36"
193.194.132.30 - - [22/Jan/2020:12:24:27 +0100] "GET /10201442?dir=ASC&mode=grid&order=name&limit=15&page=9 HTTP/1.1" 200 11179 "http://renault.2web.at/10201442?dir=ASC&mode=grid&order=name&limit=15&page=8" "Mozilla/5.0 (Windows NT 10.0; Win64; x64) AppleWebKit/537.36 (KHTML, like Gecko) Chrome/79.0.3945.130 Safari/537.36"
193.194.132.30 - - [22/Jan/2020:12:24:30 +0100] "GET /loadthumbnail.php?id=10271875&width=113 HTTP/1.1" 200 1262 "http://renault.2web.at/10201442?dir=ASC&mode=grid&order=name&limit=15&page=9" "Mozilla/5.0 (Windows NT 10.0; Win64; x64) AppleWebKit/537.36 (KHTML, like Gecko) Chrome/79.0.3945.130 Safari/537.36"
193.194.132.30 - - [22/Jan/2020:12:24:30 +0100] "GET /loadthumbnail.php?id=12094811&width=113 HTTP/1.1" 200 27912 "http://renault.2web.at/10201442?dir=ASC&mode=grid&order=name&limit=15&page=9" "Mozilla/5.0 (Windows NT 10.0; Win64; x64) AppleWebKit/537.36 (KHTML, like Gecko) Chrome/79.0.3945.130 Safari/537.36"
193.194.132.30 - - [22/Jan/2020:12:24:30 +0100] "GET /loadthumbnail.php?id=11459823&width=113 HTTP/1.1" 200 2833 "http://renault.2web.at/10201442?dir=ASC&mode=grid&order=name&limit=15&page=9" "Mozilla/5.0 (Windows NT 10.0; Win64; x64) AppleWebKit/537.36 (KHTML, like Gecko) Chrome/79.0.3945.130 Safari/537.36"
193.194.132.30 - - [22/Jan/2020:12:24:30 +0100] "GET /loadthumbnail.php?id=11433406&width=113 HTTP/1.1" 200 2604 "http://renault.2web.at/10201442?dir=ASC&mode=grid&order=name&limit=15&page=9" "Mozilla/5.0 (Windows NT 10.0; Win64; x64) AppleWebKit/537.36 (KHTML, like Gecko) Chrome/79.0.3945.130 Safari/537.36"
193.194.132.30 - - [22/Jan/2020:12:24:30 +0100] "GET /loadthumbnail.php?id=12088443&width=113 HTTP/1.1" 200 7201 "http://renault.2web.at/10201442?dir=ASC&mode=grid&order=name&limit=15&page=9" "Mozilla/5.0 (Windows NT 10.0; Win64; x64) AppleWebKit/537.36 (KHTML, like Gecko) Chrome/79.0.3945.130 Safari/537.36"
193.194.132.30 - - [22/Jan/2020:12:24:30 +0100] "GET /loadthumbnail.php?id=11308855&width=113 HTTP/1.1" 200 4521 "http://renault.2web.at/10201442?dir=ASC&mode=grid&order=name&limit=15&page=9" "Mozilla/5.0 (Windows NT 10.0; Win64; x64) AppleWebKit/537.36 (KHTML, like Gecko) Chrome/79.0.3945.130 Safari/537.36"
193.194.132.30 - - [22/Jan/2020:12:24:31 +0100] "GET /loadthumbnail.php?id=11228502&width=113 HTTP/1.1" 200 1524 "http://renault.2web.at/10201442?dir=ASC&mode=grid&order=name&limit=15&page=9" "Mozilla/5.0 (Windows NT 10.0; Win64; x64) AppleWebKit/537.36 (KHTML, like Gecko) Chrome/79.0.3945.130 Safari/537.36"
193.194.132.30 - - [22/Jan/2020:12:24:31 +0100] "GET /loadthumbnail.php?id=11226381&width=113 HTTP/1.1" 200 2887 "http://renault.2web.at/10201442?dir=ASC&mode=grid&order=name&limit=15&page=9" "Mozilla/5.0 (Windows NT 10.0; Win64; x64) AppleWebKit/537.36 (KHTML, like Gecko) Chrome/79.0.3945.130 Safari/537.36"
213.153.47.173 - - [22/Jan/2020:12:24:36 +0100] "GET /reload?ser=1579692276742 HTTP/1.1" 200 28 "http://renault.activities.at/login?required=true" "Mozilla/5.0 (Windows NT 10.0; Win64; x64; rv:72.0) Gecko/20100101 Firefox/72.0"
193.194.132.30 - - [22/Jan/2020:12:24:39 +0100] "GET /11171340?print=true HTTP/1.1" 200 2581 "http://renault.2web.at/10201442?dir=ASC&mode=grid&order=name&limit=15&page=9" "Mozilla/5.0 (Windows NT 10.0; Win64; x64) AppleWebKit/537.36 (KHTML, like Gecko) Chrome/79.0.3945.130 Safari/537.36"
80.122.221.194 - - [22/Jan/2020:12:24:51 +0100] "GET /reload?ser=1579692291337 HTTP/1.1" 200 28 "http://renault.activities.at/success" "Mozilla/5.0 (Windows NT 10.0; Win64; x64) AppleWebKit/537.36 (KHTML, like Gecko) Chrome/70.0.3538.102 Safari/537.36 Edge/18.18363"
80.122.53.230 - - [22/Jan/2020:12:25:13 +0100] "GET /reload?ser=1579692313544 HTTP/1.1" 200 28 "http://renault.activities.at/result?dir=DESC&mode=grid&order=name&limit=15&page=1&search=flag" "Mozilla/5.0 (Windows NT 10.0; WOW64; Trident/7.0; rv:11.0) like Gecko"
193.194.132.30 - - [22/Jan/2020:12:25:15 +0100] "GET /715048?print=true HTTP/1.1" 200 2921 "http://renault.2web.at/10201442?dir=ASC&mode=grid&order=name&limit=15&page=9" "Mozilla/5.0 (Windows NT 10.0; Win64; x64) AppleWebKit/537.36 (KHTML, like Gecko) Chrome/79.0.3945.130 Safari/537.36"
193.194.132.30 - - [22/Jan/2020:12:25:19 +0100] "GET /js/tabs.js HTTP/1.1" 200 519 "http://renault.2web.at/715048?print=true" "Mozilla/5.0 (Windows NT 10.0; Win64; x64) AppleWebKit/537.36 (KHTML, like Gecko) Chrome/79.0.3945.130 Safari/537.36"
193.194.132.30 - - [22/Jan/2020:12:25:19 +0100] "GET /images/tabs_button_corner_left_top_active.gif HTTP/1.1" 200 138 "http://renault.2web.at/css/styles.css" "Mozilla/5.0 (Windows NT 10.0; Win64; x64) AppleWebKit/537.36 (KHTML, like Gecko) Chrome/79.0.3945.130 Safari/537.36"
193.194.132.30 - - [22/Jan/2020:12:25:19 +0100] "GET /images/tabs_border.gif HTTP/1.1" 200 43 "http://renault.2web.at/css/styles.css" "Mozilla/5.0 (Windows NT 10.0; Win64; x64) AppleWebKit/537.36 (KHTML, like Gecko) Chrome/79.0.3945.130 Safari/537.36"
193.194.132.30 - - [22/Jan/2020:12:25:19 +0100] "GET /images/tabs_button_corner_right_top_active.gif HTTP/1.1" 200 136 "http://renault.2web.at/css/styles.css" "Mozilla/5.0 (Windows NT 10.0; Win64; x64) AppleWebKit/537.36 (KHTML, like Gecko) Chrome/79.0.3945.130 Safari/537.36"
193.194.132.30 - - [22/Jan/2020:12:25:19 +0100] "GET /loadthumbnail.php?id=10271875&width=250 HTTP/1.1" 200 2166 "http://renault.2web.at/715048?print=true" "Mozilla/5.0 (Windows NT 10.0; Win64; x64) AppleWebKit/537.36 (KHTML, like Gecko) Chrome/79.0.3945.130 Safari/537.36"
193.194.132.30 - - [22/Jan/2020:12:25:19 +0100] "GET /images/tabs_corner_left_top.gif HTTP/1.1" 200 99 "http://renault.2web.at/css/styles.css" "Mozilla/5.0 (Windows NT 10.0; Win64; x64) AppleWebKit/537.36 (KHTML, like Gecko) Chrome/79.0.3945.130 Safari/537.36"
193.194.132.30 - - [22/Jan/2020:12:25:19 +0100] "GET /images/tabs_corner_right_top.gif HTTP/1.1" 200 98 "http://renault.2web.at/css/styles.css" "Mozilla/5.0 (Windows NT 10.0; Win64; x64) AppleWebKit/537.36 (KHTML, like Gecko) Chrome/79.0.3945.130 Safari/537.36"
193.194.132.30 - - [22/Jan/2020:12:25:19 +0100] "GET /images/tabs_corner_left_bot.gif HTTP/1.1" 200 98 "http://renault.2web.at/css/styles.css" "Mozilla/5.0 (Windows NT 10.0; Win64; x64) AppleWebKit/537.36 (KHTML, like Gecko) Chrome/79.0.3945.130 Safari/537.36"
193.194.132.30 - - [22/Jan/2020:12:25:19 +0100] "GET /images/tabs_corner_right_bot.gif HTTP/1.1" 200 99 "http://renault.2web.at/css/styles.css" "Mozilla/5.0 (Windows NT 10.0; Win64; x64) AppleWebKit/537.36 (KHTML, like Gecko) Chrome/79.0.3945.130 Safari/537.36"
193.194.132.30 - - [22/Jan/2020:12:25:19 +0100] "GET /loadthumbnail.php?id=10271875&width=900&height=900 HTTP/1.1" 200 2166 "http://renault.2web.at/715048?print=true" "Mozilla/5.0 (Windows NT 10.0; Win64; x64) AppleWebKit/537.36 (KHTML, like Gecko) Chrome/79.0.3945.130 Safari/537.36"
193.194.132.30 - - [22/Jan/2020:12:25:31 +0100] "GET /reload?ser=1579692331806 HTTP/1.1" 200 28 "http://renault.2web.at/10201442?dir=ASC&mode=grid&order=name&limit=15&page=9" "Mozilla/5.0 (Windows NT 10.0; Win64; x64) AppleWebKit/537.36 (KHTML, like Gecko) Chrome/79.0.3945.130 Safari/537.36"
193.194.132.30 - - [22/Jan/2020:12:25:33 +0100] "GET /717074?print=true HTTP/1.1" 200 2523 "http://renault.2web.at/10201442?dir=ASC&mode=grid&order=name&limit=15&page=9" "Mozilla/5.0 (Windows NT 10.0; Win64; x64) AppleWebKit/537.36 (KHTML, like Gecko) Chrome/79.0.3945.130 Safari/537.36"
213.153.47.173 - - [22/Jan/2020:12:25:37 +0100] "GET /reload?ser=1579692337399 HTTP/1.1" 200 28 "http://renault.activities.at/login?required=true" "Mozilla/5.0 (Windows NT 10.0; Win64; x64; rv:72.0) Gecko/20100101 Firefox/72.0"
193.194.132.30 - - [22/Jan/2020:12:25:42 +0100] "GET /11450274?print=true HTTP/1.1" 200 2737 "http://renault.2web.at/10201442?dir=ASC&mode=grid&order=name&limit=15&page=9" "Mozilla/5.0 (Windows NT 10.0; Win64; x64) AppleWebKit/537.36 (KHTML, like Gecko) Chrome/79.0.3945.130 Safari/537.36"
193.194.132.30 - - [22/Jan/2020:12:25:45 +0100] "GET /loadthumbnail.php?id=11459823&width=83 HTTP/1.1" 200 1920 "http://renault.2web.at/11450274?print=true" "Mozilla/5.0 (Windows NT 10.0; Win64; x64) AppleWebKit/537.36 (KHTML, like Gecko) Chrome/79.0.3945.130 Safari/537.36"
