193.194.132.24 - - [27/Jan/2020:11:02:35 +0100] "GET /reload?ser=1580119355514 HTTP/1.1" 200 28 "http://renault.2web.at/result?searchterm=true&search=motorrauma" "Mozilla/5.0 (Windows NT 10.0; WOW64; Trident/7.0; Touch; rv:11.0) like Gecko"
213.153.47.173 - - [27/Jan/2020:11:03:21 +0100] "GET /reload?ser=1580119401102 HTTP/1.1" 200 28 "http://renault.activities.at/login?required=true" "Mozilla/5.0 (Windows NT 10.0; Win64; x64; rv:72.0) Gecko/20100101 Firefox/72.0"
213.153.47.173 - - [27/Jan/2020:11:03:30 +0100] "GET /reload?ser=1580119410213 HTTP/1.1" 200 28 "http://renault.activities.at/login?required=true" "Mozilla/5.0 (Windows NT 10.0; Win64; x64; rv:72.0) Gecko/20100101 Firefox/72.0"
138.21.12.24 - - [27/Jan/2020:11:03:30 +0100] "GET /reload?ser=1580119410790 HTTP/1.1" 200 28 "http://renault.2web.at/result?searchterm=true&search=duster" "Mozilla/5.0 (Windows NT 10.0; WOW64; Trident/7.0; Touch; rv:11.0) like Gecko"
193.194.132.24 - - [27/Jan/2020:11:03:36 +0100] "GET /reload?ser=1580119416570 HTTP/1.1" 200 28 "http://renault.2web.at/result?searchterm=true&search=motorrauma" "Mozilla/5.0 (Windows NT 10.0; WOW64; Trident/7.0; Touch; rv:11.0) like Gecko"
213.153.47.173 - - [27/Jan/2020:11:04:21 +0100] "GET /reload?ser=1580119461762 HTTP/1.1" 200 28 "http://renault.activities.at/login?required=true" "Mozilla/5.0 (Windows NT 10.0; Win64; x64; rv:72.0) Gecko/20100101 Firefox/72.0"
213.153.47.173 - - [27/Jan/2020:11:04:30 +0100] "GET /reload?ser=1580119470862 HTTP/1.1" 200 28 "http://renault.activities.at/login?required=true" "Mozilla/5.0 (Windows NT 10.0; Win64; x64; rv:72.0) Gecko/20100101 Firefox/72.0"
138.21.12.24 - - [27/Jan/2020:11:04:31 +0100] "GET /reload?ser=1580119471838 HTTP/1.1" 200 28 "http://renault.2web.at/result?searchterm=true&search=duster" "Mozilla/5.0 (Windows NT 10.0; WOW64; Trident/7.0; Touch; rv:11.0) like Gecko"
193.194.132.24 - - [27/Jan/2020:11:04:37 +0100] "GET /reload?ser=1580119477699 HTTP/1.1" 200 28 "http://renault.2web.at/result?searchterm=true&search=motorrauma" "Mozilla/5.0 (Windows NT 10.0; WOW64; Trident/7.0; Touch; rv:11.0) like Gecko"
213.153.47.173 - - [27/Jan/2020:11:05:22 +0100] "GET /reload?ser=1580119522411 HTTP/1.1" 200 28 "http://renault.activities.at/login?required=true" "Mozilla/5.0 (Windows NT 10.0; Win64; x64; rv:72.0) Gecko/20100101 Firefox/72.0"
213.153.47.173 - - [27/Jan/2020:11:05:31 +0100] "GET /reload?ser=1580119531520 HTTP/1.1" 200 28 "http://renault.activities.at/login?required=true" "Mozilla/5.0 (Windows NT 10.0; Win64; x64; rv:72.0) Gecko/20100101 Firefox/72.0"
138.21.12.24 - - [27/Jan/2020:11:05:33 +0100] "GET /reload?ser=1580119532853 HTTP/1.1" 200 28 "http://renault.2web.at/result?searchterm=true&search=duster" "Mozilla/5.0 (Windows NT 10.0; WOW64; Trident/7.0; Touch; rv:11.0) like Gecko"
193.194.132.24 - - [27/Jan/2020:11:05:38 +0100] "GET /reload?ser=1580119538786 HTTP/1.1" 200 28 "http://renault.2web.at/result?searchterm=true&search=motorrauma" "Mozilla/5.0 (Windows NT 10.0; WOW64; Trident/7.0; Touch; rv:11.0) like Gecko"
213.153.47.173 - - [27/Jan/2020:11:06:23 +0100] "GET /reload?ser=1580119583081 HTTP/1.1" 200 28 "http://renault.activities.at/login?required=true" "Mozilla/5.0 (Windows NT 10.0; Win64; x64; rv:72.0) Gecko/20100101 Firefox/72.0"
213.153.47.173 - - [27/Jan/2020:11:06:32 +0100] "GET /reload?ser=1580119592180 HTTP/1.1" 200 28 "http://renault.activities.at/login?required=true" "Mozilla/5.0 (Windows NT 10.0; Win64; x64; rv:72.0) Gecko/20100101 Firefox/72.0"
138.21.12.24 - - [27/Jan/2020:11:06:34 +0100] "GET /reload?ser=1580119593908 HTTP/1.1" 200 28 "http://renault.2web.at/result?searchterm=true&search=duster" "Mozilla/5.0 (Windows NT 10.0; WOW64; Trident/7.0; Touch; rv:11.0) like Gecko"
193.194.132.24 - - [27/Jan/2020:11:06:40 +0100] "GET /reload?ser=1580119599879 HTTP/1.1" 200 28 "http://renault.2web.at/result?searchterm=true&search=motorrauma" "Mozilla/5.0 (Windows NT 10.0; WOW64; Trident/7.0; Touch; rv:11.0) like Gecko"
213.153.47.173 - - [27/Jan/2020:11:07:23 +0100] "GET /reload?ser=1580119643730 HTTP/1.1" 200 28 "http://renault.activities.at/login?required=true" "Mozilla/5.0 (Windows NT 10.0; Win64; x64; rv:72.0) Gecko/20100101 Firefox/72.0"
213.153.47.173 - - [27/Jan/2020:11:07:32 +0100] "GET /reload?ser=1580119652841 HTTP/1.1" 200 28 "http://renault.activities.at/login?required=true" "Mozilla/5.0 (Windows NT 10.0; Win64; x64; rv:72.0) Gecko/20100101 Firefox/72.0"
138.21.12.24 - - [27/Jan/2020:11:07:35 +0100] "GET /reload?ser=1580119654938 HTTP/1.1" 200 28 "http://renault.2web.at/result?searchterm=true&search=duster" "Mozilla/5.0 (Windows NT 10.0; WOW64; Trident/7.0; Touch; rv:11.0) like Gecko"
193.194.132.24 - - [27/Jan/2020:11:07:41 +0100] "GET /reload?ser=1580119660982 HTTP/1.1" 200 28 "http://renault.2web.at/result?searchterm=true&search=motorrauma" "Mozilla/5.0 (Windows NT 10.0; WOW64; Trident/7.0; Touch; rv:11.0) like Gecko"
213.153.47.173 - - [27/Jan/2020:11:08:24 +0100] "GET /reload?ser=1580119704389 HTTP/1.1" 200 28 "http://renault.activities.at/login?required=true" "Mozilla/5.0 (Windows NT 10.0; Win64; x64; rv:72.0) Gecko/20100101 Firefox/72.0"
213.153.47.173 - - [27/Jan/2020:11:08:33 +0100] "GET /reload?ser=1580119713500 HTTP/1.1" 200 28 "http://renault.activities.at/login?required=true" "Mozilla/5.0 (Windows NT 10.0; Win64; x64; rv:72.0) Gecko/20100101 Firefox/72.0"
138.21.12.24 - - [27/Jan/2020:11:08:36 +0100] "GET /reload?ser=1580119715995 HTTP/1.1" 200 28 "http://renault.2web.at/result?searchterm=true&search=duster" "Mozilla/5.0 (Windows NT 10.0; WOW64; Trident/7.0; Touch; rv:11.0) like Gecko"
193.194.132.24 - - [27/Jan/2020:11:08:42 +0100] "GET /reload?ser=1580119722071 HTTP/1.1" 200 28 "http://renault.2web.at/result?searchterm=true&search=motorrauma" "Mozilla/5.0 (Windows NT 10.0; WOW64; Trident/7.0; Touch; rv:11.0) like Gecko"
213.153.47.173 - - [27/Jan/2020:11:09:25 +0100] "GET /reload?ser=1580119765039 HTTP/1.1" 200 28 "http://renault.activities.at/login?required=true" "Mozilla/5.0 (Windows NT 10.0; Win64; x64; rv:72.0) Gecko/20100101 Firefox/72.0"
213.153.47.173 - - [27/Jan/2020:11:09:34 +0100] "GET /reload?ser=1580119774160 HTTP/1.1" 200 28 "http://renault.activities.at/login?required=true" "Mozilla/5.0 (Windows NT 10.0; Win64; x64; rv:72.0) Gecko/20100101 Firefox/72.0"
138.21.12.24 - - [27/Jan/2020:11:09:37 +0100] "GET /reload?ser=1580119777005 HTTP/1.1" 200 28 "http://renault.2web.at/result?searchterm=true&search=duster" "Mozilla/5.0 (Windows NT 10.0; WOW64; Trident/7.0; Touch; rv:11.0) like Gecko"
193.194.132.24 - - [27/Jan/2020:11:09:43 +0100] "GET /reload?ser=1580119783186 HTTP/1.1" 200 28 "http://renault.2web.at/result?searchterm=true&search=motorrauma" "Mozilla/5.0 (Windows NT 10.0; WOW64; Trident/7.0; Touch; rv:11.0) like Gecko"
213.153.47.173 - - [27/Jan/2020:11:10:25 +0100] "GET /reload?ser=1580119825688 HTTP/1.1" 200 28 "http://renault.activities.at/login?required=true" "Mozilla/5.0 (Windows NT 10.0; Win64; x64; rv:72.0) Gecko/20100101 Firefox/72.0"
213.153.47.173 - - [27/Jan/2020:11:10:34 +0100] "GET /reload?ser=1580119834828 HTTP/1.1" 200 28 "http://renault.activities.at/login?required=true" "Mozilla/5.0 (Windows NT 10.0; Win64; x64; rv:72.0) Gecko/20100101 Firefox/72.0"
138.21.12.24 - - [27/Jan/2020:11:10:38 +0100] "GET /reload?ser=1580119838068 HTTP/1.1" 200 28 "http://renault.2web.at/result?searchterm=true&search=duster" "Mozilla/5.0 (Windows NT 10.0; WOW64; Trident/7.0; Touch; rv:11.0) like Gecko"
193.194.132.24 - - [27/Jan/2020:11:10:44 +0100] "GET /reload?ser=1580119844327 HTTP/1.1" 200 28 "http://renault.2web.at/result?searchterm=true&search=motorrauma" "Mozilla/5.0 (Windows NT 10.0; WOW64; Trident/7.0; Touch; rv:11.0) like Gecko"
213.153.47.173 - - [27/Jan/2020:11:11:26 +0100] "GET /reload?ser=1580119886336 HTTP/1.1" 200 28 "http://renault.activities.at/login?required=true" "Mozilla/5.0 (Windows NT 10.0; Win64; x64; rv:72.0) Gecko/20100101 Firefox/72.0"
213.153.47.173 - - [27/Jan/2020:11:11:35 +0100] "GET /reload?ser=1580119895480 HTTP/1.1" 200 28 "http://renault.activities.at/login?required=true" "Mozilla/5.0 (Windows NT 10.0; Win64; x64; rv:72.0) Gecko/20100101 Firefox/72.0"
138.21.12.24 - - [27/Jan/2020:11:11:39 +0100] "GET /reload?ser=1580119899129 HTTP/1.1" 200 28 "http://renault.2web.at/result?searchterm=true&search=duster" "Mozilla/5.0 (Windows NT 10.0; WOW64; Trident/7.0; Touch; rv:11.0) like Gecko"
193.194.132.24 - - [27/Jan/2020:11:11:45 +0100] "GET /reload?ser=1580119905412 HTTP/1.1" 200 28 "http://renault.2web.at/result?searchterm=true&search=motorrauma" "Mozilla/5.0 (Windows NT 10.0; WOW64; Trident/7.0; Touch; rv:11.0) like Gecko"
213.153.47.173 - - [27/Jan/2020:11:12:26 +0100] "GET /reload?ser=1580119946997 HTTP/1.1" 200 28 "http://renault.activities.at/login?required=true" "Mozilla/5.0 (Windows NT 10.0; Win64; x64; rv:72.0) Gecko/20100101 Firefox/72.0"
213.153.47.173 - - [27/Jan/2020:11:12:36 +0100] "GET /reload?ser=1580119956147 HTTP/1.1" 200 28 "http://renault.activities.at/login?required=true" "Mozilla/5.0 (Windows NT 10.0; Win64; x64; rv:72.0) Gecko/20100101 Firefox/72.0"
138.21.12.24 - - [27/Jan/2020:11:12:40 +0100] "GET /reload?ser=1580119960170 HTTP/1.1" 200 28 "http://renault.2web.at/result?searchterm=true&search=duster" "Mozilla/5.0 (Windows NT 10.0; WOW64; Trident/7.0; Touch; rv:11.0) like Gecko"
193.194.132.24 - - [27/Jan/2020:11:12:46 +0100] "GET /reload?ser=1580119966575 HTTP/1.1" 200 28 "http://renault.2web.at/result?searchterm=true&search=motorrauma" "Mozilla/5.0 (Windows NT 10.0; WOW64; Trident/7.0; Touch; rv:11.0) like Gecko"
213.153.47.173 - - [27/Jan/2020:11:13:27 +0100] "GET /reload?ser=1580120007667 HTTP/1.1" 200 28 "http://renault.activities.at/login?required=true" "Mozilla/5.0 (Windows NT 10.0; Win64; x64; rv:72.0) Gecko/20100101 Firefox/72.0"
213.153.47.173 - - [27/Jan/2020:11:13:36 +0100] "GET /reload?ser=1580120016811 HTTP/1.1" 200 28 "http://renault.activities.at/login?required=true" "Mozilla/5.0 (Windows NT 10.0; Win64; x64; rv:72.0) Gecko/20100101 Firefox/72.0"
138.21.12.24 - - [27/Jan/2020:11:13:41 +0100] "GET /reload?ser=1580120021248 HTTP/1.1" 200 28 "http://renault.2web.at/result?searchterm=true&search=duster" "Mozilla/5.0 (Windows NT 10.0; WOW64; Trident/7.0; Touch; rv:11.0) like Gecko"
193.194.132.24 - - [27/Jan/2020:11:13:47 +0100] "GET /reload?ser=1580120027675 HTTP/1.1" 200 28 "http://renault.2web.at/result?searchterm=true&search=motorrauma" "Mozilla/5.0 (Windows NT 10.0; WOW64; Trident/7.0; Touch; rv:11.0) like Gecko"
213.153.47.173 - - [27/Jan/2020:11:14:28 +0100] "GET /reload?ser=1580120068317 HTTP/1.1" 200 28 "http://renault.activities.at/login?required=true" "Mozilla/5.0 (Windows NT 10.0; Win64; x64; rv:72.0) Gecko/20100101 Firefox/72.0"
193.194.132.24 - - [27/Jan/2020:11:14:27 +0100] "GET /graphics/zoomin.cur HTTP/1.1" 200 5761 "http://renault.2web.at/11592486?print=true" "Mozilla/5.0 (Windows NT 10.0; WOW64; Trident/7.0; Touch; rv:11.0) like Gecko"
193.194.132.24 - - [27/Jan/2020:11:14:29 +0100] "GET /graphics/zoomin.cur HTTP/1.1" 200 5761 "http://renault.2web.at/11592486?print=true" "Mozilla/5.0 (Windows NT 10.0; WOW64; Trident/7.0; Touch; rv:11.0) like Gecko"
193.194.132.24 - - [27/Jan/2020:11:14:29 +0100] "GET /null HTTP/1.1" 200 5761 "http://renault.2web.at/result?searchterm=true&search=motorrauma" "Mozilla/5.0 (Windows NT 10.0; WOW64; Trident/7.0; Touch; rv:11.0) like Gecko"
213.153.47.173 - - [27/Jan/2020:11:14:37 +0100] "GET /reload?ser=1580120077466 HTTP/1.1" 200 28 "http://renault.activities.at/login?required=true" "Mozilla/5.0 (Windows NT 10.0; Win64; x64; rv:72.0) Gecko/20100101 Firefox/72.0"
138.21.12.24 - - [27/Jan/2020:11:14:42 +0100] "GET /reload?ser=1580120082300 HTTP/1.1" 200 28 "http://renault.2web.at/result?searchterm=true&search=duster" "Mozilla/5.0 (Windows NT 10.0; WOW64; Trident/7.0; Touch; rv:11.0) like Gecko"
193.194.132.24 - - [27/Jan/2020:11:14:49 +0100] "GET /reload?ser=1580120088857 HTTP/1.1" 200 28 "http://renault.2web.at/result?searchterm=true&search=motorrauma" "Mozilla/5.0 (Windows NT 10.0; WOW64; Trident/7.0; Touch; rv:11.0) like Gecko"
213.153.47.173 - - [27/Jan/2020:11:15:28 +0100] "GET /reload?ser=1580120128976 HTTP/1.1" 200 28 "http://renault.activities.at/login?required=true" "Mozilla/5.0 (Windows NT 10.0; Win64; x64; rv:72.0) Gecko/20100101 Firefox/72.0"
213.153.47.173 - - [27/Jan/2020:11:15:38 +0100] "GET /reload?ser=1580120138112 HTTP/1.1" 200 28 "http://renault.activities.at/login?required=true" "Mozilla/5.0 (Windows NT 10.0; Win64; x64; rv:72.0) Gecko/20100101 Firefox/72.0"
138.21.12.24 - - [27/Jan/2020:11:15:43 +0100] "GET /reload?ser=1580120143328 HTTP/1.1" 200 28 "http://renault.2web.at/result?searchterm=true&search=duster" "Mozilla/5.0 (Windows NT 10.0; WOW64; Trident/7.0; Touch; rv:11.0) like Gecko"
193.194.132.24 - - [27/Jan/2020:11:15:50 +0100] "GET /reload?ser=1580120150107 HTTP/1.1" 200 28 "http://renault.2web.at/result?searchterm=true&search=motorrauma" "Mozilla/5.0 (Windows NT 10.0; WOW64; Trident/7.0; Touch; rv:11.0) like Gecko"
213.153.47.173 - - [27/Jan/2020:11:16:29 +0100] "GET /reload?ser=1580120189626 HTTP/1.1" 200 28 "http://renault.activities.at/login?required=true" "Mozilla/5.0 (Windows NT 10.0; Win64; x64; rv:72.0) Gecko/20100101 Firefox/72.0"
213.153.47.173 - - [27/Jan/2020:11:16:38 +0100] "GET /reload?ser=1580120198756 HTTP/1.1" 200 28 "http://renault.activities.at/login?required=true" "Mozilla/5.0 (Windows NT 10.0; Win64; x64; rv:72.0) Gecko/20100101 Firefox/72.0"
138.21.12.24 - - [27/Jan/2020:11:16:44 +0100] "GET /reload?ser=1580120204374 HTTP/1.1" 200 28 "http://renault.2web.at/result?searchterm=true&search=duster" "Mozilla/5.0 (Windows NT 10.0; WOW64; Trident/7.0; Touch; rv:11.0) like Gecko"
193.194.132.24 - - [27/Jan/2020:11:16:51 +0100] "GET /reload?ser=1580120211235 HTTP/1.1" 200 28 "http://renault.2web.at/result?searchterm=true&search=motorrauma" "Mozilla/5.0 (Windows NT 10.0; WOW64; Trident/7.0; Touch; rv:11.0) like Gecko"
213.153.47.173 - - [27/Jan/2020:11:17:30 +0100] "GET /reload?ser=1580120250312 HTTP/1.1" 200 28 "http://renault.activities.at/login?required=true" "Mozilla/5.0 (Windows NT 10.0; Win64; x64; rv:72.0) Gecko/20100101 Firefox/72.0"
213.153.47.173 - - [27/Jan/2020:11:17:39 +0100] "GET /reload?ser=1580120259403 HTTP/1.1" 200 28 "http://renault.activities.at/login?required=true" "Mozilla/5.0 (Windows NT 10.0; Win64; x64; rv:72.0) Gecko/20100101 Firefox/72.0"
138.21.12.24 - - [27/Jan/2020:11:17:45 +0100] "GET /reload?ser=1580120265373 HTTP/1.1" 200 28 "http://renault.2web.at/result?searchterm=true&search=duster" "Mozilla/5.0 (Windows NT 10.0; WOW64; Trident/7.0; Touch; rv:11.0) like Gecko"
193.194.132.24 - - [27/Jan/2020:11:17:52 +0100] "GET /reload?ser=1580120272299 HTTP/1.1" 200 28 "http://renault.2web.at/result?searchterm=true&search=motorrauma" "Mozilla/5.0 (Windows NT 10.0; WOW64; Trident/7.0; Touch; rv:11.0) like Gecko"
213.153.47.173 - - [27/Jan/2020:11:18:30 +0100] "GET /reload?ser=1580120310990 HTTP/1.1" 200 28 "http://renault.activities.at/login?required=true" "Mozilla/5.0 (Windows NT 10.0; Win64; x64; rv:72.0) Gecko/20100101 Firefox/72.0"
213.153.47.173 - - [27/Jan/2020:11:18:40 +0100] "GET /reload?ser=1580120320066 HTTP/1.1" 200 28 "http://renault.activities.at/login?required=true" "Mozilla/5.0 (Windows NT 10.0; Win64; x64; rv:72.0) Gecko/20100101 Firefox/72.0"
138.21.12.24 - - [27/Jan/2020:11:18:46 +0100] "GET /reload?ser=1580120326424 HTTP/1.1" 200 28 "http://renault.2web.at/result?searchterm=true&search=duster" "Mozilla/5.0 (Windows NT 10.0; WOW64; Trident/7.0; Touch; rv:11.0) like Gecko"
193.194.132.24 - - [27/Jan/2020:11:18:53 +0100] "GET /reload?ser=1580120333441 HTTP/1.1" 200 28 "http://renault.2web.at/result?searchterm=true&search=motorrauma" "Mozilla/5.0 (Windows NT 10.0; WOW64; Trident/7.0; Touch; rv:11.0) like Gecko"
213.153.47.173 - - [27/Jan/2020:11:19:31 +0100] "GET /reload?ser=1580120371656 HTTP/1.1" 200 28 "http://renault.activities.at/login?required=true" "Mozilla/5.0 (Windows NT 10.0; Win64; x64; rv:72.0) Gecko/20100101 Firefox/72.0"
213.153.47.173 - - [27/Jan/2020:11:19:40 +0100] "GET /reload?ser=1580120380714 HTTP/1.1" 200 28 "http://renault.activities.at/login?required=true" "Mozilla/5.0 (Windows NT 10.0; Win64; x64; rv:72.0) Gecko/20100101 Firefox/72.0"
138.21.12.24 - - [27/Jan/2020:11:19:47 +0100] "GET /reload?ser=1580120387451 HTTP/1.1" 200 28 "http://renault.2web.at/result?searchterm=true&search=duster" "Mozilla/5.0 (Windows NT 10.0; WOW64; Trident/7.0; Touch; rv:11.0) like Gecko"
193.194.132.24 - - [27/Jan/2020:11:19:54 +0100] "GET /reload?ser=1580120394578 HTTP/1.1" 200 28 "http://renault.2web.at/result?searchterm=true&search=motorrauma" "Mozilla/5.0 (Windows NT 10.0; WOW64; Trident/7.0; Touch; rv:11.0) like Gecko"
213.153.47.173 - - [27/Jan/2020:11:20:32 +0100] "GET /reload?ser=1580120432295 HTTP/1.1" 200 28 "http://renault.activities.at/login?required=true" "Mozilla/5.0 (Windows NT 10.0; Win64; x64; rv:72.0) Gecko/20100101 Firefox/72.0"
213.153.47.173 - - [27/Jan/2020:11:20:41 +0100] "GET /reload?ser=1580120441365 HTTP/1.1" 200 28 "http://renault.activities.at/login?required=true" "Mozilla/5.0 (Windows NT 10.0; Win64; x64; rv:72.0) Gecko/20100101 Firefox/72.0"
138.21.12.24 - - [27/Jan/2020:11:20:48 +0100] "GET /reload?ser=1580120448460 HTTP/1.1" 200 28 "http://renault.2web.at/result?searchterm=true&search=duster" "Mozilla/5.0 (Windows NT 10.0; WOW64; Trident/7.0; Touch; rv:11.0) like Gecko"
193.194.132.24 - - [27/Jan/2020:11:20:55 +0100] "GET /reload?ser=1580120455731 HTTP/1.1" 200 28 "http://renault.2web.at/result?searchterm=true&search=motorrauma" "Mozilla/5.0 (Windows NT 10.0; WOW64; Trident/7.0; Touch; rv:11.0) like Gecko"
213.153.47.173 - - [27/Jan/2020:11:21:32 +0100] "GET /reload?ser=1580120493014 HTTP/1.1" 200 28 "http://renault.activities.at/login?required=true" "Mozilla/5.0 (Windows NT 10.0; Win64; x64; rv:72.0) Gecko/20100101 Firefox/72.0"
213.153.47.173 - - [27/Jan/2020:11:21:41 +0100] "GET /reload?ser=1580120502024 HTTP/1.1" 200 28 "http://renault.activities.at/login?required=true" "Mozilla/5.0 (Windows NT 10.0; Win64; x64; rv:72.0) Gecko/20100101 Firefox/72.0"
138.21.12.24 - - [27/Jan/2020:11:21:49 +0100] "GET /reload?ser=1580120509504 HTTP/1.1" 200 28 "http://renault.2web.at/result?searchterm=true&search=duster" "Mozilla/5.0 (Windows NT 10.0; WOW64; Trident/7.0; Touch; rv:11.0) like Gecko"
193.194.132.24 - - [27/Jan/2020:11:21:56 +0100] "GET /reload?ser=1580120516815 HTTP/1.1" 200 28 "http://renault.2web.at/result?searchterm=true&search=motorrauma" "Mozilla/5.0 (Windows NT 10.0; WOW64; Trident/7.0; Touch; rv:11.0) like Gecko"
213.153.47.173 - - [27/Jan/2020:11:22:33 +0100] "GET /reload?ser=1580120553654 HTTP/1.1" 200 28 "http://renault.activities.at/login?required=true" "Mozilla/5.0 (Windows NT 10.0; Win64; x64; rv:72.0) Gecko/20100101 Firefox/72.0"
213.153.47.173 - - [27/Jan/2020:11:22:42 +0100] "GET /reload?ser=1580120562684 HTTP/1.1" 200 28 "http://renault.activities.at/login?required=true" "Mozilla/5.0 (Windows NT 10.0; Win64; x64; rv:72.0) Gecko/20100101 Firefox/72.0"
138.21.12.24 - - [27/Jan/2020:11:22:50 +0100] "GET /reload?ser=1580120570518 HTTP/1.1" 200 28 "http://renault.2web.at/result?searchterm=true&search=duster" "Mozilla/5.0 (Windows NT 10.0; WOW64; Trident/7.0; Touch; rv:11.0) like Gecko"
193.194.132.24 - - [27/Jan/2020:11:22:58 +0100] "GET /reload?ser=1580120577907 HTTP/1.1" 200 28 "http://renault.2web.at/result?searchterm=true&search=motorrauma" "Mozilla/5.0 (Windows NT 10.0; WOW64; Trident/7.0; Touch; rv:11.0) like Gecko"
213.153.47.173 - - [27/Jan/2020:11:23:34 +0100] "GET /reload?ser=1580120614325 HTTP/1.1" 200 28 "http://renault.activities.at/login?required=true" "Mozilla/5.0 (Windows NT 10.0; Win64; x64; rv:72.0) Gecko/20100101 Firefox/72.0"
213.153.47.173 - - [27/Jan/2020:11:23:43 +0100] "GET /reload?ser=1580120623344 HTTP/1.1" 200 28 "http://renault.activities.at/login?required=true" "Mozilla/5.0 (Windows NT 10.0; Win64; x64; rv:72.0) Gecko/20100101 Firefox/72.0"
138.21.12.24 - - [27/Jan/2020:11:23:51 +0100] "GET /reload?ser=1580120631578 HTTP/1.1" 200 28 "http://renault.2web.at/result?searchterm=true&search=duster" "Mozilla/5.0 (Windows NT 10.0; WOW64; Trident/7.0; Touch; rv:11.0) like Gecko"
193.194.132.24 - - [27/Jan/2020:11:23:59 +0100] "GET /reload?ser=1580120639162 HTTP/1.1" 200 28 "http://renault.2web.at/result?searchterm=true&search=motorrauma" "Mozilla/5.0 (Windows NT 10.0; WOW64; Trident/7.0; Touch; rv:11.0) like Gecko"
213.153.47.173 - - [27/Jan/2020:11:24:34 +0100] "GET /reload?ser=1580120674981 HTTP/1.1" 200 28 "http://renault.activities.at/login?required=true" "Mozilla/5.0 (Windows NT 10.0; Win64; x64; rv:72.0) Gecko/20100101 Firefox/72.0"
213.153.47.173 - - [27/Jan/2020:11:24:43 +0100] "GET /reload?ser=1580120683981 HTTP/1.1" 200 28 "http://renault.activities.at/login?required=true" "Mozilla/5.0 (Windows NT 10.0; Win64; x64; rv:72.0) Gecko/20100101 Firefox/72.0"
138.21.12.24 - - [27/Jan/2020:11:24:52 +0100] "GET /reload?ser=1580120692602 HTTP/1.1" 200 28 "http://renault.2web.at/result?searchterm=true&search=duster" "Mozilla/5.0 (Windows NT 10.0; WOW64; Trident/7.0; Touch; rv:11.0) like Gecko"
193.194.132.24 - - [27/Jan/2020:11:25:00 +0100] "GET /reload?ser=1580120700245 HTTP/1.1" 200 28 "http://renault.2web.at/result?searchterm=true&search=motorrauma" "Mozilla/5.0 (Windows NT 10.0; WOW64; Trident/7.0; Touch; rv:11.0) like Gecko"
213.153.47.173 - - [27/Jan/2020:11:25:35 +0100] "GET /reload?ser=1580120735636 HTTP/1.1" 200 28 "http://renault.activities.at/login?required=true" "Mozilla/5.0 (Windows NT 10.0; Win64; x64; rv:72.0) Gecko/20100101 Firefox/72.0"
213.153.47.173 - - [27/Jan/2020:11:25:44 +0100] "GET /reload?ser=1580120744636 HTTP/1.1" 200 28 "http://renault.activities.at/login?required=true" "Mozilla/5.0 (Windows NT 10.0; Win64; x64; rv:72.0) Gecko/20100101 Firefox/72.0"
138.21.12.24 - - [27/Jan/2020:11:25:53 +0100] "GET /reload?ser=1580120753618 HTTP/1.1" 200 28 "http://renault.2web.at/result?searchterm=true&search=duster" "Mozilla/5.0 (Windows NT 10.0; WOW64; Trident/7.0; Touch; rv:11.0) like Gecko"
193.194.132.24 - - [27/Jan/2020:11:26:01 +0100] "GET /reload?ser=1580120761333 HTTP/1.1" 200 28 "http://renault.2web.at/result?searchterm=true&search=motorrauma" "Mozilla/5.0 (Windows NT 10.0; WOW64; Trident/7.0; Touch; rv:11.0) like Gecko"
213.153.47.173 - - [27/Jan/2020:11:26:36 +0100] "GET /reload?ser=1580120796280 HTTP/1.1" 200 28 "http://renault.activities.at/login?required=true" "Mozilla/5.0 (Windows NT 10.0; Win64; x64; rv:72.0) Gecko/20100101 Firefox/72.0"
213.153.47.173 - - [27/Jan/2020:11:26:45 +0100] "GET /reload?ser=1580120805289 HTTP/1.1" 200 28 "http://renault.activities.at/login?required=true" "Mozilla/5.0 (Windows NT 10.0; Win64; x64; rv:72.0) Gecko/20100101 Firefox/72.0"
138.21.12.24 - - [27/Jan/2020:11:26:54 +0100] "GET /reload?ser=1580120814686 HTTP/1.1" 200 28 "http://renault.2web.at/result?searchterm=true&search=duster" "Mozilla/5.0 (Windows NT 10.0; WOW64; Trident/7.0; Touch; rv:11.0) like Gecko"
193.194.132.24 - - [27/Jan/2020:11:27:03 +0100] "GET /reload?ser=1580120822864 HTTP/1.1" 200 28 "http://renault.2web.at/result?searchterm=true&search=motorrauma" "Mozilla/5.0 (Windows NT 10.0; WOW64; Trident/7.0; Touch; rv:11.0) like Gecko"
213.153.47.173 - - [27/Jan/2020:11:27:36 +0100] "GET /reload?ser=1580120856945 HTTP/1.1" 200 28 "http://renault.activities.at/login?required=true" "Mozilla/5.0 (Windows NT 10.0; Win64; x64; rv:72.0) Gecko/20100101 Firefox/72.0"
213.153.47.173 - - [27/Jan/2020:11:27:45 +0100] "GET /reload?ser=1580120865947 HTTP/1.1" 200 28 "http://renault.activities.at/login?required=true" "Mozilla/5.0 (Windows NT 10.0; Win64; x64; rv:72.0) Gecko/20100101 Firefox/72.0"
138.21.12.24 - - [27/Jan/2020:11:27:55 +0100] "GET /reload?ser=1580120875705 HTTP/1.1" 200 28 "http://renault.2web.at/result?searchterm=true&search=duster" "Mozilla/5.0 (Windows NT 10.0; WOW64; Trident/7.0; Touch; rv:11.0) like Gecko"
193.194.132.24 - - [27/Jan/2020:11:28:04 +0100] "GET /reload?ser=1580120883959 HTTP/1.1" 200 28 "http://renault.2web.at/result?searchterm=true&search=motorrauma" "Mozilla/5.0 (Windows NT 10.0; WOW64; Trident/7.0; Touch; rv:11.0) like Gecko"
213.153.47.173 - - [27/Jan/2020:11:28:37 +0100] "GET /reload?ser=1580120917588 HTTP/1.1" 200 28 "http://renault.activities.at/login?required=true" "Mozilla/5.0 (Windows NT 10.0; Win64; x64; rv:72.0) Gecko/20100101 Firefox/72.0"
213.153.47.173 - - [27/Jan/2020:11:28:46 +0100] "GET /reload?ser=1580120926597 HTTP/1.1" 200 28 "http://renault.activities.at/login?required=true" "Mozilla/5.0 (Windows NT 10.0; Win64; x64; rv:72.0) Gecko/20100101 Firefox/72.0"
138.21.12.24 - - [27/Jan/2020:11:28:56 +0100] "GET /reload?ser=1580120936735 HTTP/1.1" 200 28 "http://renault.2web.at/result?searchterm=true&search=duster" "Mozilla/5.0 (Windows NT 10.0; WOW64; Trident/7.0; Touch; rv:11.0) like Gecko"
193.194.132.24 - - [27/Jan/2020:11:29:05 +0100] "GET /reload?ser=1580120945051 HTTP/1.1" 200 28 "http://renault.2web.at/result?searchterm=true&search=motorrauma" "Mozilla/5.0 (Windows NT 10.0; WOW64; Trident/7.0; Touch; rv:11.0) like Gecko"
213.153.47.173 - - [27/Jan/2020:11:29:38 +0100] "GET /reload?ser=1580120978243 HTTP/1.1" 200 28 "http://renault.activities.at/login?required=true" "Mozilla/5.0 (Windows NT 10.0; Win64; x64; rv:72.0) Gecko/20100101 Firefox/72.0"
213.153.47.173 - - [27/Jan/2020:11:29:47 +0100] "GET /reload?ser=1580120987252 HTTP/1.1" 200 28 "http://renault.activities.at/login?required=true" "Mozilla/5.0 (Windows NT 10.0; Win64; x64; rv:72.0) Gecko/20100101 Firefox/72.0"
138.21.12.24 - - [27/Jan/2020:11:29:59 +0100] "GET /reload?ser=1580120998785 HTTP/1.1" 200 28 "http://renault.2web.at/result?searchterm=true&search=duster" "Mozilla/5.0 (Windows NT 10.0; WOW64; Trident/7.0; Touch; rv:11.0) like Gecko"
193.194.132.24 - - [27/Jan/2020:11:30:06 +0100] "GET /reload?ser=1580121006207 HTTP/1.1" 200 28 "http://renault.2web.at/result?searchterm=true&search=motorrauma" "Mozilla/5.0 (Windows NT 10.0; WOW64; Trident/7.0; Touch; rv:11.0) like Gecko"
213.153.47.173 - - [27/Jan/2020:11:30:38 +0100] "GET /reload?ser=1580121038898 HTTP/1.1" 200 28 "http://renault.activities.at/login?required=true" "Mozilla/5.0 (Windows NT 10.0; Win64; x64; rv:72.0) Gecko/20100101 Firefox/72.0"
213.153.47.173 - - [27/Jan/2020:11:30:47 +0100] "GET /reload?ser=1580121047918 HTTP/1.1" 200 28 "http://renault.activities.at/login?required=true" "Mozilla/5.0 (Windows NT 10.0; Win64; x64; rv:72.0) Gecko/20100101 Firefox/72.0"
138.21.12.24 - - [27/Jan/2020:11:31:00 +0100] "GET /reload?ser=1580121059880 HTTP/1.1" 200 28 "http://renault.2web.at/result?searchterm=true&search=duster" "Mozilla/5.0 (Windows NT 10.0; WOW64; Trident/7.0; Touch; rv:11.0) like Gecko"
193.194.132.24 - - [27/Jan/2020:11:31:07 +0100] "GET /reload?ser=1580121067305 HTTP/1.1" 200 28 "http://renault.2web.at/result?searchterm=true&search=motorrauma" "Mozilla/5.0 (Windows NT 10.0; WOW64; Trident/7.0; Touch; rv:11.0) like Gecko"
213.153.47.173 - - [27/Jan/2020:11:31:39 +0100] "GET /reload?ser=1580121099545 HTTP/1.1" 200 28 "http://renault.activities.at/login?required=true" "Mozilla/5.0 (Windows NT 10.0; Win64; x64; rv:72.0) Gecko/20100101 Firefox/72.0"
213.153.47.173 - - [27/Jan/2020:11:31:48 +0100] "GET /reload?ser=1580121108564 HTTP/1.1" 200 28 "http://renault.activities.at/login?required=true" "Mozilla/5.0 (Windows NT 10.0; Win64; x64; rv:72.0) Gecko/20100101 Firefox/72.0"
138.21.12.24 - - [27/Jan/2020:11:32:01 +0100] "GET /reload?ser=1580121120951 HTTP/1.1" 200 28 "http://renault.2web.at/result?searchterm=true&search=duster" "Mozilla/5.0 (Windows NT 10.0; WOW64; Trident/7.0; Touch; rv:11.0) like Gecko"
193.194.132.24 - - [27/Jan/2020:11:32:08 +0100] "GET /reload?ser=1580121128399 HTTP/1.1" 200 28 "http://renault.2web.at/result?searchterm=true&search=motorrauma" "Mozilla/5.0 (Windows NT 10.0; WOW64; Trident/7.0; Touch; rv:11.0) like Gecko"
213.153.47.173 - - [27/Jan/2020:11:32:40 +0100] "GET /reload?ser=1580121160190 HTTP/1.1" 200 28 "http://renault.activities.at/login?required=true" "Mozilla/5.0 (Windows NT 10.0; Win64; x64; rv:72.0) Gecko/20100101 Firefox/72.0"
213.153.47.173 - - [27/Jan/2020:11:32:49 +0100] "GET /reload?ser=1580121169194 HTTP/1.1" 200 28 "http://renault.activities.at/login?required=true" "Mozilla/5.0 (Windows NT 10.0; Win64; x64; rv:72.0) Gecko/20100101 Firefox/72.0"
138.21.12.24 - - [27/Jan/2020:11:33:02 +0100] "GET /reload?ser=1580121181993 HTTP/1.1" 200 28 "http://renault.2web.at/result?searchterm=true&search=duster" "Mozilla/5.0 (Windows NT 10.0; WOW64; Trident/7.0; Touch; rv:11.0) like Gecko"
193.194.132.24 - - [27/Jan/2020:11:33:09 +0100] "GET /reload?ser=1580121189565 HTTP/1.1" 200 28 "http://renault.2web.at/result?searchterm=true&search=motorrauma" "Mozilla/5.0 (Windows NT 10.0; WOW64; Trident/7.0; Touch; rv:11.0) like Gecko"
213.153.47.173 - - [27/Jan/2020:11:33:40 +0100] "GET /reload?ser=1580121220846 HTTP/1.1" 200 28 "http://renault.activities.at/login?required=true" "Mozilla/5.0 (Windows NT 10.0; Win64; x64; rv:72.0) Gecko/20100101 Firefox/72.0"
213.153.47.173 - - [27/Jan/2020:11:33:49 +0100] "GET /reload?ser=1580121229835 HTTP/1.1" 200 28 "http://renault.activities.at/login?required=true" "Mozilla/5.0 (Windows NT 10.0; Win64; x64; rv:72.0) Gecko/20100101 Firefox/72.0"
138.21.12.24 - - [27/Jan/2020:11:34:03 +0100] "GET /reload?ser=1580121243032 HTTP/1.1" 200 28 "http://renault.2web.at/result?searchterm=true&search=duster" "Mozilla/5.0 (Windows NT 10.0; WOW64; Trident/7.0; Touch; rv:11.0) like Gecko"
193.194.132.24 - - [27/Jan/2020:11:34:10 +0100] "GET /reload?ser=1580121250646 HTTP/1.1" 200 28 "http://renault.2web.at/result?searchterm=true&search=motorrauma" "Mozilla/5.0 (Windows NT 10.0; WOW64; Trident/7.0; Touch; rv:11.0) like Gecko"
213.153.47.173 - - [27/Jan/2020:11:34:41 +0100] "GET /reload?ser=1580121281522 HTTP/1.1" 200 28 "http://renault.activities.at/login?required=true" "Mozilla/5.0 (Windows NT 10.0; Win64; x64; rv:72.0) Gecko/20100101 Firefox/72.0"
213.153.47.173 - - [27/Jan/2020:11:34:50 +0100] "GET /reload?ser=1580121290501 HTTP/1.1" 200 28 "http://renault.activities.at/login?required=true" "Mozilla/5.0 (Windows NT 10.0; Win64; x64; rv:72.0) Gecko/20100101 Firefox/72.0"
138.21.12.24 - - [27/Jan/2020:11:35:04 +0100] "GET /reload?ser=1580121304079 HTTP/1.1" 200 28 "http://renault.2web.at/result?searchterm=true&search=duster" "Mozilla/5.0 (Windows NT 10.0; WOW64; Trident/7.0; Touch; rv:11.0) like Gecko"
193.194.132.24 - - [27/Jan/2020:11:35:11 +0100] "GET /reload?ser=1580121311720 HTTP/1.1" 200 28 "http://renault.2web.at/result?searchterm=true&search=motorrauma" "Mozilla/5.0 (Windows NT 10.0; WOW64; Trident/7.0; Touch; rv:11.0) like Gecko"
213.153.47.173 - - [27/Jan/2020:11:35:42 +0100] "GET /reload?ser=1580121342169 HTTP/1.1" 200 28 "http://renault.activities.at/login?required=true" "Mozilla/5.0 (Windows NT 10.0; Win64; x64; rv:72.0) Gecko/20100101 Firefox/72.0"
213.153.47.173 - - [27/Jan/2020:11:35:51 +0100] "GET /reload?ser=1580121351148 HTTP/1.1" 200 28 "http://renault.activities.at/login?required=true" "Mozilla/5.0 (Windows NT 10.0; Win64; x64; rv:72.0) Gecko/20100101 Firefox/72.0"
138.21.12.24 - - [27/Jan/2020:11:36:05 +0100] "GET /reload?ser=1580121365149 HTTP/1.1" 200 28 "http://renault.2web.at/result?searchterm=true&search=duster" "Mozilla/5.0 (Windows NT 10.0; WOW64; Trident/7.0; Touch; rv:11.0) like Gecko"
193.194.132.24 - - [27/Jan/2020:11:36:12 +0100] "GET /reload?ser=1580121372805 HTTP/1.1" 200 28 "http://renault.2web.at/result?searchterm=true&search=motorrauma" "Mozilla/5.0 (Windows NT 10.0; WOW64; Trident/7.0; Touch; rv:11.0) like Gecko"
213.153.47.173 - - [27/Jan/2020:11:36:42 +0100] "GET /reload?ser=1580121402829 HTTP/1.1" 200 28 "http://renault.activities.at/login?required=true" "Mozilla/5.0 (Windows NT 10.0; Win64; x64; rv:72.0) Gecko/20100101 Firefox/72.0"
213.153.47.173 - - [27/Jan/2020:11:36:51 +0100] "GET /reload?ser=1580121411825 HTTP/1.1" 200 28 "http://renault.activities.at/login?required=true" "Mozilla/5.0 (Windows NT 10.0; Win64; x64; rv:72.0) Gecko/20100101 Firefox/72.0"
138.21.12.24 - - [27/Jan/2020:11:37:07 +0100] "GET /reload?ser=1580121427282 HTTP/1.1" 200 28 "http://renault.2web.at/result?searchterm=true&search=duster" "Mozilla/5.0 (Windows NT 10.0; WOW64; Trident/7.0; Touch; rv:11.0) like Gecko"
193.194.132.24 - - [27/Jan/2020:11:37:14 +0100] "GET /reload?ser=1580121433922 HTTP/1.1" 200 28 "http://renault.2web.at/result?searchterm=true&search=motorrauma" "Mozilla/5.0 (Windows NT 10.0; WOW64; Trident/7.0; Touch; rv:11.0) like Gecko"
213.153.47.173 - - [27/Jan/2020:11:37:43 +0100] "GET /reload?ser=1580121463483 HTTP/1.1" 200 28 "http://renault.activities.at/login?required=true" "Mozilla/5.0 (Windows NT 10.0; Win64; x64; rv:72.0) Gecko/20100101 Firefox/72.0"
213.153.47.173 - - [27/Jan/2020:11:37:52 +0100] "GET /reload?ser=1580121472492 HTTP/1.1" 200 28 "http://renault.activities.at/login?required=true" "Mozilla/5.0 (Windows NT 10.0; Win64; x64; rv:72.0) Gecko/20100101 Firefox/72.0"
138.21.12.24 - - [27/Jan/2020:11:38:08 +0100] "GET /reload?ser=1580121488329 HTTP/1.1" 200 28 "http://renault.2web.at/result?searchterm=true&search=duster" "Mozilla/5.0 (Windows NT 10.0; WOW64; Trident/7.0; Touch; rv:11.0) like Gecko"
193.194.132.24 - - [27/Jan/2020:11:38:15 +0100] "GET /reload?ser=1580121495028 HTTP/1.1" 200 28 "http://renault.2web.at/result?searchterm=true&search=motorrauma" "Mozilla/5.0 (Windows NT 10.0; WOW64; Trident/7.0; Touch; rv:11.0) like Gecko"
213.153.47.173 - - [27/Jan/2020:11:38:44 +0100] "GET /reload?ser=1580121524129 HTTP/1.1" 200 28 "http://renault.activities.at/login?required=true" "Mozilla/5.0 (Windows NT 10.0; Win64; x64; rv:72.0) Gecko/20100101 Firefox/72.0"
213.153.47.173 - - [27/Jan/2020:11:38:53 +0100] "GET /reload?ser=1580121533146 HTTP/1.1" 200 28 "http://renault.activities.at/login?required=true" "Mozilla/5.0 (Windows NT 10.0; Win64; x64; rv:72.0) Gecko/20100101 Firefox/72.0"
138.21.12.24 - - [27/Jan/2020:11:39:09 +0100] "GET /reload?ser=1580121549369 HTTP/1.1" 200 28 "http://renault.2web.at/result?searchterm=true&search=duster" "Mozilla/5.0 (Windows NT 10.0; WOW64; Trident/7.0; Touch; rv:11.0) like Gecko"
193.194.132.24 - - [27/Jan/2020:11:39:16 +0100] "GET /reload?ser=1580121556289 HTTP/1.1" 200 28 "http://renault.2web.at/result?searchterm=true&search=motorrauma" "Mozilla/5.0 (Windows NT 10.0; WOW64; Trident/7.0; Touch; rv:11.0) like Gecko"
213.153.47.173 - - [27/Jan/2020:11:39:44 +0100] "GET /reload?ser=1580121584777 HTTP/1.1" 200 28 "http://renault.activities.at/login?required=true" "Mozilla/5.0 (Windows NT 10.0; Win64; x64; rv:72.0) Gecko/20100101 Firefox/72.0"
213.153.47.173 - - [27/Jan/2020:11:39:53 +0100] "GET /reload?ser=1580121593817 HTTP/1.1" 200 28 "http://renault.activities.at/login?required=true" "Mozilla/5.0 (Windows NT 10.0; Win64; x64; rv:72.0) Gecko/20100101 Firefox/72.0"
138.21.12.24 - - [27/Jan/2020:11:40:10 +0100] "GET /reload?ser=1580121610370 HTTP/1.1" 200 28 "http://renault.2web.at/result?searchterm=true&search=duster" "Mozilla/5.0 (Windows NT 10.0; WOW64; Trident/7.0; Touch; rv:11.0) like Gecko"
193.194.132.24 - - [27/Jan/2020:11:40:17 +0100] "GET /reload?ser=1580121617500 HTTP/1.1" 200 28 "http://renault.2web.at/result?searchterm=true&search=motorrauma" "Mozilla/5.0 (Windows NT 10.0; WOW64; Trident/7.0; Touch; rv:11.0) like Gecko"
213.153.47.173 - - [27/Jan/2020:11:40:45 +0100] "GET /reload?ser=1580121645435 HTTP/1.1" 200 28 "http://renault.activities.at/login?required=true" "Mozilla/5.0 (Windows NT 10.0; Win64; x64; rv:72.0) Gecko/20100101 Firefox/72.0"
213.153.47.173 - - [27/Jan/2020:11:40:54 +0100] "GET /reload?ser=1580121654464 HTTP/1.1" 200 28 "http://renault.activities.at/login?required=true" "Mozilla/5.0 (Windows NT 10.0; Win64; x64; rv:72.0) Gecko/20100101 Firefox/72.0"
193.194.132.28 - - [27/Jan/2020:11:41:11 +0100] "GET /reload?ser=1580121671386 HTTP/1.1" 200 28 "http://renault.2web.at/result?searchterm=true&search=duster" "Mozilla/5.0 (Windows NT 10.0; WOW64; Trident/7.0; Touch; rv:11.0) like Gecko"
193.194.132.24 - - [27/Jan/2020:11:41:18 +0100] "GET /reload?ser=1580121678610 HTTP/1.1" 200 28 "http://renault.2web.at/result?searchterm=true&search=motorrauma" "Mozilla/5.0 (Windows NT 10.0; WOW64; Trident/7.0; Touch; rv:11.0) like Gecko"
213.153.47.173 - - [27/Jan/2020:11:41:46 +0100] "GET /reload?ser=1580121706113 HTTP/1.1" 200 28 "http://renault.activities.at/login?required=true" "Mozilla/5.0 (Windows NT 10.0; Win64; x64; rv:72.0) Gecko/20100101 Firefox/72.0"
213.153.47.173 - - [27/Jan/2020:11:41:55 +0100] "GET /reload?ser=1580121715112 HTTP/1.1" 200 28 "http://renault.activities.at/login?required=true" "Mozilla/5.0 (Windows NT 10.0; Win64; x64; rv:72.0) Gecko/20100101 Firefox/72.0"
193.194.132.28 - - [27/Jan/2020:11:42:12 +0100] "GET /reload?ser=1580121732586 HTTP/1.1" 200 28 "http://renault.2web.at/result?searchterm=true&search=duster" "Mozilla/5.0 (Windows NT 10.0; WOW64; Trident/7.0; Touch; rv:11.0) like Gecko"
193.194.132.24 - - [27/Jan/2020:11:42:19 +0100] "GET /reload?ser=1580121739648 HTTP/1.1" 200 28 "http://renault.2web.at/result?searchterm=true&search=motorrauma" "Mozilla/5.0 (Windows NT 10.0; WOW64; Trident/7.0; Touch; rv:11.0) like Gecko"
213.153.47.173 - - [27/Jan/2020:11:42:46 +0100] "GET /reload?ser=1580121766780 HTTP/1.1" 200 28 "http://renault.activities.at/login?required=true" "Mozilla/5.0 (Windows NT 10.0; Win64; x64; rv:72.0) Gecko/20100101 Firefox/72.0"
213.153.47.173 - - [27/Jan/2020:11:42:55 +0100] "GET /reload?ser=1580121775773 HTTP/1.1" 200 28 "http://renault.activities.at/login?required=true" "Mozilla/5.0 (Windows NT 10.0; Win64; x64; rv:72.0) Gecko/20100101 Firefox/72.0"
193.194.132.28 - - [27/Jan/2020:11:43:14 +0100] "GET /reload?ser=1580121794101 HTTP/1.1" 200 28 "http://renault.2web.at/result?searchterm=true&search=duster" "Mozilla/5.0 (Windows NT 10.0; WOW64; Trident/7.0; Touch; rv:11.0) like Gecko"
193.194.132.24 - - [27/Jan/2020:11:43:20 +0100] "GET /reload?ser=1580121800820 HTTP/1.1" 200 28 "http://renault.2web.at/result?searchterm=true&search=motorrauma" "Mozilla/5.0 (Windows NT 10.0; WOW64; Trident/7.0; Touch; rv:11.0) like Gecko"
213.153.47.173 - - [27/Jan/2020:11:43:47 +0100] "GET /reload?ser=1580121827433 HTTP/1.1" 200 28 "http://renault.activities.at/login?required=true" "Mozilla/5.0 (Windows NT 10.0; Win64; x64; rv:72.0) Gecko/20100101 Firefox/72.0"
213.153.47.173 - - [27/Jan/2020:11:43:56 +0100] "GET /reload?ser=1580121836438 HTTP/1.1" 200 28 "http://renault.activities.at/login?required=true" "Mozilla/5.0 (Windows NT 10.0; Win64; x64; rv:72.0) Gecko/20100101 Firefox/72.0"
193.194.132.28 - - [27/Jan/2020:11:44:15 +0100] "GET /reload?ser=1580121855126 HTTP/1.1" 200 28 "http://renault.2web.at/result?searchterm=true&search=duster" "Mozilla/5.0 (Windows NT 10.0; WOW64; Trident/7.0; Touch; rv:11.0) like Gecko"
193.194.132.24 - - [27/Jan/2020:11:44:22 +0100] "GET /reload?ser=1580121861925 HTTP/1.1" 200 28 "http://renault.2web.at/result?searchterm=true&search=motorrauma" "Mozilla/5.0 (Windows NT 10.0; WOW64; Trident/7.0; Touch; rv:11.0) like Gecko"
213.153.47.173 - - [27/Jan/2020:11:44:48 +0100] "GET /reload?ser=1580121888076 HTTP/1.1" 200 28 "http://renault.activities.at/login?required=true" "Mozilla/5.0 (Windows NT 10.0; Win64; x64; rv:72.0) Gecko/20100101 Firefox/72.0"
213.153.47.173 - - [27/Jan/2020:11:44:57 +0100] "GET /reload?ser=1580121897086 HTTP/1.1" 200 28 "http://renault.activities.at/login?required=true" "Mozilla/5.0 (Windows NT 10.0; Win64; x64; rv:72.0) Gecko/20100101 Firefox/72.0"
193.194.132.28 - - [27/Jan/2020:11:45:16 +0100] "GET /reload?ser=1580121916194 HTTP/1.1" 200 28 "http://renault.2web.at/result?searchterm=true&search=duster" "Mozilla/5.0 (Windows NT 10.0; WOW64; Trident/7.0; Touch; rv:11.0) like Gecko"
193.194.132.24 - - [27/Jan/2020:11:45:23 +0100] "GET /reload?ser=1580121923205 HTTP/1.1" 200 28 "http://renault.2web.at/result?searchterm=true&search=motorrauma" "Mozilla/5.0 (Windows NT 10.0; WOW64; Trident/7.0; Touch; rv:11.0) like Gecko"
213.153.47.173 - - [27/Jan/2020:11:45:48 +0100] "GET /reload?ser=1580121948738 HTTP/1.1" 200 28 "http://renault.activities.at/login?required=true" "Mozilla/5.0 (Windows NT 10.0; Win64; x64; rv:72.0) Gecko/20100101 Firefox/72.0"
213.153.47.173 - - [27/Jan/2020:11:45:57 +0100] "GET /reload?ser=1580121957744 HTTP/1.1" 200 28 "http://renault.activities.at/login?required=true" "Mozilla/5.0 (Windows NT 10.0; Win64; x64; rv:72.0) Gecko/20100101 Firefox/72.0"
193.194.132.28 - - [27/Jan/2020:11:46:18 +0100] "GET /reload?ser=1580121978159 HTTP/1.1" 200 28 "http://renault.2web.at/result?searchterm=true&search=duster" "Mozilla/5.0 (Windows NT 10.0; WOW64; Trident/7.0; Touch; rv:11.0) like Gecko"
193.194.132.24 - - [27/Jan/2020:11:46:24 +0100] "GET /reload?ser=1580121984313 HTTP/1.1" 200 28 "http://renault.2web.at/result?searchterm=true&search=motorrauma" "Mozilla/5.0 (Windows NT 10.0; WOW64; Trident/7.0; Touch; rv:11.0) like Gecko"
213.153.47.173 - - [27/Jan/2020:11:46:49 +0100] "GET /reload?ser=1580122009403 HTTP/1.1" 200 28 "http://renault.activities.at/login?required=true" "Mozilla/5.0 (Windows NT 10.0; Win64; x64; rv:72.0) Gecko/20100101 Firefox/72.0"
213.153.47.173 - - [27/Jan/2020:11:46:58 +0100] "GET /reload?ser=1580122018392 HTTP/1.1" 200 28 "http://renault.activities.at/login?required=true" "Mozilla/5.0 (Windows NT 10.0; Win64; x64; rv:72.0) Gecko/20100101 Firefox/72.0"
193.194.132.28 - - [27/Jan/2020:11:47:19 +0100] "GET /reload?ser=1580122039234 HTTP/1.1" 200 28 "http://renault.2web.at/result?searchterm=true&search=duster" "Mozilla/5.0 (Windows NT 10.0; WOW64; Trident/7.0; Touch; rv:11.0) like Gecko"
193.194.132.24 - - [27/Jan/2020:11:47:25 +0100] "GET /reload?ser=1580122045344 HTTP/1.1" 200 28 "http://renault.2web.at/result?searchterm=true&search=motorrauma" "Mozilla/5.0 (Windows NT 10.0; WOW64; Trident/7.0; Touch; rv:11.0) like Gecko"
213.153.47.173 - - [27/Jan/2020:11:47:49 +0100] "GET /reload?ser=1580122070043 HTTP/1.1" 200 28 "http://renault.activities.at/login?required=true" "Mozilla/5.0 (Windows NT 10.0; Win64; x64; rv:72.0) Gecko/20100101 Firefox/72.0"
213.153.47.173 - - [27/Jan/2020:11:47:59 +0100] "GET /reload?ser=1580122079061 HTTP/1.1" 200 28 "http://renault.activities.at/login?required=true" "Mozilla/5.0 (Windows NT 10.0; Win64; x64; rv:72.0) Gecko/20100101 Firefox/72.0"
193.194.132.28 - - [27/Jan/2020:11:48:20 +0100] "GET /reload?ser=1580122100319 HTTP/1.1" 200 28 "http://renault.2web.at/result?searchterm=true&search=duster" "Mozilla/5.0 (Windows NT 10.0; WOW64; Trident/7.0; Touch; rv:11.0) like Gecko"
193.194.132.24 - - [27/Jan/2020:11:48:27 +0100] "GET /reload?ser=1580122107405 HTTP/1.1" 200 28 "http://renault.2web.at/result?searchterm=true&search=motorrauma" "Mozilla/5.0 (Windows NT 10.0; WOW64; Trident/7.0; Touch; rv:11.0) like Gecko"
213.153.47.173 - - [27/Jan/2020:11:48:50 +0100] "GET /reload?ser=1580122130717 HTTP/1.1" 200 28 "http://renault.activities.at/login?required=true" "Mozilla/5.0 (Windows NT 10.0; Win64; x64; rv:72.0) Gecko/20100101 Firefox/72.0"
213.153.47.173 - - [27/Jan/2020:11:48:59 +0100] "GET /reload?ser=1580122139714 HTTP/1.1" 200 28 "http://renault.activities.at/login?required=true" "Mozilla/5.0 (Windows NT 10.0; Win64; x64; rv:72.0) Gecko/20100101 Firefox/72.0"
193.194.132.28 - - [27/Jan/2020:11:49:21 +0100] "GET /reload?ser=1580122161694 HTTP/1.1" 200 28 "http://renault.2web.at/result?searchterm=true&search=duster" "Mozilla/5.0 (Windows NT 10.0; WOW64; Trident/7.0; Touch; rv:11.0) like Gecko"
193.194.132.24 - - [27/Jan/2020:11:49:28 +0100] "GET /reload?ser=1580122168508 HTTP/1.1" 200 28 "http://renault.2web.at/result?searchterm=true&search=motorrauma" "Mozilla/5.0 (Windows NT 10.0; WOW64; Trident/7.0; Touch; rv:11.0) like Gecko"
213.153.47.173 - - [27/Jan/2020:11:49:51 +0100] "GET /reload?ser=1580122191368 HTTP/1.1" 200 28 "http://renault.activities.at/login?required=true" "Mozilla/5.0 (Windows NT 10.0; Win64; x64; rv:72.0) Gecko/20100101 Firefox/72.0"
213.153.47.173 - - [27/Jan/2020:11:50:00 +0100] "GET /reload?ser=1580122200357 HTTP/1.1" 200 28 "http://renault.activities.at/login?required=true" "Mozilla/5.0 (Windows NT 10.0; Win64; x64; rv:72.0) Gecko/20100101 Firefox/72.0"
193.194.132.28 - - [27/Jan/2020:11:50:22 +0100] "GET /reload?ser=1580122222740 HTTP/1.1" 200 28 "http://renault.2web.at/result?searchterm=true&search=duster" "Mozilla/5.0 (Windows NT 10.0; WOW64; Trident/7.0; Touch; rv:11.0) like Gecko"
212.186.92.126 - - [27/Jan/2020:11:50:29 +0100] "GET / HTTP/1.1" 200 3380 "-" "Mozilla/5.0 (Windows NT 6.1; WOW64; Trident/7.0; rv:11.0) like Gecko"
193.194.132.24 - - [27/Jan/2020:11:50:29 +0100] "GET /reload?ser=1580122229556 HTTP/1.1" 200 28 "http://renault.2web.at/result?searchterm=true&search=motorrauma" "Mozilla/5.0 (Windows NT 10.0; WOW64; Trident/7.0; Touch; rv:11.0) like Gecko"
213.153.47.173 - - [27/Jan/2020:11:50:52 +0100] "GET /reload?ser=1580122252056 HTTP/1.1" 200 28 "http://renault.activities.at/login?required=true" "Mozilla/5.0 (Windows NT 10.0; Win64; x64; rv:72.0) Gecko/20100101 Firefox/72.0"
213.153.47.173 - - [27/Jan/2020:11:51:00 +0100] "GET /reload?ser=1580122260997 HTTP/1.1" 200 28 "http://renault.activities.at/login?required=true" "Mozilla/5.0 (Windows NT 10.0; Win64; x64; rv:72.0) Gecko/20100101 Firefox/72.0"
193.194.132.28 - - [27/Jan/2020:11:51:23 +0100] "GET /reload?ser=1580122283748 HTTP/1.1" 200 28 "http://renault.2web.at/result?searchterm=true&search=duster" "Mozilla/5.0 (Windows NT 10.0; WOW64; Trident/7.0; Touch; rv:11.0) like Gecko"
193.194.132.24 - - [27/Jan/2020:11:51:30 +0100] "GET /reload?ser=1580122290624 HTTP/1.1" 200 28 "http://renault.2web.at/result?searchterm=true&search=motorrauma" "Mozilla/5.0 (Windows NT 10.0; WOW64; Trident/7.0; Touch; rv:11.0) like Gecko"
213.153.47.173 - - [27/Jan/2020:11:51:52 +0100] "GET /reload?ser=1580122312710 HTTP/1.1" 200 28 "http://renault.activities.at/login?required=true" "Mozilla/5.0 (Windows NT 10.0; Win64; x64; rv:72.0) Gecko/20100101 Firefox/72.0"
213.153.47.173 - - [27/Jan/2020:11:52:01 +0100] "GET /reload?ser=1580122321666 HTTP/1.1" 200 28 "http://renault.activities.at/login?required=true" "Mozilla/5.0 (Windows NT 10.0; Win64; x64; rv:72.0) Gecko/20100101 Firefox/72.0"
193.194.132.30 - - [27/Jan/2020:11:52:25 +0100] "GET /reload?ser=1580122345314 HTTP/1.1" 200 28 "http://renault.2web.at/result?searchterm=true&search=duster" "Mozilla/5.0 (Windows NT 10.0; WOW64; Trident/7.0; Touch; rv:11.0) like Gecko"
193.194.132.24 - - [27/Jan/2020:11:52:31 +0100] "GET /reload?ser=1580122351709 HTTP/1.1" 200 28 "http://renault.2web.at/result?searchterm=true&search=motorrauma" "Mozilla/5.0 (Windows NT 10.0; WOW64; Trident/7.0; Touch; rv:11.0) like Gecko"
213.153.47.173 - - [27/Jan/2020:11:52:53 +0100] "GET /reload?ser=1580122373354 HTTP/1.1" 200 28 "http://renault.activities.at/login?required=true" "Mozilla/5.0 (Windows NT 10.0; Win64; x64; rv:72.0) Gecko/20100101 Firefox/72.0"
213.153.47.173 - - [27/Jan/2020:11:53:02 +0100] "GET /reload?ser=1580122382314 HTTP/1.1" 200 28 "http://renault.activities.at/login?required=true" "Mozilla/5.0 (Windows NT 10.0; Win64; x64; rv:72.0) Gecko/20100101 Firefox/72.0"
193.194.132.30 - - [27/Jan/2020:11:53:26 +0100] "GET /reload?ser=1580122406377 HTTP/1.1" 200 28 "http://renault.2web.at/result?searchterm=true&search=duster" "Mozilla/5.0 (Windows NT 10.0; WOW64; Trident/7.0; Touch; rv:11.0) like Gecko"
193.194.132.24 - - [27/Jan/2020:11:53:32 +0100] "GET /reload?ser=1580122412759 HTTP/1.1" 200 28 "http://renault.2web.at/result?searchterm=true&search=motorrauma" "Mozilla/5.0 (Windows NT 10.0; WOW64; Trident/7.0; Touch; rv:11.0) like Gecko"
80.122.35.214 - - [27/Jan/2020:11:53:46 +0100] "GET /login HTTP/1.1" 200 2095 "-" "Mozilla/5.0 (Windows NT 6.1; Win64; x64) AppleWebKit/537.36 (KHTML, like Gecko) Chrome/79.0.3945.130 Safari/537.36"
80.122.35.214 - - [27/Jan/2020:11:53:47 +0100] "GET /loadthumbnail.php?id=11127982 HTTP/1.1" 200 399614 "http://renault.2web.at/login" "Mozilla/5.0 (Windows NT 6.1; Win64; x64) AppleWebKit/537.36 (KHTML, like Gecko) Chrome/79.0.3945.130 Safari/537.36"
80.122.35.214 - - [27/Jan/2020:11:53:48 +0100] "GET /images/favicon.ico HTTP/1.1" 404 300 "http://renault.2web.at/login" "Mozilla/5.0 (Windows NT 6.1; Win64; x64) AppleWebKit/537.36 (KHTML, like Gecko) Chrome/79.0.3945.130 Safari/537.36"
213.153.47.173 - - [27/Jan/2020:11:53:54 +0100] "GET /reload?ser=1580122434093 HTTP/1.1" 200 28 "http://renault.activities.at/login?required=true" "Mozilla/5.0 (Windows NT 10.0; Win64; x64; rv:72.0) Gecko/20100101 Firefox/72.0"
213.153.47.173 - - [27/Jan/2020:11:54:02 +0100] "GET /reload?ser=1580122442962 HTTP/1.1" 200 28 "http://renault.activities.at/login?required=true" "Mozilla/5.0 (Windows NT 10.0; Win64; x64; rv:72.0) Gecko/20100101 Firefox/72.0"
80.122.35.214 - - [27/Jan/2020:11:54:06 +0100] "POST /login HTTP/1.1" 302 137 "http://renault.2web.at/login" "Mozilla/5.0 (Windows NT 6.1; Win64; x64) AppleWebKit/537.36 (KHTML, like Gecko) Chrome/79.0.3945.130 Safari/537.36"
80.122.35.214 - - [27/Jan/2020:11:54:07 +0100] "GET /account HTTP/1.1" 200 6264 "http://renault.2web.at/login" "Mozilla/5.0 (Windows NT 6.1; Win64; x64) AppleWebKit/537.36 (KHTML, like Gecko) Chrome/79.0.3945.130 Safari/537.36"
80.122.35.214 - - [27/Jan/2020:11:54:08 +0100] "POST /login HTTP/1.1" 302 137 "http://renault.2web.at/login" "Mozilla/5.0 (Windows NT 6.1; Win64; x64) AppleWebKit/537.36 (KHTML, like Gecko) Chrome/79.0.3945.130 Safari/537.36"
80.122.35.214 - - [27/Jan/2020:11:54:12 +0100] "GET /account HTTP/1.1" 200 6264 "http://renault.2web.at/login" "Mozilla/5.0 (Windows NT 6.1; Win64; x64) AppleWebKit/537.36 (KHTML, like Gecko) Chrome/79.0.3945.130 Safari/537.36"
80.122.35.214 - - [27/Jan/2020:11:54:14 +0100] "GET /loadthumbnail.php?id=12134932&width=50&height=50 HTTP/1.1" 200 1148 "http://renault.2web.at/account" "Mozilla/5.0 (Windows NT 6.1; Win64; x64) AppleWebKit/537.36 (KHTML, like Gecko) Chrome/79.0.3945.130 Safari/537.36"
