83.175.94.87 - - [06/Feb/2020:13:06:13 +0100] "POST /result?searchterm=true&search=my+service HTTP/1.1" 200 6292 "http://renault.activities.at/result?searchterm=true&search=my+service" "Mozilla/5.0 (Windows NT 10.0; Win64; x64) AppleWebKit/537.36 (KHTML, like Gecko) Chrome/80.0.3987.87 Safari/537.36"
83.175.94.87 - - [06/Feb/2020:13:06:19 +0100] "GET /cart HTTP/1.1" 200 5323 "http://renault.activities.at/result?searchterm=true&search=my+service" "Mozilla/5.0 (Windows NT 10.0; Win64; x64) AppleWebKit/537.36 (KHTML, like Gecko) Chrome/80.0.3987.87 Safari/537.36"
83.175.94.87 - - [06/Feb/2020:13:06:21 +0100] "GET /loadthumbnail.php?id=10232009&width=16&height=16 HTTP/1.1" 200 700 "http://renault.activities.at/cart" "Mozilla/5.0 (Windows NT 10.0; Win64; x64) AppleWebKit/537.36 (KHTML, like Gecko) Chrome/80.0.3987.87 Safari/537.36"
83.175.94.87 - - [06/Feb/2020:13:06:21 +0100] "GET /loadthumbnail.php?id=10203650&width=100 HTTP/1.1" 200 2545 "http://renault.activities.at/cart" "Mozilla/5.0 (Windows NT 10.0; Win64; x64) AppleWebKit/537.36 (KHTML, like Gecko) Chrome/80.0.3987.87 Safari/537.36"
83.175.94.87 - - [06/Feb/2020:13:06:22 +0100] "GET /loadthumbnail.php?id=10269569&width=100 HTTP/1.1" 200 1229 "http://renault.activities.at/cart" "Mozilla/5.0 (Windows NT 10.0; Win64; x64) AppleWebKit/537.36 (KHTML, like Gecko) Chrome/80.0.3987.87 Safari/537.36"
83.175.94.87 - - [06/Feb/2020:13:06:22 +0100] "GET /loadthumbnail.php?id=10269567&width=100 HTTP/1.1" 200 1333 "http://renault.activities.at/cart" "Mozilla/5.0 (Windows NT 10.0; Win64; x64) AppleWebKit/537.36 (KHTML, like Gecko) Chrome/80.0.3987.87 Safari/537.36"
193.194.132.27 - - [06/Feb/2020:13:06:29 +0100] "GET /reload?ser=1580990789614 HTTP/1.1" 200 28 "http://renault.activities.at/result?dir=DESC&mode=grid&order=name&limit=15&page=1&search=beach%20flag" "Mozilla/5.0 (Windows NT 10.0; Win64; x64) AppleWebKit/537.36 (KHTML, like Gecko) Chrome/64.0.3282.140 Safari/537.36 Edge/17.17134"
193.194.132.23 - - [06/Feb/2020:13:06:48 +0100] "GET /reload?ser=1580990807940 HTTP/1.1" 200 28 "http://renault.2web.at/imprintaddress" "Mozilla/5.0 (Windows NT 10.0; WOW64; Trident/7.0; Touch; rv:11.0) like Gecko"
213.153.47.173 - - [06/Feb/2020:13:06:49 +0100] "GET /reload?ser=1580990809442 HTTP/1.1" 200 28 "http://renault.activities.at/login?required=true" "Mozilla/5.0 (Windows NT 10.0; Win64; x64; rv:72.0) Gecko/20100101 Firefox/72.0"
83.175.94.87 - - [06/Feb/2020:13:06:48 +0100] "GET /checkout HTTP/1.1" 200 10250 "http://renault.activities.at/cart" "Mozilla/5.0 (Windows NT 10.0; Win64; x64) AppleWebKit/537.36 (KHTML, like Gecko) Chrome/80.0.3987.87 Safari/537.36"
83.175.94.87 - - [06/Feb/2020:13:06:55 +0100] "POST /docheckout HTTP/1.1" 200 446 "http://renault.activities.at/checkout" "Mozilla/5.0 (Windows NT 10.0; Win64; x64) AppleWebKit/537.36 (KHTML, like Gecko) Chrome/80.0.3987.87 Safari/537.36"
83.175.94.87 - - [06/Feb/2020:13:06:58 +0100] "POST /docheckout HTTP/1.1" 200 656 "http://renault.activities.at/checkout" "Mozilla/5.0 (Windows NT 10.0; Win64; x64) AppleWebKit/537.36 (KHTML, like Gecko) Chrome/80.0.3987.87 Safari/537.36"
83.175.94.87 - - [06/Feb/2020:13:07:09 +0100] "POST /docheckout HTTP/1.1" 200 68 "http://renault.activities.at/checkout" "Mozilla/5.0 (Windows NT 10.0; Win64; x64) AppleWebKit/537.36 (KHTML, like Gecko) Chrome/80.0.3987.87 Safari/537.36"
83.175.94.87 - - [06/Feb/2020:13:07:12 +0100] "GET /success HTTP/1.1" 200 3786 "http://renault.activities.at/checkout" "Mozilla/5.0 (Windows NT 10.0; Win64; x64) AppleWebKit/537.36 (KHTML, like Gecko) Chrome/80.0.3987.87 Safari/537.36"
83.175.94.87 - - [06/Feb/2020:13:07:19 +0100] "GET /logout HTTP/1.1" 302 140 "http://renault.activities.at/success" "Mozilla/5.0 (Windows NT 10.0; Win64; x64) AppleWebKit/537.36 (KHTML, like Gecko) Chrome/80.0.3987.87 Safari/537.36"
83.175.94.87 - - [06/Feb/2020:13:07:20 +0100] "GET /logout HTTP/1.1" 200 1583 "http://renault.activities.at/success" "Mozilla/5.0 (Windows NT 10.0; Win64; x64) AppleWebKit/537.36 (KHTML, like Gecko) Chrome/80.0.3987.87 Safari/537.36"
193.194.132.27 - - [06/Feb/2020:13:07:31 +0100] "GET /reload?ser=1580990851608 HTTP/1.1" 200 28 "http://renault.activities.at/result?dir=DESC&mode=grid&order=name&limit=15&page=1&search=beach%20flag" "Mozilla/5.0 (Windows NT 10.0; Win64; x64) AppleWebKit/537.36 (KHTML, like Gecko) Chrome/64.0.3282.140 Safari/537.36 Edge/17.17134"
193.194.132.23 - - [06/Feb/2020:13:07:49 +0100] "GET /reload?ser=1580990868960 HTTP/1.1" 200 28 "http://renault.2web.at/imprintaddress" "Mozilla/5.0 (Windows NT 10.0; WOW64; Trident/7.0; Touch; rv:11.0) like Gecko"
213.153.47.173 - - [06/Feb/2020:13:07:50 +0100] "GET /reload?ser=1580990870084 HTTP/1.1" 200 28 "http://renault.activities.at/login?required=true" "Mozilla/5.0 (Windows NT 10.0; Win64; x64; rv:72.0) Gecko/20100101 Firefox/72.0"
193.194.132.27 - - [06/Feb/2020:13:08:33 +0100] "GET /reload?ser=1580990913621 HTTP/1.1" 200 28 "http://renault.activities.at/result?dir=DESC&mode=grid&order=name&limit=15&page=1&search=beach%20flag" "Mozilla/5.0 (Windows NT 10.0; Win64; x64) AppleWebKit/537.36 (KHTML, like Gecko) Chrome/64.0.3282.140 Safari/537.36 Edge/17.17134"
193.194.132.23 - - [06/Feb/2020:13:08:50 +0100] "GET /reload?ser=1580990929973 HTTP/1.1" 200 28 "http://renault.2web.at/imprintaddress" "Mozilla/5.0 (Windows NT 10.0; WOW64; Trident/7.0; Touch; rv:11.0) like Gecko"
213.153.47.173 - - [06/Feb/2020:13:08:50 +0100] "GET /reload?ser=1580990930722 HTTP/1.1" 200 28 "http://renault.activities.at/login?required=true" "Mozilla/5.0 (Windows NT 10.0; Win64; x64; rv:72.0) Gecko/20100101 Firefox/72.0"
193.194.132.27 - - [06/Feb/2020:13:09:35 +0100] "GET /reload?ser=1580990975613 HTTP/1.1" 200 28 "http://renault.activities.at/result?dir=DESC&mode=grid&order=name&limit=15&page=1&search=beach%20flag" "Mozilla/5.0 (Windows NT 10.0; Win64; x64) AppleWebKit/537.36 (KHTML, like Gecko) Chrome/64.0.3282.140 Safari/537.36 Edge/17.17134"
213.153.47.173 - - [06/Feb/2020:13:09:51 +0100] "GET /reload?ser=1580990991367 HTTP/1.1" 200 28 "http://renault.activities.at/login?required=true" "Mozilla/5.0 (Windows NT 10.0; Win64; x64; rv:72.0) Gecko/20100101 Firefox/72.0"
193.194.132.23 - - [06/Feb/2020:13:09:51 +0100] "GET /reload?ser=1580990991084 HTTP/1.1" 200 28 "http://renault.2web.at/imprintaddress" "Mozilla/5.0 (Windows NT 10.0; WOW64; Trident/7.0; Touch; rv:11.0) like Gecko"
193.194.132.27 - - [06/Feb/2020:13:10:36 +0100] "GET /reload?ser=1580991036674 HTTP/1.1" 200 28 "http://renault.activities.at/result?dir=DESC&mode=grid&order=name&limit=15&page=1&search=beach%20flag" "Mozilla/5.0 (Windows NT 10.0; Win64; x64) AppleWebKit/537.36 (KHTML, like Gecko) Chrome/64.0.3282.140 Safari/537.36 Edge/17.17134"
213.153.47.173 - - [06/Feb/2020:13:10:51 +0100] "GET /reload?ser=1580991052025 HTTP/1.1" 200 28 "http://renault.activities.at/login?required=true" "Mozilla/5.0 (Windows NT 10.0; Win64; x64; rv:72.0) Gecko/20100101 Firefox/72.0"
193.194.132.23 - - [06/Feb/2020:13:10:52 +0100] "GET /reload?ser=1580991052526 HTTP/1.1" 200 28 "http://renault.2web.at/imprintaddress" "Mozilla/5.0 (Windows NT 10.0; WOW64; Trident/7.0; Touch; rv:11.0) like Gecko"
193.194.132.27 - - [06/Feb/2020:13:11:37 +0100] "GET /reload?ser=1580991097765 HTTP/1.1" 200 28 "http://renault.activities.at/result?dir=DESC&mode=grid&order=name&limit=15&page=1&search=beach%20flag" "Mozilla/5.0 (Windows NT 10.0; Win64; x64) AppleWebKit/537.36 (KHTML, like Gecko) Chrome/64.0.3282.140 Safari/537.36 Edge/17.17134"
213.153.47.173 - - [06/Feb/2020:13:11:52 +0100] "GET /reload?ser=1580991112657 HTTP/1.1" 200 28 "http://renault.activities.at/login?required=true" "Mozilla/5.0 (Windows NT 10.0; Win64; x64; rv:72.0) Gecko/20100101 Firefox/72.0"
193.194.132.23 - - [06/Feb/2020:13:11:53 +0100] "GET /reload?ser=1580991113609 HTTP/1.1" 200 28 "http://renault.2web.at/imprintaddress" "Mozilla/5.0 (Windows NT 10.0; WOW64; Trident/7.0; Touch; rv:11.0) like Gecko"
193.194.132.27 - - [06/Feb/2020:13:12:38 +0100] "GET /reload?ser=1580991158829 HTTP/1.1" 200 28 "http://renault.activities.at/result?dir=DESC&mode=grid&order=name&limit=15&page=1&search=beach%20flag" "Mozilla/5.0 (Windows NT 10.0; Win64; x64) AppleWebKit/537.36 (KHTML, like Gecko) Chrome/64.0.3282.140 Safari/537.36 Edge/17.17134"
213.153.47.173 - - [06/Feb/2020:13:12:53 +0100] "GET /reload?ser=1580991173300 HTTP/1.1" 200 28 "http://renault.activities.at/login?required=true" "Mozilla/5.0 (Windows NT 10.0; Win64; x64; rv:72.0) Gecko/20100101 Firefox/72.0"
193.194.132.23 - - [06/Feb/2020:13:12:54 +0100] "GET /reload?ser=1580991174672 HTTP/1.1" 200 28 "http://renault.2web.at/imprintaddress" "Mozilla/5.0 (Windows NT 10.0; WOW64; Trident/7.0; Touch; rv:11.0) like Gecko"
193.194.132.27 - - [06/Feb/2020:13:13:40 +0100] "GET /reload?ser=1580991219890 HTTP/1.1" 200 28 "http://renault.activities.at/result?dir=DESC&mode=grid&order=name&limit=15&page=1&search=beach%20flag" "Mozilla/5.0 (Windows NT 10.0; Win64; x64) AppleWebKit/537.36 (KHTML, like Gecko) Chrome/64.0.3282.140 Safari/537.36 Edge/17.17134"
213.153.47.173 - - [06/Feb/2020:13:13:53 +0100] "GET /reload?ser=1580991233965 HTTP/1.1" 200 28 "http://renault.activities.at/login?required=true" "Mozilla/5.0 (Windows NT 10.0; Win64; x64; rv:72.0) Gecko/20100101 Firefox/72.0"
193.194.132.23 - - [06/Feb/2020:13:13:56 +0100] "GET /reload?ser=1580991236501 HTTP/1.1" 200 28 "http://renault.2web.at/imprintaddress" "Mozilla/5.0 (Windows NT 10.0; WOW64; Trident/7.0; Touch; rv:11.0) like Gecko"
193.194.132.27 - - [06/Feb/2020:13:14:41 +0100] "GET /reload?ser=1580991280948 HTTP/1.1" 200 28 "http://renault.activities.at/result?dir=DESC&mode=grid&order=name&limit=15&page=1&search=beach%20flag" "Mozilla/5.0 (Windows NT 10.0; Win64; x64) AppleWebKit/537.36 (KHTML, like Gecko) Chrome/64.0.3282.140 Safari/537.36 Edge/17.17134"
213.153.47.173 - - [06/Feb/2020:13:14:54 +0100] "GET /reload?ser=1580991294612 HTTP/1.1" 200 28 "http://renault.activities.at/login?required=true" "Mozilla/5.0 (Windows NT 10.0; Win64; x64; rv:72.0) Gecko/20100101 Firefox/72.0"
193.194.132.23 - - [06/Feb/2020:13:14:57 +0100] "GET /reload?ser=1580991297539 HTTP/1.1" 200 28 "http://renault.2web.at/imprintaddress" "Mozilla/5.0 (Windows NT 10.0; WOW64; Trident/7.0; Touch; rv:11.0) like Gecko"
193.194.132.27 - - [06/Feb/2020:13:15:42 +0100] "GET /reload?ser=1580991341994 HTTP/1.1" 200 28 "http://renault.activities.at/result?dir=DESC&mode=grid&order=name&limit=15&page=1&search=beach%20flag" "Mozilla/5.0 (Windows NT 10.0; Win64; x64) AppleWebKit/537.36 (KHTML, like Gecko) Chrome/64.0.3282.140 Safari/537.36 Edge/17.17134"
213.153.47.173 - - [06/Feb/2020:13:15:55 +0100] "GET /reload?ser=1580991355258 HTTP/1.1" 200 28 "http://renault.activities.at/login?required=true" "Mozilla/5.0 (Windows NT 10.0; Win64; x64; rv:72.0) Gecko/20100101 Firefox/72.0"
193.194.132.23 - - [06/Feb/2020:13:15:58 +0100] "GET /reload?ser=1580991358569 HTTP/1.1" 200 28 "http://renault.2web.at/imprintaddress" "Mozilla/5.0 (Windows NT 10.0; WOW64; Trident/7.0; Touch; rv:11.0) like Gecko"
193.194.132.27 - - [06/Feb/2020:13:16:43 +0100] "GET /reload?ser=1580991403085 HTTP/1.1" 200 28 "http://renault.activities.at/result?dir=DESC&mode=grid&order=name&limit=15&page=1&search=beach%20flag" "Mozilla/5.0 (Windows NT 10.0; Win64; x64) AppleWebKit/537.36 (KHTML, like Gecko) Chrome/64.0.3282.140 Safari/537.36 Edge/17.17134"
213.153.47.173 - - [06/Feb/2020:13:16:55 +0100] "GET /reload?ser=1580991415905 HTTP/1.1" 200 28 "http://renault.activities.at/login?required=true" "Mozilla/5.0 (Windows NT 10.0; Win64; x64; rv:72.0) Gecko/20100101 Firefox/72.0"
193.194.132.23 - - [06/Feb/2020:13:17:00 +0100] "GET /reload?ser=1580991420175 HTTP/1.1" 200 28 "http://renault.2web.at/imprintaddress" "Mozilla/5.0 (Windows NT 10.0; WOW64; Trident/7.0; Touch; rv:11.0) like Gecko"
193.194.132.27 - - [06/Feb/2020:13:17:44 +0100] "GET /reload?ser=1580991464258 HTTP/1.1" 200 28 "http://renault.activities.at/result?dir=DESC&mode=grid&order=name&limit=15&page=1&search=beach%20flag" "Mozilla/5.0 (Windows NT 10.0; Win64; x64) AppleWebKit/537.36 (KHTML, like Gecko) Chrome/64.0.3282.140 Safari/537.36 Edge/17.17134"
213.153.47.173 - - [06/Feb/2020:13:17:56 +0100] "GET /reload?ser=1580991476570 HTTP/1.1" 200 28 "http://renault.activities.at/login?required=true" "Mozilla/5.0 (Windows NT 10.0; Win64; x64; rv:72.0) Gecko/20100101 Firefox/72.0"
193.194.132.23 - - [06/Feb/2020:13:18:01 +0100] "GET /reload?ser=1580991481227 HTTP/1.1" 200 28 "http://renault.2web.at/imprintaddress" "Mozilla/5.0 (Windows NT 10.0; WOW64; Trident/7.0; Touch; rv:11.0) like Gecko"
193.194.132.27 - - [06/Feb/2020:13:18:45 +0100] "GET /reload?ser=1580991525304 HTTP/1.1" 200 28 "http://renault.activities.at/result?dir=DESC&mode=grid&order=name&limit=15&page=1&search=beach%20flag" "Mozilla/5.0 (Windows NT 10.0; Win64; x64) AppleWebKit/537.36 (KHTML, like Gecko) Chrome/64.0.3282.140 Safari/537.36 Edge/17.17134"
213.153.47.173 - - [06/Feb/2020:13:18:57 +0100] "GET /reload?ser=1580991537221 HTTP/1.1" 200 28 "http://renault.activities.at/login?required=true" "Mozilla/5.0 (Windows NT 10.0; Win64; x64; rv:72.0) Gecko/20100101 Firefox/72.0"
193.194.132.23 - - [06/Feb/2020:13:19:02 +0100] "GET /reload?ser=1580991542299 HTTP/1.1" 200 28 "http://renault.2web.at/imprintaddress" "Mozilla/5.0 (Windows NT 10.0; WOW64; Trident/7.0; Touch; rv:11.0) like Gecko"
193.194.132.27 - - [06/Feb/2020:13:19:46 +0100] "GET /reload?ser=1580991586327 HTTP/1.1" 200 28 "http://renault.activities.at/result?dir=DESC&mode=grid&order=name&limit=15&page=1&search=beach%20flag" "Mozilla/5.0 (Windows NT 10.0; Win64; x64) AppleWebKit/537.36 (KHTML, like Gecko) Chrome/64.0.3282.140 Safari/537.36 Edge/17.17134"
213.153.47.173 - - [06/Feb/2020:13:19:57 +0100] "GET /reload?ser=1580991597867 HTTP/1.1" 200 28 "http://renault.activities.at/login?required=true" "Mozilla/5.0 (Windows NT 10.0; Win64; x64; rv:72.0) Gecko/20100101 Firefox/72.0"
193.194.132.23 - - [06/Feb/2020:13:20:04 +0100] "GET /reload?ser=1580991604223 HTTP/1.1" 200 28 "http://renault.2web.at/imprintaddress" "Mozilla/5.0 (Windows NT 10.0; WOW64; Trident/7.0; Touch; rv:11.0) like Gecko"
193.194.132.27 - - [06/Feb/2020:13:20:47 +0100] "GET /reload?ser=1580991647384 HTTP/1.1" 200 28 "http://renault.activities.at/result?dir=DESC&mode=grid&order=name&limit=15&page=1&search=beach%20flag" "Mozilla/5.0 (Windows NT 10.0; Win64; x64) AppleWebKit/537.36 (KHTML, like Gecko) Chrome/64.0.3282.140 Safari/537.36 Edge/17.17134"
213.153.47.173 - - [06/Feb/2020:13:20:58 +0100] "GET /reload?ser=1580991658513 HTTP/1.1" 200 28 "http://renault.activities.at/login?required=true" "Mozilla/5.0 (Windows NT 10.0; Win64; x64; rv:72.0) Gecko/20100101 Firefox/72.0"
193.194.132.23 - - [06/Feb/2020:13:21:05 +0100] "GET /reload?ser=1580991665245 HTTP/1.1" 200 28 "http://renault.2web.at/imprintaddress" "Mozilla/5.0 (Windows NT 10.0; WOW64; Trident/7.0; Touch; rv:11.0) like Gecko"
193.194.132.27 - - [06/Feb/2020:13:21:48 +0100] "GET /reload?ser=1580991708577 HTTP/1.1" 200 28 "http://renault.activities.at/result?dir=DESC&mode=grid&order=name&limit=15&page=1&search=beach%20flag" "Mozilla/5.0 (Windows NT 10.0; Win64; x64) AppleWebKit/537.36 (KHTML, like Gecko) Chrome/64.0.3282.140 Safari/537.36 Edge/17.17134"
213.153.47.173 - - [06/Feb/2020:13:21:59 +0100] "GET /reload?ser=1580991719159 HTTP/1.1" 200 28 "http://renault.activities.at/login?required=true" "Mozilla/5.0 (Windows NT 10.0; Win64; x64; rv:72.0) Gecko/20100101 Firefox/72.0"
193.194.132.23 - - [06/Feb/2020:13:22:06 +0100] "GET /reload?ser=1580991726288 HTTP/1.1" 200 28 "http://renault.2web.at/imprintaddress" "Mozilla/5.0 (Windows NT 10.0; WOW64; Trident/7.0; Touch; rv:11.0) like Gecko"
193.194.132.27 - - [06/Feb/2020:13:22:50 +0100] "GET /reload?ser=1580991770579 HTTP/1.1" 200 28 "http://renault.activities.at/result?dir=DESC&mode=grid&order=name&limit=15&page=1&search=beach%20flag" "Mozilla/5.0 (Windows NT 10.0; Win64; x64) AppleWebKit/537.36 (KHTML, like Gecko) Chrome/64.0.3282.140 Safari/537.36 Edge/17.17134"
213.153.47.173 - - [06/Feb/2020:13:22:59 +0100] "GET /reload?ser=1580991779810 HTTP/1.1" 200 28 "http://renault.activities.at/login?required=true" "Mozilla/5.0 (Windows NT 10.0; Win64; x64; rv:72.0) Gecko/20100101 Firefox/72.0"
193.194.132.23 - - [06/Feb/2020:13:23:07 +0100] "GET /reload?ser=1580991787317 HTTP/1.1" 200 28 "http://renault.2web.at/imprintaddress" "Mozilla/5.0 (Windows NT 10.0; WOW64; Trident/7.0; Touch; rv:11.0) like Gecko"
193.194.132.27 - - [06/Feb/2020:13:23:52 +0100] "GET /reload?ser=1580991832582 HTTP/1.1" 200 28 "http://renault.activities.at/result?dir=DESC&mode=grid&order=name&limit=15&page=1&search=beach%20flag" "Mozilla/5.0 (Windows NT 10.0; Win64; x64) AppleWebKit/537.36 (KHTML, like Gecko) Chrome/64.0.3282.140 Safari/537.36 Edge/17.17134"
213.153.47.173 - - [06/Feb/2020:13:24:00 +0100] "GET /reload?ser=1580991840470 HTTP/1.1" 200 28 "http://renault.activities.at/login?required=true" "Mozilla/5.0 (Windows NT 10.0; Win64; x64; rv:72.0) Gecko/20100101 Firefox/72.0"
193.194.132.23 - - [06/Feb/2020:13:24:08 +0100] "GET /reload?ser=1580991848376 HTTP/1.1" 200 28 "http://renault.2web.at/imprintaddress" "Mozilla/5.0 (Windows NT 10.0; WOW64; Trident/7.0; Touch; rv:11.0) like Gecko"
193.194.132.27 - - [06/Feb/2020:13:24:54 +0100] "GET /reload?ser=1580991894584 HTTP/1.1" 200 28 "http://renault.activities.at/result?dir=DESC&mode=grid&order=name&limit=15&page=1&search=beach%20flag" "Mozilla/5.0 (Windows NT 10.0; Win64; x64) AppleWebKit/537.36 (KHTML, like Gecko) Chrome/64.0.3282.140 Safari/537.36 Edge/17.17134"
213.153.47.173 - - [06/Feb/2020:13:25:01 +0100] "GET /reload?ser=1580991901118 HTTP/1.1" 200 28 "http://renault.activities.at/login?required=true" "Mozilla/5.0 (Windows NT 10.0; Win64; x64; rv:72.0) Gecko/20100101 Firefox/72.0"
193.194.132.23 - - [06/Feb/2020:13:25:09 +0100] "GET /reload?ser=1580991909433 HTTP/1.1" 200 28 "http://renault.2web.at/imprintaddress" "Mozilla/5.0 (Windows NT 10.0; WOW64; Trident/7.0; Touch; rv:11.0) like Gecko"
193.194.132.27 - - [06/Feb/2020:13:25:56 +0100] "GET /reload?ser=1580991956585 HTTP/1.1" 200 28 "http://renault.activities.at/result?dir=DESC&mode=grid&order=name&limit=15&page=1&search=beach%20flag" "Mozilla/5.0 (Windows NT 10.0; Win64; x64) AppleWebKit/537.36 (KHTML, like Gecko) Chrome/64.0.3282.140 Safari/537.36 Edge/17.17134"
213.153.47.173 - - [06/Feb/2020:13:26:01 +0100] "GET /reload?ser=1580991961754 HTTP/1.1" 200 28 "http://renault.activities.at/login?required=true" "Mozilla/5.0 (Windows NT 10.0; Win64; x64; rv:72.0) Gecko/20100101 Firefox/72.0"
193.194.132.23 - - [06/Feb/2020:13:26:10 +0100] "GET /reload?ser=1580991970444 HTTP/1.1" 200 28 "http://renault.2web.at/imprintaddress" "Mozilla/5.0 (Windows NT 10.0; WOW64; Trident/7.0; Touch; rv:11.0) like Gecko"
193.194.132.27 - - [06/Feb/2020:13:26:58 +0100] "GET /reload?ser=1580992018575 HTTP/1.1" 200 28 "http://renault.activities.at/result?dir=DESC&mode=grid&order=name&limit=15&page=1&search=beach%20flag" "Mozilla/5.0 (Windows NT 10.0; Win64; x64) AppleWebKit/537.36 (KHTML, like Gecko) Chrome/64.0.3282.140 Safari/537.36 Edge/17.17134"
213.153.47.173 - - [06/Feb/2020:13:27:02 +0100] "GET /reload?ser=1580992022415 HTTP/1.1" 200 28 "http://renault.activities.at/login?required=true" "Mozilla/5.0 (Windows NT 10.0; Win64; x64; rv:72.0) Gecko/20100101 Firefox/72.0"
193.194.132.23 - - [06/Feb/2020:13:27:11 +0100] "GET /reload?ser=1580992031519 HTTP/1.1" 200 28 "http://renault.2web.at/imprintaddress" "Mozilla/5.0 (Windows NT 10.0; WOW64; Trident/7.0; Touch; rv:11.0) like Gecko"
193.194.132.27 - - [06/Feb/2020:13:28:00 +0100] "GET /reload?ser=1580992080576 HTTP/1.1" 200 28 "http://renault.activities.at/result?dir=DESC&mode=grid&order=name&limit=15&page=1&search=beach%20flag" "Mozilla/5.0 (Windows NT 10.0; Win64; x64) AppleWebKit/537.36 (KHTML, like Gecko) Chrome/64.0.3282.140 Safari/537.36 Edge/17.17134"
213.153.47.173 - - [06/Feb/2020:13:28:03 +0100] "GET /reload?ser=1580992083078 HTTP/1.1" 200 28 "http://renault.activities.at/login?required=true" "Mozilla/5.0 (Windows NT 10.0; Win64; x64; rv:72.0) Gecko/20100101 Firefox/72.0"
193.194.132.23 - - [06/Feb/2020:13:28:12 +0100] "GET /reload?ser=1580992092572 HTTP/1.1" 200 28 "http://renault.2web.at/imprintaddress" "Mozilla/5.0 (Windows NT 10.0; WOW64; Trident/7.0; Touch; rv:11.0) like Gecko"
193.194.132.27 - - [06/Feb/2020:13:29:02 +0100] "GET /reload?ser=1580992142582 HTTP/1.1" 200 28 "http://renault.activities.at/result?dir=DESC&mode=grid&order=name&limit=15&page=1&search=beach%20flag" "Mozilla/5.0 (Windows NT 10.0; Win64; x64) AppleWebKit/537.36 (KHTML, like Gecko) Chrome/64.0.3282.140 Safari/537.36 Edge/17.17134"
213.153.47.173 - - [06/Feb/2020:13:29:03 +0100] "GET /reload?ser=1580992143730 HTTP/1.1" 200 28 "http://renault.activities.at/login?required=true" "Mozilla/5.0 (Windows NT 10.0; Win64; x64; rv:72.0) Gecko/20100101 Firefox/72.0"
193.194.132.23 - - [06/Feb/2020:13:29:13 +0100] "GET /reload?ser=1580992153612 HTTP/1.1" 200 28 "http://renault.2web.at/imprintaddress" "Mozilla/5.0 (Windows NT 10.0; WOW64; Trident/7.0; Touch; rv:11.0) like Gecko"
213.153.47.173 - - [06/Feb/2020:13:30:04 +0100] "GET /reload?ser=1580992204391 HTTP/1.1" 200 28 "http://renault.activities.at/login?required=true" "Mozilla/5.0 (Windows NT 10.0; Win64; x64; rv:72.0) Gecko/20100101 Firefox/72.0"
193.194.132.27 - - [06/Feb/2020:13:30:04 +0100] "GET /reload?ser=1580992204573 HTTP/1.1" 200 28 "http://renault.activities.at/result?dir=DESC&mode=grid&order=name&limit=15&page=1&search=beach%20flag" "Mozilla/5.0 (Windows NT 10.0; Win64; x64) AppleWebKit/537.36 (KHTML, like Gecko) Chrome/64.0.3282.140 Safari/537.36 Edge/17.17134"
193.194.132.23 - - [06/Feb/2020:13:30:14 +0100] "GET /reload?ser=1580992214669 HTTP/1.1" 200 28 "http://renault.2web.at/imprintaddress" "Mozilla/5.0 (Windows NT 10.0; WOW64; Trident/7.0; Touch; rv:11.0) like Gecko"
213.153.47.173 - - [06/Feb/2020:13:31:05 +0100] "GET /reload?ser=1580992265054 HTTP/1.1" 200 28 "http://renault.activities.at/login?required=true" "Mozilla/5.0 (Windows NT 10.0; Win64; x64; rv:72.0) Gecko/20100101 Firefox/72.0"
193.194.132.27 - - [06/Feb/2020:13:31:06 +0100] "GET /reload?ser=1580992266582 HTTP/1.1" 200 28 "http://renault.activities.at/result?dir=DESC&mode=grid&order=name&limit=15&page=1&search=beach%20flag" "Mozilla/5.0 (Windows NT 10.0; Win64; x64) AppleWebKit/537.36 (KHTML, like Gecko) Chrome/64.0.3282.140 Safari/537.36 Edge/17.17134"
193.194.132.23 - - [06/Feb/2020:13:31:15 +0100] "GET /reload?ser=1580992275714 HTTP/1.1" 200 28 "http://renault.2web.at/imprintaddress" "Mozilla/5.0 (Windows NT 10.0; WOW64; Trident/7.0; Touch; rv:11.0) like Gecko"
213.153.47.173 - - [06/Feb/2020:13:32:05 +0100] "GET /reload?ser=1580992325718 HTTP/1.1" 200 28 "http://renault.activities.at/login?required=true" "Mozilla/5.0 (Windows NT 10.0; Win64; x64; rv:72.0) Gecko/20100101 Firefox/72.0"
193.194.132.27 - - [06/Feb/2020:13:32:08 +0100] "GET /reload?ser=1580992328572 HTTP/1.1" 200 28 "http://renault.activities.at/result?dir=DESC&mode=grid&order=name&limit=15&page=1&search=beach%20flag" "Mozilla/5.0 (Windows NT 10.0; Win64; x64) AppleWebKit/537.36 (KHTML, like Gecko) Chrome/64.0.3282.140 Safari/537.36 Edge/17.17134"
193.194.132.23 - - [06/Feb/2020:13:32:16 +0100] "GET /reload?ser=1580992336750 HTTP/1.1" 200 28 "http://renault.2web.at/imprintaddress" "Mozilla/5.0 (Windows NT 10.0; WOW64; Trident/7.0; Touch; rv:11.0) like Gecko"
213.153.47.173 - - [06/Feb/2020:13:33:06 +0100] "GET /reload?ser=1580992386374 HTTP/1.1" 200 28 "http://renault.activities.at/login?required=true" "Mozilla/5.0 (Windows NT 10.0; Win64; x64; rv:72.0) Gecko/20100101 Firefox/72.0"
193.194.132.27 - - [06/Feb/2020:13:33:10 +0100] "GET /reload?ser=1580992390579 HTTP/1.1" 200 28 "http://renault.activities.at/result?dir=DESC&mode=grid&order=name&limit=15&page=1&search=beach%20flag" "Mozilla/5.0 (Windows NT 10.0; Win64; x64) AppleWebKit/537.36 (KHTML, like Gecko) Chrome/64.0.3282.140 Safari/537.36 Edge/17.17134"
193.194.132.23 - - [06/Feb/2020:13:33:17 +0100] "GET /reload?ser=1580992397807 HTTP/1.1" 200 28 "http://renault.2web.at/imprintaddress" "Mozilla/5.0 (Windows NT 10.0; WOW64; Trident/7.0; Touch; rv:11.0) like Gecko"
213.153.47.173 - - [06/Feb/2020:13:34:06 +0100] "GET /reload?ser=1580992447041 HTTP/1.1" 200 28 "http://renault.activities.at/login?required=true" "Mozilla/5.0 (Windows NT 10.0; Win64; x64; rv:72.0) Gecko/20100101 Firefox/72.0"
193.194.132.27 - - [06/Feb/2020:13:34:12 +0100] "GET /reload?ser=1580992452572 HTTP/1.1" 200 28 "http://renault.activities.at/result?dir=DESC&mode=grid&order=name&limit=15&page=1&search=beach%20flag" "Mozilla/5.0 (Windows NT 10.0; Win64; x64) AppleWebKit/537.36 (KHTML, like Gecko) Chrome/64.0.3282.140 Safari/537.36 Edge/17.17134"
193.194.132.23 - - [06/Feb/2020:13:34:19 +0100] "GET /reload?ser=1580992458848 HTTP/1.1" 200 28 "http://renault.2web.at/imprintaddress" "Mozilla/5.0 (Windows NT 10.0; WOW64; Trident/7.0; Touch; rv:11.0) like Gecko"
213.153.47.173 - - [06/Feb/2020:13:34:29 +0100] "GET /layout.php HTTP/1.1" 200 1558 "-" "Mozilla/5.0 (Windows NT 10.0; Win64; x64) AppleWebKit/537.36 (KHTML, like Gecko) Chrome/79.0.3945.130 Safari/537.36 OPR/66.0.3515.44"
213.153.47.173 - - [06/Feb/2020:13:34:30 +0100] "GET /images/favicon.ico HTTP/1.1" 404 305 "-" "Mozilla/5.0 (Windows NT 10.0; Win64; x64) AppleWebKit/537.36 (KHTML, like Gecko) Chrome/79.0.3945.130 Safari/537.36 OPR/66.0.3515.44"
193.194.132.23 - - [06/Feb/2020:13:35:04 +0100] "GET /aboutus HTTP/1.1" 200 7753 "http://renault.2web.at/imprintaddress" "Mozilla/5.0 (Windows NT 10.0; WOW64; Trident/7.0; Touch; rv:11.0) like Gecko"
193.194.132.23 - - [06/Feb/2020:13:35:06 +0100] "GET /loadthumbnail.php?id=10203651&width=50&height=50 HTTP/1.1" 200 1234 "http://renault.2web.at/aboutus" "Mozilla/5.0 (Windows NT 10.0; WOW64; Trident/7.0; Touch; rv:11.0) like Gecko"
213.153.47.173 - - [06/Feb/2020:13:35:07 +0100] "GET /reload?ser=1580992507694 HTTP/1.1" 200 28 "http://renault.activities.at/login?required=true" "Mozilla/5.0 (Windows NT 10.0; Win64; x64; rv:72.0) Gecko/20100101 Firefox/72.0"
193.194.132.27 - - [06/Feb/2020:13:35:14 +0100] "GET /reload?ser=1580992514570 HTTP/1.1" 200 28 "http://renault.activities.at/result?dir=DESC&mode=grid&order=name&limit=15&page=1&search=beach%20flag" "Mozilla/5.0 (Windows NT 10.0; Win64; x64) AppleWebKit/537.36 (KHTML, like Gecko) Chrome/64.0.3282.140 Safari/537.36 Edge/17.17134"
193.194.132.23 - - [06/Feb/2020:13:36:07 +0100] "GET /reload?ser=1580992566903 HTTP/1.1" 200 28 "http://renault.2web.at/aboutus" "Mozilla/5.0 (Windows NT 10.0; WOW64; Trident/7.0; Touch; rv:11.0) like Gecko"
213.153.47.173 - - [06/Feb/2020:13:36:08 +0100] "GET /reload?ser=1580992568342 HTTP/1.1" 200 28 "http://renault.activities.at/login?required=true" "Mozilla/5.0 (Windows NT 10.0; Win64; x64; rv:72.0) Gecko/20100101 Firefox/72.0"
193.194.132.27 - - [06/Feb/2020:13:36:16 +0100] "GET /reload?ser=1580992576571 HTTP/1.1" 200 28 "http://renault.activities.at/result?dir=DESC&mode=grid&order=name&limit=15&page=1&search=beach%20flag" "Mozilla/5.0 (Windows NT 10.0; Win64; x64) AppleWebKit/537.36 (KHTML, like Gecko) Chrome/64.0.3282.140 Safari/537.36 Edge/17.17134"
193.194.132.23 - - [06/Feb/2020:13:37:08 +0100] "GET /reload?ser=1580992627923 HTTP/1.1" 200 28 "http://renault.2web.at/aboutus" "Mozilla/5.0 (Windows NT 10.0; WOW64; Trident/7.0; Touch; rv:11.0) like Gecko"
213.153.47.173 - - [06/Feb/2020:13:37:08 +0100] "GET /reload?ser=1580992628990 HTTP/1.1" 200 28 "http://renault.activities.at/login?required=true" "Mozilla/5.0 (Windows NT 10.0; Win64; x64; rv:72.0) Gecko/20100101 Firefox/72.0"
193.194.132.27 - - [06/Feb/2020:13:37:18 +0100] "GET /reload?ser=1580992638574 HTTP/1.1" 200 28 "http://renault.activities.at/result?dir=DESC&mode=grid&order=name&limit=15&page=1&search=beach%20flag" "Mozilla/5.0 (Windows NT 10.0; Win64; x64) AppleWebKit/537.36 (KHTML, like Gecko) Chrome/64.0.3282.140 Safari/537.36 Edge/17.17134"
193.194.132.23 - - [06/Feb/2020:13:38:09 +0100] "GET /reload?ser=1580992688982 HTTP/1.1" 200 28 "http://renault.2web.at/aboutus" "Mozilla/5.0 (Windows NT 10.0; WOW64; Trident/7.0; Touch; rv:11.0) like Gecko"
213.153.47.173 - - [06/Feb/2020:13:38:09 +0100] "GET /reload?ser=1580992689640 HTTP/1.1" 200 28 "http://renault.activities.at/login?required=true" "Mozilla/5.0 (Windows NT 10.0; Win64; x64; rv:72.0) Gecko/20100101 Firefox/72.0"
193.194.132.27 - - [06/Feb/2020:13:38:20 +0100] "GET /reload?ser=1580992700564 HTTP/1.1" 200 28 "http://renault.activities.at/result?dir=DESC&mode=grid&order=name&limit=15&page=1&search=beach%20flag" "Mozilla/5.0 (Windows NT 10.0; Win64; x64) AppleWebKit/537.36 (KHTML, like Gecko) Chrome/64.0.3282.140 Safari/537.36 Edge/17.17134"
213.153.47.173 - - [06/Feb/2020:13:39:10 +0100] "GET /reload?ser=1580992750289 HTTP/1.1" 200 28 "http://renault.activities.at/login?required=true" "Mozilla/5.0 (Windows NT 10.0; Win64; x64; rv:72.0) Gecko/20100101 Firefox/72.0"
193.194.132.23 - - [06/Feb/2020:13:39:10 +0100] "GET /reload?ser=1580992750010 HTTP/1.1" 200 28 "http://renault.2web.at/aboutus" "Mozilla/5.0 (Windows NT 10.0; WOW64; Trident/7.0; Touch; rv:11.0) like Gecko"
193.194.132.27 - - [06/Feb/2020:13:39:22 +0100] "GET /reload?ser=1580992762594 HTTP/1.1" 200 28 "http://renault.activities.at/result?dir=DESC&mode=grid&order=name&limit=15&page=1&search=beach%20flag" "Mozilla/5.0 (Windows NT 10.0; Win64; x64) AppleWebKit/537.36 (KHTML, like Gecko) Chrome/64.0.3282.140 Safari/537.36 Edge/17.17134"
193.194.132.23 - - [06/Feb/2020:13:39:23 +0100] "GET / HTTP/1.1" 200 9230 "http://renault.2web.at/aboutus" "Mozilla/5.0 (Windows NT 10.0; WOW64; Trident/7.0; Touch; rv:11.0) like Gecko"
193.194.132.23 - - [06/Feb/2020:13:39:39 +0100] "GET /account HTTP/1.1" 200 9628 "http://renault.2web.at/" "Mozilla/5.0 (Windows NT 10.0; WOW64; Trident/7.0; Touch; rv:11.0) like Gecko"
193.194.132.23 - - [06/Feb/2020:13:39:43 +0100] "GET /imprintaddress HTTP/1.1" 200 9899 "http://renault.2web.at/account" "Mozilla/5.0 (Windows NT 10.0; WOW64; Trident/7.0; Touch; rv:11.0) like Gecko"
213.153.47.173 - - [06/Feb/2020:13:40:10 +0100] "GET /reload?ser=1580992810951 HTTP/1.1" 200 28 "http://renault.activities.at/login?required=true" "Mozilla/5.0 (Windows NT 10.0; Win64; x64; rv:72.0) Gecko/20100101 Firefox/72.0"
193.194.132.27 - - [06/Feb/2020:13:40:24 +0100] "GET /reload?ser=1580992824594 HTTP/1.1" 200 28 "http://renault.activities.at/result?dir=DESC&mode=grid&order=name&limit=15&page=1&search=beach%20flag" "Mozilla/5.0 (Windows NT 10.0; Win64; x64) AppleWebKit/537.36 (KHTML, like Gecko) Chrome/64.0.3282.140 Safari/537.36 Edge/17.17134"
193.194.132.23 - - [06/Feb/2020:13:40:46 +0100] "GET /reload?ser=1580992846421 HTTP/1.1" 200 28 "http://renault.2web.at/imprintaddress" "Mozilla/5.0 (Windows NT 10.0; WOW64; Trident/7.0; Touch; rv:11.0) like Gecko"
213.153.47.173 - - [06/Feb/2020:13:41:11 +0100] "GET /reload?ser=1580992871597 HTTP/1.1" 200 28 "http://renault.activities.at/login?required=true" "Mozilla/5.0 (Windows NT 10.0; Win64; x64; rv:72.0) Gecko/20100101 Firefox/72.0"
193.194.132.27 - - [06/Feb/2020:13:41:26 +0100] "GET /reload?ser=1580992886593 HTTP/1.1" 200 28 "http://renault.activities.at/result?dir=DESC&mode=grid&order=name&limit=15&page=1&search=beach%20flag" "Mozilla/5.0 (Windows NT 10.0; Win64; x64) AppleWebKit/537.36 (KHTML, like Gecko) Chrome/64.0.3282.140 Safari/537.36 Edge/17.17134"
193.194.132.23 - - [06/Feb/2020:13:41:47 +0100] "GET /reload?ser=1580992907484 HTTP/1.1" 200 28 "http://renault.2web.at/imprintaddress" "Mozilla/5.0 (Windows NT 10.0; WOW64; Trident/7.0; Touch; rv:11.0) like Gecko"
213.153.47.173 - - [06/Feb/2020:13:42:12 +0100] "GET /reload?ser=1580992932237 HTTP/1.1" 200 28 "http://renault.activities.at/login?required=true" "Mozilla/5.0 (Windows NT 10.0; Win64; x64; rv:72.0) Gecko/20100101 Firefox/72.0"
193.194.132.27 - - [06/Feb/2020:13:42:28 +0100] "GET /reload?ser=1580992948598 HTTP/1.1" 200 28 "http://renault.activities.at/result?dir=DESC&mode=grid&order=name&limit=15&page=1&search=beach%20flag" "Mozilla/5.0 (Windows NT 10.0; Win64; x64) AppleWebKit/537.36 (KHTML, like Gecko) Chrome/64.0.3282.140 Safari/537.36 Edge/17.17134"
193.194.132.23 - - [06/Feb/2020:13:42:48 +0100] "GET /reload?ser=1580992968512 HTTP/1.1" 200 28 "http://renault.2web.at/imprintaddress" "Mozilla/5.0 (Windows NT 10.0; WOW64; Trident/7.0; Touch; rv:11.0) like Gecko"
213.153.47.173 - - [06/Feb/2020:13:43:12 +0100] "GET /reload?ser=1580992992896 HTTP/1.1" 200 28 "http://renault.activities.at/login?required=true" "Mozilla/5.0 (Windows NT 10.0; Win64; x64; rv:72.0) Gecko/20100101 Firefox/72.0"
193.194.132.27 - - [06/Feb/2020:13:43:30 +0100] "GET /reload?ser=1580993010599 HTTP/1.1" 200 28 "http://renault.activities.at/result?dir=DESC&mode=grid&order=name&limit=15&page=1&search=beach%20flag" "Mozilla/5.0 (Windows NT 10.0; Win64; x64) AppleWebKit/537.36 (KHTML, like Gecko) Chrome/64.0.3282.140 Safari/537.36 Edge/17.17134"
193.194.132.23 - - [06/Feb/2020:13:43:50 +0100] "GET /reload?ser=1580993030289 HTTP/1.1" 200 28 "http://renault.2web.at/imprintaddress" "Mozilla/5.0 (Windows NT 10.0; WOW64; Trident/7.0; Touch; rv:11.0) like Gecko"
213.153.47.173 - - [06/Feb/2020:13:44:13 +0100] "GET /reload?ser=1580993053546 HTTP/1.1" 200 28 "http://renault.activities.at/login?required=true" "Mozilla/5.0 (Windows NT 10.0; Win64; x64; rv:72.0) Gecko/20100101 Firefox/72.0"
193.194.132.27 - - [06/Feb/2020:13:44:32 +0100] "GET /reload?ser=1580993072592 HTTP/1.1" 200 28 "http://renault.activities.at/result?dir=DESC&mode=grid&order=name&limit=15&page=1&search=beach%20flag" "Mozilla/5.0 (Windows NT 10.0; Win64; x64) AppleWebKit/537.36 (KHTML, like Gecko) Chrome/64.0.3282.140 Safari/537.36 Edge/17.17134"
193.194.132.23 - - [06/Feb/2020:13:44:51 +0100] "GET /reload?ser=1580993091298 HTTP/1.1" 200 28 "http://renault.2web.at/imprintaddress" "Mozilla/5.0 (Windows NT 10.0; WOW64; Trident/7.0; Touch; rv:11.0) like Gecko"
213.153.47.173 - - [06/Feb/2020:13:45:14 +0100] "GET /reload?ser=1580993114194 HTTP/1.1" 200 28 "http://renault.activities.at/login?required=true" "Mozilla/5.0 (Windows NT 10.0; Win64; x64; rv:72.0) Gecko/20100101 Firefox/72.0"
193.194.132.23 - - [06/Feb/2020:13:45:19 +0100] "GET /aboutus HTTP/1.1" 200 7753 "http://renault.2web.at/imprintaddress" "Mozilla/5.0 (Windows NT 10.0; WOW64; Trident/7.0; Touch; rv:11.0) like Gecko"
193.194.132.27 - - [06/Feb/2020:13:45:34 +0100] "GET /reload?ser=1580993134596 HTTP/1.1" 200 28 "http://renault.activities.at/result?dir=DESC&mode=grid&order=name&limit=15&page=1&search=beach%20flag" "Mozilla/5.0 (Windows NT 10.0; Win64; x64) AppleWebKit/537.36 (KHTML, like Gecko) Chrome/64.0.3282.140 Safari/537.36 Edge/17.17134"
213.153.47.173 - - [06/Feb/2020:13:46:14 +0100] "GET /reload?ser=1580993174844 HTTP/1.1" 200 28 "http://renault.activities.at/login?required=true" "Mozilla/5.0 (Windows NT 10.0; Win64; x64; rv:72.0) Gecko/20100101 Firefox/72.0"
193.194.132.23 - - [06/Feb/2020:13:46:21 +0100] "GET /reload?ser=1580993181105 HTTP/1.1" 200 28 "http://renault.2web.at/aboutus" "Mozilla/5.0 (Windows NT 10.0; WOW64; Trident/7.0; Touch; rv:11.0) like Gecko"
193.194.132.27 - - [06/Feb/2020:13:46:36 +0100] "GET /reload?ser=1580993196597 HTTP/1.1" 200 28 "http://renault.activities.at/result?dir=DESC&mode=grid&order=name&limit=15&page=1&search=beach%20flag" "Mozilla/5.0 (Windows NT 10.0; Win64; x64) AppleWebKit/537.36 (KHTML, like Gecko) Chrome/64.0.3282.140 Safari/537.36 Edge/17.17134"
74.208.210.135 - - [06/Feb/2020:13:47:06 +0100] "GET /wp-login.php HTTP/1.1" 200 1558 "-" "Mozilla/5.0 (X11; Ubuntu; Linux x86_64; rv:62.0) Gecko/20100101 Firefox/62.0"
213.153.47.173 - - [06/Feb/2020:13:47:15 +0100] "GET /reload?ser=1580993235505 HTTP/1.1" 200 28 "http://renault.activities.at/login?required=true" "Mozilla/5.0 (Windows NT 10.0; Win64; x64; rv:72.0) Gecko/20100101 Firefox/72.0"
193.194.132.23 - - [06/Feb/2020:13:47:22 +0100] "GET /reload?ser=1580993242135 HTTP/1.1" 200 28 "http://renault.2web.at/aboutus" "Mozilla/5.0 (Windows NT 10.0; WOW64; Trident/7.0; Touch; rv:11.0) like Gecko"
193.194.132.27 - - [06/Feb/2020:13:47:38 +0100] "GET /reload?ser=1580993258596 HTTP/1.1" 200 28 "http://renault.activities.at/result?dir=DESC&mode=grid&order=name&limit=15&page=1&search=beach%20flag" "Mozilla/5.0 (Windows NT 10.0; Win64; x64) AppleWebKit/537.36 (KHTML, like Gecko) Chrome/64.0.3282.140 Safari/537.36 Edge/17.17134"
213.153.47.173 - - [06/Feb/2020:13:48:16 +0100] "GET /reload?ser=1580993296164 HTTP/1.1" 200 28 "http://renault.activities.at/login?required=true" "Mozilla/5.0 (Windows NT 10.0; Win64; x64; rv:72.0) Gecko/20100101 Firefox/72.0"
193.194.132.23 - - [06/Feb/2020:13:48:23 +0100] "GET /reload?ser=1580993303176 HTTP/1.1" 200 28 "http://renault.2web.at/aboutus" "Mozilla/5.0 (Windows NT 10.0; WOW64; Trident/7.0; Touch; rv:11.0) like Gecko"
193.194.132.27 - - [06/Feb/2020:13:48:40 +0100] "GET /reload?ser=1580993320597 HTTP/1.1" 200 28 "http://renault.activities.at/result?dir=DESC&mode=grid&order=name&limit=15&page=1&search=beach%20flag" "Mozilla/5.0 (Windows NT 10.0; Win64; x64) AppleWebKit/537.36 (KHTML, like Gecko) Chrome/64.0.3282.140 Safari/537.36 Edge/17.17134"
213.153.47.173 - - [06/Feb/2020:13:49:16 +0100] "GET /reload?ser=1580993356852 HTTP/1.1" 200 28 "http://renault.activities.at/login?required=true" "Mozilla/5.0 (Windows NT 10.0; Win64; x64; rv:72.0) Gecko/20100101 Firefox/72.0"
193.194.132.23 - - [06/Feb/2020:13:49:24 +0100] "GET /reload?ser=1580993364204 HTTP/1.1" 200 28 "http://renault.2web.at/aboutus" "Mozilla/5.0 (Windows NT 10.0; WOW64; Trident/7.0; Touch; rv:11.0) like Gecko"
193.194.132.27 - - [06/Feb/2020:13:49:42 +0100] "GET /reload?ser=1580993382598 HTTP/1.1" 200 28 "http://renault.activities.at/result?dir=DESC&mode=grid&order=name&limit=15&page=1&search=beach%20flag" "Mozilla/5.0 (Windows NT 10.0; Win64; x64) AppleWebKit/537.36 (KHTML, like Gecko) Chrome/64.0.3282.140 Safari/537.36 Edge/17.17134"
213.153.47.173 - - [06/Feb/2020:13:50:17 +0100] "GET /reload?ser=1580993417532 HTTP/1.1" 200 28 "http://renault.activities.at/login?required=true" "Mozilla/5.0 (Windows NT 10.0; Win64; x64; rv:72.0) Gecko/20100101 Firefox/72.0"
193.194.132.23 - - [06/Feb/2020:13:50:25 +0100] "GET /reload?ser=1580993425280 HTTP/1.1" 200 28 "http://renault.2web.at/aboutus" "Mozilla/5.0 (Windows NT 10.0; WOW64; Trident/7.0; Touch; rv:11.0) like Gecko"
193.194.132.27 - - [06/Feb/2020:13:50:44 +0100] "GET /reload?ser=1580993444599 HTTP/1.1" 200 28 "http://renault.activities.at/result?dir=DESC&mode=grid&order=name&limit=15&page=1&search=beach%20flag" "Mozilla/5.0 (Windows NT 10.0; Win64; x64) AppleWebKit/537.36 (KHTML, like Gecko) Chrome/64.0.3282.140 Safari/537.36 Edge/17.17134"
213.153.47.173 - - [06/Feb/2020:13:51:18 +0100] "GET /reload?ser=1580993478202 HTTP/1.1" 200 28 "http://renault.activities.at/login?required=true" "Mozilla/5.0 (Windows NT 10.0; Win64; x64; rv:72.0) Gecko/20100101 Firefox/72.0"
193.194.132.23 - - [06/Feb/2020:13:51:26 +0100] "GET /reload?ser=1580993486326 HTTP/1.1" 200 28 "http://renault.2web.at/aboutus" "Mozilla/5.0 (Windows NT 10.0; WOW64; Trident/7.0; Touch; rv:11.0) like Gecko"
193.194.132.27 - - [06/Feb/2020:13:51:46 +0100] "GET /reload?ser=1580993506599 HTTP/1.1" 200 28 "http://renault.activities.at/result?dir=DESC&mode=grid&order=name&limit=15&page=1&search=beach%20flag" "Mozilla/5.0 (Windows NT 10.0; Win64; x64) AppleWebKit/537.36 (KHTML, like Gecko) Chrome/64.0.3282.140 Safari/537.36 Edge/17.17134"
213.153.47.173 - - [06/Feb/2020:13:52:18 +0100] "GET /reload?ser=1580993538871 HTTP/1.1" 200 28 "http://renault.activities.at/login?required=true" "Mozilla/5.0 (Windows NT 10.0; Win64; x64; rv:72.0) Gecko/20100101 Firefox/72.0"
193.194.132.23 - - [06/Feb/2020:13:52:27 +0100] "GET /reload?ser=1580993547377 HTTP/1.1" 200 28 "http://renault.2web.at/aboutus" "Mozilla/5.0 (Windows NT 10.0; WOW64; Trident/7.0; Touch; rv:11.0) like Gecko"
193.194.132.27 - - [06/Feb/2020:13:52:48 +0100] "GET /reload?ser=1580993568596 HTTP/1.1" 200 28 "http://renault.activities.at/result?dir=DESC&mode=grid&order=name&limit=15&page=1&search=beach%20flag" "Mozilla/5.0 (Windows NT 10.0; Win64; x64) AppleWebKit/537.36 (KHTML, like Gecko) Chrome/64.0.3282.140 Safari/537.36 Edge/17.17134"
213.153.47.173 - - [06/Feb/2020:13:53:19 +0100] "GET /reload?ser=1580993599536 HTTP/1.1" 200 28 "http://renault.activities.at/login?required=true" "Mozilla/5.0 (Windows NT 10.0; Win64; x64; rv:72.0) Gecko/20100101 Firefox/72.0"
193.194.132.23 - - [06/Feb/2020:13:53:28 +0100] "GET /reload?ser=1580993608457 HTTP/1.1" 200 28 "http://renault.2web.at/aboutus" "Mozilla/5.0 (Windows NT 10.0; WOW64; Trident/7.0; Touch; rv:11.0) like Gecko"
193.194.132.27 - - [06/Feb/2020:13:53:50 +0100] "GET /reload?ser=1580993630595 HTTP/1.1" 200 28 "http://renault.activities.at/result?dir=DESC&mode=grid&order=name&limit=15&page=1&search=beach%20flag" "Mozilla/5.0 (Windows NT 10.0; Win64; x64) AppleWebKit/537.36 (KHTML, like Gecko) Chrome/64.0.3282.140 Safari/537.36 Edge/17.17134"
213.153.47.173 - - [06/Feb/2020:13:54:20 +0100] "GET /reload?ser=1580993660194 HTTP/1.1" 200 28 "http://renault.activities.at/login?required=true" "Mozilla/5.0 (Windows NT 10.0; Win64; x64; rv:72.0) Gecko/20100101 Firefox/72.0"
193.194.132.23 - - [06/Feb/2020:13:54:29 +0100] "GET /reload?ser=1580993669486 HTTP/1.1" 200 28 "http://renault.2web.at/aboutus" "Mozilla/5.0 (Windows NT 10.0; WOW64; Trident/7.0; Touch; rv:11.0) like Gecko"
193.194.132.27 - - [06/Feb/2020:13:54:52 +0100] "GET /reload?ser=1580993692600 HTTP/1.1" 200 28 "http://renault.activities.at/result?dir=DESC&mode=grid&order=name&limit=15&page=1&search=beach%20flag" "Mozilla/5.0 (Windows NT 10.0; Win64; x64) AppleWebKit/537.36 (KHTML, like Gecko) Chrome/64.0.3282.140 Safari/537.36 Edge/17.17134"
213.153.47.173 - - [06/Feb/2020:13:55:20 +0100] "GET /reload?ser=1580993720854 HTTP/1.1" 200 28 "http://renault.activities.at/login?required=true" "Mozilla/5.0 (Windows NT 10.0; Win64; x64; rv:72.0) Gecko/20100101 Firefox/72.0"
193.194.132.23 - - [06/Feb/2020:13:55:30 +0100] "GET /reload?ser=1580993730562 HTTP/1.1" 200 28 "http://renault.2web.at/aboutus" "Mozilla/5.0 (Windows NT 10.0; WOW64; Trident/7.0; Touch; rv:11.0) like Gecko"
193.194.132.27 - - [06/Feb/2020:13:55:54 +0100] "GET /reload?ser=1580993754597 HTTP/1.1" 200 28 "http://renault.activities.at/result?dir=DESC&mode=grid&order=name&limit=15&page=1&search=beach%20flag" "Mozilla/5.0 (Windows NT 10.0; Win64; x64) AppleWebKit/537.36 (KHTML, like Gecko) Chrome/64.0.3282.140 Safari/537.36 Edge/17.17134"
213.153.47.173 - - [06/Feb/2020:13:56:21 +0100] "GET /reload?ser=1580993781600 HTTP/1.1" 200 28 "http://renault.activities.at/login?required=true" "Mozilla/5.0 (Windows NT 10.0; Win64; x64; rv:72.0) Gecko/20100101 Firefox/72.0"
193.194.132.23 - - [06/Feb/2020:13:56:31 +0100] "GET /reload?ser=1580993791622 HTTP/1.1" 200 28 "http://renault.2web.at/aboutus" "Mozilla/5.0 (Windows NT 10.0; WOW64; Trident/7.0; Touch; rv:11.0) like Gecko"
193.194.132.27 - - [06/Feb/2020:13:56:56 +0100] "GET /reload?ser=1580993816599 HTTP/1.1" 200 28 "http://renault.activities.at/result?dir=DESC&mode=grid&order=name&limit=15&page=1&search=beach%20flag" "Mozilla/5.0 (Windows NT 10.0; Win64; x64) AppleWebKit/537.36 (KHTML, like Gecko) Chrome/64.0.3282.140 Safari/537.36 Edge/17.17134"
213.153.47.173 - - [06/Feb/2020:13:57:22 +0100] "GET /reload?ser=1580993842249 HTTP/1.1" 200 28 "http://renault.activities.at/login?required=true" "Mozilla/5.0 (Windows NT 10.0; Win64; x64; rv:72.0) Gecko/20100101 Firefox/72.0"
193.194.132.23 - - [06/Feb/2020:13:57:32 +0100] "GET /reload?ser=1580993852685 HTTP/1.1" 200 28 "http://renault.2web.at/aboutus" "Mozilla/5.0 (Windows NT 10.0; WOW64; Trident/7.0; Touch; rv:11.0) like Gecko"
193.194.132.27 - - [06/Feb/2020:13:57:58 +0100] "GET /reload?ser=1580993878600 HTTP/1.1" 200 28 "http://renault.activities.at/result?dir=DESC&mode=grid&order=name&limit=15&page=1&search=beach%20flag" "Mozilla/5.0 (Windows NT 10.0; Win64; x64) AppleWebKit/537.36 (KHTML, like Gecko) Chrome/64.0.3282.140 Safari/537.36 Edge/17.17134"
213.153.47.173 - - [06/Feb/2020:13:58:22 +0100] "GET /reload?ser=1580993902906 HTTP/1.1" 200 28 "http://renault.activities.at/login?required=true" "Mozilla/5.0 (Windows NT 10.0; Win64; x64; rv:72.0) Gecko/20100101 Firefox/72.0"
193.194.132.23 - - [06/Feb/2020:13:58:33 +0100] "GET /reload?ser=1580993913737 HTTP/1.1" 200 28 "http://renault.2web.at/aboutus" "Mozilla/5.0 (Windows NT 10.0; WOW64; Trident/7.0; Touch; rv:11.0) like Gecko"
193.194.132.27 - - [06/Feb/2020:13:59:00 +0100] "GET /reload?ser=1580993940603 HTTP/1.1" 200 28 "http://renault.activities.at/result?dir=DESC&mode=grid&order=name&limit=15&page=1&search=beach%20flag" "Mozilla/5.0 (Windows NT 10.0; Win64; x64) AppleWebKit/537.36 (KHTML, like Gecko) Chrome/64.0.3282.140 Safari/537.36 Edge/17.17134"
213.153.47.173 - - [06/Feb/2020:13:59:23 +0100] "GET /reload?ser=1580993963557 HTTP/1.1" 200 28 "http://renault.activities.at/login?required=true" "Mozilla/5.0 (Windows NT 10.0; Win64; x64; rv:72.0) Gecko/20100101 Firefox/72.0"
193.194.132.23 - - [06/Feb/2020:13:59:34 +0100] "GET /reload?ser=1580993974809 HTTP/1.1" 200 28 "http://renault.2web.at/aboutus" "Mozilla/5.0 (Windows NT 10.0; WOW64; Trident/7.0; Touch; rv:11.0) like Gecko"
193.194.132.27 - - [06/Feb/2020:14:00:02 +0100] "GET /reload?ser=1580994002589 HTTP/1.1" 200 28 "http://renault.activities.at/result?dir=DESC&mode=grid&order=name&limit=15&page=1&search=beach%20flag" "Mozilla/5.0 (Windows NT 10.0; Win64; x64) AppleWebKit/537.36 (KHTML, like Gecko) Chrome/64.0.3282.140 Safari/537.36 Edge/17.17134"
193.194.132.23 - - [06/Feb/2020:14:00:15 +0100] "POST /aboutus HTTP/1.1" 302 137 "http://renault.2web.at/aboutus" "Mozilla/5.0 (Windows NT 10.0; WOW64; Trident/7.0; Touch; rv:11.0) like Gecko"
193.194.132.27 - - [06/Feb/2020:14:00:18 +0100] "POST /axjaxrequest?mode=suggest HTTP/1.1" 200 144 "http://renault.activities.at/result?dir=DESC&mode=grid&order=name&limit=15&page=1&search=beach%20flag" "Mozilla/5.0 (Windows NT 10.0; Win64; x64) AppleWebKit/537.36 (KHTML, like Gecko) Chrome/64.0.3282.140 Safari/537.36 Edge/17.17134"
193.194.132.27 - - [06/Feb/2020:14:00:19 +0100] "GET /result?searchterm=true&search=klaber HTTP/1.1" 200 6873 "http://renault.activities.at/result?dir=DESC&mode=grid&order=name&limit=15&page=1&search=beach%20flag" "Mozilla/5.0 (Windows NT 10.0; Win64; x64) AppleWebKit/537.36 (KHTML, like Gecko) Chrome/64.0.3282.140 Safari/537.36 Edge/17.17134"
193.194.132.27 - - [06/Feb/2020:14:00:21 +0100] "GET /css/print.css HTTP/1.1" 304 - "http://renault.activities.at/result?searchterm=true&search=klaber" "Mozilla/5.0 (Windows NT 10.0; Win64; x64) AppleWebKit/537.36 (KHTML, like Gecko) Chrome/64.0.3282.140 Safari/537.36 Edge/17.17134"
193.194.132.27 - - [06/Feb/2020:14:00:21 +0100] "GET /js/default.js HTTP/1.1" 304 - "http://renault.activities.at/result?searchterm=true&search=klaber" "Mozilla/5.0 (Windows NT 10.0; Win64; x64) AppleWebKit/537.36 (KHTML, like Gecko) Chrome/64.0.3282.140 Safari/537.36 Edge/17.17134"
193.194.132.27 - - [06/Feb/2020:14:00:21 +0100] "GET /js/prototip.js HTTP/1.1" 304 - "http://renault.activities.at/result?searchterm=true&search=klaber" "Mozilla/5.0 (Windows NT 10.0; Win64; x64) AppleWebKit/537.36 (KHTML, like Gecko) Chrome/64.0.3282.140 Safari/537.36 Edge/17.17134"
193.194.132.27 - - [06/Feb/2020:14:00:21 +0100] "GET /css/clears.css HTTP/1.1" 304 - "http://renault.activities.at/result?searchterm=true&search=klaber" "Mozilla/5.0 (Windows NT 10.0; Win64; x64) AppleWebKit/537.36 (KHTML, like Gecko) Chrome/64.0.3282.140 Safari/537.36 Edge/17.17134"
193.194.132.27 - - [06/Feb/2020:14:00:21 +0100] "GET /css/reset.css HTTP/1.1" 304 - "http://renault.activities.at/result?searchterm=true&search=klaber" "Mozilla/5.0 (Windows NT 10.0; Win64; x64) AppleWebKit/537.36 (KHTML, like Gecko) Chrome/64.0.3282.140 Safari/537.36 Edge/17.17134"
193.194.132.27 - - [06/Feb/2020:14:00:21 +0100] "GET /css/themes/default.css HTTP/1.1" 304 - "http://renault.activities.at/result?searchterm=true&search=klaber" "Mozilla/5.0 (Windows NT 10.0; Win64; x64) AppleWebKit/537.36 (KHTML, like Gecko) Chrome/64.0.3282.140 Safari/537.36 Edge/17.17134"
193.194.132.27 - - [06/Feb/2020:14:00:21 +0100] "GET /css/prototip.css HTTP/1.1" 304 - "http://renault.activities.at/result?searchterm=true&search=klaber" "Mozilla/5.0 (Windows NT 10.0; Win64; x64) AppleWebKit/537.36 (KHTML, like Gecko) Chrome/64.0.3282.140 Safari/537.36 Edge/17.17134"
193.194.132.27 - - [06/Feb/2020:14:00:21 +0100] "GET /js/index.php?c=auto&f=,prototype/prototype.js,prototype/validation.js,scriptaculous/builder.js,scriptaculous/effects.js,scriptaculous/dragdrop.js,scriptaculous/controls.js,scriptaculous/slider.js,varien/js.js,varien/form.js,varien/menu.js,mage/translate.js,mage/cookies.js,varien/product.js,spinner/SpinnerControl.jsmin.js,prototype/window.js,prototype/window_ext.js HTTP/1.1" 304 - "http://renault.activities.at/result?searchterm=true&search=klaber" "Mozilla/5.0 (Windows NT 10.0; Win64; x64) AppleWebKit/537.36 (KHTML, like Gecko) Chrome/64.0.3282.140 Safari/537.36 Edge/17.17134"
193.194.132.27 - - [06/Feb/2020:14:00:21 +0100] "GET /css/themes/alphacube.css HTTP/1.1" 304 - "http://renault.activities.at/result?searchterm=true&search=klaber" "Mozilla/5.0 (Windows NT 10.0; Win64; x64) AppleWebKit/537.36 (KHTML, like Gecko) Chrome/64.0.3282.140 Safari/537.36 Edge/17.17134"
193.194.132.27 - - [06/Feb/2020:14:00:21 +0100] "GET /js/checkout.css HTTP/1.1" 304 - "http://renault.activities.at/result?searchterm=true&search=klaber" "Mozilla/5.0 (Windows NT 10.0; Win64; x64) AppleWebKit/537.36 (KHTML, like Gecko) Chrome/64.0.3282.140 Safari/537.36 Edge/17.17134"
