185.58.53.32 - - [11/Feb/2020:13:22:21 +0100] "GET /reload?ser=1581423723055 HTTP/1.1" 200 28 "http://renault.activities.at/success" "Mozilla/5.0 (Windows NT 6.1; WOW64; Trident/7.0; rv:11.0) like Gecko"
80.122.221.194 - - [11/Feb/2020:13:22:26 +0100] "GET /reload?ser=1581423746844 HTTP/1.1" 200 28 "http://renault.activities.at/success" "Mozilla/5.0 (Windows NT 10.0; Win64; x64) AppleWebKit/537.36 (KHTML, like Gecko) Chrome/70.0.3538.102 Safari/537.36 Edge/18.18363"
138.21.12.23 - - [11/Feb/2020:13:23:20 +0100] "GET /reload?ser=1581423800553 HTTP/1.1" 200 28 "http://renault.2web.at/result?searchterm=true&search=ze&loadrequest=true" "Mozilla/5.0 (Windows NT 10.0; WOW64; Trident/7.0; Touch; rv:11.0) like Gecko"
185.58.53.32 - - [11/Feb/2020:13:23:22 +0100] "GET /reload?ser=1581423784050 HTTP/1.1" 200 28 "http://renault.activities.at/success" "Mozilla/5.0 (Windows NT 6.1; WOW64; Trident/7.0; rv:11.0) like Gecko"
80.122.221.194 - - [11/Feb/2020:13:23:27 +0100] "GET /reload?ser=1581423807856 HTTP/1.1" 200 28 "http://renault.activities.at/success" "Mozilla/5.0 (Windows NT 10.0; Win64; x64) AppleWebKit/537.36 (KHTML, like Gecko) Chrome/70.0.3538.102 Safari/537.36 Edge/18.18363"
138.21.12.23 - - [11/Feb/2020:13:23:49 +0100] "GET /images/vista-dn-hover.gif HTTP/1.1" 200 127 "http://renault.2web.at/result?searchterm=true&search=ze&loadrequest=true" "Mozilla/5.0 (Windows NT 10.0; WOW64; Trident/7.0; Touch; rv:11.0) like Gecko"
138.21.12.23 - - [11/Feb/2020:13:24:21 +0100] "GET /reload?ser=1581423861748 HTTP/1.1" 200 28 "http://renault.2web.at/result?searchterm=true&search=ze&loadrequest=true" "Mozilla/5.0 (Windows NT 10.0; WOW64; Trident/7.0; Touch; rv:11.0) like Gecko"
185.58.53.32 - - [11/Feb/2020:13:24:23 +0100] "GET /reload?ser=1581423845040 HTTP/1.1" 200 28 "http://renault.activities.at/success" "Mozilla/5.0 (Windows NT 6.1; WOW64; Trident/7.0; rv:11.0) like Gecko"
80.122.221.194 - - [11/Feb/2020:13:24:28 +0100] "GET /reload?ser=1581423868851 HTTP/1.1" 200 28 "http://renault.activities.at/success" "Mozilla/5.0 (Windows NT 10.0; Win64; x64) AppleWebKit/537.36 (KHTML, like Gecko) Chrome/70.0.3538.102 Safari/537.36 Edge/18.18363"
138.21.12.23 - - [11/Feb/2020:13:25:22 +0100] "GET /reload?ser=1581423922814 HTTP/1.1" 200 28 "http://renault.2web.at/result?searchterm=true&search=ze&loadrequest=true" "Mozilla/5.0 (Windows NT 10.0; WOW64; Trident/7.0; Touch; rv:11.0) like Gecko"
185.58.53.32 - - [11/Feb/2020:13:25:24 +0100] "GET /reload?ser=1581423906004 HTTP/1.1" 200 28 "http://renault.activities.at/success" "Mozilla/5.0 (Windows NT 6.1; WOW64; Trident/7.0; rv:11.0) like Gecko"
80.122.221.194 - - [11/Feb/2020:13:25:29 +0100] "GET /reload?ser=1581423929850 HTTP/1.1" 200 28 "http://renault.activities.at/success" "Mozilla/5.0 (Windows NT 10.0; Win64; x64) AppleWebKit/537.36 (KHTML, like Gecko) Chrome/70.0.3538.102 Safari/537.36 Edge/18.18363"
138.21.12.23 - - [11/Feb/2020:13:26:00 +0100] "GET /result?searchterm=true&search=vu HTTP/1.1" 200 10133 "http://renault.2web.at/result?searchterm=true&search=ze&loadrequest=true" "Mozilla/5.0 (Windows NT 10.0; WOW64; Trident/7.0; Touch; rv:11.0) like Gecko"
138.21.12.23 - - [11/Feb/2020:13:26:03 +0100] "GET /loadthumbnail.php?id=12197903&width=113 HTTP/1.1" 200 30608 "http://renault.2web.at/result?searchterm=true&search=vu" "Mozilla/5.0 (Windows NT 10.0; WOW64; Trident/7.0; Touch; rv:11.0) like Gecko"
138.21.12.23 - - [11/Feb/2020:13:26:03 +0100] "GET /loadthumbnail.php?id=11659629&width=113 HTTP/1.1" 200 2748 "http://renault.2web.at/result?searchterm=true&search=vu" "Mozilla/5.0 (Windows NT 10.0; WOW64; Trident/7.0; Touch; rv:11.0) like Gecko"
138.21.12.23 - - [11/Feb/2020:13:26:03 +0100] "GET /loadthumbnail.php?id=11461312&width=113 HTTP/1.1" 200 3416 "http://renault.2web.at/result?searchterm=true&search=vu" "Mozilla/5.0 (Windows NT 10.0; WOW64; Trident/7.0; Touch; rv:11.0) like Gecko"
138.21.12.23 - - [11/Feb/2020:13:26:03 +0100] "GET /loadthumbnail.php?id=12101517&width=113 HTTP/1.1" 200 3343 "http://renault.2web.at/result?searchterm=true&search=vu" "Mozilla/5.0 (Windows NT 10.0; WOW64; Trident/7.0; Touch; rv:11.0) like Gecko"
138.21.12.23 - - [11/Feb/2020:13:26:03 +0100] "GET /loadthumbnail.php?id=12127771&width=113 HTTP/1.1" 200 2909 "http://renault.2web.at/result?searchterm=true&search=vu" "Mozilla/5.0 (Windows NT 10.0; WOW64; Trident/7.0; Touch; rv:11.0) like Gecko"
138.21.12.23 - - [11/Feb/2020:13:26:03 +0100] "GET /loadthumbnail.php?id=11213910&width=113 HTTP/1.1" 200 2091 "http://renault.2web.at/result?searchterm=true&search=vu" "Mozilla/5.0 (Windows NT 10.0; WOW64; Trident/7.0; Touch; rv:11.0) like Gecko"
138.21.12.23 - - [11/Feb/2020:13:26:03 +0100] "GET /loadthumbnail.php?id=11590243&width=113 HTTP/1.1" 200 3639 "http://renault.2web.at/result?searchterm=true&search=vu" "Mozilla/5.0 (Windows NT 10.0; WOW64; Trident/7.0; Touch; rv:11.0) like Gecko"
138.21.12.23 - - [11/Feb/2020:13:26:03 +0100] "GET /loadthumbnail.php?id=12176991&width=113 HTTP/1.1" 200 3227 "http://renault.2web.at/result?searchterm=true&search=vu" "Mozilla/5.0 (Windows NT 10.0; WOW64; Trident/7.0; Touch; rv:11.0) like Gecko"
138.21.12.23 - - [11/Feb/2020:13:26:03 +0100] "GET /loadthumbnail.php?id=11213903&width=113 HTTP/1.1" 200 2398 "http://renault.2web.at/result?searchterm=true&search=vu" "Mozilla/5.0 (Windows NT 10.0; WOW64; Trident/7.0; Touch; rv:11.0) like Gecko"
138.21.12.23 - - [11/Feb/2020:13:26:00 +0100] "POST /axjaxrequest?mode=suggest HTTP/1.1" 200 21 "http://renault.2web.at/result?searchterm=true&search=ze&loadrequest=true" "Mozilla/5.0 (Windows NT 10.0; WOW64; Trident/7.0; Touch; rv:11.0) like Gecko"
138.21.12.23 - - [11/Feb/2020:13:26:05 +0100] "GET /11461309?print=true HTTP/1.1" 200 2640 "http://renault.2web.at/result?searchterm=true&search=vu" "Mozilla/5.0 (Windows NT 10.0; WOW64; Trident/7.0; Touch; rv:11.0) like Gecko"
138.21.12.23 - - [11/Feb/2020:13:26:09 +0100] "GET /loadthumbnail.php?id=11461312&width=250 HTTP/1.1" 200 9944 "http://renault.2web.at/11461309?print=true" "Mozilla/5.0 (Windows NT 10.0; WOW64; Trident/7.0; Touch; rv:11.0) like Gecko"
138.21.12.23 - - [11/Feb/2020:13:26:09 +0100] "GET /loadthumbnail.php?id=11461312&width=900&height=900 HTTP/1.1" 200 63099 "http://renault.2web.at/11461309?print=true" "Mozilla/5.0 (Windows NT 10.0; WOW64; Trident/7.0; Touch; rv:11.0) like Gecko"
138.21.12.23 - - [11/Feb/2020:13:26:09 +0100] "GET /graphics/zoomin.cur HTTP/1.1" 200 6608 "http://renault.2web.at/11461309?print=true" "Mozilla/5.0 (Windows NT 10.0; WOW64; Trident/7.0; Touch; rv:11.0) like Gecko"
138.21.12.23 - - [11/Feb/2020:13:26:18 +0100] "GET /graphics/zoomin.cur HTTP/1.1" 200 6608 "http://renault.2web.at/11461309?print=true" "Mozilla/5.0 (Windows NT 10.0; WOW64; Trident/7.0; Touch; rv:11.0) like Gecko"
138.21.12.23 - - [11/Feb/2020:13:26:25 +0100] "GET /graphics/zoomin.cur HTTP/1.1" 200 6608 "http://renault.2web.at/11461309?print=true" "Mozilla/5.0 (Windows NT 10.0; WOW64; Trident/7.0; Touch; rv:11.0) like Gecko"
185.58.53.32 - - [11/Feb/2020:13:26:25 +0100] "GET /reload?ser=1581423967012 HTTP/1.1" 200 28 "http://renault.activities.at/success" "Mozilla/5.0 (Windows NT 6.1; WOW64; Trident/7.0; rv:11.0) like Gecko"
138.21.12.23 - - [11/Feb/2020:13:26:29 +0100] "GET /graphics/zoomin.cur HTTP/1.1" 200 6608 "http://renault.2web.at/11461309?print=true" "Mozilla/5.0 (Windows NT 10.0; WOW64; Trident/7.0; Touch; rv:11.0) like Gecko"
80.122.221.194 - - [11/Feb/2020:13:26:30 +0100] "GET /reload?ser=1581423990846 HTTP/1.1" 200 28 "http://renault.activities.at/success" "Mozilla/5.0 (Windows NT 10.0; Win64; x64) AppleWebKit/537.36 (KHTML, like Gecko) Chrome/70.0.3538.102 Safari/537.36 Edge/18.18363"
138.21.12.23 - - [11/Feb/2020:13:26:31 +0100] "GET /graphics/zoomin.cur HTTP/1.1" 200 6608 "http://renault.2web.at/11461309?print=true" "Mozilla/5.0 (Windows NT 10.0; WOW64; Trident/7.0; Touch; rv:11.0) like Gecko"
138.21.12.23 - - [11/Feb/2020:13:26:31 +0100] "GET /null HTTP/1.1" 200 6608 "http://renault.2web.at/result?searchterm=true&search=vu" "Mozilla/5.0 (Windows NT 10.0; WOW64; Trident/7.0; Touch; rv:11.0) like Gecko"
138.21.12.23 - - [11/Feb/2020:13:26:32 +0100] "GET /graphics/zoomin.cur HTTP/1.1" 200 6608 "http://renault.2web.at/11461309?print=true" "Mozilla/5.0 (Windows NT 10.0; WOW64; Trident/7.0; Touch; rv:11.0) like Gecko"
138.21.12.23 - - [11/Feb/2020:13:27:04 +0100] "GET /reload?ser=1581424024251 HTTP/1.1" 200 28 "http://renault.2web.at/result?searchterm=true&search=vu" "Mozilla/5.0 (Windows NT 10.0; WOW64; Trident/7.0; Touch; rv:11.0) like Gecko"
185.58.53.32 - - [11/Feb/2020:13:27:26 +0100] "GET /reload?ser=1581424027988 HTTP/1.1" 200 28 "http://renault.activities.at/success" "Mozilla/5.0 (Windows NT 6.1; WOW64; Trident/7.0; rv:11.0) like Gecko"
80.122.221.194 - - [11/Feb/2020:13:27:31 +0100] "GET /reload?ser=1581424051838 HTTP/1.1" 200 28 "http://renault.activities.at/success" "Mozilla/5.0 (Windows NT 10.0; Win64; x64) AppleWebKit/537.36 (KHTML, like Gecko) Chrome/70.0.3538.102 Safari/537.36 Edge/18.18363"
138.21.12.23 - - [11/Feb/2020:13:28:03 +0100] "GET /images/vista-up-hover.gif HTTP/1.1" 200 130 "http://renault.2web.at/result?searchterm=true&search=vu" "Mozilla/5.0 (Windows NT 10.0; WOW64; Trident/7.0; Touch; rv:11.0) like Gecko"
138.21.12.23 - - [11/Feb/2020:13:28:05 +0100] "GET /reload?ser=1581424085315 HTTP/1.1" 200 28 "http://renault.2web.at/result?searchterm=true&search=vu" "Mozilla/5.0 (Windows NT 10.0; WOW64; Trident/7.0; Touch; rv:11.0) like Gecko"
138.21.12.23 - - [11/Feb/2020:13:28:13 +0100] "POST /axjaxrequest?mode=suggest HTTP/1.1" 200 117 "http://renault.2web.at/result?searchterm=true&search=vu" "Mozilla/5.0 (Windows NT 10.0; WOW64; Trident/7.0; Touch; rv:11.0) like Gecko"
138.21.12.23 - - [11/Feb/2020:13:28:13 +0100] "GET /result?searchterm=true&search=nutz HTTP/1.1" 200 9481 "http://renault.2web.at/result?searchterm=true&search=vu" "Mozilla/5.0 (Windows NT 10.0; WOW64; Trident/7.0; Touch; rv:11.0) like Gecko"
138.21.12.23 - - [11/Feb/2020:13:28:17 +0100] "GET /loadthumbnail.php?id=10986339&width=113 HTTP/1.1" 200 3068 "http://renault.2web.at/result?searchterm=true&search=nutz" "Mozilla/5.0 (Windows NT 10.0; WOW64; Trident/7.0; Touch; rv:11.0) like Gecko"
138.21.12.23 - - [11/Feb/2020:13:28:17 +0100] "GET /loadthumbnail.php?id=12121724&width=113 HTTP/1.1" 200 2468 "http://renault.2web.at/result?searchterm=true&search=nutz" "Mozilla/5.0 (Windows NT 10.0; WOW64; Trident/7.0; Touch; rv:11.0) like Gecko"
185.58.53.32 - - [11/Feb/2020:13:28:27 +0100] "GET /reload?ser=1581424088934 HTTP/1.1" 200 28 "http://renault.activities.at/success" "Mozilla/5.0 (Windows NT 6.1; WOW64; Trident/7.0; rv:11.0) like Gecko"
80.122.221.194 - - [11/Feb/2020:13:28:33 +0100] "GET /reload?ser=1581424113840 HTTP/1.1" 200 28 "http://renault.activities.at/success" "Mozilla/5.0 (Windows NT 10.0; Win64; x64) AppleWebKit/537.36 (KHTML, like Gecko) Chrome/70.0.3538.102 Safari/537.36 Edge/18.18363"
138.21.12.23 - - [11/Feb/2020:13:28:46 +0100] "GET /result?searchterm=true&search=pro HTTP/1.1" 200 11723 "http://renault.2web.at/result?searchterm=true&search=nutz" "Mozilla/5.0 (Windows NT 10.0; WOW64; Trident/7.0; Touch; rv:11.0) like Gecko"
138.21.12.23 - - [11/Feb/2020:13:28:50 +0100] "GET /loadthumbnail.php?id=12101507&width=113 HTTP/1.1" 200 3189 "http://renault.2web.at/result?searchterm=true&search=pro" "Mozilla/5.0 (Windows NT 10.0; WOW64; Trident/7.0; Touch; rv:11.0) like Gecko"
138.21.12.23 - - [11/Feb/2020:13:28:50 +0100] "GET /loadthumbnail.php?id=11181170&width=113 HTTP/1.1" 200 1576 "http://renault.2web.at/result?searchterm=true&search=pro" "Mozilla/5.0 (Windows NT 10.0; WOW64; Trident/7.0; Touch; rv:11.0) like Gecko"
138.21.12.23 - - [11/Feb/2020:13:28:50 +0100] "GET /loadthumbnail.php?id=11181172&width=113 HTTP/1.1" 200 1576 "http://renault.2web.at/result?searchterm=true&search=pro" "Mozilla/5.0 (Windows NT 10.0; WOW64; Trident/7.0; Touch; rv:11.0) like Gecko"
138.21.12.23 - - [11/Feb/2020:13:28:50 +0100] "GET /loadthumbnail.php?id=11635106&width=113 HTTP/1.1" 200 2935 "http://renault.2web.at/result?searchterm=true&search=pro" "Mozilla/5.0 (Windows NT 10.0; WOW64; Trident/7.0; Touch; rv:11.0) like Gecko"
138.21.12.23 - - [11/Feb/2020:13:28:50 +0100] "GET /loadthumbnail.php?id=11987881&width=113 HTTP/1.1" 200 2583 "http://renault.2web.at/result?searchterm=true&search=pro" "Mozilla/5.0 (Windows NT 10.0; WOW64; Trident/7.0; Touch; rv:11.0) like Gecko"
138.21.12.23 - - [11/Feb/2020:13:28:50 +0100] "GET /loadthumbnail.php?id=11893885&width=113 HTTP/1.1" 200 3187 "http://renault.2web.at/result?searchterm=true&search=pro" "Mozilla/5.0 (Windows NT 10.0; WOW64; Trident/7.0; Touch; rv:11.0) like Gecko"
138.21.12.23 - - [11/Feb/2020:13:28:50 +0100] "GET /loadthumbnail.php?id=12101516&width=113 HTTP/1.1" 200 3056 "http://renault.2web.at/result?searchterm=true&search=pro" "Mozilla/5.0 (Windows NT 10.0; WOW64; Trident/7.0; Touch; rv:11.0) like Gecko"
138.21.12.23 - - [11/Feb/2020:13:28:50 +0100] "GET /loadthumbnail.php?id=10260210&width=113 HTTP/1.1" 200 3764 "http://renault.2web.at/result?searchterm=true&search=pro" "Mozilla/5.0 (Windows NT 10.0; WOW64; Trident/7.0; Touch; rv:11.0) like Gecko"
138.21.12.23 - - [11/Feb/2020:13:28:50 +0100] "GET /loadthumbnail.php?id=12023913&width=113 HTTP/1.1" 200 3224 "http://renault.2web.at/result?searchterm=true&search=pro" "Mozilla/5.0 (Windows NT 10.0; WOW64; Trident/7.0; Touch; rv:11.0) like Gecko"
138.21.12.23 - - [11/Feb/2020:13:28:50 +0100] "GET /loadthumbnail.php?id=10260174&width=113 HTTP/1.1" 200 3715 "http://renault.2web.at/result?searchterm=true&search=pro" "Mozilla/5.0 (Windows NT 10.0; WOW64; Trident/7.0; Touch; rv:11.0) like Gecko"
138.21.12.23 - - [11/Feb/2020:13:28:46 +0100] "POST /axjaxrequest?mode=suggest HTTP/1.1" 200 267 "http://renault.2web.at/result?searchterm=true&search=nutz" "Mozilla/5.0 (Windows NT 10.0; WOW64; Trident/7.0; Touch; rv:11.0) like Gecko"
138.21.12.23 - - [11/Feb/2020:13:29:03 +0100] "GET /717624?print=true HTTP/1.1" 200 3041 "http://renault.2web.at/result?searchterm=true&search=pro" "Mozilla/5.0 (Windows NT 10.0; WOW64; Trident/7.0; Touch; rv:11.0) like Gecko"
138.21.12.23 - - [11/Feb/2020:13:29:06 +0100] "GET /js/tabs.js HTTP/1.1" 200 519 "http://renault.2web.at/717624?print=true" "Mozilla/5.0 (Windows NT 10.0; WOW64; Trident/7.0; Touch; rv:11.0) like Gecko"
138.21.12.23 - - [11/Feb/2020:13:29:06 +0100] "GET /images/tabs_button_corner_left_top_active.gif HTTP/1.1" 200 138 "http://renault.2web.at/717624?print=true" "Mozilla/5.0 (Windows NT 10.0; WOW64; Trident/7.0; Touch; rv:11.0) like Gecko"
138.21.12.23 - - [11/Feb/2020:13:29:06 +0100] "GET /images/tabs_border.gif HTTP/1.1" 200 43 "http://renault.2web.at/717624?print=true" "Mozilla/5.0 (Windows NT 10.0; WOW64; Trident/7.0; Touch; rv:11.0) like Gecko"
138.21.12.23 - - [11/Feb/2020:13:29:06 +0100] "GET /images/tabs_button_corner_right_top_active.gif HTTP/1.1" 200 136 "http://renault.2web.at/717624?print=true" "Mozilla/5.0 (Windows NT 10.0; WOW64; Trident/7.0; Touch; rv:11.0) like Gecko"
138.21.12.23 - - [11/Feb/2020:13:29:06 +0100] "GET /loadthumbnail.php?id=10260174&width=250 HTTP/1.1" 200 9707 "http://renault.2web.at/717624?print=true" "Mozilla/5.0 (Windows NT 10.0; WOW64; Trident/7.0; Touch; rv:11.0) like Gecko"
138.21.12.23 - - [11/Feb/2020:13:29:07 +0100] "GET /images/tabs_corner_left_bot.gif HTTP/1.1" 200 98 "http://renault.2web.at/717624?print=true" "Mozilla/5.0 (Windows NT 10.0; WOW64; Trident/7.0; Touch; rv:11.0) like Gecko"
138.21.12.23 - - [11/Feb/2020:13:29:07 +0100] "GET /images/tabs_corner_left_top.gif HTTP/1.1" 200 99 "http://renault.2web.at/717624?print=true" "Mozilla/5.0 (Windows NT 10.0; WOW64; Trident/7.0; Touch; rv:11.0) like Gecko"
138.21.12.23 - - [11/Feb/2020:13:29:07 +0100] "GET /images/tabs_corner_right_top.gif HTTP/1.1" 200 98 "http://renault.2web.at/717624?print=true" "Mozilla/5.0 (Windows NT 10.0; WOW64; Trident/7.0; Touch; rv:11.0) like Gecko"
138.21.12.23 - - [11/Feb/2020:13:29:07 +0100] "GET /images/tabs_corner_right_bot.gif HTTP/1.1" 200 99 "http://renault.2web.at/717624?print=true" "Mozilla/5.0 (Windows NT 10.0; WOW64; Trident/7.0; Touch; rv:11.0) like Gecko"
138.21.12.23 - - [11/Feb/2020:13:29:07 +0100] "GET /loadthumbnail.php?id=10260174&width=900&height=900 HTTP/1.1" 200 9707 "http://renault.2web.at/717624?print=true" "Mozilla/5.0 (Windows NT 10.0; WOW64; Trident/7.0; Touch; rv:11.0) like Gecko"
138.21.12.23 - - [11/Feb/2020:13:29:10 +0100] "GET /graphics/zoomin.cur HTTP/1.1" 200 6608 "http://renault.2web.at/717624?print=true" "Mozilla/5.0 (Windows NT 10.0; WOW64; Trident/7.0; Touch; rv:11.0) like Gecko"
138.21.12.23 - - [11/Feb/2020:13:29:12 +0100] "GET /graphics/zoomin.cur HTTP/1.1" 200 6608 "http://renault.2web.at/717624?print=true" "Mozilla/5.0 (Windows NT 10.0; WOW64; Trident/7.0; Touch; rv:11.0) like Gecko"
138.21.12.23 - - [11/Feb/2020:13:29:13 +0100] "GET /graphics/zoomin.cur HTTP/1.1" 200 6608 "http://renault.2web.at/717624?print=true" "Mozilla/5.0 (Windows NT 10.0; WOW64; Trident/7.0; Touch; rv:11.0) like Gecko"
138.21.12.23 - - [11/Feb/2020:13:29:16 +0100] "GET /graphics/zoomin.cur HTTP/1.1" 200 6608 "http://renault.2web.at/717624?print=true" "Mozilla/5.0 (Windows NT 10.0; WOW64; Trident/7.0; Touch; rv:11.0) like Gecko"
138.21.12.23 - - [11/Feb/2020:13:29:18 +0100] "GET /graphics/zoomin.cur HTTP/1.1" 200 6608 "http://renault.2web.at/717624?print=true" "Mozilla/5.0 (Windows NT 10.0; WOW64; Trident/7.0; Touch; rv:11.0) like Gecko"
185.58.53.32 - - [11/Feb/2020:13:29:28 +0100] "GET /reload?ser=1581424149879 HTTP/1.1" 200 28 "http://renault.activities.at/success" "Mozilla/5.0 (Windows NT 6.1; WOW64; Trident/7.0; rv:11.0) like Gecko"
138.21.12.23 - - [11/Feb/2020:13:29:31 +0100] "GET /graphics/zoomin.cur HTTP/1.1" 200 6608 "http://renault.2web.at/717624?print=true" "Mozilla/5.0 (Windows NT 10.0; WOW64; Trident/7.0; Touch; rv:11.0) like Gecko"
138.21.12.23 - - [11/Feb/2020:13:29:32 +0100] "GET /graphics/zoomin.cur HTTP/1.1" 200 6608 "http://renault.2web.at/717624?print=true" "Mozilla/5.0 (Windows NT 10.0; WOW64; Trident/7.0; Touch; rv:11.0) like Gecko"
138.21.12.23 - - [11/Feb/2020:13:29:33 +0100] "GET /null HTTP/1.1" 200 6608 "http://renault.2web.at/result?searchterm=true&search=pro" "Mozilla/5.0 (Windows NT 10.0; WOW64; Trident/7.0; Touch; rv:11.0) like Gecko"
80.122.221.194 - - [11/Feb/2020:13:29:34 +0100] "GET /reload?ser=1581424174839 HTTP/1.1" 200 28 "http://renault.activities.at/success" "Mozilla/5.0 (Windows NT 10.0; Win64; x64) AppleWebKit/537.36 (KHTML, like Gecko) Chrome/70.0.3538.102 Safari/537.36 Edge/18.18363"
138.21.12.23 - - [11/Feb/2020:13:29:41 +0100] "GET /717716?print=true HTTP/1.1" 200 2708 "http://renault.2web.at/result?searchterm=true&search=pro" "Mozilla/5.0 (Windows NT 10.0; WOW64; Trident/7.0; Touch; rv:11.0) like Gecko"
138.21.12.23 - - [11/Feb/2020:13:29:45 +0100] "GET /loadthumbnail.php?id=10260210&width=250 HTTP/1.1" 200 7905 "http://renault.2web.at/717716?print=true" "Mozilla/5.0 (Windows NT 10.0; WOW64; Trident/7.0; Touch; rv:11.0) like Gecko"
138.21.12.23 - - [11/Feb/2020:13:29:45 +0100] "GET /loadthumbnail.php?id=10260210&width=900&height=900 HTTP/1.1" 200 7905 "http://renault.2web.at/717716?print=true" "Mozilla/5.0 (Windows NT 10.0; WOW64; Trident/7.0; Touch; rv:11.0) like Gecko"
138.21.12.23 - - [11/Feb/2020:13:29:47 +0100] "GET /graphics/zoomin.cur HTTP/1.1" 200 6608 "http://renault.2web.at/717716?print=true" "Mozilla/5.0 (Windows NT 10.0; WOW64; Trident/7.0; Touch; rv:11.0) like Gecko"
138.21.12.23 - - [11/Feb/2020:13:29:50 +0100] "GET /reload?ser=1581424190654 HTTP/1.1" 200 28 "http://renault.2web.at/result?searchterm=true&search=pro" "Mozilla/5.0 (Windows NT 10.0; WOW64; Trident/7.0; Touch; rv:11.0) like Gecko"
138.21.12.23 - - [11/Feb/2020:13:29:54 +0100] "GET /graphics/zoomin.cur HTTP/1.1" 200 6608 "http://renault.2web.at/717716?print=true" "Mozilla/5.0 (Windows NT 10.0; WOW64; Trident/7.0; Touch; rv:11.0) like Gecko"
138.21.12.23 - - [11/Feb/2020:13:29:55 +0100] "GET /graphics/zoomin.cur HTTP/1.1" 200 6608 "http://renault.2web.at/717716?print=true" "Mozilla/5.0 (Windows NT 10.0; WOW64; Trident/7.0; Touch; rv:11.0) like Gecko"
138.21.12.23 - - [11/Feb/2020:13:29:59 +0100] "GET /graphics/zoomin.cur HTTP/1.1" 200 6608 "http://renault.2web.at/717716?print=true" "Mozilla/5.0 (Windows NT 10.0; WOW64; Trident/7.0; Touch; rv:11.0) like Gecko"
138.21.12.23 - - [11/Feb/2020:13:30:03 +0100] "GET /graphics/zoomin.cur HTTP/1.1" 200 6608 "http://renault.2web.at/717716?print=true" "Mozilla/5.0 (Windows NT 10.0; WOW64; Trident/7.0; Touch; rv:11.0) like Gecko"
138.21.12.23 - - [11/Feb/2020:13:30:21 +0100] "GET /null HTTP/1.1" 200 6608 "http://renault.2web.at/result?searchterm=true&search=pro" "Mozilla/5.0 (Windows NT 10.0; WOW64; Trident/7.0; Touch; rv:11.0) like Gecko"
185.58.53.32 - - [11/Feb/2020:13:30:29 +0100] "GET /reload?ser=1581424210871 HTTP/1.1" 200 28 "http://renault.activities.at/success" "Mozilla/5.0 (Windows NT 6.1; WOW64; Trident/7.0; rv:11.0) like Gecko"
80.122.221.194 - - [11/Feb/2020:13:30:35 +0100] "GET /reload?ser=1581424235841 HTTP/1.1" 200 28 "http://renault.activities.at/success" "Mozilla/5.0 (Windows NT 10.0; Win64; x64) AppleWebKit/537.36 (KHTML, like Gecko) Chrome/70.0.3538.102 Safari/537.36 Edge/18.18363"
138.21.12.23 - - [11/Feb/2020:13:30:39 +0100] "GET /717716?print=true HTTP/1.1" 200 2708 "http://renault.2web.at/result?searchterm=true&search=pro" "Mozilla/5.0 (Windows NT 10.0; WOW64; Trident/7.0; Touch; rv:11.0) like Gecko"
138.21.12.23 - - [11/Feb/2020:13:30:42 +0100] "GET /graphics/zoomin.cur HTTP/1.1" 200 6608 "http://renault.2web.at/717716?print=true" "Mozilla/5.0 (Windows NT 10.0; WOW64; Trident/7.0; Touch; rv:11.0) like Gecko"
138.21.12.23 - - [11/Feb/2020:13:30:45 +0100] "GET /graphics/zoomin.cur HTTP/1.1" 200 6608 "http://renault.2web.at/717716?print=true" "Mozilla/5.0 (Windows NT 10.0; WOW64; Trident/7.0; Touch; rv:11.0) like Gecko"
138.21.12.23 - - [11/Feb/2020:13:30:47 +0100] "GET /graphics/zoomin.cur HTTP/1.1" 200 6608 "http://renault.2web.at/717716?print=true" "Mozilla/5.0 (Windows NT 10.0; WOW64; Trident/7.0; Touch; rv:11.0) like Gecko"
138.21.12.23 - - [11/Feb/2020:13:30:51 +0100] "GET /null HTTP/1.1" 200 6608 "http://renault.2web.at/result?searchterm=true&search=pro" "Mozilla/5.0 (Windows NT 10.0; WOW64; Trident/7.0; Touch; rv:11.0) like Gecko"
138.21.12.23 - - [11/Feb/2020:13:30:51 +0100] "GET /reload?ser=1581424251690 HTTP/1.1" 200 28 "http://renault.2web.at/result?searchterm=true&search=pro" "Mozilla/5.0 (Windows NT 10.0; WOW64; Trident/7.0; Touch; rv:11.0) like Gecko"
185.58.53.32 - - [11/Feb/2020:13:31:30 +0100] "GET /reload?ser=1581424271794 HTTP/1.1" 200 28 "http://renault.activities.at/success" "Mozilla/5.0 (Windows NT 6.1; WOW64; Trident/7.0; rv:11.0) like Gecko"
80.122.221.194 - - [11/Feb/2020:13:31:36 +0100] "GET /reload?ser=1581424296841 HTTP/1.1" 200 28 "http://renault.activities.at/success" "Mozilla/5.0 (Windows NT 10.0; Win64; x64) AppleWebKit/537.36 (KHTML, like Gecko) Chrome/70.0.3538.102 Safari/537.36 Edge/18.18363"
138.21.12.23 - - [11/Feb/2020:13:31:54 +0100] "GET /reload?ser=1581424314020 HTTP/1.1" 200 28 "http://renault.2web.at/result?searchterm=true&search=pro" "Mozilla/5.0 (Windows NT 10.0; WOW64; Trident/7.0; Touch; rv:11.0) like Gecko"
185.58.53.32 - - [11/Feb/2020:13:32:31 +0100] "GET /reload?ser=1581424332780 HTTP/1.1" 200 28 "http://renault.activities.at/success" "Mozilla/5.0 (Windows NT 6.1; WOW64; Trident/7.0; rv:11.0) like Gecko"
80.122.221.194 - - [11/Feb/2020:13:32:37 +0100] "GET /reload?ser=1581424357841 HTTP/1.1" 200 28 "http://renault.activities.at/success" "Mozilla/5.0 (Windows NT 10.0; Win64; x64) AppleWebKit/537.36 (KHTML, like Gecko) Chrome/70.0.3538.102 Safari/537.36 Edge/18.18363"
138.21.12.23 - - [11/Feb/2020:13:32:55 +0100] "GET /reload?ser=1581424375127 HTTP/1.1" 200 28 "http://renault.2web.at/result?searchterm=true&search=pro" "Mozilla/5.0 (Windows NT 10.0; WOW64; Trident/7.0; Touch; rv:11.0) like Gecko"
185.58.53.32 - - [11/Feb/2020:13:33:32 +0100] "GET /reload?ser=1581424393772 HTTP/1.1" 200 28 "http://renault.activities.at/success" "Mozilla/5.0 (Windows NT 6.1; WOW64; Trident/7.0; rv:11.0) like Gecko"
40.77.167.130 - - [11/Feb/2020:13:33:36 +0100] "GET /10260284 HTTP/1.1" 302 150 "-" "Mozilla/5.0 (compatible; bingbot/2.0; +http://www.bing.com/bingbot.htm)"
80.122.221.194 - - [11/Feb/2020:13:33:38 +0100] "GET /reload?ser=1581424418843 HTTP/1.1" 200 28 "http://renault.activities.at/success" "Mozilla/5.0 (Windows NT 10.0; Win64; x64) AppleWebKit/537.36 (KHTML, like Gecko) Chrome/70.0.3538.102 Safari/537.36 Edge/18.18363"
40.77.167.130 - - [11/Feb/2020:13:33:39 +0100] "GET /login?required=true HTTP/1.1" 200 2085 "-" "Mozilla/5.0 (compatible; bingbot/2.0; +http://www.bing.com/bingbot.htm)"
138.21.12.23 - - [11/Feb/2020:13:33:56 +0100] "GET /reload?ser=1581424436243 HTTP/1.1" 200 28 "http://renault.2web.at/result?searchterm=true&search=pro" "Mozilla/5.0 (Windows NT 10.0; WOW64; Trident/7.0; Touch; rv:11.0) like Gecko"
212.152.246.134 - - [11/Feb/2020:13:34:30 +0100] "GET / HTTP/1.1" 200 3380 "-" "Mozilla/5.0 (Windows NT 10.0; Win64; x64) AppleWebKit/537.36 (KHTML, like Gecko) Chrome/79.0.3945.130 Safari/537.36"
212.152.246.134 - - [11/Feb/2020:13:34:31 +0100] "GET /loadthumbnail.php?id=11127982 HTTP/1.1" 200 399614 "http://renault.activities.at/" "Mozilla/5.0 (Windows NT 10.0; Win64; x64) AppleWebKit/537.36 (KHTML, like Gecko) Chrome/79.0.3945.130 Safari/537.36"
212.152.246.134 - - [11/Feb/2020:13:34:32 +0100] "GET /images/favicon.ico HTTP/1.1" 404 305 "http://renault.activities.at/" "Mozilla/5.0 (Windows NT 10.0; Win64; x64) AppleWebKit/537.36 (KHTML, like Gecko) Chrome/79.0.3945.130 Safari/537.36"
185.58.53.32 - - [11/Feb/2020:13:34:33 +0100] "GET /reload?ser=1581424454696 HTTP/1.1" 200 28 "http://renault.activities.at/success" "Mozilla/5.0 (Windows NT 6.1; WOW64; Trident/7.0; rv:11.0) like Gecko"
138.21.12.23 - - [11/Feb/2020:13:34:57 +0100] "GET /reload?ser=1581424497280 HTTP/1.1" 200 28 "http://renault.2web.at/result?searchterm=true&search=pro" "Mozilla/5.0 (Windows NT 10.0; WOW64; Trident/7.0; Touch; rv:11.0) like Gecko"
212.152.246.134 - - [11/Feb/2020:13:35:32 +0100] "GET /reload?ser=1581424532753 HTTP/1.1" 200 28 "http://renault.activities.at/" "Mozilla/5.0 (Windows NT 10.0; Win64; x64) AppleWebKit/537.36 (KHTML, like Gecko) Chrome/79.0.3945.130 Safari/537.36"
185.58.53.32 - - [11/Feb/2020:13:35:34 +0100] "GET /reload?ser=1581424515624 HTTP/1.1" 200 28 "http://renault.activities.at/success" "Mozilla/5.0 (Windows NT 6.1; WOW64; Trident/7.0; rv:11.0) like Gecko"
138.21.12.23 - - [11/Feb/2020:13:35:58 +0100] "GET /reload?ser=1581424558387 HTTP/1.1" 200 28 "http://renault.2web.at/result?searchterm=true&search=pro" "Mozilla/5.0 (Windows NT 10.0; WOW64; Trident/7.0; Touch; rv:11.0) like Gecko"
212.152.246.134 - - [11/Feb/2020:13:36:33 +0100] "GET /reload?ser=1581424593403 HTTP/1.1" 200 28 "http://renault.activities.at/" "Mozilla/5.0 (Windows NT 10.0; Win64; x64) AppleWebKit/537.36 (KHTML, like Gecko) Chrome/79.0.3945.130 Safari/537.36"
185.58.53.32 - - [11/Feb/2020:13:36:35 +0100] "GET /reload?ser=1581424576591 HTTP/1.1" 200 28 "http://renault.activities.at/success" "Mozilla/5.0 (Windows NT 6.1; WOW64; Trident/7.0; rv:11.0) like Gecko"
138.21.12.23 - - [11/Feb/2020:13:36:59 +0100] "GET /reload?ser=1581424619467 HTTP/1.1" 200 28 "http://renault.2web.at/result?searchterm=true&search=pro" "Mozilla/5.0 (Windows NT 10.0; WOW64; Trident/7.0; Touch; rv:11.0) like Gecko"
212.152.246.134 - - [11/Feb/2020:13:37:33 +0100] "GET /reload?ser=1581424654049 HTTP/1.1" 200 28 "http://renault.activities.at/" "Mozilla/5.0 (Windows NT 10.0; Win64; x64) AppleWebKit/537.36 (KHTML, like Gecko) Chrome/79.0.3945.130 Safari/537.36"
185.58.53.32 - - [11/Feb/2020:13:37:36 +0100] "GET /reload?ser=1581424637593 HTTP/1.1" 200 28 "http://renault.activities.at/success" "Mozilla/5.0 (Windows NT 6.1; WOW64; Trident/7.0; rv:11.0) like Gecko"
138.21.12.23 - - [11/Feb/2020:13:38:00 +0100] "GET /reload?ser=1581424680493 HTTP/1.1" 200 28 "http://renault.2web.at/result?searchterm=true&search=pro" "Mozilla/5.0 (Windows NT 10.0; WOW64; Trident/7.0; Touch; rv:11.0) like Gecko"
212.152.246.134 - - [11/Feb/2020:13:38:34 +0100] "GET /reload?ser=1581424714701 HTTP/1.1" 200 28 "http://renault.activities.at/" "Mozilla/5.0 (Windows NT 10.0; Win64; x64) AppleWebKit/537.36 (KHTML, like Gecko) Chrome/79.0.3945.130 Safari/537.36"
185.58.53.32 - - [11/Feb/2020:13:38:37 +0100] "GET /reload?ser=1581424698537 HTTP/1.1" 200 28 "http://renault.activities.at/success" "Mozilla/5.0 (Windows NT 6.1; WOW64; Trident/7.0; rv:11.0) like Gecko"
138.21.12.23 - - [11/Feb/2020:13:39:01 +0100] "GET /reload?ser=1581424741531 HTTP/1.1" 200 28 "http://renault.2web.at/result?searchterm=true&search=pro" "Mozilla/5.0 (Windows NT 10.0; WOW64; Trident/7.0; Touch; rv:11.0) like Gecko"
212.152.246.134 - - [11/Feb/2020:13:39:35 +0100] "GET /reload?ser=1581424775337 HTTP/1.1" 200 28 "http://renault.activities.at/" "Mozilla/5.0 (Windows NT 10.0; Win64; x64) AppleWebKit/537.36 (KHTML, like Gecko) Chrome/79.0.3945.130 Safari/537.36"
185.58.53.32 - - [11/Feb/2020:13:39:38 +0100] "GET /reload?ser=1581424759486 HTTP/1.1" 200 28 "http://renault.activities.at/success" "Mozilla/5.0 (Windows NT 6.1; WOW64; Trident/7.0; rv:11.0) like Gecko"
138.21.12.23 - - [11/Feb/2020:13:40:02 +0100] "GET /reload?ser=1581424802552 HTTP/1.1" 200 28 "http://renault.2web.at/result?searchterm=true&search=pro" "Mozilla/5.0 (Windows NT 10.0; WOW64; Trident/7.0; Touch; rv:11.0) like Gecko"
212.152.246.134 - - [11/Feb/2020:13:40:35 +0100] "GET /reload?ser=1581424835978 HTTP/1.1" 200 28 "http://renault.activities.at/" "Mozilla/5.0 (Windows NT 10.0; Win64; x64) AppleWebKit/537.36 (KHTML, like Gecko) Chrome/79.0.3945.130 Safari/537.36"
185.58.53.32 - - [11/Feb/2020:13:40:39 +0100] "GET /reload?ser=1581424820525 HTTP/1.1" 200 28 "http://renault.activities.at/success" "Mozilla/5.0 (Windows NT 6.1; WOW64; Trident/7.0; rv:11.0) like Gecko"
138.21.12.23 - - [11/Feb/2020:13:41:03 +0100] "GET /reload?ser=1581424863625 HTTP/1.1" 200 28 "http://renault.2web.at/result?searchterm=true&search=pro" "Mozilla/5.0 (Windows NT 10.0; WOW64; Trident/7.0; Touch; rv:11.0) like Gecko"
212.152.246.134 - - [11/Feb/2020:13:41:36 +0100] "GET /reload?ser=1581424896620 HTTP/1.1" 200 28 "http://renault.activities.at/" "Mozilla/5.0 (Windows NT 10.0; Win64; x64) AppleWebKit/537.36 (KHTML, like Gecko) Chrome/79.0.3945.130 Safari/537.36"
185.58.53.32 - - [11/Feb/2020:13:41:40 +0100] "GET /reload?ser=1581424881501 HTTP/1.1" 200 28 "http://renault.activities.at/success" "Mozilla/5.0 (Windows NT 6.1; WOW64; Trident/7.0; rv:11.0) like Gecko"
138.21.12.23 - - [11/Feb/2020:13:42:04 +0100] "GET /reload?ser=1581424924646 HTTP/1.1" 200 28 "http://renault.2web.at/result?searchterm=true&search=pro" "Mozilla/5.0 (Windows NT 10.0; WOW64; Trident/7.0; Touch; rv:11.0) like Gecko"
212.152.246.134 - - [11/Feb/2020:13:42:37 +0100] "GET /reload?ser=1581424958113 HTTP/1.1" 200 28 "http://renault.activities.at/" "Mozilla/5.0 (Windows NT 10.0; Win64; x64) AppleWebKit/537.36 (KHTML, like Gecko) Chrome/79.0.3945.130 Safari/537.36"
185.58.53.32 - - [11/Feb/2020:13:42:41 +0100] "GET /reload?ser=1581424942447 HTTP/1.1" 200 28 "http://renault.activities.at/success" "Mozilla/5.0 (Windows NT 6.1; WOW64; Trident/7.0; rv:11.0) like Gecko"
138.21.12.23 - - [11/Feb/2020:13:43:05 +0100] "GET /reload?ser=1581424985739 HTTP/1.1" 200 28 "http://renault.2web.at/result?searchterm=true&search=pro" "Mozilla/5.0 (Windows NT 10.0; WOW64; Trident/7.0; Touch; rv:11.0) like Gecko"
80.123.225.38 - - [11/Feb/2020:13:43:23 +0100] "GET / HTTP/1.1" 200 3380 "-" "Mozilla/5.0 (Windows NT 6.1; WOW64; Trident/7.0; rv:11.0) like Gecko"
66.249.93.64 - - [11/Feb/2020:13:43:24 +0100] "GET /images/favicon.ico HTTP/1.1" 404 305 "-" "Mozilla/5.0 (X11; Linux x86_64) AppleWebKit/537.36 (KHTML, like Gecko) Chrome/49.0.2623.75 Safari/537.36 Google Favicon"
80.123.225.38 - - [11/Feb/2020:13:43:24 +0100] "GET /images/favicon.ico HTTP/1.1" 404 305 "-" "Mozilla/5.0 (Windows NT 6.1; Win64; x64; Trident/7.0; rv:11.0) like Gecko"
80.123.225.38 - - [11/Feb/2020:13:43:24 +0100] "GET /loadthumbnail.php?id=11127982 HTTP/1.1" 200 399614 "http://renault.activities.at/" "Mozilla/5.0 (Windows NT 6.1; WOW64; Trident/7.0; rv:11.0) like Gecko"
80.123.225.38 - - [11/Feb/2020:13:43:27 +0100] "GET /login HTTP/1.1" 200 2085 "http://renault.activities.at/" "Mozilla/5.0 (Windows NT 6.1; WOW64; Trident/7.0; rv:11.0) like Gecko"
80.123.225.38 - - [11/Feb/2020:13:43:28 +0100] "GET /images/favicon.ico HTTP/1.1" 404 305 "-" "Mozilla/5.0 (Windows NT 6.1; Win64; x64; Trident/7.0; rv:11.0) like Gecko"
80.123.225.38 - - [11/Feb/2020:13:43:28 +0100] "GET /favicon.ico HTTP/1.1" 200 3250 "-" "Mozilla/5.0 (Windows NT 6.1; Win64; x64; Trident/7.0; rv:11.0) like Gecko"
212.152.246.134 - - [11/Feb/2020:13:43:38 +0100] "GET /reload?ser=1581425019114 HTTP/1.1" 200 28 "http://renault.activities.at/" "Mozilla/5.0 (Windows NT 10.0; Win64; x64) AppleWebKit/537.36 (KHTML, like Gecko) Chrome/79.0.3945.130 Safari/537.36"
80.123.225.38 - - [11/Feb/2020:13:43:39 +0100] "POST /login HTTP/1.1" 302 140 "http://renault.activities.at/login" "Mozilla/5.0 (Windows NT 6.1; WOW64; Trident/7.0; rv:11.0) like Gecko"
185.58.53.32 - - [11/Feb/2020:13:43:42 +0100] "GET /reload?ser=1581425003422 HTTP/1.1" 200 28 "http://renault.activities.at/success" "Mozilla/5.0 (Windows NT 6.1; WOW64; Trident/7.0; rv:11.0) like Gecko"
80.123.225.38 - - [11/Feb/2020:13:43:41 +0100] "GET /account HTTP/1.1" 200 6079 "http://renault.activities.at/login" "Mozilla/5.0 (Windows NT 6.1; WOW64; Trident/7.0; rv:11.0) like Gecko"
80.123.225.38 - - [11/Feb/2020:13:43:42 +0100] "POST /login HTTP/1.1" 302 140 "http://renault.activities.at/login" "Mozilla/5.0 (Windows NT 6.1; WOW64; Trident/7.0; rv:11.0) like Gecko"
80.123.225.38 - - [11/Feb/2020:13:43:46 +0100] "GET /account HTTP/1.1" 200 6079 "http://renault.activities.at/login" "Mozilla/5.0 (Windows NT 6.1; WOW64; Trident/7.0; rv:11.0) like Gecko"
80.123.225.38 - - [11/Feb/2020:13:43:48 +0100] "GET /loadthumbnail.php?id=10203651&width=50&height=50 HTTP/1.1" 200 1234 "http://renault.activities.at/account" "Mozilla/5.0 (Windows NT 6.1; WOW64; Trident/7.0; rv:11.0) like Gecko"
80.123.225.38 - - [11/Feb/2020:13:43:48 +0100] "GET /loadthumbnail.php?id=12198625&width=50&height=50 HTTP/1.1" 200 975 "http://renault.activities.at/account" "Mozilla/5.0 (Windows NT 6.1; WOW64; Trident/7.0; rv:11.0) like Gecko"
80.123.225.38 - - [11/Feb/2020:13:43:48 +0100] "GET /loadthumbnail.php?id=11186504&width=50&height=50 HTTP/1.1" 200 988 "http://renault.activities.at/account" "Mozilla/5.0 (Windows NT 6.1; WOW64; Trident/7.0; rv:11.0) like Gecko"
80.123.225.38 - - [11/Feb/2020:13:43:48 +0100] "GET /favicon.ico HTTP/1.1" 200 3250 "-" "Mozilla/5.0 (Windows NT 6.1; Win64; x64; Trident/7.0; rv:11.0) like Gecko"
80.123.225.38 - - [11/Feb/2020:13:43:52 +0100] "POST /axjaxrequest?mode=suggest HTTP/1.1" 200 1214 "http://renault.activities.at/account" "Mozilla/5.0 (Windows NT 6.1; WOW64; Trident/7.0; rv:11.0) like Gecko"
80.123.225.38 - - [11/Feb/2020:13:43:53 +0100] "POST /axjaxrequest?mode=suggest HTTP/1.1" 200 142 "http://renault.activities.at/account" "Mozilla/5.0 (Windows NT 6.1; WOW64; Trident/7.0; rv:11.0) like Gecko"
80.123.225.38 - - [11/Feb/2020:13:44:01 +0100] "GET /result?searchterm=true&search=Beachflag HTTP/1.1" 200 6449 "http://renault.activities.at/account" "Mozilla/5.0 (Windows NT 6.1; WOW64; Trident/7.0; rv:11.0) like Gecko"
80.123.225.38 - - [11/Feb/2020:13:44:03 +0100] "GET /loadthumbnail.php?id=10203255 HTTP/1.1" 200 137 "http://renault.activities.at/result?searchterm=true&search=Beachflag" "Mozilla/5.0 (Windows NT 6.1; WOW64; Trident/7.0; rv:11.0) like Gecko"
80.123.225.38 - - [11/Feb/2020:13:44:03 +0100] "GET /loadthumbnail.php?id=10562347&width=113 HTTP/1.1" 200 4993 "http://renault.activities.at/result?searchterm=true&search=Beachflag" "Mozilla/5.0 (Windows NT 6.1; WOW64; Trident/7.0; rv:11.0) like Gecko"
80.123.225.38 - - [11/Feb/2020:13:44:03 +0100] "GET /loadthumbnail.php?id=11124852&width=113 HTTP/1.1" 200 8535 "http://renault.activities.at/result?searchterm=true&search=Beachflag" "Mozilla/5.0 (Windows NT 6.1; WOW64; Trident/7.0; rv:11.0) like Gecko"
80.123.225.38 - - [11/Feb/2020:13:44:03 +0100] "GET /loadthumbnail.php?id=10562346&width=113 HTTP/1.1" 200 5314 "http://renault.activities.at/result?searchterm=true&search=Beachflag" "Mozilla/5.0 (Windows NT 6.1; WOW64; Trident/7.0; rv:11.0) like Gecko"
80.123.225.38 - - [11/Feb/2020:13:44:03 +0100] "GET /loadthumbnail.php?id=11078141&width=113 HTTP/1.1" 200 8866 "http://renault.activities.at/result?searchterm=true&search=Beachflag" "Mozilla/5.0 (Windows NT 6.1; WOW64; Trident/7.0; rv:11.0) like Gecko"
138.21.12.23 - - [11/Feb/2020:13:44:06 +0100] "GET /reload?ser=1581425046750 HTTP/1.1" 200 28 "http://renault.2web.at/result?searchterm=true&search=pro" "Mozilla/5.0 (Windows NT 10.0; WOW64; Trident/7.0; Touch; rv:11.0) like Gecko"
212.152.246.134 - - [11/Feb/2020:13:44:39 +0100] "GET /reload?ser=1581425080112 HTTP/1.1" 200 28 "http://renault.activities.at/" "Mozilla/5.0 (Windows NT 10.0; Win64; x64) AppleWebKit/537.36 (KHTML, like Gecko) Chrome/79.0.3945.130 Safari/537.36"
185.58.53.32 - - [11/Feb/2020:13:44:43 +0100] "GET /reload?ser=1581425064356 HTTP/1.1" 200 28 "http://renault.activities.at/success" "Mozilla/5.0 (Windows NT 6.1; WOW64; Trident/7.0; rv:11.0) like Gecko"
80.123.225.38 - - [11/Feb/2020:13:45:03 +0100] "GET /reload?ser=1581425103284 HTTP/1.1" 200 28 "http://renault.activities.at/result?searchterm=true&search=Beachflag" "Mozilla/5.0 (Windows NT 6.1; WOW64; Trident/7.0; rv:11.0) like Gecko"
138.21.12.23 - - [11/Feb/2020:13:45:07 +0100] "GET /reload?ser=1581425107834 HTTP/1.1" 200 28 "http://renault.2web.at/result?searchterm=true&search=pro" "Mozilla/5.0 (Windows NT 10.0; WOW64; Trident/7.0; Touch; rv:11.0) like Gecko"
212.152.246.134 - - [11/Feb/2020:13:45:40 +0100] "GET /reload?ser=1581425141113 HTTP/1.1" 200 28 "http://renault.activities.at/" "Mozilla/5.0 (Windows NT 10.0; Win64; x64) AppleWebKit/537.36 (KHTML, like Gecko) Chrome/79.0.3945.130 Safari/537.36"
185.58.53.32 - - [11/Feb/2020:13:45:43 +0100] "GET /reload?ser=1581425125295 HTTP/1.1" 200 28 "http://renault.activities.at/success" "Mozilla/5.0 (Windows NT 6.1; WOW64; Trident/7.0; rv:11.0) like Gecko"
80.123.225.38 - - [11/Feb/2020:13:46:04 +0100] "GET /reload?ser=1581425164238 HTTP/1.1" 200 28 "http://renault.activities.at/result?searchterm=true&search=Beachflag" "Mozilla/5.0 (Windows NT 6.1; WOW64; Trident/7.0; rv:11.0) like Gecko"
138.21.12.23 - - [11/Feb/2020:13:46:08 +0100] "GET /reload?ser=1581425168851 HTTP/1.1" 200 28 "http://renault.2web.at/result?searchterm=true&search=pro" "Mozilla/5.0 (Windows NT 10.0; WOW64; Trident/7.0; Touch; rv:11.0) like Gecko"
212.152.246.134 - - [11/Feb/2020:13:46:41 +0100] "GET /reload?ser=1581425202113 HTTP/1.1" 200 28 "http://renault.activities.at/" "Mozilla/5.0 (Windows NT 10.0; Win64; x64) AppleWebKit/537.36 (KHTML, like Gecko) Chrome/79.0.3945.130 Safari/537.36"
185.58.53.32 - - [11/Feb/2020:13:46:44 +0100] "GET /reload?ser=1581425186226 HTTP/1.1" 200 28 "http://renault.activities.at/success" "Mozilla/5.0 (Windows NT 6.1; WOW64; Trident/7.0; rv:11.0) like Gecko"
80.123.225.38 - - [11/Feb/2020:13:47:05 +0100] "GET /reload?ser=1581425225254 HTTP/1.1" 200 28 "http://renault.activities.at/result?searchterm=true&search=Beachflag" "Mozilla/5.0 (Windows NT 6.1; WOW64; Trident/7.0; rv:11.0) like Gecko"
138.21.12.23 - - [11/Feb/2020:13:47:10 +0100] "GET /reload?ser=1581425229901 HTTP/1.1" 200 28 "http://renault.2web.at/result?searchterm=true&search=pro" "Mozilla/5.0 (Windows NT 10.0; WOW64; Trident/7.0; Touch; rv:11.0) like Gecko"
212.152.246.134 - - [11/Feb/2020:13:47:42 +0100] "GET /reload?ser=1581425263113 HTTP/1.1" 200 28 "http://renault.activities.at/" "Mozilla/5.0 (Windows NT 10.0; Win64; x64) AppleWebKit/537.36 (KHTML, like Gecko) Chrome/79.0.3945.130 Safari/537.36"
80.123.225.38 - - [11/Feb/2020:13:48:06 +0100] "GET /reload?ser=1581425286240 HTTP/1.1" 200 28 "http://renault.activities.at/result?searchterm=true&search=Beachflag" "Mozilla/5.0 (Windows NT 6.1; WOW64; Trident/7.0; rv:11.0) like Gecko"
138.21.12.23 - - [11/Feb/2020:13:48:11 +0100] "GET /reload?ser=1581425290953 HTTP/1.1" 200 28 "http://renault.2web.at/result?searchterm=true&search=pro" "Mozilla/5.0 (Windows NT 10.0; WOW64; Trident/7.0; Touch; rv:11.0) like Gecko"
212.152.246.134 - - [11/Feb/2020:13:48:43 +0100] "GET /reload?ser=1581425324113 HTTP/1.1" 200 28 "http://renault.activities.at/" "Mozilla/5.0 (Windows NT 10.0; Win64; x64) AppleWebKit/537.36 (KHTML, like Gecko) Chrome/79.0.3945.130 Safari/537.36"
80.123.225.38 - - [11/Feb/2020:13:49:07 +0100] "GET /reload?ser=1581425347252 HTTP/1.1" 200 28 "http://renault.activities.at/result?searchterm=true&search=Beachflag" "Mozilla/5.0 (Windows NT 6.1; WOW64; Trident/7.0; rv:11.0) like Gecko"
138.21.12.23 - - [11/Feb/2020:13:49:12 +0100] "GET /reload?ser=1581425351989 HTTP/1.1" 200 28 "http://renault.2web.at/result?searchterm=true&search=pro" "Mozilla/5.0 (Windows NT 10.0; WOW64; Trident/7.0; Touch; rv:11.0) like Gecko"
212.152.246.134 - - [11/Feb/2020:13:49:44 +0100] "GET /reload?ser=1581425385113 HTTP/1.1" 200 28 "http://renault.activities.at/" "Mozilla/5.0 (Windows NT 10.0; Win64; x64) AppleWebKit/537.36 (KHTML, like Gecko) Chrome/79.0.3945.130 Safari/537.36"
80.123.225.38 - - [11/Feb/2020:13:50:08 +0100] "GET /reload?ser=1581425408228 HTTP/1.1" 200 28 "http://renault.activities.at/result?searchterm=true&search=Beachflag" "Mozilla/5.0 (Windows NT 6.1; WOW64; Trident/7.0; rv:11.0) like Gecko"
138.21.12.23 - - [11/Feb/2020:13:50:13 +0100] "GET /reload?ser=1581425413011 HTTP/1.1" 200 28 "http://renault.2web.at/result?searchterm=true&search=pro" "Mozilla/5.0 (Windows NT 10.0; WOW64; Trident/7.0; Touch; rv:11.0) like Gecko"
212.152.246.134 - - [11/Feb/2020:13:50:45 +0100] "GET /reload?ser=1581425446113 HTTP/1.1" 200 28 "http://renault.activities.at/" "Mozilla/5.0 (Windows NT 10.0; Win64; x64) AppleWebKit/537.36 (KHTML, like Gecko) Chrome/79.0.3945.130 Safari/537.36"
213.90.25.78 - - [11/Feb/2020:13:50:51 +0100] "GET / HTTP/1.1" 200 3380 "-" "Mozilla/5.0 (Windows NT 10.0; WOW64; Trident/7.0; rv:11.0) like Gecko"
213.90.25.78 - - [11/Feb/2020:13:50:52 +0100] "GET /js/default.js HTTP/1.1" 200 14698 "http://renault.activities.at/" "Mozilla/5.0 (Windows NT 10.0; WOW64; Trident/7.0; rv:11.0) like Gecko"
213.90.25.78 - - [11/Feb/2020:13:50:52 +0100] "GET /js/flashdetection.js HTTP/1.1" 200 1059 "http://renault.activities.at/" "Mozilla/5.0 (Windows NT 10.0; WOW64; Trident/7.0; rv:11.0) like Gecko"
213.90.25.78 - - [11/Feb/2020:13:50:52 +0100] "GET /css/reset.css HTTP/1.1" 200 1356 "http://renault.activities.at/" "Mozilla/5.0 (Windows NT 10.0; WOW64; Trident/7.0; rv:11.0) like Gecko"
213.90.25.78 - - [11/Feb/2020:13:50:52 +0100] "GET /css/clears.css HTTP/1.1" 200 851 "http://renault.activities.at/" "Mozilla/5.0 (Windows NT 10.0; WOW64; Trident/7.0; rv:11.0) like Gecko"
213.90.25.78 - - [11/Feb/2020:13:50:52 +0100] "GET /css/styles.css HTTP/1.1" 200 14664 "http://renault.activities.at/" "Mozilla/5.0 (Windows NT 10.0; WOW64; Trident/7.0; rv:11.0) like Gecko"
213.90.25.78 - - [11/Feb/2020:13:50:52 +0100] "GET /css/print.css HTTP/1.1" 200 543 "http://renault.activities.at/" "Mozilla/5.0 (Windows NT 10.0; WOW64; Trident/7.0; rv:11.0) like Gecko"
213.90.25.78 - - [11/Feb/2020:13:50:52 +0100] "GET /js/checkout.css HTTP/1.1" 200 359 "http://renault.activities.at/" "Mozilla/5.0 (Windows NT 10.0; WOW64; Trident/7.0; rv:11.0) like Gecko"
213.90.25.78 - - [11/Feb/2020:13:50:52 +0100] "GET /css/prototip.css HTTP/1.1" 200 968 "http://renault.activities.at/" "Mozilla/5.0 (Windows NT 10.0; WOW64; Trident/7.0; rv:11.0) like Gecko"
213.90.25.78 - - [11/Feb/2020:13:50:52 +0100] "GET /css/themes/default.css HTTP/1.1" 200 769 "http://renault.activities.at/" "Mozilla/5.0 (Windows NT 10.0; WOW64; Trident/7.0; rv:11.0) like Gecko"
213.90.25.78 - - [11/Feb/2020:13:50:52 +0100] "GET /css/themes/alphacube.css HTTP/1.1" 200 743 "http://renault.activities.at/" "Mozilla/5.0 (Windows NT 10.0; WOW64; Trident/7.0; rv:11.0) like Gecko"
213.90.25.78 - - [11/Feb/2020:13:50:52 +0100] "GET /js/index.php?c=auto&f=,prototype/prototype.js,prototype/validation.js,scriptaculous/builder.js,scriptaculous/effects.js,scriptaculous/dragdrop.js,scriptaculous/controls.js,scriptaculous/slider.js,varien/js.js,varien/form.js,varien/menu.js,mage/translate.js,mage/cookies.js,varien/product.js,spinner/SpinnerControl.jsmin.js,prototype/window.js,prototype/window_ext.js HTTP/1.1" 200 94182 "http://renault.activities.at/" "Mozilla/5.0 (Windows NT 10.0; WOW64; Trident/7.0; rv:11.0) like Gecko"
213.90.25.78 - - [11/Feb/2020:13:50:52 +0100] "GET /images/main_block_corner_left_bot.gif HTTP/1.1" 200 159 "http://renault.activities.at/" "Mozilla/5.0 (Windows NT 10.0; WOW64; Trident/7.0; rv:11.0) like Gecko"
213.90.25.78 - - [11/Feb/2020:13:50:52 +0100] "GET /images/main_block_border.gif HTTP/1.1" 200 43 "http://renault.activities.at/" "Mozilla/5.0 (Windows NT 10.0; WOW64; Trident/7.0; rv:11.0) like Gecko"
213.90.25.78 - - [11/Feb/2020:13:50:52 +0100] "GET /images/main_block_corner_right_bot.gif HTTP/1.1" 200 158 "http://renault.activities.at/" "Mozilla/5.0 (Windows NT 10.0; WOW64; Trident/7.0; rv:11.0) like Gecko"
213.90.25.78 - - [11/Feb/2020:13:50:52 +0100] "GET /images/header_block_corner_left_top.gif HTTP/1.1" 200 160 "http://renault.activities.at/" "Mozilla/5.0 (Windows NT 10.0; WOW64; Trident/7.0; rv:11.0) like Gecko"
213.90.25.78 - - [11/Feb/2020:13:50:52 +0100] "GET /images/header_block_border.gif HTTP/1.1" 200 43 "http://renault.activities.at/" "Mozilla/5.0 (Windows NT 10.0; WOW64; Trident/7.0; rv:11.0) like Gecko"
213.90.25.78 - - [11/Feb/2020:13:50:52 +0100] "GET /images/header_block_corner_right_top.gif HTTP/1.1" 200 160 "http://renault.activities.at/" "Mozilla/5.0 (Windows NT 10.0; WOW64; Trident/7.0; rv:11.0) like Gecko"
213.90.25.78 - - [11/Feb/2020:13:50:52 +0100] "GET /images/main_block_corner_left_top.gif HTTP/1.1" 200 159 "http://renault.activities.at/" "Mozilla/5.0 (Windows NT 10.0; WOW64; Trident/7.0; rv:11.0) like Gecko"
213.90.25.78 - - [11/Feb/2020:13:50:52 +0100] "GET /images/main_block_corner_right_top.gif HTTP/1.1" 200 159 "http://renault.activities.at/" "Mozilla/5.0 (Windows NT 10.0; WOW64; Trident/7.0; rv:11.0) like Gecko"
213.90.25.78 - - [11/Feb/2020:13:50:52 +0100] "GET /images/title_border.jpg HTTP/1.1" 200 304 "http://renault.activities.at/" "Mozilla/5.0 (Windows NT 10.0; WOW64; Trident/7.0; rv:11.0) like Gecko"
213.90.25.78 - - [11/Feb/2020:13:50:52 +0100] "GET /images/title_border_top.jpg HTTP/1.1" 200 336 "http://renault.activities.at/" "Mozilla/5.0 (Windows NT 10.0; WOW64; Trident/7.0; rv:11.0) like Gecko"
213.90.25.78 - - [11/Feb/2020:13:50:52 +0100] "GET /images/title_corner_left_top.jpg HTTP/1.1" 200 372 "http://renault.activities.at/" "Mozilla/5.0 (Windows NT 10.0; WOW64; Trident/7.0; rv:11.0) like Gecko"
213.90.25.78 - - [11/Feb/2020:13:50:52 +0100] "GET /images/title_corner_right_top.jpg HTTP/1.1" 200 389 "http://renault.activities.at/" "Mozilla/5.0 (Windows NT 10.0; WOW64; Trident/7.0; rv:11.0) like Gecko"
213.90.25.78 - - [11/Feb/2020:13:50:52 +0100] "GET /loadthumbnail.php?id=11127982 HTTP/1.1" 200 399614 "http://renault.activities.at/" "Mozilla/5.0 (Windows NT 10.0; WOW64; Trident/7.0; rv:11.0) like Gecko"
213.90.25.78 - - [11/Feb/2020:13:50:56 +0100] "GET /login HTTP/1.1" 200 2085 "http://renault.activities.at/" "Mozilla/5.0 (Windows NT 10.0; WOW64; Trident/7.0; rv:11.0) like Gecko"
213.90.25.78 - - [11/Feb/2020:13:50:57 +0100] "GET /js/default.js HTTP/1.1" 304 - "http://renault.activities.at/login" "Mozilla/5.0 (Windows NT 10.0; WOW64; Trident/7.0; rv:11.0) like Gecko"
213.90.25.78 - - [11/Feb/2020:13:50:57 +0100] "GET /css/reset.css HTTP/1.1" 304 - "http://renault.activities.at/login" "Mozilla/5.0 (Windows NT 10.0; WOW64; Trident/7.0; rv:11.0) like Gecko"
213.90.25.78 - - [11/Feb/2020:13:50:57 +0100] "GET /css/clears.css HTTP/1.1" 304 - "http://renault.activities.at/login" "Mozilla/5.0 (Windows NT 10.0; WOW64; Trident/7.0; rv:11.0) like Gecko"
213.90.25.78 - - [11/Feb/2020:13:50:57 +0100] "GET /css/styles.css HTTP/1.1" 304 - "http://renault.activities.at/login" "Mozilla/5.0 (Windows NT 10.0; WOW64; Trident/7.0; rv:11.0) like Gecko"
213.90.25.78 - - [11/Feb/2020:13:50:57 +0100] "GET /css/print.css HTTP/1.1" 304 - "http://renault.activities.at/login" "Mozilla/5.0 (Windows NT 10.0; WOW64; Trident/7.0; rv:11.0) like Gecko"
213.90.25.78 - - [11/Feb/2020:13:50:57 +0100] "GET /js/checkout.css HTTP/1.1" 304 - "http://renault.activities.at/login" "Mozilla/5.0 (Windows NT 10.0; WOW64; Trident/7.0; rv:11.0) like Gecko"
213.90.25.78 - - [11/Feb/2020:13:50:57 +0100] "GET /css/prototip.css HTTP/1.1" 304 - "http://renault.activities.at/login" "Mozilla/5.0 (Windows NT 10.0; WOW64; Trident/7.0; rv:11.0) like Gecko"
213.90.25.78 - - [11/Feb/2020:13:50:57 +0100] "GET /css/themes/default.css HTTP/1.1" 304 - "http://renault.activities.at/login" "Mozilla/5.0 (Windows NT 10.0; WOW64; Trident/7.0; rv:11.0) like Gecko"
213.90.25.78 - - [11/Feb/2020:13:50:57 +0100] "GET /css/themes/alphacube.css HTTP/1.1" 304 - "http://renault.activities.at/login" "Mozilla/5.0 (Windows NT 10.0; WOW64; Trident/7.0; rv:11.0) like Gecko"
213.90.25.78 - - [11/Feb/2020:13:50:57 +0100] "GET /images/main_block_corner_left_top.gif HTTP/1.1" 304 - "http://renault.activities.at/login" "Mozilla/5.0 (Windows NT 10.0; WOW64; Trident/7.0; rv:11.0) like Gecko"
213.90.25.78 - - [11/Feb/2020:13:50:57 +0100] "GET /images/main_block_border.gif HTTP/1.1" 304 - "http://renault.activities.at/login" "Mozilla/5.0 (Windows NT 10.0; WOW64; Trident/7.0; rv:11.0) like Gecko"
