87.139.211.42 - - [11/Feb/2020:08:27:13 +0100] "GET /css/styles.css HTTP/1.1" 200 14664 "http://renault.activities.at/" "Mozilla/5.0 (Windows NT 10.0; Win64; x64) AppleWebKit/537.36 (KHTML, like Gecko) Chrome/79.0.3945.130 Safari/537.36"
87.139.211.42 - - [11/Feb/2020:08:27:13 +0100] "GET /css/themes/default.css HTTP/1.1" 200 769 "http://renault.activities.at/" "Mozilla/5.0 (Windows NT 10.0; Win64; x64) AppleWebKit/537.36 (KHTML, like Gecko) Chrome/79.0.3945.130 Safari/537.36"
87.139.211.42 - - [11/Feb/2020:08:27:13 +0100] "GET /css/themes/alphacube.css HTTP/1.1" 200 743 "http://renault.activities.at/" "Mozilla/5.0 (Windows NT 10.0; Win64; x64) AppleWebKit/537.36 (KHTML, like Gecko) Chrome/79.0.3945.130 Safari/537.36"
87.139.211.42 - - [11/Feb/2020:08:27:13 +0100] "GET /js/flashdetection.js HTTP/1.1" 200 1059 "http://renault.activities.at/" "Mozilla/5.0 (Windows NT 10.0; Win64; x64) AppleWebKit/537.36 (KHTML, like Gecko) Chrome/79.0.3945.130 Safari/537.36"
87.139.211.42 - - [11/Feb/2020:08:27:13 +0100] "GET /js/index.php?c=auto&f=,prototype/prototype.js,prototype/validation.js,scriptaculous/builder.js,scriptaculous/effects.js,scriptaculous/dragdrop.js,scriptaculous/controls.js,scriptaculous/slider.js,varien/js.js,varien/form.js,varien/menu.js,mage/translate.js,mage/cookies.js,varien/product.js,spinner/SpinnerControl.jsmin.js,prototype/window.js,prototype/window_ext.js HTTP/1.1" 200 94182 "http://renault.activities.at/" "Mozilla/5.0 (Windows NT 10.0; Win64; x64) AppleWebKit/537.36 (KHTML, like Gecko) Chrome/79.0.3945.130 Safari/537.36"
87.139.211.42 - - [11/Feb/2020:08:27:14 +0100] "GET /images/main_block_border.gif HTTP/1.1" 200 43 "http://renault.activities.at/css/styles.css" "Mozilla/5.0 (Windows NT 10.0; Win64; x64) AppleWebKit/537.36 (KHTML, like Gecko) Chrome/79.0.3945.130 Safari/537.36"
87.139.211.42 - - [11/Feb/2020:08:27:14 +0100] "GET /images/main_block_corner_left_bot.gif HTTP/1.1" 200 159 "http://renault.activities.at/css/styles.css" "Mozilla/5.0 (Windows NT 10.0; Win64; x64) AppleWebKit/537.36 (KHTML, like Gecko) Chrome/79.0.3945.130 Safari/537.36"
87.139.211.42 - - [11/Feb/2020:08:27:14 +0100] "GET /images/header_block_border.gif HTTP/1.1" 200 43 "http://renault.activities.at/css/styles.css" "Mozilla/5.0 (Windows NT 10.0; Win64; x64) AppleWebKit/537.36 (KHTML, like Gecko) Chrome/79.0.3945.130 Safari/537.36"
87.139.211.42 - - [11/Feb/2020:08:27:14 +0100] "GET /images/main_block_corner_right_bot.gif HTTP/1.1" 200 158 "http://renault.activities.at/css/styles.css" "Mozilla/5.0 (Windows NT 10.0; Win64; x64) AppleWebKit/537.36 (KHTML, like Gecko) Chrome/79.0.3945.130 Safari/537.36"
87.139.211.42 - - [11/Feb/2020:08:27:14 +0100] "GET /images/header_block_corner_left_top.gif HTTP/1.1" 200 160 "http://renault.activities.at/css/styles.css" "Mozilla/5.0 (Windows NT 10.0; Win64; x64) AppleWebKit/537.36 (KHTML, like Gecko) Chrome/79.0.3945.130 Safari/537.36"
87.139.211.42 - - [11/Feb/2020:08:27:14 +0100] "GET /css/print.css HTTP/1.1" 200 543 "http://renault.activities.at/" "Mozilla/5.0 (Windows NT 10.0; Win64; x64) AppleWebKit/537.36 (KHTML, like Gecko) Chrome/79.0.3945.130 Safari/537.36"
87.139.211.42 - - [11/Feb/2020:08:27:14 +0100] "GET /images/header_block_corner_right_top.gif HTTP/1.1" 200 160 "http://renault.activities.at/css/styles.css" "Mozilla/5.0 (Windows NT 10.0; Win64; x64) AppleWebKit/537.36 (KHTML, like Gecko) Chrome/79.0.3945.130 Safari/537.36"
87.139.211.42 - - [11/Feb/2020:08:27:14 +0100] "GET /images/main_block_corner_left_top.gif HTTP/1.1" 200 159 "http://renault.activities.at/css/styles.css" "Mozilla/5.0 (Windows NT 10.0; Win64; x64) AppleWebKit/537.36 (KHTML, like Gecko) Chrome/79.0.3945.130 Safari/537.36"
87.139.211.42 - - [11/Feb/2020:08:27:14 +0100] "GET /images/main_block_corner_right_top.gif HTTP/1.1" 200 159 "http://renault.activities.at/css/styles.css" "Mozilla/5.0 (Windows NT 10.0; Win64; x64) AppleWebKit/537.36 (KHTML, like Gecko) Chrome/79.0.3945.130 Safari/537.36"
87.139.211.42 - - [11/Feb/2020:08:27:14 +0100] "GET /images/title_border.jpg HTTP/1.1" 200 304 "http://renault.activities.at/css/styles.css" "Mozilla/5.0 (Windows NT 10.0; Win64; x64) AppleWebKit/537.36 (KHTML, like Gecko) Chrome/79.0.3945.130 Safari/537.36"
87.139.211.42 - - [11/Feb/2020:08:27:14 +0100] "GET /images/title_border_top.jpg HTTP/1.1" 200 336 "http://renault.activities.at/css/styles.css" "Mozilla/5.0 (Windows NT 10.0; Win64; x64) AppleWebKit/537.36 (KHTML, like Gecko) Chrome/79.0.3945.130 Safari/537.36"
87.139.211.42 - - [11/Feb/2020:08:27:14 +0100] "GET /images/title_corner_left_top.jpg HTTP/1.1" 200 372 "http://renault.activities.at/css/styles.css" "Mozilla/5.0 (Windows NT 10.0; Win64; x64) AppleWebKit/537.36 (KHTML, like Gecko) Chrome/79.0.3945.130 Safari/537.36"
87.139.211.42 - - [11/Feb/2020:08:27:14 +0100] "GET /images/title_corner_right_top.jpg HTTP/1.1" 200 389 "http://renault.activities.at/css/styles.css" "Mozilla/5.0 (Windows NT 10.0; Win64; x64) AppleWebKit/537.36 (KHTML, like Gecko) Chrome/79.0.3945.130 Safari/537.36"
87.139.211.42 - - [11/Feb/2020:08:27:14 +0100] "GET /loadthumbnail.php?id=11127982 HTTP/1.1" 200 399614 "http://renault.activities.at/" "Mozilla/5.0 (Windows NT 10.0; Win64; x64) AppleWebKit/537.36 (KHTML, like Gecko) Chrome/79.0.3945.130 Safari/537.36"
87.139.211.42 - - [11/Feb/2020:08:27:15 +0100] "GET /images/favicon.ico HTTP/1.1" 404 305 "http://renault.activities.at/" "Mozilla/5.0 (Windows NT 10.0; Win64; x64) AppleWebKit/537.36 (KHTML, like Gecko) Chrome/79.0.3945.130 Safari/537.36"
80.123.225.38 - - [11/Feb/2020:08:28:05 +0100] "GET /reload?ser=1581406085470 HTTP/1.1" 200 28 "http://renault.activities.at/aboutus" "Mozilla/5.0 (Windows NT 10.0; Win64; x64) AppleWebKit/537.36 (KHTML, like Gecko) Chrome/79.0.3945.130 Safari/537.36"
193.194.132.29 - - [11/Feb/2020:08:28:09 +0100] "GET /reload?ser=1581406089491 HTTP/1.1" 200 28 "http://renault.2web.at/result?dir=DESC&mode=grid&order=name&limit=15&page=1&search=poster" "Mozilla/5.0 (Windows NT 10.0; Win64; x64) AppleWebKit/537.36 (KHTML, like Gecko) Chrome/80.0.3987.87 Safari/537.36"
80.122.221.194 - - [11/Feb/2020:08:28:09 +0100] "GET /reload?ser=1581406089886 HTTP/1.1" 200 28 "http://renault.activities.at/success" "Mozilla/5.0 (Windows NT 10.0; Win64; x64) AppleWebKit/537.36 (KHTML, like Gecko) Chrome/70.0.3538.102 Safari/537.36 Edge/18.18363"
87.139.211.42 - - [11/Feb/2020:08:28:15 +0100] "GET /reload?ser=1581406094956 HTTP/1.1" 200 28 "http://renault.activities.at/" "Mozilla/5.0 (Windows NT 10.0; Win64; x64) AppleWebKit/537.36 (KHTML, like Gecko) Chrome/79.0.3945.130 Safari/537.36"
80.123.225.38 - - [11/Feb/2020:08:29:06 +0100] "GET /reload?ser=1581406146471 HTTP/1.1" 200 28 "http://renault.activities.at/aboutus" "Mozilla/5.0 (Windows NT 10.0; Win64; x64) AppleWebKit/537.36 (KHTML, like Gecko) Chrome/79.0.3945.130 Safari/537.36"
80.122.221.194 - - [11/Feb/2020:08:29:10 +0100] "GET /reload?ser=1581406150882 HTTP/1.1" 200 28 "http://renault.activities.at/success" "Mozilla/5.0 (Windows NT 10.0; Win64; x64) AppleWebKit/537.36 (KHTML, like Gecko) Chrome/70.0.3538.102 Safari/537.36 Edge/18.18363"
193.194.132.29 - - [11/Feb/2020:08:29:11 +0100] "GET /reload?ser=1581406151491 HTTP/1.1" 200 28 "http://renault.2web.at/result?dir=DESC&mode=grid&order=name&limit=15&page=1&search=poster" "Mozilla/5.0 (Windows NT 10.0; Win64; x64) AppleWebKit/537.36 (KHTML, like Gecko) Chrome/80.0.3987.87 Safari/537.36"
87.139.211.42 - - [11/Feb/2020:08:29:15 +0100] "GET /reload?ser=1581406155639 HTTP/1.1" 200 28 "http://renault.activities.at/" "Mozilla/5.0 (Windows NT 10.0; Win64; x64) AppleWebKit/537.36 (KHTML, like Gecko) Chrome/79.0.3945.130 Safari/537.36"
80.123.225.38 - - [11/Feb/2020:08:30:07 +0100] "GET /reload?ser=1581406207470 HTTP/1.1" 200 28 "http://renault.activities.at/aboutus" "Mozilla/5.0 (Windows NT 10.0; Win64; x64) AppleWebKit/537.36 (KHTML, like Gecko) Chrome/79.0.3945.130 Safari/537.36"
80.122.221.194 - - [11/Feb/2020:08:30:11 +0100] "GET /reload?ser=1581406211876 HTTP/1.1" 200 28 "http://renault.activities.at/success" "Mozilla/5.0 (Windows NT 10.0; Win64; x64) AppleWebKit/537.36 (KHTML, like Gecko) Chrome/70.0.3538.102 Safari/537.36 Edge/18.18363"
193.194.132.29 - - [11/Feb/2020:08:30:13 +0100] "GET /reload?ser=1581406213490 HTTP/1.1" 200 28 "http://renault.2web.at/result?dir=DESC&mode=grid&order=name&limit=15&page=1&search=poster" "Mozilla/5.0 (Windows NT 10.0; Win64; x64) AppleWebKit/537.36 (KHTML, like Gecko) Chrome/80.0.3987.87 Safari/537.36"
87.139.211.42 - - [11/Feb/2020:08:30:16 +0100] "GET /reload?ser=1581406216319 HTTP/1.1" 200 28 "http://renault.activities.at/" "Mozilla/5.0 (Windows NT 10.0; Win64; x64) AppleWebKit/537.36 (KHTML, like Gecko) Chrome/79.0.3945.130 Safari/537.36"
193.194.132.29 - - [11/Feb/2020:08:30:30 +0100] "GET /11586946?print=true HTTP/1.1" 200 2609 "http://renault.2web.at/result?dir=DESC&mode=grid&order=name&limit=15&page=1&search=poster" "Mozilla/5.0 (Windows NT 10.0; Win64; x64) AppleWebKit/537.36 (KHTML, like Gecko) Chrome/80.0.3987.87 Safari/537.36"
193.194.132.29 - - [11/Feb/2020:08:30:34 +0100] "GET /loadthumbnail.php?id=11586948&width=250 HTTP/1.1" 200 20302 "http://renault.2web.at/11586946?print=true" "Mozilla/5.0 (Windows NT 10.0; Win64; x64) AppleWebKit/537.36 (KHTML, like Gecko) Chrome/80.0.3987.87 Safari/537.36"
193.194.132.29 - - [11/Feb/2020:08:30:34 +0100] "GET /loadthumbnail.php?id=11586948&width=900&height=900 HTTP/1.1" 200 85668 "http://renault.2web.at/11586946?print=true" "Mozilla/5.0 (Windows NT 10.0; Win64; x64) AppleWebKit/537.36 (KHTML, like Gecko) Chrome/80.0.3987.87 Safari/537.36"
193.194.132.29 - - [11/Feb/2020:08:30:35 +0100] "GET /12140341?print=true HTTP/1.1" 200 2611 "http://renault.2web.at/result?dir=DESC&mode=grid&order=name&limit=15&page=1&search=poster" "Mozilla/5.0 (Windows NT 10.0; Win64; x64) AppleWebKit/537.36 (KHTML, like Gecko) Chrome/80.0.3987.87 Safari/537.36"
193.194.132.29 - - [11/Feb/2020:08:30:37 +0100] "GET /loadthumbnail.php?id=12140343&width=250 HTTP/1.1" 200 16058 "http://renault.2web.at/12140341?print=true" "Mozilla/5.0 (Windows NT 10.0; Win64; x64) AppleWebKit/537.36 (KHTML, like Gecko) Chrome/80.0.3987.87 Safari/537.36"
193.194.132.29 - - [11/Feb/2020:08:30:37 +0100] "GET /loadthumbnail.php?id=12140343&width=900&height=900 HTTP/1.1" 200 64010 "http://renault.2web.at/12140341?print=true" "Mozilla/5.0 (Windows NT 10.0; Win64; x64) AppleWebKit/537.36 (KHTML, like Gecko) Chrome/80.0.3987.87 Safari/537.36"
80.123.225.38 - - [11/Feb/2020:08:31:08 +0100] "GET /reload?ser=1581406268472 HTTP/1.1" 200 28 "http://renault.activities.at/aboutus" "Mozilla/5.0 (Windows NT 10.0; Win64; x64) AppleWebKit/537.36 (KHTML, like Gecko) Chrome/79.0.3945.130 Safari/537.36"
80.122.221.194 - - [11/Feb/2020:08:31:12 +0100] "GET /reload?ser=1581406272879 HTTP/1.1" 200 28 "http://renault.activities.at/success" "Mozilla/5.0 (Windows NT 10.0; Win64; x64) AppleWebKit/537.36 (KHTML, like Gecko) Chrome/70.0.3538.102 Safari/537.36 Edge/18.18363"
193.194.132.29 - - [11/Feb/2020:08:31:14 +0100] "GET /reload?ser=1581406274526 HTTP/1.1" 200 28 "http://renault.2web.at/result?dir=DESC&mode=grid&order=name&limit=15&page=1&search=poster" "Mozilla/5.0 (Windows NT 10.0; Win64; x64) AppleWebKit/537.36 (KHTML, like Gecko) Chrome/80.0.3987.87 Safari/537.36"
87.139.211.42 - - [11/Feb/2020:08:31:17 +0100] "GET /reload?ser=1581406277006 HTTP/1.1" 200 28 "http://renault.activities.at/" "Mozilla/5.0 (Windows NT 10.0; Win64; x64) AppleWebKit/537.36 (KHTML, like Gecko) Chrome/79.0.3945.130 Safari/537.36"
80.123.225.38 - - [11/Feb/2020:08:32:09 +0100] "GET /reload?ser=1581406329471 HTTP/1.1" 200 28 "http://renault.activities.at/aboutus" "Mozilla/5.0 (Windows NT 10.0; Win64; x64) AppleWebKit/537.36 (KHTML, like Gecko) Chrome/79.0.3945.130 Safari/537.36"
80.122.221.194 - - [11/Feb/2020:08:32:13 +0100] "GET /reload?ser=1581406333881 HTTP/1.1" 200 28 "http://renault.activities.at/success" "Mozilla/5.0 (Windows NT 10.0; Win64; x64) AppleWebKit/537.36 (KHTML, like Gecko) Chrome/70.0.3538.102 Safari/537.36 Edge/18.18363"
193.194.132.29 - - [11/Feb/2020:08:32:15 +0100] "GET /reload?ser=1581406335544 HTTP/1.1" 200 28 "http://renault.2web.at/result?dir=DESC&mode=grid&order=name&limit=15&page=1&search=poster" "Mozilla/5.0 (Windows NT 10.0; Win64; x64) AppleWebKit/537.36 (KHTML, like Gecko) Chrome/80.0.3987.87 Safari/537.36"
87.139.211.42 - - [11/Feb/2020:08:32:17 +0100] "GET /reload?ser=1581406337689 HTTP/1.1" 200 28 "http://renault.activities.at/" "Mozilla/5.0 (Windows NT 10.0; Win64; x64) AppleWebKit/537.36 (KHTML, like Gecko) Chrome/79.0.3945.130 Safari/537.36"
80.123.225.38 - - [11/Feb/2020:08:33:10 +0100] "GET /reload?ser=1581406390471 HTTP/1.1" 200 28 "http://renault.activities.at/aboutus" "Mozilla/5.0 (Windows NT 10.0; Win64; x64) AppleWebKit/537.36 (KHTML, like Gecko) Chrome/79.0.3945.130 Safari/537.36"
80.122.221.194 - - [11/Feb/2020:08:33:14 +0100] "GET /reload?ser=1581406394889 HTTP/1.1" 200 28 "http://renault.activities.at/success" "Mozilla/5.0 (Windows NT 10.0; Win64; x64) AppleWebKit/537.36 (KHTML, like Gecko) Chrome/70.0.3538.102 Safari/537.36 Edge/18.18363"
87.139.211.42 - - [11/Feb/2020:08:33:18 +0100] "GET /reload?ser=1581406398370 HTTP/1.1" 200 28 "http://renault.activities.at/" "Mozilla/5.0 (Windows NT 10.0; Win64; x64) AppleWebKit/537.36 (KHTML, like Gecko) Chrome/79.0.3945.130 Safari/537.36"
80.123.225.38 - - [11/Feb/2020:08:34:12 +0100] "GET /reload?ser=1581406452472 HTTP/1.1" 200 28 "http://renault.activities.at/aboutus" "Mozilla/5.0 (Windows NT 10.0; Win64; x64) AppleWebKit/537.36 (KHTML, like Gecko) Chrome/79.0.3945.130 Safari/537.36"
80.122.221.194 - - [11/Feb/2020:08:34:15 +0100] "GET /reload?ser=1581406455878 HTTP/1.1" 200 28 "http://renault.activities.at/success" "Mozilla/5.0 (Windows NT 10.0; Win64; x64) AppleWebKit/537.36 (KHTML, like Gecko) Chrome/70.0.3538.102 Safari/537.36 Edge/18.18363"
87.139.211.42 - - [11/Feb/2020:08:34:19 +0100] "GET /reload?ser=1581406459068 HTTP/1.1" 200 28 "http://renault.activities.at/" "Mozilla/5.0 (Windows NT 10.0; Win64; x64) AppleWebKit/537.36 (KHTML, like Gecko) Chrome/79.0.3945.130 Safari/537.36"
80.123.225.38 - - [11/Feb/2020:08:35:14 +0100] "GET /reload?ser=1581406514471 HTTP/1.1" 200 28 "http://renault.activities.at/aboutus" "Mozilla/5.0 (Windows NT 10.0; Win64; x64) AppleWebKit/537.36 (KHTML, like Gecko) Chrome/79.0.3945.130 Safari/537.36"
80.122.221.194 - - [11/Feb/2020:08:35:16 +0100] "GET /reload?ser=1581406516884 HTTP/1.1" 200 28 "http://renault.activities.at/success" "Mozilla/5.0 (Windows NT 10.0; Win64; x64) AppleWebKit/537.36 (KHTML, like Gecko) Chrome/70.0.3538.102 Safari/537.36 Edge/18.18363"
87.139.211.42 - - [11/Feb/2020:08:35:19 +0100] "GET /reload?ser=1581406519751 HTTP/1.1" 200 28 "http://renault.activities.at/" "Mozilla/5.0 (Windows NT 10.0; Win64; x64) AppleWebKit/537.36 (KHTML, like Gecko) Chrome/79.0.3945.130 Safari/537.36"
193.194.132.29 - - [11/Feb/2020:08:36:03 +0100] "GET / HTTP/1.1" 200 8256 "-" "Mozilla/5.0 (Windows NT 10.0; Win64; x64) AppleWebKit/537.36 (KHTML, like Gecko) Chrome/80.0.3987.87 Safari/537.36"
193.194.132.29 - - [11/Feb/2020:08:36:13 +0100] "POST /axjaxrequest?mode=suggest HTTP/1.1" 200 21 "http://renault.2web.at/" "Mozilla/5.0 (Windows NT 10.0; Win64; x64) AppleWebKit/537.36 (KHTML, like Gecko) Chrome/80.0.3987.87 Safari/537.36"
80.123.225.38 - - [11/Feb/2020:08:36:15 +0100] "GET /reload?ser=1581406575471 HTTP/1.1" 200 28 "http://renault.activities.at/aboutus" "Mozilla/5.0 (Windows NT 10.0; Win64; x64) AppleWebKit/537.36 (KHTML, like Gecko) Chrome/79.0.3945.130 Safari/537.36"
193.194.132.29 - - [11/Feb/2020:08:36:16 +0100] "POST /axjaxrequest?mode=suggest HTTP/1.1" 200 257 "http://renault.2web.at/" "Mozilla/5.0 (Windows NT 10.0; Win64; x64) AppleWebKit/537.36 (KHTML, like Gecko) Chrome/80.0.3987.87 Safari/537.36"
80.122.221.194 - - [11/Feb/2020:08:36:17 +0100] "GET /reload?ser=1581406577885 HTTP/1.1" 200 28 "http://renault.activities.at/success" "Mozilla/5.0 (Windows NT 10.0; Win64; x64) AppleWebKit/537.36 (KHTML, like Gecko) Chrome/70.0.3538.102 Safari/537.36 Edge/18.18363"
87.139.211.42 - - [11/Feb/2020:08:36:20 +0100] "GET /reload?ser=1581406580434 HTTP/1.1" 200 28 "http://renault.activities.at/" "Mozilla/5.0 (Windows NT 10.0; Win64; x64) AppleWebKit/537.36 (KHTML, like Gecko) Chrome/79.0.3945.130 Safari/537.36"
193.194.132.29 - - [11/Feb/2020:08:36:21 +0100] "GET /result?searchterm=true&search=Brosch%FCre HTTP/1.1" 200 10737 "http://renault.2web.at/" "Mozilla/5.0 (Windows NT 10.0; Win64; x64) AppleWebKit/537.36 (KHTML, like Gecko) Chrome/80.0.3987.87 Safari/537.36"
193.194.132.29 - - [11/Feb/2020:08:36:24 +0100] "GET /result?searchterm=true&search=Brosch%FCre HTTP/1.1" 200 10737 "http://renault.2web.at/" "Mozilla/5.0 (Windows NT 10.0; Win64; x64) AppleWebKit/537.36 (KHTML, like Gecko) Chrome/80.0.3987.87 Safari/537.36"
193.194.132.29 - - [11/Feb/2020:08:36:28 +0100] "GET /loadthumbnail.php?id=11976076&width=113 HTTP/1.1" 200 17152 "http://renault.2web.at/result?searchterm=true&search=Brosch%FCre" "Mozilla/5.0 (Windows NT 10.0; Win64; x64) AppleWebKit/537.36 (KHTML, like Gecko) Chrome/80.0.3987.87 Safari/537.36"
193.194.132.29 - - [11/Feb/2020:08:36:28 +0100] "GET /loadthumbnail.php?id=12037190&width=113 HTTP/1.1" 200 19857 "http://renault.2web.at/result?searchterm=true&search=Brosch%FCre" "Mozilla/5.0 (Windows NT 10.0; Win64; x64) AppleWebKit/537.36 (KHTML, like Gecko) Chrome/80.0.3987.87 Safari/537.36"
193.194.132.29 - - [11/Feb/2020:08:36:28 +0100] "GET /loadthumbnail.php?id=11793250&width=113 HTTP/1.1" 200 23647 "http://renault.2web.at/result?searchterm=true&search=Brosch%FCre" "Mozilla/5.0 (Windows NT 10.0; Win64; x64) AppleWebKit/537.36 (KHTML, like Gecko) Chrome/80.0.3987.87 Safari/537.36"
193.194.132.29 - - [11/Feb/2020:08:36:28 +0100] "GET /loadthumbnail.php?id=12122446&width=113 HTTP/1.1" 200 3706 "http://renault.2web.at/result?searchterm=true&search=Brosch%FCre" "Mozilla/5.0 (Windows NT 10.0; Win64; x64) AppleWebKit/537.36 (KHTML, like Gecko) Chrome/80.0.3987.87 Safari/537.36"
193.194.132.29 - - [11/Feb/2020:08:36:28 +0100] "GET /loadthumbnail.php?id=12047627&width=113 HTTP/1.1" 200 3640 "http://renault.2web.at/result?searchterm=true&search=Brosch%FCre" "Mozilla/5.0 (Windows NT 10.0; Win64; x64) AppleWebKit/537.36 (KHTML, like Gecko) Chrome/80.0.3987.87 Safari/537.36"
193.194.132.29 - - [11/Feb/2020:08:36:28 +0100] "GET /loadthumbnail.php?id=12138224&width=113 HTTP/1.1" 200 3427 "http://renault.2web.at/result?searchterm=true&search=Brosch%FCre" "Mozilla/5.0 (Windows NT 10.0; Win64; x64) AppleWebKit/537.36 (KHTML, like Gecko) Chrome/80.0.3987.87 Safari/537.36"
193.194.132.29 - - [11/Feb/2020:08:36:28 +0100] "GET /loadthumbnail.php?id=12115542&width=113 HTTP/1.1" 200 6084 "http://renault.2web.at/result?searchterm=true&search=Brosch%FCre" "Mozilla/5.0 (Windows NT 10.0; Win64; x64) AppleWebKit/537.36 (KHTML, like Gecko) Chrome/80.0.3987.87 Safari/537.36"
193.194.132.29 - - [11/Feb/2020:08:36:28 +0100] "GET /loadthumbnail.php?id=12153811&width=113 HTTP/1.1" 200 2537 "http://renault.2web.at/result?searchterm=true&search=Brosch%FCre" "Mozilla/5.0 (Windows NT 10.0; Win64; x64) AppleWebKit/537.36 (KHTML, like Gecko) Chrome/80.0.3987.87 Safari/537.36"
193.194.132.29 - - [11/Feb/2020:08:36:28 +0100] "GET /loadthumbnail.php?id=11976088&width=113 HTTP/1.1" 200 23388 "http://renault.2web.at/result?searchterm=true&search=Brosch%FCre" "Mozilla/5.0 (Windows NT 10.0; Win64; x64) AppleWebKit/537.36 (KHTML, like Gecko) Chrome/80.0.3987.87 Safari/537.36"
193.194.132.29 - - [11/Feb/2020:08:36:28 +0100] "GET /loadthumbnail.php?id=11564187&width=113 HTTP/1.1" 200 22491 "http://renault.2web.at/result?searchterm=true&search=Brosch%FCre" "Mozilla/5.0 (Windows NT 10.0; Win64; x64) AppleWebKit/537.36 (KHTML, like Gecko) Chrome/80.0.3987.87 Safari/537.36"
193.194.132.29 - - [11/Feb/2020:08:36:28 +0100] "GET /loadthumbnail.php?id=11976092&width=113 HTTP/1.1" 200 22943 "http://renault.2web.at/result?searchterm=true&search=Brosch%FCre" "Mozilla/5.0 (Windows NT 10.0; Win64; x64) AppleWebKit/537.36 (KHTML, like Gecko) Chrome/80.0.3987.87 Safari/537.36"
193.194.132.29 - - [11/Feb/2020:08:36:28 +0100] "GET /loadthumbnail.php?id=11475295&width=113 HTTP/1.1" 200 17922 "http://renault.2web.at/result?searchterm=true&search=Brosch%FCre" "Mozilla/5.0 (Windows NT 10.0; Win64; x64) AppleWebKit/537.36 (KHTML, like Gecko) Chrome/80.0.3987.87 Safari/537.36"
193.194.132.29 - - [11/Feb/2020:08:36:29 +0100] "GET /loadthumbnail.php?id=12064393&width=113 HTTP/1.1" 200 2870 "http://renault.2web.at/result?searchterm=true&search=Brosch%FCre" "Mozilla/5.0 (Windows NT 10.0; Win64; x64) AppleWebKit/537.36 (KHTML, like Gecko) Chrome/80.0.3987.87 Safari/537.36"
193.194.132.29 - - [11/Feb/2020:08:36:29 +0100] "GET /loadthumbnail.php?id=11878139&width=113 HTTP/1.1" 200 19930 "http://renault.2web.at/result?searchterm=true&search=Brosch%FCre" "Mozilla/5.0 (Windows NT 10.0; Win64; x64) AppleWebKit/537.36 (KHTML, like Gecko) Chrome/80.0.3987.87 Safari/537.36"
193.194.132.29 - - [11/Feb/2020:08:36:29 +0100] "GET /loadthumbnail.php?id=11760072&width=113 HTTP/1.1" 200 22371 "http://renault.2web.at/result?searchterm=true&search=Brosch%FCre" "Mozilla/5.0 (Windows NT 10.0; Win64; x64) AppleWebKit/537.36 (KHTML, like Gecko) Chrome/80.0.3987.87 Safari/537.36"
193.194.132.29 - - [11/Feb/2020:08:36:30 +0100] "GET /result?dir=ASC&mode=grid&order=name&limit=15&page=1&search=Brosch%C3%BCre HTTP/1.1" 200 10715 "http://renault.2web.at/result?searchterm=true&search=Brosch%FCre" "Mozilla/5.0 (Windows NT 10.0; Win64; x64) AppleWebKit/537.36 (KHTML, like Gecko) Chrome/80.0.3987.87 Safari/537.36"
193.194.132.29 - - [11/Feb/2020:08:36:34 +0100] "GET /loadthumbnail.php?id=10203254 HTTP/1.1" 200 77 "http://renault.2web.at/result?dir=ASC&mode=grid&order=name&limit=15&page=1&search=Brosch%C3%BCre" "Mozilla/5.0 (Windows NT 10.0; Win64; x64) AppleWebKit/537.36 (KHTML, like Gecko) Chrome/80.0.3987.87 Safari/537.36"
193.194.132.29 - - [11/Feb/2020:08:36:34 +0100] "GET /loadthumbnail.php?id=12010095&width=113 HTTP/1.1" 200 20832 "http://renault.2web.at/result?dir=ASC&mode=grid&order=name&limit=15&page=1&search=Brosch%C3%BCre" "Mozilla/5.0 (Windows NT 10.0; Win64; x64) AppleWebKit/537.36 (KHTML, like Gecko) Chrome/80.0.3987.87 Safari/537.36"
193.194.132.29 - - [11/Feb/2020:08:36:34 +0100] "GET /loadthumbnail.php?id=10633817&width=113 HTTP/1.1" 200 2614 "http://renault.2web.at/result?dir=ASC&mode=grid&order=name&limit=15&page=1&search=Brosch%C3%BCre" "Mozilla/5.0 (Windows NT 10.0; Win64; x64) AppleWebKit/537.36 (KHTML, like Gecko) Chrome/80.0.3987.87 Safari/537.36"
193.194.132.29 - - [11/Feb/2020:08:36:34 +0100] "GET /loadthumbnail.php?id=11643691&width=113 HTTP/1.1" 200 3164 "http://renault.2web.at/result?dir=ASC&mode=grid&order=name&limit=15&page=1&search=Brosch%C3%BCre" "Mozilla/5.0 (Windows NT 10.0; Win64; x64) AppleWebKit/537.36 (KHTML, like Gecko) Chrome/80.0.3987.87 Safari/537.36"
193.194.132.29 - - [11/Feb/2020:08:36:34 +0100] "GET /loadthumbnail.php?id=10970934&width=113 HTTP/1.1" 200 4103 "http://renault.2web.at/result?dir=ASC&mode=grid&order=name&limit=15&page=1&search=Brosch%C3%BCre" "Mozilla/5.0 (Windows NT 10.0; Win64; x64) AppleWebKit/537.36 (KHTML, like Gecko) Chrome/80.0.3987.87 Safari/537.36"
193.194.132.29 - - [11/Feb/2020:08:36:34 +0100] "GET /loadthumbnail.php?id=11990631&width=113 HTTP/1.1" 200 3037 "http://renault.2web.at/result?dir=ASC&mode=grid&order=name&limit=15&page=1&search=Brosch%C3%BCre" "Mozilla/5.0 (Windows NT 10.0; Win64; x64) AppleWebKit/537.36 (KHTML, like Gecko) Chrome/80.0.3987.87 Safari/537.36"
193.194.132.29 - - [11/Feb/2020:08:36:34 +0100] "GET /loadthumbnail.php?id=11693093&width=113 HTTP/1.1" 200 6219 "http://renault.2web.at/result?dir=ASC&mode=grid&order=name&limit=15&page=1&search=Brosch%C3%BCre" "Mozilla/5.0 (Windows NT 10.0; Win64; x64) AppleWebKit/537.36 (KHTML, like Gecko) Chrome/80.0.3987.87 Safari/537.36"
193.194.132.29 - - [11/Feb/2020:08:36:34 +0100] "GET /loadthumbnail.php?id=11819630&width=113 HTTP/1.1" 200 2902 "http://renault.2web.at/result?dir=ASC&mode=grid&order=name&limit=15&page=1&search=Brosch%C3%BCre" "Mozilla/5.0 (Windows NT 10.0; Win64; x64) AppleWebKit/537.36 (KHTML, like Gecko) Chrome/80.0.3987.87 Safari/537.36"
193.194.132.29 - - [11/Feb/2020:08:36:34 +0100] "GET /loadthumbnail.php?id=11847427&width=113 HTTP/1.1" 200 2698 "http://renault.2web.at/result?dir=ASC&mode=grid&order=name&limit=15&page=1&search=Brosch%C3%BCre" "Mozilla/5.0 (Windows NT 10.0; Win64; x64) AppleWebKit/537.36 (KHTML, like Gecko) Chrome/80.0.3987.87 Safari/537.36"
193.194.132.29 - - [11/Feb/2020:08:36:34 +0100] "GET /loadthumbnail.php?id=11895725&width=113 HTTP/1.1" 200 2960 "http://renault.2web.at/result?dir=ASC&mode=grid&order=name&limit=15&page=1&search=Brosch%C3%BCre" "Mozilla/5.0 (Windows NT 10.0; Win64; x64) AppleWebKit/537.36 (KHTML, like Gecko) Chrome/80.0.3987.87 Safari/537.36"
193.194.132.29 - - [11/Feb/2020:08:36:34 +0100] "GET /loadthumbnail.php?id=12018229&width=113 HTTP/1.1" 200 2908 "http://renault.2web.at/result?dir=ASC&mode=grid&order=name&limit=15&page=1&search=Brosch%C3%BCre" "Mozilla/5.0 (Windows NT 10.0; Win64; x64) AppleWebKit/537.36 (KHTML, like Gecko) Chrome/80.0.3987.87 Safari/537.36"
193.194.132.29 - - [11/Feb/2020:08:36:34 +0100] "GET /loadthumbnail.php?id=11819635&width=113 HTTP/1.1" 200 3087 "http://renault.2web.at/result?dir=ASC&mode=grid&order=name&limit=15&page=1&search=Brosch%C3%BCre" "Mozilla/5.0 (Windows NT 10.0; Win64; x64) AppleWebKit/537.36 (KHTML, like Gecko) Chrome/80.0.3987.87 Safari/537.36"
193.194.132.29 - - [11/Feb/2020:08:36:35 +0100] "GET /loadthumbnail.php?id=11798477&width=113 HTTP/1.1" 200 3326 "http://renault.2web.at/result?dir=ASC&mode=grid&order=name&limit=15&page=1&search=Brosch%C3%BCre" "Mozilla/5.0 (Windows NT 10.0; Win64; x64) AppleWebKit/537.36 (KHTML, like Gecko) Chrome/80.0.3987.87 Safari/537.36"
193.194.132.29 - - [11/Feb/2020:08:36:35 +0100] "GET /loadthumbnail.php?id=11798476&width=113 HTTP/1.1" 200 2525 "http://renault.2web.at/result?dir=ASC&mode=grid&order=name&limit=15&page=1&search=Brosch%C3%BCre" "Mozilla/5.0 (Windows NT 10.0; Win64; x64) AppleWebKit/537.36 (KHTML, like Gecko) Chrome/80.0.3987.87 Safari/537.36"
193.194.132.29 - - [11/Feb/2020:08:36:35 +0100] "GET /loadthumbnail.php?id=11829073&width=113 HTTP/1.1" 200 2418 "http://renault.2web.at/result?dir=ASC&mode=grid&order=name&limit=15&page=1&search=Brosch%C3%BCre" "Mozilla/5.0 (Windows NT 10.0; Win64; x64) AppleWebKit/537.36 (KHTML, like Gecko) Chrome/80.0.3987.87 Safari/537.36"
193.194.132.29 - - [11/Feb/2020:08:36:35 +0100] "GET /loadthumbnail.php?id=12034916&width=113 HTTP/1.1" 200 5915 "http://renault.2web.at/result?dir=ASC&mode=grid&order=name&limit=15&page=1&search=Brosch%C3%BCre" "Mozilla/5.0 (Windows NT 10.0; Win64; x64) AppleWebKit/537.36 (KHTML, like Gecko) Chrome/80.0.3987.87 Safari/537.36"
80.123.225.38 - - [11/Feb/2020:08:37:16 +0100] "GET /reload?ser=1581406636470 HTTP/1.1" 200 28 "http://renault.activities.at/aboutus" "Mozilla/5.0 (Windows NT 10.0; Win64; x64) AppleWebKit/537.36 (KHTML, like Gecko) Chrome/79.0.3945.130 Safari/537.36"
80.122.221.194 - - [11/Feb/2020:08:37:19 +0100] "GET /reload?ser=1581406638881 HTTP/1.1" 200 28 "http://renault.activities.at/success" "Mozilla/5.0 (Windows NT 10.0; Win64; x64) AppleWebKit/537.36 (KHTML, like Gecko) Chrome/70.0.3538.102 Safari/537.36 Edge/18.18363"
87.139.211.42 - - [11/Feb/2020:08:37:21 +0100] "GET /reload?ser=1581406641117 HTTP/1.1" 200 28 "http://renault.activities.at/" "Mozilla/5.0 (Windows NT 10.0; Win64; x64) AppleWebKit/537.36 (KHTML, like Gecko) Chrome/79.0.3945.130 Safari/537.36"
193.194.132.29 - - [11/Feb/2020:08:37:35 +0100] "GET /reload?ser=1581406655621 HTTP/1.1" 200 28 "http://renault.2web.at/result?dir=ASC&mode=grid&order=name&limit=15&page=1&search=Brosch%C3%BCre" "Mozilla/5.0 (Windows NT 10.0; Win64; x64) AppleWebKit/537.36 (KHTML, like Gecko) Chrome/80.0.3987.87 Safari/537.36"
80.123.225.38 - - [11/Feb/2020:08:38:17 +0100] "GET /reload?ser=1581406697471 HTTP/1.1" 200 28 "http://renault.activities.at/aboutus" "Mozilla/5.0 (Windows NT 10.0; Win64; x64) AppleWebKit/537.36 (KHTML, like Gecko) Chrome/79.0.3945.130 Safari/537.36"
80.122.221.194 - - [11/Feb/2020:08:38:20 +0100] "GET /reload?ser=1581406700884 HTTP/1.1" 200 28 "http://renault.activities.at/success" "Mozilla/5.0 (Windows NT 10.0; Win64; x64) AppleWebKit/537.36 (KHTML, like Gecko) Chrome/70.0.3538.102 Safari/537.36 Edge/18.18363"
87.139.211.42 - - [11/Feb/2020:08:38:21 +0100] "GET /reload?ser=1581406701805 HTTP/1.1" 200 28 "http://renault.activities.at/" "Mozilla/5.0 (Windows NT 10.0; Win64; x64) AppleWebKit/537.36 (KHTML, like Gecko) Chrome/79.0.3945.130 Safari/537.36"
193.194.132.29 - - [11/Feb/2020:08:38:37 +0100] "GET /reload?ser=1581406716986 HTTP/1.1" 200 28 "http://renault.2web.at/result?dir=ASC&mode=grid&order=name&limit=15&page=1&search=Brosch%C3%BCre" "Mozilla/5.0 (Windows NT 10.0; Win64; x64) AppleWebKit/537.36 (KHTML, like Gecko) Chrome/80.0.3987.87 Safari/537.36"
193.194.132.29 - - [11/Feb/2020:08:39:06 +0100] "GET /result?dir=ASC&mode=grid&order=name&limit=15&page=2&search=Brosch%C3%BCre HTTP/1.1" 200 10718 "http://renault.2web.at/result?dir=ASC&mode=grid&order=name&limit=15&page=1&search=Brosch%C3%BCre" "Mozilla/5.0 (Windows NT 10.0; Win64; x64) AppleWebKit/537.36 (KHTML, like Gecko) Chrome/80.0.3987.87 Safari/537.36"
193.194.132.29 - - [11/Feb/2020:08:39:10 +0100] "GET /loadthumbnail.php?id=10970933&width=113 HTTP/1.1" 200 5132 "http://renault.2web.at/result?dir=ASC&mode=grid&order=name&limit=15&page=2&search=Brosch%C3%BCre" "Mozilla/5.0 (Windows NT 10.0; Win64; x64) AppleWebKit/537.36 (KHTML, like Gecko) Chrome/80.0.3987.87 Safari/537.36"
193.194.132.29 - - [11/Feb/2020:08:39:10 +0100] "GET /loadthumbnail.php?id=11715013&width=113 HTTP/1.1" 200 33856 "http://renault.2web.at/result?dir=ASC&mode=grid&order=name&limit=15&page=2&search=Brosch%C3%BCre" "Mozilla/5.0 (Windows NT 10.0; Win64; x64) AppleWebKit/537.36 (KHTML, like Gecko) Chrome/80.0.3987.87 Safari/537.36"
193.194.132.29 - - [11/Feb/2020:08:39:10 +0100] "GET /loadthumbnail.php?id=11877757&width=113 HTTP/1.1" 200 32396 "http://renault.2web.at/result?dir=ASC&mode=grid&order=name&limit=15&page=2&search=Brosch%C3%BCre" "Mozilla/5.0 (Windows NT 10.0; Win64; x64) AppleWebKit/537.36 (KHTML, like Gecko) Chrome/80.0.3987.87 Safari/537.36"
193.194.132.29 - - [11/Feb/2020:08:39:10 +0100] "GET /loadthumbnail.php?id=11319983&width=113 HTTP/1.1" 200 38992 "http://renault.2web.at/result?dir=ASC&mode=grid&order=name&limit=15&page=2&search=Brosch%C3%BCre" "Mozilla/5.0 (Windows NT 10.0; Win64; x64) AppleWebKit/537.36 (KHTML, like Gecko) Chrome/80.0.3987.87 Safari/537.36"
193.194.132.29 - - [11/Feb/2020:08:39:10 +0100] "GET /loadthumbnail.php?id=12017023&width=113 HTTP/1.1" 200 34650 "http://renault.2web.at/result?dir=ASC&mode=grid&order=name&limit=15&page=2&search=Brosch%C3%BCre" "Mozilla/5.0 (Windows NT 10.0; Win64; x64) AppleWebKit/537.36 (KHTML, like Gecko) Chrome/80.0.3987.87 Safari/537.36"
193.194.132.29 - - [11/Feb/2020:08:39:10 +0100] "GET /loadthumbnail.php?id=11715017&width=113 HTTP/1.1" 200 37395 "http://renault.2web.at/result?dir=ASC&mode=grid&order=name&limit=15&page=2&search=Brosch%C3%BCre" "Mozilla/5.0 (Windows NT 10.0; Win64; x64) AppleWebKit/537.36 (KHTML, like Gecko) Chrome/80.0.3987.87 Safari/537.36"
193.194.132.29 - - [11/Feb/2020:08:39:10 +0100] "GET /loadthumbnail.php?id=11031880&width=113 HTTP/1.1" 200 39263 "http://renault.2web.at/result?dir=ASC&mode=grid&order=name&limit=15&page=2&search=Brosch%C3%BCre" "Mozilla/5.0 (Windows NT 10.0; Win64; x64) AppleWebKit/537.36 (KHTML, like Gecko) Chrome/80.0.3987.87 Safari/537.36"
193.194.132.29 - - [11/Feb/2020:08:39:11 +0100] "GET /loadthumbnail.php?id=11658180&width=113 HTTP/1.1" 200 29422 "http://renault.2web.at/result?dir=ASC&mode=grid&order=name&limit=15&page=2&search=Brosch%C3%BCre" "Mozilla/5.0 (Windows NT 10.0; Win64; x64) AppleWebKit/537.36 (KHTML, like Gecko) Chrome/80.0.3987.87 Safari/537.36"
193.194.132.29 - - [11/Feb/2020:08:39:11 +0100] "GET /loadthumbnail.php?id=12139710&width=113 HTTP/1.1" 200 34483 "http://renault.2web.at/result?dir=ASC&mode=grid&order=name&limit=15&page=2&search=Brosch%C3%BCre" "Mozilla/5.0 (Windows NT 10.0; Win64; x64) AppleWebKit/537.36 (KHTML, like Gecko) Chrome/80.0.3987.87 Safari/537.36"
193.194.132.29 - - [11/Feb/2020:08:39:11 +0100] "GET /loadthumbnail.php?id=11314432&width=113 HTTP/1.1" 200 36566 "http://renault.2web.at/result?dir=ASC&mode=grid&order=name&limit=15&page=2&search=Brosch%C3%BCre" "Mozilla/5.0 (Windows NT 10.0; Win64; x64) AppleWebKit/537.36 (KHTML, like Gecko) Chrome/80.0.3987.87 Safari/537.36"
193.194.132.29 - - [11/Feb/2020:08:39:11 +0100] "GET /loadthumbnail.php?id=11319988&width=113 HTTP/1.1" 200 44228 "http://renault.2web.at/result?dir=ASC&mode=grid&order=name&limit=15&page=2&search=Brosch%C3%BCre" "Mozilla/5.0 (Windows NT 10.0; Win64; x64) AppleWebKit/537.36 (KHTML, like Gecko) Chrome/80.0.3987.87 Safari/537.36"
193.194.132.29 - - [11/Feb/2020:08:39:11 +0100] "GET /loadthumbnail.php?id=12140010&width=113 HTTP/1.1" 200 28414 "http://renault.2web.at/result?dir=ASC&mode=grid&order=name&limit=15&page=2&search=Brosch%C3%BCre" "Mozilla/5.0 (Windows NT 10.0; Win64; x64) AppleWebKit/537.36 (KHTML, like Gecko) Chrome/80.0.3987.87 Safari/537.36"
193.194.132.29 - - [11/Feb/2020:08:39:11 +0100] "GET /loadthumbnail.php?id=11538169&width=113 HTTP/1.1" 200 20088 "http://renault.2web.at/result?dir=ASC&mode=grid&order=name&limit=15&page=2&search=Brosch%C3%BCre" "Mozilla/5.0 (Windows NT 10.0; Win64; x64) AppleWebKit/537.36 (KHTML, like Gecko) Chrome/80.0.3987.87 Safari/537.36"
193.194.132.29 - - [11/Feb/2020:08:39:11 +0100] "GET /loadthumbnail.php?id=11877752&width=113 HTTP/1.1" 200 41752 "http://renault.2web.at/result?dir=ASC&mode=grid&order=name&limit=15&page=2&search=Brosch%C3%BCre" "Mozilla/5.0 (Windows NT 10.0; Win64; x64) AppleWebKit/537.36 (KHTML, like Gecko) Chrome/80.0.3987.87 Safari/537.36"
193.194.132.29 - - [11/Feb/2020:08:39:11 +0100] "GET /loadthumbnail.php?id=11165054&width=113 HTTP/1.1" 200 34777 "http://renault.2web.at/result?dir=ASC&mode=grid&order=name&limit=15&page=2&search=Brosch%C3%BCre" "Mozilla/5.0 (Windows NT 10.0; Win64; x64) AppleWebKit/537.36 (KHTML, like Gecko) Chrome/80.0.3987.87 Safari/537.36"
80.123.225.38 - - [11/Feb/2020:08:39:19 +0100] "GET /reload?ser=1581406759488 HTTP/1.1" 200 28 "http://renault.activities.at/aboutus" "Mozilla/5.0 (Windows NT 10.0; Win64; x64) AppleWebKit/537.36 (KHTML, like Gecko) Chrome/79.0.3945.130 Safari/537.36"
80.122.221.194 - - [11/Feb/2020:08:39:21 +0100] "GET /reload?ser=1581406761872 HTTP/1.1" 200 28 "http://renault.activities.at/success" "Mozilla/5.0 (Windows NT 10.0; Win64; x64) AppleWebKit/537.36 (KHTML, like Gecko) Chrome/70.0.3538.102 Safari/537.36 Edge/18.18363"
87.139.211.42 - - [11/Feb/2020:08:39:22 +0100] "GET /reload?ser=1581406762505 HTTP/1.1" 200 28 "http://renault.activities.at/" "Mozilla/5.0 (Windows NT 10.0; Win64; x64) AppleWebKit/537.36 (KHTML, like Gecko) Chrome/79.0.3945.130 Safari/537.36"
193.194.132.29 - - [11/Feb/2020:08:39:20 +0100] "GET /result?dir=ASC&mode=grid&order=name&limit=15&page=3&search=Brosch%C3%BCre HTTP/1.1" 200 10690 "http://renault.2web.at/result?dir=ASC&mode=grid&order=name&limit=15&page=2&search=Brosch%C3%BCre" "Mozilla/5.0 (Windows NT 10.0; Win64; x64) AppleWebKit/537.36 (KHTML, like Gecko) Chrome/80.0.3987.87 Safari/537.36"
193.194.132.29 - - [11/Feb/2020:08:39:24 +0100] "GET /loadthumbnail.php?id=12033055&width=113 HTTP/1.1" 200 3147 "http://renault.2web.at/result?dir=ASC&mode=grid&order=name&limit=15&page=3&search=Brosch%C3%BCre" "Mozilla/5.0 (Windows NT 10.0; Win64; x64) AppleWebKit/537.36 (KHTML, like Gecko) Chrome/80.0.3987.87 Safari/537.36"
193.194.132.29 - - [11/Feb/2020:08:39:24 +0100] "GET /loadthumbnail.php?id=12176975&width=113 HTTP/1.1" 200 3351 "http://renault.2web.at/result?dir=ASC&mode=grid&order=name&limit=15&page=3&search=Brosch%C3%BCre" "Mozilla/5.0 (Windows NT 10.0; Win64; x64) AppleWebKit/537.36 (KHTML, like Gecko) Chrome/80.0.3987.87 Safari/537.36"
193.194.132.29 - - [11/Feb/2020:08:39:24 +0100] "GET /loadthumbnail.php?id=11711048&width=113 HTTP/1.1" 200 3085 "http://renault.2web.at/result?dir=ASC&mode=grid&order=name&limit=15&page=3&search=Brosch%C3%BCre" "Mozilla/5.0 (Windows NT 10.0; Win64; x64) AppleWebKit/537.36 (KHTML, like Gecko) Chrome/80.0.3987.87 Safari/537.36"
193.194.132.29 - - [11/Feb/2020:08:39:24 +0100] "GET /loadthumbnail.php?id=12127770&width=113 HTTP/1.1" 200 3147 "http://renault.2web.at/result?dir=ASC&mode=grid&order=name&limit=15&page=3&search=Brosch%C3%BCre" "Mozilla/5.0 (Windows NT 10.0; Win64; x64) AppleWebKit/537.36 (KHTML, like Gecko) Chrome/80.0.3987.87 Safari/537.36"
193.194.132.29 - - [11/Feb/2020:08:39:24 +0100] "GET /loadthumbnail.php?id=11967700&width=113 HTTP/1.1" 200 3470 "http://renault.2web.at/result?dir=ASC&mode=grid&order=name&limit=15&page=3&search=Brosch%C3%BCre" "Mozilla/5.0 (Windows NT 10.0; Win64; x64) AppleWebKit/537.36 (KHTML, like Gecko) Chrome/80.0.3987.87 Safari/537.36"
193.194.132.29 - - [11/Feb/2020:08:39:24 +0100] "GET /loadthumbnail.php?id=11590243&width=113 HTTP/1.1" 200 3639 "http://renault.2web.at/result?dir=ASC&mode=grid&order=name&limit=15&page=3&search=Brosch%C3%BCre" "Mozilla/5.0 (Windows NT 10.0; Win64; x64) AppleWebKit/537.36 (KHTML, like Gecko) Chrome/80.0.3987.87 Safari/537.36"
193.194.132.29 - - [11/Feb/2020:08:39:25 +0100] "GET /loadthumbnail.php?id=12176991&width=113 HTTP/1.1" 200 3227 "http://renault.2web.at/result?dir=ASC&mode=grid&order=name&limit=15&page=3&search=Brosch%C3%BCre" "Mozilla/5.0 (Windows NT 10.0; Win64; x64) AppleWebKit/537.36 (KHTML, like Gecko) Chrome/80.0.3987.87 Safari/537.36"
193.194.132.29 - - [11/Feb/2020:08:39:25 +0100] "GET /loadthumbnail.php?id=12176987&width=113 HTTP/1.1" 200 3020 "http://renault.2web.at/result?dir=ASC&mode=grid&order=name&limit=15&page=3&search=Brosch%C3%BCre" "Mozilla/5.0 (Windows NT 10.0; Win64; x64) AppleWebKit/537.36 (KHTML, like Gecko) Chrome/80.0.3987.87 Safari/537.36"
193.194.132.29 - - [11/Feb/2020:08:39:25 +0100] "GET /loadthumbnail.php?id=12176979&width=113 HTTP/1.1" 200 2612 "http://renault.2web.at/result?dir=ASC&mode=grid&order=name&limit=15&page=3&search=Brosch%C3%BCre" "Mozilla/5.0 (Windows NT 10.0; Win64; x64) AppleWebKit/537.36 (KHTML, like Gecko) Chrome/80.0.3987.87 Safari/537.36"
193.194.132.29 - - [11/Feb/2020:08:39:25 +0100] "GET /loadthumbnail.php?id=12176996&width=113 HTTP/1.1" 200 3379 "http://renault.2web.at/result?dir=ASC&mode=grid&order=name&limit=15&page=3&search=Brosch%C3%BCre" "Mozilla/5.0 (Windows NT 10.0; Win64; x64) AppleWebKit/537.36 (KHTML, like Gecko) Chrome/80.0.3987.87 Safari/537.36"
193.194.132.29 - - [11/Feb/2020:08:39:25 +0100] "GET /loadthumbnail.php?id=11500398&width=113 HTTP/1.1" 200 21704 "http://renault.2web.at/result?dir=ASC&mode=grid&order=name&limit=15&page=3&search=Brosch%C3%BCre" "Mozilla/5.0 (Windows NT 10.0; Win64; x64) AppleWebKit/537.36 (KHTML, like Gecko) Chrome/80.0.3987.87 Safari/537.36"
193.194.132.29 - - [11/Feb/2020:08:39:25 +0100] "GET /loadthumbnail.php?id=11500416&width=113 HTTP/1.1" 200 21073 "http://renault.2web.at/result?dir=ASC&mode=grid&order=name&limit=15&page=3&search=Brosch%C3%BCre" "Mozilla/5.0 (Windows NT 10.0; Win64; x64) AppleWebKit/537.36 (KHTML, like Gecko) Chrome/80.0.3987.87 Safari/537.36"
193.194.132.29 - - [11/Feb/2020:08:39:25 +0100] "GET /loadthumbnail.php?id=12022094&width=113 HTTP/1.1" 200 3553 "http://renault.2web.at/result?dir=ASC&mode=grid&order=name&limit=15&page=3&search=Brosch%C3%BCre" "Mozilla/5.0 (Windows NT 10.0; Win64; x64) AppleWebKit/537.36 (KHTML, like Gecko) Chrome/80.0.3987.87 Safari/537.36"
193.194.132.29 - - [11/Feb/2020:08:39:25 +0100] "GET /loadthumbnail.php?id=12040647&width=113 HTTP/1.1" 200 3124 "http://renault.2web.at/result?dir=ASC&mode=grid&order=name&limit=15&page=3&search=Brosch%C3%BCre" "Mozilla/5.0 (Windows NT 10.0; Win64; x64) AppleWebKit/537.36 (KHTML, like Gecko) Chrome/80.0.3987.87 Safari/537.36"
80.123.225.38 - - [11/Feb/2020:08:40:20 +0100] "GET /reload?ser=1581406820471 HTTP/1.1" 200 28 "http://renault.activities.at/aboutus" "Mozilla/5.0 (Windows NT 10.0; Win64; x64) AppleWebKit/537.36 (KHTML, like Gecko) Chrome/79.0.3945.130 Safari/537.36"
80.122.221.194 - - [11/Feb/2020:08:40:22 +0100] "GET /reload?ser=1581406822879 HTTP/1.1" 200 28 "http://renault.activities.at/success" "Mozilla/5.0 (Windows NT 10.0; Win64; x64) AppleWebKit/537.36 (KHTML, like Gecko) Chrome/70.0.3538.102 Safari/537.36 Edge/18.18363"
87.139.211.42 - - [11/Feb/2020:08:40:23 +0100] "GET /reload?ser=1581406823193 HTTP/1.1" 200 28 "http://renault.activities.at/" "Mozilla/5.0 (Windows NT 10.0; Win64; x64) AppleWebKit/537.36 (KHTML, like Gecko) Chrome/79.0.3945.130 Safari/537.36"
193.194.132.29 - - [11/Feb/2020:08:40:26 +0100] "GET /reload?ser=1581406826290 HTTP/1.1" 200 28 "http://renault.2web.at/result?dir=ASC&mode=grid&order=name&limit=15&page=3&search=Brosch%C3%BCre" "Mozilla/5.0 (Windows NT 10.0; Win64; x64) AppleWebKit/537.36 (KHTML, like Gecko) Chrome/80.0.3987.87 Safari/537.36"
80.123.225.38 - - [11/Feb/2020:08:41:21 +0100] "GET /reload?ser=1581406881469 HTTP/1.1" 200 28 "http://renault.activities.at/aboutus" "Mozilla/5.0 (Windows NT 10.0; Win64; x64) AppleWebKit/537.36 (KHTML, like Gecko) Chrome/79.0.3945.130 Safari/537.36"
87.139.211.42 - - [11/Feb/2020:08:41:23 +0100] "GET /reload?ser=1581406883882 HTTP/1.1" 200 28 "http://renault.activities.at/" "Mozilla/5.0 (Windows NT 10.0; Win64; x64) AppleWebKit/537.36 (KHTML, like Gecko) Chrome/79.0.3945.130 Safari/537.36"
80.122.221.194 - - [11/Feb/2020:08:41:23 +0100] "GET /reload?ser=1581406883877 HTTP/1.1" 200 28 "http://renault.activities.at/success" "Mozilla/5.0 (Windows NT 10.0; Win64; x64) AppleWebKit/537.36 (KHTML, like Gecko) Chrome/70.0.3538.102 Safari/537.36 Edge/18.18363"
193.194.132.29 - - [11/Feb/2020:08:41:27 +0100] "GET /reload?ser=1581406887360 HTTP/1.1" 200 28 "http://renault.2web.at/result?dir=ASC&mode=grid&order=name&limit=15&page=3&search=Brosch%C3%BCre" "Mozilla/5.0 (Windows NT 10.0; Win64; x64) AppleWebKit/537.36 (KHTML, like Gecko) Chrome/80.0.3987.87 Safari/537.36"
193.194.132.29 - - [11/Feb/2020:08:42:15 +0100] "GET /result?dir=ASC&mode=grid&order=name&limit=15&page=4&search=Brosch%C3%BCre HTTP/1.1" 200 10769 "http://renault.2web.at/result?dir=ASC&mode=grid&order=name&limit=15&page=3&search=Brosch%C3%BCre" "Mozilla/5.0 (Windows NT 10.0; Win64; x64) AppleWebKit/537.36 (KHTML, like Gecko) Chrome/80.0.3987.87 Safari/537.36"
193.194.132.29 - - [11/Feb/2020:08:42:19 +0100] "GET /loadthumbnail.php?id=11843899&width=113 HTTP/1.1" 200 2755 "http://renault.2web.at/result?dir=ASC&mode=grid&order=name&limit=15&page=4&search=Brosch%C3%BCre" "Mozilla/5.0 (Windows NT 10.0; Win64; x64) AppleWebKit/537.36 (KHTML, like Gecko) Chrome/80.0.3987.87 Safari/537.36"
193.194.132.29 - - [11/Feb/2020:08:42:19 +0100] "GET /loadthumbnail.php?id=11847426&width=113 HTTP/1.1" 200 2727 "http://renault.2web.at/result?dir=ASC&mode=grid&order=name&limit=15&page=4&search=Brosch%C3%BCre" "Mozilla/5.0 (Windows NT 10.0; Win64; x64) AppleWebKit/537.36 (KHTML, like Gecko) Chrome/80.0.3987.87 Safari/537.36"
193.194.132.29 - - [11/Feb/2020:08:42:19 +0100] "GET /loadthumbnail.php?id=12025504&width=113 HTTP/1.1" 200 19297 "http://renault.2web.at/result?dir=ASC&mode=grid&order=name&limit=15&page=4&search=Brosch%C3%BCre" "Mozilla/5.0 (Windows NT 10.0; Win64; x64) AppleWebKit/537.36 (KHTML, like Gecko) Chrome/80.0.3987.87 Safari/537.36"
193.194.132.29 - - [11/Feb/2020:08:42:19 +0100] "GET /loadthumbnail.php?id=12137758&width=113 HTTP/1.1" 200 36121 "http://renault.2web.at/result?dir=ASC&mode=grid&order=name&limit=15&page=4&search=Brosch%C3%BCre" "Mozilla/5.0 (Windows NT 10.0; Win64; x64) AppleWebKit/537.36 (KHTML, like Gecko) Chrome/80.0.3987.87 Safari/537.36"
193.194.132.29 - - [11/Feb/2020:08:42:19 +0100] "GET /loadthumbnail.php?id=11094463&width=113 HTTP/1.1" 200 2237 "http://renault.2web.at/result?dir=ASC&mode=grid&order=name&limit=15&page=4&search=Brosch%C3%BCre" "Mozilla/5.0 (Windows NT 10.0; Win64; x64) AppleWebKit/537.36 (KHTML, like Gecko) Chrome/80.0.3987.87 Safari/537.36"
193.194.132.29 - - [11/Feb/2020:08:42:19 +0100] "GET /loadthumbnail.php?id=11228566&width=113 HTTP/1.1" 200 4033 "http://renault.2web.at/result?dir=ASC&mode=grid&order=name&limit=15&page=4&search=Brosch%C3%BCre" "Mozilla/5.0 (Windows NT 10.0; Win64; x64) AppleWebKit/537.36 (KHTML, like Gecko) Chrome/80.0.3987.87 Safari/537.36"
193.194.132.29 - - [11/Feb/2020:08:42:19 +0100] "GET /loadthumbnail.php?id=12127771&width=113 HTTP/1.1" 200 2909 "http://renault.2web.at/result?dir=ASC&mode=grid&order=name&limit=15&page=4&search=Brosch%C3%BCre" "Mozilla/5.0 (Windows NT 10.0; Win64; x64) AppleWebKit/537.36 (KHTML, like Gecko) Chrome/80.0.3987.87 Safari/537.36"
193.194.132.29 - - [11/Feb/2020:08:42:19 +0100] "GET /loadthumbnail.php?id=12023913&width=113 HTTP/1.1" 200 3224 "http://renault.2web.at/result?dir=ASC&mode=grid&order=name&limit=15&page=4&search=Brosch%C3%BCre" "Mozilla/5.0 (Windows NT 10.0; Win64; x64) AppleWebKit/537.36 (KHTML, like Gecko) Chrome/80.0.3987.87 Safari/537.36"
193.194.132.29 - - [11/Feb/2020:08:42:19 +0100] "GET /loadthumbnail.php?id=12101516&width=113 HTTP/1.1" 200 3056 "http://renault.2web.at/result?dir=ASC&mode=grid&order=name&limit=15&page=4&search=Brosch%C3%BCre" "Mozilla/5.0 (Windows NT 10.0; Win64; x64) AppleWebKit/537.36 (KHTML, like Gecko) Chrome/80.0.3987.87 Safari/537.36"
193.194.132.29 - - [11/Feb/2020:08:42:20 +0100] "GET /loadthumbnail.php?id=12101517&width=113 HTTP/1.1" 200 3343 "http://renault.2web.at/result?dir=ASC&mode=grid&order=name&limit=15&page=4&search=Brosch%C3%BCre" "Mozilla/5.0 (Windows NT 10.0; Win64; x64) AppleWebKit/537.36 (KHTML, like Gecko) Chrome/80.0.3987.87 Safari/537.36"
193.194.132.29 - - [11/Feb/2020:08:42:20 +0100] "GET /loadthumbnail.php?id=12101507&width=113 HTTP/1.1" 200 3189 "http://renault.2web.at/result?dir=ASC&mode=grid&order=name&limit=15&page=4&search=Brosch%C3%BCre" "Mozilla/5.0 (Windows NT 10.0; Win64; x64) AppleWebKit/537.36 (KHTML, like Gecko) Chrome/80.0.3987.87 Safari/537.36"
193.194.132.29 - - [11/Feb/2020:08:42:20 +0100] "GET /loadthumbnail.php?id=12010091&width=113 HTTP/1.1" 200 18044 "http://renault.2web.at/result?dir=ASC&mode=grid&order=name&limit=15&page=4&search=Brosch%C3%BCre" "Mozilla/5.0 (Windows NT 10.0; Win64; x64) AppleWebKit/537.36 (KHTML, like Gecko) Chrome/80.0.3987.87 Safari/537.36"
193.194.132.29 - - [11/Feb/2020:08:42:20 +0100] "GET /loadthumbnail.php?id=11893885&width=113 HTTP/1.1" 200 3187 "http://renault.2web.at/result?dir=ASC&mode=grid&order=name&limit=15&page=4&search=Brosch%C3%BCre" "Mozilla/5.0 (Windows NT 10.0; Win64; x64) AppleWebKit/537.36 (KHTML, like Gecko) Chrome/80.0.3987.87 Safari/537.36"
193.194.132.29 - - [11/Feb/2020:08:42:20 +0100] "GET /loadthumbnail.php?id=11967697&width=113 HTTP/1.1" 200 2902 "http://renault.2web.at/result?dir=ASC&mode=grid&order=name&limit=15&page=4&search=Brosch%C3%BCre" "Mozilla/5.0 (Windows NT 10.0; Win64; x64) AppleWebKit/537.36 (KHTML, like Gecko) Chrome/80.0.3987.87 Safari/537.36"
80.123.225.38 - - [11/Feb/2020:08:42:22 +0100] "GET /reload?ser=1581406942468 HTTP/1.1" 200 28 "http://renault.activities.at/aboutus" "Mozilla/5.0 (Windows NT 10.0; Win64; x64) AppleWebKit/537.36 (KHTML, like Gecko) Chrome/79.0.3945.130 Safari/537.36"
87.139.211.42 - - [11/Feb/2020:08:42:24 +0100] "GET /reload?ser=1581406944570 HTTP/1.1" 200 28 "http://renault.activities.at/" "Mozilla/5.0 (Windows NT 10.0; Win64; x64) AppleWebKit/537.36 (KHTML, like Gecko) Chrome/79.0.3945.130 Safari/537.36"
80.122.221.194 - - [11/Feb/2020:08:42:24 +0100] "GET /reload?ser=1581406944874 HTTP/1.1" 200 28 "http://renault.activities.at/success" "Mozilla/5.0 (Windows NT 10.0; Win64; x64) AppleWebKit/537.36 (KHTML, like Gecko) Chrome/70.0.3538.102 Safari/537.36 Edge/18.18363"
193.194.132.29 - - [11/Feb/2020:08:43:20 +0100] "GET /reload?ser=1581407000622 HTTP/1.1" 200 28 "http://renault.2web.at/result?dir=ASC&mode=grid&order=name&limit=15&page=4&search=Brosch%C3%BCre" "Mozilla/5.0 (Windows NT 10.0; Win64; x64) AppleWebKit/537.36 (KHTML, like Gecko) Chrome/80.0.3987.87 Safari/537.36"
80.123.225.38 - - [11/Feb/2020:08:43:23 +0100] "GET /reload?ser=1581407003468 HTTP/1.1" 200 28 "http://renault.activities.at/aboutus" "Mozilla/5.0 (Windows NT 10.0; Win64; x64) AppleWebKit/537.36 (KHTML, like Gecko) Chrome/79.0.3945.130 Safari/537.36"
87.139.211.42 - - [11/Feb/2020:08:43:25 +0100] "GET /reload?ser=1581407005254 HTTP/1.1" 200 28 "http://renault.activities.at/" "Mozilla/5.0 (Windows NT 10.0; Win64; x64) AppleWebKit/537.36 (KHTML, like Gecko) Chrome/79.0.3945.130 Safari/537.36"
80.122.221.194 - - [11/Feb/2020:08:43:25 +0100] "GET /reload?ser=1581407005876 HTTP/1.1" 200 28 "http://renault.activities.at/success" "Mozilla/5.0 (Windows NT 10.0; Win64; x64) AppleWebKit/537.36 (KHTML, like Gecko) Chrome/70.0.3538.102 Safari/537.36 Edge/18.18363"
193.194.132.29 - - [11/Feb/2020:08:44:12 +0100] "GET /result?dir=ASC&mode=grid&order=name&limit=15&page=5&search=Brosch%C3%BCre HTTP/1.1" 200 10749 "http://renault.2web.at/result?dir=ASC&mode=grid&order=name&limit=15&page=4&search=Brosch%C3%BCre" "Mozilla/5.0 (Windows NT 10.0; Win64; x64) AppleWebKit/537.36 (KHTML, like Gecko) Chrome/80.0.3987.87 Safari/537.36"
193.194.132.29 - - [11/Feb/2020:08:44:16 +0100] "GET /loadthumbnail.php?id=12010039&width=113 HTTP/1.1" 200 19412 "http://renault.2web.at/result?dir=ASC&mode=grid&order=name&limit=15&page=5&search=Brosch%C3%BCre" "Mozilla/5.0 (Windows NT 10.0; Win64; x64) AppleWebKit/537.36 (KHTML, like Gecko) Chrome/80.0.3987.87 Safari/537.36"
