91.133.70.9 - - [18/Feb/2020:10:38:42 +0100] "GET /images/sidebar_title_corner_left_top.gif HTTP/1.1" 200 1124 "http://renault.activities.at/account" "Mozilla/5.0 (Windows NT 10.0; WOW64; Trident/7.0; rv:11.0) like Gecko"
91.133.70.9 - - [18/Feb/2020:10:38:42 +0100] "GET /images/sidebar_title_corner_right_top.gif HTTP/1.1" 200 383 "http://renault.activities.at/account" "Mozilla/5.0 (Windows NT 10.0; WOW64; Trident/7.0; rv:11.0) like Gecko"
91.133.70.9 - - [18/Feb/2020:10:38:42 +0100] "GET /images/footer_divider.gif HTTP/1.1" 200 44 "http://renault.activities.at/account" "Mozilla/5.0 (Windows NT 10.0; WOW64; Trident/7.0; rv:11.0) like Gecko"
153.92.113.152 - - [18/Feb/2020:10:38:44 +0100] "POST /login HTTP/1.1" 302 140 "http://renault.activities.at/login" "Mozilla/5.0 (Windows NT 6.1; WOW64; Trident/7.0; rv:11.0) like Gecko"
153.92.113.152 - - [18/Feb/2020:10:38:45 +0100] "GET /account HTTP/1.1" 200 6009 "http://renault.activities.at/login" "Mozilla/5.0 (Windows NT 6.1; WOW64; Trident/7.0; rv:11.0) like Gecko"
153.92.113.152 - - [18/Feb/2020:10:38:48 +0100] "GET /loadthumbnail.php?id=11146700&width=50&height=50 HTTP/1.1" 200 717 "http://renault.activities.at/account" "Mozilla/5.0 (Windows NT 6.1; WOW64; Trident/7.0; rv:11.0) like Gecko"
153.92.113.152 - - [18/Feb/2020:10:38:48 +0100] "GET /loadthumbnail.php?id=11776453&width=50&height=50 HTTP/1.1" 200 767 "http://renault.activities.at/account" "Mozilla/5.0 (Windows NT 6.1; WOW64; Trident/7.0; rv:11.0) like Gecko"
91.133.70.9 - - [18/Feb/2020:10:38:53 +0100] "POST /axjaxrequest?mode=suggest HTTP/1.1" 200 176 "http://renault.activities.at/account" "Mozilla/5.0 (Windows NT 10.0; WOW64; Trident/7.0; rv:11.0) like Gecko"
91.133.70.9 - - [18/Feb/2020:10:38:53 +0100] "GET /result?searchterm=true&search=service HTTP/1.1" 200 8266 "http://renault.activities.at/account" "Mozilla/5.0 (Windows NT 10.0; WOW64; Trident/7.0; rv:11.0) like Gecko"
80.120.181.170 - - [18/Feb/2020:10:38:57 +0100] "GET /reload?ser=1582018735715 HTTP/1.1" 200 28 "http://renault.activities.at/result?searchterm=true&search=Rahmen" "Mozilla/5.0 (Windows NT 10.0; WOW64; Trident/7.0; rv:11.0) like Gecko"
80.122.221.194 - - [18/Feb/2020:10:38:59 +0100] "GET /reload?ser=1582018739070 HTTP/1.1" 200 28 "http://renault.activities.at/cart" "Mozilla/5.0 (Windows NT 10.0; Win64; x64) AppleWebKit/537.36 (KHTML, like Gecko) Chrome/70.0.3538.102 Safari/537.36 Edge/18.18363"
91.133.70.9 - - [18/Feb/2020:10:38:55 +0100] "GET /result?searchterm=true&search=service HTTP/1.1" 200 8266 "http://renault.activities.at/account" "Mozilla/5.0 (Windows NT 10.0; WOW64; Trident/7.0; rv:11.0) like Gecko"
91.133.70.9 - - [18/Feb/2020:10:39:00 +0100] "GET /js/prototip.js HTTP/1.1" 200 4588 "http://renault.activities.at/result?searchterm=true&search=service" "Mozilla/5.0 (Windows NT 10.0; WOW64; Trident/7.0; rv:11.0) like Gecko"
91.133.70.9 - - [18/Feb/2020:10:39:00 +0100] "GET /images/loading.gif HTTP/1.1" 200 3208 "http://renault.activities.at/result?searchterm=true&search=service" "Mozilla/5.0 (Windows NT 10.0; WOW64; Trident/7.0; rv:11.0) like Gecko"
91.133.70.9 - - [18/Feb/2020:10:39:00 +0100] "GET /js/ProduktGrp.js HTTP/1.1" 200 1569 "http://renault.activities.at/result?searchterm=true&search=service" "Mozilla/5.0 (Windows NT 10.0; WOW64; Trident/7.0; rv:11.0) like Gecko"
91.133.70.9 - - [18/Feb/2020:10:39:00 +0100] "GET /loadthumbnail.php?id=10203255 HTTP/1.1" 200 137 "http://renault.activities.at/result?searchterm=true&search=service" "Mozilla/5.0 (Windows NT 10.0; WOW64; Trident/7.0; rv:11.0) like Gecko"
91.133.70.9 - - [18/Feb/2020:10:39:00 +0100] "GET /loadthumbnail.php?id=10203650&width=113 HTTP/1.1" 200 2741 "http://renault.activities.at/result?searchterm=true&search=service" "Mozilla/5.0 (Windows NT 10.0; WOW64; Trident/7.0; rv:11.0) like Gecko"
91.133.70.9 - - [18/Feb/2020:10:39:00 +0100] "GET /loadthumbnail.php?id=11121996&width=113 HTTP/1.1" 200 2215 "http://renault.activities.at/result?searchterm=true&search=service" "Mozilla/5.0 (Windows NT 10.0; WOW64; Trident/7.0; rv:11.0) like Gecko"
91.133.70.9 - - [18/Feb/2020:10:39:00 +0100] "GET /images/vista-up.gif HTTP/1.1" 200 131 "http://renault.activities.at/result?searchterm=true&search=service" "Mozilla/5.0 (Windows NT 10.0; WOW64; Trident/7.0; rv:11.0) like Gecko"
91.133.70.9 - - [18/Feb/2020:10:39:00 +0100] "GET /loadthumbnail.php?id=11461719&width=113 HTTP/1.1" 200 32753 "http://renault.activities.at/result?searchterm=true&search=service" "Mozilla/5.0 (Windows NT 10.0; WOW64; Trident/7.0; rv:11.0) like Gecko"
91.133.70.9 - - [18/Feb/2020:10:39:00 +0100] "GET /images/pager_bg.gif HTTP/1.1" 200 150 "http://renault.activities.at/result?searchterm=true&search=service" "Mozilla/5.0 (Windows NT 10.0; WOW64; Trident/7.0; rv:11.0) like Gecko"
91.133.70.9 - - [18/Feb/2020:10:39:00 +0100] "GET /images/vista-dn.gif HTTP/1.1" 200 128 "http://renault.activities.at/result?searchterm=true&search=service" "Mozilla/5.0 (Windows NT 10.0; WOW64; Trident/7.0; rv:11.0) like Gecko"
91.133.70.9 - - [18/Feb/2020:10:39:00 +0100] "GET /loadthumbnail.php?id=11075492&width=113 HTTP/1.1" 200 2349 "http://renault.activities.at/result?searchterm=true&search=service" "Mozilla/5.0 (Windows NT 10.0; WOW64; Trident/7.0; rv:11.0) like Gecko"
91.133.70.9 - - [18/Feb/2020:10:39:00 +0100] "GET /loadthumbnail.php?id=12094749&width=113 HTTP/1.1" 200 15117 "http://renault.activities.at/result?searchterm=true&search=service" "Mozilla/5.0 (Windows NT 10.0; WOW64; Trident/7.0; rv:11.0) like Gecko"
91.133.70.9 - - [18/Feb/2020:10:39:00 +0100] "GET /images/validation_advice_bg.gif HTTP/1.1" 200 134 "http://renault.activities.at/result?searchterm=true&search=service" "Mozilla/5.0 (Windows NT 10.0; WOW64; Trident/7.0; rv:11.0) like Gecko"
91.133.70.9 - - [18/Feb/2020:10:39:00 +0100] "GET /loadthumbnail.php?id=12094811&width=113 HTTP/1.1" 200 27912 "http://renault.activities.at/result?searchterm=true&search=service" "Mozilla/5.0 (Windows NT 10.0; WOW64; Trident/7.0; rv:11.0) like Gecko"
91.133.70.9 - - [18/Feb/2020:10:39:00 +0100] "GET /loadthumbnail.php?id=12088443&width=113 HTTP/1.1" 200 7201 "http://renault.activities.at/result?searchterm=true&search=service" "Mozilla/5.0 (Windows NT 10.0; WOW64; Trident/7.0; rv:11.0) like Gecko"
91.133.70.9 - - [18/Feb/2020:10:39:00 +0100] "GET /loadthumbnail.php?id=10269567&width=113 HTTP/1.1" 200 1590 "http://renault.activities.at/result?searchterm=true&search=service" "Mozilla/5.0 (Windows NT 10.0; WOW64; Trident/7.0; rv:11.0) like Gecko"
91.133.70.9 - - [18/Feb/2020:10:39:00 +0100] "GET /loadthumbnail.php?id=10269569&width=113 HTTP/1.1" 200 1309 "http://renault.activities.at/result?searchterm=true&search=service" "Mozilla/5.0 (Windows NT 10.0; WOW64; Trident/7.0; rv:11.0) like Gecko"
91.133.70.9 - - [18/Feb/2020:10:39:00 +0100] "GET /loadthumbnail.php?id=10633817&width=113 HTTP/1.1" 200 2614 "http://renault.activities.at/result?searchterm=true&search=service" "Mozilla/5.0 (Windows NT 10.0; WOW64; Trident/7.0; rv:11.0) like Gecko"
91.133.70.9 - - [18/Feb/2020:10:39:00 +0100] "GET /loadthumbnail.php?id=11730248&width=113 HTTP/1.1" 200 4910 "http://renault.activities.at/result?searchterm=true&search=service" "Mozilla/5.0 (Windows NT 10.0; WOW64; Trident/7.0; rv:11.0) like Gecko"
91.133.70.9 - - [18/Feb/2020:10:39:01 +0100] "GET /loadthumbnail.php?id=12010095&width=113 HTTP/1.1" 200 20832 "http://renault.activities.at/result?searchterm=true&search=service" "Mozilla/5.0 (Windows NT 10.0; WOW64; Trident/7.0; rv:11.0) like Gecko"
91.113.165.162 - - [18/Feb/2020:10:39:08 +0100] "GET /reload?ser=1582018748597 HTTP/1.1" 200 1238 "http://renault.activities.at/result?searchterm=true&search=kleber" "Mozilla/5.0 (Windows NT 10.0; WOW64; Trident/7.0; rv:11.0) like Gecko"
80.123.225.38 - - [18/Feb/2020:10:39:09 +0100] "GET /reload?ser=1582018749422 HTTP/1.1" 200 28 "http://renault.activities.at/success" "Mozilla/5.0 (Windows NT 6.1; WOW64; Trident/7.0; rv:11.0) like Gecko"
193.194.132.27 - - [18/Feb/2020:10:39:17 +0100] "GET /reload?ser=1582018757317 HTTP/1.1" 200 28 "http://renault.2web.at/account?loadrequest=true" "Mozilla/5.0 (Windows NT 10.0; WOW64; Trident/7.0; Touch; rv:11.0) like Gecko"
91.133.70.9 - - [18/Feb/2020:10:39:25 +0100] "GET /images/vista-up-hover.gif HTTP/1.1" 200 130 "http://renault.activities.at/result?searchterm=true&search=service" "Mozilla/5.0 (Windows NT 10.0; WOW64; Trident/7.0; rv:11.0) like Gecko"
83.219.165.34 - - [18/Feb/2020:10:39:25 +0100] "GET /reload?ser=1582018768336 HTTP/1.1" 200 28 "http://renault.activities.at/10260273?dir=DESC&mode=grid&order=name&limit=15&page=2" "Mozilla/5.0 (Windows NT 10.0; WOW64; Trident/7.0; rv:11.0) like Gecko"
91.133.70.9 - - [18/Feb/2020:10:39:32 +0100] "GET /images/vista-dn-hover.gif HTTP/1.1" 200 127 "http://renault.activities.at/result?searchterm=true&search=service" "Mozilla/5.0 (Windows NT 10.0; WOW64; Trident/7.0; rv:11.0) like Gecko"
80.122.53.230 - - [18/Feb/2020:10:39:33 +0100] "GET / HTTP/1.1" 200 3380 "-" "Mozilla/5.0 (Windows NT 10.0; Win64; x64) AppleWebKit/537.36 (KHTML, like Gecko) Chrome/80.0.3987.106 Safari/537.36"
80.122.53.230 - - [18/Feb/2020:10:39:34 +0100] "GET /loadthumbnail.php?id=11127982 HTTP/1.1" 200 399614 "http://renault.activities.at/" "Mozilla/5.0 (Windows NT 10.0; Win64; x64) AppleWebKit/537.36 (KHTML, like Gecko) Chrome/80.0.3987.106 Safari/537.36"
80.122.53.230 - - [18/Feb/2020:10:39:34 +0100] "GET /images/favicon.ico HTTP/1.1" 404 305 "http://renault.activities.at/" "Mozilla/5.0 (Windows NT 10.0; Win64; x64) AppleWebKit/537.36 (KHTML, like Gecko) Chrome/80.0.3987.106 Safari/537.36"
91.133.70.9 - - [18/Feb/2020:10:39:35 +0100] "POST /result?searchterm=true&search=service HTTP/1.1" 200 8456 "http://renault.activities.at/result?searchterm=true&search=service" "Mozilla/5.0 (Windows NT 10.0; WOW64; Trident/7.0; rv:11.0) like Gecko"
91.133.70.9 - - [18/Feb/2020:10:39:39 +0100] "GET /images/success_msg_icon.gif HTTP/1.1" 200 1024 "http://renault.activities.at/result?searchterm=true&search=service" "Mozilla/5.0 (Windows NT 10.0; WOW64; Trident/7.0; rv:11.0) like Gecko"
153.92.113.152 - - [18/Feb/2020:10:39:38 +0100] "POST /axjaxrequest?mode=suggest HTTP/1.1" 200 276 "http://renault.activities.at/account" "Mozilla/5.0 (Windows NT 6.1; WOW64; Trident/7.0; rv:11.0) like Gecko"
153.92.113.152 - - [18/Feb/2020:10:39:39 +0100] "POST /axjaxrequest?mode=suggest HTTP/1.1" 200 111 "http://renault.activities.at/account" "Mozilla/5.0 (Windows NT 6.1; WOW64; Trident/7.0; rv:11.0) like Gecko"
153.92.113.152 - - [18/Feb/2020:10:39:39 +0100] "POST /axjaxrequest?mode=suggest HTTP/1.1" 200 111 "http://renault.activities.at/account" "Mozilla/5.0 (Windows NT 6.1; WOW64; Trident/7.0; rv:11.0) like Gecko"
153.92.113.152 - - [18/Feb/2020:10:39:41 +0100] "POST /axjaxrequest?mode=suggest HTTP/1.1" 200 111 "http://renault.activities.at/account" "Mozilla/5.0 (Windows NT 6.1; WOW64; Trident/7.0; rv:11.0) like Gecko"
153.92.113.152 - - [18/Feb/2020:10:39:42 +0100] "GET /result?searchterm=true&search=sandero HTTP/1.1" 200 6738 "http://renault.activities.at/account" "Mozilla/5.0 (Windows NT 6.1; WOW64; Trident/7.0; rv:11.0) like Gecko"
153.92.113.152 - - [18/Feb/2020:10:39:44 +0100] "GET /loadthumbnail.php?id=12047627&width=113 HTTP/1.1" 200 3640 "http://renault.activities.at/result?searchterm=true&search=sandero" "Mozilla/5.0 (Windows NT 6.1; WOW64; Trident/7.0; rv:11.0) like Gecko"
153.92.113.152 - - [18/Feb/2020:10:39:44 +0100] "GET /loadthumbnail.php?id=10203255 HTTP/1.1" 200 137 "http://renault.activities.at/result?searchterm=true&search=sandero" "Mozilla/5.0 (Windows NT 6.1; WOW64; Trident/7.0; rv:11.0) like Gecko"
153.92.113.152 - - [18/Feb/2020:10:39:44 +0100] "GET /loadthumbnail.php?id=10260863&width=113 HTTP/1.1" 200 1170 "http://renault.activities.at/result?searchterm=true&search=sandero" "Mozilla/5.0 (Windows NT 6.1; WOW64; Trident/7.0; rv:11.0) like Gecko"
153.92.113.152 - - [18/Feb/2020:10:39:44 +0100] "GET /loadthumbnail.php?id=11798476&width=113 HTTP/1.1" 200 2525 "http://renault.activities.at/result?searchterm=true&search=sandero" "Mozilla/5.0 (Windows NT 6.1; WOW64; Trident/7.0; rv:11.0) like Gecko"
153.92.113.152 - - [18/Feb/2020:10:39:44 +0100] "GET /loadthumbnail.php?id=12174322&width=113 HTTP/1.1" 200 6394 "http://renault.activities.at/result?searchterm=true&search=sandero" "Mozilla/5.0 (Windows NT 6.1; WOW64; Trident/7.0; rv:11.0) like Gecko"
153.92.113.152 - - [18/Feb/2020:10:39:44 +0100] "GET /loadthumbnail.php?id=11784479&width=113 HTTP/1.1" 200 2490 "http://renault.activities.at/result?searchterm=true&search=sandero" "Mozilla/5.0 (Windows NT 6.1; WOW64; Trident/7.0; rv:11.0) like Gecko"
153.92.113.152 - - [18/Feb/2020:10:39:45 +0100] "GET /loadthumbnail.php?id=11715005&width=113 HTTP/1.1" 200 30128 "http://renault.activities.at/result?searchterm=true&search=sandero" "Mozilla/5.0 (Windows NT 6.1; WOW64; Trident/7.0; rv:11.0) like Gecko"
91.133.70.9 - - [18/Feb/2020:10:39:53 +0100] "GET /result?searchterm=true&search=dokker HTTP/1.1" 200 6732 "http://renault.activities.at/result?searchterm=true&search=service" "Mozilla/5.0 (Windows NT 10.0; WOW64; Trident/7.0; rv:11.0) like Gecko"
91.133.70.9 - - [18/Feb/2020:10:39:56 +0100] "GET /loadthumbnail.php?id=11878139&width=113 HTTP/1.1" 200 19930 "http://renault.activities.at/result?searchterm=true&search=dokker" "Mozilla/5.0 (Windows NT 10.0; WOW64; Trident/7.0; rv:11.0) like Gecko"
91.133.70.9 - - [18/Feb/2020:10:39:56 +0100] "GET /loadthumbnail.php?id=12174325&width=113 HTTP/1.1" 200 6300 "http://renault.activities.at/result?searchterm=true&search=dokker" "Mozilla/5.0 (Windows NT 10.0; WOW64; Trident/7.0; rv:11.0) like Gecko"
91.133.70.9 - - [18/Feb/2020:10:39:56 +0100] "GET /loadthumbnail.php?id=10260890&width=113 HTTP/1.1" 200 1170 "http://renault.activities.at/result?searchterm=true&search=dokker" "Mozilla/5.0 (Windows NT 10.0; WOW64; Trident/7.0; rv:11.0) like Gecko"
91.133.70.9 - - [18/Feb/2020:10:39:56 +0100] "GET /loadthumbnail.php?id=11895725&width=113 HTTP/1.1" 200 2960 "http://renault.activities.at/result?searchterm=true&search=dokker" "Mozilla/5.0 (Windows NT 10.0; WOW64; Trident/7.0; rv:11.0) like Gecko"
91.133.70.9 - - [18/Feb/2020:10:39:56 +0100] "GET /loadthumbnail.php?id=11784464&width=113 HTTP/1.1" 200 2802 "http://renault.activities.at/result?searchterm=true&search=dokker" "Mozilla/5.0 (Windows NT 10.0; WOW64; Trident/7.0; rv:11.0) like Gecko"
91.133.70.9 - - [18/Feb/2020:10:39:56 +0100] "GET /loadthumbnail.php?id=11847427&width=113 HTTP/1.1" 200 2698 "http://renault.activities.at/result?searchterm=true&search=dokker" "Mozilla/5.0 (Windows NT 10.0; WOW64; Trident/7.0; rv:11.0) like Gecko"
91.133.70.9 - - [18/Feb/2020:10:39:54 +0100] "POST /axjaxrequest?mode=suggest HTTP/1.1" 200 111 "http://renault.activities.at/result?searchterm=true&search=service" "Mozilla/5.0 (Windows NT 10.0; WOW64; Trident/7.0; rv:11.0) like Gecko"
80.120.181.170 - - [18/Feb/2020:10:39:58 +0100] "GET /reload?ser=1582018796658 HTTP/1.1" 200 28 "http://renault.activities.at/result?searchterm=true&search=Rahmen" "Mozilla/5.0 (Windows NT 10.0; WOW64; Trident/7.0; rv:11.0) like Gecko"
80.122.221.194 - - [18/Feb/2020:10:40:00 +0100] "GET /reload?ser=1582018800079 HTTP/1.1" 200 28 "http://renault.activities.at/cart" "Mozilla/5.0 (Windows NT 10.0; Win64; x64) AppleWebKit/537.36 (KHTML, like Gecko) Chrome/70.0.3538.102 Safari/537.36 Edge/18.18363"
91.113.165.162 - - [18/Feb/2020:10:40:09 +0100] "GET /reload?ser=1582018808816 HTTP/1.1" 200 1236 "http://renault.activities.at/result?searchterm=true&search=kleber" "Mozilla/5.0 (Windows NT 10.0; WOW64; Trident/7.0; rv:11.0) like Gecko"
80.123.225.38 - - [18/Feb/2020:10:40:10 +0100] "GET /reload?ser=1582018810414 HTTP/1.1" 200 28 "http://renault.activities.at/success" "Mozilla/5.0 (Windows NT 6.1; WOW64; Trident/7.0; rv:11.0) like Gecko"
91.133.70.9 - - [18/Feb/2020:10:40:12 +0100] "POST /result?searchterm=true&search=dokker HTTP/1.1" 200 6834 "http://renault.activities.at/result?searchterm=true&search=dokker" "Mozilla/5.0 (Windows NT 10.0; WOW64; Trident/7.0; rv:11.0) like Gecko"
193.194.132.27 - - [18/Feb/2020:10:40:18 +0100] "GET /reload?ser=1582018818382 HTTP/1.1" 200 28 "http://renault.2web.at/account?loadrequest=true" "Mozilla/5.0 (Windows NT 10.0; WOW64; Trident/7.0; Touch; rv:11.0) like Gecko"
91.133.70.9 - - [18/Feb/2020:10:40:19 +0100] "GET /result?searchterm=true&search=Sandero HTTP/1.1" 200 6752 "http://renault.activities.at/result?searchterm=true&search=dokker" "Mozilla/5.0 (Windows NT 10.0; WOW64; Trident/7.0; rv:11.0) like Gecko"
91.133.70.9 - - [18/Feb/2020:10:40:22 +0100] "GET /loadthumbnail.php?id=10260863&width=113 HTTP/1.1" 200 1170 "http://renault.activities.at/result?searchterm=true&search=Sandero" "Mozilla/5.0 (Windows NT 10.0; WOW64; Trident/7.0; rv:11.0) like Gecko"
91.133.70.9 - - [18/Feb/2020:10:40:22 +0100] "GET /loadthumbnail.php?id=12174322&width=113 HTTP/1.1" 200 6394 "http://renault.activities.at/result?searchterm=true&search=Sandero" "Mozilla/5.0 (Windows NT 10.0; WOW64; Trident/7.0; rv:11.0) like Gecko"
91.133.70.9 - - [18/Feb/2020:10:40:22 +0100] "GET /loadthumbnail.php?id=11784479&width=113 HTTP/1.1" 200 2490 "http://renault.activities.at/result?searchterm=true&search=Sandero" "Mozilla/5.0 (Windows NT 10.0; WOW64; Trident/7.0; rv:11.0) like Gecko"
91.133.70.9 - - [18/Feb/2020:10:40:22 +0100] "GET /loadthumbnail.php?id=12047627&width=113 HTTP/1.1" 200 3640 "http://renault.activities.at/result?searchterm=true&search=Sandero" "Mozilla/5.0 (Windows NT 10.0; WOW64; Trident/7.0; rv:11.0) like Gecko"
91.133.70.9 - - [18/Feb/2020:10:40:22 +0100] "GET /loadthumbnail.php?id=11798476&width=113 HTTP/1.1" 200 2525 "http://renault.activities.at/result?searchterm=true&search=Sandero" "Mozilla/5.0 (Windows NT 10.0; WOW64; Trident/7.0; rv:11.0) like Gecko"
91.133.70.9 - - [18/Feb/2020:10:40:22 +0100] "GET /loadthumbnail.php?id=11715005&width=113 HTTP/1.1" 200 30128 "http://renault.activities.at/result?searchterm=true&search=Sandero" "Mozilla/5.0 (Windows NT 10.0; WOW64; Trident/7.0; rv:11.0) like Gecko"
153.92.113.152 - - [18/Feb/2020:10:40:19 +0100] "GET /11763450?print=true HTTP/1.1" 200 2643 "http://renault.activities.at/result?searchterm=true&search=sandero" "Mozilla/5.0 (Windows NT 6.1; WOW64; Trident/7.0; rv:11.0) like Gecko"
153.92.113.152 - - [18/Feb/2020:10:40:22 +0100] "GET /loadthumbnail.php?id=11798476&width=250 HTTP/1.1" 200 8248 "http://renault.activities.at/11763450?print=true" "Mozilla/5.0 (Windows NT 6.1; WOW64; Trident/7.0; rv:11.0) like Gecko"
153.92.113.152 - - [18/Feb/2020:10:40:22 +0100] "GET /loadthumbnail.php?id=11798476&width=900&height=900 HTTP/1.1" 200 69420 "http://renault.activities.at/11763450?print=true" "Mozilla/5.0 (Windows NT 6.1; WOW64; Trident/7.0; rv:11.0) like Gecko"
91.133.70.9 - - [18/Feb/2020:10:40:19 +0100] "POST /axjaxrequest?mode=suggest HTTP/1.1" 200 111 "http://renault.activities.at/result?searchterm=true&search=dokker" "Mozilla/5.0 (Windows NT 10.0; WOW64; Trident/7.0; rv:11.0) like Gecko"
83.219.165.34 - - [18/Feb/2020:10:40:26 +0100] "GET /reload?ser=1582018829314 HTTP/1.1" 200 28 "http://renault.activities.at/10260273?dir=DESC&mode=grid&order=name&limit=15&page=2" "Mozilla/5.0 (Windows NT 10.0; WOW64; Trident/7.0; rv:11.0) like Gecko"
83.219.165.34 - - [18/Feb/2020:10:40:33 +0100] "GET /images/vista-dn-hover.gif HTTP/1.1" 200 127 "http://renault.activities.at/10260273?dir=DESC&mode=grid&order=name&limit=15&page=2" "Mozilla/5.0 (Windows NT 10.0; WOW64; Trident/7.0; rv:11.0) like Gecko"
83.219.165.34 - - [18/Feb/2020:10:40:33 +0100] "GET /images/vista-up-hover.gif HTTP/1.1" 200 130 "http://renault.activities.at/10260273?dir=DESC&mode=grid&order=name&limit=15&page=2" "Mozilla/5.0 (Windows NT 10.0; WOW64; Trident/7.0; rv:11.0) like Gecko"
91.133.70.9 - - [18/Feb/2020:10:40:30 +0100] "POST /result?searchterm=true&search=Sandero HTTP/1.1" 200 6847 "http://renault.activities.at/result?searchterm=true&search=Sandero" "Mozilla/5.0 (Windows NT 10.0; WOW64; Trident/7.0; rv:11.0) like Gecko"
80.122.53.230 - - [18/Feb/2020:10:40:34 +0100] "GET /reload?ser=1582018834544 HTTP/1.1" 200 28 "http://renault.activities.at/" "Mozilla/5.0 (Windows NT 10.0; Win64; x64) AppleWebKit/537.36 (KHTML, like Gecko) Chrome/80.0.3987.106 Safari/537.36"
83.219.165.34 - - [18/Feb/2020:10:40:35 +0100] "GET /10260273?dir=DESC&mode=grid&order=name&limit=15&page=3 HTTP/1.1" 200 7202 "http://renault.activities.at/10260273?dir=DESC&mode=grid&order=name&limit=15&page=2" "Mozilla/5.0 (Windows NT 10.0; WOW64; Trident/7.0; rv:11.0) like Gecko"
83.219.165.34 - - [18/Feb/2020:10:40:38 +0100] "GET /js/default.js HTTP/1.1" 304 - "http://renault.activities.at/10260273?dir=DESC&mode=grid&order=name&limit=15&page=3" "Mozilla/5.0 (Windows NT 10.0; WOW64; Trident/7.0; rv:11.0) like Gecko"
83.219.165.34 - - [18/Feb/2020:10:40:38 +0100] "GET /js/prototip.js HTTP/1.1" 304 - "http://renault.activities.at/10260273?dir=DESC&mode=grid&order=name&limit=15&page=3" "Mozilla/5.0 (Windows NT 10.0; WOW64; Trident/7.0; rv:11.0) like Gecko"
83.219.165.34 - - [18/Feb/2020:10:40:38 +0100] "GET /css/reset.css HTTP/1.1" 304 - "http://renault.activities.at/10260273?dir=DESC&mode=grid&order=name&limit=15&page=3" "Mozilla/5.0 (Windows NT 10.0; WOW64; Trident/7.0; rv:11.0) like Gecko"
83.219.165.34 - - [18/Feb/2020:10:40:38 +0100] "GET /css/styles.css HTTP/1.1" 304 - "http://renault.activities.at/10260273?dir=DESC&mode=grid&order=name&limit=15&page=3" "Mozilla/5.0 (Windows NT 10.0; WOW64; Trident/7.0; rv:11.0) like Gecko"
83.219.165.34 - - [18/Feb/2020:10:40:38 +0100] "GET /css/clears.css HTTP/1.1" 304 - "http://renault.activities.at/10260273?dir=DESC&mode=grid&order=name&limit=15&page=3" "Mozilla/5.0 (Windows NT 10.0; WOW64; Trident/7.0; rv:11.0) like Gecko"
83.219.165.34 - - [18/Feb/2020:10:40:38 +0100] "GET /css/print.css HTTP/1.1" 304 - "http://renault.activities.at/10260273?dir=DESC&mode=grid&order=name&limit=15&page=3" "Mozilla/5.0 (Windows NT 10.0; WOW64; Trident/7.0; rv:11.0) like Gecko"
83.219.165.34 - - [18/Feb/2020:10:40:38 +0100] "GET /js/checkout.css HTTP/1.1" 304 - "http://renault.activities.at/10260273?dir=DESC&mode=grid&order=name&limit=15&page=3" "Mozilla/5.0 (Windows NT 10.0; WOW64; Trident/7.0; rv:11.0) like Gecko"
83.219.165.34 - - [18/Feb/2020:10:40:38 +0100] "GET /css/prototip.css HTTP/1.1" 304 - "http://renault.activities.at/10260273?dir=DESC&mode=grid&order=name&limit=15&page=3" "Mozilla/5.0 (Windows NT 10.0; WOW64; Trident/7.0; rv:11.0) like Gecko"
83.219.165.34 - - [18/Feb/2020:10:40:38 +0100] "GET /css/themes/default.css HTTP/1.1" 304 - "http://renault.activities.at/10260273?dir=DESC&mode=grid&order=name&limit=15&page=3" "Mozilla/5.0 (Windows NT 10.0; WOW64; Trident/7.0; rv:11.0) like Gecko"
83.219.165.34 - - [18/Feb/2020:10:40:38 +0100] "GET /css/themes/alphacube.css HTTP/1.1" 304 - "http://renault.activities.at/10260273?dir=DESC&mode=grid&order=name&limit=15&page=3" "Mozilla/5.0 (Windows NT 10.0; WOW64; Trident/7.0; rv:11.0) like Gecko"
83.219.165.34 - - [18/Feb/2020:10:40:38 +0100] "GET /js/ProduktGrp.js HTTP/1.1" 304 - "http://renault.activities.at/10260273?dir=DESC&mode=grid&order=name&limit=15&page=3" "Mozilla/5.0 (Windows NT 10.0; WOW64; Trident/7.0; rv:11.0) like Gecko"
83.219.165.34 - - [18/Feb/2020:10:40:38 +0100] "GET /images/loading.gif HTTP/1.1" 304 - "http://renault.activities.at/10260273?dir=DESC&mode=grid&order=name&limit=15&page=3" "Mozilla/5.0 (Windows NT 10.0; WOW64; Trident/7.0; rv:11.0) like Gecko"
83.219.165.34 - - [18/Feb/2020:10:40:38 +0100] "GET /images/main_block_corner_left_bot.gif HTTP/1.1" 304 - "http://renault.activities.at/10260273?dir=DESC&mode=grid&order=name&limit=15&page=3" "Mozilla/5.0 (Windows NT 10.0; WOW64; Trident/7.0; rv:11.0) like Gecko"
83.219.165.34 - - [18/Feb/2020:10:40:38 +0100] "GET /images/header_block_border.gif HTTP/1.1" 304 - "http://renault.activities.at/10260273?dir=DESC&mode=grid&order=name&limit=15&page=3" "Mozilla/5.0 (Windows NT 10.0; WOW64; Trident/7.0; rv:11.0) like Gecko"
83.219.165.34 - - [18/Feb/2020:10:40:38 +0100] "GET /images/search_bg.gif HTTP/1.1" 304 - "http://renault.activities.at/10260273?dir=DESC&mode=grid&order=name&limit=15&page=3" "Mozilla/5.0 (Windows NT 10.0; WOW64; Trident/7.0; rv:11.0) like Gecko"
83.219.165.34 - - [18/Feb/2020:10:40:38 +0100] "GET /images/main_block_border.gif HTTP/1.1" 304 - "http://renault.activities.at/10260273?dir=DESC&mode=grid&order=name&limit=15&page=3" "Mozilla/5.0 (Windows NT 10.0; WOW64; Trident/7.0; rv:11.0) like Gecko"
83.219.165.34 - - [18/Feb/2020:10:40:38 +0100] "GET /images/main_block_corner_right_bot.gif HTTP/1.1" 304 - "http://renault.activities.at/10260273?dir=DESC&mode=grid&order=name&limit=15&page=3" "Mozilla/5.0 (Windows NT 10.0; WOW64; Trident/7.0; rv:11.0) like Gecko"
83.219.165.34 - - [18/Feb/2020:10:40:38 +0100] "GET /images/main_block_corner_left_top.gif HTTP/1.1" 304 - "http://renault.activities.at/10260273?dir=DESC&mode=grid&order=name&limit=15&page=3" "Mozilla/5.0 (Windows NT 10.0; WOW64; Trident/7.0; rv:11.0) like Gecko"
83.219.165.34 - - [18/Feb/2020:10:40:38 +0100] "GET /loadthumbnail.php?id=11895725&width=113 HTTP/1.1" 200 2960 "http://renault.activities.at/10260273?dir=DESC&mode=grid&order=name&limit=15&page=3" "Mozilla/5.0 (Windows NT 10.0; WOW64; Trident/7.0; rv:11.0) like Gecko"
83.219.165.34 - - [18/Feb/2020:10:40:38 +0100] "GET /loadthumbnail.php?id=11847427&width=113 HTTP/1.1" 200 2698 "http://renault.activities.at/10260273?dir=DESC&mode=grid&order=name&limit=15&page=3" "Mozilla/5.0 (Windows NT 10.0; WOW64; Trident/7.0; rv:11.0) like Gecko"
83.219.165.34 - - [18/Feb/2020:10:40:38 +0100] "GET /loadthumbnail.php?id=11819630&width=113 HTTP/1.1" 200 2902 "http://renault.activities.at/10260273?dir=DESC&mode=grid&order=name&limit=15&page=3" "Mozilla/5.0 (Windows NT 10.0; WOW64; Trident/7.0; rv:11.0) like Gecko"
83.219.165.34 - - [18/Feb/2020:10:40:38 +0100] "GET /loadthumbnail.php?id=12018229&width=113 HTTP/1.1" 200 2908 "http://renault.activities.at/10260273?dir=DESC&mode=grid&order=name&limit=15&page=3" "Mozilla/5.0 (Windows NT 10.0; WOW64; Trident/7.0; rv:11.0) like Gecko"
83.219.165.34 - - [18/Feb/2020:10:40:38 +0100] "GET /loadthumbnail.php?id=11643691&width=113 HTTP/1.1" 200 3164 "http://renault.activities.at/10260273?dir=DESC&mode=grid&order=name&limit=15&page=3" "Mozilla/5.0 (Windows NT 10.0; WOW64; Trident/7.0; rv:11.0) like Gecko"
83.219.165.34 - - [18/Feb/2020:10:40:38 +0100] "GET /images/main_block_corner_right_top.gif HTTP/1.1" 304 - "http://renault.activities.at/10260273?dir=DESC&mode=grid&order=name&limit=15&page=3" "Mozilla/5.0 (Windows NT 10.0; WOW64; Trident/7.0; rv:11.0) like Gecko"
83.219.165.34 - - [18/Feb/2020:10:40:38 +0100] "GET /images/header_block_corner_left_top.gif HTTP/1.1" 304 - "http://renault.activities.at/10260273?dir=DESC&mode=grid&order=name&limit=15&page=3" "Mozilla/5.0 (Windows NT 10.0; WOW64; Trident/7.0; rv:11.0) like Gecko"
83.219.165.34 - - [18/Feb/2020:10:40:38 +0100] "GET /images/header_block_corner_right_top.gif HTTP/1.1" 304 - "http://renault.activities.at/10260273?dir=DESC&mode=grid&order=name&limit=15&page=3" "Mozilla/5.0 (Windows NT 10.0; WOW64; Trident/7.0; rv:11.0) like Gecko"
83.219.165.34 - - [18/Feb/2020:10:40:38 +0100] "GET /images/sidebar_title_border_top.gif HTTP/1.1" 304 - "http://renault.activities.at/10260273?dir=DESC&mode=grid&order=name&limit=15&page=3" "Mozilla/5.0 (Windows NT 10.0; WOW64; Trident/7.0; rv:11.0) like Gecko"
83.219.165.34 - - [18/Feb/2020:10:40:38 +0100] "GET /images/nav_divider.gif HTTP/1.1" 304 - "http://renault.activities.at/10260273?dir=DESC&mode=grid&order=name&limit=15&page=3" "Mozilla/5.0 (Windows NT 10.0; WOW64; Trident/7.0; rv:11.0) like Gecko"
83.219.165.34 - - [18/Feb/2020:10:40:38 +0100] "GET /images/button_bg.gif HTTP/1.1" 304 - "http://renault.activities.at/10260273?dir=DESC&mode=grid&order=name&limit=15&page=3" "Mozilla/5.0 (Windows NT 10.0; WOW64; Trident/7.0; rv:11.0) like Gecko"
83.219.165.34 - - [18/Feb/2020:10:40:38 +0100] "GET /images/footer_divider.gif HTTP/1.1" 304 - "http://renault.activities.at/10260273?dir=DESC&mode=grid&order=name&limit=15&page=3" "Mozilla/5.0 (Windows NT 10.0; WOW64; Trident/7.0; rv:11.0) like Gecko"
83.219.165.34 - - [18/Feb/2020:10:40:38 +0100] "GET /images/title_border.jpg HTTP/1.1" 304 - "http://renault.activities.at/10260273?dir=DESC&mode=grid&order=name&limit=15&page=3" "Mozilla/5.0 (Windows NT 10.0; WOW64; Trident/7.0; rv:11.0) like Gecko"
83.219.165.34 - - [18/Feb/2020:10:40:38 +0100] "GET /images/button_left_bg.gif HTTP/1.1" 304 - "http://renault.activities.at/10260273?dir=DESC&mode=grid&order=name&limit=15&page=3" "Mozilla/5.0 (Windows NT 10.0; WOW64; Trident/7.0; rv:11.0) like Gecko"
83.219.165.34 - - [18/Feb/2020:10:40:38 +0100] "GET /images/sidebar_title_border.gif HTTP/1.1" 304 - "http://renault.activities.at/10260273?dir=DESC&mode=grid&order=name&limit=15&page=3" "Mozilla/5.0 (Windows NT 10.0; WOW64; Trident/7.0; rv:11.0) like Gecko"
83.219.165.34 - - [18/Feb/2020:10:40:38 +0100] "GET /images/menu_divider.gif HTTP/1.1" 304 - "http://renault.activities.at/10260273?dir=DESC&mode=grid&order=name&limit=15&page=3" "Mozilla/5.0 (Windows NT 10.0; WOW64; Trident/7.0; rv:11.0) like Gecko"
83.219.165.34 - - [18/Feb/2020:10:40:38 +0100] "GET /images/top_links_divider.gif HTTP/1.1" 304 - "http://renault.activities.at/10260273?dir=DESC&mode=grid&order=name&limit=15&page=3" "Mozilla/5.0 (Windows NT 10.0; WOW64; Trident/7.0; rv:11.0) like Gecko"
83.219.165.34 - - [18/Feb/2020:10:40:38 +0100] "GET /images/title_border_top.jpg HTTP/1.1" 304 - "http://renault.activities.at/10260273?dir=DESC&mode=grid&order=name&limit=15&page=3" "Mozilla/5.0 (Windows NT 10.0; WOW64; Trident/7.0; rv:11.0) like Gecko"
83.219.165.34 - - [18/Feb/2020:10:40:38 +0100] "GET /images/sidebar_title_corner_left_top.gif HTTP/1.1" 304 - "http://renault.activities.at/10260273?dir=DESC&mode=grid&order=name&limit=15&page=3" "Mozilla/5.0 (Windows NT 10.0; WOW64; Trident/7.0; rv:11.0) like Gecko"
83.219.165.34 - - [18/Feb/2020:10:40:38 +0100] "GET /images/sidebar_title_corner_right_top.gif HTTP/1.1" 304 - "http://renault.activities.at/10260273?dir=DESC&mode=grid&order=name&limit=15&page=3" "Mozilla/5.0 (Windows NT 10.0; WOW64; Trident/7.0; rv:11.0) like Gecko"
83.219.165.34 - - [18/Feb/2020:10:40:38 +0100] "GET /images/button_right_bg.gif HTTP/1.1" 304 - "http://renault.activities.at/10260273?dir=DESC&mode=grid&order=name&limit=15&page=3" "Mozilla/5.0 (Windows NT 10.0; WOW64; Trident/7.0; rv:11.0) like Gecko"
83.219.165.34 - - [18/Feb/2020:10:40:38 +0100] "GET /images/title_corner_right_top.jpg HTTP/1.1" 304 - "http://renault.activities.at/10260273?dir=DESC&mode=grid&order=name&limit=15&page=3" "Mozilla/5.0 (Windows NT 10.0; WOW64; Trident/7.0; rv:11.0) like Gecko"
83.219.165.34 - - [18/Feb/2020:10:40:38 +0100] "GET /images/title_corner_left_top.jpg HTTP/1.1" 304 - "http://renault.activities.at/10260273?dir=DESC&mode=grid&order=name&limit=15&page=3" "Mozilla/5.0 (Windows NT 10.0; WOW64; Trident/7.0; rv:11.0) like Gecko"
83.219.165.34 - - [18/Feb/2020:10:40:38 +0100] "GET /images/vista-up.gif HTTP/1.1" 304 - "http://renault.activities.at/10260273?dir=DESC&mode=grid&order=name&limit=15&page=3" "Mozilla/5.0 (Windows NT 10.0; WOW64; Trident/7.0; rv:11.0) like Gecko"
83.219.165.34 - - [18/Feb/2020:10:40:38 +0100] "GET /images/pager_bg.gif HTTP/1.1" 304 - "http://renault.activities.at/10260273?dir=DESC&mode=grid&order=name&limit=15&page=3" "Mozilla/5.0 (Windows NT 10.0; WOW64; Trident/7.0; rv:11.0) like Gecko"
83.219.165.34 - - [18/Feb/2020:10:40:38 +0100] "GET /images/validation_advice_bg.gif HTTP/1.1" 304 - "http://renault.activities.at/10260273?dir=DESC&mode=grid&order=name&limit=15&page=3" "Mozilla/5.0 (Windows NT 10.0; WOW64; Trident/7.0; rv:11.0) like Gecko"
83.219.165.34 - - [18/Feb/2020:10:40:38 +0100] "GET /images/vista-dn.gif HTTP/1.1" 304 - "http://renault.activities.at/10260273?dir=DESC&mode=grid&order=name&limit=15&page=3" "Mozilla/5.0 (Windows NT 10.0; WOW64; Trident/7.0; rv:11.0) like Gecko"
83.219.165.34 - - [18/Feb/2020:10:40:38 +0100] "GET /images/menu_button_bg.jpg HTTP/1.1" 304 - "http://renault.activities.at/10260273?dir=DESC&mode=grid&order=name&limit=15&page=3" "Mozilla/5.0 (Windows NT 10.0; WOW64; Trident/7.0; rv:11.0) like Gecko"
153.92.113.152 - - [18/Feb/2020:10:40:43 +0100] "GET /null HTTP/1.1" 200 3615 "http://renault.activities.at/result?searchterm=true&search=sandero" "Mozilla/5.0 (Windows NT 6.1; WOW64; Trident/7.0; rv:11.0) like Gecko"
153.92.113.152 - - [18/Feb/2020:10:40:45 +0100] "GET /reload?ser=1582018845380 HTTP/1.1" 200 28 "http://renault.activities.at/result?searchterm=true&search=sandero" "Mozilla/5.0 (Windows NT 6.1; WOW64; Trident/7.0; rv:11.0) like Gecko"
91.133.70.9 - - [18/Feb/2020:10:40:47 +0100] "GET /checkout HTTP/1.1" 200 10251 "http://renault.activities.at/result?searchterm=true&search=Sandero" "Mozilla/5.0 (Windows NT 10.0; WOW64; Trident/7.0; rv:11.0) like Gecko"
91.133.70.9 - - [18/Feb/2020:10:40:52 +0100] "GET /images/ajax_loading.gif HTTP/1.1" 200 1542 "http://renault.activities.at/checkout" "Mozilla/5.0 (Windows NT 10.0; WOW64; Trident/7.0; rv:11.0) like Gecko"
91.133.70.9 - - [18/Feb/2020:10:40:52 +0100] "GET /js/checkout2.js HTTP/1.1" 200 4122 "http://renault.activities.at/checkout" "Mozilla/5.0 (Windows NT 10.0; WOW64; Trident/7.0; rv:11.0) like Gecko"
91.133.70.9 - - [18/Feb/2020:10:40:52 +0100] "GET /loadthumbnail.php?id=10201939 HTTP/1.1" 200 201 "http://renault.activities.at/checkout" "Mozilla/5.0 (Windows NT 10.0; WOW64; Trident/7.0; rv:11.0) like Gecko"
91.133.70.9 - - [18/Feb/2020:10:40:52 +0100] "GET /images/step_bg.jpg HTTP/1.1" 200 319 "http://renault.activities.at/checkout" "Mozilla/5.0 (Windows NT 10.0; WOW64; Trident/7.0; rv:11.0) like Gecko"
91.133.70.9 - - [18/Feb/2020:10:40:52 +0100] "GET /loadthumbnail.php?id=10202698 HTTP/1.1" 200 16686 "http://renault.activities.at/checkout" "Mozilla/5.0 (Windows NT 10.0; WOW64; Trident/7.0; rv:11.0) like Gecko"
91.133.70.9 - - [18/Feb/2020:10:40:52 +0100] "GET /images/checkout_border_top.gif HTTP/1.1" 200 156 "http://renault.activities.at/checkout" "Mozilla/5.0 (Windows NT 10.0; WOW64; Trident/7.0; rv:11.0) like Gecko"
91.133.70.9 - - [18/Feb/2020:10:40:52 +0100] "GET /images/step_marker.gif HTTP/1.1" 200 650 "http://renault.activities.at/checkout" "Mozilla/5.0 (Windows NT 10.0; WOW64; Trident/7.0; rv:11.0) like Gecko"
91.133.70.9 - - [18/Feb/2020:10:40:52 +0100] "GET /images/checkout_border.gif HTTP/1.1" 200 43 "http://renault.activities.at/checkout" "Mozilla/5.0 (Windows NT 10.0; WOW64; Trident/7.0; rv:11.0) like Gecko"
153.92.113.152 - - [18/Feb/2020:10:40:50 +0100] "GET /11715002?print=true HTTP/1.1" 200 2660 "http://renault.activities.at/result?searchterm=true&search=sandero" "Mozilla/5.0 (Windows NT 6.1; WOW64; Trident/7.0; rv:11.0) like Gecko"
153.92.113.152 - - [18/Feb/2020:10:40:53 +0100] "GET /loadthumbnail.php?id=11715005&width=250 HTTP/1.1" 200 129860 "http://renault.activities.at/11715002?print=true" "Mozilla/5.0 (Windows NT 6.1; WOW64; Trident/7.0; rv:11.0) like Gecko"
153.92.113.152 - - [18/Feb/2020:10:40:53 +0100] "GET /loadthumbnail.php?id=11715005&width=900&height=900 HTTP/1.1" 200 657751 "http://renault.activities.at/11715002?print=true" "Mozilla/5.0 (Windows NT 6.1; WOW64; Trident/7.0; rv:11.0) like Gecko"
83.219.165.34 - - [18/Feb/2020:10:40:53 +0100] "GET /10260273?dir=DESC&mode=grid&order=name&limit=15&page=2 HTTP/1.1" 200 9055 "http://renault.activities.at/10260273?dir=DESC&mode=grid&order=name&limit=15&page=3" "Mozilla/5.0 (Windows NT 10.0; WOW64; Trident/7.0; rv:11.0) like Gecko"
83.219.165.34 - - [18/Feb/2020:10:40:54 +0100] "GET /js/default.js HTTP/1.1" 304 - "http://renault.activities.at/10260273?dir=DESC&mode=grid&order=name&limit=15&page=2" "Mozilla/5.0 (Windows NT 10.0; WOW64; Trident/7.0; rv:11.0) like Gecko"
83.219.165.34 - - [18/Feb/2020:10:40:54 +0100] "GET /js/prototip.js HTTP/1.1" 304 - "http://renault.activities.at/10260273?dir=DESC&mode=grid&order=name&limit=15&page=2" "Mozilla/5.0 (Windows NT 10.0; WOW64; Trident/7.0; rv:11.0) like Gecko"
83.219.165.34 - - [18/Feb/2020:10:40:54 +0100] "GET /css/reset.css HTTP/1.1" 304 - "http://renault.activities.at/10260273?dir=DESC&mode=grid&order=name&limit=15&page=2" "Mozilla/5.0 (Windows NT 10.0; WOW64; Trident/7.0; rv:11.0) like Gecko"
83.219.165.34 - - [18/Feb/2020:10:40:54 +0100] "GET /css/styles.css HTTP/1.1" 304 - "http://renault.activities.at/10260273?dir=DESC&mode=grid&order=name&limit=15&page=2" "Mozilla/5.0 (Windows NT 10.0; WOW64; Trident/7.0; rv:11.0) like Gecko"
83.219.165.34 - - [18/Feb/2020:10:40:54 +0100] "GET /css/clears.css HTTP/1.1" 304 - "http://renault.activities.at/10260273?dir=DESC&mode=grid&order=name&limit=15&page=2" "Mozilla/5.0 (Windows NT 10.0; WOW64; Trident/7.0; rv:11.0) like Gecko"
83.219.165.34 - - [18/Feb/2020:10:40:54 +0100] "GET /css/print.css HTTP/1.1" 304 - "http://renault.activities.at/10260273?dir=DESC&mode=grid&order=name&limit=15&page=2" "Mozilla/5.0 (Windows NT 10.0; WOW64; Trident/7.0; rv:11.0) like Gecko"
83.219.165.34 - - [18/Feb/2020:10:40:54 +0100] "GET /js/checkout.css HTTP/1.1" 304 - "http://renault.activities.at/10260273?dir=DESC&mode=grid&order=name&limit=15&page=2" "Mozilla/5.0 (Windows NT 10.0; WOW64; Trident/7.0; rv:11.0) like Gecko"
83.219.165.34 - - [18/Feb/2020:10:40:54 +0100] "GET /css/prototip.css HTTP/1.1" 304 - "http://renault.activities.at/10260273?dir=DESC&mode=grid&order=name&limit=15&page=2" "Mozilla/5.0 (Windows NT 10.0; WOW64; Trident/7.0; rv:11.0) like Gecko"
83.219.165.34 - - [18/Feb/2020:10:40:54 +0100] "GET /css/themes/default.css HTTP/1.1" 304 - "http://renault.activities.at/10260273?dir=DESC&mode=grid&order=name&limit=15&page=2" "Mozilla/5.0 (Windows NT 10.0; WOW64; Trident/7.0; rv:11.0) like Gecko"
83.219.165.34 - - [18/Feb/2020:10:40:54 +0100] "GET /css/themes/alphacube.css HTTP/1.1" 304 - "http://renault.activities.at/10260273?dir=DESC&mode=grid&order=name&limit=15&page=2" "Mozilla/5.0 (Windows NT 10.0; WOW64; Trident/7.0; rv:11.0) like Gecko"
83.219.165.34 - - [18/Feb/2020:10:40:54 +0100] "GET /js/ProduktGrp.js HTTP/1.1" 304 - "http://renault.activities.at/10260273?dir=DESC&mode=grid&order=name&limit=15&page=2" "Mozilla/5.0 (Windows NT 10.0; WOW64; Trident/7.0; rv:11.0) like Gecko"
83.219.165.34 - - [18/Feb/2020:10:40:54 +0100] "GET /images/loading.gif HTTP/1.1" 304 - "http://renault.activities.at/10260273?dir=DESC&mode=grid&order=name&limit=15&page=2" "Mozilla/5.0 (Windows NT 10.0; WOW64; Trident/7.0; rv:11.0) like Gecko"
83.219.165.34 - - [18/Feb/2020:10:40:54 +0100] "GET /images/header_block_border.gif HTTP/1.1" 304 - "http://renault.activities.at/10260273?dir=DESC&mode=grid&order=name&limit=15&page=2" "Mozilla/5.0 (Windows NT 10.0; WOW64; Trident/7.0; rv:11.0) like Gecko"
83.219.165.34 - - [18/Feb/2020:10:40:54 +0100] "GET /images/header_block_corner_left_top.gif HTTP/1.1" 304 - "http://renault.activities.at/10260273?dir=DESC&mode=grid&order=name&limit=15&page=2" "Mozilla/5.0 (Windows NT 10.0; WOW64; Trident/7.0; rv:11.0) like Gecko"
83.219.165.34 - - [18/Feb/2020:10:40:54 +0100] "GET /images/header_block_corner_right_top.gif HTTP/1.1" 304 - "http://renault.activities.at/10260273?dir=DESC&mode=grid&order=name&limit=15&page=2" "Mozilla/5.0 (Windows NT 10.0; WOW64; Trident/7.0; rv:11.0) like Gecko"
83.219.165.34 - - [18/Feb/2020:10:40:54 +0100] "GET /images/search_bg.gif HTTP/1.1" 304 - "http://renault.activities.at/10260273?dir=DESC&mode=grid&order=name&limit=15&page=2" "Mozilla/5.0 (Windows NT 10.0; WOW64; Trident/7.0; rv:11.0) like Gecko"
83.219.165.34 - - [18/Feb/2020:10:40:54 +0100] "GET /images/main_block_border.gif HTTP/1.1" 304 - "http://renault.activities.at/10260273?dir=DESC&mode=grid&order=name&limit=15&page=2" "Mozilla/5.0 (Windows NT 10.0; WOW64; Trident/7.0; rv:11.0) like Gecko"
83.219.165.34 - - [18/Feb/2020:10:40:54 +0100] "GET /images/main_block_corner_left_bot.gif HTTP/1.1" 304 - "http://renault.activities.at/10260273?dir=DESC&mode=grid&order=name&limit=15&page=2" "Mozilla/5.0 (Windows NT 10.0; WOW64; Trident/7.0; rv:11.0) like Gecko"
83.219.165.34 - - [18/Feb/2020:10:40:54 +0100] "GET /images/main_block_corner_right_top.gif HTTP/1.1" 304 - "http://renault.activities.at/10260273?dir=DESC&mode=grid&order=name&limit=15&page=2" "Mozilla/5.0 (Windows NT 10.0; WOW64; Trident/7.0; rv:11.0) like Gecko"
83.219.165.34 - - [18/Feb/2020:10:40:54 +0100] "GET /images/main_block_corner_right_bot.gif HTTP/1.1" 304 - "http://renault.activities.at/10260273?dir=DESC&mode=grid&order=name&limit=15&page=2" "Mozilla/5.0 (Windows NT 10.0; WOW64; Trident/7.0; rv:11.0) like Gecko"
83.219.165.34 - - [18/Feb/2020:10:40:54 +0100] "GET /images/main_block_corner_left_top.gif HTTP/1.1" 304 - "http://renault.activities.at/10260273?dir=DESC&mode=grid&order=name&limit=15&page=2" "Mozilla/5.0 (Windows NT 10.0; WOW64; Trident/7.0; rv:11.0) like Gecko"
83.219.165.34 - - [18/Feb/2020:10:40:54 +0100] "GET /images/menu_button_bg.jpg HTTP/1.1" 304 - "http://renault.activities.at/10260273?dir=DESC&mode=grid&order=name&limit=15&page=2" "Mozilla/5.0 (Windows NT 10.0; WOW64; Trident/7.0; rv:11.0) like Gecko"
83.219.165.34 - - [18/Feb/2020:10:40:54 +0100] "GET /images/menu_divider.gif HTTP/1.1" 304 - "http://renault.activities.at/10260273?dir=DESC&mode=grid&order=name&limit=15&page=2" "Mozilla/5.0 (Windows NT 10.0; WOW64; Trident/7.0; rv:11.0) like Gecko"
83.219.165.34 - - [18/Feb/2020:10:40:54 +0100] "GET /images/footer_divider.gif HTTP/1.1" 304 - "http://renault.activities.at/10260273?dir=DESC&mode=grid&order=name&limit=15&page=2" "Mozilla/5.0 (Windows NT 10.0; WOW64; Trident/7.0; rv:11.0) like Gecko"
83.219.165.34 - - [18/Feb/2020:10:40:54 +0100] "GET /images/title_border.jpg HTTP/1.1" 304 - "http://renault.activities.at/10260273?dir=DESC&mode=grid&order=name&limit=15&page=2" "Mozilla/5.0 (Windows NT 10.0; WOW64; Trident/7.0; rv:11.0) like Gecko"
83.219.165.34 - - [18/Feb/2020:10:40:54 +0100] "GET /images/nav_divider.gif HTTP/1.1" 304 - "http://renault.activities.at/10260273?dir=DESC&mode=grid&order=name&limit=15&page=2" "Mozilla/5.0 (Windows NT 10.0; WOW64; Trident/7.0; rv:11.0) like Gecko"
83.219.165.34 - - [18/Feb/2020:10:40:54 +0100] "GET /images/button_left_bg.gif HTTP/1.1" 304 - "http://renault.activities.at/10260273?dir=DESC&mode=grid&order=name&limit=15&page=2" "Mozilla/5.0 (Windows NT 10.0; WOW64; Trident/7.0; rv:11.0) like Gecko"
83.219.165.34 - - [18/Feb/2020:10:40:54 +0100] "GET /images/sidebar_title_border_top.gif HTTP/1.1" 304 - "http://renault.activities.at/10260273?dir=DESC&mode=grid&order=name&limit=15&page=2" "Mozilla/5.0 (Windows NT 10.0; WOW64; Trident/7.0; rv:11.0) like Gecko"
83.219.165.34 - - [18/Feb/2020:10:40:54 +0100] "GET /images/sidebar_title_border.gif HTTP/1.1" 304 - "http://renault.activities.at/10260273?dir=DESC&mode=grid&order=name&limit=15&page=2" "Mozilla/5.0 (Windows NT 10.0; WOW64; Trident/7.0; rv:11.0) like Gecko"
83.219.165.34 - - [18/Feb/2020:10:40:54 +0100] "GET /images/button_right_bg.gif HTTP/1.1" 304 - "http://renault.activities.at/10260273?dir=DESC&mode=grid&order=name&limit=15&page=2" "Mozilla/5.0 (Windows NT 10.0; WOW64; Trident/7.0; rv:11.0) like Gecko"
83.219.165.34 - - [18/Feb/2020:10:40:54 +0100] "GET /images/button_bg.gif HTTP/1.1" 304 - "http://renault.activities.at/10260273?dir=DESC&mode=grid&order=name&limit=15&page=2" "Mozilla/5.0 (Windows NT 10.0; WOW64; Trident/7.0; rv:11.0) like Gecko"
83.219.165.34 - - [18/Feb/2020:10:40:54 +0100] "GET /images/top_links_divider.gif HTTP/1.1" 304 - "http://renault.activities.at/10260273?dir=DESC&mode=grid&order=name&limit=15&page=2" "Mozilla/5.0 (Windows NT 10.0; WOW64; Trident/7.0; rv:11.0) like Gecko"
83.219.165.34 - - [18/Feb/2020:10:40:54 +0100] "GET /images/vista-up.gif HTTP/1.1" 304 - "http://renault.activities.at/10260273?dir=DESC&mode=grid&order=name&limit=15&page=2" "Mozilla/5.0 (Windows NT 10.0; WOW64; Trident/7.0; rv:11.0) like Gecko"
83.219.165.34 - - [18/Feb/2020:10:40:54 +0100] "GET /images/pager_bg.gif HTTP/1.1" 304 - "http://renault.activities.at/10260273?dir=DESC&mode=grid&order=name&limit=15&page=2" "Mozilla/5.0 (Windows NT 10.0; WOW64; Trident/7.0; rv:11.0) like Gecko"
83.219.165.34 - - [18/Feb/2020:10:40:54 +0100] "GET /images/title_corner_left_top.jpg HTTP/1.1" 304 - "http://renault.activities.at/10260273?dir=DESC&mode=grid&order=name&limit=15&page=2" "Mozilla/5.0 (Windows NT 10.0; WOW64; Trident/7.0; rv:11.0) like Gecko"
83.219.165.34 - - [18/Feb/2020:10:40:54 +0100] "GET /images/sidebar_title_corner_left_top.gif HTTP/1.1" 304 - "http://renault.activities.at/10260273?dir=DESC&mode=grid&order=name&limit=15&page=2" "Mozilla/5.0 (Windows NT 10.0; WOW64; Trident/7.0; rv:11.0) like Gecko"
83.219.165.34 - - [18/Feb/2020:10:40:54 +0100] "GET /images/sidebar_title_corner_right_top.gif HTTP/1.1" 304 - "http://renault.activities.at/10260273?dir=DESC&mode=grid&order=name&limit=15&page=2" "Mozilla/5.0 (Windows NT 10.0; WOW64; Trident/7.0; rv:11.0) like Gecko"
83.219.165.34 - - [18/Feb/2020:10:40:54 +0100] "GET /images/title_corner_right_top.jpg HTTP/1.1" 304 - "http://renault.activities.at/10260273?dir=DESC&mode=grid&order=name&limit=15&page=2" "Mozilla/5.0 (Windows NT 10.0; WOW64; Trident/7.0; rv:11.0) like Gecko"
83.219.165.34 - - [18/Feb/2020:10:40:54 +0100] "GET /images/title_border_top.jpg HTTP/1.1" 304 - "http://renault.activities.at/10260273?dir=DESC&mode=grid&order=name&limit=15&page=2" "Mozilla/5.0 (Windows NT 10.0; WOW64; Trident/7.0; rv:11.0) like Gecko"
83.219.165.34 - - [18/Feb/2020:10:40:54 +0100] "GET /images/validation_advice_bg.gif HTTP/1.1" 304 - "http://renault.activities.at/10260273?dir=DESC&mode=grid&order=name&limit=15&page=2" "Mozilla/5.0 (Windows NT 10.0; WOW64; Trident/7.0; rv:11.0) like Gecko"
83.219.165.34 - - [18/Feb/2020:10:40:54 +0100] "GET /images/vista-dn.gif HTTP/1.1" 304 - "http://renault.activities.at/10260273?dir=DESC&mode=grid&order=name&limit=15&page=2" "Mozilla/5.0 (Windows NT 10.0; WOW64; Trident/7.0; rv:11.0) like Gecko"
153.92.113.152 - - [18/Feb/2020:10:40:54 +0100] "GET /graphics/zoomin.cur HTTP/1.1" 200 3615 "http://renault.activities.at/11715002?print=true" "Mozilla/5.0 (Windows NT 6.1; WOW64; Trident/7.0; rv:11.0) like Gecko"
91.133.70.9 - - [18/Feb/2020:10:40:54 +0100] "POST /docheckout HTTP/1.1" 200 458 "http://renault.activities.at/checkout" "Mozilla/5.0 (Windows NT 10.0; WOW64; Trident/7.0; rv:11.0) like Gecko"
91.133.70.9 - - [18/Feb/2020:10:40:58 +0100] "POST /docheckout HTTP/1.1" 200 718 "http://renault.activities.at/checkout" "Mozilla/5.0 (Windows NT 10.0; WOW64; Trident/7.0; rv:11.0) like Gecko"
91.133.70.9 - - [18/Feb/2020:10:40:59 +0100] "GET /images/error_msg_icon.gif HTTP/1.1" 200 1013 "http://renault.activities.at/checkout" "Mozilla/5.0 (Windows NT 10.0; WOW64; Trident/7.0; rv:11.0) like Gecko"
83.219.165.34 - - [18/Feb/2020:10:40:56 +0100] "GET /10260273?dir=DESC&mode=grid&order=name&limit=15&page=1 HTTP/1.1" 200 9155 "http://renault.activities.at/10260273?dir=DESC&mode=grid&order=name&limit=15&page=2" "Mozilla/5.0 (Windows NT 10.0; WOW64; Trident/7.0; rv:11.0) like Gecko"
83.219.165.34 - - [18/Feb/2020:10:41:00 +0100] "GET /js/default.js HTTP/1.1" 304 - "http://renault.activities.at/10260273?dir=DESC&mode=grid&order=name&limit=15&page=1" "Mozilla/5.0 (Windows NT 10.0; WOW64; Trident/7.0; rv:11.0) like Gecko"
83.219.165.34 - - [18/Feb/2020:10:41:00 +0100] "GET /js/prototip.js HTTP/1.1" 304 - "http://renault.activities.at/10260273?dir=DESC&mode=grid&order=name&limit=15&page=1" "Mozilla/5.0 (Windows NT 10.0; WOW64; Trident/7.0; rv:11.0) like Gecko"
83.219.165.34 - - [18/Feb/2020:10:41:00 +0100] "GET /css/reset.css HTTP/1.1" 304 - "http://renault.activities.at/10260273?dir=DESC&mode=grid&order=name&limit=15&page=1" "Mozilla/5.0 (Windows NT 10.0; WOW64; Trident/7.0; rv:11.0) like Gecko"
83.219.165.34 - - [18/Feb/2020:10:41:00 +0100] "GET /css/styles.css HTTP/1.1" 304 - "http://renault.activities.at/10260273?dir=DESC&mode=grid&order=name&limit=15&page=1" "Mozilla/5.0 (Windows NT 10.0; WOW64; Trident/7.0; rv:11.0) like Gecko"
83.219.165.34 - - [18/Feb/2020:10:41:00 +0100] "GET /css/clears.css HTTP/1.1" 304 - "http://renault.activities.at/10260273?dir=DESC&mode=grid&order=name&limit=15&page=1" "Mozilla/5.0 (Windows NT 10.0; WOW64; Trident/7.0; rv:11.0) like Gecko"
83.219.165.34 - - [18/Feb/2020:10:41:00 +0100] "GET /css/print.css HTTP/1.1" 304 - "http://renault.activities.at/10260273?dir=DESC&mode=grid&order=name&limit=15&page=1" "Mozilla/5.0 (Windows NT 10.0; WOW64; Trident/7.0; rv:11.0) like Gecko"
83.219.165.34 - - [18/Feb/2020:10:41:00 +0100] "GET /js/checkout.css HTTP/1.1" 304 - "http://renault.activities.at/10260273?dir=DESC&mode=grid&order=name&limit=15&page=1" "Mozilla/5.0 (Windows NT 10.0; WOW64; Trident/7.0; rv:11.0) like Gecko"
83.219.165.34 - - [18/Feb/2020:10:41:00 +0100] "GET /css/prototip.css HTTP/1.1" 304 - "http://renault.activities.at/10260273?dir=DESC&mode=grid&order=name&limit=15&page=1" "Mozilla/5.0 (Windows NT 10.0; WOW64; Trident/7.0; rv:11.0) like Gecko"
83.219.165.34 - - [18/Feb/2020:10:41:00 +0100] "GET /css/themes/default.css HTTP/1.1" 304 - "http://renault.activities.at/10260273?dir=DESC&mode=grid&order=name&limit=15&page=1" "Mozilla/5.0 (Windows NT 10.0; WOW64; Trident/7.0; rv:11.0) like Gecko"
83.219.165.34 - - [18/Feb/2020:10:41:00 +0100] "GET /css/themes/alphacube.css HTTP/1.1" 304 - "http://renault.activities.at/10260273?dir=DESC&mode=grid&order=name&limit=15&page=1" "Mozilla/5.0 (Windows NT 10.0; WOW64; Trident/7.0; rv:11.0) like Gecko"
83.219.165.34 - - [18/Feb/2020:10:41:00 +0100] "GET /js/ProduktGrp.js HTTP/1.1" 304 - "http://renault.activities.at/10260273?dir=DESC&mode=grid&order=name&limit=15&page=1" "Mozilla/5.0 (Windows NT 10.0; WOW64; Trident/7.0; rv:11.0) like Gecko"
