157.55.39.47 - - [18/Feb/2020:14:23:56 +0100] "GET /loadthumbnail.php?id=11885850&width=113 HTTP/1.1" 200 1552 "-" "msnbot/2.0b (+http://search.msn.com/msnbot.htm)"
40.77.167.103 - - [18/Feb/2020:14:24:00 +0100] "GET /js/prototip.js HTTP/1.1" 200 4588 "-" "msnbot/2.0b (+http://search.msn.com/msnbot.htm)"
40.77.167.103 - - [18/Feb/2020:14:24:00 +0100] "GET /loadthumbnail.php?id=10203276 HTTP/1.1" 200 75 "-" "msnbot/2.0b (+http://search.msn.com/msnbot.htm)"
40.77.167.103 - - [18/Feb/2020:14:24:01 +0100] "GET /loadthumbnail.php?id=10260875&width=113 HTTP/1.1" 200 1170 "-" "msnbot/2.0b (+http://search.msn.com/msnbot.htm)"
40.77.167.103 - - [18/Feb/2020:14:24:01 +0100] "GET /loadthumbnail.php?id=10260877&width=113 HTTP/1.1" 200 1170 "-" "msnbot/2.0b (+http://search.msn.com/msnbot.htm)"
40.77.167.103 - - [18/Feb/2020:14:24:02 +0100] "GET /loadthumbnail.php?id=10746885&width=113 HTTP/1.1" 200 3633 "-" "msnbot/2.0b (+http://search.msn.com/msnbot.htm)"
207.46.13.105 - - [18/Feb/2020:14:24:05 +0100] "GET /loadthumbnail.php?id=10958231&width=113 HTTP/1.1" 200 26171 "-" "msnbot/2.0b (+http://search.msn.com/msnbot.htm)"
207.46.13.105 - - [18/Feb/2020:14:24:06 +0100] "GET /loadthumbnail.php?id=11036127&width=113 HTTP/1.1" 200 1099 "-" "msnbot/2.0b (+http://search.msn.com/msnbot.htm)"
207.46.13.105 - - [18/Feb/2020:14:24:06 +0100] "GET /loadthumbnail.php?id=11036339&width=113 HTTP/1.1" 200 1330 "-" "msnbot/2.0b (+http://search.msn.com/msnbot.htm)"
157.55.39.62 - - [18/Feb/2020:14:24:10 +0100] "GET /10260003?dir=DESC&mode=grid&order=name&limit=15&page=2&cat=10260300 HTTP/1.1" 200 6330 "-" "Mozilla/5.0 (compatible; bingbot/2.0; +http://www.bing.com/bingbot.htm)"
157.55.39.62 - - [18/Feb/2020:14:24:13 +0100] "GET /loadthumbnail.php?id=10260861&width=113 HTTP/1.1" 200 1170 "-" "msnbot/2.0b (+http://search.msn.com/msnbot.htm)"
157.55.39.62 - - [18/Feb/2020:14:24:14 +0100] "GET /loadthumbnail.php?id=10260863&width=113 HTTP/1.1" 200 1170 "-" "msnbot/2.0b (+http://search.msn.com/msnbot.htm)"
157.55.39.62 - - [18/Feb/2020:14:24:14 +0100] "GET /loadthumbnail.php?id=11036124&width=113 HTTP/1.1" 200 1328 "-" "msnbot/2.0b (+http://search.msn.com/msnbot.htm)"
193.194.132.29 - - [18/Feb/2020:14:24:24 +0100] "GET /reload?ser=1582032263944 HTTP/1.1" 200 28 "http://renault.2web.at/account?loadrequest=true" "Mozilla/5.0 (Windows NT 10.0; WOW64; Trident/7.0; Touch; rv:11.0) like Gecko"
157.55.39.47 - - [18/Feb/2020:14:24:32 +0100] "GET /loadthumbnail.php?id=10260890&width=113 HTTP/1.1" 200 1170 "-" "msnbot/2.0b (+http://search.msn.com/msnbot.htm)"
157.55.39.47 - - [18/Feb/2020:14:24:33 +0100] "GET /loadthumbnail.php?id=11141133&width=113 HTTP/1.1" 200 1050 "-" "msnbot/2.0b (+http://search.msn.com/msnbot.htm)"
157.55.39.47 - - [18/Feb/2020:14:24:33 +0100] "GET /loadthumbnail.php?id=11243081&width=113 HTTP/1.1" 200 1218 "-" "msnbot/2.0b (+http://search.msn.com/msnbot.htm)"
80.122.221.194 - - [18/Feb/2020:14:24:42 +0100] "GET /reload?ser=1582032282074 HTTP/1.1" 200 28 "http://renault.activities.at/cart" "Mozilla/5.0 (Windows NT 10.0; Win64; x64) AppleWebKit/537.36 (KHTML, like Gecko) Chrome/70.0.3538.102 Safari/537.36 Edge/18.18363"
91.113.165.162 - - [18/Feb/2020:14:24:43 +0100] "GET /reload?ser=1582032283378 HTTP/1.1" 200 1236 "http://renault.activities.at/result?searchterm=true&search=kleber" "Mozilla/5.0 (Windows NT 10.0; WOW64; Trident/7.0; rv:11.0) like Gecko"
157.55.39.62 - - [18/Feb/2020:14:24:46 +0100] "GET /loadthumbnail.php?id=10915652&width=113 HTTP/1.1" 200 1387 "-" "msnbot/2.0b (+http://search.msn.com/msnbot.htm)"
157.55.39.62 - - [18/Feb/2020:14:24:46 +0100] "GET /loadthumbnail.php?id=11036126&width=113 HTTP/1.1" 200 1377 "-" "msnbot/2.0b (+http://search.msn.com/msnbot.htm)"
40.77.167.103 - - [18/Feb/2020:14:24:59 +0100] "GET /loadthumbnail.php?id=10919466&width=113 HTTP/1.1" 200 1477 "-" "msnbot/2.0b (+http://search.msn.com/msnbot.htm)"
40.77.167.103 - - [18/Feb/2020:14:24:59 +0100] "GET /loadthumbnail.php?id=10995605&width=113 HTTP/1.1" 200 1252 "-" "msnbot/2.0b (+http://search.msn.com/msnbot.htm)"
40.77.167.103 - - [18/Feb/2020:14:25:00 +0100] "GET /loadthumbnail.php?id=11885851&width=113 HTTP/1.1" 200 1576 "-" "msnbot/2.0b (+http://search.msn.com/msnbot.htm)"
193.194.132.29 - - [18/Feb/2020:14:25:25 +0100] "GET /reload?ser=1582032324990 HTTP/1.1" 200 28 "http://renault.2web.at/account?loadrequest=true" "Mozilla/5.0 (Windows NT 10.0; WOW64; Trident/7.0; Touch; rv:11.0) like Gecko"
207.46.13.105 - - [18/Feb/2020:14:25:37 +0100] "GET /loadthumbnail.php?id=10915886&width=113 HTTP/1.1" 200 1376 "-" "msnbot/2.0b (+http://search.msn.com/msnbot.htm)"
80.122.221.194 - - [18/Feb/2020:14:25:43 +0100] "GET /reload?ser=1582032343069 HTTP/1.1" 200 28 "http://renault.activities.at/cart" "Mozilla/5.0 (Windows NT 10.0; Win64; x64) AppleWebKit/537.36 (KHTML, like Gecko) Chrome/70.0.3538.102 Safari/537.36 Edge/18.18363"
91.113.165.162 - - [18/Feb/2020:14:25:43 +0100] "GET /reload?ser=1582032343529 HTTP/1.1" 200 1237 "http://renault.activities.at/result?searchterm=true&search=kleber" "Mozilla/5.0 (Windows NT 10.0; WOW64; Trident/7.0; rv:11.0) like Gecko"
193.194.132.29 - - [18/Feb/2020:14:26:26 +0100] "GET /reload?ser=1582032386056 HTTP/1.1" 200 28 "http://renault.2web.at/account?loadrequest=true" "Mozilla/5.0 (Windows NT 10.0; WOW64; Trident/7.0; Touch; rv:11.0) like Gecko"
91.113.165.162 - - [18/Feb/2020:14:26:43 +0100] "GET /reload?ser=1582032403679 HTTP/1.1" 200 1235 "http://renault.activities.at/result?searchterm=true&search=kleber" "Mozilla/5.0 (Windows NT 10.0; WOW64; Trident/7.0; rv:11.0) like Gecko"
80.122.221.194 - - [18/Feb/2020:14:26:44 +0100] "GET /reload?ser=1582032404082 HTTP/1.1" 200 28 "http://renault.activities.at/cart" "Mozilla/5.0 (Windows NT 10.0; Win64; x64) AppleWebKit/537.36 (KHTML, like Gecko) Chrome/70.0.3538.102 Safari/537.36 Edge/18.18363"
193.194.132.29 - - [18/Feb/2020:14:27:27 +0100] "GET /reload?ser=1582032447129 HTTP/1.1" 200 28 "http://renault.2web.at/account?loadrequest=true" "Mozilla/5.0 (Windows NT 10.0; WOW64; Trident/7.0; Touch; rv:11.0) like Gecko"
91.113.165.162 - - [18/Feb/2020:14:27:44 +0100] "GET /reload?ser=1582032463826 HTTP/1.1" 200 1243 "http://renault.activities.at/result?searchterm=true&search=kleber" "Mozilla/5.0 (Windows NT 10.0; WOW64; Trident/7.0; rv:11.0) like Gecko"
80.122.221.194 - - [18/Feb/2020:14:27:45 +0100] "GET /reload?ser=1582032465079 HTTP/1.1" 200 28 "http://renault.activities.at/cart" "Mozilla/5.0 (Windows NT 10.0; Win64; x64) AppleWebKit/537.36 (KHTML, like Gecko) Chrome/70.0.3538.102 Safari/537.36 Edge/18.18363"
193.194.132.29 - - [18/Feb/2020:14:28:28 +0100] "GET /reload?ser=1582032508203 HTTP/1.1" 200 28 "http://renault.2web.at/account?loadrequest=true" "Mozilla/5.0 (Windows NT 10.0; WOW64; Trident/7.0; Touch; rv:11.0) like Gecko"
91.113.165.162 - - [18/Feb/2020:14:28:44 +0100] "GET /reload?ser=1582032523985 HTTP/1.1" 200 1241 "http://renault.activities.at/result?searchterm=true&search=kleber" "Mozilla/5.0 (Windows NT 10.0; WOW64; Trident/7.0; rv:11.0) like Gecko"
80.122.221.194 - - [18/Feb/2020:14:28:46 +0100] "GET /reload?ser=1582032526068 HTTP/1.1" 200 28 "http://renault.activities.at/cart" "Mozilla/5.0 (Windows NT 10.0; Win64; x64) AppleWebKit/537.36 (KHTML, like Gecko) Chrome/70.0.3538.102 Safari/537.36 Edge/18.18363"
193.194.132.29 - - [18/Feb/2020:14:29:29 +0100] "GET /reload?ser=1582032569297 HTTP/1.1" 200 28 "http://renault.2web.at/account?loadrequest=true" "Mozilla/5.0 (Windows NT 10.0; WOW64; Trident/7.0; Touch; rv:11.0) like Gecko"
157.55.39.62 - - [18/Feb/2020:14:29:32 +0100] "GET /orders HTTP/1.1" 302 150 "-" "Mozilla/5.0 (compatible; bingbot/2.0; +http://www.bing.com/bingbot.htm)"
157.55.39.62 - - [18/Feb/2020:14:29:34 +0100] "GET /login?required=true HTTP/1.1" 200 2085 "-" "Mozilla/5.0 (compatible; bingbot/2.0; +http://www.bing.com/bingbot.htm)"
91.113.165.162 - - [18/Feb/2020:14:29:44 +0100] "GET /reload?ser=1582032584145 HTTP/1.1" 200 1238 "http://renault.activities.at/result?searchterm=true&search=kleber" "Mozilla/5.0 (Windows NT 10.0; WOW64; Trident/7.0; rv:11.0) like Gecko"
80.122.221.194 - - [18/Feb/2020:14:29:47 +0100] "GET /reload?ser=1582032587068 HTTP/1.1" 200 28 "http://renault.activities.at/cart" "Mozilla/5.0 (Windows NT 10.0; Win64; x64) AppleWebKit/537.36 (KHTML, like Gecko) Chrome/70.0.3538.102 Safari/537.36 Edge/18.18363"
91.113.165.162 - - [18/Feb/2020:14:30:44 +0100] "GET /reload?ser=1582032644296 HTTP/1.1" 200 1238 "http://renault.activities.at/result?searchterm=true&search=kleber" "Mozilla/5.0 (Windows NT 10.0; WOW64; Trident/7.0; rv:11.0) like Gecko"
80.122.221.194 - - [18/Feb/2020:14:30:48 +0100] "GET /reload?ser=1582032648073 HTTP/1.1" 200 28 "http://renault.activities.at/cart" "Mozilla/5.0 (Windows NT 10.0; Win64; x64) AppleWebKit/537.36 (KHTML, like Gecko) Chrome/70.0.3538.102 Safari/537.36 Edge/18.18363"
91.113.165.162 - - [18/Feb/2020:14:31:44 +0100] "GET /reload?ser=1582032704443 HTTP/1.1" 200 1233 "http://renault.activities.at/result?searchterm=true&search=kleber" "Mozilla/5.0 (Windows NT 10.0; WOW64; Trident/7.0; rv:11.0) like Gecko"
80.122.221.194 - - [18/Feb/2020:14:31:49 +0100] "GET /reload?ser=1582032709075 HTTP/1.1" 200 28 "http://renault.activities.at/cart" "Mozilla/5.0 (Windows NT 10.0; Win64; x64) AppleWebKit/537.36 (KHTML, like Gecko) Chrome/70.0.3538.102 Safari/537.36 Edge/18.18363"
91.113.165.162 - - [18/Feb/2020:14:32:44 +0100] "GET /reload?ser=1582032764590 HTTP/1.1" 200 1242 "http://renault.activities.at/result?searchterm=true&search=kleber" "Mozilla/5.0 (Windows NT 10.0; WOW64; Trident/7.0; rv:11.0) like Gecko"
80.122.221.194 - - [18/Feb/2020:14:32:50 +0100] "GET /reload?ser=1582032770082 HTTP/1.1" 200 28 "http://renault.activities.at/cart" "Mozilla/5.0 (Windows NT 10.0; Win64; x64) AppleWebKit/537.36 (KHTML, like Gecko) Chrome/70.0.3538.102 Safari/537.36 Edge/18.18363"
91.113.165.162 - - [18/Feb/2020:14:33:45 +0100] "GET /reload?ser=1582032824746 HTTP/1.1" 200 1242 "http://renault.activities.at/result?searchterm=true&search=kleber" "Mozilla/5.0 (Windows NT 10.0; WOW64; Trident/7.0; rv:11.0) like Gecko"
80.122.221.194 - - [18/Feb/2020:14:33:51 +0100] "GET /reload?ser=1582032831074 HTTP/1.1" 200 28 "http://renault.activities.at/cart" "Mozilla/5.0 (Windows NT 10.0; Win64; x64) AppleWebKit/537.36 (KHTML, like Gecko) Chrome/70.0.3538.102 Safari/537.36 Edge/18.18363"
82.218.187.58 - - [18/Feb/2020:14:34:02 +0100] "GET /layout.php HTTP/1.1" 200 1558 "-" "Mozilla/5.0 (Windows NT 10.0; WOW64; Trident/7.0; rv:11.0) like Gecko"
82.218.187.58 - - [18/Feb/2020:14:34:03 +0100] "GET /js/default.js HTTP/1.1" 200 14698 "http://renault.activities.at/layout.php" "Mozilla/5.0 (Windows NT 10.0; WOW64; Trident/7.0; rv:11.0) like Gecko"
82.218.187.58 - - [18/Feb/2020:14:34:03 +0100] "GET /css/reset.css HTTP/1.1" 200 1356 "http://renault.activities.at/layout.php" "Mozilla/5.0 (Windows NT 10.0; WOW64; Trident/7.0; rv:11.0) like Gecko"
82.218.187.58 - - [18/Feb/2020:14:34:03 +0100] "GET /css/styles.css HTTP/1.1" 200 14664 "http://renault.activities.at/layout.php" "Mozilla/5.0 (Windows NT 10.0; WOW64; Trident/7.0; rv:11.0) like Gecko"
82.218.187.58 - - [18/Feb/2020:14:34:03 +0100] "GET /css/clears.css HTTP/1.1" 200 851 "http://renault.activities.at/layout.php" "Mozilla/5.0 (Windows NT 10.0; WOW64; Trident/7.0; rv:11.0) like Gecko"
82.218.187.58 - - [18/Feb/2020:14:34:03 +0100] "GET /css/print.css HTTP/1.1" 200 543 "http://renault.activities.at/layout.php" "Mozilla/5.0 (Windows NT 10.0; WOW64; Trident/7.0; rv:11.0) like Gecko"
82.218.187.58 - - [18/Feb/2020:14:34:03 +0100] "GET /js/checkout.css HTTP/1.1" 200 359 "http://renault.activities.at/layout.php" "Mozilla/5.0 (Windows NT 10.0; WOW64; Trident/7.0; rv:11.0) like Gecko"
82.218.187.58 - - [18/Feb/2020:14:34:03 +0100] "GET /css/themes/default.css HTTP/1.1" 200 769 "http://renault.activities.at/layout.php" "Mozilla/5.0 (Windows NT 10.0; WOW64; Trident/7.0; rv:11.0) like Gecko"
82.218.187.58 - - [18/Feb/2020:14:34:03 +0100] "GET /css/themes/alphacube.css HTTP/1.1" 200 743 "http://renault.activities.at/layout.php" "Mozilla/5.0 (Windows NT 10.0; WOW64; Trident/7.0; rv:11.0) like Gecko"
82.218.187.58 - - [18/Feb/2020:14:34:03 +0100] "GET /css/prototip.css HTTP/1.1" 200 968 "http://renault.activities.at/layout.php" "Mozilla/5.0 (Windows NT 10.0; WOW64; Trident/7.0; rv:11.0) like Gecko"
82.218.187.58 - - [18/Feb/2020:14:34:03 +0100] "GET /js/index.php?c=auto&f=,prototype/prototype.js,prototype/validation.js,scriptaculous/builder.js,scriptaculous/effects.js,scriptaculous/dragdrop.js,scriptaculous/controls.js,scriptaculous/slider.js,varien/js.js,varien/form.js,varien/menu.js,mage/translate.js,mage/cookies.js,varien/product.js,spinner/SpinnerControl.jsmin.js,prototype/window.js,prototype/window_ext.js HTTP/1.1" 200 94182 "http://renault.activities.at/layout.php" "Mozilla/5.0 (Windows NT 10.0; WOW64; Trident/7.0; rv:11.0) like Gecko"
82.218.187.58 - - [18/Feb/2020:14:34:03 +0100] "GET /images/main_block_border.gif HTTP/1.1" 200 43 "http://renault.activities.at/layout.php" "Mozilla/5.0 (Windows NT 10.0; WOW64; Trident/7.0; rv:11.0) like Gecko"
82.218.187.58 - - [18/Feb/2020:14:34:03 +0100] "GET /images/main_block_corner_left_bot.gif HTTP/1.1" 200 159 "http://renault.activities.at/layout.php" "Mozilla/5.0 (Windows NT 10.0; WOW64; Trident/7.0; rv:11.0) like Gecko"
82.218.187.58 - - [18/Feb/2020:14:34:03 +0100] "GET /images/main_block_corner_right_bot.gif HTTP/1.1" 200 158 "http://renault.activities.at/layout.php" "Mozilla/5.0 (Windows NT 10.0; WOW64; Trident/7.0; rv:11.0) like Gecko"
82.218.187.58 - - [18/Feb/2020:14:34:03 +0100] "GET /images/header_block_border.gif HTTP/1.1" 200 43 "http://renault.activities.at/layout.php" "Mozilla/5.0 (Windows NT 10.0; WOW64; Trident/7.0; rv:11.0) like Gecko"
82.218.187.58 - - [18/Feb/2020:14:34:03 +0100] "GET /images/header_block_corner_left_top.gif HTTP/1.1" 200 160 "http://renault.activities.at/layout.php" "Mozilla/5.0 (Windows NT 10.0; WOW64; Trident/7.0; rv:11.0) like Gecko"
82.218.187.58 - - [18/Feb/2020:14:34:03 +0100] "GET /images/header_block_corner_right_top.gif HTTP/1.1" 200 160 "http://renault.activities.at/layout.php" "Mozilla/5.0 (Windows NT 10.0; WOW64; Trident/7.0; rv:11.0) like Gecko"
82.218.187.58 - - [18/Feb/2020:14:34:03 +0100] "GET /images/main_block_corner_left_top.gif HTTP/1.1" 200 159 "http://renault.activities.at/layout.php" "Mozilla/5.0 (Windows NT 10.0; WOW64; Trident/7.0; rv:11.0) like Gecko"
82.218.187.58 - - [18/Feb/2020:14:34:03 +0100] "GET /images/main_block_corner_right_top.gif HTTP/1.1" 200 159 "http://renault.activities.at/layout.php" "Mozilla/5.0 (Windows NT 10.0; WOW64; Trident/7.0; rv:11.0) like Gecko"
82.218.187.58 - - [18/Feb/2020:14:34:03 +0100] "GET /images/title_border.jpg HTTP/1.1" 200 304 "http://renault.activities.at/layout.php" "Mozilla/5.0 (Windows NT 10.0; WOW64; Trident/7.0; rv:11.0) like Gecko"
82.218.187.58 - - [18/Feb/2020:14:34:03 +0100] "GET /images/title_border_top.jpg HTTP/1.1" 200 336 "http://renault.activities.at/layout.php" "Mozilla/5.0 (Windows NT 10.0; WOW64; Trident/7.0; rv:11.0) like Gecko"
82.218.187.58 - - [18/Feb/2020:14:34:03 +0100] "GET /images/title_corner_left_top.jpg HTTP/1.1" 200 372 "http://renault.activities.at/layout.php" "Mozilla/5.0 (Windows NT 10.0; WOW64; Trident/7.0; rv:11.0) like Gecko"
82.218.187.58 - - [18/Feb/2020:14:34:03 +0100] "GET /images/favicon.ico HTTP/1.1" 404 305 "-" "Mozilla/5.0 (Windows NT 10.0; Win64; x64; Trident/7.0; rv:11.0) like Gecko"
82.218.187.58 - - [18/Feb/2020:14:34:04 +0100] "GET /images/title_corner_right_top.jpg HTTP/1.1" 200 389 "http://renault.activities.at/layout.php" "Mozilla/5.0 (Windows NT 10.0; WOW64; Trident/7.0; rv:11.0) like Gecko"
82.218.187.58 - - [18/Feb/2020:14:34:03 +0100] "GET /loadthumbnail.php?id=11127982 HTTP/1.1" 200 399614 "http://renault.activities.at/layout.php" "Mozilla/5.0 (Windows NT 10.0; WOW64; Trident/7.0; rv:11.0) like Gecko"
82.218.187.58 - - [18/Feb/2020:14:34:09 +0100] "GET /login HTTP/1.1" 200 2085 "http://renault.activities.at/layout.php" "Mozilla/5.0 (Windows NT 10.0; WOW64; Trident/7.0; rv:11.0) like Gecko"
82.218.187.58 - - [18/Feb/2020:14:34:10 +0100] "GET /js/default.js HTTP/1.1" 304 - "http://renault.activities.at/login" "Mozilla/5.0 (Windows NT 10.0; WOW64; Trident/7.0; rv:11.0) like Gecko"
82.218.187.58 - - [18/Feb/2020:14:34:10 +0100] "GET /css/reset.css HTTP/1.1" 304 - "http://renault.activities.at/login" "Mozilla/5.0 (Windows NT 10.0; WOW64; Trident/7.0; rv:11.0) like Gecko"
82.218.187.58 - - [18/Feb/2020:14:34:10 +0100] "GET /css/styles.css HTTP/1.1" 304 - "http://renault.activities.at/login" "Mozilla/5.0 (Windows NT 10.0; WOW64; Trident/7.0; rv:11.0) like Gecko"
82.218.187.58 - - [18/Feb/2020:14:34:10 +0100] "GET /css/clears.css HTTP/1.1" 304 - "http://renault.activities.at/login" "Mozilla/5.0 (Windows NT 10.0; WOW64; Trident/7.0; rv:11.0) like Gecko"
82.218.187.58 - - [18/Feb/2020:14:34:10 +0100] "GET /css/print.css HTTP/1.1" 304 - "http://renault.activities.at/login" "Mozilla/5.0 (Windows NT 10.0; WOW64; Trident/7.0; rv:11.0) like Gecko"
82.218.187.58 - - [18/Feb/2020:14:34:10 +0100] "GET /css/prototip.css HTTP/1.1" 304 - "http://renault.activities.at/login" "Mozilla/5.0 (Windows NT 10.0; WOW64; Trident/7.0; rv:11.0) like Gecko"
82.218.187.58 - - [18/Feb/2020:14:34:10 +0100] "GET /js/checkout.css HTTP/1.1" 304 - "http://renault.activities.at/login" "Mozilla/5.0 (Windows NT 10.0; WOW64; Trident/7.0; rv:11.0) like Gecko"
82.218.187.58 - - [18/Feb/2020:14:34:10 +0100] "GET /css/themes/default.css HTTP/1.1" 304 - "http://renault.activities.at/login" "Mozilla/5.0 (Windows NT 10.0; WOW64; Trident/7.0; rv:11.0) like Gecko"
82.218.187.58 - - [18/Feb/2020:14:34:10 +0100] "GET /css/themes/alphacube.css HTTP/1.1" 304 - "http://renault.activities.at/login" "Mozilla/5.0 (Windows NT 10.0; WOW64; Trident/7.0; rv:11.0) like Gecko"
82.218.187.58 - - [18/Feb/2020:14:34:10 +0100] "GET /images/main_block_border.gif HTTP/1.1" 304 - "http://renault.activities.at/login" "Mozilla/5.0 (Windows NT 10.0; WOW64; Trident/7.0; rv:11.0) like Gecko"
82.218.187.58 - - [18/Feb/2020:14:34:10 +0100] "GET /images/main_block_corner_left_top.gif HTTP/1.1" 304 - "http://renault.activities.at/login" "Mozilla/5.0 (Windows NT 10.0; WOW64; Trident/7.0; rv:11.0) like Gecko"
82.218.187.58 - - [18/Feb/2020:14:34:10 +0100] "GET /images/main_block_corner_right_top.gif HTTP/1.1" 304 - "http://renault.activities.at/login" "Mozilla/5.0 (Windows NT 10.0; WOW64; Trident/7.0; rv:11.0) like Gecko"
82.218.187.58 - - [18/Feb/2020:14:34:10 +0100] "GET /images/main_block_corner_left_bot.gif HTTP/1.1" 304 - "http://renault.activities.at/login" "Mozilla/5.0 (Windows NT 10.0; WOW64; Trident/7.0; rv:11.0) like Gecko"
82.218.187.58 - - [18/Feb/2020:14:34:10 +0100] "GET /images/main_block_corner_right_bot.gif HTTP/1.1" 304 - "http://renault.activities.at/login" "Mozilla/5.0 (Windows NT 10.0; WOW64; Trident/7.0; rv:11.0) like Gecko"
82.218.187.58 - - [18/Feb/2020:14:34:10 +0100] "GET /images/header_block_border.gif HTTP/1.1" 304 - "http://renault.activities.at/login" "Mozilla/5.0 (Windows NT 10.0; WOW64; Trident/7.0; rv:11.0) like Gecko"
82.218.187.58 - - [18/Feb/2020:14:34:10 +0100] "GET /images/header_block_corner_left_top.gif HTTP/1.1" 304 - "http://renault.activities.at/login" "Mozilla/5.0 (Windows NT 10.0; WOW64; Trident/7.0; rv:11.0) like Gecko"
82.218.187.58 - - [18/Feb/2020:14:34:10 +0100] "GET /images/header_block_corner_right_top.gif HTTP/1.1" 304 - "http://renault.activities.at/login" "Mozilla/5.0 (Windows NT 10.0; WOW64; Trident/7.0; rv:11.0) like Gecko"
82.218.187.58 - - [18/Feb/2020:14:34:10 +0100] "GET /images/title_border.jpg HTTP/1.1" 304 - "http://renault.activities.at/login" "Mozilla/5.0 (Windows NT 10.0; WOW64; Trident/7.0; rv:11.0) like Gecko"
82.218.187.58 - - [18/Feb/2020:14:34:10 +0100] "GET /images/title_border_top.jpg HTTP/1.1" 304 - "http://renault.activities.at/login" "Mozilla/5.0 (Windows NT 10.0; WOW64; Trident/7.0; rv:11.0) like Gecko"
82.218.187.58 - - [18/Feb/2020:14:34:10 +0100] "GET /images/title_corner_left_top.jpg HTTP/1.1" 304 - "http://renault.activities.at/login" "Mozilla/5.0 (Windows NT 10.0; WOW64; Trident/7.0; rv:11.0) like Gecko"
82.218.187.58 - - [18/Feb/2020:14:34:10 +0100] "GET /images/title_corner_right_top.jpg HTTP/1.1" 304 - "http://renault.activities.at/login" "Mozilla/5.0 (Windows NT 10.0; WOW64; Trident/7.0; rv:11.0) like Gecko"
82.218.187.58 - - [18/Feb/2020:14:34:10 +0100] "GET /images/button_left_bg.gif HTTP/1.1" 200 564 "http://renault.activities.at/login" "Mozilla/5.0 (Windows NT 10.0; WOW64; Trident/7.0; rv:11.0) like Gecko"
82.218.187.58 - - [18/Feb/2020:14:34:10 +0100] "GET /images/button_right_bg.gif HTTP/1.1" 200 561 "http://renault.activities.at/login" "Mozilla/5.0 (Windows NT 10.0; WOW64; Trident/7.0; rv:11.0) like Gecko"
82.218.187.58 - - [18/Feb/2020:14:34:10 +0100] "GET /images/button_bg.gif HTTP/1.1" 200 151 "http://renault.activities.at/login" "Mozilla/5.0 (Windows NT 10.0; WOW64; Trident/7.0; rv:11.0) like Gecko"
82.218.187.58 - - [18/Feb/2020:14:34:10 +0100] "GET /images/favicon.ico HTTP/1.1" 404 305 "-" "Mozilla/5.0 (Windows NT 10.0; Win64; x64; Trident/7.0; rv:11.0) like Gecko"
82.218.187.58 - - [18/Feb/2020:14:34:10 +0100] "GET /favicon.ico HTTP/1.1" 200 3250 "-" "Mozilla/5.0 (Windows NT 10.0; Win64; x64; Trident/7.0; rv:11.0) like Gecko"
82.218.187.58 - - [18/Feb/2020:14:34:20 +0100] "POST /login HTTP/1.1" 302 140 "http://renault.activities.at/login" "Mozilla/5.0 (Windows NT 10.0; WOW64; Trident/7.0; rv:11.0) like Gecko"
82.218.187.58 - - [18/Feb/2020:14:34:22 +0100] "GET /account HTTP/1.1" 200 5955 "http://renault.activities.at/login" "Mozilla/5.0 (Windows NT 10.0; WOW64; Trident/7.0; rv:11.0) like Gecko"
82.218.187.58 - - [18/Feb/2020:14:34:25 +0100] "GET /js/default.js HTTP/1.1" 304 - "http://renault.activities.at/account" "Mozilla/5.0 (Windows NT 10.0; WOW64; Trident/7.0; rv:11.0) like Gecko"
82.218.187.58 - - [18/Feb/2020:14:34:25 +0100] "GET /css/reset.css HTTP/1.1" 304 - "http://renault.activities.at/account" "Mozilla/5.0 (Windows NT 10.0; WOW64; Trident/7.0; rv:11.0) like Gecko"
82.218.187.58 - - [18/Feb/2020:14:34:25 +0100] "GET /css/styles.css HTTP/1.1" 304 - "http://renault.activities.at/account" "Mozilla/5.0 (Windows NT 10.0; WOW64; Trident/7.0; rv:11.0) like Gecko"
82.218.187.58 - - [18/Feb/2020:14:34:25 +0100] "GET /css/clears.css HTTP/1.1" 304 - "http://renault.activities.at/account" "Mozilla/5.0 (Windows NT 10.0; WOW64; Trident/7.0; rv:11.0) like Gecko"
82.218.187.58 - - [18/Feb/2020:14:34:25 +0100] "GET /js/checkout.css HTTP/1.1" 304 - "http://renault.activities.at/account" "Mozilla/5.0 (Windows NT 10.0; WOW64; Trident/7.0; rv:11.0) like Gecko"
82.218.187.58 - - [18/Feb/2020:14:34:25 +0100] "GET /css/print.css HTTP/1.1" 304 - "http://renault.activities.at/account" "Mozilla/5.0 (Windows NT 10.0; WOW64; Trident/7.0; rv:11.0) like Gecko"
82.218.187.58 - - [18/Feb/2020:14:34:25 +0100] "GET /css/prototip.css HTTP/1.1" 304 - "http://renault.activities.at/account" "Mozilla/5.0 (Windows NT 10.0; WOW64; Trident/7.0; rv:11.0) like Gecko"
82.218.187.58 - - [18/Feb/2020:14:34:25 +0100] "GET /css/themes/default.css HTTP/1.1" 304 - "http://renault.activities.at/account" "Mozilla/5.0 (Windows NT 10.0; WOW64; Trident/7.0; rv:11.0) like Gecko"
82.218.187.58 - - [18/Feb/2020:14:34:25 +0100] "GET /css/themes/alphacube.css HTTP/1.1" 304 - "http://renault.activities.at/account" "Mozilla/5.0 (Windows NT 10.0; WOW64; Trident/7.0; rv:11.0) like Gecko"
82.218.187.58 - - [18/Feb/2020:14:34:25 +0100] "GET /js/account.js HTTP/1.1" 200 953 "http://renault.activities.at/account" "Mozilla/5.0 (Windows NT 10.0; WOW64; Trident/7.0; rv:11.0) like Gecko"
82.218.187.58 - - [18/Feb/2020:14:34:25 +0100] "GET /loadthumbnail.php?id=11075492&width=50&height=50 HTTP/1.1" 200 1114 "http://renault.activities.at/account" "Mozilla/5.0 (Windows NT 10.0; WOW64; Trident/7.0; rv:11.0) like Gecko"
82.218.187.58 - - [18/Feb/2020:14:34:25 +0100] "GET /loadthumbnail.php?id=12094749&width=50&height=50 HTTP/1.1" 200 3578 "http://renault.activities.at/account" "Mozilla/5.0 (Windows NT 10.0; WOW64; Trident/7.0; rv:11.0) like Gecko"
82.218.187.58 - - [18/Feb/2020:14:34:25 +0100] "GET /images/header_block_border.gif HTTP/1.1" 304 - "http://renault.activities.at/account" "Mozilla/5.0 (Windows NT 10.0; WOW64; Trident/7.0; rv:11.0) like Gecko"
82.218.187.58 - - [18/Feb/2020:14:34:25 +0100] "GET /images/header_block_corner_left_top.gif HTTP/1.1" 304 - "http://renault.activities.at/account" "Mozilla/5.0 (Windows NT 10.0; WOW64; Trident/7.0; rv:11.0) like Gecko"
82.218.187.58 - - [18/Feb/2020:14:34:25 +0100] "GET /images/header_block_corner_right_top.gif HTTP/1.1" 304 - "http://renault.activities.at/account" "Mozilla/5.0 (Windows NT 10.0; WOW64; Trident/7.0; rv:11.0) like Gecko"
82.218.187.58 - - [18/Feb/2020:14:34:25 +0100] "GET /images/search_bg.gif HTTP/1.1" 200 1726 "http://renault.activities.at/account" "Mozilla/5.0 (Windows NT 10.0; WOW64; Trident/7.0; rv:11.0) like Gecko"
82.218.187.58 - - [18/Feb/2020:14:34:25 +0100] "GET /images/main_block_border.gif HTTP/1.1" 304 - "http://renault.activities.at/account" "Mozilla/5.0 (Windows NT 10.0; WOW64; Trident/7.0; rv:11.0) like Gecko"
82.218.187.58 - - [18/Feb/2020:14:34:25 +0100] "GET /images/main_block_corner_left_top.gif HTTP/1.1" 304 - "http://renault.activities.at/account" "Mozilla/5.0 (Windows NT 10.0; WOW64; Trident/7.0; rv:11.0) like Gecko"
82.218.187.58 - - [18/Feb/2020:14:34:25 +0100] "GET /images/main_block_corner_right_top.gif HTTP/1.1" 304 - "http://renault.activities.at/account" "Mozilla/5.0 (Windows NT 10.0; WOW64; Trident/7.0; rv:11.0) like Gecko"
82.218.187.58 - - [18/Feb/2020:14:34:25 +0100] "GET /images/main_block_corner_left_bot.gif HTTP/1.1" 304 - "http://renault.activities.at/account" "Mozilla/5.0 (Windows NT 10.0; WOW64; Trident/7.0; rv:11.0) like Gecko"
82.218.187.58 - - [18/Feb/2020:14:34:25 +0100] "GET /images/main_block_corner_right_bot.gif HTTP/1.1" 304 - "http://renault.activities.at/account" "Mozilla/5.0 (Windows NT 10.0; WOW64; Trident/7.0; rv:11.0) like Gecko"
82.218.187.58 - - [18/Feb/2020:14:34:25 +0100] "GET /favicon.ico HTTP/1.1" 200 3250 "-" "Mozilla/5.0 (Windows NT 10.0; Win64; x64; Trident/7.0; rv:11.0) like Gecko"
82.218.187.58 - - [18/Feb/2020:14:34:25 +0100] "GET /images/top_links_divider.gif HTTP/1.1" 200 44 "http://renault.activities.at/account" "Mozilla/5.0 (Windows NT 10.0; WOW64; Trident/7.0; rv:11.0) like Gecko"
82.218.187.58 - - [18/Feb/2020:14:34:25 +0100] "GET /images/menu_button_bg.jpg HTTP/1.1" 200 322 "http://renault.activities.at/account" "Mozilla/5.0 (Windows NT 10.0; WOW64; Trident/7.0; rv:11.0) like Gecko"
82.218.187.58 - - [18/Feb/2020:14:34:25 +0100] "GET /images/nav_divider.gif HTTP/1.1" 200 43 "http://renault.activities.at/account" "Mozilla/5.0 (Windows NT 10.0; WOW64; Trident/7.0; rv:11.0) like Gecko"
82.218.187.58 - - [18/Feb/2020:14:34:25 +0100] "GET /images/menu_divider.gif HTTP/1.1" 200 176 "http://renault.activities.at/account" "Mozilla/5.0 (Windows NT 10.0; WOW64; Trident/7.0; rv:11.0) like Gecko"
82.218.187.58 - - [18/Feb/2020:14:34:25 +0100] "GET /images/button_left_bg.gif HTTP/1.1" 304 - "http://renault.activities.at/account" "Mozilla/5.0 (Windows NT 10.0; WOW64; Trident/7.0; rv:11.0) like Gecko"
82.218.187.58 - - [18/Feb/2020:14:34:25 +0100] "GET /images/sidebar_title_border.gif HTTP/1.1" 200 43 "http://renault.activities.at/account" "Mozilla/5.0 (Windows NT 10.0; WOW64; Trident/7.0; rv:11.0) like Gecko"
82.218.187.58 - - [18/Feb/2020:14:34:25 +0100] "GET /images/sidebar_title_border_top.gif HTTP/1.1" 200 155 "http://renault.activities.at/account" "Mozilla/5.0 (Windows NT 10.0; WOW64; Trident/7.0; rv:11.0) like Gecko"
82.218.187.58 - - [18/Feb/2020:14:34:25 +0100] "GET /images/sidebar_title_corner_left_top.gif HTTP/1.1" 200 1124 "http://renault.activities.at/account" "Mozilla/5.0 (Windows NT 10.0; WOW64; Trident/7.0; rv:11.0) like Gecko"
82.218.187.58 - - [18/Feb/2020:14:34:25 +0100] "GET /images/sidebar_title_corner_right_top.gif HTTP/1.1" 200 383 "http://renault.activities.at/account" "Mozilla/5.0 (Windows NT 10.0; WOW64; Trident/7.0; rv:11.0) like Gecko"
82.218.187.58 - - [18/Feb/2020:14:34:25 +0100] "GET /images/button_right_bg.gif HTTP/1.1" 304 - "http://renault.activities.at/account" "Mozilla/5.0 (Windows NT 10.0; WOW64; Trident/7.0; rv:11.0) like Gecko"
82.218.187.58 - - [18/Feb/2020:14:34:25 +0100] "GET /images/button_bg.gif HTTP/1.1" 304 - "http://renault.activities.at/account" "Mozilla/5.0 (Windows NT 10.0; WOW64; Trident/7.0; rv:11.0) like Gecko"
82.218.187.58 - - [18/Feb/2020:14:34:25 +0100] "GET /images/title_border.jpg HTTP/1.1" 304 - "http://renault.activities.at/account" "Mozilla/5.0 (Windows NT 10.0; WOW64; Trident/7.0; rv:11.0) like Gecko"
82.218.187.58 - - [18/Feb/2020:14:34:25 +0100] "GET /images/title_border_top.jpg HTTP/1.1" 304 - "http://renault.activities.at/account" "Mozilla/5.0 (Windows NT 10.0; WOW64; Trident/7.0; rv:11.0) like Gecko"
82.218.187.58 - - [18/Feb/2020:14:34:25 +0100] "GET /images/title_corner_left_top.jpg HTTP/1.1" 304 - "http://renault.activities.at/account" "Mozilla/5.0 (Windows NT 10.0; WOW64; Trident/7.0; rv:11.0) like Gecko"
82.218.187.58 - - [18/Feb/2020:14:34:25 +0100] "GET /images/title_corner_right_top.jpg HTTP/1.1" 304 - "http://renault.activities.at/account" "Mozilla/5.0 (Windows NT 10.0; WOW64; Trident/7.0; rv:11.0) like Gecko"
82.218.187.58 - - [18/Feb/2020:14:34:25 +0100] "GET /images/footer_divider.gif HTTP/1.1" 200 44 "http://renault.activities.at/account" "Mozilla/5.0 (Windows NT 10.0; WOW64; Trident/7.0; rv:11.0) like Gecko"
91.113.165.162 - - [18/Feb/2020:14:34:45 +0100] "GET /reload?ser=1582032884893 HTTP/1.1" 200 1235 "http://renault.activities.at/result?searchterm=true&search=kleber" "Mozilla/5.0 (Windows NT 10.0; WOW64; Trident/7.0; rv:11.0) like Gecko"
80.122.221.194 - - [18/Feb/2020:14:34:52 +0100] "GET /reload?ser=1582032892070 HTTP/1.1" 200 28 "http://renault.activities.at/cart" "Mozilla/5.0 (Windows NT 10.0; Win64; x64) AppleWebKit/537.36 (KHTML, like Gecko) Chrome/70.0.3538.102 Safari/537.36 Edge/18.18363"
82.218.187.58 - - [18/Feb/2020:14:35:25 +0100] "GET /reload?ser=1582032925525 HTTP/1.1" 200 28 "http://renault.activities.at/account" "Mozilla/5.0 (Windows NT 10.0; WOW64; Trident/7.0; rv:11.0) like Gecko"
91.113.165.162 - - [18/Feb/2020:14:35:45 +0100] "GET /reload?ser=1582032945045 HTTP/1.1" 200 1241 "http://renault.activities.at/result?searchterm=true&search=kleber" "Mozilla/5.0 (Windows NT 10.0; WOW64; Trident/7.0; rv:11.0) like Gecko"
80.122.221.194 - - [18/Feb/2020:14:35:53 +0100] "GET /reload?ser=1582032953076 HTTP/1.1" 200 28 "http://renault.activities.at/cart" "Mozilla/5.0 (Windows NT 10.0; Win64; x64) AppleWebKit/537.36 (KHTML, like Gecko) Chrome/70.0.3538.102 Safari/537.36 Edge/18.18363"
82.218.187.58 - - [18/Feb/2020:14:36:26 +0100] "GET /reload?ser=1582032986484 HTTP/1.1" 200 28 "http://renault.activities.at/account" "Mozilla/5.0 (Windows NT 10.0; WOW64; Trident/7.0; rv:11.0) like Gecko"
91.113.165.162 - - [18/Feb/2020:14:36:45 +0100] "GET /reload?ser=1582033005198 HTTP/1.1" 200 1231 "http://renault.activities.at/result?searchterm=true&search=kleber" "Mozilla/5.0 (Windows NT 10.0; WOW64; Trident/7.0; rv:11.0) like Gecko"
80.122.221.194 - - [18/Feb/2020:14:36:54 +0100] "GET /reload?ser=1582033014067 HTTP/1.1" 200 28 "http://renault.activities.at/cart" "Mozilla/5.0 (Windows NT 10.0; Win64; x64) AppleWebKit/537.36 (KHTML, like Gecko) Chrome/70.0.3538.102 Safari/537.36 Edge/18.18363"
82.218.187.58 - - [18/Feb/2020:14:37:27 +0100] "GET /reload?ser=1582033047458 HTTP/1.1" 200 28 "http://renault.activities.at/account" "Mozilla/5.0 (Windows NT 10.0; WOW64; Trident/7.0; rv:11.0) like Gecko"
91.113.165.162 - - [18/Feb/2020:14:37:45 +0100] "GET /reload?ser=1582033065378 HTTP/1.1" 200 1239 "http://renault.activities.at/result?searchterm=true&search=kleber" "Mozilla/5.0 (Windows NT 10.0; WOW64; Trident/7.0; rv:11.0) like Gecko"
80.122.221.194 - - [18/Feb/2020:14:37:55 +0100] "GET /reload?ser=1582033075084 HTTP/1.1" 200 28 "http://renault.activities.at/cart" "Mozilla/5.0 (Windows NT 10.0; Win64; x64) AppleWebKit/537.36 (KHTML, like Gecko) Chrome/70.0.3538.102 Safari/537.36 Edge/18.18363"
82.218.187.58 - - [18/Feb/2020:14:38:28 +0100] "GET /reload?ser=1582033108438 HTTP/1.1" 200 28 "http://renault.activities.at/account" "Mozilla/5.0 (Windows NT 10.0; WOW64; Trident/7.0; rv:11.0) like Gecko"
91.113.165.162 - - [18/Feb/2020:14:38:45 +0100] "GET /reload?ser=1582033125537 HTTP/1.1" 200 1237 "http://renault.activities.at/result?searchterm=true&search=kleber" "Mozilla/5.0 (Windows NT 10.0; WOW64; Trident/7.0; rv:11.0) like Gecko"
80.122.221.194 - - [18/Feb/2020:14:38:56 +0100] "GET /reload?ser=1582033136077 HTTP/1.1" 200 28 "http://renault.activities.at/cart" "Mozilla/5.0 (Windows NT 10.0; Win64; x64) AppleWebKit/537.36 (KHTML, like Gecko) Chrome/70.0.3538.102 Safari/537.36 Edge/18.18363"
82.218.187.58 - - [18/Feb/2020:14:39:29 +0100] "GET /reload?ser=1582033169380 HTTP/1.1" 200 28 "http://renault.activities.at/account" "Mozilla/5.0 (Windows NT 10.0; WOW64; Trident/7.0; rv:11.0) like Gecko"
91.113.165.162 - - [18/Feb/2020:14:39:46 +0100] "GET /reload?ser=1582033185691 HTTP/1.1" 200 1238 "http://renault.activities.at/result?searchterm=true&search=kleber" "Mozilla/5.0 (Windows NT 10.0; WOW64; Trident/7.0; rv:11.0) like Gecko"
80.122.221.194 - - [18/Feb/2020:14:39:57 +0100] "GET /reload?ser=1582033197074 HTTP/1.1" 200 28 "http://renault.activities.at/cart" "Mozilla/5.0 (Windows NT 10.0; Win64; x64) AppleWebKit/537.36 (KHTML, like Gecko) Chrome/70.0.3538.102 Safari/537.36 Edge/18.18363"
82.218.187.58 - - [18/Feb/2020:14:40:30 +0100] "GET /reload?ser=1582033230337 HTTP/1.1" 200 28 "http://renault.activities.at/account" "Mozilla/5.0 (Windows NT 10.0; WOW64; Trident/7.0; rv:11.0) like Gecko"
91.113.165.162 - - [18/Feb/2020:14:40:46 +0100] "GET /reload?ser=1582033245912 HTTP/1.1" 200 1239 "http://renault.activities.at/result?searchterm=true&search=kleber" "Mozilla/5.0 (Windows NT 10.0; WOW64; Trident/7.0; rv:11.0) like Gecko"
80.122.221.194 - - [18/Feb/2020:14:40:58 +0100] "GET /reload?ser=1582033258083 HTTP/1.1" 200 28 "http://renault.activities.at/cart" "Mozilla/5.0 (Windows NT 10.0; Win64; x64) AppleWebKit/537.36 (KHTML, like Gecko) Chrome/70.0.3538.102 Safari/537.36 Edge/18.18363"
82.218.187.58 - - [18/Feb/2020:14:41:19 +0100] "POST /axjaxrequest?mode=suggest HTTP/1.1" 200 21 "http://renault.activities.at/account" "Mozilla/5.0 (Windows NT 10.0; WOW64; Trident/7.0; rv:11.0) like Gecko"
82.218.187.58 - - [18/Feb/2020:14:41:19 +0100] "POST /axjaxrequest?mode=suggest HTTP/1.1" 200 276 "http://renault.activities.at/account" "Mozilla/5.0 (Windows NT 10.0; WOW64; Trident/7.0; rv:11.0) like Gecko"
82.218.187.58 - - [18/Feb/2020:14:41:20 +0100] "GET /result?searchterm=true&search=sandero HTTP/1.1" 200 6730 "http://renault.activities.at/account" "Mozilla/5.0 (Windows NT 10.0; WOW64; Trident/7.0; rv:11.0) like Gecko"
82.218.187.58 - - [18/Feb/2020:14:41:23 +0100] "GET /js/default.js HTTP/1.1" 304 - "http://renault.activities.at/result?searchterm=true&search=sandero" "Mozilla/5.0 (Windows NT 10.0; WOW64; Trident/7.0; rv:11.0) like Gecko"
82.218.187.58 - - [18/Feb/2020:14:41:23 +0100] "GET /js/prototip.js HTTP/1.1" 200 4588 "http://renault.activities.at/result?searchterm=true&search=sandero" "Mozilla/5.0 (Windows NT 10.0; WOW64; Trident/7.0; rv:11.0) like Gecko"
82.218.187.58 - - [18/Feb/2020:14:41:23 +0100] "GET /css/reset.css HTTP/1.1" 304 - "http://renault.activities.at/result?searchterm=true&search=sandero" "Mozilla/5.0 (Windows NT 10.0; WOW64; Trident/7.0; rv:11.0) like Gecko"
82.218.187.58 - - [18/Feb/2020:14:41:23 +0100] "GET /css/styles.css HTTP/1.1" 304 - "http://renault.activities.at/result?searchterm=true&search=sandero" "Mozilla/5.0 (Windows NT 10.0; WOW64; Trident/7.0; rv:11.0) like Gecko"
82.218.187.58 - - [18/Feb/2020:14:41:23 +0100] "GET /css/clears.css HTTP/1.1" 304 - "http://renault.activities.at/result?searchterm=true&search=sandero" "Mozilla/5.0 (Windows NT 10.0; WOW64; Trident/7.0; rv:11.0) like Gecko"
82.218.187.58 - - [18/Feb/2020:14:41:23 +0100] "GET /css/print.css HTTP/1.1" 304 - "http://renault.activities.at/result?searchterm=true&search=sandero" "Mozilla/5.0 (Windows NT 10.0; WOW64; Trident/7.0; rv:11.0) like Gecko"
82.218.187.58 - - [18/Feb/2020:14:41:23 +0100] "GET /css/prototip.css HTTP/1.1" 304 - "http://renault.activities.at/result?searchterm=true&search=sandero" "Mozilla/5.0 (Windows NT 10.0; WOW64; Trident/7.0; rv:11.0) like Gecko"
82.218.187.58 - - [18/Feb/2020:14:41:23 +0100] "GET /js/checkout.css HTTP/1.1" 304 - "http://renault.activities.at/result?searchterm=true&search=sandero" "Mozilla/5.0 (Windows NT 10.0; WOW64; Trident/7.0; rv:11.0) like Gecko"
82.218.187.58 - - [18/Feb/2020:14:41:23 +0100] "GET /css/themes/default.css HTTP/1.1" 304 - "http://renault.activities.at/result?searchterm=true&search=sandero" "Mozilla/5.0 (Windows NT 10.0; WOW64; Trident/7.0; rv:11.0) like Gecko"
82.218.187.58 - - [18/Feb/2020:14:41:23 +0100] "GET /css/themes/alphacube.css HTTP/1.1" 304 - "http://renault.activities.at/result?searchterm=true&search=sandero" "Mozilla/5.0 (Windows NT 10.0; WOW64; Trident/7.0; rv:11.0) like Gecko"
82.218.187.58 - - [18/Feb/2020:14:41:23 +0100] "GET /js/ProduktGrp.js HTTP/1.1" 200 1569 "http://renault.activities.at/result?searchterm=true&search=sandero" "Mozilla/5.0 (Windows NT 10.0; WOW64; Trident/7.0; rv:11.0) like Gecko"
82.218.187.58 - - [18/Feb/2020:14:41:23 +0100] "GET /images/loading.gif HTTP/1.1" 200 3208 "http://renault.activities.at/result?searchterm=true&search=sandero" "Mozilla/5.0 (Windows NT 10.0; WOW64; Trident/7.0; rv:11.0) like Gecko"
82.218.187.58 - - [18/Feb/2020:14:41:23 +0100] "GET /loadthumbnail.php?id=10203255 HTTP/1.1" 200 137 "http://renault.activities.at/result?searchterm=true&search=sandero" "Mozilla/5.0 (Windows NT 10.0; WOW64; Trident/7.0; rv:11.0) like Gecko"
82.218.187.58 - - [18/Feb/2020:14:41:23 +0100] "GET /loadthumbnail.php?id=12174322&width=113 HTTP/1.1" 200 6394 "http://renault.activities.at/result?searchterm=true&search=sandero" "Mozilla/5.0 (Windows NT 10.0; WOW64; Trident/7.0; rv:11.0) like Gecko"
82.218.187.58 - - [18/Feb/2020:14:41:23 +0100] "GET /loadthumbnail.php?id=12047627&width=113 HTTP/1.1" 200 3640 "http://renault.activities.at/result?searchterm=true&search=sandero" "Mozilla/5.0 (Windows NT 10.0; WOW64; Trident/7.0; rv:11.0) like Gecko"
82.218.187.58 - - [18/Feb/2020:14:41:23 +0100] "GET /loadthumbnail.php?id=11784479&width=113 HTTP/1.1" 200 2490 "http://renault.activities.at/result?searchterm=true&search=sandero" "Mozilla/5.0 (Windows NT 10.0; WOW64; Trident/7.0; rv:11.0) like Gecko"
82.218.187.58 - - [18/Feb/2020:14:41:23 +0100] "GET /loadthumbnail.php?id=10260863&width=113 HTTP/1.1" 200 1170 "http://renault.activities.at/result?searchterm=true&search=sandero" "Mozilla/5.0 (Windows NT 10.0; WOW64; Trident/7.0; rv:11.0) like Gecko"
82.218.187.58 - - [18/Feb/2020:14:41:23 +0100] "GET /loadthumbnail.php?id=11798476&width=113 HTTP/1.1" 200 2525 "http://renault.activities.at/result?searchterm=true&search=sandero" "Mozilla/5.0 (Windows NT 10.0; WOW64; Trident/7.0; rv:11.0) like Gecko"
82.218.187.58 - - [18/Feb/2020:14:41:23 +0100] "GET /images/header_block_border.gif HTTP/1.1" 304 - "http://renault.activities.at/result?searchterm=true&search=sandero" "Mozilla/5.0 (Windows NT 10.0; WOW64; Trident/7.0; rv:11.0) like Gecko"
82.218.187.58 - - [18/Feb/2020:14:41:23 +0100] "GET /images/header_block_corner_left_top.gif HTTP/1.1" 304 - "http://renault.activities.at/result?searchterm=true&search=sandero" "Mozilla/5.0 (Windows NT 10.0; WOW64; Trident/7.0; rv:11.0) like Gecko"
82.218.187.58 - - [18/Feb/2020:14:41:23 +0100] "GET /images/header_block_corner_right_top.gif HTTP/1.1" 304 - "http://renault.activities.at/result?searchterm=true&search=sandero" "Mozilla/5.0 (Windows NT 10.0; WOW64; Trident/7.0; rv:11.0) like Gecko"
82.218.187.58 - - [18/Feb/2020:14:41:23 +0100] "GET /images/search_bg.gif HTTP/1.1" 304 - "http://renault.activities.at/result?searchterm=true&search=sandero" "Mozilla/5.0 (Windows NT 10.0; WOW64; Trident/7.0; rv:11.0) like Gecko"
82.218.187.58 - - [18/Feb/2020:14:41:23 +0100] "GET /images/main_block_corner_right_top.gif HTTP/1.1" 304 - "http://renault.activities.at/result?searchterm=true&search=sandero" "Mozilla/5.0 (Windows NT 10.0; WOW64; Trident/7.0; rv:11.0) like Gecko"
82.218.187.58 - - [18/Feb/2020:14:41:23 +0100] "GET /images/main_block_border.gif HTTP/1.1" 304 - "http://renault.activities.at/result?searchterm=true&search=sandero" "Mozilla/5.0 (Windows NT 10.0; WOW64; Trident/7.0; rv:11.0) like Gecko"
82.218.187.58 - - [18/Feb/2020:14:41:23 +0100] "GET /images/main_block_corner_left_top.gif HTTP/1.1" 304 - "http://renault.activities.at/result?searchterm=true&search=sandero" "Mozilla/5.0 (Windows NT 10.0; WOW64; Trident/7.0; rv:11.0) like Gecko"
82.218.187.58 - - [18/Feb/2020:14:41:23 +0100] "GET /images/main_block_corner_left_bot.gif HTTP/1.1" 304 - "http://renault.activities.at/result?searchterm=true&search=sandero" "Mozilla/5.0 (Windows NT 10.0; WOW64; Trident/7.0; rv:11.0) like Gecko"
82.218.187.58 - - [18/Feb/2020:14:41:23 +0100] "GET /images/main_block_corner_right_bot.gif HTTP/1.1" 304 - "http://renault.activities.at/result?searchterm=true&search=sandero" "Mozilla/5.0 (Windows NT 10.0; WOW64; Trident/7.0; rv:11.0) like Gecko"
82.218.187.58 - - [18/Feb/2020:14:41:24 +0100] "GET /images/top_links_divider.gif HTTP/1.1" 304 - "http://renault.activities.at/result?searchterm=true&search=sandero" "Mozilla/5.0 (Windows NT 10.0; WOW64; Trident/7.0; rv:11.0) like Gecko"
82.218.187.58 - - [18/Feb/2020:14:41:24 +0100] "GET /images/menu_button_bg.jpg HTTP/1.1" 304 - "http://renault.activities.at/result?searchterm=true&search=sandero" "Mozilla/5.0 (Windows NT 10.0; WOW64; Trident/7.0; rv:11.0) like Gecko"
82.218.187.58 - - [18/Feb/2020:14:41:24 +0100] "GET /images/nav_divider.gif HTTP/1.1" 304 - "http://renault.activities.at/result?searchterm=true&search=sandero" "Mozilla/5.0 (Windows NT 10.0; WOW64; Trident/7.0; rv:11.0) like Gecko"
82.218.187.58 - - [18/Feb/2020:14:41:24 +0100] "GET /images/menu_divider.gif HTTP/1.1" 304 - "http://renault.activities.at/result?searchterm=true&search=sandero" "Mozilla/5.0 (Windows NT 10.0; WOW64; Trident/7.0; rv:11.0) like Gecko"
82.218.187.58 - - [18/Feb/2020:14:41:24 +0100] "GET /images/button_left_bg.gif HTTP/1.1" 304 - "http://renault.activities.at/result?searchterm=true&search=sandero" "Mozilla/5.0 (Windows NT 10.0; WOW64; Trident/7.0; rv:11.0) like Gecko"
82.218.187.58 - - [18/Feb/2020:14:41:24 +0100] "GET /images/sidebar_title_border.gif HTTP/1.1" 304 - "http://renault.activities.at/result?searchterm=true&search=sandero" "Mozilla/5.0 (Windows NT 10.0; WOW64; Trident/7.0; rv:11.0) like Gecko"
82.218.187.58 - - [18/Feb/2020:14:41:24 +0100] "GET /images/sidebar_title_border_top.gif HTTP/1.1" 304 - "http://renault.activities.at/result?searchterm=true&search=sandero" "Mozilla/5.0 (Windows NT 10.0; WOW64; Trident/7.0; rv:11.0) like Gecko"
82.218.187.58 - - [18/Feb/2020:14:41:24 +0100] "GET /images/sidebar_title_corner_left_top.gif HTTP/1.1" 304 - "http://renault.activities.at/result?searchterm=true&search=sandero" "Mozilla/5.0 (Windows NT 10.0; WOW64; Trident/7.0; rv:11.0) like Gecko"
82.218.187.58 - - [18/Feb/2020:14:41:24 +0100] "GET /loadthumbnail.php?id=11715005&width=113 HTTP/1.1" 200 30128 "http://renault.activities.at/result?searchterm=true&search=sandero" "Mozilla/5.0 (Windows NT 10.0; WOW64; Trident/7.0; rv:11.0) like Gecko"
82.218.187.58 - - [18/Feb/2020:14:41:24 +0100] "GET /images/sidebar_title_corner_right_top.gif HTTP/1.1" 304 - "http://renault.activities.at/result?searchterm=true&search=sandero" "Mozilla/5.0 (Windows NT 10.0; WOW64; Trident/7.0; rv:11.0) like Gecko"
82.218.187.58 - - [18/Feb/2020:14:41:24 +0100] "GET /images/button_right_bg.gif HTTP/1.1" 304 - "http://renault.activities.at/result?searchterm=true&search=sandero" "Mozilla/5.0 (Windows NT 10.0; WOW64; Trident/7.0; rv:11.0) like Gecko"
82.218.187.58 - - [18/Feb/2020:14:41:24 +0100] "GET /images/button_bg.gif HTTP/1.1" 304 - "http://renault.activities.at/result?searchterm=true&search=sandero" "Mozilla/5.0 (Windows NT 10.0; WOW64; Trident/7.0; rv:11.0) like Gecko"
82.218.187.58 - - [18/Feb/2020:14:41:24 +0100] "GET /images/title_border.jpg HTTP/1.1" 304 - "http://renault.activities.at/result?searchterm=true&search=sandero" "Mozilla/5.0 (Windows NT 10.0; WOW64; Trident/7.0; rv:11.0) like Gecko"
82.218.187.58 - - [18/Feb/2020:14:41:24 +0100] "GET /images/title_border_top.jpg HTTP/1.1" 304 - "http://renault.activities.at/result?searchterm=true&search=sandero" "Mozilla/5.0 (Windows NT 10.0; WOW64; Trident/7.0; rv:11.0) like Gecko"
82.218.187.58 - - [18/Feb/2020:14:41:24 +0100] "GET /images/title_corner_left_top.jpg HTTP/1.1" 304 - "http://renault.activities.at/result?searchterm=true&search=sandero" "Mozilla/5.0 (Windows NT 10.0; WOW64; Trident/7.0; rv:11.0) like Gecko"
82.218.187.58 - - [18/Feb/2020:14:41:24 +0100] "GET /images/title_corner_right_top.jpg HTTP/1.1" 304 - "http://renault.activities.at/result?searchterm=true&search=sandero" "Mozilla/5.0 (Windows NT 10.0; WOW64; Trident/7.0; rv:11.0) like Gecko"
82.218.187.58 - - [18/Feb/2020:14:41:24 +0100] "GET /images/pager_bg.gif HTTP/1.1" 200 150 "http://renault.activities.at/result?searchterm=true&search=sandero" "Mozilla/5.0 (Windows NT 10.0; WOW64; Trident/7.0; rv:11.0) like Gecko"
82.218.187.58 - - [18/Feb/2020:14:41:24 +0100] "GET /images/vista-up.gif HTTP/1.1" 200 131 "http://renault.activities.at/result?searchterm=true&search=sandero" "Mozilla/5.0 (Windows NT 10.0; WOW64; Trident/7.0; rv:11.0) like Gecko"
82.218.187.58 - - [18/Feb/2020:14:41:24 +0100] "GET /images/validation_advice_bg.gif HTTP/1.1" 200 134 "http://renault.activities.at/result?searchterm=true&search=sandero" "Mozilla/5.0 (Windows NT 10.0; WOW64; Trident/7.0; rv:11.0) like Gecko"
82.218.187.58 - - [18/Feb/2020:14:41:24 +0100] "GET /images/vista-dn.gif HTTP/1.1" 200 128 "http://renault.activities.at/result?searchterm=true&search=sandero" "Mozilla/5.0 (Windows NT 10.0; WOW64; Trident/7.0; rv:11.0) like Gecko"
82.218.187.58 - - [18/Feb/2020:14:41:24 +0100] "GET /images/footer_divider.gif HTTP/1.1" 304 - "http://renault.activities.at/result?searchterm=true&search=sandero" "Mozilla/5.0 (Windows NT 10.0; WOW64; Trident/7.0; rv:11.0) like Gecko"
82.218.187.58 - - [18/Feb/2020:14:41:21 +0100] "POST /axjaxrequest?mode=suggest HTTP/1.1" 200 111 "http://renault.activities.at/account" "Mozilla/5.0 (Windows NT 10.0; WOW64; Trident/7.0; rv:11.0) like Gecko"
82.218.187.58 - - [18/Feb/2020:14:41:27 +0100] "GET /images/vista-up-hover.gif HTTP/1.1" 200 130 "http://renault.activities.at/result?searchterm=true&search=sandero" "Mozilla/5.0 (Windows NT 10.0; WOW64; Trident/7.0; rv:11.0) like Gecko"
82.218.187.58 - - [18/Feb/2020:14:41:28 +0100] "GET /images/vista-dn-hover.gif HTTP/1.1" 200 127 "http://renault.activities.at/result?searchterm=true&search=sandero" "Mozilla/5.0 (Windows NT 10.0; WOW64; Trident/7.0; rv:11.0) like Gecko"
82.218.187.58 - - [18/Feb/2020:14:41:36 +0100] "GET /result?mode=list&search=sandero HTTP/1.1" 200 6835 "http://renault.activities.at/result?searchterm=true&search=sandero" "Mozilla/5.0 (Windows NT 10.0; WOW64; Trident/7.0; rv:11.0) like Gecko"
82.218.187.58 - - [18/Feb/2020:14:41:39 +0100] "GET /js/default.js HTTP/1.1" 304 - "http://renault.activities.at/result?mode=list&search=sandero" "Mozilla/5.0 (Windows NT 10.0; WOW64; Trident/7.0; rv:11.0) like Gecko"
82.218.187.58 - - [18/Feb/2020:14:41:39 +0100] "GET /js/prototip.js HTTP/1.1" 304 - "http://renault.activities.at/result?mode=list&search=sandero" "Mozilla/5.0 (Windows NT 10.0; WOW64; Trident/7.0; rv:11.0) like Gecko"
82.218.187.58 - - [18/Feb/2020:14:41:39 +0100] "GET /css/reset.css HTTP/1.1" 304 - "http://renault.activities.at/result?mode=list&search=sandero" "Mozilla/5.0 (Windows NT 10.0; WOW64; Trident/7.0; rv:11.0) like Gecko"
82.218.187.58 - - [18/Feb/2020:14:41:39 +0100] "GET /css/styles.css HTTP/1.1" 304 - "http://renault.activities.at/result?mode=list&search=sandero" "Mozilla/5.0 (Windows NT 10.0; WOW64; Trident/7.0; rv:11.0) like Gecko"
82.218.187.58 - - [18/Feb/2020:14:41:39 +0100] "GET /css/clears.css HTTP/1.1" 304 - "http://renault.activities.at/result?mode=list&search=sandero" "Mozilla/5.0 (Windows NT 10.0; WOW64; Trident/7.0; rv:11.0) like Gecko"
82.218.187.58 - - [18/Feb/2020:14:41:39 +0100] "GET /css/print.css HTTP/1.1" 304 - "http://renault.activities.at/result?mode=list&search=sandero" "Mozilla/5.0 (Windows NT 10.0; WOW64; Trident/7.0; rv:11.0) like Gecko"
82.218.187.58 - - [18/Feb/2020:14:41:39 +0100] "GET /js/checkout.css HTTP/1.1" 304 - "http://renault.activities.at/result?mode=list&search=sandero" "Mozilla/5.0 (Windows NT 10.0; WOW64; Trident/7.0; rv:11.0) like Gecko"
82.218.187.58 - - [18/Feb/2020:14:41:39 +0100] "GET /css/prototip.css HTTP/1.1" 304 - "http://renault.activities.at/result?mode=list&search=sandero" "Mozilla/5.0 (Windows NT 10.0; WOW64; Trident/7.0; rv:11.0) like Gecko"
82.218.187.58 - - [18/Feb/2020:14:41:39 +0100] "GET /css/themes/default.css HTTP/1.1" 304 - "http://renault.activities.at/result?mode=list&search=sandero" "Mozilla/5.0 (Windows NT 10.0; WOW64; Trident/7.0; rv:11.0) like Gecko"
82.218.187.58 - - [18/Feb/2020:14:41:39 +0100] "GET /css/themes/alphacube.css HTTP/1.1" 304 - "http://renault.activities.at/result?mode=list&search=sandero" "Mozilla/5.0 (Windows NT 10.0; WOW64; Trident/7.0; rv:11.0) like Gecko"
82.218.187.58 - - [18/Feb/2020:14:41:39 +0100] "GET /js/ProduktGrp.js HTTP/1.1" 304 - "http://renault.activities.at/result?mode=list&search=sandero" "Mozilla/5.0 (Windows NT 10.0; WOW64; Trident/7.0; rv:11.0) like Gecko"
