80.122.221.194 - - [19/Feb/2020:06:01:25 +0100] "GET /reload?ser=1582088485106 HTTP/1.1" 200 28 "http://renault.activities.at/cart" "Mozilla/5.0 (Windows NT 10.0; Win64; x64) AppleWebKit/537.36 (KHTML, like Gecko) Chrome/70.0.3538.102 Safari/537.36 Edge/18.18363"
91.113.165.162 - - [19/Feb/2020:06:02:19 +0100] "GET /reload?ser=1582088539539 HTTP/1.1" 200 1238 "http://renault.activities.at/result?searchterm=true&search=kleber" "Mozilla/5.0 (Windows NT 10.0; WOW64; Trident/7.0; rv:11.0) like Gecko"
80.122.221.194 - - [19/Feb/2020:06:02:26 +0100] "GET /reload?ser=1582088546104 HTTP/1.1" 200 28 "http://renault.activities.at/cart" "Mozilla/5.0 (Windows NT 10.0; Win64; x64) AppleWebKit/537.36 (KHTML, like Gecko) Chrome/70.0.3538.102 Safari/537.36 Edge/18.18363"
91.113.165.162 - - [19/Feb/2020:06:03:19 +0100] "GET /reload?ser=1582088599698 HTTP/1.1" 200 1239 "http://renault.activities.at/result?searchterm=true&search=kleber" "Mozilla/5.0 (Windows NT 10.0; WOW64; Trident/7.0; rv:11.0) like Gecko"
80.122.221.194 - - [19/Feb/2020:06:03:27 +0100] "GET /reload?ser=1582088607104 HTTP/1.1" 200 28 "http://renault.activities.at/cart" "Mozilla/5.0 (Windows NT 10.0; Win64; x64) AppleWebKit/537.36 (KHTML, like Gecko) Chrome/70.0.3538.102 Safari/537.36 Edge/18.18363"
91.113.165.162 - - [19/Feb/2020:06:04:20 +0100] "GET /reload?ser=1582088659852 HTTP/1.1" 200 1242 "http://renault.activities.at/result?searchterm=true&search=kleber" "Mozilla/5.0 (Windows NT 10.0; WOW64; Trident/7.0; rv:11.0) like Gecko"
80.122.221.194 - - [19/Feb/2020:06:04:28 +0100] "GET /reload?ser=1582088668101 HTTP/1.1" 200 28 "http://renault.activities.at/cart" "Mozilla/5.0 (Windows NT 10.0; Win64; x64) AppleWebKit/537.36 (KHTML, like Gecko) Chrome/70.0.3538.102 Safari/537.36 Edge/18.18363"
91.113.165.162 - - [19/Feb/2020:06:05:20 +0100] "GET /reload?ser=1582088719999 HTTP/1.1" 200 1243 "http://renault.activities.at/result?searchterm=true&search=kleber" "Mozilla/5.0 (Windows NT 10.0; WOW64; Trident/7.0; rv:11.0) like Gecko"
80.122.221.194 - - [19/Feb/2020:06:05:29 +0100] "GET /reload?ser=1582088729112 HTTP/1.1" 200 28 "http://renault.activities.at/cart" "Mozilla/5.0 (Windows NT 10.0; Win64; x64) AppleWebKit/537.36 (KHTML, like Gecko) Chrome/70.0.3538.102 Safari/537.36 Edge/18.18363"
91.113.165.162 - - [19/Feb/2020:06:06:20 +0100] "GET /reload?ser=1582088780148 HTTP/1.1" 200 1247 "http://renault.activities.at/result?searchterm=true&search=kleber" "Mozilla/5.0 (Windows NT 10.0; WOW64; Trident/7.0; rv:11.0) like Gecko"
80.122.221.194 - - [19/Feb/2020:06:06:30 +0100] "GET /reload?ser=1582088790112 HTTP/1.1" 200 28 "http://renault.activities.at/cart" "Mozilla/5.0 (Windows NT 10.0; Win64; x64) AppleWebKit/537.36 (KHTML, like Gecko) Chrome/70.0.3538.102 Safari/537.36 Edge/18.18363"
91.113.165.162 - - [19/Feb/2020:06:07:20 +0100] "GET /reload?ser=1582088840301 HTTP/1.1" 200 1237 "http://renault.activities.at/result?searchterm=true&search=kleber" "Mozilla/5.0 (Windows NT 10.0; WOW64; Trident/7.0; rv:11.0) like Gecko"
80.122.221.194 - - [19/Feb/2020:06:07:31 +0100] "GET /reload?ser=1582088851104 HTTP/1.1" 200 28 "http://renault.activities.at/cart" "Mozilla/5.0 (Windows NT 10.0; Win64; x64) AppleWebKit/537.36 (KHTML, like Gecko) Chrome/70.0.3538.102 Safari/537.36 Edge/18.18363"
91.113.165.162 - - [19/Feb/2020:06:08:20 +0100] "GET /reload?ser=1582088900457 HTTP/1.1" 200 1237 "http://renault.activities.at/result?searchterm=true&search=kleber" "Mozilla/5.0 (Windows NT 10.0; WOW64; Trident/7.0; rv:11.0) like Gecko"
80.122.221.194 - - [19/Feb/2020:06:08:32 +0100] "GET /reload?ser=1582088912113 HTTP/1.1" 200 28 "http://renault.activities.at/cart" "Mozilla/5.0 (Windows NT 10.0; Win64; x64) AppleWebKit/537.36 (KHTML, like Gecko) Chrome/70.0.3538.102 Safari/537.36 Edge/18.18363"
91.113.165.162 - - [19/Feb/2020:06:09:20 +0100] "GET /reload?ser=1582088960613 HTTP/1.1" 200 1236 "http://renault.activities.at/result?searchterm=true&search=kleber" "Mozilla/5.0 (Windows NT 10.0; WOW64; Trident/7.0; rv:11.0) like Gecko"
80.122.221.194 - - [19/Feb/2020:06:09:33 +0100] "GET /reload?ser=1582088973108 HTTP/1.1" 200 28 "http://renault.activities.at/cart" "Mozilla/5.0 (Windows NT 10.0; Win64; x64) AppleWebKit/537.36 (KHTML, like Gecko) Chrome/70.0.3538.102 Safari/537.36 Edge/18.18363"
91.113.165.162 - - [19/Feb/2020:06:10:20 +0100] "GET /reload?ser=1582089020767 HTTP/1.1" 200 1237 "http://renault.activities.at/result?searchterm=true&search=kleber" "Mozilla/5.0 (Windows NT 10.0; WOW64; Trident/7.0; rv:11.0) like Gecko"
80.122.221.194 - - [19/Feb/2020:06:10:34 +0100] "GET /reload?ser=1582089034113 HTTP/1.1" 200 28 "http://renault.activities.at/cart" "Mozilla/5.0 (Windows NT 10.0; Win64; x64) AppleWebKit/537.36 (KHTML, like Gecko) Chrome/70.0.3538.102 Safari/537.36 Edge/18.18363"
91.113.165.162 - - [19/Feb/2020:06:11:21 +0100] "GET /reload?ser=1582089080913 HTTP/1.1" 200 1235 "http://renault.activities.at/result?searchterm=true&search=kleber" "Mozilla/5.0 (Windows NT 10.0; WOW64; Trident/7.0; rv:11.0) like Gecko"
80.122.221.194 - - [19/Feb/2020:06:11:35 +0100] "GET /reload?ser=1582089095111 HTTP/1.1" 200 28 "http://renault.activities.at/cart" "Mozilla/5.0 (Windows NT 10.0; Win64; x64) AppleWebKit/537.36 (KHTML, like Gecko) Chrome/70.0.3538.102 Safari/537.36 Edge/18.18363"
91.113.165.162 - - [19/Feb/2020:06:12:21 +0100] "GET /reload?ser=1582089141072 HTTP/1.1" 200 1241 "http://renault.activities.at/result?searchterm=true&search=kleber" "Mozilla/5.0 (Windows NT 10.0; WOW64; Trident/7.0; rv:11.0) like Gecko"
80.122.221.194 - - [19/Feb/2020:06:12:36 +0100] "GET /reload?ser=1582089156117 HTTP/1.1" 200 28 "http://renault.activities.at/cart" "Mozilla/5.0 (Windows NT 10.0; Win64; x64) AppleWebKit/537.36 (KHTML, like Gecko) Chrome/70.0.3538.102 Safari/537.36 Edge/18.18363"
91.113.165.162 - - [19/Feb/2020:06:13:21 +0100] "GET /reload?ser=1582089201224 HTTP/1.1" 200 1236 "http://renault.activities.at/result?searchterm=true&search=kleber" "Mozilla/5.0 (Windows NT 10.0; WOW64; Trident/7.0; rv:11.0) like Gecko"
80.122.221.194 - - [19/Feb/2020:06:13:37 +0100] "GET /reload?ser=1582089217105 HTTP/1.1" 200 28 "http://renault.activities.at/cart" "Mozilla/5.0 (Windows NT 10.0; Win64; x64) AppleWebKit/537.36 (KHTML, like Gecko) Chrome/70.0.3538.102 Safari/537.36 Edge/18.18363"
91.113.165.162 - - [19/Feb/2020:06:14:21 +0100] "GET /reload?ser=1582089261385 HTTP/1.1" 200 1238 "http://renault.activities.at/result?searchterm=true&search=kleber" "Mozilla/5.0 (Windows NT 10.0; WOW64; Trident/7.0; rv:11.0) like Gecko"
80.122.221.194 - - [19/Feb/2020:06:14:38 +0100] "GET /reload?ser=1582089278109 HTTP/1.1" 200 28 "http://renault.activities.at/cart" "Mozilla/5.0 (Windows NT 10.0; Win64; x64) AppleWebKit/537.36 (KHTML, like Gecko) Chrome/70.0.3538.102 Safari/537.36 Edge/18.18363"
91.113.165.162 - - [19/Feb/2020:06:15:21 +0100] "GET /reload?ser=1582089321544 HTTP/1.1" 200 1243 "http://renault.activities.at/result?searchterm=true&search=kleber" "Mozilla/5.0 (Windows NT 10.0; WOW64; Trident/7.0; rv:11.0) like Gecko"
80.122.221.194 - - [19/Feb/2020:06:15:39 +0100] "GET /reload?ser=1582089339106 HTTP/1.1" 200 28 "http://renault.activities.at/cart" "Mozilla/5.0 (Windows NT 10.0; Win64; x64) AppleWebKit/537.36 (KHTML, like Gecko) Chrome/70.0.3538.102 Safari/537.36 Edge/18.18363"
91.113.165.162 - - [19/Feb/2020:06:16:21 +0100] "GET /reload?ser=1582089381704 HTTP/1.1" 200 1241 "http://renault.activities.at/result?searchterm=true&search=kleber" "Mozilla/5.0 (Windows NT 10.0; WOW64; Trident/7.0; rv:11.0) like Gecko"
80.122.221.194 - - [19/Feb/2020:06:16:40 +0100] "GET /reload?ser=1582089400116 HTTP/1.1" 200 28 "http://renault.activities.at/cart" "Mozilla/5.0 (Windows NT 10.0; Win64; x64) AppleWebKit/537.36 (KHTML, like Gecko) Chrome/70.0.3538.102 Safari/537.36 Edge/18.18363"
91.113.165.162 - - [19/Feb/2020:06:17:22 +0100] "GET /reload?ser=1582089441857 HTTP/1.1" 200 1241 "http://renault.activities.at/result?searchterm=true&search=kleber" "Mozilla/5.0 (Windows NT 10.0; WOW64; Trident/7.0; rv:11.0) like Gecko"
80.122.221.194 - - [19/Feb/2020:06:17:41 +0100] "GET /reload?ser=1582089461115 HTTP/1.1" 200 28 "http://renault.activities.at/cart" "Mozilla/5.0 (Windows NT 10.0; Win64; x64) AppleWebKit/537.36 (KHTML, like Gecko) Chrome/70.0.3538.102 Safari/537.36 Edge/18.18363"
91.113.165.162 - - [19/Feb/2020:06:18:22 +0100] "GET /reload?ser=1582089502008 HTTP/1.1" 200 1241 "http://renault.activities.at/result?searchterm=true&search=kleber" "Mozilla/5.0 (Windows NT 10.0; WOW64; Trident/7.0; rv:11.0) like Gecko"
80.122.221.194 - - [19/Feb/2020:06:18:42 +0100] "GET /reload?ser=1582089522118 HTTP/1.1" 200 28 "http://renault.activities.at/cart" "Mozilla/5.0 (Windows NT 10.0; Win64; x64) AppleWebKit/537.36 (KHTML, like Gecko) Chrome/70.0.3538.102 Safari/537.36 Edge/18.18363"
91.113.165.162 - - [19/Feb/2020:06:19:22 +0100] "GET /reload?ser=1582089562160 HTTP/1.1" 200 1242 "http://renault.activities.at/result?searchterm=true&search=kleber" "Mozilla/5.0 (Windows NT 10.0; WOW64; Trident/7.0; rv:11.0) like Gecko"
80.122.221.194 - - [19/Feb/2020:06:19:43 +0100] "GET /reload?ser=1582089583112 HTTP/1.1" 200 28 "http://renault.activities.at/cart" "Mozilla/5.0 (Windows NT 10.0; Win64; x64) AppleWebKit/537.36 (KHTML, like Gecko) Chrome/70.0.3538.102 Safari/537.36 Edge/18.18363"
91.113.165.162 - - [19/Feb/2020:06:20:22 +0100] "GET /reload?ser=1582089622312 HTTP/1.1" 200 1241 "http://renault.activities.at/result?searchterm=true&search=kleber" "Mozilla/5.0 (Windows NT 10.0; WOW64; Trident/7.0; rv:11.0) like Gecko"
80.122.221.194 - - [19/Feb/2020:06:20:44 +0100] "GET /reload?ser=1582089644108 HTTP/1.1" 200 28 "http://renault.activities.at/cart" "Mozilla/5.0 (Windows NT 10.0; Win64; x64) AppleWebKit/537.36 (KHTML, like Gecko) Chrome/70.0.3538.102 Safari/537.36 Edge/18.18363"
91.113.165.162 - - [19/Feb/2020:06:21:22 +0100] "GET /reload?ser=1582089682471 HTTP/1.1" 200 1242 "http://renault.activities.at/result?searchterm=true&search=kleber" "Mozilla/5.0 (Windows NT 10.0; WOW64; Trident/7.0; rv:11.0) like Gecko"
80.122.221.194 - - [19/Feb/2020:06:21:45 +0100] "GET /reload?ser=1582089705106 HTTP/1.1" 200 28 "http://renault.activities.at/cart" "Mozilla/5.0 (Windows NT 10.0; Win64; x64) AppleWebKit/537.36 (KHTML, like Gecko) Chrome/70.0.3538.102 Safari/537.36 Edge/18.18363"
91.113.165.162 - - [19/Feb/2020:06:22:22 +0100] "GET /reload?ser=1582089742625 HTTP/1.1" 200 1241 "http://renault.activities.at/result?searchterm=true&search=kleber" "Mozilla/5.0 (Windows NT 10.0; WOW64; Trident/7.0; rv:11.0) like Gecko"
80.122.221.194 - - [19/Feb/2020:06:22:46 +0100] "GET /reload?ser=1582089766120 HTTP/1.1" 200 28 "http://renault.activities.at/cart" "Mozilla/5.0 (Windows NT 10.0; Win64; x64) AppleWebKit/537.36 (KHTML, like Gecko) Chrome/70.0.3538.102 Safari/537.36 Edge/18.18363"
91.113.165.162 - - [19/Feb/2020:06:23:23 +0100] "GET /reload?ser=1582089802780 HTTP/1.1" 200 1246 "http://renault.activities.at/result?searchterm=true&search=kleber" "Mozilla/5.0 (Windows NT 10.0; WOW64; Trident/7.0; rv:11.0) like Gecko"
80.122.221.194 - - [19/Feb/2020:06:23:47 +0100] "GET /reload?ser=1582089827110 HTTP/1.1" 200 28 "http://renault.activities.at/cart" "Mozilla/5.0 (Windows NT 10.0; Win64; x64) AppleWebKit/537.36 (KHTML, like Gecko) Chrome/70.0.3538.102 Safari/537.36 Edge/18.18363"
91.113.165.162 - - [19/Feb/2020:06:24:23 +0100] "GET /reload?ser=1582089862933 HTTP/1.1" 200 1242 "http://renault.activities.at/result?searchterm=true&search=kleber" "Mozilla/5.0 (Windows NT 10.0; WOW64; Trident/7.0; rv:11.0) like Gecko"
80.122.221.194 - - [19/Feb/2020:06:24:48 +0100] "GET /reload?ser=1582089888122 HTTP/1.1" 200 28 "http://renault.activities.at/cart" "Mozilla/5.0 (Windows NT 10.0; Win64; x64) AppleWebKit/537.36 (KHTML, like Gecko) Chrome/70.0.3538.102 Safari/537.36 Edge/18.18363"
91.113.165.162 - - [19/Feb/2020:06:25:23 +0100] "GET /reload?ser=1582089923086 HTTP/1.1" 200 1234 "http://renault.activities.at/result?searchterm=true&search=kleber" "Mozilla/5.0 (Windows NT 10.0; WOW64; Trident/7.0; rv:11.0) like Gecko"
80.122.221.194 - - [19/Feb/2020:06:25:49 +0100] "GET /reload?ser=1582089949121 HTTP/1.1" 200 28 "http://renault.activities.at/cart" "Mozilla/5.0 (Windows NT 10.0; Win64; x64) AppleWebKit/537.36 (KHTML, like Gecko) Chrome/70.0.3538.102 Safari/537.36 Edge/18.18363"
91.113.165.162 - - [19/Feb/2020:06:26:23 +0100] "GET /reload?ser=1582089983235 HTTP/1.1" 200 1247 "http://renault.activities.at/result?searchterm=true&search=kleber" "Mozilla/5.0 (Windows NT 10.0; WOW64; Trident/7.0; rv:11.0) like Gecko"
80.122.221.194 - - [19/Feb/2020:06:26:50 +0100] "GET /reload?ser=1582090010121 HTTP/1.1" 200 28 "http://renault.activities.at/cart" "Mozilla/5.0 (Windows NT 10.0; Win64; x64) AppleWebKit/537.36 (KHTML, like Gecko) Chrome/70.0.3538.102 Safari/537.36 Edge/18.18363"
91.113.165.162 - - [19/Feb/2020:06:27:23 +0100] "GET /reload?ser=1582090043387 HTTP/1.1" 200 1235 "http://renault.activities.at/result?searchterm=true&search=kleber" "Mozilla/5.0 (Windows NT 10.0; WOW64; Trident/7.0; rv:11.0) like Gecko"
80.122.221.194 - - [19/Feb/2020:06:27:51 +0100] "GET /reload?ser=1582090071119 HTTP/1.1" 200 28 "http://renault.activities.at/cart" "Mozilla/5.0 (Windows NT 10.0; Win64; x64) AppleWebKit/537.36 (KHTML, like Gecko) Chrome/70.0.3538.102 Safari/537.36 Edge/18.18363"
91.113.165.162 - - [19/Feb/2020:06:28:23 +0100] "GET /reload?ser=1582090103540 HTTP/1.1" 200 1236 "http://renault.activities.at/result?searchterm=true&search=kleber" "Mozilla/5.0 (Windows NT 10.0; WOW64; Trident/7.0; rv:11.0) like Gecko"
80.122.221.194 - - [19/Feb/2020:06:28:52 +0100] "GET /reload?ser=1582090132115 HTTP/1.1" 200 28 "http://renault.activities.at/cart" "Mozilla/5.0 (Windows NT 10.0; Win64; x64) AppleWebKit/537.36 (KHTML, like Gecko) Chrome/70.0.3538.102 Safari/537.36 Edge/18.18363"
91.113.165.162 - - [19/Feb/2020:06:29:23 +0100] "GET /reload?ser=1582090163692 HTTP/1.1" 200 1239 "http://renault.activities.at/result?searchterm=true&search=kleber" "Mozilla/5.0 (Windows NT 10.0; WOW64; Trident/7.0; rv:11.0) like Gecko"
80.122.221.194 - - [19/Feb/2020:06:29:53 +0100] "GET /reload?ser=1582090193120 HTTP/1.1" 200 28 "http://renault.activities.at/cart" "Mozilla/5.0 (Windows NT 10.0; Win64; x64) AppleWebKit/537.36 (KHTML, like Gecko) Chrome/70.0.3538.102 Safari/537.36 Edge/18.18363"
91.113.165.162 - - [19/Feb/2020:06:30:24 +0100] "GET /reload?ser=1582090223848 HTTP/1.1" 200 1245 "http://renault.activities.at/result?searchterm=true&search=kleber" "Mozilla/5.0 (Windows NT 10.0; WOW64; Trident/7.0; rv:11.0) like Gecko"
80.122.221.194 - - [19/Feb/2020:06:30:54 +0100] "GET /reload?ser=1582090254122 HTTP/1.1" 200 28 "http://renault.activities.at/cart" "Mozilla/5.0 (Windows NT 10.0; Win64; x64) AppleWebKit/537.36 (KHTML, like Gecko) Chrome/70.0.3538.102 Safari/537.36 Edge/18.18363"
91.113.165.162 - - [19/Feb/2020:06:31:24 +0100] "GET /reload?ser=1582090284002 HTTP/1.1" 200 1248 "http://renault.activities.at/result?searchterm=true&search=kleber" "Mozilla/5.0 (Windows NT 10.0; WOW64; Trident/7.0; rv:11.0) like Gecko"
80.122.221.194 - - [19/Feb/2020:06:31:55 +0100] "GET /reload?ser=1582090315112 HTTP/1.1" 200 28 "http://renault.activities.at/cart" "Mozilla/5.0 (Windows NT 10.0; Win64; x64) AppleWebKit/537.36 (KHTML, like Gecko) Chrome/70.0.3538.102 Safari/537.36 Edge/18.18363"
91.113.165.162 - - [19/Feb/2020:06:32:24 +0100] "GET /reload?ser=1582090344153 HTTP/1.1" 200 1242 "http://renault.activities.at/result?searchterm=true&search=kleber" "Mozilla/5.0 (Windows NT 10.0; WOW64; Trident/7.0; rv:11.0) like Gecko"
80.122.221.194 - - [19/Feb/2020:06:32:56 +0100] "GET /reload?ser=1582090376119 HTTP/1.1" 200 28 "http://renault.activities.at/cart" "Mozilla/5.0 (Windows NT 10.0; Win64; x64) AppleWebKit/537.36 (KHTML, like Gecko) Chrome/70.0.3538.102 Safari/537.36 Edge/18.18363"
91.113.165.162 - - [19/Feb/2020:06:33:24 +0100] "GET /reload?ser=1582090404303 HTTP/1.1" 200 1238 "http://renault.activities.at/result?searchterm=true&search=kleber" "Mozilla/5.0 (Windows NT 10.0; WOW64; Trident/7.0; rv:11.0) like Gecko"
80.122.221.194 - - [19/Feb/2020:06:33:57 +0100] "GET /reload?ser=1582090437117 HTTP/1.1" 200 28 "http://renault.activities.at/cart" "Mozilla/5.0 (Windows NT 10.0; Win64; x64) AppleWebKit/537.36 (KHTML, like Gecko) Chrome/70.0.3538.102 Safari/537.36 Edge/18.18363"
91.113.165.162 - - [19/Feb/2020:06:34:24 +0100] "GET /reload?ser=1582090464451 HTTP/1.1" 200 1238 "http://renault.activities.at/result?searchterm=true&search=kleber" "Mozilla/5.0 (Windows NT 10.0; WOW64; Trident/7.0; rv:11.0) like Gecko"
80.122.221.194 - - [19/Feb/2020:06:34:58 +0100] "GET /reload?ser=1582090498113 HTTP/1.1" 200 28 "http://renault.activities.at/cart" "Mozilla/5.0 (Windows NT 10.0; Win64; x64) AppleWebKit/537.36 (KHTML, like Gecko) Chrome/70.0.3538.102 Safari/537.36 Edge/18.18363"
91.113.165.162 - - [19/Feb/2020:06:35:24 +0100] "GET /reload?ser=1582090524603 HTTP/1.1" 200 1248 "http://renault.activities.at/result?searchterm=true&search=kleber" "Mozilla/5.0 (Windows NT 10.0; WOW64; Trident/7.0; rv:11.0) like Gecko"
80.122.221.194 - - [19/Feb/2020:06:35:59 +0100] "GET /reload?ser=1582090559118 HTTP/1.1" 200 28 "http://renault.activities.at/cart" "Mozilla/5.0 (Windows NT 10.0; Win64; x64) AppleWebKit/537.36 (KHTML, like Gecko) Chrome/70.0.3538.102 Safari/537.36 Edge/18.18363"
91.113.165.162 - - [19/Feb/2020:06:36:24 +0100] "GET /reload?ser=1582090584751 HTTP/1.1" 200 1250 "http://renault.activities.at/result?searchterm=true&search=kleber" "Mozilla/5.0 (Windows NT 10.0; WOW64; Trident/7.0; rv:11.0) like Gecko"
80.122.221.194 - - [19/Feb/2020:06:37:00 +0100] "GET /reload?ser=1582090620115 HTTP/1.1" 200 28 "http://renault.activities.at/cart" "Mozilla/5.0 (Windows NT 10.0; Win64; x64) AppleWebKit/537.36 (KHTML, like Gecko) Chrome/70.0.3538.102 Safari/537.36 Edge/18.18363"
91.113.165.162 - - [19/Feb/2020:06:37:25 +0100] "GET /reload?ser=1582090644902 HTTP/1.1" 200 1249 "http://renault.activities.at/result?searchterm=true&search=kleber" "Mozilla/5.0 (Windows NT 10.0; WOW64; Trident/7.0; rv:11.0) like Gecko"
80.122.221.194 - - [19/Feb/2020:06:38:01 +0100] "GET /reload?ser=1582090681121 HTTP/1.1" 200 28 "http://renault.activities.at/cart" "Mozilla/5.0 (Windows NT 10.0; Win64; x64) AppleWebKit/537.36 (KHTML, like Gecko) Chrome/70.0.3538.102 Safari/537.36 Edge/18.18363"
91.113.165.162 - - [19/Feb/2020:06:38:25 +0100] "GET /reload?ser=1582090705049 HTTP/1.1" 200 1238 "http://renault.activities.at/result?searchterm=true&search=kleber" "Mozilla/5.0 (Windows NT 10.0; WOW64; Trident/7.0; rv:11.0) like Gecko"
80.122.221.194 - - [19/Feb/2020:06:39:02 +0100] "GET /reload?ser=1582090742128 HTTP/1.1" 200 28 "http://renault.activities.at/cart" "Mozilla/5.0 (Windows NT 10.0; Win64; x64) AppleWebKit/537.36 (KHTML, like Gecko) Chrome/70.0.3538.102 Safari/537.36 Edge/18.18363"
91.113.165.162 - - [19/Feb/2020:06:39:25 +0100] "GET /reload?ser=1582090765203 HTTP/1.1" 200 1240 "http://renault.activities.at/result?searchterm=true&search=kleber" "Mozilla/5.0 (Windows NT 10.0; WOW64; Trident/7.0; rv:11.0) like Gecko"
80.122.221.194 - - [19/Feb/2020:06:40:03 +0100] "GET /reload?ser=1582090803113 HTTP/1.1" 200 28 "http://renault.activities.at/cart" "Mozilla/5.0 (Windows NT 10.0; Win64; x64) AppleWebKit/537.36 (KHTML, like Gecko) Chrome/70.0.3538.102 Safari/537.36 Edge/18.18363"
91.113.165.162 - - [19/Feb/2020:06:40:25 +0100] "GET /reload?ser=1582090825354 HTTP/1.1" 200 1238 "http://renault.activities.at/result?searchterm=true&search=kleber" "Mozilla/5.0 (Windows NT 10.0; WOW64; Trident/7.0; rv:11.0) like Gecko"
80.122.221.194 - - [19/Feb/2020:06:41:04 +0100] "GET /reload?ser=1582090864124 HTTP/1.1" 200 28 "http://renault.activities.at/cart" "Mozilla/5.0 (Windows NT 10.0; Win64; x64) AppleWebKit/537.36 (KHTML, like Gecko) Chrome/70.0.3538.102 Safari/537.36 Edge/18.18363"
91.113.165.162 - - [19/Feb/2020:06:41:25 +0100] "GET /reload?ser=1582090885511 HTTP/1.1" 200 1248 "http://renault.activities.at/result?searchterm=true&search=kleber" "Mozilla/5.0 (Windows NT 10.0; WOW64; Trident/7.0; rv:11.0) like Gecko"
80.122.221.194 - - [19/Feb/2020:06:42:05 +0100] "GET /reload?ser=1582090925091 HTTP/1.1" 200 28 "http://renault.activities.at/cart" "Mozilla/5.0 (Windows NT 10.0; Win64; x64) AppleWebKit/537.36 (KHTML, like Gecko) Chrome/70.0.3538.102 Safari/537.36 Edge/18.18363"
91.113.165.162 - - [19/Feb/2020:06:42:25 +0100] "GET /reload?ser=1582090945667 HTTP/1.1" 200 1245 "http://renault.activities.at/result?searchterm=true&search=kleber" "Mozilla/5.0 (Windows NT 10.0; WOW64; Trident/7.0; rv:11.0) like Gecko"
80.122.221.194 - - [19/Feb/2020:06:43:06 +0100] "GET /reload?ser=1582090986095 HTTP/1.1" 200 28 "http://renault.activities.at/cart" "Mozilla/5.0 (Windows NT 10.0; Win64; x64) AppleWebKit/537.36 (KHTML, like Gecko) Chrome/70.0.3538.102 Safari/537.36 Edge/18.18363"
91.113.165.162 - - [19/Feb/2020:06:43:26 +0100] "GET /reload?ser=1582091005892 HTTP/1.1" 200 1242 "http://renault.activities.at/result?searchterm=true&search=kleber" "Mozilla/5.0 (Windows NT 10.0; WOW64; Trident/7.0; rv:11.0) like Gecko"
80.122.221.194 - - [19/Feb/2020:06:44:07 +0100] "GET /reload?ser=1582091047102 HTTP/1.1" 200 28 "http://renault.activities.at/cart" "Mozilla/5.0 (Windows NT 10.0; Win64; x64) AppleWebKit/537.36 (KHTML, like Gecko) Chrome/70.0.3538.102 Safari/537.36 Edge/18.18363"
91.113.165.162 - - [19/Feb/2020:06:44:26 +0100] "GET /reload?ser=1582091066041 HTTP/1.1" 200 1240 "http://renault.activities.at/result?searchterm=true&search=kleber" "Mozilla/5.0 (Windows NT 10.0; WOW64; Trident/7.0; rv:11.0) like Gecko"
80.122.221.194 - - [19/Feb/2020:06:45:08 +0100] "GET /reload?ser=1582091108097 HTTP/1.1" 200 28 "http://renault.activities.at/cart" "Mozilla/5.0 (Windows NT 10.0; Win64; x64) AppleWebKit/537.36 (KHTML, like Gecko) Chrome/70.0.3538.102 Safari/537.36 Edge/18.18363"
91.113.165.162 - - [19/Feb/2020:06:45:26 +0100] "GET /reload?ser=1582091126193 HTTP/1.1" 200 1245 "http://renault.activities.at/result?searchterm=true&search=kleber" "Mozilla/5.0 (Windows NT 10.0; WOW64; Trident/7.0; rv:11.0) like Gecko"
80.122.221.194 - - [19/Feb/2020:06:46:09 +0100] "GET /reload?ser=1582091169089 HTTP/1.1" 200 28 "http://renault.activities.at/cart" "Mozilla/5.0 (Windows NT 10.0; Win64; x64) AppleWebKit/537.36 (KHTML, like Gecko) Chrome/70.0.3538.102 Safari/537.36 Edge/18.18363"
91.113.165.162 - - [19/Feb/2020:06:46:26 +0100] "GET /reload?ser=1582091186350 HTTP/1.1" 200 1251 "http://renault.activities.at/result?searchterm=true&search=kleber" "Mozilla/5.0 (Windows NT 10.0; WOW64; Trident/7.0; rv:11.0) like Gecko"
80.122.221.194 - - [19/Feb/2020:06:47:10 +0100] "GET /reload?ser=1582091230097 HTTP/1.1" 200 28 "http://renault.activities.at/cart" "Mozilla/5.0 (Windows NT 10.0; Win64; x64) AppleWebKit/537.36 (KHTML, like Gecko) Chrome/70.0.3538.102 Safari/537.36 Edge/18.18363"
91.113.165.162 - - [19/Feb/2020:06:47:26 +0100] "GET /reload?ser=1582091246500 HTTP/1.1" 200 1246 "http://renault.activities.at/result?searchterm=true&search=kleber" "Mozilla/5.0 (Windows NT 10.0; WOW64; Trident/7.0; rv:11.0) like Gecko"
80.122.221.194 - - [19/Feb/2020:06:48:11 +0100] "GET /reload?ser=1582091291091 HTTP/1.1" 200 28 "http://renault.activities.at/cart" "Mozilla/5.0 (Windows NT 10.0; Win64; x64) AppleWebKit/537.36 (KHTML, like Gecko) Chrome/70.0.3538.102 Safari/537.36 Edge/18.18363"
91.113.165.162 - - [19/Feb/2020:06:48:26 +0100] "GET /reload?ser=1582091306659 HTTP/1.1" 200 1240 "http://renault.activities.at/result?searchterm=true&search=kleber" "Mozilla/5.0 (Windows NT 10.0; WOW64; Trident/7.0; rv:11.0) like Gecko"
193.194.132.29 - - [19/Feb/2020:06:49:01 +0100] "GET /account HTTP/1.1" 302 146 "-" "Mozilla/5.0 (Windows NT 10.0; WOW64; Trident/7.0; Touch; rv:11.0) like Gecko"
193.194.132.29 - - [19/Feb/2020:06:49:02 +0100] "GET /login?required=true HTTP/1.1" 200 2095 "-" "Mozilla/5.0 (Windows NT 10.0; WOW64; Trident/7.0; Touch; rv:11.0) like Gecko"
193.194.132.29 - - [19/Feb/2020:06:49:03 +0100] "GET /css/styles.css HTTP/1.1" 304 - "http://renault.2web.at/login?required=true" "Mozilla/5.0 (Windows NT 10.0; WOW64; Trident/7.0; Touch; rv:11.0) like Gecko"
193.194.132.29 - - [19/Feb/2020:06:49:03 +0100] "GET /css/reset.css HTTP/1.1" 304 - "http://renault.2web.at/login?required=true" "Mozilla/5.0 (Windows NT 10.0; WOW64; Trident/7.0; Touch; rv:11.0) like Gecko"
193.194.132.29 - - [19/Feb/2020:06:49:03 +0100] "GET /css/themes/default.css HTTP/1.1" 304 - "http://renault.2web.at/login?required=true" "Mozilla/5.0 (Windows NT 10.0; WOW64; Trident/7.0; Touch; rv:11.0) like Gecko"
193.194.132.29 - - [19/Feb/2020:06:49:03 +0100] "GET /js/checkout.css HTTP/1.1" 304 - "http://renault.2web.at/login?required=true" "Mozilla/5.0 (Windows NT 10.0; WOW64; Trident/7.0; Touch; rv:11.0) like Gecko"
193.194.132.29 - - [19/Feb/2020:06:49:03 +0100] "GET /css/themes/alphacube.css HTTP/1.1" 304 - "http://renault.2web.at/login?required=true" "Mozilla/5.0 (Windows NT 10.0; WOW64; Trident/7.0; Touch; rv:11.0) like Gecko"
193.194.132.29 - - [19/Feb/2020:06:49:03 +0100] "GET /css/prototip.css HTTP/1.1" 304 - "http://renault.2web.at/login?required=true" "Mozilla/5.0 (Windows NT 10.0; WOW64; Trident/7.0; Touch; rv:11.0) like Gecko"
193.194.132.29 - - [19/Feb/2020:06:49:03 +0100] "GET /css/clears.css HTTP/1.1" 304 - "http://renault.2web.at/login?required=true" "Mozilla/5.0 (Windows NT 10.0; WOW64; Trident/7.0; Touch; rv:11.0) like Gecko"
193.194.132.29 - - [19/Feb/2020:06:49:03 +0100] "GET /css/print.css HTTP/1.1" 304 - "http://renault.2web.at/login?required=true" "Mozilla/5.0 (Windows NT 10.0; WOW64; Trident/7.0; Touch; rv:11.0) like Gecko"
193.194.132.29 - - [19/Feb/2020:06:49:03 +0100] "GET /js/index.php?c=auto&f=,prototype/prototype.js,prototype/validation.js,scriptaculous/builder.js,scriptaculous/effects.js,scriptaculous/dragdrop.js,scriptaculous/controls.js,scriptaculous/slider.js,varien/js.js,varien/form.js,varien/menu.js,mage/translate.js,mage/cookies.js,varien/product.js,spinner/SpinnerControl.jsmin.js,prototype/window.js,prototype/window_ext.js HTTP/1.1" 304 - "http://renault.2web.at/login?required=true" "Mozilla/5.0 (Windows NT 10.0; WOW64; Trident/7.0; Touch; rv:11.0) like Gecko"
193.194.132.29 - - [19/Feb/2020:06:49:04 +0100] "GET /images/main_block_border.gif HTTP/1.1" 304 - "http://renault.2web.at/login?required=true" "Mozilla/5.0 (Windows NT 10.0; WOW64; Trident/7.0; Touch; rv:11.0) like Gecko"
193.194.132.29 - - [19/Feb/2020:06:49:04 +0100] "GET /images/main_block_corner_left_top.gif HTTP/1.1" 304 - "http://renault.2web.at/login?required=true" "Mozilla/5.0 (Windows NT 10.0; WOW64; Trident/7.0; Touch; rv:11.0) like Gecko"
193.194.132.29 - - [19/Feb/2020:06:49:04 +0100] "GET /images/main_block_corner_right_top.gif HTTP/1.1" 304 - "http://renault.2web.at/login?required=true" "Mozilla/5.0 (Windows NT 10.0; WOW64; Trident/7.0; Touch; rv:11.0) like Gecko"
193.194.132.29 - - [19/Feb/2020:06:49:04 +0100] "GET /images/header_block_corner_right_top.gif HTTP/1.1" 304 - "http://renault.2web.at/login?required=true" "Mozilla/5.0 (Windows NT 10.0; WOW64; Trident/7.0; Touch; rv:11.0) like Gecko"
193.194.132.29 - - [19/Feb/2020:06:49:04 +0100] "GET /images/title_border_top.jpg HTTP/1.1" 304 - "http://renault.2web.at/login?required=true" "Mozilla/5.0 (Windows NT 10.0; WOW64; Trident/7.0; Touch; rv:11.0) like Gecko"
193.194.132.29 - - [19/Feb/2020:06:49:04 +0100] "GET /images/main_block_corner_right_bot.gif HTTP/1.1" 304 - "http://renault.2web.at/login?required=true" "Mozilla/5.0 (Windows NT 10.0; WOW64; Trident/7.0; Touch; rv:11.0) like Gecko"
193.194.132.29 - - [19/Feb/2020:06:49:04 +0100] "GET /images/main_block_corner_left_bot.gif HTTP/1.1" 304 - "http://renault.2web.at/login?required=true" "Mozilla/5.0 (Windows NT 10.0; WOW64; Trident/7.0; Touch; rv:11.0) like Gecko"
193.194.132.29 - - [19/Feb/2020:06:49:04 +0100] "GET /images/header_block_border.gif HTTP/1.1" 304 - "http://renault.2web.at/login?required=true" "Mozilla/5.0 (Windows NT 10.0; WOW64; Trident/7.0; Touch; rv:11.0) like Gecko"
193.194.132.29 - - [19/Feb/2020:06:49:04 +0100] "GET /images/title_border.jpg HTTP/1.1" 304 - "http://renault.2web.at/login?required=true" "Mozilla/5.0 (Windows NT 10.0; WOW64; Trident/7.0; Touch; rv:11.0) like Gecko"
193.194.132.29 - - [19/Feb/2020:06:49:04 +0100] "GET /images/header_block_corner_left_top.gif HTTP/1.1" 304 - "http://renault.2web.at/login?required=true" "Mozilla/5.0 (Windows NT 10.0; WOW64; Trident/7.0; Touch; rv:11.0) like Gecko"
193.194.132.29 - - [19/Feb/2020:06:49:04 +0100] "GET /images/title_corner_left_top.jpg HTTP/1.1" 304 - "http://renault.2web.at/login?required=true" "Mozilla/5.0 (Windows NT 10.0; WOW64; Trident/7.0; Touch; rv:11.0) like Gecko"
193.194.132.29 - - [19/Feb/2020:06:49:04 +0100] "GET /images/button_left_bg.gif HTTP/1.1" 304 - "http://renault.2web.at/login?required=true" "Mozilla/5.0 (Windows NT 10.0; WOW64; Trident/7.0; Touch; rv:11.0) like Gecko"
193.194.132.29 - - [19/Feb/2020:06:49:04 +0100] "GET /images/button_bg.gif HTTP/1.1" 304 - "http://renault.2web.at/login?required=true" "Mozilla/5.0 (Windows NT 10.0; WOW64; Trident/7.0; Touch; rv:11.0) like Gecko"
193.194.132.29 - - [19/Feb/2020:06:49:04 +0100] "GET /images/button_right_bg.gif HTTP/1.1" 304 - "http://renault.2web.at/login?required=true" "Mozilla/5.0 (Windows NT 10.0; WOW64; Trident/7.0; Touch; rv:11.0) like Gecko"
193.194.132.29 - - [19/Feb/2020:06:49:04 +0100] "GET /images/title_corner_right_top.jpg HTTP/1.1" 304 - "http://renault.2web.at/login?required=true" "Mozilla/5.0 (Windows NT 10.0; WOW64; Trident/7.0; Touch; rv:11.0) like Gecko"
80.122.221.194 - - [19/Feb/2020:06:49:12 +0100] "GET /reload?ser=1582091352091 HTTP/1.1" 200 28 "http://renault.activities.at/cart" "Mozilla/5.0 (Windows NT 10.0; Win64; x64) AppleWebKit/537.36 (KHTML, like Gecko) Chrome/70.0.3538.102 Safari/537.36 Edge/18.18363"
91.113.165.162 - - [19/Feb/2020:06:49:27 +0100] "GET /reload?ser=1582091366808 HTTP/1.1" 200 1245 "http://renault.activities.at/result?searchterm=true&search=kleber" "Mozilla/5.0 (Windows NT 10.0; WOW64; Trident/7.0; rv:11.0) like Gecko"
193.194.132.29 - - [19/Feb/2020:06:49:13 +0100] "POST /login HTTP/1.1" 302 149 "http://renault.2web.at/login?required=true" "Mozilla/5.0 (Windows NT 10.0; WOW64; Trident/7.0; Touch; rv:11.0) like Gecko"
193.194.132.29 - - [19/Feb/2020:06:49:29 +0100] "GET /account?loadrequest=true HTTP/1.1" 200 9624 "http://renault.2web.at/login?required=true" "Mozilla/5.0 (Windows NT 10.0; WOW64; Trident/7.0; Touch; rv:11.0) like Gecko"
193.194.132.29 - - [19/Feb/2020:06:49:59 +0100] "GET /js/account.js HTTP/1.1" 304 - "http://renault.2web.at/account?loadrequest=true" "Mozilla/5.0 (Windows NT 10.0; WOW64; Trident/7.0; Touch; rv:11.0) like Gecko"
193.194.132.29 - - [19/Feb/2020:06:49:59 +0100] "GET /images/ajax_loading.gif HTTP/1.1" 304 - "http://renault.2web.at/account?loadrequest=true" "Mozilla/5.0 (Windows NT 10.0; WOW64; Trident/7.0; Touch; rv:11.0) like Gecko"
193.194.132.29 - - [19/Feb/2020:06:49:59 +0100] "GET /loadthumbnail.php?id=11722633&width=50&height=50 HTTP/1.1" 200 1348 "http://renault.2web.at/account?loadrequest=true" "Mozilla/5.0 (Windows NT 10.0; WOW64; Trident/7.0; Touch; rv:11.0) like Gecko"
193.194.132.29 - - [19/Feb/2020:06:49:59 +0100] "GET /loadthumbnail.php?id=11986906&width=50&height=50 HTTP/1.1" 200 1376 "http://renault.2web.at/account?loadrequest=true" "Mozilla/5.0 (Windows NT 10.0; WOW64; Trident/7.0; Touch; rv:11.0) like Gecko"
193.194.132.29 - - [19/Feb/2020:06:49:59 +0100] "GET /images/search_bg.gif HTTP/1.1" 304 - "http://renault.2web.at/account?loadrequest=true" "Mozilla/5.0 (Windows NT 10.0; WOW64; Trident/7.0; Touch; rv:11.0) like Gecko"
193.194.132.29 - - [19/Feb/2020:06:49:59 +0100] "GET /images/sidebar_title_corner_left_top.gif HTTP/1.1" 304 - "http://renault.2web.at/account?loadrequest=true" "Mozilla/5.0 (Windows NT 10.0; WOW64; Trident/7.0; Touch; rv:11.0) like Gecko"
193.194.132.29 - - [19/Feb/2020:06:49:59 +0100] "GET /images/footer_divider.gif HTTP/1.1" 304 - "http://renault.2web.at/account?loadrequest=true" "Mozilla/5.0 (Windows NT 10.0; WOW64; Trident/7.0; Touch; rv:11.0) like Gecko"
193.194.132.29 - - [19/Feb/2020:06:49:59 +0100] "GET /images/top_links_divider.gif HTTP/1.1" 304 - "http://renault.2web.at/account?loadrequest=true" "Mozilla/5.0 (Windows NT 10.0; WOW64; Trident/7.0; Touch; rv:11.0) like Gecko"
193.194.132.29 - - [19/Feb/2020:06:49:59 +0100] "GET /images/menu_button_bg.jpg HTTP/1.1" 304 - "http://renault.2web.at/account?loadrequest=true" "Mozilla/5.0 (Windows NT 10.0; WOW64; Trident/7.0; Touch; rv:11.0) like Gecko"
193.194.132.29 - - [19/Feb/2020:06:49:59 +0100] "GET /images/sidebar_title_border.gif HTTP/1.1" 304 - "http://renault.2web.at/account?loadrequest=true" "Mozilla/5.0 (Windows NT 10.0; WOW64; Trident/7.0; Touch; rv:11.0) like Gecko"
193.194.132.29 - - [19/Feb/2020:06:49:59 +0100] "GET /images/sidebar_title_border_top.gif HTTP/1.1" 304 - "http://renault.2web.at/account?loadrequest=true" "Mozilla/5.0 (Windows NT 10.0; WOW64; Trident/7.0; Touch; rv:11.0) like Gecko"
193.194.132.29 - - [19/Feb/2020:06:49:59 +0100] "GET /images/nav_divider.gif HTTP/1.1" 304 - "http://renault.2web.at/account?loadrequest=true" "Mozilla/5.0 (Windows NT 10.0; WOW64; Trident/7.0; Touch; rv:11.0) like Gecko"
193.194.132.29 - - [19/Feb/2020:06:49:59 +0100] "GET /images/menu_divider.gif HTTP/1.1" 304 - "http://renault.2web.at/account?loadrequest=true" "Mozilla/5.0 (Windows NT 10.0; WOW64; Trident/7.0; Touch; rv:11.0) like Gecko"
193.194.132.29 - - [19/Feb/2020:06:49:59 +0100] "GET /images/sidebar_title_corner_right_top.gif HTTP/1.1" 304 - "http://renault.2web.at/account?loadrequest=true" "Mozilla/5.0 (Windows NT 10.0; WOW64; Trident/7.0; Touch; rv:11.0) like Gecko"
193.194.132.29 - - [19/Feb/2020:06:49:59 +0100] "GET /images/reset_bg.gif HTTP/1.1" 304 - "http://renault.2web.at/account?loadrequest=true" "Mozilla/5.0 (Windows NT 10.0; WOW64; Trident/7.0; Touch; rv:11.0) like Gecko"
193.194.132.29 - - [19/Feb/2020:06:49:59 +0100] "GET /images/validation_advice_bg.gif HTTP/1.1" 304 - "http://renault.2web.at/account?loadrequest=true" "Mozilla/5.0 (Windows NT 10.0; WOW64; Trident/7.0; Touch; rv:11.0) like Gecko"
80.122.221.194 - - [19/Feb/2020:06:50:13 +0100] "GET /reload?ser=1582091413101 HTTP/1.1" 200 28 "http://renault.activities.at/cart" "Mozilla/5.0 (Windows NT 10.0; Win64; x64) AppleWebKit/537.36 (KHTML, like Gecko) Chrome/70.0.3538.102 Safari/537.36 Edge/18.18363"
91.113.165.162 - - [19/Feb/2020:06:50:27 +0100] "GET /reload?ser=1582091426956 HTTP/1.1" 200 1237 "http://renault.activities.at/result?searchterm=true&search=kleber" "Mozilla/5.0 (Windows NT 10.0; WOW64; Trident/7.0; rv:11.0) like Gecko"
193.194.132.29 - - [19/Feb/2020:06:50:59 +0100] "GET /reload?ser=1582091459490 HTTP/1.1" 200 28 "http://renault.2web.at/account?loadrequest=true" "Mozilla/5.0 (Windows NT 10.0; WOW64; Trident/7.0; Touch; rv:11.0) like Gecko"
80.122.221.194 - - [19/Feb/2020:06:51:14 +0100] "GET /reload?ser=1582091474094 HTTP/1.1" 200 28 "http://renault.activities.at/cart" "Mozilla/5.0 (Windows NT 10.0; Win64; x64) AppleWebKit/537.36 (KHTML, like Gecko) Chrome/70.0.3538.102 Safari/537.36 Edge/18.18363"
91.113.165.162 - - [19/Feb/2020:06:51:27 +0100] "GET /reload?ser=1582091487110 HTTP/1.1" 200 1242 "http://renault.activities.at/result?searchterm=true&search=kleber" "Mozilla/5.0 (Windows NT 10.0; WOW64; Trident/7.0; rv:11.0) like Gecko"
193.194.132.29 - - [19/Feb/2020:06:52:00 +0100] "GET /reload?ser=1582091520773 HTTP/1.1" 200 28 "http://renault.2web.at/account?loadrequest=true" "Mozilla/5.0 (Windows NT 10.0; WOW64; Trident/7.0; Touch; rv:11.0) like Gecko"
80.122.221.194 - - [19/Feb/2020:06:52:15 +0100] "GET /reload?ser=1582091535101 HTTP/1.1" 200 28 "http://renault.activities.at/cart" "Mozilla/5.0 (Windows NT 10.0; Win64; x64) AppleWebKit/537.36 (KHTML, like Gecko) Chrome/70.0.3538.102 Safari/537.36 Edge/18.18363"
91.113.165.162 - - [19/Feb/2020:06:52:27 +0100] "GET /reload?ser=1582091547266 HTTP/1.1" 200 1239 "http://renault.activities.at/result?searchterm=true&search=kleber" "Mozilla/5.0 (Windows NT 10.0; WOW64; Trident/7.0; rv:11.0) like Gecko"
193.194.132.29 - - [19/Feb/2020:06:53:01 +0100] "GET /reload?ser=1582091581838 HTTP/1.1" 200 28 "http://renault.2web.at/account?loadrequest=true" "Mozilla/5.0 (Windows NT 10.0; WOW64; Trident/7.0; Touch; rv:11.0) like Gecko"
80.122.221.194 - - [19/Feb/2020:06:53:16 +0100] "GET /reload?ser=1582091596095 HTTP/1.1" 200 28 "http://renault.activities.at/cart" "Mozilla/5.0 (Windows NT 10.0; Win64; x64) AppleWebKit/537.36 (KHTML, like Gecko) Chrome/70.0.3538.102 Safari/537.36 Edge/18.18363"
91.113.165.162 - - [19/Feb/2020:06:53:27 +0100] "GET /reload?ser=1582091607422 HTTP/1.1" 200 1238 "http://renault.activities.at/result?searchterm=true&search=kleber" "Mozilla/5.0 (Windows NT 10.0; WOW64; Trident/7.0; rv:11.0) like Gecko"
193.194.132.29 - - [19/Feb/2020:06:54:03 +0100] "GET /reload?ser=1582091642938 HTTP/1.1" 200 28 "http://renault.2web.at/account?loadrequest=true" "Mozilla/5.0 (Windows NT 10.0; WOW64; Trident/7.0; Touch; rv:11.0) like Gecko"
80.122.221.194 - - [19/Feb/2020:06:54:17 +0100] "GET /reload?ser=1582091657091 HTTP/1.1" 200 28 "http://renault.activities.at/cart" "Mozilla/5.0 (Windows NT 10.0; Win64; x64) AppleWebKit/537.36 (KHTML, like Gecko) Chrome/70.0.3538.102 Safari/537.36 Edge/18.18363"
91.113.165.162 - - [19/Feb/2020:06:54:27 +0100] "GET /reload?ser=1582091667577 HTTP/1.1" 200 1245 "http://renault.activities.at/result?searchterm=true&search=kleber" "Mozilla/5.0 (Windows NT 10.0; WOW64; Trident/7.0; rv:11.0) like Gecko"
193.194.132.29 - - [19/Feb/2020:06:55:04 +0100] "GET /reload?ser=1582091703978 HTTP/1.1" 200 28 "http://renault.2web.at/account?loadrequest=true" "Mozilla/5.0 (Windows NT 10.0; WOW64; Trident/7.0; Touch; rv:11.0) like Gecko"
80.122.221.194 - - [19/Feb/2020:06:55:18 +0100] "GET /reload?ser=1582091718104 HTTP/1.1" 200 28 "http://renault.activities.at/cart" "Mozilla/5.0 (Windows NT 10.0; Win64; x64) AppleWebKit/537.36 (KHTML, like Gecko) Chrome/70.0.3538.102 Safari/537.36 Edge/18.18363"
91.113.165.162 - - [19/Feb/2020:06:55:27 +0100] "GET /reload?ser=1582091727732 HTTP/1.1" 200 1250 "http://renault.activities.at/result?searchterm=true&search=kleber" "Mozilla/5.0 (Windows NT 10.0; WOW64; Trident/7.0; rv:11.0) like Gecko"
193.194.132.29 - - [19/Feb/2020:06:56:05 +0100] "GET /reload?ser=1582091765006 HTTP/1.1" 200 28 "http://renault.2web.at/account?loadrequest=true" "Mozilla/5.0 (Windows NT 10.0; WOW64; Trident/7.0; Touch; rv:11.0) like Gecko"
80.122.221.194 - - [19/Feb/2020:06:56:19 +0100] "GET /reload?ser=1582091779099 HTTP/1.1" 200 28 "http://renault.activities.at/cart" "Mozilla/5.0 (Windows NT 10.0; Win64; x64) AppleWebKit/537.36 (KHTML, like Gecko) Chrome/70.0.3538.102 Safari/537.36 Edge/18.18363"
91.113.165.162 - - [19/Feb/2020:06:56:28 +0100] "GET /reload?ser=1582091787890 HTTP/1.1" 200 1236 "http://renault.activities.at/result?searchterm=true&search=kleber" "Mozilla/5.0 (Windows NT 10.0; WOW64; Trident/7.0; rv:11.0) like Gecko"
193.194.132.29 - - [19/Feb/2020:06:57:06 +0100] "GET /reload?ser=1582091826028 HTTP/1.1" 200 28 "http://renault.2web.at/account?loadrequest=true" "Mozilla/5.0 (Windows NT 10.0; WOW64; Trident/7.0; Touch; rv:11.0) like Gecko"
80.122.221.194 - - [19/Feb/2020:06:57:20 +0100] "GET /reload?ser=1582091840098 HTTP/1.1" 200 28 "http://renault.activities.at/cart" "Mozilla/5.0 (Windows NT 10.0; Win64; x64) AppleWebKit/537.36 (KHTML, like Gecko) Chrome/70.0.3538.102 Safari/537.36 Edge/18.18363"
91.113.165.162 - - [19/Feb/2020:06:57:28 +0100] "GET /reload?ser=1582091848037 HTTP/1.1" 200 1246 "http://renault.activities.at/result?searchterm=true&search=kleber" "Mozilla/5.0 (Windows NT 10.0; WOW64; Trident/7.0; rv:11.0) like Gecko"
193.194.132.29 - - [19/Feb/2020:06:58:07 +0100] "GET /reload?ser=1582091887066 HTTP/1.1" 200 28 "http://renault.2web.at/account?loadrequest=true" "Mozilla/5.0 (Windows NT 10.0; WOW64; Trident/7.0; Touch; rv:11.0) like Gecko"
80.122.221.194 - - [19/Feb/2020:06:58:21 +0100] "GET /reload?ser=1582091901096 HTTP/1.1" 200 28 "http://renault.activities.at/cart" "Mozilla/5.0 (Windows NT 10.0; Win64; x64) AppleWebKit/537.36 (KHTML, like Gecko) Chrome/70.0.3538.102 Safari/537.36 Edge/18.18363"
91.113.165.162 - - [19/Feb/2020:06:58:28 +0100] "GET /reload?ser=1582091908186 HTTP/1.1" 200 1242 "http://renault.activities.at/result?searchterm=true&search=kleber" "Mozilla/5.0 (Windows NT 10.0; WOW64; Trident/7.0; rv:11.0) like Gecko"
193.194.132.29 - - [19/Feb/2020:06:59:08 +0100] "GET /reload?ser=1582091948086 HTTP/1.1" 200 28 "http://renault.2web.at/account?loadrequest=true" "Mozilla/5.0 (Windows NT 10.0; WOW64; Trident/7.0; Touch; rv:11.0) like Gecko"
80.122.221.194 - - [19/Feb/2020:06:59:22 +0100] "GET /reload?ser=1582091962103 HTTP/1.1" 200 28 "http://renault.activities.at/cart" "Mozilla/5.0 (Windows NT 10.0; Win64; x64) AppleWebKit/537.36 (KHTML, like Gecko) Chrome/70.0.3538.102 Safari/537.36 Edge/18.18363"
91.113.165.162 - - [19/Feb/2020:06:59:28 +0100] "GET /reload?ser=1582091968337 HTTP/1.1" 200 1237 "http://renault.activities.at/result?searchterm=true&search=kleber" "Mozilla/5.0 (Windows NT 10.0; WOW64; Trident/7.0; rv:11.0) like Gecko"
193.194.132.29 - - [19/Feb/2020:07:00:09 +0100] "GET /reload?ser=1582092009291 HTTP/1.1" 200 28 "http://renault.2web.at/account?loadrequest=true" "Mozilla/5.0 (Windows NT 10.0; WOW64; Trident/7.0; Touch; rv:11.0) like Gecko"
80.122.221.194 - - [19/Feb/2020:07:00:23 +0100] "GET /reload?ser=1582092023101 HTTP/1.1" 200 28 "http://renault.activities.at/cart" "Mozilla/5.0 (Windows NT 10.0; Win64; x64) AppleWebKit/537.36 (KHTML, like Gecko) Chrome/70.0.3538.102 Safari/537.36 Edge/18.18363"
91.113.165.162 - - [19/Feb/2020:07:00:28 +0100] "GET /reload?ser=1582092028489 HTTP/1.1" 200 1234 "http://renault.activities.at/result?searchterm=true&search=kleber" "Mozilla/5.0 (Windows NT 10.0; WOW64; Trident/7.0; rv:11.0) like Gecko"
193.194.132.29 - - [19/Feb/2020:07:01:10 +0100] "GET /reload?ser=1582092070331 HTTP/1.1" 200 28 "http://renault.2web.at/account?loadrequest=true" "Mozilla/5.0 (Windows NT 10.0; WOW64; Trident/7.0; Touch; rv:11.0) like Gecko"
80.122.221.194 - - [19/Feb/2020:07:01:24 +0100] "GET /reload?ser=1582092084104 HTTP/1.1" 200 28 "http://renault.activities.at/cart" "Mozilla/5.0 (Windows NT 10.0; Win64; x64) AppleWebKit/537.36 (KHTML, like Gecko) Chrome/70.0.3538.102 Safari/537.36 Edge/18.18363"
91.113.165.162 - - [19/Feb/2020:07:01:28 +0100] "GET /reload?ser=1582092088642 HTTP/1.1" 200 1238 "http://renault.activities.at/result?searchterm=true&search=kleber" "Mozilla/5.0 (Windows NT 10.0; WOW64; Trident/7.0; rv:11.0) like Gecko"
193.194.132.29 - - [19/Feb/2020:07:02:11 +0100] "GET /reload?ser=1582092131340 HTTP/1.1" 200 28 "http://renault.2web.at/account?loadrequest=true" "Mozilla/5.0 (Windows NT 10.0; WOW64; Trident/7.0; Touch; rv:11.0) like Gecko"
80.122.221.194 - - [19/Feb/2020:07:02:25 +0100] "GET /reload?ser=1582092145104 HTTP/1.1" 200 28 "http://renault.activities.at/cart" "Mozilla/5.0 (Windows NT 10.0; Win64; x64) AppleWebKit/537.36 (KHTML, like Gecko) Chrome/70.0.3538.102 Safari/537.36 Edge/18.18363"
91.113.165.162 - - [19/Feb/2020:07:02:29 +0100] "GET /reload?ser=1582092148800 HTTP/1.1" 200 1251 "http://renault.activities.at/result?searchterm=true&search=kleber" "Mozilla/5.0 (Windows NT 10.0; WOW64; Trident/7.0; rv:11.0) like Gecko"
193.194.132.29 - - [19/Feb/2020:07:03:13 +0100] "GET /reload?ser=1582092193183 HTTP/1.1" 200 28 "http://renault.2web.at/account?loadrequest=true" "Mozilla/5.0 (Windows NT 10.0; WOW64; Trident/7.0; Touch; rv:11.0) like Gecko"
80.122.221.194 - - [19/Feb/2020:07:03:26 +0100] "GET /reload?ser=1582092206096 HTTP/1.1" 200 28 "http://renault.activities.at/cart" "Mozilla/5.0 (Windows NT 10.0; Win64; x64) AppleWebKit/537.36 (KHTML, like Gecko) Chrome/70.0.3538.102 Safari/537.36 Edge/18.18363"
91.113.165.162 - - [19/Feb/2020:07:03:29 +0100] "GET /reload?ser=1582092208948 HTTP/1.1" 200 1242 "http://renault.activities.at/result?searchterm=true&search=kleber" "Mozilla/5.0 (Windows NT 10.0; WOW64; Trident/7.0; rv:11.0) like Gecko"
193.194.132.29 - - [19/Feb/2020:07:04:14 +0100] "GET /reload?ser=1582092254242 HTTP/1.1" 200 28 "http://renault.2web.at/account?loadrequest=true" "Mozilla/5.0 (Windows NT 10.0; WOW64; Trident/7.0; Touch; rv:11.0) like Gecko"
80.122.221.194 - - [19/Feb/2020:07:04:27 +0100] "GET /reload?ser=1582092267099 HTTP/1.1" 200 28 "http://renault.activities.at/cart" "Mozilla/5.0 (Windows NT 10.0; Win64; x64) AppleWebKit/537.36 (KHTML, like Gecko) Chrome/70.0.3538.102 Safari/537.36 Edge/18.18363"
91.113.165.162 - - [19/Feb/2020:07:04:29 +0100] "GET /reload?ser=1582092269100 HTTP/1.1" 200 1235 "http://renault.activities.at/result?searchterm=true&search=kleber" "Mozilla/5.0 (Windows NT 10.0; WOW64; Trident/7.0; rv:11.0) like Gecko"
193.194.132.29 - - [19/Feb/2020:07:05:15 +0100] "GET /reload?ser=1582092315311 HTTP/1.1" 200 28 "http://renault.2web.at/account?loadrequest=true" "Mozilla/5.0 (Windows NT 10.0; WOW64; Trident/7.0; Touch; rv:11.0) like Gecko"
80.122.221.194 - - [19/Feb/2020:07:05:28 +0100] "GET /reload?ser=1582092328092 HTTP/1.1" 200 28 "http://renault.activities.at/cart" "Mozilla/5.0 (Windows NT 10.0; Win64; x64) AppleWebKit/537.36 (KHTML, like Gecko) Chrome/70.0.3538.102 Safari/537.36 Edge/18.18363"
91.113.165.162 - - [19/Feb/2020:07:05:29 +0100] "GET /reload?ser=1582092329250 HTTP/1.1" 200 1236 "http://renault.activities.at/result?searchterm=true&search=kleber" "Mozilla/5.0 (Windows NT 10.0; WOW64; Trident/7.0; rv:11.0) like Gecko"
193.194.132.29 - - [19/Feb/2020:07:06:17 +0100] "GET /reload?ser=1582092376898 HTTP/1.1" 200 28 "http://renault.2web.at/account?loadrequest=true" "Mozilla/5.0 (Windows NT 10.0; WOW64; Trident/7.0; Touch; rv:11.0) like Gecko"
91.113.165.162 - - [19/Feb/2020:07:06:29 +0100] "GET /reload?ser=1582092389394 HTTP/1.1" 200 1242 "http://renault.activities.at/result?searchterm=true&search=kleber" "Mozilla/5.0 (Windows NT 10.0; WOW64; Trident/7.0; rv:11.0) like Gecko"
80.122.221.194 - - [19/Feb/2020:07:06:29 +0100] "GET /reload?ser=1582092389100 HTTP/1.1" 200 28 "http://renault.activities.at/cart" "Mozilla/5.0 (Windows NT 10.0; Win64; x64) AppleWebKit/537.36 (KHTML, like Gecko) Chrome/70.0.3538.102 Safari/537.36 Edge/18.18363"
193.194.132.29 - - [19/Feb/2020:07:07:18 +0100] "GET /reload?ser=1582092437925 HTTP/1.1" 200 28 "http://renault.2web.at/account?loadrequest=true" "Mozilla/5.0 (Windows NT 10.0; WOW64; Trident/7.0; Touch; rv:11.0) like Gecko"
91.113.165.162 - - [19/Feb/2020:07:07:29 +0100] "GET /reload?ser=1582092449541 HTTP/1.1" 200 1237 "http://renault.activities.at/result?searchterm=true&search=kleber" "Mozilla/5.0 (Windows NT 10.0; WOW64; Trident/7.0; rv:11.0) like Gecko"
80.122.221.194 - - [19/Feb/2020:07:07:30 +0100] "GET /reload?ser=1582092450096 HTTP/1.1" 200 28 "http://renault.activities.at/cart" "Mozilla/5.0 (Windows NT 10.0; Win64; x64) AppleWebKit/537.36 (KHTML, like Gecko) Chrome/70.0.3538.102 Safari/537.36 Edge/18.18363"
193.194.132.29 - - [19/Feb/2020:07:08:19 +0100] "GET /reload?ser=1582092498943 HTTP/1.1" 200 28 "http://renault.2web.at/account?loadrequest=true" "Mozilla/5.0 (Windows NT 10.0; WOW64; Trident/7.0; Touch; rv:11.0) like Gecko"
91.113.165.162 - - [19/Feb/2020:07:08:29 +0100] "GET /reload?ser=1582092509692 HTTP/1.1" 200 1239 "http://renault.activities.at/result?searchterm=true&search=kleber" "Mozilla/5.0 (Windows NT 10.0; WOW64; Trident/7.0; rv:11.0) like Gecko"
80.122.221.194 - - [19/Feb/2020:07:08:31 +0100] "GET /reload?ser=1582092511104 HTTP/1.1" 200 28 "http://renault.activities.at/cart" "Mozilla/5.0 (Windows NT 10.0; Win64; x64) AppleWebKit/537.36 (KHTML, like Gecko) Chrome/70.0.3538.102 Safari/537.36 Edge/18.18363"
193.194.132.29 - - [19/Feb/2020:07:09:20 +0100] "GET /reload?ser=1582092560644 HTTP/1.1" 200 28 "http://renault.2web.at/account?loadrequest=true" "Mozilla/5.0 (Windows NT 10.0; WOW64; Trident/7.0; Touch; rv:11.0) like Gecko"
91.113.165.162 - - [19/Feb/2020:07:09:30 +0100] "GET /reload?ser=1582092569843 HTTP/1.1" 200 1237 "http://renault.activities.at/result?searchterm=true&search=kleber" "Mozilla/5.0 (Windows NT 10.0; WOW64; Trident/7.0; rv:11.0) like Gecko"
80.122.221.194 - - [19/Feb/2020:07:09:32 +0100] "GET /reload?ser=1582092572092 HTTP/1.1" 200 28 "http://renault.activities.at/cart" "Mozilla/5.0 (Windows NT 10.0; Win64; x64) AppleWebKit/537.36 (KHTML, like Gecko) Chrome/70.0.3538.102 Safari/537.36 Edge/18.18363"
193.194.132.29 - - [19/Feb/2020:07:10:21 +0100] "GET /reload?ser=1582092621669 HTTP/1.1" 200 28 "http://renault.2web.at/account?loadrequest=true" "Mozilla/5.0 (Windows NT 10.0; WOW64; Trident/7.0; Touch; rv:11.0) like Gecko"
91.113.165.162 - - [19/Feb/2020:07:10:30 +0100] "GET /reload?ser=1582092629992 HTTP/1.1" 200 1237 "http://renault.activities.at/result?searchterm=true&search=kleber" "Mozilla/5.0 (Windows NT 10.0; WOW64; Trident/7.0; rv:11.0) like Gecko"
80.122.221.194 - - [19/Feb/2020:07:10:33 +0100] "GET /reload?ser=1582092633103 HTTP/1.1" 200 28 "http://renault.activities.at/cart" "Mozilla/5.0 (Windows NT 10.0; Win64; x64) AppleWebKit/537.36 (KHTML, like Gecko) Chrome/70.0.3538.102 Safari/537.36 Edge/18.18363"
193.194.132.29 - - [19/Feb/2020:07:11:22 +0100] "GET /reload?ser=1582092682696 HTTP/1.1" 200 28 "http://renault.2web.at/account?loadrequest=true" "Mozilla/5.0 (Windows NT 10.0; WOW64; Trident/7.0; Touch; rv:11.0) like Gecko"
91.113.165.162 - - [19/Feb/2020:07:11:30 +0100] "GET /reload?ser=1582092690139 HTTP/1.1" 200 1239 "http://renault.activities.at/result?searchterm=true&search=kleber" "Mozilla/5.0 (Windows NT 10.0; WOW64; Trident/7.0; rv:11.0) like Gecko"
80.122.221.194 - - [19/Feb/2020:07:11:34 +0100] "GET /reload?ser=1582092694090 HTTP/1.1" 200 28 "http://renault.activities.at/cart" "Mozilla/5.0 (Windows NT 10.0; Win64; x64) AppleWebKit/537.36 (KHTML, like Gecko) Chrome/70.0.3538.102 Safari/537.36 Edge/18.18363"
