91.133.70.9 - - [21/Feb/2020:08:58:43 +0100] "GET /css/prototip.css HTTP/1.1" 200 968 "http://renault.activities.at/" "Mozilla/5.0 (Windows NT 10.0; WOW64; Trident/7.0; rv:11.0) like Gecko"
91.133.70.9 - - [21/Feb/2020:08:58:43 +0100] "GET /css/themes/default.css HTTP/1.1" 200 769 "http://renault.activities.at/" "Mozilla/5.0 (Windows NT 10.0; WOW64; Trident/7.0; rv:11.0) like Gecko"
91.133.70.9 - - [21/Feb/2020:08:58:43 +0100] "GET /css/themes/alphacube.css HTTP/1.1" 200 743 "http://renault.activities.at/" "Mozilla/5.0 (Windows NT 10.0; WOW64; Trident/7.0; rv:11.0) like Gecko"
91.133.70.9 - - [21/Feb/2020:08:58:43 +0100] "GET /js/index.php?c=auto&f=,prototype/prototype.js,prototype/validation.js,scriptaculous/builder.js,scriptaculous/effects.js,scriptaculous/dragdrop.js,scriptaculous/controls.js,scriptaculous/slider.js,varien/js.js,varien/form.js,varien/menu.js,mage/translate.js,mage/cookies.js,varien/product.js,spinner/SpinnerControl.jsmin.js,prototype/window.js,prototype/window_ext.js HTTP/1.1" 200 94182 "http://renault.activities.at/" "Mozilla/5.0 (Windows NT 10.0; WOW64; Trident/7.0; rv:11.0) like Gecko"
91.133.70.9 - - [21/Feb/2020:08:58:43 +0100] "GET /images/main_block_corner_left_bot.gif HTTP/1.1" 200 159 "http://renault.activities.at/" "Mozilla/5.0 (Windows NT 10.0; WOW64; Trident/7.0; rv:11.0) like Gecko"
91.133.70.9 - - [21/Feb/2020:08:58:43 +0100] "GET /images/header_block_corner_left_top.gif HTTP/1.1" 200 160 "http://renault.activities.at/" "Mozilla/5.0 (Windows NT 10.0; WOW64; Trident/7.0; rv:11.0) like Gecko"
91.133.70.9 - - [21/Feb/2020:08:58:43 +0100] "GET /images/header_block_border.gif HTTP/1.1" 200 43 "http://renault.activities.at/" "Mozilla/5.0 (Windows NT 10.0; WOW64; Trident/7.0; rv:11.0) like Gecko"
91.133.70.9 - - [21/Feb/2020:08:58:43 +0100] "GET /images/main_block_corner_right_bot.gif HTTP/1.1" 200 158 "http://renault.activities.at/" "Mozilla/5.0 (Windows NT 10.0; WOW64; Trident/7.0; rv:11.0) like Gecko"
91.133.70.9 - - [21/Feb/2020:08:58:43 +0100] "GET /images/header_block_corner_right_top.gif HTTP/1.1" 200 160 "http://renault.activities.at/" "Mozilla/5.0 (Windows NT 10.0; WOW64; Trident/7.0; rv:11.0) like Gecko"
91.133.70.9 - - [21/Feb/2020:08:58:43 +0100] "GET /images/main_block_border.gif HTTP/1.1" 200 43 "http://renault.activities.at/" "Mozilla/5.0 (Windows NT 10.0; WOW64; Trident/7.0; rv:11.0) like Gecko"
91.133.70.9 - - [21/Feb/2020:08:58:43 +0100] "GET /images/main_block_corner_right_top.gif HTTP/1.1" 200 159 "http://renault.activities.at/" "Mozilla/5.0 (Windows NT 10.0; WOW64; Trident/7.0; rv:11.0) like Gecko"
91.133.70.9 - - [21/Feb/2020:08:58:43 +0100] "GET /images/main_block_corner_left_top.gif HTTP/1.1" 200 159 "http://renault.activities.at/" "Mozilla/5.0 (Windows NT 10.0; WOW64; Trident/7.0; rv:11.0) like Gecko"
91.133.70.9 - - [21/Feb/2020:08:58:43 +0100] "GET /images/title_border.jpg HTTP/1.1" 200 304 "http://renault.activities.at/" "Mozilla/5.0 (Windows NT 10.0; WOW64; Trident/7.0; rv:11.0) like Gecko"
91.133.70.9 - - [21/Feb/2020:08:58:43 +0100] "GET /images/title_border_top.jpg HTTP/1.1" 200 336 "http://renault.activities.at/" "Mozilla/5.0 (Windows NT 10.0; WOW64; Trident/7.0; rv:11.0) like Gecko"
91.133.70.9 - - [21/Feb/2020:08:58:43 +0100] "GET /images/title_corner_left_top.jpg HTTP/1.1" 200 372 "http://renault.activities.at/" "Mozilla/5.0 (Windows NT 10.0; WOW64; Trident/7.0; rv:11.0) like Gecko"
91.133.70.9 - - [21/Feb/2020:08:58:43 +0100] "GET /images/title_corner_right_top.jpg HTTP/1.1" 200 389 "http://renault.activities.at/" "Mozilla/5.0 (Windows NT 10.0; WOW64; Trident/7.0; rv:11.0) like Gecko"
91.133.70.9 - - [21/Feb/2020:08:58:43 +0100] "GET /loadthumbnail.php?id=11127982 HTTP/1.1" 200 399614 "http://renault.activities.at/" "Mozilla/5.0 (Windows NT 10.0; WOW64; Trident/7.0; rv:11.0) like Gecko"
91.133.70.9 - - [21/Feb/2020:08:58:45 +0100] "GET /login HTTP/1.1" 200 2085 "http://renault.activities.at/" "Mozilla/5.0 (Windows NT 10.0; WOW64; Trident/7.0; rv:11.0) like Gecko"
91.133.70.9 - - [21/Feb/2020:08:58:46 +0100] "GET /images/button_left_bg.gif HTTP/1.1" 200 564 "http://renault.activities.at/login" "Mozilla/5.0 (Windows NT 10.0; WOW64; Trident/7.0; rv:11.0) like Gecko"
91.133.70.9 - - [21/Feb/2020:08:58:46 +0100] "GET /images/button_right_bg.gif HTTP/1.1" 200 561 "http://renault.activities.at/login" "Mozilla/5.0 (Windows NT 10.0; WOW64; Trident/7.0; rv:11.0) like Gecko"
91.133.70.9 - - [21/Feb/2020:08:58:46 +0100] "GET /images/button_bg.gif HTTP/1.1" 200 151 "http://renault.activities.at/login" "Mozilla/5.0 (Windows NT 10.0; WOW64; Trident/7.0; rv:11.0) like Gecko"
212.186.92.126 - - [21/Feb/2020:08:58:46 +0100] "GET /reload?ser=1582271926347 HTTP/1.1" 200 28 "http://renault.activities.at/success" "Mozilla/5.0 (Windows NT 10.0; WOW64) AppleWebKit/537.36 (KHTML, like Gecko) Chrome/79.0.3945.130 Safari/537.36"
91.133.70.9 - - [21/Feb/2020:08:58:52 +0100] "POST /login HTTP/1.1" 302 140 "http://renault.activities.at/login" "Mozilla/5.0 (Windows NT 10.0; WOW64; Trident/7.0; rv:11.0) like Gecko"
91.133.70.9 - - [21/Feb/2020:08:58:54 +0100] "GET /account HTTP/1.1" 200 6082 "http://renault.activities.at/login" "Mozilla/5.0 (Windows NT 10.0; WOW64; Trident/7.0; rv:11.0) like Gecko"
91.133.70.9 - - [21/Feb/2020:08:58:57 +0100] "GET /js/account.js HTTP/1.1" 200 953 "http://renault.activities.at/account" "Mozilla/5.0 (Windows NT 10.0; WOW64; Trident/7.0; rv:11.0) like Gecko"
91.133.70.9 - - [21/Feb/2020:08:58:57 +0100] "GET /images/search_bg.gif HTTP/1.1" 200 1726 "http://renault.activities.at/account" "Mozilla/5.0 (Windows NT 10.0; WOW64; Trident/7.0; rv:11.0) like Gecko"
91.133.70.9 - - [21/Feb/2020:08:58:57 +0100] "GET /images/top_links_divider.gif HTTP/1.1" 200 44 "http://renault.activities.at/account" "Mozilla/5.0 (Windows NT 10.0; WOW64; Trident/7.0; rv:11.0) like Gecko"
91.133.70.9 - - [21/Feb/2020:08:58:57 +0100] "GET /images/nav_divider.gif HTTP/1.1" 200 43 "http://renault.activities.at/account" "Mozilla/5.0 (Windows NT 10.0; WOW64; Trident/7.0; rv:11.0) like Gecko"
91.133.70.9 - - [21/Feb/2020:08:58:57 +0100] "GET /images/menu_button_bg.jpg HTTP/1.1" 200 322 "http://renault.activities.at/account" "Mozilla/5.0 (Windows NT 10.0; WOW64; Trident/7.0; rv:11.0) like Gecko"
91.133.70.9 - - [21/Feb/2020:08:58:57 +0100] "GET /loadthumbnail.php?id=10269569&width=50&height=50 HTTP/1.1" 200 774 "http://renault.activities.at/account" "Mozilla/5.0 (Windows NT 10.0; WOW64; Trident/7.0; rv:11.0) like Gecko"
91.133.70.9 - - [21/Feb/2020:08:58:57 +0100] "GET /loadthumbnail.php?id=11847427&width=50&height=50 HTTP/1.1" 200 1110 "http://renault.activities.at/account" "Mozilla/5.0 (Windows NT 10.0; WOW64; Trident/7.0; rv:11.0) like Gecko"
91.133.70.9 - - [21/Feb/2020:08:58:57 +0100] "GET /images/menu_divider.gif HTTP/1.1" 200 176 "http://renault.activities.at/account" "Mozilla/5.0 (Windows NT 10.0; WOW64; Trident/7.0; rv:11.0) like Gecko"
91.133.70.9 - - [21/Feb/2020:08:58:57 +0100] "GET /loadthumbnail.php?id=11798476&width=50&height=50 HTTP/1.1" 200 1098 "http://renault.activities.at/account" "Mozilla/5.0 (Windows NT 10.0; WOW64; Trident/7.0; rv:11.0) like Gecko"
91.133.70.9 - - [21/Feb/2020:08:58:57 +0100] "GET /images/sidebar_title_border.gif HTTP/1.1" 200 43 "http://renault.activities.at/account" "Mozilla/5.0 (Windows NT 10.0; WOW64; Trident/7.0; rv:11.0) like Gecko"
91.133.70.9 - - [21/Feb/2020:08:58:57 +0100] "GET /images/sidebar_title_border_top.gif HTTP/1.1" 200 155 "http://renault.activities.at/account" "Mozilla/5.0 (Windows NT 10.0; WOW64; Trident/7.0; rv:11.0) like Gecko"
91.133.70.9 - - [21/Feb/2020:08:58:57 +0100] "GET /images/sidebar_title_corner_left_top.gif HTTP/1.1" 200 1124 "http://renault.activities.at/account" "Mozilla/5.0 (Windows NT 10.0; WOW64; Trident/7.0; rv:11.0) like Gecko"
91.133.70.9 - - [21/Feb/2020:08:58:57 +0100] "GET /images/sidebar_title_corner_right_top.gif HTTP/1.1" 200 383 "http://renault.activities.at/account" "Mozilla/5.0 (Windows NT 10.0; WOW64; Trident/7.0; rv:11.0) like Gecko"
91.133.70.9 - - [21/Feb/2020:08:58:57 +0100] "GET /images/footer_divider.gif HTTP/1.1" 200 44 "http://renault.activities.at/account" "Mozilla/5.0 (Windows NT 10.0; WOW64; Trident/7.0; rv:11.0) like Gecko"
193.194.132.29 - - [21/Feb/2020:08:59:18 +0100] "GET /reload?ser=1582271957943 HTTP/1.1" 200 28 "http://renault.2web.at/account?loadrequest=true" "Mozilla/5.0 (Windows NT 10.0; WOW64; Trident/7.0; Touch; rv:11.0) like Gecko"
80.122.221.194 - - [21/Feb/2020:08:59:26 +0100] "GET /reload?ser=1582271966947 HTTP/1.1" 200 1238 "http://renault.activities.at/cart" "Mozilla/5.0 (Windows NT 10.0; Win64; x64) AppleWebKit/537.36 (KHTML, like Gecko) Chrome/70.0.3538.102 Safari/537.36 Edge/18.18363"
91.133.70.9 - - [21/Feb/2020:08:59:26 +0100] "GET /result?searchterm=true&search=service HTTP/1.1" 200 8421 "http://renault.activities.at/account" "Mozilla/5.0 (Windows NT 10.0; WOW64; Trident/7.0; rv:11.0) like Gecko"
91.133.70.9 - - [21/Feb/2020:08:59:29 +0100] "GET /js/prototip.js HTTP/1.1" 200 4588 "http://renault.activities.at/result?searchterm=true&search=service" "Mozilla/5.0 (Windows NT 10.0; WOW64; Trident/7.0; rv:11.0) like Gecko"
91.133.70.9 - - [21/Feb/2020:08:59:29 +0100] "GET /images/loading.gif HTTP/1.1" 200 3208 "http://renault.activities.at/result?searchterm=true&search=service" "Mozilla/5.0 (Windows NT 10.0; WOW64; Trident/7.0; rv:11.0) like Gecko"
91.133.70.9 - - [21/Feb/2020:08:59:29 +0100] "GET /js/ProduktGrp.js HTTP/1.1" 200 1569 "http://renault.activities.at/result?searchterm=true&search=service" "Mozilla/5.0 (Windows NT 10.0; WOW64; Trident/7.0; rv:11.0) like Gecko"
91.133.70.9 - - [21/Feb/2020:08:59:29 +0100] "GET /loadthumbnail.php?id=10203255 HTTP/1.1" 200 137 "http://renault.activities.at/result?searchterm=true&search=service" "Mozilla/5.0 (Windows NT 10.0; WOW64; Trident/7.0; rv:11.0) like Gecko"
91.133.70.9 - - [21/Feb/2020:08:59:29 +0100] "GET /loadthumbnail.php?id=10203650&width=113 HTTP/1.1" 200 2741 "http://renault.activities.at/result?searchterm=true&search=service" "Mozilla/5.0 (Windows NT 10.0; WOW64; Trident/7.0; rv:11.0) like Gecko"
91.133.70.9 - - [21/Feb/2020:08:59:29 +0100] "GET /loadthumbnail.php?id=11121996&width=113 HTTP/1.1" 200 2215 "http://renault.activities.at/result?searchterm=true&search=service" "Mozilla/5.0 (Windows NT 10.0; WOW64; Trident/7.0; rv:11.0) like Gecko"
91.133.70.9 - - [21/Feb/2020:08:59:29 +0100] "GET /loadthumbnail.php?id=12094749&width=113 HTTP/1.1" 200 15117 "http://renault.activities.at/result?searchterm=true&search=service" "Mozilla/5.0 (Windows NT 10.0; WOW64; Trident/7.0; rv:11.0) like Gecko"
91.133.70.9 - - [21/Feb/2020:08:59:29 +0100] "GET /loadthumbnail.php?id=11075492&width=113 HTTP/1.1" 200 2349 "http://renault.activities.at/result?searchterm=true&search=service" "Mozilla/5.0 (Windows NT 10.0; WOW64; Trident/7.0; rv:11.0) like Gecko"
91.133.70.9 - - [21/Feb/2020:08:59:29 +0100] "GET /loadthumbnail.php?id=11461719&width=113 HTTP/1.1" 200 32753 "http://renault.activities.at/result?searchterm=true&search=service" "Mozilla/5.0 (Windows NT 10.0; WOW64; Trident/7.0; rv:11.0) like Gecko"
91.133.70.9 - - [21/Feb/2020:08:59:26 +0100] "POST /axjaxrequest?mode=suggest HTTP/1.1" 200 176 "http://renault.activities.at/account" "Mozilla/5.0 (Windows NT 10.0; WOW64; Trident/7.0; rv:11.0) like Gecko"
77.119.228.53 - - [21/Feb/2020:08:59:32 +0100] "GET /reload?ser=1582271973232 HTTP/1.1" 200 28 "http://renault.activities.at/10201442?cat=10201636" "Mozilla/5.0 (Windows NT 10.0; WOW64; Trident/7.0; rv:11.0) like Gecko"
91.133.70.9 - - [21/Feb/2020:08:59:29 +0100] "GET /result?searchterm=true&search=service HTTP/1.1" 200 8421 "http://renault.activities.at/result?searchterm=true&search=service" "Mozilla/5.0 (Windows NT 10.0; WOW64; Trident/7.0; rv:11.0) like Gecko"
91.133.70.9 - - [21/Feb/2020:08:59:33 +0100] "GET /loadthumbnail.php?id=12094749&width=113 HTTP/1.1" 200 15117 "http://renault.activities.at/result?searchterm=true&search=service" "Mozilla/5.0 (Windows NT 10.0; WOW64; Trident/7.0; rv:11.0) like Gecko"
91.133.70.9 - - [21/Feb/2020:08:59:33 +0100] "GET /loadthumbnail.php?id=11461719&width=113 HTTP/1.1" 200 32753 "http://renault.activities.at/result?searchterm=true&search=service" "Mozilla/5.0 (Windows NT 10.0; WOW64; Trident/7.0; rv:11.0) like Gecko"
91.133.70.9 - - [21/Feb/2020:08:59:33 +0100] "GET /loadthumbnail.php?id=11075492&width=113 HTTP/1.1" 200 2349 "http://renault.activities.at/result?searchterm=true&search=service" "Mozilla/5.0 (Windows NT 10.0; WOW64; Trident/7.0; rv:11.0) like Gecko"
91.133.70.9 - - [21/Feb/2020:08:59:33 +0100] "GET /loadthumbnail.php?id=10269567&width=113 HTTP/1.1" 200 1590 "http://renault.activities.at/result?searchterm=true&search=service" "Mozilla/5.0 (Windows NT 10.0; WOW64; Trident/7.0; rv:11.0) like Gecko"
91.133.70.9 - - [21/Feb/2020:08:59:33 +0100] "GET /loadthumbnail.php?id=12088443&width=113 HTTP/1.1" 200 7201 "http://renault.activities.at/result?searchterm=true&search=service" "Mozilla/5.0 (Windows NT 10.0; WOW64; Trident/7.0; rv:11.0) like Gecko"
91.133.70.9 - - [21/Feb/2020:08:59:33 +0100] "GET /loadthumbnail.php?id=12094811&width=113 HTTP/1.1" 200 27912 "http://renault.activities.at/result?searchterm=true&search=service" "Mozilla/5.0 (Windows NT 10.0; WOW64; Trident/7.0; rv:11.0) like Gecko"
91.133.70.9 - - [21/Feb/2020:08:59:33 +0100] "GET /images/pager_bg.gif HTTP/1.1" 200 150 "http://renault.activities.at/result?searchterm=true&search=service" "Mozilla/5.0 (Windows NT 10.0; WOW64; Trident/7.0; rv:11.0) like Gecko"
91.133.70.9 - - [21/Feb/2020:08:59:33 +0100] "GET /images/vista-up.gif HTTP/1.1" 200 131 "http://renault.activities.at/result?searchterm=true&search=service" "Mozilla/5.0 (Windows NT 10.0; WOW64; Trident/7.0; rv:11.0) like Gecko"
91.133.70.9 - - [21/Feb/2020:08:59:33 +0100] "GET /images/vista-dn.gif HTTP/1.1" 200 128 "http://renault.activities.at/result?searchterm=true&search=service" "Mozilla/5.0 (Windows NT 10.0; WOW64; Trident/7.0; rv:11.0) like Gecko"
91.133.70.9 - - [21/Feb/2020:08:59:33 +0100] "GET /images/validation_advice_bg.gif HTTP/1.1" 200 134 "http://renault.activities.at/result?searchterm=true&search=service" "Mozilla/5.0 (Windows NT 10.0; WOW64; Trident/7.0; rv:11.0) like Gecko"
91.133.70.9 - - [21/Feb/2020:08:59:33 +0100] "GET /loadthumbnail.php?id=10269569&width=113 HTTP/1.1" 200 1309 "http://renault.activities.at/result?searchterm=true&search=service" "Mozilla/5.0 (Windows NT 10.0; WOW64; Trident/7.0; rv:11.0) like Gecko"
91.133.70.9 - - [21/Feb/2020:08:59:33 +0100] "GET /loadthumbnail.php?id=11730248&width=113 HTTP/1.1" 200 4910 "http://renault.activities.at/result?searchterm=true&search=service" "Mozilla/5.0 (Windows NT 10.0; WOW64; Trident/7.0; rv:11.0) like Gecko"
91.133.70.9 - - [21/Feb/2020:08:59:33 +0100] "GET /loadthumbnail.php?id=12010095&width=113 HTTP/1.1" 200 20832 "http://renault.activities.at/result?searchterm=true&search=service" "Mozilla/5.0 (Windows NT 10.0; WOW64; Trident/7.0; rv:11.0) like Gecko"
91.133.70.9 - - [21/Feb/2020:08:59:33 +0100] "GET /loadthumbnail.php?id=10633817&width=113 HTTP/1.1" 200 2614 "http://renault.activities.at/result?searchterm=true&search=service" "Mozilla/5.0 (Windows NT 10.0; WOW64; Trident/7.0; rv:11.0) like Gecko"
91.133.70.9 - - [21/Feb/2020:08:59:39 +0100] "GET /images/vista-up-hover.gif HTTP/1.1" 200 130 "http://renault.activities.at/result?searchterm=true&search=service" "Mozilla/5.0 (Windows NT 10.0; WOW64; Trident/7.0; rv:11.0) like Gecko"
91.133.70.9 - - [21/Feb/2020:08:59:41 +0100] "GET /images/vista-dn-hover.gif HTTP/1.1" 200 127 "http://renault.activities.at/result?searchterm=true&search=service" "Mozilla/5.0 (Windows NT 10.0; WOW64; Trident/7.0; rv:11.0) like Gecko"
80.122.53.230 - - [21/Feb/2020:08:59:42 +0100] "GET /reload?ser=1582271982094 HTTP/1.1" 200 1238 "http://renault.activities.at/result?searchterm=true&search=give+away" "Mozilla/5.0 (Windows NT 10.0; Win64; x64) AppleWebKit/537.36 (KHTML, like Gecko) Chrome/80.0.3987.116 Safari/537.36"
212.186.92.126 - - [21/Feb/2020:08:59:47 +0100] "GET /reload?ser=1582271987339 HTTP/1.1" 200 28 "http://renault.activities.at/success" "Mozilla/5.0 (Windows NT 10.0; WOW64) AppleWebKit/537.36 (KHTML, like Gecko) Chrome/79.0.3945.130 Safari/537.36"
91.133.70.9 - - [21/Feb/2020:08:59:45 +0100] "POST /result?searchterm=true&search=service HTTP/1.1" 200 8608 "http://renault.activities.at/result?searchterm=true&search=service" "Mozilla/5.0 (Windows NT 10.0; WOW64; Trident/7.0; rv:11.0) like Gecko"
91.133.70.9 - - [21/Feb/2020:08:59:48 +0100] "GET /images/success_msg_icon.gif HTTP/1.1" 200 1024 "http://renault.activities.at/result?searchterm=true&search=service" "Mozilla/5.0 (Windows NT 10.0; WOW64; Trident/7.0; rv:11.0) like Gecko"
193.194.132.29 - - [21/Feb/2020:09:00:19 +0100] "GET /reload?ser=1582272018936 HTTP/1.1" 200 28 "http://renault.2web.at/account?loadrequest=true" "Mozilla/5.0 (Windows NT 10.0; WOW64; Trident/7.0; Touch; rv:11.0) like Gecko"
80.122.221.194 - - [21/Feb/2020:09:00:27 +0100] "GET /reload?ser=1582272027935 HTTP/1.1" 200 1246 "http://renault.activities.at/cart" "Mozilla/5.0 (Windows NT 10.0; Win64; x64) AppleWebKit/537.36 (KHTML, like Gecko) Chrome/70.0.3538.102 Safari/537.36 Edge/18.18363"
77.119.228.53 - - [21/Feb/2020:09:00:33 +0100] "GET /reload?ser=1582272034613 HTTP/1.1" 200 28 "http://renault.activities.at/10201442?cat=10201636" "Mozilla/5.0 (Windows NT 10.0; WOW64; Trident/7.0; rv:11.0) like Gecko"
91.133.70.9 - - [21/Feb/2020:09:00:32 +0100] "GET /result?searchterm=true&search=ze HTTP/1.1" 200 8849 "http://renault.activities.at/result?searchterm=true&search=service" "Mozilla/5.0 (Windows NT 10.0; WOW64; Trident/7.0; rv:11.0) like Gecko"
91.133.70.9 - - [21/Feb/2020:09:00:36 +0100] "GET /loadthumbnail.php?id=10203276 HTTP/1.1" 200 75 "http://renault.activities.at/result?searchterm=true&search=ze" "Mozilla/5.0 (Windows NT 10.0; WOW64; Trident/7.0; rv:11.0) like Gecko"
91.133.70.9 - - [21/Feb/2020:09:00:36 +0100] "GET /loadthumbnail.php?id=12115542&width=113 HTTP/1.1" 200 6084 "http://renault.activities.at/result?searchterm=true&search=ze" "Mozilla/5.0 (Windows NT 10.0; WOW64; Trident/7.0; rv:11.0) like Gecko"
91.133.70.9 - - [21/Feb/2020:09:00:36 +0100] "GET /loadthumbnail.php?id=11195848&width=113 HTTP/1.1" 200 2016 "http://renault.activities.at/result?searchterm=true&search=ze" "Mozilla/5.0 (Windows NT 10.0; WOW64; Trident/7.0; rv:11.0) like Gecko"
91.133.70.9 - - [21/Feb/2020:09:00:36 +0100] "GET /loadthumbnail.php?id=11308371&width=113 HTTP/1.1" 200 1939 "http://renault.activities.at/result?searchterm=true&search=ze" "Mozilla/5.0 (Windows NT 10.0; WOW64; Trident/7.0; rv:11.0) like Gecko"
91.133.70.9 - - [21/Feb/2020:09:00:36 +0100] "GET /loadthumbnail.php?id=10930520&width=113 HTTP/1.1" 200 2026 "http://renault.activities.at/result?searchterm=true&search=ze" "Mozilla/5.0 (Windows NT 10.0; WOW64; Trident/7.0; rv:11.0) like Gecko"
91.133.70.9 - - [21/Feb/2020:09:00:36 +0100] "GET /loadthumbnail.php?id=11308367&width=113 HTTP/1.1" 200 1939 "http://renault.activities.at/result?searchterm=true&search=ze" "Mozilla/5.0 (Windows NT 10.0; WOW64; Trident/7.0; rv:11.0) like Gecko"
91.133.70.9 - - [21/Feb/2020:09:00:36 +0100] "GET /loadthumbnail.php?id=10930552&width=113 HTTP/1.1" 200 2035 "http://renault.activities.at/result?searchterm=true&search=ze" "Mozilla/5.0 (Windows NT 10.0; WOW64; Trident/7.0; rv:11.0) like Gecko"
91.133.70.9 - - [21/Feb/2020:09:00:36 +0100] "GET /loadthumbnail.php?id=10958231&width=113 HTTP/1.1" 200 26171 "http://renault.activities.at/result?searchterm=true&search=ze" "Mozilla/5.0 (Windows NT 10.0; WOW64; Trident/7.0; rv:11.0) like Gecko"
91.133.70.9 - - [21/Feb/2020:09:00:36 +0100] "GET /loadthumbnail.php?id=11967854&width=113 HTTP/1.1" 200 2106 "http://renault.activities.at/result?searchterm=true&search=ze" "Mozilla/5.0 (Windows NT 10.0; WOW64; Trident/7.0; rv:11.0) like Gecko"
91.133.70.9 - - [21/Feb/2020:09:00:36 +0100] "GET /loadthumbnail.php?id=10309491&width=113 HTTP/1.1" 200 2476 "http://renault.activities.at/result?searchterm=true&search=ze" "Mozilla/5.0 (Windows NT 10.0; WOW64; Trident/7.0; rv:11.0) like Gecko"
91.133.70.9 - - [21/Feb/2020:09:00:36 +0100] "GET /loadthumbnail.php?id=10309492&width=113 HTTP/1.1" 200 2666 "http://renault.activities.at/result?searchterm=true&search=ze" "Mozilla/5.0 (Windows NT 10.0; WOW64; Trident/7.0; rv:11.0) like Gecko"
91.133.70.9 - - [21/Feb/2020:09:00:32 +0100] "POST /axjaxrequest?mode=suggest HTTP/1.1" 200 379 "http://renault.activities.at/result?searchterm=true&search=service" "Mozilla/5.0 (Windows NT 10.0; WOW64; Trident/7.0; rv:11.0) like Gecko"
80.122.53.230 - - [21/Feb/2020:09:00:43 +0100] "GET /reload?ser=1582272043092 HTTP/1.1" 200 1242 "http://renault.activities.at/result?searchterm=true&search=give+away" "Mozilla/5.0 (Windows NT 10.0; Win64; x64) AppleWebKit/537.36 (KHTML, like Gecko) Chrome/80.0.3987.116 Safari/537.36"
212.186.92.126 - - [21/Feb/2020:09:00:48 +0100] "GET /reload?ser=1582272048330 HTTP/1.1" 200 28 "http://renault.activities.at/success" "Mozilla/5.0 (Windows NT 10.0; WOW64) AppleWebKit/537.36 (KHTML, like Gecko) Chrome/79.0.3945.130 Safari/537.36"
91.133.70.9 - - [21/Feb/2020:09:00:50 +0100] "GET /result?dir=DESC&mode=grid&order=name&limit=15&page=2&search=ze HTTP/1.1" 200 8935 "http://renault.activities.at/result?searchterm=true&search=ze" "Mozilla/5.0 (Windows NT 10.0; WOW64; Trident/7.0; rv:11.0) like Gecko"
91.133.70.9 - - [21/Feb/2020:09:00:53 +0100] "GET /loadthumbnail.php?id=10203275 HTTP/1.1" 200 85 "http://renault.activities.at/result?dir=DESC&mode=grid&order=name&limit=15&page=2&search=ze" "Mozilla/5.0 (Windows NT 10.0; WOW64; Trident/7.0; rv:11.0) like Gecko"
91.133.70.9 - - [21/Feb/2020:09:00:53 +0100] "GET /loadthumbnail.php?id=12205689&width=113 HTTP/1.1" 200 2478 "http://renault.activities.at/result?dir=DESC&mode=grid&order=name&limit=15&page=2&search=ze" "Mozilla/5.0 (Windows NT 10.0; WOW64; Trident/7.0; rv:11.0) like Gecko"
91.133.70.9 - - [21/Feb/2020:09:00:53 +0100] "GET /loadthumbnail.php?id=12101507&width=113 HTTP/1.1" 200 3189 "http://renault.activities.at/result?dir=DESC&mode=grid&order=name&limit=15&page=2&search=ze" "Mozilla/5.0 (Windows NT 10.0; WOW64; Trident/7.0; rv:11.0) like Gecko"
91.133.70.9 - - [21/Feb/2020:09:00:53 +0100] "GET /loadthumbnail.php?id=12121724&width=113 HTTP/1.1" 200 2468 "http://renault.activities.at/result?dir=DESC&mode=grid&order=name&limit=15&page=2&search=ze" "Mozilla/5.0 (Windows NT 10.0; WOW64; Trident/7.0; rv:11.0) like Gecko"
91.133.70.9 - - [21/Feb/2020:09:00:53 +0100] "GET /loadthumbnail.php?id=12122782&width=113 HTTP/1.1" 200 4559 "http://renault.activities.at/result?dir=DESC&mode=grid&order=name&limit=15&page=2&search=ze" "Mozilla/5.0 (Windows NT 10.0; WOW64; Trident/7.0; rv:11.0) like Gecko"
91.133.70.9 - - [21/Feb/2020:09:00:53 +0100] "GET /loadthumbnail.php?id=10260174&width=113 HTTP/1.1" 200 3715 "http://renault.activities.at/result?dir=DESC&mode=grid&order=name&limit=15&page=2&search=ze" "Mozilla/5.0 (Windows NT 10.0; WOW64; Trident/7.0; rv:11.0) like Gecko"
91.133.70.9 - - [21/Feb/2020:09:00:53 +0100] "GET /loadthumbnail.php?id=11730239&width=113 HTTP/1.1" 200 4665 "http://renault.activities.at/result?dir=DESC&mode=grid&order=name&limit=15&page=2&search=ze" "Mozilla/5.0 (Windows NT 10.0; WOW64; Trident/7.0; rv:11.0) like Gecko"
91.133.70.9 - - [21/Feb/2020:09:00:53 +0100] "GET /loadthumbnail.php?id=10260190&width=113 HTTP/1.1" 200 4509 "http://renault.activities.at/result?dir=DESC&mode=grid&order=name&limit=15&page=2&search=ze" "Mozilla/5.0 (Windows NT 10.0; WOW64; Trident/7.0; rv:11.0) like Gecko"
91.133.70.9 - - [21/Feb/2020:09:00:53 +0100] "GET /loadthumbnail.php?id=11213910&width=113 HTTP/1.1" 200 2091 "http://renault.activities.at/result?dir=DESC&mode=grid&order=name&limit=15&page=2&search=ze" "Mozilla/5.0 (Windows NT 10.0; WOW64; Trident/7.0; rv:11.0) like Gecko"
91.133.70.9 - - [21/Feb/2020:09:00:53 +0100] "GET /loadthumbnail.php?id=11036127&width=113 HTTP/1.1" 200 1099 "http://renault.activities.at/result?dir=DESC&mode=grid&order=name&limit=15&page=2&search=ze" "Mozilla/5.0 (Windows NT 10.0; WOW64; Trident/7.0; rv:11.0) like Gecko"
91.133.70.9 - - [21/Feb/2020:09:00:53 +0100] "GET /loadthumbnail.php?id=10986339&width=113 HTTP/1.1" 200 3068 "http://renault.activities.at/result?dir=DESC&mode=grid&order=name&limit=15&page=2&search=ze" "Mozilla/5.0 (Windows NT 10.0; WOW64; Trident/7.0; rv:11.0) like Gecko"
91.133.70.9 - - [21/Feb/2020:09:00:53 +0100] "GET /loadthumbnail.php?id=11213903&width=113 HTTP/1.1" 200 2398 "http://renault.activities.at/result?dir=DESC&mode=grid&order=name&limit=15&page=2&search=ze" "Mozilla/5.0 (Windows NT 10.0; WOW64; Trident/7.0; rv:11.0) like Gecko"
91.133.70.9 - - [21/Feb/2020:09:00:54 +0100] "GET /loadthumbnail.php?id=10261230&width=113 HTTP/1.1" 200 1170 "http://renault.activities.at/result?dir=DESC&mode=grid&order=name&limit=15&page=2&search=ze" "Mozilla/5.0 (Windows NT 10.0; WOW64; Trident/7.0; rv:11.0) like Gecko"
91.133.70.9 - - [21/Feb/2020:09:00:54 +0100] "GET /loadthumbnail.php?id=10260910&width=113 HTTP/1.1" 200 3135 "http://renault.activities.at/result?dir=DESC&mode=grid&order=name&limit=15&page=2&search=ze" "Mozilla/5.0 (Windows NT 10.0; WOW64; Trident/7.0; rv:11.0) like Gecko"
91.133.70.9 - - [21/Feb/2020:09:00:54 +0100] "GET /loadthumbnail.php?id=10260877&width=113 HTTP/1.1" 200 1170 "http://renault.activities.at/result?dir=DESC&mode=grid&order=name&limit=15&page=2&search=ze" "Mozilla/5.0 (Windows NT 10.0; WOW64; Trident/7.0; rv:11.0) like Gecko"
91.133.70.9 - - [21/Feb/2020:09:01:00 +0100] "GET /result?dir=DESC&mode=grid&order=name&limit=15&page=3&search=ze HTTP/1.1" 200 8723 "http://renault.activities.at/result?dir=DESC&mode=grid&order=name&limit=15&page=2&search=ze" "Mozilla/5.0 (Windows NT 10.0; WOW64; Trident/7.0; rv:11.0) like Gecko"
91.133.70.9 - - [21/Feb/2020:09:01:04 +0100] "GET /loadthumbnail.php?id=11036339&width=113 HTTP/1.1" 200 1330 "http://renault.activities.at/result?dir=DESC&mode=grid&order=name&limit=15&page=3&search=ze" "Mozilla/5.0 (Windows NT 10.0; WOW64; Trident/7.0; rv:11.0) like Gecko"
91.133.70.9 - - [21/Feb/2020:09:01:04 +0100] "GET /loadthumbnail.php?id=11255648&width=113 HTTP/1.1" 200 1285 "http://renault.activities.at/result?dir=DESC&mode=grid&order=name&limit=15&page=3&search=ze" "Mozilla/5.0 (Windows NT 10.0; WOW64; Trident/7.0; rv:11.0) like Gecko"
91.133.70.9 - - [21/Feb/2020:09:01:04 +0100] "GET /loadthumbnail.php?id=11036124&width=113 HTTP/1.1" 200 1328 "http://renault.activities.at/result?dir=DESC&mode=grid&order=name&limit=15&page=3&search=ze" "Mozilla/5.0 (Windows NT 10.0; WOW64; Trident/7.0; rv:11.0) like Gecko"
91.133.70.9 - - [21/Feb/2020:09:01:04 +0100] "GET /loadthumbnail.php?id=11885850&width=113 HTTP/1.1" 200 1552 "http://renault.activities.at/result?dir=DESC&mode=grid&order=name&limit=15&page=3&search=ze" "Mozilla/5.0 (Windows NT 10.0; WOW64; Trident/7.0; rv:11.0) like Gecko"
91.133.70.9 - - [21/Feb/2020:09:01:04 +0100] "GET /loadthumbnail.php?id=10260863&width=113 HTTP/1.1" 200 1170 "http://renault.activities.at/result?dir=DESC&mode=grid&order=name&limit=15&page=3&search=ze" "Mozilla/5.0 (Windows NT 10.0; WOW64; Trident/7.0; rv:11.0) like Gecko"
91.133.70.9 - - [21/Feb/2020:09:01:04 +0100] "GET /loadthumbnail.php?id=10260861&width=113 HTTP/1.1" 200 1170 "http://renault.activities.at/result?dir=DESC&mode=grid&order=name&limit=15&page=3&search=ze" "Mozilla/5.0 (Windows NT 10.0; WOW64; Trident/7.0; rv:11.0) like Gecko"
91.133.70.9 - - [21/Feb/2020:09:01:04 +0100] "GET /loadthumbnail.php?id=10260875&width=113 HTTP/1.1" 200 1170 "http://renault.activities.at/result?dir=DESC&mode=grid&order=name&limit=15&page=3&search=ze" "Mozilla/5.0 (Windows NT 10.0; WOW64; Trident/7.0; rv:11.0) like Gecko"
91.133.70.9 - - [21/Feb/2020:09:01:04 +0100] "GET /loadthumbnail.php?id=10915652&width=113 HTTP/1.1" 200 1387 "http://renault.activities.at/result?dir=DESC&mode=grid&order=name&limit=15&page=3&search=ze" "Mozilla/5.0 (Windows NT 10.0; WOW64; Trident/7.0; rv:11.0) like Gecko"
91.133.70.9 - - [21/Feb/2020:09:01:04 +0100] "GET /loadthumbnail.php?id=11036126&width=113 HTTP/1.1" 200 1377 "http://renault.activities.at/result?dir=DESC&mode=grid&order=name&limit=15&page=3&search=ze" "Mozilla/5.0 (Windows NT 10.0; WOW64; Trident/7.0; rv:11.0) like Gecko"
91.133.70.9 - - [21/Feb/2020:09:01:04 +0100] "GET /loadthumbnail.php?id=11885851&width=113 HTTP/1.1" 200 1576 "http://renault.activities.at/result?dir=DESC&mode=grid&order=name&limit=15&page=3&search=ze" "Mozilla/5.0 (Windows NT 10.0; WOW64; Trident/7.0; rv:11.0) like Gecko"
91.133.70.9 - - [21/Feb/2020:09:01:04 +0100] "GET /loadthumbnail.php?id=10919466&width=113 HTTP/1.1" 200 1477 "http://renault.activities.at/result?dir=DESC&mode=grid&order=name&limit=15&page=3&search=ze" "Mozilla/5.0 (Windows NT 10.0; WOW64; Trident/7.0; rv:11.0) like Gecko"
91.133.70.9 - - [21/Feb/2020:09:01:04 +0100] "GET /loadthumbnail.php?id=10915886&width=113 HTTP/1.1" 200 1376 "http://renault.activities.at/result?dir=DESC&mode=grid&order=name&limit=15&page=3&search=ze" "Mozilla/5.0 (Windows NT 10.0; WOW64; Trident/7.0; rv:11.0) like Gecko"
91.133.70.9 - - [21/Feb/2020:09:01:09 +0100] "GET /result?dir=DESC&mode=grid&order=name&limit=15&page=4&search=ze HTTP/1.1" 200 9009 "http://renault.activities.at/result?dir=DESC&mode=grid&order=name&limit=15&page=3&search=ze" "Mozilla/5.0 (Windows NT 10.0; WOW64; Trident/7.0; rv:11.0) like Gecko"
91.133.70.9 - - [21/Feb/2020:09:01:12 +0100] "GET /loadthumbnail.php?id=10260890&width=113 HTTP/1.1" 200 1170 "http://renault.activities.at/result?dir=DESC&mode=grid&order=name&limit=15&page=4&search=ze" "Mozilla/5.0 (Windows NT 10.0; WOW64; Trident/7.0; rv:11.0) like Gecko"
91.133.70.9 - - [21/Feb/2020:09:01:12 +0100] "GET /loadthumbnail.php?id=11141133&width=113 HTTP/1.1" 200 1050 "http://renault.activities.at/result?dir=DESC&mode=grid&order=name&limit=15&page=4&search=ze" "Mozilla/5.0 (Windows NT 10.0; WOW64; Trident/7.0; rv:11.0) like Gecko"
91.133.70.9 - - [21/Feb/2020:09:01:12 +0100] "GET /loadthumbnail.php?id=11986826&width=113 HTTP/1.1" 200 2162 "http://renault.activities.at/result?dir=DESC&mode=grid&order=name&limit=15&page=4&search=ze" "Mozilla/5.0 (Windows NT 10.0; WOW64; Trident/7.0; rv:11.0) like Gecko"
91.133.70.9 - - [21/Feb/2020:09:01:12 +0100] "GET /loadthumbnail.php?id=11967858&width=113 HTTP/1.1" 200 1835 "http://renault.activities.at/result?dir=DESC&mode=grid&order=name&limit=15&page=4&search=ze" "Mozilla/5.0 (Windows NT 10.0; WOW64; Trident/7.0; rv:11.0) like Gecko"
91.133.70.9 - - [21/Feb/2020:09:01:12 +0100] "GET /loadthumbnail.php?id=11243081&width=113 HTTP/1.1" 200 1218 "http://renault.activities.at/result?dir=DESC&mode=grid&order=name&limit=15&page=4&search=ze" "Mozilla/5.0 (Windows NT 10.0; WOW64; Trident/7.0; rv:11.0) like Gecko"
91.133.70.9 - - [21/Feb/2020:09:01:12 +0100] "GET /loadthumbnail.php?id=10995605&width=113 HTTP/1.1" 200 1252 "http://renault.activities.at/result?dir=DESC&mode=grid&order=name&limit=15&page=4&search=ze" "Mozilla/5.0 (Windows NT 10.0; WOW64; Trident/7.0; rv:11.0) like Gecko"
91.133.70.9 - - [21/Feb/2020:09:01:13 +0100] "GET /loadthumbnail.php?id=12208774&width=113 HTTP/1.1" 200 3084 "http://renault.activities.at/result?dir=DESC&mode=grid&order=name&limit=15&page=4&search=ze" "Mozilla/5.0 (Windows NT 10.0; WOW64; Trident/7.0; rv:11.0) like Gecko"
91.133.70.9 - - [21/Feb/2020:09:01:13 +0100] "GET /loadthumbnail.php?id=11877752&width=113 HTTP/1.1" 200 41752 "http://renault.activities.at/result?dir=DESC&mode=grid&order=name&limit=15&page=4&search=ze" "Mozilla/5.0 (Windows NT 10.0; WOW64; Trident/7.0; rv:11.0) like Gecko"
91.133.70.9 - - [21/Feb/2020:09:01:13 +0100] "GET /loadthumbnail.php?id=11538169&width=113 HTTP/1.1" 200 20088 "http://renault.activities.at/result?dir=DESC&mode=grid&order=name&limit=15&page=4&search=ze" "Mozilla/5.0 (Windows NT 10.0; WOW64; Trident/7.0; rv:11.0) like Gecko"
91.133.70.9 - - [21/Feb/2020:09:01:13 +0100] "GET /loadthumbnail.php?id=12140010&width=113 HTTP/1.1" 200 28414 "http://renault.activities.at/result?dir=DESC&mode=grid&order=name&limit=15&page=4&search=ze" "Mozilla/5.0 (Windows NT 10.0; WOW64; Trident/7.0; rv:11.0) like Gecko"
91.133.70.9 - - [21/Feb/2020:09:01:18 +0100] "GET /result?dir=DESC&mode=grid&order=name&limit=15&page=5&search=ze HTTP/1.1" 200 8851 "http://renault.activities.at/result?dir=DESC&mode=grid&order=name&limit=15&page=4&search=ze" "Mozilla/5.0 (Windows NT 10.0; WOW64; Trident/7.0; rv:11.0) like Gecko"
91.133.70.9 - - [21/Feb/2020:09:01:21 +0100] "GET /loadthumbnail.php?id=11165054&width=113 HTTP/1.1" 200 34777 "http://renault.activities.at/result?dir=DESC&mode=grid&order=name&limit=15&page=5&search=ze" "Mozilla/5.0 (Windows NT 10.0; WOW64; Trident/7.0; rv:11.0) like Gecko"
91.133.70.9 - - [21/Feb/2020:09:01:21 +0100] "GET /loadthumbnail.php?id=12139710&width=113 HTTP/1.1" 200 34483 "http://renault.activities.at/result?dir=DESC&mode=grid&order=name&limit=15&page=5&search=ze" "Mozilla/5.0 (Windows NT 10.0; WOW64; Trident/7.0; rv:11.0) like Gecko"
91.133.70.9 - - [21/Feb/2020:09:01:21 +0100] "GET /loadthumbnail.php?id=11319988&width=113 HTTP/1.1" 200 44228 "http://renault.activities.at/result?dir=DESC&mode=grid&order=name&limit=15&page=5&search=ze" "Mozilla/5.0 (Windows NT 10.0; WOW64; Trident/7.0; rv:11.0) like Gecko"
91.133.70.9 - - [21/Feb/2020:09:01:21 +0100] "GET /loadthumbnail.php?id=11658180&width=113 HTTP/1.1" 200 29422 "http://renault.activities.at/result?dir=DESC&mode=grid&order=name&limit=15&page=5&search=ze" "Mozilla/5.0 (Windows NT 10.0; WOW64; Trident/7.0; rv:11.0) like Gecko"
91.133.70.9 - - [21/Feb/2020:09:01:21 +0100] "GET /loadthumbnail.php?id=11314432&width=113 HTTP/1.1" 200 36566 "http://renault.activities.at/result?dir=DESC&mode=grid&order=name&limit=15&page=5&search=ze" "Mozilla/5.0 (Windows NT 10.0; WOW64; Trident/7.0; rv:11.0) like Gecko"
91.133.70.9 - - [21/Feb/2020:09:01:21 +0100] "GET /loadthumbnail.php?id=11031880&width=113 HTTP/1.1" 200 39263 "http://renault.activities.at/result?dir=DESC&mode=grid&order=name&limit=15&page=5&search=ze" "Mozilla/5.0 (Windows NT 10.0; WOW64; Trident/7.0; rv:11.0) like Gecko"
91.133.70.9 - - [21/Feb/2020:09:01:21 +0100] "GET /loadthumbnail.php?id=10970933&width=113 HTTP/1.1" 200 5132 "http://renault.activities.at/result?dir=DESC&mode=grid&order=name&limit=15&page=5&search=ze" "Mozilla/5.0 (Windows NT 10.0; WOW64; Trident/7.0; rv:11.0) like Gecko"
91.133.70.9 - - [21/Feb/2020:09:01:21 +0100] "GET /loadthumbnail.php?id=11715013&width=113 HTTP/1.1" 200 33856 "http://renault.activities.at/result?dir=DESC&mode=grid&order=name&limit=15&page=5&search=ze" "Mozilla/5.0 (Windows NT 10.0; WOW64; Trident/7.0; rv:11.0) like Gecko"
91.133.70.9 - - [21/Feb/2020:09:01:21 +0100] "GET /loadthumbnail.php?id=11715017&width=113 HTTP/1.1" 200 37395 "http://renault.activities.at/result?dir=DESC&mode=grid&order=name&limit=15&page=5&search=ze" "Mozilla/5.0 (Windows NT 10.0; WOW64; Trident/7.0; rv:11.0) like Gecko"
91.133.70.9 - - [21/Feb/2020:09:01:21 +0100] "GET /loadthumbnail.php?id=11319983&width=113 HTTP/1.1" 200 38992 "http://renault.activities.at/result?dir=DESC&mode=grid&order=name&limit=15&page=5&search=ze" "Mozilla/5.0 (Windows NT 10.0; WOW64; Trident/7.0; rv:11.0) like Gecko"
91.133.70.9 - - [21/Feb/2020:09:01:21 +0100] "GET /loadthumbnail.php?id=12017023&width=113 HTTP/1.1" 200 34650 "http://renault.activities.at/result?dir=DESC&mode=grid&order=name&limit=15&page=5&search=ze" "Mozilla/5.0 (Windows NT 10.0; WOW64; Trident/7.0; rv:11.0) like Gecko"
91.133.70.9 - - [21/Feb/2020:09:01:21 +0100] "GET /loadthumbnail.php?id=11877757&width=113 HTTP/1.1" 200 32396 "http://renault.activities.at/result?dir=DESC&mode=grid&order=name&limit=15&page=5&search=ze" "Mozilla/5.0 (Windows NT 10.0; WOW64; Trident/7.0; rv:11.0) like Gecko"
91.133.70.9 - - [21/Feb/2020:09:01:21 +0100] "GET /loadthumbnail.php?id=12034916&width=113 HTTP/1.1" 200 5915 "http://renault.activities.at/result?dir=DESC&mode=grid&order=name&limit=15&page=5&search=ze" "Mozilla/5.0 (Windows NT 10.0; WOW64; Trident/7.0; rv:11.0) like Gecko"
193.194.132.29 - - [21/Feb/2020:09:01:21 +0100] "GET /reload?ser=1582272081025 HTTP/1.1" 200 28 "http://renault.2web.at/account?loadrequest=true" "Mozilla/5.0 (Windows NT 10.0; WOW64; Trident/7.0; Touch; rv:11.0) like Gecko"
91.133.70.9 - - [21/Feb/2020:09:01:21 +0100] "GET /loadthumbnail.php?id=11342067&width=113 HTTP/1.1" 200 21913 "http://renault.activities.at/result?dir=DESC&mode=grid&order=name&limit=15&page=5&search=ze" "Mozilla/5.0 (Windows NT 10.0; WOW64; Trident/7.0; rv:11.0) like Gecko"
91.133.70.9 - - [21/Feb/2020:09:01:21 +0100] "GET /loadthumbnail.php?id=11342066&width=113 HTTP/1.1" 200 28015 "http://renault.activities.at/result?dir=DESC&mode=grid&order=name&limit=15&page=5&search=ze" "Mozilla/5.0 (Windows NT 10.0; WOW64; Trident/7.0; rv:11.0) like Gecko"
80.122.221.194 - - [21/Feb/2020:09:01:28 +0100] "GET /reload?ser=1582272088949 HTTP/1.1" 200 1238 "http://renault.activities.at/cart" "Mozilla/5.0 (Windows NT 10.0; Win64; x64) AppleWebKit/537.36 (KHTML, like Gecko) Chrome/70.0.3538.102 Safari/537.36 Edge/18.18363"
91.133.70.9 - - [21/Feb/2020:09:01:28 +0100] "GET /result?searchterm=true&search=mappen HTTP/1.1" 200 7114 "http://renault.activities.at/result?dir=DESC&mode=grid&order=name&limit=15&page=5&search=ze" "Mozilla/5.0 (Windows NT 10.0; WOW64; Trident/7.0; rv:11.0) like Gecko"
91.133.70.9 - - [21/Feb/2020:09:01:28 +0100] "POST /axjaxrequest?mode=suggest HTTP/1.1" 200 159 "http://renault.activities.at/result?dir=DESC&mode=grid&order=name&limit=15&page=5&search=ze" "Mozilla/5.0 (Windows NT 10.0; WOW64; Trident/7.0; rv:11.0) like Gecko"
91.133.70.9 - - [21/Feb/2020:09:01:30 +0100] "GET /result?searchterm=true&search=mappen HTTP/1.1" 200 7114 "http://renault.activities.at/result?dir=DESC&mode=grid&order=name&limit=15&page=5&search=ze" "Mozilla/5.0 (Windows NT 10.0; WOW64; Trident/7.0; rv:11.0) like Gecko"
91.133.70.9 - - [21/Feb/2020:09:01:34 +0100] "GET /loadthumbnail.php?id=12130670&width=113 HTTP/1.1" 200 8989 "http://renault.activities.at/result?searchterm=true&search=mappen" "Mozilla/5.0 (Windows NT 10.0; WOW64; Trident/7.0; rv:11.0) like Gecko"
91.133.70.9 - - [21/Feb/2020:09:01:34 +0100] "GET /loadthumbnail.php?id=12130660&width=113 HTTP/1.1" 200 9098 "http://renault.activities.at/result?searchterm=true&search=mappen" "Mozilla/5.0 (Windows NT 10.0; WOW64; Trident/7.0; rv:11.0) like Gecko"
91.133.70.9 - - [21/Feb/2020:09:01:34 +0100] "GET /loadthumbnail.php?id=11108158&width=113 HTTP/1.1" 200 1545 "http://renault.activities.at/result?searchterm=true&search=mappen" "Mozilla/5.0 (Windows NT 10.0; WOW64; Trident/7.0; rv:11.0) like Gecko"
91.133.70.9 - - [21/Feb/2020:09:01:34 +0100] "GET /loadthumbnail.php?id=11423838&width=113 HTTP/1.1" 200 2865 "http://renault.activities.at/result?searchterm=true&search=mappen" "Mozilla/5.0 (Windows NT 10.0; WOW64; Trident/7.0; rv:11.0) like Gecko"
91.133.70.9 - - [21/Feb/2020:09:01:34 +0100] "GET /loadthumbnail.php?id=11721290&width=113 HTTP/1.1" 200 1179 "http://renault.activities.at/result?searchterm=true&search=mappen" "Mozilla/5.0 (Windows NT 10.0; WOW64; Trident/7.0; rv:11.0) like Gecko"
77.119.228.53 - - [21/Feb/2020:09:01:34 +0100] "GET /reload?ser=1582272095576 HTTP/1.1" 200 28 "http://renault.activities.at/10201442?cat=10201636" "Mozilla/5.0 (Windows NT 10.0; WOW64; Trident/7.0; rv:11.0) like Gecko"
80.122.53.230 - - [21/Feb/2020:09:01:44 +0100] "GET /reload?ser=1582272104083 HTTP/1.1" 200 1254 "http://renault.activities.at/result?searchterm=true&search=give+away" "Mozilla/5.0 (Windows NT 10.0; Win64; x64) AppleWebKit/537.36 (KHTML, like Gecko) Chrome/80.0.3987.116 Safari/537.36"
91.133.70.9 - - [21/Feb/2020:09:01:49 +0100] "GET /css/themes/alphacube/top_mid.gif HTTP/1.1" 200 833 "http://renault.activities.at/result?searchterm=true&search=mappen" "Mozilla/5.0 (Windows NT 10.0; WOW64; Trident/7.0; rv:11.0) like Gecko"
91.133.70.9 - - [21/Feb/2020:09:01:49 +0100] "GET /css/themes/alphacube/frame_right.gif HTTP/1.1" 200 64 "http://renault.activities.at/result?searchterm=true&search=mappen" "Mozilla/5.0 (Windows NT 10.0; WOW64; Trident/7.0; rv:11.0) like Gecko"
91.133.70.9 - - [21/Feb/2020:09:01:49 +0100] "GET /css/themes/alphacube/frame_left.gif HTTP/1.1" 200 64 "http://renault.activities.at/result?searchterm=true&search=mappen" "Mozilla/5.0 (Windows NT 10.0; WOW64; Trident/7.0; rv:11.0) like Gecko"
91.133.70.9 - - [21/Feb/2020:09:01:49 +0100] "GET /css/themes/alphacube/bottom_middle.gif HTTP/1.1" 200 44 "http://renault.activities.at/result?searchterm=true&search=mappen" "Mozilla/5.0 (Windows NT 10.0; WOW64; Trident/7.0; rv:11.0) like Gecko"
91.133.70.9 - - [21/Feb/2020:09:01:49 +0100] "GET /css/themes/alphacube/bottom_right-c.gif HTTP/1.1" 200 62 "http://renault.activities.at/result?searchterm=true&search=mappen" "Mozilla/5.0 (Windows NT 10.0; WOW64; Trident/7.0; rv:11.0) like Gecko"
91.133.70.9 - - [21/Feb/2020:09:01:49 +0100] "GET /css/themes/alphacube/top_right.gif HTTP/1.1" 200 972 "http://renault.activities.at/result?searchterm=true&search=mappen" "Mozilla/5.0 (Windows NT 10.0; WOW64; Trident/7.0; rv:11.0) like Gecko"
91.133.70.9 - - [21/Feb/2020:09:01:49 +0100] "GET /css/themes/alphacube/top_left.gif HTTP/1.1" 200 973 "http://renault.activities.at/result?searchterm=true&search=mappen" "Mozilla/5.0 (Windows NT 10.0; WOW64; Trident/7.0; rv:11.0) like Gecko"
91.133.70.9 - - [21/Feb/2020:09:01:49 +0100] "GET /css/themes/alphacube/bottom_left-c.gif HTTP/1.1" 200 62 "http://renault.activities.at/result?searchterm=true&search=mappen" "Mozilla/5.0 (Windows NT 10.0; WOW64; Trident/7.0; rv:11.0) like Gecko"
91.133.70.9 - - [21/Feb/2020:09:01:49 +0100] "GET /css/themes/alphacube/button-close-focus.gif HTTP/1.1" 200 699 "http://renault.activities.at/result?searchterm=true&search=mappen" "Mozilla/5.0 (Windows NT 10.0; WOW64; Trident/7.0; rv:11.0) like Gecko"
212.186.92.126 - - [21/Feb/2020:09:01:49 +0100] "GET /reload?ser=1582272109307 HTTP/1.1" 200 28 "http://renault.activities.at/success" "Mozilla/5.0 (Windows NT 10.0; WOW64) AppleWebKit/537.36 (KHTML, like Gecko) Chrome/79.0.3945.130 Safari/537.36"
91.133.70.9 - - [21/Feb/2020:09:01:49 +0100] "GET /12130652?print=true HTTP/1.1" 200 2665 "http://renault.activities.at/result?searchterm=true&search=mappen" "Mozilla/5.0 (Windows NT 10.0; WOW64; Trident/7.0; rv:11.0) like Gecko"
91.133.70.9 - - [21/Feb/2020:09:01:52 +0100] "GET /js/magiczoom/magiczoom.css HTTP/1.1" 200 1210 "http://renault.activities.at/12130652?print=true" "Mozilla/5.0 (Windows NT 10.0; WOW64; Trident/7.0; rv:11.0) like Gecko"
91.133.70.9 - - [21/Feb/2020:09:01:52 +0100] "GET /js/Produkt.js HTTP/1.1" 200 852 "http://renault.activities.at/12130652?print=true" "Mozilla/5.0 (Windows NT 10.0; WOW64; Trident/7.0; rv:11.0) like Gecko"
91.133.70.9 - - [21/Feb/2020:09:01:52 +0100] "GET /js/magiczoom/magiczoom.js HTTP/1.1" 200 26397 "http://renault.activities.at/12130652?print=true" "Mozilla/5.0 (Windows NT 10.0; WOW64; Trident/7.0; rv:11.0) like Gecko"
91.133.70.9 - - [21/Feb/2020:09:01:52 +0100] "GET /loadthumbnail.php?id=12130660&width=250 HTTP/1.1" 200 38144 "http://renault.activities.at/12130652?print=true" "Mozilla/5.0 (Windows NT 10.0; WOW64; Trident/7.0; rv:11.0) like Gecko"
91.133.70.9 - - [21/Feb/2020:09:01:52 +0100] "GET /loadthumbnail.php?id=12130660&width=900&height=900 HTTP/1.1" 200 389073 "http://renault.activities.at/12130652?print=true" "Mozilla/5.0 (Windows NT 10.0; WOW64; Trident/7.0; rv:11.0) like Gecko"
91.133.70.9 - - [21/Feb/2020:09:01:53 +0100] "GET /js/magiczoom/graphics/hint.gif HTTP/1.1" 200 73 "http://renault.activities.at/12130652?print=true" "Mozilla/5.0 (Windows NT 10.0; WOW64; Trident/7.0; rv:11.0) like Gecko"
91.133.70.9 - - [21/Feb/2020:09:02:01 +0100] "GET /null HTTP/1.1" 200 3627 "http://renault.activities.at/result?searchterm=true&search=mappen" "Mozilla/5.0 (Windows NT 10.0; WOW64; Trident/7.0; rv:11.0) like Gecko"
193.194.132.29 - - [21/Feb/2020:09:02:22 +0100] "GET /reload?ser=1582272142077 HTTP/1.1" 200 28 "http://renault.2web.at/account?loadrequest=true" "Mozilla/5.0 (Windows NT 10.0; WOW64; Trident/7.0; Touch; rv:11.0) like Gecko"
80.122.221.194 - - [21/Feb/2020:09:02:29 +0100] "GET /reload?ser=1582272149940 HTTP/1.1" 200 1237 "http://renault.activities.at/cart" "Mozilla/5.0 (Windows NT 10.0; Win64; x64) AppleWebKit/537.36 (KHTML, like Gecko) Chrome/70.0.3538.102 Safari/537.36 Edge/18.18363"
91.133.70.9 - - [21/Feb/2020:09:02:35 +0100] "GET /reload?ser=1582272007776 HTTP/1.1" 200 28 "http://renault.activities.at/result?searchterm=true&search=mappen" "Mozilla/5.0 (Windows NT 10.0; WOW64; Trident/7.0; rv:11.0) like Gecko"
77.119.228.53 - - [21/Feb/2020:09:02:35 +0100] "GET /reload?ser=1582272156595 HTTP/1.1" 200 28 "http://renault.activities.at/10201442?cat=10201636" "Mozilla/5.0 (Windows NT 10.0; WOW64; Trident/7.0; rv:11.0) like Gecko"
91.133.70.9 - - [21/Feb/2020:09:02:42 +0100] "POST /axjaxrequest?mode=suggest HTTP/1.1" 200 452 "http://renault.activities.at/result?searchterm=true&search=mappen" "Mozilla/5.0 (Windows NT 10.0; WOW64; Trident/7.0; rv:11.0) like Gecko"
80.122.53.230 - - [21/Feb/2020:09:02:45 +0100] "GET /reload?ser=1582272165091 HTTP/1.1" 200 1233 "http://renault.activities.at/result?searchterm=true&search=give+away" "Mozilla/5.0 (Windows NT 10.0; Win64; x64) AppleWebKit/537.36 (KHTML, like Gecko) Chrome/80.0.3987.116 Safari/537.36"
91.133.70.9 - - [21/Feb/2020:09:02:43 +0100] "GET /result?searchterm=true&search=Mappe HTTP/1.1" 200 7475 "http://renault.activities.at/result?searchterm=true&search=mappen" "Mozilla/5.0 (Windows NT 10.0; WOW64; Trident/7.0; rv:11.0) like Gecko"
91.133.70.9 - - [21/Feb/2020:09:02:43 +0100] "POST /axjaxrequest?mode=suggest HTTP/1.1" 200 215 "http://renault.activities.at/result?searchterm=true&search=mappen" "Mozilla/5.0 (Windows NT 10.0; WOW64; Trident/7.0; rv:11.0) like Gecko"
193.194.132.29 - - [21/Feb/2020:09:02:47 +0100] "POST /axjaxrequest?mode=suggest HTTP/1.1" 200 285 "http://renault.2web.at/account?loadrequest=true" "Mozilla/5.0 (Windows NT 10.0; WOW64; Trident/7.0; Touch; rv:11.0) like Gecko"
193.194.132.29 - - [21/Feb/2020:09:02:48 +0100] "POST /axjaxrequest?mode=suggest HTTP/1.1" 200 111 "http://renault.2web.at/account?loadrequest=true" "Mozilla/5.0 (Windows NT 10.0; WOW64; Trident/7.0; Touch; rv:11.0) like Gecko"
91.133.70.9 - - [21/Feb/2020:09:02:45 +0100] "GET /result?searchterm=true&search=Mappe HTTP/1.1" 200 7475 "http://renault.activities.at/result?searchterm=true&search=mappen" "Mozilla/5.0 (Windows NT 10.0; WOW64; Trident/7.0; rv:11.0) like Gecko"
91.133.70.9 - - [21/Feb/2020:09:02:50 +0100] "GET /loadthumbnail.php?id=11423690&width=113 HTTP/1.1" 200 1470 "http://renault.activities.at/result?searchterm=true&search=Mappe" "Mozilla/5.0 (Windows NT 10.0; WOW64; Trident/7.0; rv:11.0) like Gecko"
91.133.70.9 - - [21/Feb/2020:09:02:50 +0100] "GET /loadthumbnail.php?id=11423689&width=113 HTTP/1.1" 200 1359 "http://renault.activities.at/result?searchterm=true&search=Mappe" "Mozilla/5.0 (Windows NT 10.0; WOW64; Trident/7.0; rv:11.0) like Gecko"
212.186.92.126 - - [21/Feb/2020:09:02:50 +0100] "GET /reload?ser=1582272170264 HTTP/1.1" 200 28 "http://renault.activities.at/success" "Mozilla/5.0 (Windows NT 10.0; WOW64) AppleWebKit/537.36 (KHTML, like Gecko) Chrome/79.0.3945.130 Safari/537.36"
193.194.132.29 - - [21/Feb/2020:09:02:49 +0100] "GET /result?searchterm=true&search=welcome HTTP/1.1" 200 9098 "http://renault.2web.at/account?loadrequest=true" "Mozilla/5.0 (Windows NT 10.0; WOW64; Trident/7.0; Touch; rv:11.0) like Gecko"
193.194.132.29 - - [21/Feb/2020:09:02:51 +0100] "GET /js/default.js HTTP/1.1" 304 - "http://renault.2web.at/result?searchterm=true&search=welcome" "Mozilla/5.0 (Windows NT 10.0; WOW64; Trident/7.0; Touch; rv:11.0) like Gecko"
193.194.132.29 - - [21/Feb/2020:09:02:51 +0100] "GET /css/print.css HTTP/1.1" 304 - "http://renault.2web.at/result?searchterm=true&search=welcome" "Mozilla/5.0 (Windows NT 10.0; WOW64; Trident/7.0; Touch; rv:11.0) like Gecko"
193.194.132.29 - - [21/Feb/2020:09:02:51 +0100] "GET /css/clears.css HTTP/1.1" 304 - "http://renault.2web.at/result?searchterm=true&search=welcome" "Mozilla/5.0 (Windows NT 10.0; WOW64; Trident/7.0; Touch; rv:11.0) like Gecko"
193.194.132.29 - - [21/Feb/2020:09:02:51 +0100] "GET /css/themes/alphacube.css HTTP/1.1" 304 - "http://renault.2web.at/result?searchterm=true&search=welcome" "Mozilla/5.0 (Windows NT 10.0; WOW64; Trident/7.0; Touch; rv:11.0) like Gecko"
193.194.132.29 - - [21/Feb/2020:09:02:51 +0100] "GET /css/reset.css HTTP/1.1" 304 - "http://renault.2web.at/result?searchterm=true&search=welcome" "Mozilla/5.0 (Windows NT 10.0; WOW64; Trident/7.0; Touch; rv:11.0) like Gecko"
193.194.132.29 - - [21/Feb/2020:09:02:51 +0100] "GET /css/styles.css HTTP/1.1" 304 - "http://renault.2web.at/result?searchterm=true&search=welcome" "Mozilla/5.0 (Windows NT 10.0; WOW64; Trident/7.0; Touch; rv:11.0) like Gecko"
193.194.132.29 - - [21/Feb/2020:09:02:51 +0100] "GET /js/checkout.css HTTP/1.1" 304 - "http://renault.2web.at/result?searchterm=true&search=welcome" "Mozilla/5.0 (Windows NT 10.0; WOW64; Trident/7.0; Touch; rv:11.0) like Gecko"
193.194.132.29 - - [21/Feb/2020:09:02:51 +0100] "GET /js/index.php?c=auto&f=,prototype/prototype.js,prototype/validation.js,scriptaculous/builder.js,scriptaculous/effects.js,scriptaculous/dragdrop.js,scriptaculous/controls.js,scriptaculous/slider.js,varien/js.js,varien/form.js,varien/menu.js,mage/translate.js,mage/cookies.js,varien/product.js,spinner/SpinnerControl.jsmin.js,prototype/window.js,prototype/window_ext.js HTTP/1.1" 304 - "http://renault.2web.at/result?searchterm=true&search=welcome" "Mozilla/5.0 (Windows NT 10.0; WOW64; Trident/7.0; Touch; rv:11.0) like Gecko"
