80.122.221.194 - - [21/Feb/2020:06:58:27 +0100] "GET /reload?ser=1582264707957 HTTP/1.1" 200 1237 "http://renault.activities.at/cart" "Mozilla/5.0 (Windows NT 10.0; Win64; x64) AppleWebKit/537.36 (KHTML, like Gecko) Chrome/70.0.3538.102 Safari/537.36 Edge/18.18363"
80.122.53.230 - - [21/Feb/2020:06:58:39 +0100] "GET /reload?ser=1582264719099 HTTP/1.1" 200 28 "http://renault.activities.at/result?searchterm=true&search=give+away" "Mozilla/5.0 (Windows NT 10.0; Win64; x64) AppleWebKit/537.36 (KHTML, like Gecko) Chrome/80.0.3987.116 Safari/537.36"
193.194.132.29 - - [21/Feb/2020:06:59:07 +0100] "GET /reload?ser=1582264747573 HTTP/1.1" 200 28 "http://renault.2web.at/account?loadrequest=true" "Mozilla/5.0 (Windows NT 10.0; WOW64; Trident/7.0; Touch; rv:11.0) like Gecko"
80.122.221.194 - - [21/Feb/2020:06:59:28 +0100] "GET /reload?ser=1582264768961 HTTP/1.1" 200 1238 "http://renault.activities.at/cart" "Mozilla/5.0 (Windows NT 10.0; Win64; x64) AppleWebKit/537.36 (KHTML, like Gecko) Chrome/70.0.3538.102 Safari/537.36 Edge/18.18363"
80.122.53.230 - - [21/Feb/2020:06:59:40 +0100] "GET /reload?ser=1582264780084 HTTP/1.1" 200 28 "http://renault.activities.at/result?searchterm=true&search=give+away" "Mozilla/5.0 (Windows NT 10.0; Win64; x64) AppleWebKit/537.36 (KHTML, like Gecko) Chrome/80.0.3987.116 Safari/537.36"
193.194.132.29 - - [21/Feb/2020:07:00:08 +0100] "GET /reload?ser=1582264808589 HTTP/1.1" 200 28 "http://renault.2web.at/account?loadrequest=true" "Mozilla/5.0 (Windows NT 10.0; WOW64; Trident/7.0; Touch; rv:11.0) like Gecko"
80.122.221.194 - - [21/Feb/2020:07:00:29 +0100] "GET /reload?ser=1582264829970 HTTP/1.1" 200 1235 "http://renault.activities.at/cart" "Mozilla/5.0 (Windows NT 10.0; Win64; x64) AppleWebKit/537.36 (KHTML, like Gecko) Chrome/70.0.3538.102 Safari/537.36 Edge/18.18363"
80.122.53.230 - - [21/Feb/2020:07:00:41 +0100] "GET /reload?ser=1582264841083 HTTP/1.1" 200 28 "http://renault.activities.at/result?searchterm=true&search=give+away" "Mozilla/5.0 (Windows NT 10.0; Win64; x64) AppleWebKit/537.36 (KHTML, like Gecko) Chrome/80.0.3987.116 Safari/537.36"
193.194.132.29 - - [21/Feb/2020:07:01:09 +0100] "GET /reload?ser=1582264869621 HTTP/1.1" 200 28 "http://renault.2web.at/account?loadrequest=true" "Mozilla/5.0 (Windows NT 10.0; WOW64; Trident/7.0; Touch; rv:11.0) like Gecko"
80.122.221.194 - - [21/Feb/2020:07:01:30 +0100] "GET /reload?ser=1582264890956 HTTP/1.1" 200 1242 "http://renault.activities.at/cart" "Mozilla/5.0 (Windows NT 10.0; Win64; x64) AppleWebKit/537.36 (KHTML, like Gecko) Chrome/70.0.3538.102 Safari/537.36 Edge/18.18363"
80.122.53.230 - - [21/Feb/2020:07:01:42 +0100] "GET /reload?ser=1582264902100 HTTP/1.1" 200 28 "http://renault.activities.at/result?searchterm=true&search=give+away" "Mozilla/5.0 (Windows NT 10.0; Win64; x64) AppleWebKit/537.36 (KHTML, like Gecko) Chrome/80.0.3987.116 Safari/537.36"
193.194.132.29 - - [21/Feb/2020:07:02:10 +0100] "GET /reload?ser=1582264930635 HTTP/1.1" 200 28 "http://renault.2web.at/account?loadrequest=true" "Mozilla/5.0 (Windows NT 10.0; WOW64; Trident/7.0; Touch; rv:11.0) like Gecko"
80.122.221.194 - - [21/Feb/2020:07:02:31 +0100] "GET /reload?ser=1582264951956 HTTP/1.1" 200 1235 "http://renault.activities.at/cart" "Mozilla/5.0 (Windows NT 10.0; Win64; x64) AppleWebKit/537.36 (KHTML, like Gecko) Chrome/70.0.3538.102 Safari/537.36 Edge/18.18363"
80.122.53.230 - - [21/Feb/2020:07:02:43 +0100] "GET /reload?ser=1582264963083 HTTP/1.1" 200 28 "http://renault.activities.at/result?searchterm=true&search=give+away" "Mozilla/5.0 (Windows NT 10.0; Win64; x64) AppleWebKit/537.36 (KHTML, like Gecko) Chrome/80.0.3987.116 Safari/537.36"
193.194.132.29 - - [21/Feb/2020:07:03:11 +0100] "GET /reload?ser=1582264991666 HTTP/1.1" 200 28 "http://renault.2web.at/account?loadrequest=true" "Mozilla/5.0 (Windows NT 10.0; WOW64; Trident/7.0; Touch; rv:11.0) like Gecko"
80.122.221.194 - - [21/Feb/2020:07:03:32 +0100] "GET /reload?ser=1582265012954 HTTP/1.1" 200 1245 "http://renault.activities.at/cart" "Mozilla/5.0 (Windows NT 10.0; Win64; x64) AppleWebKit/537.36 (KHTML, like Gecko) Chrome/70.0.3538.102 Safari/537.36 Edge/18.18363"
80.122.53.230 - - [21/Feb/2020:07:03:44 +0100] "GET /reload?ser=1582265024083 HTTP/1.1" 200 28 "http://renault.activities.at/result?searchterm=true&search=give+away" "Mozilla/5.0 (Windows NT 10.0; Win64; x64) AppleWebKit/537.36 (KHTML, like Gecko) Chrome/80.0.3987.116 Safari/537.36"
193.194.132.29 - - [21/Feb/2020:07:04:12 +0100] "GET /reload?ser=1582265052670 HTTP/1.1" 200 28 "http://renault.2web.at/account?loadrequest=true" "Mozilla/5.0 (Windows NT 10.0; WOW64; Trident/7.0; Touch; rv:11.0) like Gecko"
80.122.221.194 - - [21/Feb/2020:07:04:33 +0100] "GET /reload?ser=1582265073958 HTTP/1.1" 200 1244 "http://renault.activities.at/cart" "Mozilla/5.0 (Windows NT 10.0; Win64; x64) AppleWebKit/537.36 (KHTML, like Gecko) Chrome/70.0.3538.102 Safari/537.36 Edge/18.18363"
80.122.53.230 - - [21/Feb/2020:07:04:45 +0100] "GET /reload?ser=1582265085083 HTTP/1.1" 200 28 "http://renault.activities.at/result?searchterm=true&search=give+away" "Mozilla/5.0 (Windows NT 10.0; Win64; x64) AppleWebKit/537.36 (KHTML, like Gecko) Chrome/80.0.3987.116 Safari/537.36"
193.194.132.29 - - [21/Feb/2020:07:05:13 +0100] "GET /reload?ser=1582265113695 HTTP/1.1" 200 28 "http://renault.2web.at/account?loadrequest=true" "Mozilla/5.0 (Windows NT 10.0; WOW64; Trident/7.0; Touch; rv:11.0) like Gecko"
80.122.221.194 - - [21/Feb/2020:07:05:34 +0100] "GET /reload?ser=1582265134965 HTTP/1.1" 200 1232 "http://renault.activities.at/cart" "Mozilla/5.0 (Windows NT 10.0; Win64; x64) AppleWebKit/537.36 (KHTML, like Gecko) Chrome/70.0.3538.102 Safari/537.36 Edge/18.18363"
80.122.53.230 - - [21/Feb/2020:07:05:46 +0100] "GET /reload?ser=1582265146083 HTTP/1.1" 200 28 "http://renault.activities.at/result?searchterm=true&search=give+away" "Mozilla/5.0 (Windows NT 10.0; Win64; x64) AppleWebKit/537.36 (KHTML, like Gecko) Chrome/80.0.3987.116 Safari/537.36"
193.194.132.29 - - [21/Feb/2020:07:06:14 +0100] "GET /reload?ser=1582265174810 HTTP/1.1" 200 28 "http://renault.2web.at/account?loadrequest=true" "Mozilla/5.0 (Windows NT 10.0; WOW64; Trident/7.0; Touch; rv:11.0) like Gecko"
80.122.221.194 - - [21/Feb/2020:07:06:35 +0100] "GET /reload?ser=1582265195953 HTTP/1.1" 200 1242 "http://renault.activities.at/cart" "Mozilla/5.0 (Windows NT 10.0; Win64; x64) AppleWebKit/537.36 (KHTML, like Gecko) Chrome/70.0.3538.102 Safari/537.36 Edge/18.18363"
80.122.53.230 - - [21/Feb/2020:07:06:47 +0100] "GET /reload?ser=1582265207082 HTTP/1.1" 200 28 "http://renault.activities.at/result?searchterm=true&search=give+away" "Mozilla/5.0 (Windows NT 10.0; Win64; x64) AppleWebKit/537.36 (KHTML, like Gecko) Chrome/80.0.3987.116 Safari/537.36"
193.194.132.29 - - [21/Feb/2020:07:07:15 +0100] "GET /reload?ser=1582265235819 HTTP/1.1" 200 28 "http://renault.2web.at/account?loadrequest=true" "Mozilla/5.0 (Windows NT 10.0; WOW64; Trident/7.0; Touch; rv:11.0) like Gecko"
80.122.221.194 - - [21/Feb/2020:07:07:36 +0100] "GET /reload?ser=1582265256959 HTTP/1.1" 200 1243 "http://renault.activities.at/cart" "Mozilla/5.0 (Windows NT 10.0; Win64; x64) AppleWebKit/537.36 (KHTML, like Gecko) Chrome/70.0.3538.102 Safari/537.36 Edge/18.18363"
80.122.53.230 - - [21/Feb/2020:07:07:48 +0100] "GET /reload?ser=1582265268102 HTTP/1.1" 200 28 "http://renault.activities.at/result?searchterm=true&search=give+away" "Mozilla/5.0 (Windows NT 10.0; Win64; x64) AppleWebKit/537.36 (KHTML, like Gecko) Chrome/80.0.3987.116 Safari/537.36"
193.194.132.29 - - [21/Feb/2020:07:08:16 +0100] "GET /reload?ser=1582265296839 HTTP/1.1" 200 28 "http://renault.2web.at/account?loadrequest=true" "Mozilla/5.0 (Windows NT 10.0; WOW64; Trident/7.0; Touch; rv:11.0) like Gecko"
80.122.221.194 - - [21/Feb/2020:07:08:37 +0100] "GET /reload?ser=1582265317961 HTTP/1.1" 200 1235 "http://renault.activities.at/cart" "Mozilla/5.0 (Windows NT 10.0; Win64; x64) AppleWebKit/537.36 (KHTML, like Gecko) Chrome/70.0.3538.102 Safari/537.36 Edge/18.18363"
80.122.53.230 - - [21/Feb/2020:07:08:49 +0100] "GET /reload?ser=1582265329085 HTTP/1.1" 200 28 "http://renault.activities.at/result?searchterm=true&search=give+away" "Mozilla/5.0 (Windows NT 10.0; Win64; x64) AppleWebKit/537.36 (KHTML, like Gecko) Chrome/80.0.3987.116 Safari/537.36"
193.194.132.29 - - [21/Feb/2020:07:09:18 +0100] "GET /reload?ser=1582265358846 HTTP/1.1" 200 28 "http://renault.2web.at/account?loadrequest=true" "Mozilla/5.0 (Windows NT 10.0; WOW64; Trident/7.0; Touch; rv:11.0) like Gecko"
80.122.221.194 - - [21/Feb/2020:07:09:38 +0100] "GET /reload?ser=1582265378958 HTTP/1.1" 200 1234 "http://renault.activities.at/cart" "Mozilla/5.0 (Windows NT 10.0; Win64; x64) AppleWebKit/537.36 (KHTML, like Gecko) Chrome/70.0.3538.102 Safari/537.36 Edge/18.18363"
80.122.53.230 - - [21/Feb/2020:07:09:50 +0100] "GET /reload?ser=1582265390097 HTTP/1.1" 200 28 "http://renault.activities.at/result?searchterm=true&search=give+away" "Mozilla/5.0 (Windows NT 10.0; Win64; x64) AppleWebKit/537.36 (KHTML, like Gecko) Chrome/80.0.3987.116 Safari/537.36"
193.194.132.29 - - [21/Feb/2020:07:10:19 +0100] "GET /reload?ser=1582265419845 HTTP/1.1" 200 28 "http://renault.2web.at/account?loadrequest=true" "Mozilla/5.0 (Windows NT 10.0; WOW64; Trident/7.0; Touch; rv:11.0) like Gecko"
209.90.225.218 - - [21/Feb/2020:07:10:32 +0100] "GET /server/php/ HTTP/1.1" 200 1558 "http://renault.activities.at/server/php/" "Mozilla/5.0 (Windows NT 6.1; WOW64) AppleWebKit/537.36 (KHTML, like Gecko) Chrome/42.0.2311.152 Safari/537.36"
80.122.221.194 - - [21/Feb/2020:07:10:39 +0100] "GET /reload?ser=1582265439957 HTTP/1.1" 200 1235 "http://renault.activities.at/cart" "Mozilla/5.0 (Windows NT 10.0; Win64; x64) AppleWebKit/537.36 (KHTML, like Gecko) Chrome/70.0.3538.102 Safari/537.36 Edge/18.18363"
80.122.53.230 - - [21/Feb/2020:07:10:52 +0100] "GET /reload?ser=1582265452090 HTTP/1.1" 200 28 "http://renault.activities.at/result?searchterm=true&search=give+away" "Mozilla/5.0 (Windows NT 10.0; Win64; x64) AppleWebKit/537.36 (KHTML, like Gecko) Chrome/80.0.3987.116 Safari/537.36"
193.194.132.29 - - [21/Feb/2020:07:11:20 +0100] "GET /reload?ser=1582265480856 HTTP/1.1" 200 28 "http://renault.2web.at/account?loadrequest=true" "Mozilla/5.0 (Windows NT 10.0; WOW64; Trident/7.0; Touch; rv:11.0) like Gecko"
80.122.221.194 - - [21/Feb/2020:07:11:40 +0100] "GET /reload?ser=1582265500958 HTTP/1.1" 200 1245 "http://renault.activities.at/cart" "Mozilla/5.0 (Windows NT 10.0; Win64; x64) AppleWebKit/537.36 (KHTML, like Gecko) Chrome/70.0.3538.102 Safari/537.36 Edge/18.18363"
80.122.53.230 - - [21/Feb/2020:07:11:53 +0100] "GET /reload?ser=1582265513094 HTTP/1.1" 200 28 "http://renault.activities.at/result?searchterm=true&search=give+away" "Mozilla/5.0 (Windows NT 10.0; Win64; x64) AppleWebKit/537.36 (KHTML, like Gecko) Chrome/80.0.3987.116 Safari/537.36"
193.194.132.29 - - [21/Feb/2020:07:12:22 +0100] "GET /reload?ser=1582265542644 HTTP/1.1" 200 28 "http://renault.2web.at/account?loadrequest=true" "Mozilla/5.0 (Windows NT 10.0; WOW64; Trident/7.0; Touch; rv:11.0) like Gecko"
80.122.221.194 - - [21/Feb/2020:07:12:41 +0100] "GET /reload?ser=1582265561957 HTTP/1.1" 200 1240 "http://renault.activities.at/cart" "Mozilla/5.0 (Windows NT 10.0; Win64; x64) AppleWebKit/537.36 (KHTML, like Gecko) Chrome/70.0.3538.102 Safari/537.36 Edge/18.18363"
80.122.53.230 - - [21/Feb/2020:07:12:54 +0100] "GET /reload?ser=1582265574083 HTTP/1.1" 200 28 "http://renault.activities.at/result?searchterm=true&search=give+away" "Mozilla/5.0 (Windows NT 10.0; Win64; x64) AppleWebKit/537.36 (KHTML, like Gecko) Chrome/80.0.3987.116 Safari/537.36"
193.194.132.29 - - [21/Feb/2020:07:13:23 +0100] "GET /reload?ser=1582265603705 HTTP/1.1" 200 28 "http://renault.2web.at/account?loadrequest=true" "Mozilla/5.0 (Windows NT 10.0; WOW64; Trident/7.0; Touch; rv:11.0) like Gecko"
80.122.221.194 - - [21/Feb/2020:07:13:42 +0100] "GET /reload?ser=1582265622953 HTTP/1.1" 200 1239 "http://renault.activities.at/cart" "Mozilla/5.0 (Windows NT 10.0; Win64; x64) AppleWebKit/537.36 (KHTML, like Gecko) Chrome/70.0.3538.102 Safari/537.36 Edge/18.18363"
80.122.53.230 - - [21/Feb/2020:07:13:55 +0100] "GET /reload?ser=1582265635093 HTTP/1.1" 200 28 "http://renault.activities.at/result?searchterm=true&search=give+away" "Mozilla/5.0 (Windows NT 10.0; Win64; x64) AppleWebKit/537.36 (KHTML, like Gecko) Chrome/80.0.3987.116 Safari/537.36"
193.194.132.29 - - [21/Feb/2020:07:14:24 +0100] "GET /reload?ser=1582265664726 HTTP/1.1" 200 28 "http://renault.2web.at/account?loadrequest=true" "Mozilla/5.0 (Windows NT 10.0; WOW64; Trident/7.0; Touch; rv:11.0) like Gecko"
80.122.221.194 - - [21/Feb/2020:07:14:43 +0100] "GET /reload?ser=1582265683956 HTTP/1.1" 200 1237 "http://renault.activities.at/cart" "Mozilla/5.0 (Windows NT 10.0; Win64; x64) AppleWebKit/537.36 (KHTML, like Gecko) Chrome/70.0.3538.102 Safari/537.36 Edge/18.18363"
77.119.228.53 - - [21/Feb/2020:07:14:48 +0100] "GET / HTTP/1.1" 200 3380 "-" "Mozilla/5.0 (Windows NT 10.0; WOW64; Trident/7.0; rv:11.0) like Gecko"
77.119.228.53 - - [21/Feb/2020:07:14:49 +0100] "GET /js/default.js HTTP/1.1" 200 14698 "http://renault.activities.at/" "Mozilla/5.0 (Windows NT 10.0; WOW64; Trident/7.0; rv:11.0) like Gecko"
77.119.228.53 - - [21/Feb/2020:07:14:49 +0100] "GET /css/reset.css HTTP/1.1" 200 1356 "http://renault.activities.at/" "Mozilla/5.0 (Windows NT 10.0; WOW64; Trident/7.0; rv:11.0) like Gecko"
77.119.228.53 - - [21/Feb/2020:07:14:49 +0100] "GET /js/flashdetection.js HTTP/1.1" 200 1059 "http://renault.activities.at/" "Mozilla/5.0 (Windows NT 10.0; WOW64; Trident/7.0; rv:11.0) like Gecko"
77.119.228.53 - - [21/Feb/2020:07:14:49 +0100] "GET /css/styles.css HTTP/1.1" 200 14664 "http://renault.activities.at/" "Mozilla/5.0 (Windows NT 10.0; WOW64; Trident/7.0; rv:11.0) like Gecko"
77.119.228.53 - - [21/Feb/2020:07:14:50 +0100] "GET /js/checkout.css HTTP/1.1" 200 359 "http://renault.activities.at/" "Mozilla/5.0 (Windows NT 10.0; WOW64; Trident/7.0; rv:11.0) like Gecko"
77.119.228.53 - - [21/Feb/2020:07:14:50 +0100] "GET /css/print.css HTTP/1.1" 200 543 "http://renault.activities.at/" "Mozilla/5.0 (Windows NT 10.0; WOW64; Trident/7.0; rv:11.0) like Gecko"
77.119.228.53 - - [21/Feb/2020:07:14:50 +0100] "GET /css/clears.css HTTP/1.1" 200 851 "http://renault.activities.at/" "Mozilla/5.0 (Windows NT 10.0; WOW64; Trident/7.0; rv:11.0) like Gecko"
77.119.228.53 - - [21/Feb/2020:07:14:50 +0100] "GET /css/prototip.css HTTP/1.1" 200 968 "http://renault.activities.at/" "Mozilla/5.0 (Windows NT 10.0; WOW64; Trident/7.0; rv:11.0) like Gecko"
77.119.228.53 - - [21/Feb/2020:07:14:50 +0100] "GET /css/themes/default.css HTTP/1.1" 200 769 "http://renault.activities.at/" "Mozilla/5.0 (Windows NT 10.0; WOW64; Trident/7.0; rv:11.0) like Gecko"
77.119.228.53 - - [21/Feb/2020:07:14:50 +0100] "GET /css/themes/alphacube.css HTTP/1.1" 200 743 "http://renault.activities.at/" "Mozilla/5.0 (Windows NT 10.0; WOW64; Trident/7.0; rv:11.0) like Gecko"
77.119.228.53 - - [21/Feb/2020:07:14:49 +0100] "GET /js/index.php?c=auto&f=,prototype/prototype.js,prototype/validation.js,scriptaculous/builder.js,scriptaculous/effects.js,scriptaculous/dragdrop.js,scriptaculous/controls.js,scriptaculous/slider.js,varien/js.js,varien/form.js,varien/menu.js,mage/translate.js,mage/cookies.js,varien/product.js,spinner/SpinnerControl.jsmin.js,prototype/window.js,prototype/window_ext.js HTTP/1.1" 200 94182 "http://renault.activities.at/" "Mozilla/5.0 (Windows NT 10.0; WOW64; Trident/7.0; rv:11.0) like Gecko"
77.119.228.53 - - [21/Feb/2020:07:14:50 +0100] "GET /images/main_block_corner_left_bot.gif HTTP/1.1" 200 159 "http://renault.activities.at/" "Mozilla/5.0 (Windows NT 10.0; WOW64; Trident/7.0; rv:11.0) like Gecko"
77.119.228.53 - - [21/Feb/2020:07:14:50 +0100] "GET /images/main_block_border.gif HTTP/1.1" 200 43 "http://renault.activities.at/" "Mozilla/5.0 (Windows NT 10.0; WOW64; Trident/7.0; rv:11.0) like Gecko"
77.119.228.53 - - [21/Feb/2020:07:14:50 +0100] "GET /images/main_block_corner_right_bot.gif HTTP/1.1" 200 158 "http://renault.activities.at/" "Mozilla/5.0 (Windows NT 10.0; WOW64; Trident/7.0; rv:11.0) like Gecko"
77.119.228.53 - - [21/Feb/2020:07:14:50 +0100] "GET /images/header_block_border.gif HTTP/1.1" 200 43 "http://renault.activities.at/" "Mozilla/5.0 (Windows NT 10.0; WOW64; Trident/7.0; rv:11.0) like Gecko"
77.119.228.53 - - [21/Feb/2020:07:14:50 +0100] "GET /images/header_block_corner_right_top.gif HTTP/1.1" 200 160 "http://renault.activities.at/" "Mozilla/5.0 (Windows NT 10.0; WOW64; Trident/7.0; rv:11.0) like Gecko"
77.119.228.53 - - [21/Feb/2020:07:14:50 +0100] "GET /images/header_block_corner_left_top.gif HTTP/1.1" 200 160 "http://renault.activities.at/" "Mozilla/5.0 (Windows NT 10.0; WOW64; Trident/7.0; rv:11.0) like Gecko"
77.119.228.53 - - [21/Feb/2020:07:14:50 +0100] "GET /images/favicon.ico HTTP/1.1" 404 305 "-" "Mozilla/5.0 (Windows NT 10.0; Win64; x64; Trident/7.0; rv:11.0) like Gecko"
77.119.228.53 - - [21/Feb/2020:07:14:50 +0100] "GET /images/main_block_corner_left_top.gif HTTP/1.1" 200 159 "http://renault.activities.at/" "Mozilla/5.0 (Windows NT 10.0; WOW64; Trident/7.0; rv:11.0) like Gecko"
77.119.228.53 - - [21/Feb/2020:07:14:50 +0100] "GET /images/main_block_corner_right_top.gif HTTP/1.1" 200 159 "http://renault.activities.at/" "Mozilla/5.0 (Windows NT 10.0; WOW64; Trident/7.0; rv:11.0) like Gecko"
77.119.228.53 - - [21/Feb/2020:07:14:50 +0100] "GET /images/title_border.jpg HTTP/1.1" 200 304 "http://renault.activities.at/" "Mozilla/5.0 (Windows NT 10.0; WOW64; Trident/7.0; rv:11.0) like Gecko"
77.119.228.53 - - [21/Feb/2020:07:14:50 +0100] "GET /images/title_border_top.jpg HTTP/1.1" 200 336 "http://renault.activities.at/" "Mozilla/5.0 (Windows NT 10.0; WOW64; Trident/7.0; rv:11.0) like Gecko"
77.119.228.53 - - [21/Feb/2020:07:14:50 +0100] "GET /images/title_corner_left_top.jpg HTTP/1.1" 200 372 "http://renault.activities.at/" "Mozilla/5.0 (Windows NT 10.0; WOW64; Trident/7.0; rv:11.0) like Gecko"
77.119.228.53 - - [21/Feb/2020:07:14:50 +0100] "GET /images/title_corner_right_top.jpg HTTP/1.1" 200 389 "http://renault.activities.at/" "Mozilla/5.0 (Windows NT 10.0; WOW64; Trident/7.0; rv:11.0) like Gecko"
77.119.228.53 - - [21/Feb/2020:07:14:50 +0100] "GET /loadthumbnail.php?id=11127982 HTTP/1.1" 200 399614 "http://renault.activities.at/" "Mozilla/5.0 (Windows NT 10.0; WOW64; Trident/7.0; rv:11.0) like Gecko"
80.122.53.230 - - [21/Feb/2020:07:14:56 +0100] "GET /reload?ser=1582265696082 HTTP/1.1" 200 28 "http://renault.activities.at/result?searchterm=true&search=give+away" "Mozilla/5.0 (Windows NT 10.0; Win64; x64) AppleWebKit/537.36 (KHTML, like Gecko) Chrome/80.0.3987.116 Safari/537.36"
77.119.228.53 - - [21/Feb/2020:07:14:58 +0100] "GET /login HTTP/1.1" 200 2085 "http://renault.activities.at/" "Mozilla/5.0 (Windows NT 10.0; WOW64; Trident/7.0; rv:11.0) like Gecko"
77.119.228.53 - - [21/Feb/2020:07:14:58 +0100] "GET /images/button_left_bg.gif HTTP/1.1" 200 564 "http://renault.activities.at/login" "Mozilla/5.0 (Windows NT 10.0; WOW64; Trident/7.0; rv:11.0) like Gecko"
77.119.228.53 - - [21/Feb/2020:07:14:59 +0100] "GET /images/button_bg.gif HTTP/1.1" 200 151 "http://renault.activities.at/login" "Mozilla/5.0 (Windows NT 10.0; WOW64; Trident/7.0; rv:11.0) like Gecko"
77.119.228.53 - - [21/Feb/2020:07:15:00 +0100] "GET /images/button_right_bg.gif HTTP/1.1" 200 561 "http://renault.activities.at/login" "Mozilla/5.0 (Windows NT 10.0; WOW64; Trident/7.0; rv:11.0) like Gecko"
77.119.228.53 - - [21/Feb/2020:07:15:00 +0100] "GET /images/favicon.ico HTTP/1.1" 404 305 "-" "Mozilla/5.0 (Windows NT 10.0; Win64; x64; Trident/7.0; rv:11.0) like Gecko"
77.119.228.53 - - [21/Feb/2020:07:15:00 +0100] "GET /favicon.ico HTTP/1.1" 200 3250 "-" "Mozilla/5.0 (Windows NT 10.0; Win64; x64; Trident/7.0; rv:11.0) like Gecko"
77.119.228.53 - - [21/Feb/2020:07:15:08 +0100] "POST /login HTTP/1.1" 200 2145 "http://renault.activities.at/login" "Mozilla/5.0 (Windows NT 10.0; WOW64; Trident/7.0; rv:11.0) like Gecko"
77.119.228.53 - - [21/Feb/2020:07:15:09 +0100] "GET /images/error_msg_icon.gif HTTP/1.1" 200 1013 "http://renault.activities.at/login" "Mozilla/5.0 (Windows NT 10.0; WOW64; Trident/7.0; rv:11.0) like Gecko"
77.119.228.53 - - [21/Feb/2020:07:15:09 +0100] "GET /favicon.ico HTTP/1.1" 200 3250 "-" "Mozilla/5.0 (Windows NT 10.0; Win64; x64; Trident/7.0; rv:11.0) like Gecko"
77.119.228.53 - - [21/Feb/2020:07:15:16 +0100] "POST /login HTTP/1.1" 302 140 "http://renault.activities.at/login" "Mozilla/5.0 (Windows NT 10.0; WOW64; Trident/7.0; rv:11.0) like Gecko"
77.119.228.53 - - [21/Feb/2020:07:15:17 +0100] "GET /account HTTP/1.1" 200 6024 "http://renault.activities.at/login" "Mozilla/5.0 (Windows NT 10.0; WOW64; Trident/7.0; rv:11.0) like Gecko"
77.119.228.53 - - [21/Feb/2020:07:15:21 +0100] "GET /js/account.js HTTP/1.1" 200 953 "http://renault.activities.at/account" "Mozilla/5.0 (Windows NT 10.0; WOW64; Trident/7.0; rv:11.0) like Gecko"
77.119.228.53 - - [21/Feb/2020:07:15:21 +0100] "GET /images/search_bg.gif HTTP/1.1" 200 1726 "http://renault.activities.at/account" "Mozilla/5.0 (Windows NT 10.0; WOW64; Trident/7.0; rv:11.0) like Gecko"
77.119.228.53 - - [21/Feb/2020:07:15:21 +0100] "GET /images/sidebar_title_corner_right_top.gif HTTP/1.1" 200 383 "http://renault.activities.at/account" "Mozilla/5.0 (Windows NT 10.0; WOW64; Trident/7.0; rv:11.0) like Gecko"
77.119.228.53 - - [21/Feb/2020:07:15:21 +0100] "GET /images/sidebar_title_corner_left_top.gif HTTP/1.1" 200 1124 "http://renault.activities.at/account" "Mozilla/5.0 (Windows NT 10.0; WOW64; Trident/7.0; rv:11.0) like Gecko"
77.119.228.53 - - [21/Feb/2020:07:15:21 +0100] "GET /images/footer_divider.gif HTTP/1.1" 200 44 "http://renault.activities.at/account" "Mozilla/5.0 (Windows NT 10.0; WOW64; Trident/7.0; rv:11.0) like Gecko"
77.119.228.53 - - [21/Feb/2020:07:15:21 +0100] "GET /images/menu_divider.gif HTTP/1.1" 200 176 "http://renault.activities.at/account" "Mozilla/5.0 (Windows NT 10.0; WOW64; Trident/7.0; rv:11.0) like Gecko"
77.119.228.53 - - [21/Feb/2020:07:15:21 +0100] "GET /loadthumbnail.php?id=11967700&width=50&height=50 HTTP/1.1" 200 1229 "http://renault.activities.at/account" "Mozilla/5.0 (Windows NT 10.0; WOW64; Trident/7.0; rv:11.0) like Gecko"
77.119.228.53 - - [21/Feb/2020:07:15:21 +0100] "GET /loadthumbnail.php?id=12127770&width=50&height=50 HTTP/1.1" 200 1199 "http://renault.activities.at/account" "Mozilla/5.0 (Windows NT 10.0; WOW64; Trident/7.0; rv:11.0) like Gecko"
77.119.228.53 - - [21/Feb/2020:07:15:21 +0100] "GET /images/sidebar_title_border.gif HTTP/1.1" 200 43 "http://renault.activities.at/account" "Mozilla/5.0 (Windows NT 10.0; WOW64; Trident/7.0; rv:11.0) like Gecko"
77.119.228.53 - - [21/Feb/2020:07:15:21 +0100] "GET /loadthumbnail.php?id=12176975&width=50&height=50 HTTP/1.1" 200 1312 "http://renault.activities.at/account" "Mozilla/5.0 (Windows NT 10.0; WOW64; Trident/7.0; rv:11.0) like Gecko"
77.119.228.53 - - [21/Feb/2020:07:15:21 +0100] "GET /images/menu_button_bg.jpg HTTP/1.1" 200 322 "http://renault.activities.at/account" "Mozilla/5.0 (Windows NT 10.0; WOW64; Trident/7.0; rv:11.0) like Gecko"
77.119.228.53 - - [21/Feb/2020:07:15:21 +0100] "GET /images/top_links_divider.gif HTTP/1.1" 200 44 "http://renault.activities.at/account" "Mozilla/5.0 (Windows NT 10.0; WOW64; Trident/7.0; rv:11.0) like Gecko"
77.119.228.53 - - [21/Feb/2020:07:15:21 +0100] "GET /images/nav_divider.gif HTTP/1.1" 200 43 "http://renault.activities.at/account" "Mozilla/5.0 (Windows NT 10.0; WOW64; Trident/7.0; rv:11.0) like Gecko"
77.119.228.53 - - [21/Feb/2020:07:15:22 +0100] "GET /images/sidebar_title_border_top.gif HTTP/1.1" 200 155 "http://renault.activities.at/account" "Mozilla/5.0 (Windows NT 10.0; WOW64; Trident/7.0; rv:11.0) like Gecko"
193.194.132.29 - - [21/Feb/2020:07:15:26 +0100] "GET /reload?ser=1582265726734 HTTP/1.1" 200 28 "http://renault.2web.at/account?loadrequest=true" "Mozilla/5.0 (Windows NT 10.0; WOW64; Trident/7.0; Touch; rv:11.0) like Gecko"
77.119.228.53 - - [21/Feb/2020:07:15:35 +0100] "GET /action HTTP/1.1" 200 3916 "http://renault.activities.at/account" "Mozilla/5.0 (Windows NT 10.0; WOW64; Trident/7.0; rv:11.0) like Gecko"
77.119.228.53 - - [21/Feb/2020:07:15:37 +0100] "GET /images/note_msg_icon.gif HTTP/1.1" 200 1022 "http://renault.activities.at/action" "Mozilla/5.0 (Windows NT 10.0; WOW64; Trident/7.0; rv:11.0) like Gecko"
77.119.228.53 - - [21/Feb/2020:07:15:39 +0100] "GET /10201442 HTTP/1.1" 200 8723 "http://renault.activities.at/action" "Mozilla/5.0 (Windows NT 10.0; WOW64; Trident/7.0; rv:11.0) like Gecko"
77.119.228.53 - - [21/Feb/2020:07:15:42 +0100] "GET /js/prototip.js HTTP/1.1" 200 4588 "http://renault.activities.at/10201442" "Mozilla/5.0 (Windows NT 10.0; WOW64; Trident/7.0; rv:11.0) like Gecko"
77.119.228.53 - - [21/Feb/2020:07:15:42 +0100] "GET /js/ProduktGrp.js HTTP/1.1" 200 1569 "http://renault.activities.at/10201442" "Mozilla/5.0 (Windows NT 10.0; WOW64; Trident/7.0; rv:11.0) like Gecko"
77.119.228.53 - - [21/Feb/2020:07:15:42 +0100] "GET /images/loading.gif HTTP/1.1" 200 3208 "http://renault.activities.at/10201442" "Mozilla/5.0 (Windows NT 10.0; WOW64; Trident/7.0; rv:11.0) like Gecko"
77.119.228.53 - - [21/Feb/2020:07:15:42 +0100] "GET /images/sub_title_bg.jpg HTTP/1.1" 200 314 "http://renault.activities.at/10201442" "Mozilla/5.0 (Windows NT 10.0; WOW64; Trident/7.0; rv:11.0) like Gecko"
77.119.228.53 - - [21/Feb/2020:07:15:42 +0100] "GET /images/pager_bg.gif HTTP/1.1" 200 150 "http://renault.activities.at/10201442" "Mozilla/5.0 (Windows NT 10.0; WOW64; Trident/7.0; rv:11.0) like Gecko"
77.119.228.53 - - [21/Feb/2020:07:15:42 +0100] "GET /loadthumbnail.php?id=10203276 HTTP/1.1" 200 75 "http://renault.activities.at/10201442" "Mozilla/5.0 (Windows NT 10.0; WOW64; Trident/7.0; rv:11.0) like Gecko"
77.119.228.53 - - [21/Feb/2020:07:15:42 +0100] "GET /loadthumbnail.php?id=12174362&width=113 HTTP/1.1" 200 5477 "http://renault.activities.at/10201442" "Mozilla/5.0 (Windows NT 10.0; WOW64; Trident/7.0; rv:11.0) like Gecko"
77.119.228.53 - - [21/Feb/2020:07:15:42 +0100] "GET /loadthumbnail.php?id=10203255 HTTP/1.1" 200 137 "http://renault.activities.at/10201442" "Mozilla/5.0 (Windows NT 10.0; WOW64; Trident/7.0; rv:11.0) like Gecko"
77.119.228.53 - - [21/Feb/2020:07:15:42 +0100] "GET /loadthumbnail.php?id=12174361&width=113 HTTP/1.1" 200 5896 "http://renault.activities.at/10201442" "Mozilla/5.0 (Windows NT 10.0; WOW64; Trident/7.0; rv:11.0) like Gecko"
77.119.228.53 - - [21/Feb/2020:07:15:43 +0100] "GET /images/vista-up.gif HTTP/1.1" 200 131 "http://renault.activities.at/10201442" "Mozilla/5.0 (Windows NT 10.0; WOW64; Trident/7.0; rv:11.0) like Gecko"
77.119.228.53 - - [21/Feb/2020:07:15:43 +0100] "GET /images/vista-dn.gif HTTP/1.1" 200 128 "http://renault.activities.at/10201442" "Mozilla/5.0 (Windows NT 10.0; WOW64; Trident/7.0; rv:11.0) like Gecko"
77.119.228.53 - - [21/Feb/2020:07:15:42 +0100] "GET /loadthumbnail.php?id=12174360&width=113 HTTP/1.1" 200 5892 "http://renault.activities.at/10201442" "Mozilla/5.0 (Windows NT 10.0; WOW64; Trident/7.0; rv:11.0) like Gecko"
77.119.228.53 - - [21/Feb/2020:07:15:43 +0100] "GET /images/validation_advice_bg.gif HTTP/1.1" 200 134 "http://renault.activities.at/10201442" "Mozilla/5.0 (Windows NT 10.0; WOW64; Trident/7.0; rv:11.0) like Gecko"
77.119.228.53 - - [21/Feb/2020:07:15:43 +0100] "GET /loadthumbnail.php?id=12174359&width=113 HTTP/1.1" 200 6046 "http://renault.activities.at/10201442" "Mozilla/5.0 (Windows NT 10.0; WOW64; Trident/7.0; rv:11.0) like Gecko"
77.119.228.53 - - [21/Feb/2020:07:15:43 +0100] "GET /loadthumbnail.php?id=12174322&width=113 HTTP/1.1" 200 6394 "http://renault.activities.at/10201442" "Mozilla/5.0 (Windows NT 10.0; WOW64; Trident/7.0; rv:11.0) like Gecko"
77.119.228.53 - - [21/Feb/2020:07:15:43 +0100] "GET /loadthumbnail.php?id=12174358&width=113 HTTP/1.1" 200 6569 "http://renault.activities.at/10201442" "Mozilla/5.0 (Windows NT 10.0; WOW64; Trident/7.0; rv:11.0) like Gecko"
77.119.228.53 - - [21/Feb/2020:07:15:43 +0100] "GET /loadthumbnail.php?id=12174329&width=113 HTTP/1.1" 200 6284 "http://renault.activities.at/10201442" "Mozilla/5.0 (Windows NT 10.0; WOW64; Trident/7.0; rv:11.0) like Gecko"
77.119.228.53 - - [21/Feb/2020:07:15:43 +0100] "GET /loadthumbnail.php?id=12174324&width=113 HTTP/1.1" 200 6193 "http://renault.activities.at/10201442" "Mozilla/5.0 (Windows NT 10.0; WOW64; Trident/7.0; rv:11.0) like Gecko"
77.119.228.53 - - [21/Feb/2020:07:15:43 +0100] "GET /loadthumbnail.php?id=12174370&width=113 HTTP/1.1" 200 6060 "http://renault.activities.at/10201442" "Mozilla/5.0 (Windows NT 10.0; WOW64; Trident/7.0; rv:11.0) like Gecko"
77.119.228.53 - - [21/Feb/2020:07:15:43 +0100] "GET /loadthumbnail.php?id=12174357&width=113 HTTP/1.1" 200 5961 "http://renault.activities.at/10201442" "Mozilla/5.0 (Windows NT 10.0; WOW64; Trident/7.0; rv:11.0) like Gecko"
77.119.228.53 - - [21/Feb/2020:07:15:43 +0100] "GET /loadthumbnail.php?id=12174345&width=113 HTTP/1.1" 200 5757 "http://renault.activities.at/10201442" "Mozilla/5.0 (Windows NT 10.0; WOW64; Trident/7.0; rv:11.0) like Gecko"
77.119.228.53 - - [21/Feb/2020:07:15:43 +0100] "GET /loadthumbnail.php?id=12174346&width=113 HTTP/1.1" 200 5866 "http://renault.activities.at/10201442" "Mozilla/5.0 (Windows NT 10.0; WOW64; Trident/7.0; rv:11.0) like Gecko"
77.119.228.53 - - [21/Feb/2020:07:15:43 +0100] "GET /loadthumbnail.php?id=12174323&width=113 HTTP/1.1" 200 6446 "http://renault.activities.at/10201442" "Mozilla/5.0 (Windows NT 10.0; WOW64; Trident/7.0; rv:11.0) like Gecko"
77.119.228.53 - - [21/Feb/2020:07:15:43 +0100] "GET /loadthumbnail.php?id=12174325&width=113 HTTP/1.1" 200 6300 "http://renault.activities.at/10201442" "Mozilla/5.0 (Windows NT 10.0; WOW64; Trident/7.0; rv:11.0) like Gecko"
77.119.228.53 - - [21/Feb/2020:07:15:43 +0100] "GET /loadthumbnail.php?id=12174374&width=113 HTTP/1.1" 200 6146 "http://renault.activities.at/10201442" "Mozilla/5.0 (Windows NT 10.0; WOW64; Trident/7.0; rv:11.0) like Gecko"
80.122.221.194 - - [21/Feb/2020:07:15:44 +0100] "GET /reload?ser=1582265744953 HTTP/1.1" 200 1246 "http://renault.activities.at/cart" "Mozilla/5.0 (Windows NT 10.0; Win64; x64) AppleWebKit/537.36 (KHTML, like Gecko) Chrome/70.0.3538.102 Safari/537.36 Edge/18.18363"
77.119.228.53 - - [21/Feb/2020:07:15:48 +0100] "GET /images/vista-up-hover.gif HTTP/1.1" 200 130 "http://renault.activities.at/10201442" "Mozilla/5.0 (Windows NT 10.0; WOW64; Trident/7.0; rv:11.0) like Gecko"
77.119.228.53 - - [21/Feb/2020:07:15:49 +0100] "GET /10201442?dir=DESC&mode=grid&order=name&limit=15&page=2 HTTP/1.1" 200 9058 "http://renault.activities.at/10201442" "Mozilla/5.0 (Windows NT 10.0; WOW64; Trident/7.0; rv:11.0) like Gecko"
77.119.228.53 - - [21/Feb/2020:07:15:53 +0100] "GET /loadthumbnail.php?id=10203275 HTTP/1.1" 200 85 "http://renault.activities.at/10201442?dir=DESC&mode=grid&order=name&limit=15&page=2" "Mozilla/5.0 (Windows NT 10.0; WOW64; Trident/7.0; rv:11.0) like Gecko"
77.119.228.53 - - [21/Feb/2020:07:15:53 +0100] "GET /loadthumbnail.php?id=12174372&width=113 HTTP/1.1" 200 5610 "http://renault.activities.at/10201442?dir=DESC&mode=grid&order=name&limit=15&page=2" "Mozilla/5.0 (Windows NT 10.0; WOW64; Trident/7.0; rv:11.0) like Gecko"
77.119.228.53 - - [21/Feb/2020:07:15:53 +0100] "GET /loadthumbnail.php?id=12174331&width=113 HTTP/1.1" 200 6083 "http://renault.activities.at/10201442?dir=DESC&mode=grid&order=name&limit=15&page=2" "Mozilla/5.0 (Windows NT 10.0; WOW64; Trident/7.0; rv:11.0) like Gecko"
77.119.228.53 - - [21/Feb/2020:07:15:53 +0100] "GET /loadthumbnail.php?id=12174330&width=113 HTTP/1.1" 200 5806 "http://renault.activities.at/10201442?dir=DESC&mode=grid&order=name&limit=15&page=2" "Mozilla/5.0 (Windows NT 10.0; WOW64; Trident/7.0; rv:11.0) like Gecko"
77.119.228.53 - - [21/Feb/2020:07:15:53 +0100] "GET /loadthumbnail.php?id=12138224&width=113 HTTP/1.1" 200 3427 "http://renault.activities.at/10201442?dir=DESC&mode=grid&order=name&limit=15&page=2" "Mozilla/5.0 (Windows NT 10.0; WOW64; Trident/7.0; rv:11.0) like Gecko"
77.119.228.53 - - [21/Feb/2020:07:15:53 +0100] "GET /loadthumbnail.php?id=12037190&width=113 HTTP/1.1" 200 19857 "http://renault.activities.at/10201442?dir=DESC&mode=grid&order=name&limit=15&page=2" "Mozilla/5.0 (Windows NT 10.0; WOW64; Trident/7.0; rv:11.0) like Gecko"
77.119.228.53 - - [21/Feb/2020:07:15:53 +0100] "GET /loadthumbnail.php?id=11976076&width=113 HTTP/1.1" 200 17152 "http://renault.activities.at/10201442?dir=DESC&mode=grid&order=name&limit=15&page=2" "Mozilla/5.0 (Windows NT 10.0; WOW64; Trident/7.0; rv:11.0) like Gecko"
77.119.228.53 - - [21/Feb/2020:07:15:53 +0100] "GET /loadthumbnail.php?id=12122446&width=113 HTTP/1.1" 200 3706 "http://renault.activities.at/10201442?dir=DESC&mode=grid&order=name&limit=15&page=2" "Mozilla/5.0 (Windows NT 10.0; WOW64; Trident/7.0; rv:11.0) like Gecko"
77.119.228.53 - - [21/Feb/2020:07:15:53 +0100] "GET /loadthumbnail.php?id=12047627&width=113 HTTP/1.1" 200 3640 "http://renault.activities.at/10201442?dir=DESC&mode=grid&order=name&limit=15&page=2" "Mozilla/5.0 (Windows NT 10.0; WOW64; Trident/7.0; rv:11.0) like Gecko"
77.119.228.53 - - [21/Feb/2020:07:15:53 +0100] "GET /loadthumbnail.php?id=11976088&width=113 HTTP/1.1" 200 23388 "http://renault.activities.at/10201442?dir=DESC&mode=grid&order=name&limit=15&page=2" "Mozilla/5.0 (Windows NT 10.0; WOW64; Trident/7.0; rv:11.0) like Gecko"
77.119.228.53 - - [21/Feb/2020:07:15:53 +0100] "GET /loadthumbnail.php?id=11793250&width=113 HTTP/1.1" 200 23647 "http://renault.activities.at/10201442?dir=DESC&mode=grid&order=name&limit=15&page=2" "Mozilla/5.0 (Windows NT 10.0; WOW64; Trident/7.0; rv:11.0) like Gecko"
77.119.228.53 - - [21/Feb/2020:07:15:53 +0100] "GET /loadthumbnail.php?id=12115542&width=113 HTTP/1.1" 200 6084 "http://renault.activities.at/10201442?dir=DESC&mode=grid&order=name&limit=15&page=2" "Mozilla/5.0 (Windows NT 10.0; WOW64; Trident/7.0; rv:11.0) like Gecko"
77.119.228.53 - - [21/Feb/2020:07:15:54 +0100] "GET /loadthumbnail.php?id=12153811&width=113 HTTP/1.1" 200 2537 "http://renault.activities.at/10201442?dir=DESC&mode=grid&order=name&limit=15&page=2" "Mozilla/5.0 (Windows NT 10.0; WOW64; Trident/7.0; rv:11.0) like Gecko"
77.119.228.53 - - [21/Feb/2020:07:15:54 +0100] "GET /loadthumbnail.php?id=11564187&width=113 HTTP/1.1" 200 22491 "http://renault.activities.at/10201442?dir=DESC&mode=grid&order=name&limit=15&page=2" "Mozilla/5.0 (Windows NT 10.0; WOW64; Trident/7.0; rv:11.0) like Gecko"
77.119.228.53 - - [21/Feb/2020:07:15:54 +0100] "GET /loadthumbnail.php?id=11976092&width=113 HTTP/1.1" 200 22943 "http://renault.activities.at/10201442?dir=DESC&mode=grid&order=name&limit=15&page=2" "Mozilla/5.0 (Windows NT 10.0; WOW64; Trident/7.0; rv:11.0) like Gecko"
77.119.228.53 - - [21/Feb/2020:07:15:54 +0100] "GET /loadthumbnail.php?id=11475295&width=113 HTTP/1.1" 200 17922 "http://renault.activities.at/10201442?dir=DESC&mode=grid&order=name&limit=15&page=2" "Mozilla/5.0 (Windows NT 10.0; WOW64; Trident/7.0; rv:11.0) like Gecko"
80.122.53.230 - - [21/Feb/2020:07:15:57 +0100] "GET /reload?ser=1582265757083 HTTP/1.1" 200 28 "http://renault.activities.at/result?searchterm=true&search=give+away" "Mozilla/5.0 (Windows NT 10.0; Win64; x64) AppleWebKit/537.36 (KHTML, like Gecko) Chrome/80.0.3987.116 Safari/537.36"
77.119.228.53 - - [21/Feb/2020:07:16:08 +0100] "GET /10201442?dir=DESC&mode=grid&order=name&limit=15&page=1 HTTP/1.1" 200 8727 "http://renault.activities.at/10201442?dir=DESC&mode=grid&order=name&limit=15&page=2" "Mozilla/5.0 (Windows NT 10.0; WOW64; Trident/7.0; rv:11.0) like Gecko"
77.119.228.53 - - [21/Feb/2020:07:16:16 +0100] "GET /css/themes/alphacube/bottom_middle.gif HTTP/1.1" 200 44 "http://renault.activities.at/10201442?dir=DESC&mode=grid&order=name&limit=15&page=1" "Mozilla/5.0 (Windows NT 10.0; WOW64; Trident/7.0; rv:11.0) like Gecko"
77.119.228.53 - - [21/Feb/2020:07:16:16 +0100] "GET /css/themes/alphacube/frame_left.gif HTTP/1.1" 200 64 "http://renault.activities.at/10201442?dir=DESC&mode=grid&order=name&limit=15&page=1" "Mozilla/5.0 (Windows NT 10.0; WOW64; Trident/7.0; rv:11.0) like Gecko"
77.119.228.53 - - [21/Feb/2020:07:16:16 +0100] "GET /css/themes/alphacube/frame_right.gif HTTP/1.1" 200 64 "http://renault.activities.at/10201442?dir=DESC&mode=grid&order=name&limit=15&page=1" "Mozilla/5.0 (Windows NT 10.0; WOW64; Trident/7.0; rv:11.0) like Gecko"
77.119.228.53 - - [21/Feb/2020:07:16:16 +0100] "GET /css/themes/alphacube/top_mid.gif HTTP/1.1" 200 833 "http://renault.activities.at/10201442?dir=DESC&mode=grid&order=name&limit=15&page=1" "Mozilla/5.0 (Windows NT 10.0; WOW64; Trident/7.0; rv:11.0) like Gecko"
77.119.228.53 - - [21/Feb/2020:07:16:16 +0100] "GET /css/themes/alphacube/bottom_right-c.gif HTTP/1.1" 200 62 "http://renault.activities.at/10201442?dir=DESC&mode=grid&order=name&limit=15&page=1" "Mozilla/5.0 (Windows NT 10.0; WOW64; Trident/7.0; rv:11.0) like Gecko"
77.119.228.53 - - [21/Feb/2020:07:16:16 +0100] "GET /css/themes/alphacube/bottom_left-c.gif HTTP/1.1" 200 62 "http://renault.activities.at/10201442?dir=DESC&mode=grid&order=name&limit=15&page=1" "Mozilla/5.0 (Windows NT 10.0; WOW64; Trident/7.0; rv:11.0) like Gecko"
77.119.228.53 - - [21/Feb/2020:07:16:16 +0100] "GET /css/themes/alphacube/top_right.gif HTTP/1.1" 200 972 "http://renault.activities.at/10201442?dir=DESC&mode=grid&order=name&limit=15&page=1" "Mozilla/5.0 (Windows NT 10.0; WOW64; Trident/7.0; rv:11.0) like Gecko"
77.119.228.53 - - [21/Feb/2020:07:16:16 +0100] "GET /css/themes/alphacube/top_left.gif HTTP/1.1" 200 973 "http://renault.activities.at/10201442?dir=DESC&mode=grid&order=name&limit=15&page=1" "Mozilla/5.0 (Windows NT 10.0; WOW64; Trident/7.0; rv:11.0) like Gecko"
77.119.228.53 - - [21/Feb/2020:07:16:16 +0100] "GET /css/themes/alphacube/button-close-focus.gif HTTP/1.1" 200 699 "http://renault.activities.at/10201442?dir=DESC&mode=grid&order=name&limit=15&page=1" "Mozilla/5.0 (Windows NT 10.0; WOW64; Trident/7.0; rv:11.0) like Gecko"
77.119.228.53 - - [21/Feb/2020:07:16:15 +0100] "GET /12153740?print=true HTTP/1.1" 200 2602 "http://renault.activities.at/10201442?dir=DESC&mode=grid&order=name&limit=15&page=1" "Mozilla/5.0 (Windows NT 10.0; WOW64; Trident/7.0; rv:11.0) like Gecko"
77.119.228.53 - - [21/Feb/2020:07:16:18 +0100] "GET /js/magiczoom/magiczoom.css HTTP/1.1" 200 1210 "http://renault.activities.at/12153740?print=true" "Mozilla/5.0 (Windows NT 10.0; WOW64; Trident/7.0; rv:11.0) like Gecko"
77.119.228.53 - - [21/Feb/2020:07:16:18 +0100] "GET /js/Produkt.js HTTP/1.1" 200 852 "http://renault.activities.at/12153740?print=true" "Mozilla/5.0 (Windows NT 10.0; WOW64; Trident/7.0; rv:11.0) like Gecko"
77.119.228.53 - - [21/Feb/2020:07:16:18 +0100] "GET /js/magiczoom/magiczoom.js HTTP/1.1" 200 26397 "http://renault.activities.at/12153740?print=true" "Mozilla/5.0 (Windows NT 10.0; WOW64; Trident/7.0; rv:11.0) like Gecko"
77.119.228.53 - - [21/Feb/2020:07:16:18 +0100] "GET /loadthumbnail.php?id=12174346&width=250 HTTP/1.1" 200 21645 "http://renault.activities.at/12153740?print=true" "Mozilla/5.0 (Windows NT 10.0; WOW64; Trident/7.0; rv:11.0) like Gecko"
77.119.228.53 - - [21/Feb/2020:07:16:19 +0100] "GET /js/magiczoom/graphics/loader.gif HTTP/1.1" 200 1849 "http://renault.activities.at/12153740?print=true" "Mozilla/5.0 (Windows NT 10.0; WOW64; Trident/7.0; rv:11.0) like Gecko"
77.119.228.53 - - [21/Feb/2020:07:16:19 +0100] "GET /loadthumbnail.php?id=12174346&width=900&height=900 HTTP/1.1" 200 95747 "http://renault.activities.at/12153740?print=true" "Mozilla/5.0 (Windows NT 10.0; WOW64; Trident/7.0; rv:11.0) like Gecko"
77.119.228.53 - - [21/Feb/2020:07:16:20 +0100] "GET /js/magiczoom/graphics/hint.gif HTTP/1.1" 200 73 "http://renault.activities.at/12153740?print=true" "Mozilla/5.0 (Windows NT 10.0; WOW64; Trident/7.0; rv:11.0) like Gecko"
77.119.228.53 - - [21/Feb/2020:07:16:20 +0100] "GET /graphics/zoomin.cur HTTP/1.1" 200 3615 "http://renault.activities.at/12153740?print=true" "Mozilla/5.0 (Windows NT 10.0; WOW64; Trident/7.0; rv:11.0) like Gecko"
193.194.132.29 - - [21/Feb/2020:07:16:27 +0100] "GET /reload?ser=1582265787752 HTTP/1.1" 200 28 "http://renault.2web.at/account?loadrequest=true" "Mozilla/5.0 (Windows NT 10.0; WOW64; Trident/7.0; Touch; rv:11.0) like Gecko"
77.119.228.53 - - [21/Feb/2020:07:16:36 +0100] "GET /graphics/zoomin.cur HTTP/1.1" 200 3615 "http://renault.activities.at/12153740?print=true" "Mozilla/5.0 (Windows NT 10.0; WOW64; Trident/7.0; rv:11.0) like Gecko"
77.119.228.53 - - [21/Feb/2020:07:16:37 +0100] "GET /null HTTP/1.1" 200 3615 "http://renault.activities.at/10201442?dir=DESC&mode=grid&order=name&limit=15&page=1" "Mozilla/5.0 (Windows NT 10.0; WOW64; Trident/7.0; rv:11.0) like Gecko"
77.119.228.53 - - [21/Feb/2020:07:16:40 +0100] "GET /10201442?cat=10201636 HTTP/1.1" 200 8854 "http://renault.activities.at/10201442?dir=DESC&mode=grid&order=name&limit=15&page=1" "Mozilla/5.0 (Windows NT 10.0; WOW64; Trident/7.0; rv:11.0) like Gecko"
77.119.228.53 - - [21/Feb/2020:07:16:44 +0100] "GET /loadthumbnail.php?id=10201939&width=15&height=15 HTTP/1.1" 200 201 "http://renault.activities.at/10201442?cat=10201636" "Mozilla/5.0 (Windows NT 10.0; WOW64; Trident/7.0; rv:11.0) like Gecko"
77.119.228.53 - - [21/Feb/2020:07:16:44 +0100] "GET /loadthumbnail.php?id=12130670&width=113 HTTP/1.1" 200 8989 "http://renault.activities.at/10201442?cat=10201636" "Mozilla/5.0 (Windows NT 10.0; WOW64; Trident/7.0; rv:11.0) like Gecko"
77.119.228.53 - - [21/Feb/2020:07:16:44 +0100] "GET /loadthumbnail.php?id=10460287&width=113 HTTP/1.1" 200 2135 "http://renault.activities.at/10201442?cat=10201636" "Mozilla/5.0 (Windows NT 10.0; WOW64; Trident/7.0; rv:11.0) like Gecko"
77.119.228.53 - - [21/Feb/2020:07:16:44 +0100] "GET /loadthumbnail.php?id=10203650&width=113 HTTP/1.1" 200 2741 "http://renault.activities.at/10201442?cat=10201636" "Mozilla/5.0 (Windows NT 10.0; WOW64; Trident/7.0; rv:11.0) like Gecko"
77.119.228.53 - - [21/Feb/2020:07:16:44 +0100] "GET /loadthumbnail.php?id=12130660&width=113 HTTP/1.1" 200 9098 "http://renault.activities.at/10201442?cat=10201636" "Mozilla/5.0 (Windows NT 10.0; WOW64; Trident/7.0; rv:11.0) like Gecko"
77.119.228.53 - - [21/Feb/2020:07:16:44 +0100] "GET /loadthumbnail.php?id=11431080&width=113 HTTP/1.1" 200 3991 "http://renault.activities.at/10201442?cat=10201636" "Mozilla/5.0 (Windows NT 10.0; WOW64; Trident/7.0; rv:11.0) like Gecko"
77.119.228.53 - - [21/Feb/2020:07:16:44 +0100] "GET /loadthumbnail.php?id=11075492&width=113 HTTP/1.1" 200 2349 "http://renault.activities.at/10201442?cat=10201636" "Mozilla/5.0 (Windows NT 10.0; WOW64; Trident/7.0; rv:11.0) like Gecko"
77.119.228.53 - - [21/Feb/2020:07:16:44 +0100] "GET /loadthumbnail.php?id=12094749&width=113 HTTP/1.1" 200 15117 "http://renault.activities.at/10201442?cat=10201636" "Mozilla/5.0 (Windows NT 10.0; WOW64; Trident/7.0; rv:11.0) like Gecko"
77.119.228.53 - - [21/Feb/2020:07:16:44 +0100] "GET /loadthumbnail.php?id=10745359&width=113 HTTP/1.1" 200 4202 "http://renault.activities.at/10201442?cat=10201636" "Mozilla/5.0 (Windows NT 10.0; WOW64; Trident/7.0; rv:11.0) like Gecko"
77.119.228.53 - - [21/Feb/2020:07:16:44 +0100] "GET /loadthumbnail.php?id=11434114&width=113 HTTP/1.1" 200 4564 "http://renault.activities.at/10201442?cat=10201636" "Mozilla/5.0 (Windows NT 10.0; WOW64; Trident/7.0; rv:11.0) like Gecko"
77.119.228.53 - - [21/Feb/2020:07:16:44 +0100] "GET /loadthumbnail.php?id=12137758&width=113 HTTP/1.1" 200 36121 "http://renault.activities.at/10201442?cat=10201636" "Mozilla/5.0 (Windows NT 10.0; WOW64; Trident/7.0; rv:11.0) like Gecko"
77.119.228.53 - - [21/Feb/2020:07:16:44 +0100] "GET /loadthumbnail.php?id=10269567&width=113 HTTP/1.1" 200 1590 "http://renault.activities.at/10201442?cat=10201636" "Mozilla/5.0 (Windows NT 10.0; WOW64; Trident/7.0; rv:11.0) like Gecko"
77.119.228.53 - - [21/Feb/2020:07:16:45 +0100] "GET /loadthumbnail.php?id=10269569&width=113 HTTP/1.1" 200 1309 "http://renault.activities.at/10201442?cat=10201636" "Mozilla/5.0 (Windows NT 10.0; WOW64; Trident/7.0; rv:11.0) like Gecko"
77.119.228.53 - - [21/Feb/2020:07:16:45 +0100] "GET /loadthumbnail.php?id=12139710&width=113 HTTP/1.1" 200 34483 "http://renault.activities.at/10201442?cat=10201636" "Mozilla/5.0 (Windows NT 10.0; WOW64; Trident/7.0; rv:11.0) like Gecko"
77.119.228.53 - - [21/Feb/2020:07:16:45 +0100] "GET /loadthumbnail.php?id=12205692&width=113 HTTP/1.1" 200 4881 "http://renault.activities.at/10201442?cat=10201636" "Mozilla/5.0 (Windows NT 10.0; WOW64; Trident/7.0; rv:11.0) like Gecko"
77.119.228.53 - - [21/Feb/2020:07:16:45 +0100] "GET /loadthumbnail.php?id=12204968&width=113 HTTP/1.1" 200 4284 "http://renault.activities.at/10201442?cat=10201636" "Mozilla/5.0 (Windows NT 10.0; WOW64; Trident/7.0; rv:11.0) like Gecko"
80.122.221.194 - - [21/Feb/2020:07:16:45 +0100] "GET /reload?ser=1582265805964 HTTP/1.1" 200 1237 "http://renault.activities.at/cart" "Mozilla/5.0 (Windows NT 10.0; Win64; x64) AppleWebKit/537.36 (KHTML, like Gecko) Chrome/70.0.3538.102 Safari/537.36 Edge/18.18363"
80.122.53.230 - - [21/Feb/2020:07:16:58 +0100] "GET /reload?ser=1582265818097 HTTP/1.1" 200 28 "http://renault.activities.at/result?searchterm=true&search=give+away" "Mozilla/5.0 (Windows NT 10.0; Win64; x64) AppleWebKit/537.36 (KHTML, like Gecko) Chrome/80.0.3987.116 Safari/537.36"
77.119.228.53 - - [21/Feb/2020:07:17:01 +0100] "GET /12137756?print=true HTTP/1.1" 200 2657 "http://renault.activities.at/10201442?cat=10201636" "Mozilla/5.0 (Windows NT 10.0; WOW64; Trident/7.0; rv:11.0) like Gecko"
77.119.228.53 - - [21/Feb/2020:07:17:05 +0100] "GET /loadthumbnail.php?id=12137758&width=250 HTTP/1.1" 200 144132 "http://renault.activities.at/12137756?print=true" "Mozilla/5.0 (Windows NT 10.0; WOW64; Trident/7.0; rv:11.0) like Gecko"
77.119.228.53 - - [21/Feb/2020:07:17:05 +0100] "GET /loadthumbnail.php?id=12137758&width=900&height=900 HTTP/1.1" 200 704683 "http://renault.activities.at/12137756?print=true" "Mozilla/5.0 (Windows NT 10.0; WOW64; Trident/7.0; rv:11.0) like Gecko"
77.119.228.53 - - [21/Feb/2020:07:17:06 +0100] "GET /graphics/zoomin.cur HTTP/1.1" 200 3615 "http://renault.activities.at/12137756?print=true" "Mozilla/5.0 (Windows NT 10.0; WOW64; Trident/7.0; rv:11.0) like Gecko"
77.119.228.53 - - [21/Feb/2020:07:17:10 +0100] "GET /null HTTP/1.1" 200 3615 "http://renault.activities.at/10201442?cat=10201636" "Mozilla/5.0 (Windows NT 10.0; WOW64; Trident/7.0; rv:11.0) like Gecko"
193.194.132.29 - - [21/Feb/2020:07:17:28 +0100] "GET /reload?ser=1582265848752 HTTP/1.1" 200 28 "http://renault.2web.at/account?loadrequest=true" "Mozilla/5.0 (Windows NT 10.0; WOW64; Trident/7.0; Touch; rv:11.0) like Gecko"
77.119.228.53 - - [21/Feb/2020:07:17:45 +0100] "GET /reload?ser=1582265866866 HTTP/1.1" 200 28 "http://renault.activities.at/10201442?cat=10201636" "Mozilla/5.0 (Windows NT 10.0; WOW64; Trident/7.0; rv:11.0) like Gecko"
80.122.221.194 - - [21/Feb/2020:07:17:46 +0100] "GET /reload?ser=1582265866954 HTTP/1.1" 200 1238 "http://renault.activities.at/cart" "Mozilla/5.0 (Windows NT 10.0; Win64; x64) AppleWebKit/537.36 (KHTML, like Gecko) Chrome/70.0.3538.102 Safari/537.36 Edge/18.18363"
80.122.53.230 - - [21/Feb/2020:07:17:59 +0100] "GET /reload?ser=1582265879083 HTTP/1.1" 200 28 "http://renault.activities.at/result?searchterm=true&search=give+away" "Mozilla/5.0 (Windows NT 10.0; Win64; x64) AppleWebKit/537.36 (KHTML, like Gecko) Chrome/80.0.3987.116 Safari/537.36"
193.194.132.29 - - [21/Feb/2020:07:18:30 +0100] "GET /reload?ser=1582265910375 HTTP/1.1" 200 28 "http://renault.2web.at/account?loadrequest=true" "Mozilla/5.0 (Windows NT 10.0; WOW64; Trident/7.0; Touch; rv:11.0) like Gecko"
77.119.228.53 - - [21/Feb/2020:07:18:46 +0100] "GET /reload?ser=1582265927907 HTTP/1.1" 200 28 "http://renault.activities.at/10201442?cat=10201636" "Mozilla/5.0 (Windows NT 10.0; WOW64; Trident/7.0; rv:11.0) like Gecko"
80.122.221.194 - - [21/Feb/2020:07:18:47 +0100] "GET /reload?ser=1582265927960 HTTP/1.1" 200 1239 "http://renault.activities.at/cart" "Mozilla/5.0 (Windows NT 10.0; Win64; x64) AppleWebKit/537.36 (KHTML, like Gecko) Chrome/70.0.3538.102 Safari/537.36 Edge/18.18363"
80.122.53.230 - - [21/Feb/2020:07:19:00 +0100] "GET /reload?ser=1582265940083 HTTP/1.1" 200 28 "http://renault.activities.at/result?searchterm=true&search=give+away" "Mozilla/5.0 (Windows NT 10.0; Win64; x64) AppleWebKit/537.36 (KHTML, like Gecko) Chrome/80.0.3987.116 Safari/537.36"
193.194.132.29 - - [21/Feb/2020:07:19:31 +0100] "GET /reload?ser=1582265971402 HTTP/1.1" 200 28 "http://renault.2web.at/account?loadrequest=true" "Mozilla/5.0 (Windows NT 10.0; WOW64; Trident/7.0; Touch; rv:11.0) like Gecko"
77.119.228.53 - - [21/Feb/2020:07:19:47 +0100] "GET /reload?ser=1582265988930 HTTP/1.1" 200 28 "http://renault.activities.at/10201442?cat=10201636" "Mozilla/5.0 (Windows NT 10.0; WOW64; Trident/7.0; rv:11.0) like Gecko"
80.122.221.194 - - [21/Feb/2020:07:19:48 +0100] "GET /reload?ser=1582265988950 HTTP/1.1" 200 1236 "http://renault.activities.at/cart" "Mozilla/5.0 (Windows NT 10.0; Win64; x64) AppleWebKit/537.36 (KHTML, like Gecko) Chrome/70.0.3538.102 Safari/537.36 Edge/18.18363"
80.122.53.230 - - [21/Feb/2020:07:20:01 +0100] "GET /reload?ser=1582266001082 HTTP/1.1" 200 28 "http://renault.activities.at/result?searchterm=true&search=give+away" "Mozilla/5.0 (Windows NT 10.0; Win64; x64) AppleWebKit/537.36 (KHTML, like Gecko) Chrome/80.0.3987.116 Safari/537.36"
193.194.132.29 - - [21/Feb/2020:07:20:32 +0100] "GET /reload?ser=1582266032422 HTTP/1.1" 200 28 "http://renault.2web.at/account?loadrequest=true" "Mozilla/5.0 (Windows NT 10.0; WOW64; Trident/7.0; Touch; rv:11.0) like Gecko"
77.119.228.53 - - [21/Feb/2020:07:20:48 +0100] "GET /reload?ser=1582266049954 HTTP/1.1" 200 28 "http://renault.activities.at/10201442?cat=10201636" "Mozilla/5.0 (Windows NT 10.0; WOW64; Trident/7.0; rv:11.0) like Gecko"
