212.186.92.126 - - [21/Feb/2020:11:56:37 +0100] "GET /reload?ser=1582282596880 HTTP/1.1" 200 28 "http://renault.activities.at/success" "Mozilla/5.0 (Windows NT 10.0; WOW64) AppleWebKit/537.36 (KHTML, like Gecko) Chrome/79.0.3945.130 Safari/537.36"
212.152.246.134 - - [21/Feb/2020:11:56:37 +0100] "GET /reload?ser=1582282597280 HTTP/1.1" 200 28 "http://renault.activities.at/result?searchterm=true&search=Betriebsanleitung" "Mozilla/5.0 (Windows NT 10.0; Win64; x64) AppleWebKit/537.36 (KHTML, like Gecko) Chrome/80.0.3987.116 Safari/537.36"
80.122.221.194 - - [21/Feb/2020:11:57:32 +0100] "GET /reload?ser=1582282652922 HTTP/1.1" 200 1235 "http://renault.activities.at/cart" "Mozilla/5.0 (Windows NT 10.0; Win64; x64) AppleWebKit/537.36 (KHTML, like Gecko) Chrome/70.0.3538.102 Safari/537.36 Edge/18.18363"
80.122.53.230 - - [21/Feb/2020:11:57:37 +0100] "GET /reload?ser=1582282657093 HTTP/1.1" 200 1234 "http://renault.activities.at/result?searchterm=true&search=give+away" "Mozilla/5.0 (Windows NT 10.0; Win64; x64) AppleWebKit/537.36 (KHTML, like Gecko) Chrome/80.0.3987.116 Safari/537.36"
212.152.246.134 - - [21/Feb/2020:11:57:38 +0100] "GET /reload?ser=1582282658286 HTTP/1.1" 200 28 "http://renault.activities.at/result?searchterm=true&search=Betriebsanleitung" "Mozilla/5.0 (Windows NT 10.0; Win64; x64) AppleWebKit/537.36 (KHTML, like Gecko) Chrome/80.0.3987.116 Safari/537.36"
212.186.92.126 - - [21/Feb/2020:11:57:39 +0100] "GET /reload?ser=1582282658879 HTTP/1.1" 200 28 "http://renault.activities.at/success" "Mozilla/5.0 (Windows NT 10.0; WOW64) AppleWebKit/537.36 (KHTML, like Gecko) Chrome/79.0.3945.130 Safari/537.36"
80.122.221.194 - - [21/Feb/2020:11:58:33 +0100] "GET /reload?ser=1582282713922 HTTP/1.1" 200 1243 "http://renault.activities.at/cart" "Mozilla/5.0 (Windows NT 10.0; Win64; x64) AppleWebKit/537.36 (KHTML, like Gecko) Chrome/70.0.3538.102 Safari/537.36 Edge/18.18363"
80.122.53.230 - - [21/Feb/2020:11:58:38 +0100] "GET /reload?ser=1582282718095 HTTP/1.1" 200 1236 "http://renault.activities.at/result?searchterm=true&search=give+away" "Mozilla/5.0 (Windows NT 10.0; Win64; x64) AppleWebKit/537.36 (KHTML, like Gecko) Chrome/80.0.3987.116 Safari/537.36"
212.152.246.134 - - [21/Feb/2020:11:58:39 +0100] "GET /reload?ser=1582282719286 HTTP/1.1" 200 28 "http://renault.activities.at/result?searchterm=true&search=Betriebsanleitung" "Mozilla/5.0 (Windows NT 10.0; Win64; x64) AppleWebKit/537.36 (KHTML, like Gecko) Chrome/80.0.3987.116 Safari/537.36"
212.186.92.126 - - [21/Feb/2020:11:58:40 +0100] "GET /reload?ser=1582282719881 HTTP/1.1" 200 28 "http://renault.activities.at/success" "Mozilla/5.0 (Windows NT 10.0; WOW64) AppleWebKit/537.36 (KHTML, like Gecko) Chrome/79.0.3945.130 Safari/537.36"
80.122.221.194 - - [21/Feb/2020:11:59:34 +0100] "GET /reload?ser=1582282774930 HTTP/1.1" 200 1245 "http://renault.activities.at/cart" "Mozilla/5.0 (Windows NT 10.0; Win64; x64) AppleWebKit/537.36 (KHTML, like Gecko) Chrome/70.0.3538.102 Safari/537.36 Edge/18.18363"
80.122.53.230 - - [21/Feb/2020:11:59:39 +0100] "GET /reload?ser=1582282779082 HTTP/1.1" 200 1243 "http://renault.activities.at/result?searchterm=true&search=give+away" "Mozilla/5.0 (Windows NT 10.0; Win64; x64) AppleWebKit/537.36 (KHTML, like Gecko) Chrome/80.0.3987.116 Safari/537.36"
212.152.246.134 - - [21/Feb/2020:11:59:40 +0100] "GET /reload?ser=1582282780287 HTTP/1.1" 200 28 "http://renault.activities.at/result?searchterm=true&search=Betriebsanleitung" "Mozilla/5.0 (Windows NT 10.0; Win64; x64) AppleWebKit/537.36 (KHTML, like Gecko) Chrome/80.0.3987.116 Safari/537.36"
212.186.92.126 - - [21/Feb/2020:11:59:42 +0100] "GET /reload?ser=1582282781881 HTTP/1.1" 200 28 "http://renault.activities.at/success" "Mozilla/5.0 (Windows NT 10.0; WOW64) AppleWebKit/537.36 (KHTML, like Gecko) Chrome/79.0.3945.130 Safari/537.36"
80.122.221.194 - - [21/Feb/2020:12:00:35 +0100] "GET /reload?ser=1582282835916 HTTP/1.1" 200 1236 "http://renault.activities.at/cart" "Mozilla/5.0 (Windows NT 10.0; Win64; x64) AppleWebKit/537.36 (KHTML, like Gecko) Chrome/70.0.3538.102 Safari/537.36 Edge/18.18363"
80.122.53.230 - - [21/Feb/2020:12:00:40 +0100] "GET /reload?ser=1582282840083 HTTP/1.1" 200 1249 "http://renault.activities.at/result?searchterm=true&search=give+away" "Mozilla/5.0 (Windows NT 10.0; Win64; x64) AppleWebKit/537.36 (KHTML, like Gecko) Chrome/80.0.3987.116 Safari/537.36"
212.152.246.134 - - [21/Feb/2020:12:00:41 +0100] "GET /reload?ser=1582282841292 HTTP/1.1" 200 28 "http://renault.activities.at/result?searchterm=true&search=Betriebsanleitung" "Mozilla/5.0 (Windows NT 10.0; Win64; x64) AppleWebKit/537.36 (KHTML, like Gecko) Chrome/80.0.3987.116 Safari/537.36"
34.201.241.186 - - [21/Feb/2020:12:00:43 +0100] "GET /reload?ser=1582282719881 HTTP/1.1" 200 10166 "-" "Mozilla/5.0 (Windows NT 6.1; Win64; x64) AppleWebKit/537.36 (KHTML, like Gecko) Chrome/72.0.3626.109 Safari/537.36"
212.186.92.126 - - [21/Feb/2020:12:00:43 +0100] "GET /reload?ser=1582282842881 HTTP/1.1" 200 28 "http://renault.activities.at/success" "Mozilla/5.0 (Windows NT 10.0; WOW64) AppleWebKit/537.36 (KHTML, like Gecko) Chrome/79.0.3945.130 Safari/537.36"
80.122.221.194 - - [21/Feb/2020:12:01:36 +0100] "GET /reload?ser=1582282896920 HTTP/1.1" 200 1240 "http://renault.activities.at/cart" "Mozilla/5.0 (Windows NT 10.0; Win64; x64) AppleWebKit/537.36 (KHTML, like Gecko) Chrome/70.0.3538.102 Safari/537.36 Edge/18.18363"
80.122.53.230 - - [21/Feb/2020:12:01:41 +0100] "GET /reload?ser=1582282901098 HTTP/1.1" 200 1248 "http://renault.activities.at/result?searchterm=true&search=give+away" "Mozilla/5.0 (Windows NT 10.0; Win64; x64) AppleWebKit/537.36 (KHTML, like Gecko) Chrome/80.0.3987.116 Safari/537.36"
212.152.246.134 - - [21/Feb/2020:12:01:43 +0100] "GET /reload?ser=1582282903288 HTTP/1.1" 200 28 "http://renault.activities.at/result?searchterm=true&search=Betriebsanleitung" "Mozilla/5.0 (Windows NT 10.0; Win64; x64) AppleWebKit/537.36 (KHTML, like Gecko) Chrome/80.0.3987.116 Safari/537.36"
212.186.92.126 - - [21/Feb/2020:12:01:44 +0100] "GET /reload?ser=1582282903882 HTTP/1.1" 200 28 "http://renault.activities.at/success" "Mozilla/5.0 (Windows NT 10.0; WOW64) AppleWebKit/537.36 (KHTML, like Gecko) Chrome/79.0.3945.130 Safari/537.36"
80.122.221.194 - - [21/Feb/2020:12:02:37 +0100] "GET /reload?ser=1582282957923 HTTP/1.1" 200 1234 "http://renault.activities.at/cart" "Mozilla/5.0 (Windows NT 10.0; Win64; x64) AppleWebKit/537.36 (KHTML, like Gecko) Chrome/70.0.3538.102 Safari/537.36 Edge/18.18363"
80.122.53.230 - - [21/Feb/2020:12:02:42 +0100] "GET /reload?ser=1582282962082 HTTP/1.1" 200 1243 "http://renault.activities.at/result?searchterm=true&search=give+away" "Mozilla/5.0 (Windows NT 10.0; Win64; x64) AppleWebKit/537.36 (KHTML, like Gecko) Chrome/80.0.3987.116 Safari/537.36"
212.152.246.134 - - [21/Feb/2020:12:02:44 +0100] "GET /reload?ser=1582282964290 HTTP/1.1" 200 28 "http://renault.activities.at/result?searchterm=true&search=Betriebsanleitung" "Mozilla/5.0 (Windows NT 10.0; Win64; x64) AppleWebKit/537.36 (KHTML, like Gecko) Chrome/80.0.3987.116 Safari/537.36"
212.186.92.126 - - [21/Feb/2020:12:02:46 +0100] "GET /reload?ser=1582282965883 HTTP/1.1" 200 28 "http://renault.activities.at/success" "Mozilla/5.0 (Windows NT 10.0; WOW64) AppleWebKit/537.36 (KHTML, like Gecko) Chrome/79.0.3945.130 Safari/537.36"
80.122.221.194 - - [21/Feb/2020:12:03:38 +0100] "GET /reload?ser=1582283018924 HTTP/1.1" 200 1237 "http://renault.activities.at/cart" "Mozilla/5.0 (Windows NT 10.0; Win64; x64) AppleWebKit/537.36 (KHTML, like Gecko) Chrome/70.0.3538.102 Safari/537.36 Edge/18.18363"
80.122.53.230 - - [21/Feb/2020:12:03:43 +0100] "GET /reload?ser=1582283023082 HTTP/1.1" 200 1237 "http://renault.activities.at/result?searchterm=true&search=give+away" "Mozilla/5.0 (Windows NT 10.0; Win64; x64) AppleWebKit/537.36 (KHTML, like Gecko) Chrome/80.0.3987.116 Safari/537.36"
212.152.246.134 - - [21/Feb/2020:12:03:45 +0100] "GET /reload?ser=1582283025291 HTTP/1.1" 200 28 "http://renault.activities.at/result?searchterm=true&search=Betriebsanleitung" "Mozilla/5.0 (Windows NT 10.0; Win64; x64) AppleWebKit/537.36 (KHTML, like Gecko) Chrome/80.0.3987.116 Safari/537.36"
212.186.92.126 - - [21/Feb/2020:12:03:47 +0100] "GET /reload?ser=1582283026883 HTTP/1.1" 200 28 "http://renault.activities.at/success" "Mozilla/5.0 (Windows NT 10.0; WOW64) AppleWebKit/537.36 (KHTML, like Gecko) Chrome/79.0.3945.130 Safari/537.36"
80.122.221.194 - - [21/Feb/2020:12:04:39 +0100] "GET /reload?ser=1582283079920 HTTP/1.1" 200 1249 "http://renault.activities.at/cart" "Mozilla/5.0 (Windows NT 10.0; Win64; x64) AppleWebKit/537.36 (KHTML, like Gecko) Chrome/70.0.3538.102 Safari/537.36 Edge/18.18363"
80.122.53.230 - - [21/Feb/2020:12:04:44 +0100] "GET /reload?ser=1582283084082 HTTP/1.1" 200 1228 "http://renault.activities.at/result?searchterm=true&search=give+away" "Mozilla/5.0 (Windows NT 10.0; Win64; x64) AppleWebKit/537.36 (KHTML, like Gecko) Chrome/80.0.3987.116 Safari/537.36"
212.152.246.134 - - [21/Feb/2020:12:04:46 +0100] "GET /reload?ser=1582283086294 HTTP/1.1" 200 28 "http://renault.activities.at/result?searchterm=true&search=Betriebsanleitung" "Mozilla/5.0 (Windows NT 10.0; Win64; x64) AppleWebKit/537.36 (KHTML, like Gecko) Chrome/80.0.3987.116 Safari/537.36"
212.186.92.126 - - [21/Feb/2020:12:04:49 +0100] "GET /reload?ser=1582283088884 HTTP/1.1" 200 28 "http://renault.activities.at/success" "Mozilla/5.0 (Windows NT 10.0; WOW64) AppleWebKit/537.36 (KHTML, like Gecko) Chrome/79.0.3945.130 Safari/537.36"
80.122.221.194 - - [21/Feb/2020:12:05:40 +0100] "GET /reload?ser=1582283140924 HTTP/1.1" 200 1241 "http://renault.activities.at/cart" "Mozilla/5.0 (Windows NT 10.0; Win64; x64) AppleWebKit/537.36 (KHTML, like Gecko) Chrome/70.0.3538.102 Safari/537.36 Edge/18.18363"
80.122.53.230 - - [21/Feb/2020:12:05:45 +0100] "GET /reload?ser=1582283145093 HTTP/1.1" 200 1251 "http://renault.activities.at/result?searchterm=true&search=give+away" "Mozilla/5.0 (Windows NT 10.0; Win64; x64) AppleWebKit/537.36 (KHTML, like Gecko) Chrome/80.0.3987.116 Safari/537.36"
212.152.246.134 - - [21/Feb/2020:12:05:47 +0100] "GET /reload?ser=1582283147297 HTTP/1.1" 200 28 "http://renault.activities.at/result?searchterm=true&search=Betriebsanleitung" "Mozilla/5.0 (Windows NT 10.0; Win64; x64) AppleWebKit/537.36 (KHTML, like Gecko) Chrome/80.0.3987.116 Safari/537.36"
212.186.92.126 - - [21/Feb/2020:12:05:51 +0100] "GET /reload?ser=1582283150884 HTTP/1.1" 200 28 "http://renault.activities.at/success" "Mozilla/5.0 (Windows NT 10.0; WOW64) AppleWebKit/537.36 (KHTML, like Gecko) Chrome/79.0.3945.130 Safari/537.36"
80.122.221.194 - - [21/Feb/2020:12:06:41 +0100] "GET /reload?ser=1582283201919 HTTP/1.1" 200 1236 "http://renault.activities.at/cart" "Mozilla/5.0 (Windows NT 10.0; Win64; x64) AppleWebKit/537.36 (KHTML, like Gecko) Chrome/70.0.3538.102 Safari/537.36 Edge/18.18363"
80.122.53.230 - - [21/Feb/2020:12:06:46 +0100] "GET /reload?ser=1582283206082 HTTP/1.1" 200 1240 "http://renault.activities.at/result?searchterm=true&search=give+away" "Mozilla/5.0 (Windows NT 10.0; Win64; x64) AppleWebKit/537.36 (KHTML, like Gecko) Chrome/80.0.3987.116 Safari/537.36"
212.152.246.134 - - [21/Feb/2020:12:06:48 +0100] "GET /reload?ser=1582283208294 HTTP/1.1" 200 28 "http://renault.activities.at/result?searchterm=true&search=Betriebsanleitung" "Mozilla/5.0 (Windows NT 10.0; Win64; x64) AppleWebKit/537.36 (KHTML, like Gecko) Chrome/80.0.3987.116 Safari/537.36"
212.186.92.126 - - [21/Feb/2020:12:06:53 +0100] "GET /reload?ser=1582283212884 HTTP/1.1" 200 28 "http://renault.activities.at/success" "Mozilla/5.0 (Windows NT 10.0; WOW64) AppleWebKit/537.36 (KHTML, like Gecko) Chrome/79.0.3945.130 Safari/537.36"
80.122.221.194 - - [21/Feb/2020:12:07:42 +0100] "GET /reload?ser=1582283262923 HTTP/1.1" 200 1246 "http://renault.activities.at/cart" "Mozilla/5.0 (Windows NT 10.0; Win64; x64) AppleWebKit/537.36 (KHTML, like Gecko) Chrome/70.0.3538.102 Safari/537.36 Edge/18.18363"
80.122.53.230 - - [21/Feb/2020:12:07:47 +0100] "GET /reload?ser=1582283267084 HTTP/1.1" 200 1239 "http://renault.activities.at/result?searchterm=true&search=give+away" "Mozilla/5.0 (Windows NT 10.0; Win64; x64) AppleWebKit/537.36 (KHTML, like Gecko) Chrome/80.0.3987.116 Safari/537.36"
212.152.246.134 - - [21/Feb/2020:12:07:49 +0100] "GET /reload?ser=1582283269294 HTTP/1.1" 200 28 "http://renault.activities.at/result?searchterm=true&search=Betriebsanleitung" "Mozilla/5.0 (Windows NT 10.0; Win64; x64) AppleWebKit/537.36 (KHTML, like Gecko) Chrome/80.0.3987.116 Safari/537.36"
212.186.92.126 - - [21/Feb/2020:12:07:54 +0100] "GET /reload?ser=1582283273884 HTTP/1.1" 200 28 "http://renault.activities.at/success" "Mozilla/5.0 (Windows NT 10.0; WOW64) AppleWebKit/537.36 (KHTML, like Gecko) Chrome/79.0.3945.130 Safari/537.36"
80.122.221.194 - - [21/Feb/2020:12:08:43 +0100] "GET /reload?ser=1582283323919 HTTP/1.1" 200 1235 "http://renault.activities.at/cart" "Mozilla/5.0 (Windows NT 10.0; Win64; x64) AppleWebKit/537.36 (KHTML, like Gecko) Chrome/70.0.3538.102 Safari/537.36 Edge/18.18363"
80.122.53.230 - - [21/Feb/2020:12:08:48 +0100] "GET /reload?ser=1582283328083 HTTP/1.1" 200 1234 "http://renault.activities.at/result?searchterm=true&search=give+away" "Mozilla/5.0 (Windows NT 10.0; Win64; x64) AppleWebKit/537.36 (KHTML, like Gecko) Chrome/80.0.3987.116 Safari/537.36"
212.152.246.134 - - [21/Feb/2020:12:08:50 +0100] "GET /reload?ser=1582283330303 HTTP/1.1" 200 28 "http://renault.activities.at/result?searchterm=true&search=Betriebsanleitung" "Mozilla/5.0 (Windows NT 10.0; Win64; x64) AppleWebKit/537.36 (KHTML, like Gecko) Chrome/80.0.3987.116 Safari/537.36"
212.186.92.126 - - [21/Feb/2020:12:08:55 +0100] "GET /reload?ser=1582283334884 HTTP/1.1" 200 28 "http://renault.activities.at/success" "Mozilla/5.0 (Windows NT 10.0; WOW64) AppleWebKit/537.36 (KHTML, like Gecko) Chrome/79.0.3945.130 Safari/537.36"
80.122.221.194 - - [21/Feb/2020:12:09:44 +0100] "GET /reload?ser=1582283384921 HTTP/1.1" 200 1243 "http://renault.activities.at/cart" "Mozilla/5.0 (Windows NT 10.0; Win64; x64) AppleWebKit/537.36 (KHTML, like Gecko) Chrome/70.0.3538.102 Safari/537.36 Edge/18.18363"
80.122.53.230 - - [21/Feb/2020:12:09:49 +0100] "GET /reload?ser=1582283389097 HTTP/1.1" 200 1235 "http://renault.activities.at/result?searchterm=true&search=give+away" "Mozilla/5.0 (Windows NT 10.0; Win64; x64) AppleWebKit/537.36 (KHTML, like Gecko) Chrome/80.0.3987.116 Safari/537.36"
212.152.246.134 - - [21/Feb/2020:12:09:52 +0100] "GET /reload?ser=1582283392300 HTTP/1.1" 200 28 "http://renault.activities.at/result?searchterm=true&search=Betriebsanleitung" "Mozilla/5.0 (Windows NT 10.0; Win64; x64) AppleWebKit/537.36 (KHTML, like Gecko) Chrome/80.0.3987.116 Safari/537.36"
212.186.92.126 - - [21/Feb/2020:12:09:56 +0100] "GET /reload?ser=1582283395885 HTTP/1.1" 200 28 "http://renault.activities.at/success" "Mozilla/5.0 (Windows NT 10.0; WOW64) AppleWebKit/537.36 (KHTML, like Gecko) Chrome/79.0.3945.130 Safari/537.36"
80.122.221.194 - - [21/Feb/2020:12:10:45 +0100] "GET /reload?ser=1582283445923 HTTP/1.1" 200 1235 "http://renault.activities.at/cart" "Mozilla/5.0 (Windows NT 10.0; Win64; x64) AppleWebKit/537.36 (KHTML, like Gecko) Chrome/70.0.3538.102 Safari/537.36 Edge/18.18363"
80.122.53.230 - - [21/Feb/2020:12:10:50 +0100] "GET /reload?ser=1582283450090 HTTP/1.1" 200 1237 "http://renault.activities.at/result?searchterm=true&search=give+away" "Mozilla/5.0 (Windows NT 10.0; Win64; x64) AppleWebKit/537.36 (KHTML, like Gecko) Chrome/80.0.3987.116 Safari/537.36"
212.152.246.134 - - [21/Feb/2020:12:10:54 +0100] "GET /reload?ser=1582283454301 HTTP/1.1" 200 28 "http://renault.activities.at/result?searchterm=true&search=Betriebsanleitung" "Mozilla/5.0 (Windows NT 10.0; Win64; x64) AppleWebKit/537.36 (KHTML, like Gecko) Chrome/80.0.3987.116 Safari/537.36"
212.186.92.126 - - [21/Feb/2020:12:10:57 +0100] "GET /reload?ser=1582283456885 HTTP/1.1" 200 28 "http://renault.activities.at/success" "Mozilla/5.0 (Windows NT 10.0; WOW64) AppleWebKit/537.36 (KHTML, like Gecko) Chrome/79.0.3945.130 Safari/537.36"
80.122.221.194 - - [21/Feb/2020:12:11:46 +0100] "GET /reload?ser=1582283506925 HTTP/1.1" 200 1241 "http://renault.activities.at/cart" "Mozilla/5.0 (Windows NT 10.0; Win64; x64) AppleWebKit/537.36 (KHTML, like Gecko) Chrome/70.0.3538.102 Safari/537.36 Edge/18.18363"
80.122.53.230 - - [21/Feb/2020:12:11:51 +0100] "GET /reload?ser=1582283511083 HTTP/1.1" 200 1244 "http://renault.activities.at/result?searchterm=true&search=give+away" "Mozilla/5.0 (Windows NT 10.0; Win64; x64) AppleWebKit/537.36 (KHTML, like Gecko) Chrome/80.0.3987.116 Safari/537.36"
212.152.246.134 - - [21/Feb/2020:12:11:55 +0100] "GET /reload?ser=1582283515302 HTTP/1.1" 200 28 "http://renault.activities.at/result?searchterm=true&search=Betriebsanleitung" "Mozilla/5.0 (Windows NT 10.0; Win64; x64) AppleWebKit/537.36 (KHTML, like Gecko) Chrome/80.0.3987.116 Safari/537.36"
212.186.92.126 - - [21/Feb/2020:12:11:58 +0100] "GET /reload?ser=1582283517885 HTTP/1.1" 200 28 "http://renault.activities.at/success" "Mozilla/5.0 (Windows NT 10.0; WOW64) AppleWebKit/537.36 (KHTML, like Gecko) Chrome/79.0.3945.130 Safari/537.36"
80.122.221.194 - - [21/Feb/2020:12:12:47 +0100] "GET /reload?ser=1582283567924 HTTP/1.1" 200 1237 "http://renault.activities.at/cart" "Mozilla/5.0 (Windows NT 10.0; Win64; x64) AppleWebKit/537.36 (KHTML, like Gecko) Chrome/70.0.3538.102 Safari/537.36 Edge/18.18363"
80.122.53.230 - - [21/Feb/2020:12:12:52 +0100] "GET /reload?ser=1582283572083 HTTP/1.1" 200 1241 "http://renault.activities.at/result?searchterm=true&search=give+away" "Mozilla/5.0 (Windows NT 10.0; Win64; x64) AppleWebKit/537.36 (KHTML, like Gecko) Chrome/80.0.3987.116 Safari/537.36"
212.152.246.134 - - [21/Feb/2020:12:12:56 +0100] "GET /reload?ser=1582283576307 HTTP/1.1" 200 28 "http://renault.activities.at/result?searchterm=true&search=Betriebsanleitung" "Mozilla/5.0 (Windows NT 10.0; Win64; x64) AppleWebKit/537.36 (KHTML, like Gecko) Chrome/80.0.3987.116 Safari/537.36"
212.186.92.126 - - [21/Feb/2020:12:12:59 +0100] "GET /reload?ser=1582283578886 HTTP/1.1" 200 28 "http://renault.activities.at/success" "Mozilla/5.0 (Windows NT 10.0; WOW64) AppleWebKit/537.36 (KHTML, like Gecko) Chrome/79.0.3945.130 Safari/537.36"
80.122.221.194 - - [21/Feb/2020:12:13:48 +0100] "GET /reload?ser=1582283628911 HTTP/1.1" 200 1240 "http://renault.activities.at/cart" "Mozilla/5.0 (Windows NT 10.0; Win64; x64) AppleWebKit/537.36 (KHTML, like Gecko) Chrome/70.0.3538.102 Safari/537.36 Edge/18.18363"
80.122.53.230 - - [21/Feb/2020:12:13:53 +0100] "GET /reload?ser=1582283633083 HTTP/1.1" 200 1232 "http://renault.activities.at/result?searchterm=true&search=give+away" "Mozilla/5.0 (Windows NT 10.0; Win64; x64) AppleWebKit/537.36 (KHTML, like Gecko) Chrome/80.0.3987.116 Safari/537.36"
212.152.246.134 - - [21/Feb/2020:12:13:58 +0100] "GET /reload?ser=1582283638306 HTTP/1.1" 200 28 "http://renault.activities.at/result?searchterm=true&search=Betriebsanleitung" "Mozilla/5.0 (Windows NT 10.0; Win64; x64) AppleWebKit/537.36 (KHTML, like Gecko) Chrome/80.0.3987.116 Safari/537.36"
212.186.92.126 - - [21/Feb/2020:12:14:00 +0100] "GET /reload?ser=1582283639886 HTTP/1.1" 200 28 "http://renault.activities.at/success" "Mozilla/5.0 (Windows NT 10.0; WOW64) AppleWebKit/537.36 (KHTML, like Gecko) Chrome/79.0.3945.130 Safari/537.36"
80.122.221.194 - - [21/Feb/2020:12:14:49 +0100] "GET /reload?ser=1582283689913 HTTP/1.1" 200 1246 "http://renault.activities.at/cart" "Mozilla/5.0 (Windows NT 10.0; Win64; x64) AppleWebKit/537.36 (KHTML, like Gecko) Chrome/70.0.3538.102 Safari/537.36 Edge/18.18363"
80.122.53.230 - - [21/Feb/2020:12:14:54 +0100] "GET /reload?ser=1582283694083 HTTP/1.1" 200 1236 "http://renault.activities.at/result?searchterm=true&search=give+away" "Mozilla/5.0 (Windows NT 10.0; Win64; x64) AppleWebKit/537.36 (KHTML, like Gecko) Chrome/80.0.3987.116 Safari/537.36"
212.152.246.134 - - [21/Feb/2020:12:15:00 +0100] "GET /reload?ser=1582283700303 HTTP/1.1" 200 28 "http://renault.activities.at/result?searchterm=true&search=Betriebsanleitung" "Mozilla/5.0 (Windows NT 10.0; Win64; x64) AppleWebKit/537.36 (KHTML, like Gecko) Chrome/80.0.3987.116 Safari/537.36"
212.186.92.126 - - [21/Feb/2020:12:15:02 +0100] "GET /reload?ser=1582283701887 HTTP/1.1" 200 28 "http://renault.activities.at/success" "Mozilla/5.0 (Windows NT 10.0; WOW64) AppleWebKit/537.36 (KHTML, like Gecko) Chrome/79.0.3945.130 Safari/537.36"
34.219.36.191 - - [21/Feb/2020:12:15:24 +0100] "GET /reload?ser=1582283639886 HTTP/1.1" 200 10166 "-" "Mozilla/5.0 (Windows NT 6.1; Win64; x64) AppleWebKit/537.36 (KHTML, like Gecko) Chrome/72.0.3626.109 Safari/537.36"
80.122.221.194 - - [21/Feb/2020:12:15:50 +0100] "GET /reload?ser=1582283750918 HTTP/1.1" 200 1243 "http://renault.activities.at/cart" "Mozilla/5.0 (Windows NT 10.0; Win64; x64) AppleWebKit/537.36 (KHTML, like Gecko) Chrome/70.0.3538.102 Safari/537.36 Edge/18.18363"
80.122.53.230 - - [21/Feb/2020:12:15:55 +0100] "GET /reload?ser=1582283755085 HTTP/1.1" 200 1238 "http://renault.activities.at/result?searchterm=true&search=give+away" "Mozilla/5.0 (Windows NT 10.0; Win64; x64) AppleWebKit/537.36 (KHTML, like Gecko) Chrome/80.0.3987.116 Safari/537.36"
212.152.246.134 - - [21/Feb/2020:12:16:01 +0100] "GET /reload?ser=1582283761304 HTTP/1.1" 200 28 "http://renault.activities.at/result?searchterm=true&search=Betriebsanleitung" "Mozilla/5.0 (Windows NT 10.0; Win64; x64) AppleWebKit/537.36 (KHTML, like Gecko) Chrome/80.0.3987.116 Safari/537.36"
212.186.92.126 - - [21/Feb/2020:12:16:04 +0100] "GET /reload?ser=1582283763887 HTTP/1.1" 200 28 "http://renault.activities.at/success" "Mozilla/5.0 (Windows NT 10.0; WOW64) AppleWebKit/537.36 (KHTML, like Gecko) Chrome/79.0.3945.130 Safari/537.36"
80.122.221.194 - - [21/Feb/2020:12:16:51 +0100] "GET /reload?ser=1582283811916 HTTP/1.1" 200 1241 "http://renault.activities.at/cart" "Mozilla/5.0 (Windows NT 10.0; Win64; x64) AppleWebKit/537.36 (KHTML, like Gecko) Chrome/70.0.3538.102 Safari/537.36 Edge/18.18363"
80.122.53.230 - - [21/Feb/2020:12:16:56 +0100] "GET /reload?ser=1582283816099 HTTP/1.1" 200 1249 "http://renault.activities.at/result?searchterm=true&search=give+away" "Mozilla/5.0 (Windows NT 10.0; Win64; x64) AppleWebKit/537.36 (KHTML, like Gecko) Chrome/80.0.3987.116 Safari/537.36"
212.152.246.134 - - [21/Feb/2020:12:17:02 +0100] "GET /reload?ser=1582283822308 HTTP/1.1" 200 28 "http://renault.activities.at/result?searchterm=true&search=Betriebsanleitung" "Mozilla/5.0 (Windows NT 10.0; Win64; x64) AppleWebKit/537.36 (KHTML, like Gecko) Chrome/80.0.3987.116 Safari/537.36"
212.186.92.126 - - [21/Feb/2020:12:17:05 +0100] "GET /reload?ser=1582283824887 HTTP/1.1" 200 28 "http://renault.activities.at/success" "Mozilla/5.0 (Windows NT 10.0; WOW64) AppleWebKit/537.36 (KHTML, like Gecko) Chrome/79.0.3945.130 Safari/537.36"
80.122.221.194 - - [21/Feb/2020:12:17:52 +0100] "GET /reload?ser=1582283872921 HTTP/1.1" 200 1242 "http://renault.activities.at/cart" "Mozilla/5.0 (Windows NT 10.0; Win64; x64) AppleWebKit/537.36 (KHTML, like Gecko) Chrome/70.0.3538.102 Safari/537.36 Edge/18.18363"
80.122.53.230 - - [21/Feb/2020:12:17:57 +0100] "GET /reload?ser=1582283877083 HTTP/1.1" 200 1241 "http://renault.activities.at/result?searchterm=true&search=give+away" "Mozilla/5.0 (Windows NT 10.0; Win64; x64) AppleWebKit/537.36 (KHTML, like Gecko) Chrome/80.0.3987.116 Safari/537.36"
212.152.246.134 - - [21/Feb/2020:12:18:03 +0100] "GET /reload?ser=1582283883312 HTTP/1.1" 200 28 "http://renault.activities.at/result?searchterm=true&search=Betriebsanleitung" "Mozilla/5.0 (Windows NT 10.0; Win64; x64) AppleWebKit/537.36 (KHTML, like Gecko) Chrome/80.0.3987.116 Safari/537.36"
212.186.92.126 - - [21/Feb/2020:12:18:06 +0100] "GET /reload?ser=1582283885889 HTTP/1.1" 200 28 "http://renault.activities.at/success" "Mozilla/5.0 (Windows NT 10.0; WOW64) AppleWebKit/537.36 (KHTML, like Gecko) Chrome/79.0.3945.130 Safari/537.36"
80.122.221.194 - - [21/Feb/2020:12:18:53 +0100] "GET /reload?ser=1582283933920 HTTP/1.1" 200 1241 "http://renault.activities.at/cart" "Mozilla/5.0 (Windows NT 10.0; Win64; x64) AppleWebKit/537.36 (KHTML, like Gecko) Chrome/70.0.3538.102 Safari/537.36 Edge/18.18363"
80.122.53.230 - - [21/Feb/2020:12:18:58 +0100] "GET /reload?ser=1582283938089 HTTP/1.1" 200 1246 "http://renault.activities.at/result?searchterm=true&search=give+away" "Mozilla/5.0 (Windows NT 10.0; Win64; x64) AppleWebKit/537.36 (KHTML, like Gecko) Chrome/80.0.3987.116 Safari/537.36"
212.152.246.134 - - [21/Feb/2020:12:19:05 +0100] "GET /reload?ser=1582283945310 HTTP/1.1" 200 28 "http://renault.activities.at/result?searchterm=true&search=Betriebsanleitung" "Mozilla/5.0 (Windows NT 10.0; Win64; x64) AppleWebKit/537.36 (KHTML, like Gecko) Chrome/80.0.3987.116 Safari/537.36"
212.186.92.126 - - [21/Feb/2020:12:19:07 +0100] "GET /reload?ser=1582283946888 HTTP/1.1" 200 28 "http://renault.activities.at/success" "Mozilla/5.0 (Windows NT 10.0; WOW64) AppleWebKit/537.36 (KHTML, like Gecko) Chrome/79.0.3945.130 Safari/537.36"
80.122.221.194 - - [21/Feb/2020:12:19:54 +0100] "GET /reload?ser=1582283994911 HTTP/1.1" 200 1236 "http://renault.activities.at/cart" "Mozilla/5.0 (Windows NT 10.0; Win64; x64) AppleWebKit/537.36 (KHTML, like Gecko) Chrome/70.0.3538.102 Safari/537.36 Edge/18.18363"
80.122.53.230 - - [21/Feb/2020:12:19:59 +0100] "GET /reload?ser=1582283999082 HTTP/1.1" 200 1236 "http://renault.activities.at/result?searchterm=true&search=give+away" "Mozilla/5.0 (Windows NT 10.0; Win64; x64) AppleWebKit/537.36 (KHTML, like Gecko) Chrome/80.0.3987.116 Safari/537.36"
212.152.246.134 - - [21/Feb/2020:12:20:06 +0100] "GET /reload?ser=1582284006309 HTTP/1.1" 200 28 "http://renault.activities.at/result?searchterm=true&search=Betriebsanleitung" "Mozilla/5.0 (Windows NT 10.0; Win64; x64) AppleWebKit/537.36 (KHTML, like Gecko) Chrome/80.0.3987.116 Safari/537.36"
212.186.92.126 - - [21/Feb/2020:12:20:09 +0100] "GET /reload?ser=1582284008888 HTTP/1.1" 200 28 "http://renault.activities.at/success" "Mozilla/5.0 (Windows NT 10.0; WOW64) AppleWebKit/537.36 (KHTML, like Gecko) Chrome/79.0.3945.130 Safari/537.36"
80.122.221.194 - - [21/Feb/2020:12:20:55 +0100] "GET /reload?ser=1582284055913 HTTP/1.1" 200 1240 "http://renault.activities.at/cart" "Mozilla/5.0 (Windows NT 10.0; Win64; x64) AppleWebKit/537.36 (KHTML, like Gecko) Chrome/70.0.3538.102 Safari/537.36 Edge/18.18363"
80.122.53.230 - - [21/Feb/2020:12:21:00 +0100] "GET /reload?ser=1582284060097 HTTP/1.1" 200 1231 "http://renault.activities.at/result?searchterm=true&search=give+away" "Mozilla/5.0 (Windows NT 10.0; Win64; x64) AppleWebKit/537.36 (KHTML, like Gecko) Chrome/80.0.3987.116 Safari/537.36"
212.152.246.134 - - [21/Feb/2020:12:21:08 +0100] "GET /reload?ser=1582284068311 HTTP/1.1" 200 28 "http://renault.activities.at/result?searchterm=true&search=Betriebsanleitung" "Mozilla/5.0 (Windows NT 10.0; Win64; x64) AppleWebKit/537.36 (KHTML, like Gecko) Chrome/80.0.3987.116 Safari/537.36"
212.186.92.126 - - [21/Feb/2020:12:21:10 +0100] "GET /reload?ser=1582284069889 HTTP/1.1" 200 28 "http://renault.activities.at/success" "Mozilla/5.0 (Windows NT 10.0; WOW64) AppleWebKit/537.36 (KHTML, like Gecko) Chrome/79.0.3945.130 Safari/537.36"
80.122.221.194 - - [21/Feb/2020:12:21:56 +0100] "GET /reload?ser=1582284116920 HTTP/1.1" 200 1244 "http://renault.activities.at/cart" "Mozilla/5.0 (Windows NT 10.0; Win64; x64) AppleWebKit/537.36 (KHTML, like Gecko) Chrome/70.0.3538.102 Safari/537.36 Edge/18.18363"
80.122.53.230 - - [21/Feb/2020:12:22:01 +0100] "GET /reload?ser=1582284121082 HTTP/1.1" 200 1243 "http://renault.activities.at/result?searchterm=true&search=give+away" "Mozilla/5.0 (Windows NT 10.0; Win64; x64) AppleWebKit/537.36 (KHTML, like Gecko) Chrome/80.0.3987.116 Safari/537.36"
212.152.246.134 - - [21/Feb/2020:12:22:09 +0100] "GET /reload?ser=1582284129312 HTTP/1.1" 200 28 "http://renault.activities.at/result?searchterm=true&search=Betriebsanleitung" "Mozilla/5.0 (Windows NT 10.0; Win64; x64) AppleWebKit/537.36 (KHTML, like Gecko) Chrome/80.0.3987.116 Safari/537.36"
212.186.92.126 - - [21/Feb/2020:12:22:11 +0100] "GET /reload?ser=1582284130889 HTTP/1.1" 200 28 "http://renault.activities.at/success" "Mozilla/5.0 (Windows NT 10.0; WOW64) AppleWebKit/537.36 (KHTML, like Gecko) Chrome/79.0.3945.130 Safari/537.36"
80.122.221.194 - - [21/Feb/2020:12:22:57 +0100] "GET /reload?ser=1582284177921 HTTP/1.1" 200 1236 "http://renault.activities.at/cart" "Mozilla/5.0 (Windows NT 10.0; Win64; x64) AppleWebKit/537.36 (KHTML, like Gecko) Chrome/70.0.3538.102 Safari/537.36 Edge/18.18363"
80.122.53.230 - - [21/Feb/2020:12:23:02 +0100] "GET /reload?ser=1582284182083 HTTP/1.1" 200 1233 "http://renault.activities.at/result?searchterm=true&search=give+away" "Mozilla/5.0 (Windows NT 10.0; Win64; x64) AppleWebKit/537.36 (KHTML, like Gecko) Chrome/80.0.3987.116 Safari/537.36"
212.152.246.134 - - [21/Feb/2020:12:23:11 +0100] "GET /reload?ser=1582284191308 HTTP/1.1" 200 28 "http://renault.activities.at/result?searchterm=true&search=Betriebsanleitung" "Mozilla/5.0 (Windows NT 10.0; Win64; x64) AppleWebKit/537.36 (KHTML, like Gecko) Chrome/80.0.3987.116 Safari/537.36"
212.186.92.126 - - [21/Feb/2020:12:23:12 +0100] "GET /reload?ser=1582284191890 HTTP/1.1" 200 28 "http://renault.activities.at/success" "Mozilla/5.0 (Windows NT 10.0; WOW64) AppleWebKit/537.36 (KHTML, like Gecko) Chrome/79.0.3945.130 Safari/537.36"
80.122.221.194 - - [21/Feb/2020:12:23:58 +0100] "GET /reload?ser=1582284238916 HTTP/1.1" 200 1237 "http://renault.activities.at/cart" "Mozilla/5.0 (Windows NT 10.0; Win64; x64) AppleWebKit/537.36 (KHTML, like Gecko) Chrome/70.0.3538.102 Safari/537.36 Edge/18.18363"
80.122.53.230 - - [21/Feb/2020:12:24:03 +0100] "GET /reload?ser=1582284243083 HTTP/1.1" 200 1239 "http://renault.activities.at/result?searchterm=true&search=give+away" "Mozilla/5.0 (Windows NT 10.0; Win64; x64) AppleWebKit/537.36 (KHTML, like Gecko) Chrome/80.0.3987.116 Safari/537.36"
212.152.246.134 - - [21/Feb/2020:12:24:12 +0100] "GET /reload?ser=1582284252307 HTTP/1.1" 200 28 "http://renault.activities.at/result?searchterm=true&search=Betriebsanleitung" "Mozilla/5.0 (Windows NT 10.0; Win64; x64) AppleWebKit/537.36 (KHTML, like Gecko) Chrome/80.0.3987.116 Safari/537.36"
212.186.92.126 - - [21/Feb/2020:12:24:13 +0100] "GET /reload?ser=1582284252889 HTTP/1.1" 200 28 "http://renault.activities.at/success" "Mozilla/5.0 (Windows NT 10.0; WOW64) AppleWebKit/537.36 (KHTML, like Gecko) Chrome/79.0.3945.130 Safari/537.36"
80.122.221.194 - - [21/Feb/2020:12:24:59 +0100] "GET /reload?ser=1582284299911 HTTP/1.1" 200 1238 "http://renault.activities.at/cart" "Mozilla/5.0 (Windows NT 10.0; Win64; x64) AppleWebKit/537.36 (KHTML, like Gecko) Chrome/70.0.3538.102 Safari/537.36 Edge/18.18363"
80.122.53.230 - - [21/Feb/2020:12:25:04 +0100] "GET /reload?ser=1582284304083 HTTP/1.1" 200 1246 "http://renault.activities.at/result?searchterm=true&search=give+away" "Mozilla/5.0 (Windows NT 10.0; Win64; x64) AppleWebKit/537.36 (KHTML, like Gecko) Chrome/80.0.3987.116 Safari/537.36"
212.152.246.134 - - [21/Feb/2020:12:25:13 +0100] "GET /reload?ser=1582284313307 HTTP/1.1" 200 28 "http://renault.activities.at/result?searchterm=true&search=Betriebsanleitung" "Mozilla/5.0 (Windows NT 10.0; Win64; x64) AppleWebKit/537.36 (KHTML, like Gecko) Chrome/80.0.3987.116 Safari/537.36"
212.186.92.126 - - [21/Feb/2020:12:25:14 +0100] "GET /reload?ser=1582284313890 HTTP/1.1" 200 28 "http://renault.activities.at/success" "Mozilla/5.0 (Windows NT 10.0; WOW64) AppleWebKit/537.36 (KHTML, like Gecko) Chrome/79.0.3945.130 Safari/537.36"
80.122.221.194 - - [21/Feb/2020:12:26:00 +0100] "GET /reload?ser=1582284360906 HTTP/1.1" 200 1242 "http://renault.activities.at/cart" "Mozilla/5.0 (Windows NT 10.0; Win64; x64) AppleWebKit/537.36 (KHTML, like Gecko) Chrome/70.0.3538.102 Safari/537.36 Edge/18.18363"
80.122.53.230 - - [21/Feb/2020:12:26:05 +0100] "GET /reload?ser=1582284365082 HTTP/1.1" 200 1247 "http://renault.activities.at/result?searchterm=true&search=give+away" "Mozilla/5.0 (Windows NT 10.0; Win64; x64) AppleWebKit/537.36 (KHTML, like Gecko) Chrome/80.0.3987.116 Safari/537.36"
212.152.246.134 - - [21/Feb/2020:12:26:14 +0100] "GET /reload?ser=1582284374310 HTTP/1.1" 200 28 "http://renault.activities.at/result?searchterm=true&search=Betriebsanleitung" "Mozilla/5.0 (Windows NT 10.0; Win64; x64) AppleWebKit/537.36 (KHTML, like Gecko) Chrome/80.0.3987.116 Safari/537.36"
212.186.92.126 - - [21/Feb/2020:12:26:15 +0100] "GET /reload?ser=1582284374891 HTTP/1.1" 200 28 "http://renault.activities.at/success" "Mozilla/5.0 (Windows NT 10.0; WOW64) AppleWebKit/537.36 (KHTML, like Gecko) Chrome/79.0.3945.130 Safari/537.36"
80.122.221.194 - - [21/Feb/2020:12:27:01 +0100] "GET /reload?ser=1582284421913 HTTP/1.1" 200 1242 "http://renault.activities.at/cart" "Mozilla/5.0 (Windows NT 10.0; Win64; x64) AppleWebKit/537.36 (KHTML, like Gecko) Chrome/70.0.3538.102 Safari/537.36 Edge/18.18363"
80.122.53.230 - - [21/Feb/2020:12:27:06 +0100] "GET /reload?ser=1582284426083 HTTP/1.1" 200 1245 "http://renault.activities.at/result?searchterm=true&search=give+away" "Mozilla/5.0 (Windows NT 10.0; Win64; x64) AppleWebKit/537.36 (KHTML, like Gecko) Chrome/80.0.3987.116 Safari/537.36"
212.152.246.134 - - [21/Feb/2020:12:27:15 +0100] "GET /reload?ser=1582284435308 HTTP/1.1" 200 28 "http://renault.activities.at/result?searchterm=true&search=Betriebsanleitung" "Mozilla/5.0 (Windows NT 10.0; Win64; x64) AppleWebKit/537.36 (KHTML, like Gecko) Chrome/80.0.3987.116 Safari/537.36"
212.186.92.126 - - [21/Feb/2020:12:27:16 +0100] "GET /reload?ser=1582284435891 HTTP/1.1" 200 28 "http://renault.activities.at/success" "Mozilla/5.0 (Windows NT 10.0; WOW64) AppleWebKit/537.36 (KHTML, like Gecko) Chrome/79.0.3945.130 Safari/537.36"
80.122.221.194 - - [21/Feb/2020:12:28:02 +0100] "GET /reload?ser=1582284482912 HTTP/1.1" 200 1241 "http://renault.activities.at/cart" "Mozilla/5.0 (Windows NT 10.0; Win64; x64) AppleWebKit/537.36 (KHTML, like Gecko) Chrome/70.0.3538.102 Safari/537.36 Edge/18.18363"
80.122.53.230 - - [21/Feb/2020:12:28:07 +0100] "GET /reload?ser=1582284487092 HTTP/1.1" 200 1233 "http://renault.activities.at/result?searchterm=true&search=give+away" "Mozilla/5.0 (Windows NT 10.0; Win64; x64) AppleWebKit/537.36 (KHTML, like Gecko) Chrome/80.0.3987.116 Safari/537.36"
212.152.246.134 - - [21/Feb/2020:12:28:16 +0100] "GET /reload?ser=1582284496308 HTTP/1.1" 200 28 "http://renault.activities.at/result?searchterm=true&search=Betriebsanleitung" "Mozilla/5.0 (Windows NT 10.0; Win64; x64) AppleWebKit/537.36 (KHTML, like Gecko) Chrome/80.0.3987.116 Safari/537.36"
212.186.92.126 - - [21/Feb/2020:12:28:18 +0100] "GET /reload?ser=1582284497892 HTTP/1.1" 200 28 "http://renault.activities.at/success" "Mozilla/5.0 (Windows NT 10.0; WOW64) AppleWebKit/537.36 (KHTML, like Gecko) Chrome/79.0.3945.130 Safari/537.36"
80.122.221.194 - - [21/Feb/2020:12:29:03 +0100] "GET /reload?ser=1582284543911 HTTP/1.1" 200 1240 "http://renault.activities.at/cart" "Mozilla/5.0 (Windows NT 10.0; Win64; x64) AppleWebKit/537.36 (KHTML, like Gecko) Chrome/70.0.3538.102 Safari/537.36 Edge/18.18363"
80.122.53.230 - - [21/Feb/2020:12:29:08 +0100] "GET /reload?ser=1582284548096 HTTP/1.1" 200 1233 "http://renault.activities.at/result?searchterm=true&search=give+away" "Mozilla/5.0 (Windows NT 10.0; Win64; x64) AppleWebKit/537.36 (KHTML, like Gecko) Chrome/80.0.3987.116 Safari/537.36"
212.152.246.134 - - [21/Feb/2020:12:29:17 +0100] "GET /reload?ser=1582284557309 HTTP/1.1" 200 28 "http://renault.activities.at/result?searchterm=true&search=Betriebsanleitung" "Mozilla/5.0 (Windows NT 10.0; Win64; x64) AppleWebKit/537.36 (KHTML, like Gecko) Chrome/80.0.3987.116 Safari/537.36"
212.186.92.126 - - [21/Feb/2020:12:29:20 +0100] "GET /reload?ser=1582284559892 HTTP/1.1" 200 28 "http://renault.activities.at/success" "Mozilla/5.0 (Windows NT 10.0; WOW64) AppleWebKit/537.36 (KHTML, like Gecko) Chrome/79.0.3945.130 Safari/537.36"
80.122.221.194 - - [21/Feb/2020:12:30:04 +0100] "GET /reload?ser=1582284604918 HTTP/1.1" 200 1241 "http://renault.activities.at/cart" "Mozilla/5.0 (Windows NT 10.0; Win64; x64) AppleWebKit/537.36 (KHTML, like Gecko) Chrome/70.0.3538.102 Safari/537.36 Edge/18.18363"
80.122.53.230 - - [21/Feb/2020:12:30:09 +0100] "GET /reload?ser=1582284609084 HTTP/1.1" 200 1231 "http://renault.activities.at/result?searchterm=true&search=give+away" "Mozilla/5.0 (Windows NT 10.0; Win64; x64) AppleWebKit/537.36 (KHTML, like Gecko) Chrome/80.0.3987.116 Safari/537.36"
212.152.246.134 - - [21/Feb/2020:12:30:18 +0100] "GET /reload?ser=1582284618311 HTTP/1.1" 200 28 "http://renault.activities.at/result?searchterm=true&search=Betriebsanleitung" "Mozilla/5.0 (Windows NT 10.0; Win64; x64) AppleWebKit/537.36 (KHTML, like Gecko) Chrome/80.0.3987.116 Safari/537.36"
212.186.92.126 - - [21/Feb/2020:12:30:22 +0100] "GET /reload?ser=1582284621892 HTTP/1.1" 200 28 "http://renault.activities.at/success" "Mozilla/5.0 (Windows NT 10.0; WOW64) AppleWebKit/537.36 (KHTML, like Gecko) Chrome/79.0.3945.130 Safari/537.36"
80.122.221.194 - - [21/Feb/2020:12:31:05 +0100] "GET /reload?ser=1582284665906 HTTP/1.1" 200 1242 "http://renault.activities.at/cart" "Mozilla/5.0 (Windows NT 10.0; Win64; x64) AppleWebKit/537.36 (KHTML, like Gecko) Chrome/70.0.3538.102 Safari/537.36 Edge/18.18363"
80.122.53.230 - - [21/Feb/2020:12:31:10 +0100] "GET /reload?ser=1582284670082 HTTP/1.1" 200 1243 "http://renault.activities.at/result?searchterm=true&search=give+away" "Mozilla/5.0 (Windows NT 10.0; Win64; x64) AppleWebKit/537.36 (KHTML, like Gecko) Chrome/80.0.3987.116 Safari/537.36"
212.152.246.134 - - [21/Feb/2020:12:31:19 +0100] "GET /reload?ser=1582284679312 HTTP/1.1" 200 28 "http://renault.activities.at/result?searchterm=true&search=Betriebsanleitung" "Mozilla/5.0 (Windows NT 10.0; Win64; x64) AppleWebKit/537.36 (KHTML, like Gecko) Chrome/80.0.3987.116 Safari/537.36"
212.186.92.126 - - [21/Feb/2020:12:31:23 +0100] "GET /reload?ser=1582284682892 HTTP/1.1" 200 28 "http://renault.activities.at/success" "Mozilla/5.0 (Windows NT 10.0; WOW64) AppleWebKit/537.36 (KHTML, like Gecko) Chrome/79.0.3945.130 Safari/537.36"
80.122.221.194 - - [21/Feb/2020:12:32:06 +0100] "GET /reload?ser=1582284726903 HTTP/1.1" 200 1235 "http://renault.activities.at/cart" "Mozilla/5.0 (Windows NT 10.0; Win64; x64) AppleWebKit/537.36 (KHTML, like Gecko) Chrome/70.0.3538.102 Safari/537.36 Edge/18.18363"
80.122.53.230 - - [21/Feb/2020:12:32:11 +0100] "GET /reload?ser=1582284731089 HTTP/1.1" 200 1251 "http://renault.activities.at/result?searchterm=true&search=give+away" "Mozilla/5.0 (Windows NT 10.0; Win64; x64) AppleWebKit/537.36 (KHTML, like Gecko) Chrome/80.0.3987.116 Safari/537.36"
212.152.246.134 - - [21/Feb/2020:12:32:21 +0100] "GET /reload?ser=1582284741314 HTTP/1.1" 200 28 "http://renault.activities.at/result?searchterm=true&search=Betriebsanleitung" "Mozilla/5.0 (Windows NT 10.0; Win64; x64) AppleWebKit/537.36 (KHTML, like Gecko) Chrome/80.0.3987.116 Safari/537.36"
212.186.92.126 - - [21/Feb/2020:12:32:24 +0100] "GET /reload?ser=1582284743892 HTTP/1.1" 200 28 "http://renault.activities.at/success" "Mozilla/5.0 (Windows NT 10.0; WOW64) AppleWebKit/537.36 (KHTML, like Gecko) Chrome/79.0.3945.130 Safari/537.36"
54.82.168.62 - - [21/Feb/2020:12:32:29 +0100] "GET /reload?ser=1582284559892 HTTP/1.1" 200 10166 "-" "Mozilla/5.0 (Windows NT 6.1; Win64; x64) AppleWebKit/537.36 (KHTML, like Gecko) Chrome/72.0.3626.109 Safari/537.36"
80.122.221.194 - - [21/Feb/2020:12:33:07 +0100] "GET /reload?ser=1582284787914 HTTP/1.1" 200 1242 "http://renault.activities.at/cart" "Mozilla/5.0 (Windows NT 10.0; Win64; x64) AppleWebKit/537.36 (KHTML, like Gecko) Chrome/70.0.3538.102 Safari/537.36 Edge/18.18363"
80.122.53.230 - - [21/Feb/2020:12:33:12 +0100] "GET /reload?ser=1582284792083 HTTP/1.1" 200 1238 "http://renault.activities.at/result?searchterm=true&search=give+away" "Mozilla/5.0 (Windows NT 10.0; Win64; x64) AppleWebKit/537.36 (KHTML, like Gecko) Chrome/80.0.3987.116 Safari/537.36"
212.152.246.134 - - [21/Feb/2020:12:33:23 +0100] "GET /reload?ser=1582284803313 HTTP/1.1" 200 28 "http://renault.activities.at/result?searchterm=true&search=Betriebsanleitung" "Mozilla/5.0 (Windows NT 10.0; Win64; x64) AppleWebKit/537.36 (KHTML, like Gecko) Chrome/80.0.3987.116 Safari/537.36"
212.186.92.126 - - [21/Feb/2020:12:33:26 +0100] "GET /reload?ser=1582284805893 HTTP/1.1" 200 28 "http://renault.activities.at/success" "Mozilla/5.0 (Windows NT 10.0; WOW64) AppleWebKit/537.36 (KHTML, like Gecko) Chrome/79.0.3945.130 Safari/537.36"
80.122.221.194 - - [21/Feb/2020:12:34:08 +0100] "GET /reload?ser=1582284848916 HTTP/1.1" 200 1237 "http://renault.activities.at/cart" "Mozilla/5.0 (Windows NT 10.0; Win64; x64) AppleWebKit/537.36 (KHTML, like Gecko) Chrome/70.0.3538.102 Safari/537.36 Edge/18.18363"
80.122.53.230 - - [21/Feb/2020:12:34:13 +0100] "GET /reload?ser=1582284853083 HTTP/1.1" 200 1237 "http://renault.activities.at/result?searchterm=true&search=give+away" "Mozilla/5.0 (Windows NT 10.0; Win64; x64) AppleWebKit/537.36 (KHTML, like Gecko) Chrome/80.0.3987.116 Safari/537.36"
212.152.246.134 - - [21/Feb/2020:12:34:24 +0100] "GET /reload?ser=1582284864318 HTTP/1.1" 200 28 "http://renault.activities.at/result?searchterm=true&search=Betriebsanleitung" "Mozilla/5.0 (Windows NT 10.0; Win64; x64) AppleWebKit/537.36 (KHTML, like Gecko) Chrome/80.0.3987.116 Safari/537.36"
212.186.92.126 - - [21/Feb/2020:12:34:27 +0100] "GET /reload?ser=1582284866893 HTTP/1.1" 200 28 "http://renault.activities.at/success" "Mozilla/5.0 (Windows NT 10.0; WOW64) AppleWebKit/537.36 (KHTML, like Gecko) Chrome/79.0.3945.130 Safari/537.36"
80.122.221.194 - - [21/Feb/2020:12:35:09 +0100] "GET /reload?ser=1582284909908 HTTP/1.1" 200 1236 "http://renault.activities.at/cart" "Mozilla/5.0 (Windows NT 10.0; Win64; x64) AppleWebKit/537.36 (KHTML, like Gecko) Chrome/70.0.3538.102 Safari/537.36 Edge/18.18363"
80.122.53.230 - - [21/Feb/2020:12:35:14 +0100] "GET /reload?ser=1582284914083 HTTP/1.1" 200 1233 "http://renault.activities.at/result?searchterm=true&search=give+away" "Mozilla/5.0 (Windows NT 10.0; Win64; x64) AppleWebKit/537.36 (KHTML, like Gecko) Chrome/80.0.3987.116 Safari/537.36"
212.152.246.134 - - [21/Feb/2020:12:35:25 +0100] "GET /reload?ser=1582284925310 HTTP/1.1" 200 28 "http://renault.activities.at/result?searchterm=true&search=Betriebsanleitung" "Mozilla/5.0 (Windows NT 10.0; Win64; x64) AppleWebKit/537.36 (KHTML, like Gecko) Chrome/80.0.3987.116 Safari/537.36"
212.186.92.126 - - [21/Feb/2020:12:35:28 +0100] "GET /reload?ser=1582284927893 HTTP/1.1" 200 28 "http://renault.activities.at/success" "Mozilla/5.0 (Windows NT 10.0; WOW64) AppleWebKit/537.36 (KHTML, like Gecko) Chrome/79.0.3945.130 Safari/537.36"
80.122.221.194 - - [21/Feb/2020:12:36:10 +0100] "GET /reload?ser=1582284970913 HTTP/1.1" 200 1239 "http://renault.activities.at/cart" "Mozilla/5.0 (Windows NT 10.0; Win64; x64) AppleWebKit/537.36 (KHTML, like Gecko) Chrome/70.0.3538.102 Safari/537.36 Edge/18.18363"
80.122.53.230 - - [21/Feb/2020:12:36:15 +0100] "GET /reload?ser=1582284975082 HTTP/1.1" 200 1235 "http://renault.activities.at/result?searchterm=true&search=give+away" "Mozilla/5.0 (Windows NT 10.0; Win64; x64) AppleWebKit/537.36 (KHTML, like Gecko) Chrome/80.0.3987.116 Safari/537.36"
212.152.246.134 - - [21/Feb/2020:12:36:27 +0100] "GET /reload?ser=1582284987316 HTTP/1.1" 200 28 "http://renault.activities.at/result?searchterm=true&search=Betriebsanleitung" "Mozilla/5.0 (Windows NT 10.0; Win64; x64) AppleWebKit/537.36 (KHTML, like Gecko) Chrome/80.0.3987.116 Safari/537.36"
212.186.92.126 - - [21/Feb/2020:12:36:29 +0100] "GET /reload?ser=1582284988894 HTTP/1.1" 200 28 "http://renault.activities.at/success" "Mozilla/5.0 (Windows NT 10.0; WOW64) AppleWebKit/537.36 (KHTML, like Gecko) Chrome/79.0.3945.130 Safari/537.36"
80.122.221.194 - - [21/Feb/2020:12:37:11 +0100] "GET /reload?ser=1582285031908 HTTP/1.1" 200 1237 "http://renault.activities.at/cart" "Mozilla/5.0 (Windows NT 10.0; Win64; x64) AppleWebKit/537.36 (KHTML, like Gecko) Chrome/70.0.3538.102 Safari/537.36 Edge/18.18363"
80.122.53.230 - - [21/Feb/2020:12:37:16 +0100] "GET /reload?ser=1582285036082 HTTP/1.1" 200 1232 "http://renault.activities.at/result?searchterm=true&search=give+away" "Mozilla/5.0 (Windows NT 10.0; Win64; x64) AppleWebKit/537.36 (KHTML, like Gecko) Chrome/80.0.3987.116 Safari/537.36"
212.152.246.134 - - [21/Feb/2020:12:37:28 +0100] "GET /reload?ser=1582285048316 HTTP/1.1" 200 28 "http://renault.activities.at/result?searchterm=true&search=Betriebsanleitung" "Mozilla/5.0 (Windows NT 10.0; Win64; x64) AppleWebKit/537.36 (KHTML, like Gecko) Chrome/80.0.3987.116 Safari/537.36"
212.186.92.126 - - [21/Feb/2020:12:37:30 +0100] "GET /reload?ser=1582285049894 HTTP/1.1" 200 28 "http://renault.activities.at/success" "Mozilla/5.0 (Windows NT 10.0; WOW64) AppleWebKit/537.36 (KHTML, like Gecko) Chrome/79.0.3945.130 Safari/537.36"
80.122.221.194 - - [21/Feb/2020:12:38:12 +0100] "GET /reload?ser=1582285092910 HTTP/1.1" 200 1246 "http://renault.activities.at/cart" "Mozilla/5.0 (Windows NT 10.0; Win64; x64) AppleWebKit/537.36 (KHTML, like Gecko) Chrome/70.0.3538.102 Safari/537.36 Edge/18.18363"
80.122.53.230 - - [21/Feb/2020:12:38:17 +0100] "GET /reload?ser=1582285097087 HTTP/1.1" 200 1236 "http://renault.activities.at/result?searchterm=true&search=give+away" "Mozilla/5.0 (Windows NT 10.0; Win64; x64) AppleWebKit/537.36 (KHTML, like Gecko) Chrome/80.0.3987.116 Safari/537.36"
212.152.246.134 - - [21/Feb/2020:12:38:29 +0100] "GET /reload?ser=1582285109310 HTTP/1.1" 200 28 "http://renault.activities.at/result?searchterm=true&search=Betriebsanleitung" "Mozilla/5.0 (Windows NT 10.0; Win64; x64) AppleWebKit/537.36 (KHTML, like Gecko) Chrome/80.0.3987.116 Safari/537.36"
212.186.92.126 - - [21/Feb/2020:12:38:31 +0100] "GET /reload?ser=1582285110894 HTTP/1.1" 200 28 "http://renault.activities.at/success" "Mozilla/5.0 (Windows NT 10.0; WOW64) AppleWebKit/537.36 (KHTML, like Gecko) Chrome/79.0.3945.130 Safari/537.36"
80.122.221.194 - - [21/Feb/2020:12:39:13 +0100] "GET /reload?ser=1582285153933 HTTP/1.1" 200 1249 "http://renault.activities.at/cart" "Mozilla/5.0 (Windows NT 10.0; Win64; x64) AppleWebKit/537.36 (KHTML, like Gecko) Chrome/70.0.3538.102 Safari/537.36 Edge/18.18363"
80.122.53.230 - - [21/Feb/2020:12:39:18 +0100] "GET /reload?ser=1582285158085 HTTP/1.1" 200 1234 "http://renault.activities.at/result?searchterm=true&search=give+away" "Mozilla/5.0 (Windows NT 10.0; Win64; x64) AppleWebKit/537.36 (KHTML, like Gecko) Chrome/80.0.3987.116 Safari/537.36"
93.82.180.122 - - [21/Feb/2020:12:39:19 +0100] "GET / HTTP/1.1" 200 3380 "-" "Mozilla/5.0 (Windows NT 10.0; Win64; x64) AppleWebKit/537.36 (KHTML, like Gecko) Chrome/79.0.3945.130 Safari/537.36"
93.82.180.122 - - [21/Feb/2020:12:39:20 +0100] "GET /js/default.js HTTP/1.1" 200 14698 "http://renault.activities.at/" "Mozilla/5.0 (Windows NT 10.0; Win64; x64) AppleWebKit/537.36 (KHTML, like Gecko) Chrome/79.0.3945.130 Safari/537.36"
93.82.180.122 - - [21/Feb/2020:12:39:20 +0100] "GET /js/index.php?c=auto&f=,prototype/prototype.js,prototype/validation.js,scriptaculous/builder.js,scriptaculous/effects.js,scriptaculous/dragdrop.js,scriptaculous/controls.js,scriptaculous/slider.js,varien/js.js,varien/form.js,varien/menu.js,mage/translate.js,mage/cookies.js,varien/product.js,spinner/SpinnerControl.jsmin.js,prototype/window.js,prototype/window_ext.js HTTP/1.1" 200 94182 "http://renault.activities.at/" "Mozilla/5.0 (Windows NT 10.0; Win64; x64) AppleWebKit/537.36 (KHTML, like Gecko) Chrome/79.0.3945.130 Safari/537.36"
93.82.180.122 - - [21/Feb/2020:12:39:21 +0100] "GET /images/main_block_border.gif HTTP/1.1" 200 43 "http://renault.activities.at/css/styles.css" "Mozilla/5.0 (Windows NT 10.0; Win64; x64) AppleWebKit/537.36 (KHTML, like Gecko) Chrome/79.0.3945.130 Safari/537.36"
93.82.180.122 - - [21/Feb/2020:12:39:21 +0100] "GET /images/main_block_corner_left_bot.gif HTTP/1.1" 200 159 "http://renault.activities.at/css/styles.css" "Mozilla/5.0 (Windows NT 10.0; Win64; x64) AppleWebKit/537.36 (KHTML, like Gecko) Chrome/79.0.3945.130 Safari/537.36"
93.82.180.122 - - [21/Feb/2020:12:39:21 +0100] "GET /images/main_block_corner_right_bot.gif HTTP/1.1" 200 158 "http://renault.activities.at/css/styles.css" "Mozilla/5.0 (Windows NT 10.0; Win64; x64) AppleWebKit/537.36 (KHTML, like Gecko) Chrome/79.0.3945.130 Safari/537.36"
93.82.180.122 - - [21/Feb/2020:12:39:21 +0100] "GET /images/header_block_border.gif HTTP/1.1" 200 43 "http://renault.activities.at/css/styles.css" "Mozilla/5.0 (Windows NT 10.0; Win64; x64) AppleWebKit/537.36 (KHTML, like Gecko) Chrome/79.0.3945.130 Safari/537.36"
93.82.180.122 - - [21/Feb/2020:12:39:21 +0100] "GET /images/header_block_corner_left_top.gif HTTP/1.1" 200 160 "http://renault.activities.at/css/styles.css" "Mozilla/5.0 (Windows NT 10.0; Win64; x64) AppleWebKit/537.36 (KHTML, like Gecko) Chrome/79.0.3945.130 Safari/537.36"
93.82.180.122 - - [21/Feb/2020:12:39:21 +0100] "GET /images/header_block_corner_right_top.gif HTTP/1.1" 200 160 "http://renault.activities.at/css/styles.css" "Mozilla/5.0 (Windows NT 10.0; Win64; x64) AppleWebKit/537.36 (KHTML, like Gecko) Chrome/79.0.3945.130 Safari/537.36"
93.82.180.122 - - [21/Feb/2020:12:39:21 +0100] "GET /images/main_block_corner_left_top.gif HTTP/1.1" 200 159 "http://renault.activities.at/css/styles.css" "Mozilla/5.0 (Windows NT 10.0; Win64; x64) AppleWebKit/537.36 (KHTML, like Gecko) Chrome/79.0.3945.130 Safari/537.36"
93.82.180.122 - - [21/Feb/2020:12:39:21 +0100] "GET /images/main_block_corner_right_top.gif HTTP/1.1" 200 159 "http://renault.activities.at/css/styles.css" "Mozilla/5.0 (Windows NT 10.0; Win64; x64) AppleWebKit/537.36 (KHTML, like Gecko) Chrome/79.0.3945.130 Safari/537.36"
