80.120.5.131 - - [21/Feb/2020:17:54:48 +0100] "GET /js/account.js HTTP/1.1" 200 2943 "http://renault.activities.at/account" "Mozilla/5.0 (Windows NT 10.0; Win64; x64) AppleWebKit/537.36 (KHTML, like Gecko) Chrome/80.0.3987.116 Safari/537.36"
80.120.5.131 - - [21/Feb/2020:17:54:48 +0100] "GET /images/nav_divider.gif HTTP/1.1" 200 43 "http://renault.activities.at/css/styles.css" "Mozilla/5.0 (Windows NT 10.0; Win64; x64) AppleWebKit/537.36 (KHTML, like Gecko) Chrome/80.0.3987.116 Safari/537.36"
80.120.5.131 - - [21/Feb/2020:17:54:48 +0100] "GET /images/top_links_divider.gif HTTP/1.1" 200 44 "http://renault.activities.at/css/styles.css" "Mozilla/5.0 (Windows NT 10.0; Win64; x64) AppleWebKit/537.36 (KHTML, like Gecko) Chrome/80.0.3987.116 Safari/537.36"
80.120.5.131 - - [21/Feb/2020:17:54:48 +0100] "GET /images/menu_button_bg.jpg HTTP/1.1" 200 322 "http://renault.activities.at/css/styles.css" "Mozilla/5.0 (Windows NT 10.0; Win64; x64) AppleWebKit/537.36 (KHTML, like Gecko) Chrome/80.0.3987.116 Safari/537.36"
80.120.5.131 - - [21/Feb/2020:17:54:48 +0100] "GET /images/search_bg.gif HTTP/1.1" 200 1726 "http://renault.activities.at/css/styles.css" "Mozilla/5.0 (Windows NT 10.0; Win64; x64) AppleWebKit/537.36 (KHTML, like Gecko) Chrome/80.0.3987.116 Safari/537.36"
80.120.5.131 - - [21/Feb/2020:17:54:48 +0100] "GET /images/menu_divider.gif HTTP/1.1" 200 176 "http://renault.activities.at/css/styles.css" "Mozilla/5.0 (Windows NT 10.0; Win64; x64) AppleWebKit/537.36 (KHTML, like Gecko) Chrome/80.0.3987.116 Safari/537.36"
80.120.5.131 - - [21/Feb/2020:17:54:48 +0100] "GET /images/sidebar_title_border.gif HTTP/1.1" 200 43 "http://renault.activities.at/css/styles.css" "Mozilla/5.0 (Windows NT 10.0; Win64; x64) AppleWebKit/537.36 (KHTML, like Gecko) Chrome/80.0.3987.116 Safari/537.36"
80.120.5.131 - - [21/Feb/2020:17:54:48 +0100] "GET /images/sidebar_title_corner_left_top.gif HTTP/1.1" 200 1124 "http://renault.activities.at/css/styles.css" "Mozilla/5.0 (Windows NT 10.0; Win64; x64) AppleWebKit/537.36 (KHTML, like Gecko) Chrome/80.0.3987.116 Safari/537.36"
80.120.5.131 - - [21/Feb/2020:17:54:48 +0100] "GET /images/footer_divider.gif HTTP/1.1" 200 44 "http://renault.activities.at/css/styles.css" "Mozilla/5.0 (Windows NT 10.0; Win64; x64) AppleWebKit/537.36 (KHTML, like Gecko) Chrome/80.0.3987.116 Safari/537.36"
80.120.5.131 - - [21/Feb/2020:17:54:48 +0100] "GET /images/sidebar_title_corner_right_top.gif HTTP/1.1" 200 383 "http://renault.activities.at/css/styles.css" "Mozilla/5.0 (Windows NT 10.0; Win64; x64) AppleWebKit/537.36 (KHTML, like Gecko) Chrome/80.0.3987.116 Safari/537.36"
80.120.5.131 - - [21/Feb/2020:17:54:48 +0100] "GET /images/sidebar_title_border_top.gif HTTP/1.1" 200 155 "http://renault.activities.at/css/styles.css" "Mozilla/5.0 (Windows NT 10.0; Win64; x64) AppleWebKit/537.36 (KHTML, like Gecko) Chrome/80.0.3987.116 Safari/537.36"
80.120.5.131 - - [21/Feb/2020:17:54:48 +0100] "GET /loadthumbnail.php?id=11798476&width=50&height=50 HTTP/1.1" 200 1237 "http://renault.activities.at/account" "Mozilla/5.0 (Windows NT 10.0; Win64; x64) AppleWebKit/537.36 (KHTML, like Gecko) Chrome/80.0.3987.116 Safari/537.36"
212.152.246.129 - - [21/Feb/2020:17:54:54 +0100] "GET /reload?ser=1582304094203 HTTP/1.1" 200 28 "http://renault.activities.at/success" "Mozilla/5.0 (Windows NT 10.0; WOW64; Trident/7.0; rv:11.0) like Gecko"
80.120.5.131 - - [21/Feb/2020:17:55:14 +0100] "POST /axjaxrequest?mode=suggest HTTP/1.1" 200 209 "http://renault.activities.at/account" "Mozilla/5.0 (Windows NT 10.0; Win64; x64) AppleWebKit/537.36 (KHTML, like Gecko) Chrome/80.0.3987.116 Safari/537.36"
80.120.5.131 - - [21/Feb/2020:17:55:15 +0100] "GET /result?searchterm=true&search=Poster HTTP/1.1" 200 76394 "http://renault.activities.at/account" "Mozilla/5.0 (Windows NT 10.0; Win64; x64) AppleWebKit/537.36 (KHTML, like Gecko) Chrome/80.0.3987.116 Safari/537.36"
80.120.5.131 - - [21/Feb/2020:17:55:18 +0100] "GET /js/prototip.js HTTP/1.1" 200 9211 "http://renault.activities.at/result?searchterm=true&search=Poster" "Mozilla/5.0 (Windows NT 10.0; Win64; x64) AppleWebKit/537.36 (KHTML, like Gecko) Chrome/80.0.3987.116 Safari/537.36"
80.120.5.131 - - [21/Feb/2020:17:55:18 +0100] "GET /js/ProduktGrp.js HTTP/1.1" 200 7759 "http://renault.activities.at/result?searchterm=true&search=Poster" "Mozilla/5.0 (Windows NT 10.0; Win64; x64) AppleWebKit/537.36 (KHTML, like Gecko) Chrome/80.0.3987.116 Safari/537.36"
80.120.5.131 - - [21/Feb/2020:17:55:18 +0100] "GET /images/loading.gif HTTP/1.1" 200 3208 "http://renault.activities.at/result?searchterm=true&search=Poster" "Mozilla/5.0 (Windows NT 10.0; Win64; x64) AppleWebKit/537.36 (KHTML, like Gecko) Chrome/80.0.3987.116 Safari/537.36"
80.120.5.131 - - [21/Feb/2020:17:55:18 +0100] "GET /loadthumbnail.php?id=10203276 HTTP/1.1" 200 57 "http://renault.activities.at/result?searchterm=true&search=Poster" "Mozilla/5.0 (Windows NT 10.0; Win64; x64) AppleWebKit/537.36 (KHTML, like Gecko) Chrome/80.0.3987.116 Safari/537.36"
80.120.5.131 - - [21/Feb/2020:17:55:19 +0100] "GET /loadthumbnail.php?id=10203255 HTTP/1.1" 200 114 "http://renault.activities.at/result?searchterm=true&search=Poster" "Mozilla/5.0 (Windows NT 10.0; Win64; x64) AppleWebKit/537.36 (KHTML, like Gecko) Chrome/80.0.3987.116 Safari/537.36"
80.120.5.131 - - [21/Feb/2020:17:55:19 +0100] "GET /loadthumbnail.php?id=12140339&width=113 HTTP/1.1" 200 2996 "http://renault.activities.at/result?searchterm=true&search=Poster" "Mozilla/5.0 (Windows NT 10.0; Win64; x64) AppleWebKit/537.36 (KHTML, like Gecko) Chrome/80.0.3987.116 Safari/537.36"
80.120.5.131 - - [21/Feb/2020:17:55:19 +0100] "GET /loadthumbnail.php?id=12140343&width=113 HTTP/1.1" 200 5135 "http://renault.activities.at/result?searchterm=true&search=Poster" "Mozilla/5.0 (Windows NT 10.0; Win64; x64) AppleWebKit/537.36 (KHTML, like Gecko) Chrome/80.0.3987.116 Safari/537.36"
80.120.5.131 - - [21/Feb/2020:17:55:19 +0100] "GET /loadthumbnail.php?id=12140358&width=113 HTTP/1.1" 200 2492 "http://renault.activities.at/result?searchterm=true&search=Poster" "Mozilla/5.0 (Windows NT 10.0; Win64; x64) AppleWebKit/537.36 (KHTML, like Gecko) Chrome/80.0.3987.116 Safari/537.36"
80.120.5.131 - - [21/Feb/2020:17:55:19 +0100] "GET /loadthumbnail.php?id=12140362&width=113 HTTP/1.1" 200 4385 "http://renault.activities.at/result?searchterm=true&search=Poster" "Mozilla/5.0 (Windows NT 10.0; Win64; x64) AppleWebKit/537.36 (KHTML, like Gecko) Chrome/80.0.3987.116 Safari/537.36"
80.120.5.131 - - [21/Feb/2020:17:55:19 +0100] "GET /images/pager_bg.gif HTTP/1.1" 200 150 "http://renault.activities.at/css/styles.css" "Mozilla/5.0 (Windows NT 10.0; Win64; x64) AppleWebKit/537.36 (KHTML, like Gecko) Chrome/80.0.3987.116 Safari/537.36"
80.120.5.131 - - [21/Feb/2020:17:55:19 +0100] "GET /images/vista-dn.gif HTTP/1.1" 200 128 "http://renault.activities.at/css/styles.css" "Mozilla/5.0 (Windows NT 10.0; Win64; x64) AppleWebKit/537.36 (KHTML, like Gecko) Chrome/80.0.3987.116 Safari/537.36"
80.120.5.131 - - [21/Feb/2020:17:55:19 +0100] "GET /images/vista-up.gif HTTP/1.1" 200 131 "http://renault.activities.at/css/styles.css" "Mozilla/5.0 (Windows NT 10.0; Win64; x64) AppleWebKit/537.36 (KHTML, like Gecko) Chrome/80.0.3987.116 Safari/537.36"
80.120.5.131 - - [21/Feb/2020:17:55:19 +0100] "GET /loadthumbnail.php?id=12205689&width=113 HTTP/1.1" 200 2604 "http://renault.activities.at/result?searchterm=true&search=Poster" "Mozilla/5.0 (Windows NT 10.0; Win64; x64) AppleWebKit/537.36 (KHTML, like Gecko) Chrome/80.0.3987.116 Safari/537.36"
80.120.5.131 - - [21/Feb/2020:17:55:19 +0100] "GET /loadthumbnail.php?id=11635106&width=113 HTTP/1.1" 200 3063 "http://renault.activities.at/result?searchterm=true&search=Poster" "Mozilla/5.0 (Windows NT 10.0; Win64; x64) AppleWebKit/537.36 (KHTML, like Gecko) Chrome/80.0.3987.116 Safari/537.36"
80.120.5.131 - - [21/Feb/2020:17:55:19 +0100] "GET /loadthumbnail.php?id=11461719&width=113 HTTP/1.1" 200 32739 "http://renault.activities.at/result?searchterm=true&search=Poster" "Mozilla/5.0 (Windows NT 10.0; Win64; x64) AppleWebKit/537.36 (KHTML, like Gecko) Chrome/80.0.3987.116 Safari/537.36"
80.120.5.131 - - [21/Feb/2020:17:55:19 +0100] "GET /loadthumbnail.php?id=12208107&width=113 HTTP/1.1" 200 2356 "http://renault.activities.at/result?searchterm=true&search=Poster" "Mozilla/5.0 (Windows NT 10.0; Win64; x64) AppleWebKit/537.36 (KHTML, like Gecko) Chrome/80.0.3987.116 Safari/537.36"
80.120.5.131 - - [21/Feb/2020:17:55:19 +0100] "GET /loadthumbnail.php?id=11586948&width=113 HTTP/1.1" 200 5963 "http://renault.activities.at/result?searchterm=true&search=Poster" "Mozilla/5.0 (Windows NT 10.0; Win64; x64) AppleWebKit/537.36 (KHTML, like Gecko) Chrome/80.0.3987.116 Safari/537.36"
80.120.5.131 - - [21/Feb/2020:17:55:19 +0100] "GET /loadthumbnail.php?id=12133331&width=113 HTTP/1.1" 200 5222 "http://renault.activities.at/result?searchterm=true&search=Poster" "Mozilla/5.0 (Windows NT 10.0; Win64; x64) AppleWebKit/537.36 (KHTML, like Gecko) Chrome/80.0.3987.116 Safari/537.36"
80.120.5.131 - - [21/Feb/2020:17:55:19 +0100] "GET /images/validation_advice_bg.gif HTTP/1.1" 200 134 "http://renault.activities.at/css/styles.css" "Mozilla/5.0 (Windows NT 10.0; Win64; x64) AppleWebKit/537.36 (KHTML, like Gecko) Chrome/80.0.3987.116 Safari/537.36"
80.120.5.131 - - [21/Feb/2020:17:55:19 +0100] "GET /loadthumbnail.php?id=10203650&width=113 HTTP/1.1" 200 2916 "http://renault.activities.at/result?searchterm=true&search=Poster" "Mozilla/5.0 (Windows NT 10.0; Win64; x64) AppleWebKit/537.36 (KHTML, like Gecko) Chrome/80.0.3987.116 Safari/537.36"
80.120.5.131 - - [21/Feb/2020:17:55:19 +0100] "GET /loadthumbnail.php?id=11314589&width=113 HTTP/1.1" 200 3170 "http://renault.activities.at/result?searchterm=true&search=Poster" "Mozilla/5.0 (Windows NT 10.0; Win64; x64) AppleWebKit/537.36 (KHTML, like Gecko) Chrome/80.0.3987.116 Safari/537.36"
80.120.5.131 - - [21/Feb/2020:17:55:19 +0100] "GET /loadthumbnail.php?id=11418135&width=113 HTTP/1.1" 200 4258 "http://renault.activities.at/result?searchterm=true&search=Poster" "Mozilla/5.0 (Windows NT 10.0; Win64; x64) AppleWebKit/537.36 (KHTML, like Gecko) Chrome/80.0.3987.116 Safari/537.36"
80.120.5.131 - - [21/Feb/2020:17:55:19 +0100] "GET /loadthumbnail.php?id=11349155&width=113 HTTP/1.1" 200 2929 "http://renault.activities.at/result?searchterm=true&search=Poster" "Mozilla/5.0 (Windows NT 10.0; Win64; x64) AppleWebKit/537.36 (KHTML, like Gecko) Chrome/80.0.3987.116 Safari/537.36"
80.120.5.131 - - [21/Feb/2020:17:55:19 +0100] "GET /loadthumbnail.php?id=11470095&width=113 HTTP/1.1" 200 5135 "http://renault.activities.at/result?searchterm=true&search=Poster" "Mozilla/5.0 (Windows NT 10.0; Win64; x64) AppleWebKit/537.36 (KHTML, like Gecko) Chrome/80.0.3987.116 Safari/537.36"
80.122.221.194 - - [21/Feb/2020:17:55:24 +0100] "GET /reload?ser=1582304124886 HTTP/1.1" 200 1237 "http://renault.activities.at/cart" "Mozilla/5.0 (Windows NT 10.0; Win64; x64) AppleWebKit/537.36 (KHTML, like Gecko) Chrome/70.0.3538.102 Safari/537.36 Edge/18.18363"
80.120.5.131 - - [21/Feb/2020:17:55:25 +0100] "GET /images/vista-up-hover.gif HTTP/1.1" 200 130 "http://renault.activities.at/css/styles.css" "Mozilla/5.0 (Windows NT 10.0; Win64; x64) AppleWebKit/537.36 (KHTML, like Gecko) Chrome/80.0.3987.116 Safari/537.36"
80.120.5.131 - - [21/Feb/2020:17:55:27 +0100] "GET /result?dir=DESC&mode=grid&order=name&limit=15&page=2&search=Poster HTTP/1.1" 200 76165 "http://renault.activities.at/result?searchterm=true&search=Poster" "Mozilla/5.0 (Windows NT 10.0; Win64; x64) AppleWebKit/537.36 (KHTML, like Gecko) Chrome/80.0.3987.116 Safari/537.36"
80.120.5.131 - - [21/Feb/2020:17:55:30 +0100] "GET /loadthumbnail.php?id=10203275 HTTP/1.1" 200 824 "http://renault.activities.at/result?dir=DESC&mode=grid&order=name&limit=15&page=2&search=Poster" "Mozilla/5.0 (Windows NT 10.0; Win64; x64) AppleWebKit/537.36 (KHTML, like Gecko) Chrome/80.0.3987.116 Safari/537.36"
80.120.5.131 - - [21/Feb/2020:17:55:30 +0100] "GET /loadthumbnail.php?id=12121724&width=113 HTTP/1.1" 200 2599 "http://renault.activities.at/result?dir=DESC&mode=grid&order=name&limit=15&page=2&search=Poster" "Mozilla/5.0 (Windows NT 10.0; Win64; x64) AppleWebKit/537.36 (KHTML, like Gecko) Chrome/80.0.3987.116 Safari/537.36"
80.120.5.131 - - [21/Feb/2020:17:55:30 +0100] "GET /loadthumbnail.php?id=10259680&width=113 HTTP/1.1" 200 2182 "http://renault.activities.at/result?dir=DESC&mode=grid&order=name&limit=15&page=2&search=Poster" "Mozilla/5.0 (Windows NT 10.0; Win64; x64) AppleWebKit/537.36 (KHTML, like Gecko) Chrome/80.0.3987.116 Safari/537.36"
80.120.5.131 - - [21/Feb/2020:17:55:30 +0100] "GET /loadthumbnail.php?id=12122782&width=113 HTTP/1.1" 200 4685 "http://renault.activities.at/result?dir=DESC&mode=grid&order=name&limit=15&page=2&search=Poster" "Mozilla/5.0 (Windows NT 10.0; Win64; x64) AppleWebKit/537.36 (KHTML, like Gecko) Chrome/80.0.3987.116 Safari/537.36"
80.120.5.131 - - [21/Feb/2020:17:55:30 +0100] "GET /loadthumbnail.php?id=12088270&width=113 HTTP/1.1" 200 2902 "http://renault.activities.at/result?dir=DESC&mode=grid&order=name&limit=15&page=2&search=Poster" "Mozilla/5.0 (Windows NT 10.0; Win64; x64) AppleWebKit/537.36 (KHTML, like Gecko) Chrome/80.0.3987.116 Safari/537.36"
80.120.5.131 - - [21/Feb/2020:17:55:30 +0100] "GET /loadthumbnail.php?id=12040651&width=113 HTTP/1.1" 200 3242 "http://renault.activities.at/result?dir=DESC&mode=grid&order=name&limit=15&page=2&search=Poster" "Mozilla/5.0 (Windows NT 10.0; Win64; x64) AppleWebKit/537.36 (KHTML, like Gecko) Chrome/80.0.3987.116 Safari/537.36"
80.120.5.131 - - [21/Feb/2020:17:55:30 +0100] "GET /loadthumbnail.php?id=11927086&width=113 HTTP/1.1" 200 3097 "http://renault.activities.at/result?dir=DESC&mode=grid&order=name&limit=15&page=2&search=Poster" "Mozilla/5.0 (Windows NT 10.0; Win64; x64) AppleWebKit/537.36 (KHTML, like Gecko) Chrome/80.0.3987.116 Safari/537.36"
80.120.5.131 - - [21/Feb/2020:17:55:30 +0100] "GET /loadthumbnail.php?id=12040662&width=113 HTTP/1.1" 200 4231 "http://renault.activities.at/result?dir=DESC&mode=grid&order=name&limit=15&page=2&search=Poster" "Mozilla/5.0 (Windows NT 10.0; Win64; x64) AppleWebKit/537.36 (KHTML, like Gecko) Chrome/80.0.3987.116 Safari/537.36"
80.120.5.131 - - [21/Feb/2020:17:55:30 +0100] "GET /loadthumbnail.php?id=12101538&width=113 HTTP/1.1" 200 2722 "http://renault.activities.at/result?dir=DESC&mode=grid&order=name&limit=15&page=2&search=Poster" "Mozilla/5.0 (Windows NT 10.0; Win64; x64) AppleWebKit/537.36 (KHTML, like Gecko) Chrome/80.0.3987.116 Safari/537.36"
80.120.5.131 - - [21/Feb/2020:17:55:30 +0100] "GET /loadthumbnail.php?id=11906025&width=113 HTTP/1.1" 200 3112 "http://renault.activities.at/result?dir=DESC&mode=grid&order=name&limit=15&page=2&search=Poster" "Mozilla/5.0 (Windows NT 10.0; Win64; x64) AppleWebKit/537.36 (KHTML, like Gecko) Chrome/80.0.3987.116 Safari/537.36"
80.120.5.131 - - [21/Feb/2020:17:55:30 +0100] "GET /loadthumbnail.php?id=12088624&width=113 HTTP/1.1" 200 3009 "http://renault.activities.at/result?dir=DESC&mode=grid&order=name&limit=15&page=2&search=Poster" "Mozilla/5.0 (Windows NT 10.0; Win64; x64) AppleWebKit/537.36 (KHTML, like Gecko) Chrome/80.0.3987.116 Safari/537.36"
80.120.5.131 - - [21/Feb/2020:17:55:30 +0100] "GET /loadthumbnail.php?id=12134932&width=113 HTTP/1.1" 200 3094 "http://renault.activities.at/result?dir=DESC&mode=grid&order=name&limit=15&page=2&search=Poster" "Mozilla/5.0 (Windows NT 10.0; Win64; x64) AppleWebKit/537.36 (KHTML, like Gecko) Chrome/80.0.3987.116 Safari/537.36"
80.120.5.131 - - [21/Feb/2020:17:55:31 +0100] "GET /loadthumbnail.php?id=12201241&width=113 HTTP/1.1" 200 4361 "http://renault.activities.at/result?dir=DESC&mode=grid&order=name&limit=15&page=2&search=Poster" "Mozilla/5.0 (Windows NT 10.0; Win64; x64) AppleWebKit/537.36 (KHTML, like Gecko) Chrome/80.0.3987.116 Safari/537.36"
80.120.5.131 - - [21/Feb/2020:17:55:31 +0100] "GET /loadthumbnail.php?id=11784479&width=113 HTTP/1.1" 200 2609 "http://renault.activities.at/result?dir=DESC&mode=grid&order=name&limit=15&page=2&search=Poster" "Mozilla/5.0 (Windows NT 10.0; Win64; x64) AppleWebKit/537.36 (KHTML, like Gecko) Chrome/80.0.3987.116 Safari/537.36"
80.120.5.131 - - [21/Feb/2020:17:55:31 +0100] "GET /loadthumbnail.php?id=11784466&width=113 HTTP/1.1" 200 3163 "http://renault.activities.at/result?dir=DESC&mode=grid&order=name&limit=15&page=2&search=Poster" "Mozilla/5.0 (Windows NT 10.0; Win64; x64) AppleWebKit/537.36 (KHTML, like Gecko) Chrome/80.0.3987.116 Safari/537.36"
80.120.5.131 - - [21/Feb/2020:17:55:31 +0100] "GET /loadthumbnail.php?id=11784465&width=113 HTTP/1.1" 200 2945 "http://renault.activities.at/result?dir=DESC&mode=grid&order=name&limit=15&page=2&search=Poster" "Mozilla/5.0 (Windows NT 10.0; Win64; x64) AppleWebKit/537.36 (KHTML, like Gecko) Chrome/80.0.3987.116 Safari/537.36"
80.120.5.131 - - [21/Feb/2020:17:55:48 +0100] "POST /result?dir=DESC&mode=grid&order=name&limit=15&page=2&search=Poster HTTP/1.1" 200 77210 "http://renault.activities.at/result?dir=DESC&mode=grid&order=name&limit=15&page=2&search=Poster" "Mozilla/5.0 (Windows NT 10.0; Win64; x64) AppleWebKit/537.36 (KHTML, like Gecko) Chrome/80.0.3987.116 Safari/537.36"
212.152.246.129 - - [21/Feb/2020:17:55:55 +0100] "GET /reload?ser=1582304155353 HTTP/1.1" 200 28 "http://renault.activities.at/success" "Mozilla/5.0 (Windows NT 10.0; WOW64; Trident/7.0; rv:11.0) like Gecko"
80.120.5.131 - - [21/Feb/2020:17:55:55 +0100] "POST /result?dir=DESC&mode=grid&order=name&limit=15&page=2&search=Poster HTTP/1.1" 200 77202 "http://renault.activities.at/result?dir=DESC&mode=grid&order=name&limit=15&page=2&search=Poster" "Mozilla/5.0 (Windows NT 10.0; Win64; x64) AppleWebKit/537.36 (KHTML, like Gecko) Chrome/80.0.3987.116 Safari/537.36"
80.120.5.131 - - [21/Feb/2020:17:56:01 +0100] "POST /result?dir=DESC&mode=grid&order=name&limit=15&page=2&search=Poster HTTP/1.1" 200 77207 "http://renault.activities.at/result?dir=DESC&mode=grid&order=name&limit=15&page=2&search=Poster" "Mozilla/5.0 (Windows NT 10.0; Win64; x64) AppleWebKit/537.36 (KHTML, like Gecko) Chrome/80.0.3987.116 Safari/537.36"
80.120.5.131 - - [21/Feb/2020:17:56:10 +0100] "GET /result?dir=DESC&mode=grid&order=name&limit=15&page=3&search=Poster HTTP/1.1" 200 55125 "http://renault.activities.at/result?dir=DESC&mode=grid&order=name&limit=15&page=2&search=Poster" "Mozilla/5.0 (Windows NT 10.0; Win64; x64) AppleWebKit/537.36 (KHTML, like Gecko) Chrome/80.0.3987.116 Safari/537.36"
80.120.5.131 - - [21/Feb/2020:17:56:12 +0100] "GET /loadthumbnail.php?id=12022099&width=113 HTTP/1.1" 200 3034 "http://renault.activities.at/result?dir=DESC&mode=grid&order=name&limit=15&page=3&search=Poster" "Mozilla/5.0 (Windows NT 10.0; Win64; x64) AppleWebKit/537.36 (KHTML, like Gecko) Chrome/80.0.3987.116 Safari/537.36"
80.120.5.131 - - [21/Feb/2020:17:56:12 +0100] "GET /loadthumbnail.php?id=11435681&width=113 HTTP/1.1" 200 4088 "http://renault.activities.at/result?dir=DESC&mode=grid&order=name&limit=15&page=3&search=Poster" "Mozilla/5.0 (Windows NT 10.0; Win64; x64) AppleWebKit/537.36 (KHTML, like Gecko) Chrome/80.0.3987.116 Safari/537.36"
80.120.5.131 - - [21/Feb/2020:17:56:12 +0100] "GET /loadthumbnail.php?id=11340122&width=113 HTTP/1.1" 200 4012 "http://renault.activities.at/result?dir=DESC&mode=grid&order=name&limit=15&page=3&search=Poster" "Mozilla/5.0 (Windows NT 10.0; Win64; x64) AppleWebKit/537.36 (KHTML, like Gecko) Chrome/80.0.3987.116 Safari/537.36"
80.120.5.131 - - [21/Feb/2020:17:56:12 +0100] "GET /loadthumbnail.php?id=11659629&width=113 HTTP/1.1" 200 2870 "http://renault.activities.at/result?dir=DESC&mode=grid&order=name&limit=15&page=3&search=Poster" "Mozilla/5.0 (Windows NT 10.0; Win64; x64) AppleWebKit/537.36 (KHTML, like Gecko) Chrome/80.0.3987.116 Safari/537.36"
80.120.5.131 - - [21/Feb/2020:17:56:12 +0100] "GET /loadthumbnail.php?id=11784464&width=113 HTTP/1.1" 200 2924 "http://renault.activities.at/result?dir=DESC&mode=grid&order=name&limit=15&page=3&search=Poster" "Mozilla/5.0 (Windows NT 10.0; Win64; x64) AppleWebKit/537.36 (KHTML, like Gecko) Chrome/80.0.3987.116 Safari/537.36"
80.120.5.131 - - [21/Feb/2020:17:56:12 +0100] "GET /loadthumbnail.php?id=11340121&width=113 HTTP/1.1" 200 4659 "http://renault.activities.at/result?dir=DESC&mode=grid&order=name&limit=15&page=3&search=Poster" "Mozilla/5.0 (Windows NT 10.0; Win64; x64) AppleWebKit/537.36 (KHTML, like Gecko) Chrome/80.0.3987.116 Safari/537.36"
80.120.5.131 - - [21/Feb/2020:17:56:12 +0100] "GET /loadthumbnail.php?id=11831525&width=113 HTTP/1.1" 200 4277 "http://renault.activities.at/result?dir=DESC&mode=grid&order=name&limit=15&page=3&search=Poster" "Mozilla/5.0 (Windows NT 10.0; Win64; x64) AppleWebKit/537.36 (KHTML, like Gecko) Chrome/80.0.3987.116 Safari/537.36"
80.122.221.194 - - [21/Feb/2020:17:56:25 +0100] "GET /reload?ser=1582304185894 HTTP/1.1" 200 1236 "http://renault.activities.at/cart" "Mozilla/5.0 (Windows NT 10.0; Win64; x64) AppleWebKit/537.36 (KHTML, like Gecko) Chrome/70.0.3538.102 Safari/537.36 Edge/18.18363"
80.120.5.131 - - [21/Feb/2020:17:56:24 +0100] "GET /result?dir=DESC&mode=grid&order=name&limit=15&page=1&search=Poster HTTP/1.1" 200 76806 "http://renault.activities.at/result?dir=DESC&mode=grid&order=name&limit=15&page=3&search=Poster" "Mozilla/5.0 (Windows NT 10.0; Win64; x64) AppleWebKit/537.36 (KHTML, like Gecko) Chrome/80.0.3987.116 Safari/537.36"
80.120.5.131 - - [21/Feb/2020:17:56:36 +0100] "GET /result?dir=DESC&mode=grid&order=name&limit=15&page=2&search=Poster HTTP/1.1" 200 76577 "http://renault.activities.at/result?dir=DESC&mode=grid&order=name&limit=15&page=1&search=Poster" "Mozilla/5.0 (Windows NT 10.0; Win64; x64) AppleWebKit/537.36 (KHTML, like Gecko) Chrome/80.0.3987.116 Safari/537.36"
212.152.246.129 - - [21/Feb/2020:17:56:56 +0100] "GET /reload?ser=1582304216329 HTTP/1.1" 200 28 "http://renault.activities.at/success" "Mozilla/5.0 (Windows NT 10.0; WOW64; Trident/7.0; rv:11.0) like Gecko"
80.120.5.131 - - [21/Feb/2020:17:56:59 +0100] "POST /result?dir=DESC&mode=grid&order=name&limit=15&page=2&search=Poster HTTP/1.1" 200 77210 "http://renault.activities.at/result?dir=DESC&mode=grid&order=name&limit=15&page=2&search=Poster" "Mozilla/5.0 (Windows NT 10.0; Win64; x64) AppleWebKit/537.36 (KHTML, like Gecko) Chrome/80.0.3987.116 Safari/537.36"
80.122.221.194 - - [21/Feb/2020:17:57:26 +0100] "GET /reload?ser=1582304246908 HTTP/1.1" 200 1236 "http://renault.activities.at/cart" "Mozilla/5.0 (Windows NT 10.0; Win64; x64) AppleWebKit/537.36 (KHTML, like Gecko) Chrome/70.0.3538.102 Safari/537.36 Edge/18.18363"
80.120.5.131 - - [21/Feb/2020:17:57:26 +0100] "POST /axjaxrequest?mode=suggest HTTP/1.1" 200 122 "http://renault.activities.at/result?dir=DESC&mode=grid&order=name&limit=15&page=2&search=Poster" "Mozilla/5.0 (Windows NT 10.0; Win64; x64) AppleWebKit/537.36 (KHTML, like Gecko) Chrome/80.0.3987.116 Safari/537.36"
80.120.5.131 - - [21/Feb/2020:17:57:27 +0100] "GET /result?searchterm=true&search=Captur HTTP/1.1" 200 77228 "http://renault.activities.at/result?dir=DESC&mode=grid&order=name&limit=15&page=2&search=Poster" "Mozilla/5.0 (Windows NT 10.0; Win64; x64) AppleWebKit/537.36 (KHTML, like Gecko) Chrome/80.0.3987.116 Safari/537.36"
80.120.5.131 - - [21/Feb/2020:17:57:30 +0100] "GET /loadthumbnail.php?id=12174331&width=113 HTTP/1.1" 200 6225 "http://renault.activities.at/result?searchterm=true&search=Captur" "Mozilla/5.0 (Windows NT 10.0; Win64; x64) AppleWebKit/537.36 (KHTML, like Gecko) Chrome/80.0.3987.116 Safari/537.36"
80.120.5.131 - - [21/Feb/2020:17:57:30 +0100] "GET /loadthumbnail.php?id=11181180&width=113 HTTP/1.1" 200 1978 "http://renault.activities.at/result?searchterm=true&search=Captur" "Mozilla/5.0 (Windows NT 10.0; Win64; x64) AppleWebKit/537.36 (KHTML, like Gecko) Chrome/80.0.3987.116 Safari/537.36"
80.120.5.131 - - [21/Feb/2020:17:57:30 +0100] "GET /loadthumbnail.php?id=11181187&width=113 HTTP/1.1" 200 1676 "http://renault.activities.at/result?searchterm=true&search=Captur" "Mozilla/5.0 (Windows NT 10.0; Win64; x64) AppleWebKit/537.36 (KHTML, like Gecko) Chrome/80.0.3987.116 Safari/537.36"
80.120.5.131 - - [21/Feb/2020:17:57:30 +0100] "GET /loadthumbnail.php?id=11181185&width=113 HTTP/1.1" 200 1676 "http://renault.activities.at/result?searchterm=true&search=Captur" "Mozilla/5.0 (Windows NT 10.0; Win64; x64) AppleWebKit/537.36 (KHTML, like Gecko) Chrome/80.0.3987.116 Safari/537.36"
80.120.5.131 - - [21/Feb/2020:17:57:30 +0100] "GET /loadthumbnail.php?id=12153814&width=113 HTTP/1.1" 200 3380 "http://renault.activities.at/result?searchterm=true&search=Captur" "Mozilla/5.0 (Windows NT 10.0; Win64; x64) AppleWebKit/537.36 (KHTML, like Gecko) Chrome/80.0.3987.116 Safari/537.36"
80.120.5.131 - - [21/Feb/2020:17:57:30 +0100] "GET /loadthumbnail.php?id=12010039&width=113 HTTP/1.1" 200 19389 "http://renault.activities.at/result?searchterm=true&search=Captur" "Mozilla/5.0 (Windows NT 10.0; Win64; x64) AppleWebKit/537.36 (KHTML, like Gecko) Chrome/80.0.3987.116 Safari/537.36"
80.120.5.131 - - [21/Feb/2020:17:57:30 +0100] "GET /loadthumbnail.php?id=11194713&width=113 HTTP/1.1" 200 1338 "http://renault.activities.at/result?searchterm=true&search=Captur" "Mozilla/5.0 (Windows NT 10.0; Win64; x64) AppleWebKit/537.36 (KHTML, like Gecko) Chrome/80.0.3987.116 Safari/537.36"
80.120.5.131 - - [21/Feb/2020:17:57:30 +0100] "GET /loadthumbnail.php?id=11181178&width=113 HTTP/1.1" 200 1978 "http://renault.activities.at/result?searchterm=true&search=Captur" "Mozilla/5.0 (Windows NT 10.0; Win64; x64) AppleWebKit/537.36 (KHTML, like Gecko) Chrome/80.0.3987.116 Safari/537.36"
80.120.5.131 - - [21/Feb/2020:17:57:30 +0100] "GET /loadthumbnail.php?id=11181221&width=113 HTTP/1.1" 200 1338 "http://renault.activities.at/result?searchterm=true&search=Captur" "Mozilla/5.0 (Windows NT 10.0; Win64; x64) AppleWebKit/537.36 (KHTML, like Gecko) Chrome/80.0.3987.116 Safari/537.36"
80.120.5.131 - - [21/Feb/2020:17:57:30 +0100] "GET /loadthumbnail.php?id=11181223&width=113 HTTP/1.1" 200 1338 "http://renault.activities.at/result?searchterm=true&search=Captur" "Mozilla/5.0 (Windows NT 10.0; Win64; x64) AppleWebKit/537.36 (KHTML, like Gecko) Chrome/80.0.3987.116 Safari/537.36"
80.120.5.131 - - [21/Feb/2020:17:57:30 +0100] "GET /loadthumbnail.php?id=11181168&width=113 HTTP/1.1" 200 1005 "http://renault.activities.at/result?searchterm=true&search=Captur" "Mozilla/5.0 (Windows NT 10.0; Win64; x64) AppleWebKit/537.36 (KHTML, like Gecko) Chrome/80.0.3987.116 Safari/537.36"
80.120.5.131 - - [21/Feb/2020:17:57:30 +0100] "GET /loadthumbnail.php?id=11181166&width=113 HTTP/1.1" 200 1005 "http://renault.activities.at/result?searchterm=true&search=Captur" "Mozilla/5.0 (Windows NT 10.0; Win64; x64) AppleWebKit/537.36 (KHTML, like Gecko) Chrome/80.0.3987.116 Safari/537.36"
80.120.5.131 - - [21/Feb/2020:17:57:30 +0100] "GET /loadthumbnail.php?id=11181172&width=113 HTTP/1.1" 200 1723 "http://renault.activities.at/result?searchterm=true&search=Captur" "Mozilla/5.0 (Windows NT 10.0; Win64; x64) AppleWebKit/537.36 (KHTML, like Gecko) Chrome/80.0.3987.116 Safari/537.36"
80.120.5.131 - - [21/Feb/2020:17:57:30 +0100] "GET /loadthumbnail.php?id=11181170&width=113 HTTP/1.1" 200 1723 "http://renault.activities.at/result?searchterm=true&search=Captur" "Mozilla/5.0 (Windows NT 10.0; Win64; x64) AppleWebKit/537.36 (KHTML, like Gecko) Chrome/80.0.3987.116 Safari/537.36"
80.120.5.131 - - [21/Feb/2020:17:57:30 +0100] "GET /loadthumbnail.php?id=12150120&width=113 HTTP/1.1" 200 1660 "http://renault.activities.at/result?searchterm=true&search=Captur" "Mozilla/5.0 (Windows NT 10.0; Win64; x64) AppleWebKit/537.36 (KHTML, like Gecko) Chrome/80.0.3987.116 Safari/537.36"
80.120.5.131 - - [21/Feb/2020:17:57:38 +0100] "GET /result?dir=DESC&mode=grid&order=name&limit=15&page=2&search=Captur HTTP/1.1" 200 52435 "http://renault.activities.at/result?searchterm=true&search=Captur" "Mozilla/5.0 (Windows NT 10.0; Win64; x64) AppleWebKit/537.36 (KHTML, like Gecko) Chrome/80.0.3987.116 Safari/537.36"
80.120.5.131 - - [21/Feb/2020:17:57:41 +0100] "GET /loadthumbnail.php?id=12150121&width=113 HTTP/1.1" 200 1934 "http://renault.activities.at/result?dir=DESC&mode=grid&order=name&limit=15&page=2&search=Captur" "Mozilla/5.0 (Windows NT 10.0; Win64; x64) AppleWebKit/537.36 (KHTML, like Gecko) Chrome/80.0.3987.116 Safari/537.36"
80.120.5.131 - - [21/Feb/2020:17:57:41 +0100] "GET /loadthumbnail.php?id=12176975&width=113 HTTP/1.1" 200 3470 "http://renault.activities.at/result?dir=DESC&mode=grid&order=name&limit=15&page=2&search=Captur" "Mozilla/5.0 (Windows NT 10.0; Win64; x64) AppleWebKit/537.36 (KHTML, like Gecko) Chrome/80.0.3987.116 Safari/537.36"
80.120.5.131 - - [21/Feb/2020:17:57:41 +0100] "GET /loadthumbnail.php?id=10995605&width=113 HTTP/1.1" 200 1431 "http://renault.activities.at/result?dir=DESC&mode=grid&order=name&limit=15&page=2&search=Captur" "Mozilla/5.0 (Windows NT 10.0; Win64; x64) AppleWebKit/537.36 (KHTML, like Gecko) Chrome/80.0.3987.116 Safari/537.36"
80.120.5.131 - - [21/Feb/2020:17:57:41 +0100] "GET /loadthumbnail.php?id=11715013&width=113 HTTP/1.1" 200 33828 "http://renault.activities.at/result?dir=DESC&mode=grid&order=name&limit=15&page=2&search=Captur" "Mozilla/5.0 (Windows NT 10.0; Win64; x64) AppleWebKit/537.36 (KHTML, like Gecko) Chrome/80.0.3987.116 Safari/537.36"
80.120.5.131 - - [21/Feb/2020:17:57:41 +0100] "GET /loadthumbnail.php?id=11334755&width=113 HTTP/1.1" 200 23942 "http://renault.activities.at/result?dir=DESC&mode=grid&order=name&limit=15&page=2&search=Captur" "Mozilla/5.0 (Windows NT 10.0; Win64; x64) AppleWebKit/537.36 (KHTML, like Gecko) Chrome/80.0.3987.116 Safari/537.36"
80.120.5.131 - - [21/Feb/2020:17:57:45 +0100] "GET /images/vista-dn-hover.gif HTTP/1.1" 200 127 "http://renault.activities.at/css/styles.css" "Mozilla/5.0 (Windows NT 10.0; Win64; x64) AppleWebKit/537.36 (KHTML, like Gecko) Chrome/80.0.3987.116 Safari/537.36"
212.152.246.129 - - [21/Feb/2020:17:57:57 +0100] "GET /reload?ser=1582304277881 HTTP/1.1" 200 28 "http://renault.activities.at/success" "Mozilla/5.0 (Windows NT 10.0; WOW64; Trident/7.0; rv:11.0) like Gecko"
80.120.5.131 - - [21/Feb/2020:17:58:03 +0100] "POST /result?dir=DESC&mode=grid&order=name&limit=15&page=2&search=Captur HTTP/1.1" 200 53078 "http://renault.activities.at/result?dir=DESC&mode=grid&order=name&limit=15&page=2&search=Captur" "Mozilla/5.0 (Windows NT 10.0; Win64; x64) AppleWebKit/537.36 (KHTML, like Gecko) Chrome/80.0.3987.116 Safari/537.36"
80.120.5.131 - - [21/Feb/2020:17:58:11 +0100] "POST /axjaxrequest?mode=suggest HTTP/1.1" 200 124 "http://renault.activities.at/result?dir=DESC&mode=grid&order=name&limit=15&page=2&search=Captur" "Mozilla/5.0 (Windows NT 10.0; Win64; x64) AppleWebKit/537.36 (KHTML, like Gecko) Chrome/80.0.3987.116 Safari/537.36"
80.120.5.131 - - [21/Feb/2020:17:58:12 +0100] "GET /result?searchterm=true&search=Sandero HTTP/1.1" 200 48565 "http://renault.activities.at/result?dir=DESC&mode=grid&order=name&limit=15&page=2&search=Captur" "Mozilla/5.0 (Windows NT 10.0; Win64; x64) AppleWebKit/537.36 (KHTML, like Gecko) Chrome/80.0.3987.116 Safari/537.36"
80.120.5.131 - - [21/Feb/2020:17:58:15 +0100] "GET /loadthumbnail.php?id=12174322&width=113 HTTP/1.1" 200 6514 "http://renault.activities.at/result?searchterm=true&search=Sandero" "Mozilla/5.0 (Windows NT 10.0; Win64; x64) AppleWebKit/537.36 (KHTML, like Gecko) Chrome/80.0.3987.116 Safari/537.36"
80.120.5.131 - - [21/Feb/2020:17:58:15 +0100] "GET /loadthumbnail.php?id=12047627&width=113 HTTP/1.1" 200 3758 "http://renault.activities.at/result?searchterm=true&search=Sandero" "Mozilla/5.0 (Windows NT 10.0; Win64; x64) AppleWebKit/537.36 (KHTML, like Gecko) Chrome/80.0.3987.116 Safari/537.36"
80.120.5.131 - - [21/Feb/2020:17:58:15 +0100] "GET /loadthumbnail.php?id=10260863&width=113 HTTP/1.1" 200 1400 "http://renault.activities.at/result?searchterm=true&search=Sandero" "Mozilla/5.0 (Windows NT 10.0; Win64; x64) AppleWebKit/537.36 (KHTML, like Gecko) Chrome/80.0.3987.116 Safari/537.36"
80.120.5.131 - - [21/Feb/2020:17:58:15 +0100] "GET /loadthumbnail.php?id=11798476&width=113 HTTP/1.1" 200 2643 "http://renault.activities.at/result?searchterm=true&search=Sandero" "Mozilla/5.0 (Windows NT 10.0; Win64; x64) AppleWebKit/537.36 (KHTML, like Gecko) Chrome/80.0.3987.116 Safari/537.36"
80.120.5.131 - - [21/Feb/2020:17:58:15 +0100] "GET /loadthumbnail.php?id=11715005&width=113 HTTP/1.1" 200 30105 "http://renault.activities.at/result?searchterm=true&search=Sandero" "Mozilla/5.0 (Windows NT 10.0; Win64; x64) AppleWebKit/537.36 (KHTML, like Gecko) Chrome/80.0.3987.116 Safari/537.36"
80.120.5.131 - - [21/Feb/2020:17:58:22 +0100] "POST /result?searchterm=true&search=Sandero HTTP/1.1" 200 49199 "http://renault.activities.at/result?searchterm=true&search=Sandero" "Mozilla/5.0 (Windows NT 10.0; Win64; x64) AppleWebKit/537.36 (KHTML, like Gecko) Chrome/80.0.3987.116 Safari/537.36"
80.122.221.194 - - [21/Feb/2020:17:58:27 +0100] "GET /reload?ser=1582304307912 HTTP/1.1" 200 1238 "http://renault.activities.at/cart" "Mozilla/5.0 (Windows NT 10.0; Win64; x64) AppleWebKit/537.36 (KHTML, like Gecko) Chrome/70.0.3538.102 Safari/537.36 Edge/18.18363"
80.120.5.131 - - [21/Feb/2020:17:58:30 +0100] "POST /axjaxrequest?mode=suggest HTTP/1.1" 200 122 "http://renault.activities.at/result?searchterm=true&search=Sandero" "Mozilla/5.0 (Windows NT 10.0; Win64; x64) AppleWebKit/537.36 (KHTML, like Gecko) Chrome/80.0.3987.116 Safari/537.36"
80.120.5.131 - - [21/Feb/2020:17:58:30 +0100] "GET /result?searchterm=true&search=Duster HTTP/1.1" 200 51436 "http://renault.activities.at/result?searchterm=true&search=Sandero" "Mozilla/5.0 (Windows NT 10.0; Win64; x64) AppleWebKit/537.36 (KHTML, like Gecko) Chrome/80.0.3987.116 Safari/537.36"
80.120.5.131 - - [21/Feb/2020:17:58:33 +0100] "GET /loadthumbnail.php?id=12018229&width=113 HTTP/1.1" 200 3034 "http://renault.activities.at/result?searchterm=true&search=Duster" "Mozilla/5.0 (Windows NT 10.0; Win64; x64) AppleWebKit/537.36 (KHTML, like Gecko) Chrome/80.0.3987.116 Safari/537.36"
80.120.5.131 - - [21/Feb/2020:17:58:33 +0100] "GET /loadthumbnail.php?id=12064393&width=113 HTTP/1.1" 200 2991 "http://renault.activities.at/result?searchterm=true&search=Duster" "Mozilla/5.0 (Windows NT 10.0; Win64; x64) AppleWebKit/537.36 (KHTML, like Gecko) Chrome/80.0.3987.116 Safari/537.36"
80.120.5.131 - - [21/Feb/2020:17:58:33 +0100] "GET /loadthumbnail.php?id=12174323&width=113 HTTP/1.1" 200 6567 "http://renault.activities.at/result?searchterm=true&search=Duster" "Mozilla/5.0 (Windows NT 10.0; Win64; x64) AppleWebKit/537.36 (KHTML, like Gecko) Chrome/80.0.3987.116 Safari/537.36"
80.120.5.131 - - [21/Feb/2020:17:58:33 +0100] "GET /loadthumbnail.php?id=11877757&width=113 HTTP/1.1" 200 32373 "http://renault.activities.at/result?searchterm=true&search=Duster" "Mozilla/5.0 (Windows NT 10.0; Win64; x64) AppleWebKit/537.36 (KHTML, like Gecko) Chrome/80.0.3987.116 Safari/537.36"
80.120.5.131 - - [21/Feb/2020:17:58:33 +0100] "GET /loadthumbnail.php?id=11715009&width=113 HTTP/1.1" 200 22272 "http://renault.activities.at/result?searchterm=true&search=Duster" "Mozilla/5.0 (Windows NT 10.0; Win64; x64) AppleWebKit/537.36 (KHTML, like Gecko) Chrome/80.0.3987.116 Safari/537.36"
80.120.5.131 - - [21/Feb/2020:17:58:41 +0100] "POST /result?searchterm=true&search=Duster HTTP/1.1" 200 52069 "http://renault.activities.at/result?searchterm=true&search=Duster" "Mozilla/5.0 (Windows NT 10.0; Win64; x64) AppleWebKit/537.36 (KHTML, like Gecko) Chrome/80.0.3987.116 Safari/537.36"
80.120.5.131 - - [21/Feb/2020:17:58:48 +0100] "POST /axjaxrequest?mode=suggest HTTP/1.1" 200 122 "http://renault.activities.at/result?searchterm=true&search=Duster" "Mozilla/5.0 (Windows NT 10.0; Win64; x64) AppleWebKit/537.36 (KHTML, like Gecko) Chrome/80.0.3987.116 Safari/537.36"
80.120.5.131 - - [21/Feb/2020:17:58:49 +0100] "GET /result?searchterm=true&search=Scenic HTTP/1.1" 200 77524 "http://renault.activities.at/result?searchterm=true&search=Duster" "Mozilla/5.0 (Windows NT 10.0; Win64; x64) AppleWebKit/537.36 (KHTML, like Gecko) Chrome/80.0.3987.116 Safari/537.36"
80.120.5.131 - - [21/Feb/2020:17:58:53 +0100] "GET /loadthumbnail.php?id=12174359&width=113 HTTP/1.1" 200 6165 "http://renault.activities.at/result?searchterm=true&search=Scenic" "Mozilla/5.0 (Windows NT 10.0; Win64; x64) AppleWebKit/537.36 (KHTML, like Gecko) Chrome/80.0.3987.116 Safari/537.36"
80.120.5.131 - - [21/Feb/2020:17:58:53 +0100] "GET /loadthumbnail.php?id=12122446&width=113 HTTP/1.1" 200 3828 "http://renault.activities.at/result?searchterm=true&search=Scenic" "Mozilla/5.0 (Windows NT 10.0; Win64; x64) AppleWebKit/537.36 (KHTML, like Gecko) Chrome/80.0.3987.116 Safari/537.36"
80.120.5.131 - - [21/Feb/2020:17:58:53 +0100] "GET /loadthumbnail.php?id=11186469&width=113 HTTP/1.1" 200 1432 "http://renault.activities.at/result?searchterm=true&search=Scenic" "Mozilla/5.0 (Windows NT 10.0; Win64; x64) AppleWebKit/537.36 (KHTML, like Gecko) Chrome/80.0.3987.116 Safari/537.36"
80.120.5.131 - - [21/Feb/2020:17:58:53 +0100] "GET /loadthumbnail.php?id=11181227&width=113 HTTP/1.1" 200 1469 "http://renault.activities.at/result?searchterm=true&search=Scenic" "Mozilla/5.0 (Windows NT 10.0; Win64; x64) AppleWebKit/537.36 (KHTML, like Gecko) Chrome/80.0.3987.116 Safari/537.36"
80.120.5.131 - - [21/Feb/2020:17:58:53 +0100] "GET /loadthumbnail.php?id=11194725&width=113 HTTP/1.1" 200 1469 "http://renault.activities.at/result?searchterm=true&search=Scenic" "Mozilla/5.0 (Windows NT 10.0; Win64; x64) AppleWebKit/537.36 (KHTML, like Gecko) Chrome/80.0.3987.116 Safari/537.36"
80.120.5.131 - - [21/Feb/2020:17:58:53 +0100] "GET /loadthumbnail.php?id=11181225&width=113 HTTP/1.1" 200 1469 "http://renault.activities.at/result?searchterm=true&search=Scenic" "Mozilla/5.0 (Windows NT 10.0; Win64; x64) AppleWebKit/537.36 (KHTML, like Gecko) Chrome/80.0.3987.116 Safari/537.36"
80.120.5.131 - - [21/Feb/2020:17:58:53 +0100] "GET /loadthumbnail.php?id=11186495&width=113 HTTP/1.1" 200 2095 "http://renault.activities.at/result?searchterm=true&search=Scenic" "Mozilla/5.0 (Windows NT 10.0; Win64; x64) AppleWebKit/537.36 (KHTML, like Gecko) Chrome/80.0.3987.116 Safari/537.36"
80.120.5.131 - - [21/Feb/2020:17:58:53 +0100] "GET /loadthumbnail.php?id=11186483&width=113 HTTP/1.1" 200 2095 "http://renault.activities.at/result?searchterm=true&search=Scenic" "Mozilla/5.0 (Windows NT 10.0; Win64; x64) AppleWebKit/537.36 (KHTML, like Gecko) Chrome/80.0.3987.116 Safari/537.36"
80.120.5.131 - - [21/Feb/2020:17:58:57 +0100] "GET /result?dir=DESC&mode=grid&order=name&limit=15&page=2&search=Scenic HTTP/1.1" 200 55196 "http://renault.activities.at/result?searchterm=true&search=Scenic" "Mozilla/5.0 (Windows NT 10.0; Win64; x64) AppleWebKit/537.36 (KHTML, like Gecko) Chrome/80.0.3987.116 Safari/537.36"
212.152.246.129 - - [21/Feb/2020:17:58:58 +0100] "GET /reload?ser=1582304338886 HTTP/1.1" 200 28 "http://renault.activities.at/success" "Mozilla/5.0 (Windows NT 10.0; WOW64; Trident/7.0; rv:11.0) like Gecko"
80.120.5.131 - - [21/Feb/2020:17:58:59 +0100] "GET /loadthumbnail.php?id=11255648&width=113 HTTP/1.1" 200 1443 "http://renault.activities.at/result?dir=DESC&mode=grid&order=name&limit=15&page=2&search=Scenic" "Mozilla/5.0 (Windows NT 10.0; Win64; x64) AppleWebKit/537.36 (KHTML, like Gecko) Chrome/80.0.3987.116 Safari/537.36"
80.120.5.131 - - [21/Feb/2020:17:58:59 +0100] "GET /loadthumbnail.php?id=12022094&width=113 HTTP/1.1" 200 3672 "http://renault.activities.at/result?dir=DESC&mode=grid&order=name&limit=15&page=2&search=Scenic" "Mozilla/5.0 (Windows NT 10.0; Win64; x64) AppleWebKit/537.36 (KHTML, like Gecko) Chrome/80.0.3987.116 Safari/537.36"
80.120.5.131 - - [21/Feb/2020:17:59:07 +0100] "POST /result?dir=DESC&mode=grid&order=name&limit=15&page=2&search=Scenic HTTP/1.1" 200 55837 "http://renault.activities.at/result?dir=DESC&mode=grid&order=name&limit=15&page=2&search=Scenic" "Mozilla/5.0 (Windows NT 10.0; Win64; x64) AppleWebKit/537.36 (KHTML, like Gecko) Chrome/80.0.3987.116 Safari/537.36"
80.120.5.131 - - [21/Feb/2020:17:59:16 +0100] "GET /action HTTP/1.1" 200 24143 "http://renault.activities.at/result?dir=DESC&mode=grid&order=name&limit=15&page=2&search=Scenic" "Mozilla/5.0 (Windows NT 10.0; Win64; x64) AppleWebKit/537.36 (KHTML, like Gecko) Chrome/80.0.3987.116 Safari/537.36"
80.120.5.131 - - [21/Feb/2020:17:59:18 +0100] "GET /images/note_msg_icon.gif HTTP/1.1" 200 1022 "http://renault.activities.at/css/styles.css" "Mozilla/5.0 (Windows NT 10.0; Win64; x64) AppleWebKit/537.36 (KHTML, like Gecko) Chrome/80.0.3987.116 Safari/537.36"
80.122.221.194 - - [21/Feb/2020:17:59:28 +0100] "GET /reload?ser=1582304368906 HTTP/1.1" 200 1240 "http://renault.activities.at/cart" "Mozilla/5.0 (Windows NT 10.0; Win64; x64) AppleWebKit/537.36 (KHTML, like Gecko) Chrome/70.0.3538.102 Safari/537.36 Edge/18.18363"
212.152.246.129 - - [21/Feb/2020:17:59:59 +0100] "GET /reload?ser=1582304399805 HTTP/1.1" 200 28 "http://renault.activities.at/success" "Mozilla/5.0 (Windows NT 10.0; WOW64; Trident/7.0; rv:11.0) like Gecko"
80.120.5.131 - - [21/Feb/2020:18:00:07 +0100] "GET /10260004 HTTP/1.1" 200 56071 "http://renault.activities.at/action" "Mozilla/5.0 (Windows NT 10.0; Win64; x64) AppleWebKit/537.36 (KHTML, like Gecko) Chrome/80.0.3987.116 Safari/537.36"
80.120.5.131 - - [21/Feb/2020:18:00:08 +0100] "GET /images/sub_title_bg.jpg HTTP/1.1" 200 314 "http://renault.activities.at/css/styles.css" "Mozilla/5.0 (Windows NT 10.0; Win64; x64) AppleWebKit/537.36 (KHTML, like Gecko) Chrome/80.0.3987.116 Safari/537.36"
80.120.5.131 - - [21/Feb/2020:18:00:08 +0100] "GET /loadthumbnail.php?id=10562347&width=113 HTTP/1.1" 200 5158 "http://renault.activities.at/10260004" "Mozilla/5.0 (Windows NT 10.0; Win64; x64) AppleWebKit/537.36 (KHTML, like Gecko) Chrome/80.0.3987.116 Safari/537.36"
80.120.5.131 - - [21/Feb/2020:18:00:08 +0100] "GET /loadthumbnail.php?id=10562346&width=113 HTTP/1.1" 200 5459 "http://renault.activities.at/10260004" "Mozilla/5.0 (Windows NT 10.0; Win64; x64) AppleWebKit/537.36 (KHTML, like Gecko) Chrome/80.0.3987.116 Safari/537.36"
80.120.5.131 - - [21/Feb/2020:18:00:16 +0100] "GET /10201633 HTTP/1.1" 200 78781 "http://renault.activities.at/10260004" "Mozilla/5.0 (Windows NT 10.0; Win64; x64) AppleWebKit/537.36 (KHTML, like Gecko) Chrome/80.0.3987.116 Safari/537.36"
80.120.5.131 - - [21/Feb/2020:18:00:19 +0100] "GET /loadthumbnail.php?id=12115542&width=113 HTTP/1.1" 200 6240 "http://renault.activities.at/10201633" "Mozilla/5.0 (Windows NT 10.0; Win64; x64) AppleWebKit/537.36 (KHTML, like Gecko) Chrome/80.0.3987.116 Safari/537.36"
80.120.5.131 - - [21/Feb/2020:18:00:19 +0100] "GET /loadthumbnail.php?id=12064387&width=113 HTTP/1.1" 200 3355 "http://renault.activities.at/10201633" "Mozilla/5.0 (Windows NT 10.0; Win64; x64) AppleWebKit/537.36 (KHTML, like Gecko) Chrome/80.0.3987.116 Safari/537.36"
80.120.5.131 - - [21/Feb/2020:18:00:19 +0100] "GET /loadthumbnail.php?id=12130670&width=113 HTTP/1.1" 200 8966 "http://renault.activities.at/10201633" "Mozilla/5.0 (Windows NT 10.0; Win64; x64) AppleWebKit/537.36 (KHTML, like Gecko) Chrome/80.0.3987.116 Safari/537.36"
80.120.5.131 - - [21/Feb/2020:18:00:19 +0100] "GET /loadthumbnail.php?id=11121996&width=113 HTTP/1.1" 200 2346 "http://renault.activities.at/10201633" "Mozilla/5.0 (Windows NT 10.0; Win64; x64) AppleWebKit/537.36 (KHTML, like Gecko) Chrome/80.0.3987.116 Safari/537.36"
80.120.5.131 - - [21/Feb/2020:18:00:19 +0100] "GET /loadthumbnail.php?id=11194750&width=113 HTTP/1.1" 200 2469 "http://renault.activities.at/10201633" "Mozilla/5.0 (Windows NT 10.0; Win64; x64) AppleWebKit/537.36 (KHTML, like Gecko) Chrome/80.0.3987.116 Safari/537.36"
80.120.5.131 - - [21/Feb/2020:18:00:19 +0100] "GET /loadthumbnail.php?id=12130660&width=113 HTTP/1.1" 200 9075 "http://renault.activities.at/10201633" "Mozilla/5.0 (Windows NT 10.0; Win64; x64) AppleWebKit/537.36 (KHTML, like Gecko) Chrome/80.0.3987.116 Safari/537.36"
80.120.5.131 - - [21/Feb/2020:18:00:19 +0100] "GET /loadthumbnail.php?id=12197903&width=113 HTTP/1.1" 200 30585 "http://renault.activities.at/10201633" "Mozilla/5.0 (Windows NT 10.0; Win64; x64) AppleWebKit/537.36 (KHTML, like Gecko) Chrome/80.0.3987.116 Safari/537.36"
80.120.5.131 - - [21/Feb/2020:18:00:19 +0100] "GET /loadthumbnail.php?id=10460287&width=113 HTTP/1.1" 200 2261 "http://renault.activities.at/10201633" "Mozilla/5.0 (Windows NT 10.0; Win64; x64) AppleWebKit/537.36 (KHTML, like Gecko) Chrome/80.0.3987.116 Safari/537.36"
80.120.5.131 - - [21/Feb/2020:18:00:19 +0100] "GET /loadthumbnail.php?id=11431080&width=113 HTTP/1.1" 200 4176 "http://renault.activities.at/10201633" "Mozilla/5.0 (Windows NT 10.0; Win64; x64) AppleWebKit/537.36 (KHTML, like Gecko) Chrome/80.0.3987.116 Safari/537.36"
80.120.5.131 - - [21/Feb/2020:18:00:19 +0100] "GET /loadthumbnail.php?id=11146700&width=113 HTTP/1.1" 200 1575 "http://renault.activities.at/10201633" "Mozilla/5.0 (Windows NT 10.0; Win64; x64) AppleWebKit/537.36 (KHTML, like Gecko) Chrome/80.0.3987.116 Safari/537.36"
80.120.5.131 - - [21/Feb/2020:18:00:19 +0100] "GET /loadthumbnail.php?id=11075492&width=113 HTTP/1.1" 200 2473 "http://renault.activities.at/10201633" "Mozilla/5.0 (Windows NT 10.0; Win64; x64) AppleWebKit/537.36 (KHTML, like Gecko) Chrome/80.0.3987.116 Safari/537.36"
80.120.5.131 - - [21/Feb/2020:18:00:19 +0100] "GET /loadthumbnail.php?id=11434114&width=113 HTTP/1.1" 200 4679 "http://renault.activities.at/10201633" "Mozilla/5.0 (Windows NT 10.0; Win64; x64) AppleWebKit/537.36 (KHTML, like Gecko) Chrome/80.0.3987.116 Safari/537.36"
80.120.5.131 - - [21/Feb/2020:18:00:20 +0100] "GET /loadthumbnail.php?id=10745359&width=113 HTTP/1.1" 200 4330 "http://renault.activities.at/10201633" "Mozilla/5.0 (Windows NT 10.0; Win64; x64) AppleWebKit/537.36 (KHTML, like Gecko) Chrome/80.0.3987.116 Safari/537.36"
80.120.5.131 - - [21/Feb/2020:18:00:25 +0100] "GET /10260016 HTTP/1.1" 200 43495 "http://renault.activities.at/10201633" "Mozilla/5.0 (Windows NT 10.0; Win64; x64) AppleWebKit/537.36 (KHTML, like Gecko) Chrome/80.0.3987.116 Safari/537.36"
80.120.5.131 - - [21/Feb/2020:18:00:27 +0100] "GET /loadthumbnail.php?id=10633817&width=113 HTTP/1.1" 200 2741 "http://renault.activities.at/10260016" "Mozilla/5.0 (Windows NT 10.0; Win64; x64) AppleWebKit/537.36 (KHTML, like Gecko) Chrome/80.0.3987.116 Safari/537.36"
80.122.221.194 - - [21/Feb/2020:18:00:29 +0100] "GET /reload?ser=1582304429905 HTTP/1.1" 200 1234 "http://renault.activities.at/cart" "Mozilla/5.0 (Windows NT 10.0; Win64; x64) AppleWebKit/537.36 (KHTML, like Gecko) Chrome/70.0.3538.102 Safari/537.36 Edge/18.18363"
80.120.5.131 - - [21/Feb/2020:18:00:47 +0100] "POST /axjaxrequest?mode=suggest HTTP/1.1" 200 243 "http://renault.activities.at/10260016" "Mozilla/5.0 (Windows NT 10.0; Win64; x64) AppleWebKit/537.36 (KHTML, like Gecko) Chrome/80.0.3987.116 Safari/537.36"
80.120.5.131 - - [21/Feb/2020:18:00:48 +0100] "GET /result?searchterm=true&search=Kennzeichenblende HTTP/1.1" 200 76478 "http://renault.activities.at/10260016" "Mozilla/5.0 (Windows NT 10.0; Win64; x64) AppleWebKit/537.36 (KHTML, like Gecko) Chrome/80.0.3987.116 Safari/537.36"
80.120.5.131 - - [21/Feb/2020:18:00:51 +0100] "GET /loadthumbnail.php?id=10260910&width=113 HTTP/1.1" 200 3331 "http://renault.activities.at/result?searchterm=true&search=Kennzeichenblende" "Mozilla/5.0 (Windows NT 10.0; Win64; x64) AppleWebKit/537.36 (KHTML, like Gecko) Chrome/80.0.3987.116 Safari/537.36"
80.120.5.131 - - [21/Feb/2020:18:00:51 +0100] "GET /loadthumbnail.php?id=11036339&width=113 HTTP/1.1" 200 1507 "http://renault.activities.at/result?searchterm=true&search=Kennzeichenblende" "Mozilla/5.0 (Windows NT 10.0; Win64; x64) AppleWebKit/537.36 (KHTML, like Gecko) Chrome/80.0.3987.116 Safari/537.36"
80.120.5.131 - - [21/Feb/2020:18:00:51 +0100] "GET /loadthumbnail.php?id=11036127&width=113 HTTP/1.1" 200 1300 "http://renault.activities.at/result?searchterm=true&search=Kennzeichenblende" "Mozilla/5.0 (Windows NT 10.0; Win64; x64) AppleWebKit/537.36 (KHTML, like Gecko) Chrome/80.0.3987.116 Safari/537.36"
80.120.5.131 - - [21/Feb/2020:18:00:51 +0100] "GET /loadthumbnail.php?id=10261230&width=113 HTTP/1.1" 200 1400 "http://renault.activities.at/result?searchterm=true&search=Kennzeichenblende" "Mozilla/5.0 (Windows NT 10.0; Win64; x64) AppleWebKit/537.36 (KHTML, like Gecko) Chrome/80.0.3987.116 Safari/537.36"
80.120.5.131 - - [21/Feb/2020:18:00:51 +0100] "GET /loadthumbnail.php?id=11036124&width=113 HTTP/1.1" 200 1518 "http://renault.activities.at/result?searchterm=true&search=Kennzeichenblende" "Mozilla/5.0 (Windows NT 10.0; Win64; x64) AppleWebKit/537.36 (KHTML, like Gecko) Chrome/80.0.3987.116 Safari/537.36"
80.120.5.131 - - [21/Feb/2020:18:00:51 +0100] "GET /loadthumbnail.php?id=10260877&width=113 HTTP/1.1" 200 1400 "http://renault.activities.at/result?searchterm=true&search=Kennzeichenblende" "Mozilla/5.0 (Windows NT 10.0; Win64; x64) AppleWebKit/537.36 (KHTML, like Gecko) Chrome/80.0.3987.116 Safari/537.36"
80.120.5.131 - - [21/Feb/2020:18:00:51 +0100] "GET /loadthumbnail.php?id=10260861&width=113 HTTP/1.1" 200 1400 "http://renault.activities.at/result?searchterm=true&search=Kennzeichenblende" "Mozilla/5.0 (Windows NT 10.0; Win64; x64) AppleWebKit/537.36 (KHTML, like Gecko) Chrome/80.0.3987.116 Safari/537.36"
80.120.5.131 - - [21/Feb/2020:18:00:51 +0100] "GET /loadthumbnail.php?id=11885851&width=113 HTTP/1.1" 200 1703 "http://renault.activities.at/result?searchterm=true&search=Kennzeichenblende" "Mozilla/5.0 (Windows NT 10.0; Win64; x64) AppleWebKit/537.36 (KHTML, like Gecko) Chrome/80.0.3987.116 Safari/537.36"
80.120.5.131 - - [21/Feb/2020:18:00:51 +0100] "GET /loadthumbnail.php?id=11885850&width=113 HTTP/1.1" 200 1674 "http://renault.activities.at/result?searchterm=true&search=Kennzeichenblende" "Mozilla/5.0 (Windows NT 10.0; Win64; x64) AppleWebKit/537.36 (KHTML, like Gecko) Chrome/80.0.3987.116 Safari/537.36"
