80.120.5.131 - - [24/Feb/2020:14:24:11 +0100] "GET /reload?ser=1582550651691 HTTP/1.1" 200 2 "http://renault.activities.at/result?dir=DESC&mode=grid&order=name&limit=15&page=2&search=clio" "Mozilla/5.0 (Windows NT 10.0; WOW64; Trident/7.0; rv:11.0) like Gecko"
80.120.5.131 - - [24/Feb/2020:14:24:12 +0100] "GET /reload?ser=1582550652300 HTTP/1.1" 200 28 "http://renault.activities.at/result?searchterm=true&search=Vorsteuerabzugsberechtigt" "Mozilla/5.0 (Windows NT 10.0; Win64; x64) AppleWebKit/537.36 (KHTML, like Gecko) Chrome/80.0.3987.116 Safari/537.36"
193.194.132.29 - - [24/Feb/2020:14:24:27 +0100] "GET /reload?ser=1582550667139 HTTP/1.1" 200 28 "http://renault.2web.at/result?searchterm=true&search=kleber&loadrequest=true" "Mozilla/5.0 (Windows NT 10.0; WOW64; Trident/7.0; Touch; rv:11.0) like Gecko"
88.116.50.238 - - [24/Feb/2020:14:24:39 +0100] "GET /reload?ser=1582550679153 HTTP/1.1" 200 28 "http://renault.activities.at/success" "Mozilla/5.0 (Windows NT 10.0; Win64; x64) AppleWebKit/537.36 (KHTML, like Gecko) Chrome/80.0.3987.116 Safari/537.36"
80.122.221.194 - - [24/Feb/2020:14:25:10 +0100] "GET /reload?ser=1582550710102 HTTP/1.1" 200 28 "http://renault.activities.at/cart" "Mozilla/5.0 (Windows NT 10.0; Win64; x64) AppleWebKit/537.36 (KHTML, like Gecko) Chrome/70.0.3538.102 Safari/537.36 Edge/18.18363"
80.120.5.131 - - [24/Feb/2020:14:25:12 +0100] "GET /reload?ser=1582550712635 HTTP/1.1" 200 2 "http://renault.activities.at/result?dir=DESC&mode=grid&order=name&limit=15&page=2&search=clio" "Mozilla/5.0 (Windows NT 10.0; WOW64; Trident/7.0; rv:11.0) like Gecko"
80.120.5.131 - - [24/Feb/2020:14:25:13 +0100] "GET /reload?ser=1582550713299 HTTP/1.1" 200 28 "http://renault.activities.at/result?searchterm=true&search=Vorsteuerabzugsberechtigt" "Mozilla/5.0 (Windows NT 10.0; Win64; x64) AppleWebKit/537.36 (KHTML, like Gecko) Chrome/80.0.3987.116 Safari/537.36"
193.194.132.29 - - [24/Feb/2020:14:25:28 +0100] "GET /reload?ser=1582550728180 HTTP/1.1" 200 28 "http://renault.2web.at/result?searchterm=true&search=kleber&loadrequest=true" "Mozilla/5.0 (Windows NT 10.0; WOW64; Trident/7.0; Touch; rv:11.0) like Gecko"
88.116.50.238 - - [24/Feb/2020:14:25:40 +0100] "GET /reload?ser=1582550740156 HTTP/1.1" 200 28 "http://renault.activities.at/success" "Mozilla/5.0 (Windows NT 10.0; Win64; x64) AppleWebKit/537.36 (KHTML, like Gecko) Chrome/80.0.3987.116 Safari/537.36"
80.122.221.194 - - [24/Feb/2020:14:26:10 +0100] "GET /reload?ser=1582550770742 HTTP/1.1" 200 28 "http://renault.activities.at/cart" "Mozilla/5.0 (Windows NT 10.0; Win64; x64) AppleWebKit/537.36 (KHTML, like Gecko) Chrome/70.0.3538.102 Safari/537.36 Edge/18.18363"
80.120.5.131 - - [24/Feb/2020:14:26:13 +0100] "GET /reload?ser=1582550773581 HTTP/1.1" 200 2 "http://renault.activities.at/result?dir=DESC&mode=grid&order=name&limit=15&page=2&search=clio" "Mozilla/5.0 (Windows NT 10.0; WOW64; Trident/7.0; rv:11.0) like Gecko"
80.120.5.131 - - [24/Feb/2020:14:26:14 +0100] "GET /reload?ser=1582550774300 HTTP/1.1" 200 28 "http://renault.activities.at/result?searchterm=true&search=Vorsteuerabzugsberechtigt" "Mozilla/5.0 (Windows NT 10.0; Win64; x64) AppleWebKit/537.36 (KHTML, like Gecko) Chrome/80.0.3987.116 Safari/537.36"
193.194.132.29 - - [24/Feb/2020:14:26:29 +0100] "GET /reload?ser=1582550789251 HTTP/1.1" 200 28 "http://renault.2web.at/result?searchterm=true&search=kleber&loadrequest=true" "Mozilla/5.0 (Windows NT 10.0; WOW64; Trident/7.0; Touch; rv:11.0) like Gecko"
88.116.50.238 - - [24/Feb/2020:14:26:41 +0100] "GET /reload?ser=1582550801151 HTTP/1.1" 200 28 "http://renault.activities.at/success" "Mozilla/5.0 (Windows NT 10.0; Win64; x64) AppleWebKit/537.36 (KHTML, like Gecko) Chrome/80.0.3987.116 Safari/537.36"
80.122.221.194 - - [24/Feb/2020:14:27:11 +0100] "GET /reload?ser=1582550831375 HTTP/1.1" 200 28 "http://renault.activities.at/cart" "Mozilla/5.0 (Windows NT 10.0; Win64; x64) AppleWebKit/537.36 (KHTML, like Gecko) Chrome/70.0.3538.102 Safari/537.36 Edge/18.18363"
80.120.5.131 - - [24/Feb/2020:14:27:14 +0100] "GET /reload?ser=1582550834583 HTTP/1.1" 200 2 "http://renault.activities.at/result?dir=DESC&mode=grid&order=name&limit=15&page=2&search=clio" "Mozilla/5.0 (Windows NT 10.0; WOW64; Trident/7.0; rv:11.0) like Gecko"
80.120.5.131 - - [24/Feb/2020:14:27:15 +0100] "GET /reload?ser=1582550835299 HTTP/1.1" 200 28 "http://renault.activities.at/result?searchterm=true&search=Vorsteuerabzugsberechtigt" "Mozilla/5.0 (Windows NT 10.0; Win64; x64) AppleWebKit/537.36 (KHTML, like Gecko) Chrome/80.0.3987.116 Safari/537.36"
193.194.132.29 - - [24/Feb/2020:14:27:30 +0100] "GET /reload?ser=1582550850289 HTTP/1.1" 200 28 "http://renault.2web.at/result?searchterm=true&search=kleber&loadrequest=true" "Mozilla/5.0 (Windows NT 10.0; WOW64; Trident/7.0; Touch; rv:11.0) like Gecko"
88.116.50.238 - - [24/Feb/2020:14:27:42 +0100] "GET /reload?ser=1582550862154 HTTP/1.1" 200 28 "http://renault.activities.at/success" "Mozilla/5.0 (Windows NT 10.0; Win64; x64) AppleWebKit/537.36 (KHTML, like Gecko) Chrome/80.0.3987.116 Safari/537.36"
80.122.221.194 - - [24/Feb/2020:14:28:12 +0100] "GET /reload?ser=1582550892016 HTTP/1.1" 200 28 "http://renault.activities.at/cart" "Mozilla/5.0 (Windows NT 10.0; Win64; x64) AppleWebKit/537.36 (KHTML, like Gecko) Chrome/70.0.3538.102 Safari/537.36 Edge/18.18363"
80.120.5.131 - - [24/Feb/2020:14:28:15 +0100] "GET /reload?ser=1582550895555 HTTP/1.1" 200 2 "http://renault.activities.at/result?dir=DESC&mode=grid&order=name&limit=15&page=2&search=clio" "Mozilla/5.0 (Windows NT 10.0; WOW64; Trident/7.0; rv:11.0) like Gecko"
80.120.5.131 - - [24/Feb/2020:14:28:16 +0100] "GET /reload?ser=1582550896300 HTTP/1.1" 200 28 "http://renault.activities.at/result?searchterm=true&search=Vorsteuerabzugsberechtigt" "Mozilla/5.0 (Windows NT 10.0; Win64; x64) AppleWebKit/537.36 (KHTML, like Gecko) Chrome/80.0.3987.116 Safari/537.36"
193.194.132.29 - - [24/Feb/2020:14:28:31 +0100] "GET /reload?ser=1582550911328 HTTP/1.1" 200 28 "http://renault.2web.at/result?searchterm=true&search=kleber&loadrequest=true" "Mozilla/5.0 (Windows NT 10.0; WOW64; Trident/7.0; Touch; rv:11.0) like Gecko"
88.116.50.238 - - [24/Feb/2020:14:28:43 +0100] "GET /reload?ser=1582550923155 HTTP/1.1" 200 28 "http://renault.activities.at/success" "Mozilla/5.0 (Windows NT 10.0; Win64; x64) AppleWebKit/537.36 (KHTML, like Gecko) Chrome/80.0.3987.116 Safari/537.36"
80.122.221.194 - - [24/Feb/2020:14:29:13 +0100] "GET /reload?ser=1582550953109 HTTP/1.1" 200 28 "http://renault.activities.at/cart" "Mozilla/5.0 (Windows NT 10.0; Win64; x64) AppleWebKit/537.36 (KHTML, like Gecko) Chrome/70.0.3538.102 Safari/537.36 Edge/18.18363"
80.120.5.131 - - [24/Feb/2020:14:29:16 +0100] "GET /reload?ser=1582550956499 HTTP/1.1" 200 2 "http://renault.activities.at/result?dir=DESC&mode=grid&order=name&limit=15&page=2&search=clio" "Mozilla/5.0 (Windows NT 10.0; WOW64; Trident/7.0; rv:11.0) like Gecko"
80.120.5.131 - - [24/Feb/2020:14:29:17 +0100] "GET /reload?ser=1582550957300 HTTP/1.1" 200 28 "http://renault.activities.at/result?searchterm=true&search=Vorsteuerabzugsberechtigt" "Mozilla/5.0 (Windows NT 10.0; Win64; x64) AppleWebKit/537.36 (KHTML, like Gecko) Chrome/80.0.3987.116 Safari/537.36"
193.194.132.29 - - [24/Feb/2020:14:29:32 +0100] "GET /reload?ser=1582550972385 HTTP/1.1" 200 28 "http://renault.2web.at/result?searchterm=true&search=kleber&loadrequest=true" "Mozilla/5.0 (Windows NT 10.0; WOW64; Trident/7.0; Touch; rv:11.0) like Gecko"
88.116.50.238 - - [24/Feb/2020:14:29:44 +0100] "GET /reload?ser=1582550984153 HTTP/1.1" 200 28 "http://renault.activities.at/success" "Mozilla/5.0 (Windows NT 10.0; Win64; x64) AppleWebKit/537.36 (KHTML, like Gecko) Chrome/80.0.3987.116 Safari/537.36"
80.122.221.194 - - [24/Feb/2020:14:30:14 +0100] "GET /reload?ser=1582551014097 HTTP/1.1" 200 28 "http://renault.activities.at/cart" "Mozilla/5.0 (Windows NT 10.0; Win64; x64) AppleWebKit/537.36 (KHTML, like Gecko) Chrome/70.0.3538.102 Safari/537.36 Edge/18.18363"
80.120.5.131 - - [24/Feb/2020:14:30:17 +0100] "GET /reload?ser=1582551017456 HTTP/1.1" 200 2 "http://renault.activities.at/result?dir=DESC&mode=grid&order=name&limit=15&page=2&search=clio" "Mozilla/5.0 (Windows NT 10.0; WOW64; Trident/7.0; rv:11.0) like Gecko"
80.120.5.131 - - [24/Feb/2020:14:30:18 +0100] "GET /reload?ser=1582551018300 HTTP/1.1" 200 28 "http://renault.activities.at/result?searchterm=true&search=Vorsteuerabzugsberechtigt" "Mozilla/5.0 (Windows NT 10.0; Win64; x64) AppleWebKit/537.36 (KHTML, like Gecko) Chrome/80.0.3987.116 Safari/537.36"
193.194.132.29 - - [24/Feb/2020:14:30:33 +0100] "GET /reload?ser=1582551033421 HTTP/1.1" 200 28 "http://renault.2web.at/result?searchterm=true&search=kleber&loadrequest=true" "Mozilla/5.0 (Windows NT 10.0; WOW64; Trident/7.0; Touch; rv:11.0) like Gecko"
88.116.50.238 - - [24/Feb/2020:14:30:45 +0100] "GET /reload?ser=1582551045154 HTTP/1.1" 200 28 "http://renault.activities.at/success" "Mozilla/5.0 (Windows NT 10.0; Win64; x64) AppleWebKit/537.36 (KHTML, like Gecko) Chrome/80.0.3987.116 Safari/537.36"
80.122.221.194 - - [24/Feb/2020:14:31:14 +0100] "GET /reload?ser=1582551074739 HTTP/1.1" 200 28 "http://renault.activities.at/cart" "Mozilla/5.0 (Windows NT 10.0; Win64; x64) AppleWebKit/537.36 (KHTML, like Gecko) Chrome/70.0.3538.102 Safari/537.36 Edge/18.18363"
80.120.5.131 - - [24/Feb/2020:14:31:18 +0100] "GET /reload?ser=1582551078401 HTTP/1.1" 200 2 "http://renault.activities.at/result?dir=DESC&mode=grid&order=name&limit=15&page=2&search=clio" "Mozilla/5.0 (Windows NT 10.0; WOW64; Trident/7.0; rv:11.0) like Gecko"
80.120.5.131 - - [24/Feb/2020:14:31:19 +0100] "GET /reload?ser=1582551079300 HTTP/1.1" 200 28 "http://renault.activities.at/result?searchterm=true&search=Vorsteuerabzugsberechtigt" "Mozilla/5.0 (Windows NT 10.0; Win64; x64) AppleWebKit/537.36 (KHTML, like Gecko) Chrome/80.0.3987.116 Safari/537.36"
193.194.132.29 - - [24/Feb/2020:14:31:34 +0100] "GET /reload?ser=1582551094460 HTTP/1.1" 200 28 "http://renault.2web.at/result?searchterm=true&search=kleber&loadrequest=true" "Mozilla/5.0 (Windows NT 10.0; WOW64; Trident/7.0; Touch; rv:11.0) like Gecko"
88.116.50.238 - - [24/Feb/2020:14:31:46 +0100] "GET /reload?ser=1582551106156 HTTP/1.1" 200 28 "http://renault.activities.at/success" "Mozilla/5.0 (Windows NT 10.0; Win64; x64) AppleWebKit/537.36 (KHTML, like Gecko) Chrome/80.0.3987.116 Safari/537.36"
80.122.221.194 - - [24/Feb/2020:14:32:15 +0100] "GET /reload?ser=1582551135387 HTTP/1.1" 200 28 "http://renault.activities.at/cart" "Mozilla/5.0 (Windows NT 10.0; Win64; x64) AppleWebKit/537.36 (KHTML, like Gecko) Chrome/70.0.3538.102 Safari/537.36 Edge/18.18363"
80.120.5.131 - - [24/Feb/2020:14:32:19 +0100] "GET /reload?ser=1582551139619 HTTP/1.1" 200 2 "http://renault.activities.at/result?dir=DESC&mode=grid&order=name&limit=15&page=2&search=clio" "Mozilla/5.0 (Windows NT 10.0; WOW64; Trident/7.0; rv:11.0) like Gecko"
80.120.5.131 - - [24/Feb/2020:14:32:21 +0100] "GET /reload?ser=1582551141299 HTTP/1.1" 200 28 "http://renault.activities.at/result?searchterm=true&search=Vorsteuerabzugsberechtigt" "Mozilla/5.0 (Windows NT 10.0; Win64; x64) AppleWebKit/537.36 (KHTML, like Gecko) Chrome/80.0.3987.116 Safari/537.36"
193.194.132.29 - - [24/Feb/2020:14:32:35 +0100] "GET /reload?ser=1582551155521 HTTP/1.1" 200 28 "http://renault.2web.at/result?searchterm=true&search=kleber&loadrequest=true" "Mozilla/5.0 (Windows NT 10.0; WOW64; Trident/7.0; Touch; rv:11.0) like Gecko"
88.116.50.238 - - [24/Feb/2020:14:32:47 +0100] "GET /reload?ser=1582551167150 HTTP/1.1" 200 28 "http://renault.activities.at/success" "Mozilla/5.0 (Windows NT 10.0; Win64; x64) AppleWebKit/537.36 (KHTML, like Gecko) Chrome/80.0.3987.116 Safari/537.36"
80.122.221.194 - - [24/Feb/2020:14:33:16 +0100] "GET /reload?ser=1582551196037 HTTP/1.1" 200 28 "http://renault.activities.at/cart" "Mozilla/5.0 (Windows NT 10.0; Win64; x64) AppleWebKit/537.36 (KHTML, like Gecko) Chrome/70.0.3538.102 Safari/537.36 Edge/18.18363"
80.120.5.131 - - [24/Feb/2020:14:33:20 +0100] "GET /reload?ser=1582551200546 HTTP/1.1" 200 2 "http://renault.activities.at/result?dir=DESC&mode=grid&order=name&limit=15&page=2&search=clio" "Mozilla/5.0 (Windows NT 10.0; WOW64; Trident/7.0; rv:11.0) like Gecko"
80.120.5.131 - - [24/Feb/2020:14:33:22 +0100] "GET /reload?ser=1582551202300 HTTP/1.1" 200 28 "http://renault.activities.at/result?searchterm=true&search=Vorsteuerabzugsberechtigt" "Mozilla/5.0 (Windows NT 10.0; Win64; x64) AppleWebKit/537.36 (KHTML, like Gecko) Chrome/80.0.3987.116 Safari/537.36"
193.194.132.29 - - [24/Feb/2020:14:33:36 +0100] "GET /reload?ser=1582551216562 HTTP/1.1" 200 28 "http://renault.2web.at/result?searchterm=true&search=kleber&loadrequest=true" "Mozilla/5.0 (Windows NT 10.0; WOW64; Trident/7.0; Touch; rv:11.0) like Gecko"
88.116.50.238 - - [24/Feb/2020:14:33:49 +0100] "GET /reload?ser=1582551229154 HTTP/1.1" 200 28 "http://renault.activities.at/success" "Mozilla/5.0 (Windows NT 10.0; Win64; x64) AppleWebKit/537.36 (KHTML, like Gecko) Chrome/80.0.3987.116 Safari/537.36"
80.122.221.194 - - [24/Feb/2020:14:34:16 +0100] "GET /reload?ser=1582551256690 HTTP/1.1" 200 28 "http://renault.activities.at/cart" "Mozilla/5.0 (Windows NT 10.0; Win64; x64) AppleWebKit/537.36 (KHTML, like Gecko) Chrome/70.0.3538.102 Safari/537.36 Edge/18.18363"
80.120.5.131 - - [24/Feb/2020:14:34:21 +0100] "GET /reload?ser=1582551261469 HTTP/1.1" 200 2 "http://renault.activities.at/result?dir=DESC&mode=grid&order=name&limit=15&page=2&search=clio" "Mozilla/5.0 (Windows NT 10.0; WOW64; Trident/7.0; rv:11.0) like Gecko"
80.120.5.131 - - [24/Feb/2020:14:34:23 +0100] "GET /reload?ser=1582551263300 HTTP/1.1" 200 28 "http://renault.activities.at/result?searchterm=true&search=Vorsteuerabzugsberechtigt" "Mozilla/5.0 (Windows NT 10.0; Win64; x64) AppleWebKit/537.36 (KHTML, like Gecko) Chrome/80.0.3987.116 Safari/537.36"
193.194.132.29 - - [24/Feb/2020:14:34:37 +0100] "GET /reload?ser=1582551277693 HTTP/1.1" 200 28 "http://renault.2web.at/result?searchterm=true&search=kleber&loadrequest=true" "Mozilla/5.0 (Windows NT 10.0; WOW64; Trident/7.0; Touch; rv:11.0) like Gecko"
18.236.121.157 - - [24/Feb/2020:14:34:45 +0100] "GET /reload?ser=1582551167150 HTTP/1.1" 200 10166 "-" "Mozilla/5.0 (Windows NT 6.1; Win64; x64) AppleWebKit/537.36 (KHTML, like Gecko) Chrome/72.0.3626.109 Safari/537.36"
88.116.50.238 - - [24/Feb/2020:14:34:50 +0100] "GET /reload?ser=1582551290154 HTTP/1.1" 200 28 "http://renault.activities.at/success" "Mozilla/5.0 (Windows NT 10.0; Win64; x64) AppleWebKit/537.36 (KHTML, like Gecko) Chrome/80.0.3987.116 Safari/537.36"
80.122.221.194 - - [24/Feb/2020:14:35:17 +0100] "GET /reload?ser=1582551317325 HTTP/1.1" 200 28 "http://renault.activities.at/cart" "Mozilla/5.0 (Windows NT 10.0; Win64; x64) AppleWebKit/537.36 (KHTML, like Gecko) Chrome/70.0.3538.102 Safari/537.36 Edge/18.18363"
80.120.5.131 - - [24/Feb/2020:14:35:22 +0100] "GET /reload?ser=1582551322406 HTTP/1.1" 200 2 "http://renault.activities.at/result?dir=DESC&mode=grid&order=name&limit=15&page=2&search=clio" "Mozilla/5.0 (Windows NT 10.0; WOW64; Trident/7.0; rv:11.0) like Gecko"
80.120.5.131 - - [24/Feb/2020:14:35:24 +0100] "GET /reload?ser=1582551324299 HTTP/1.1" 200 28 "http://renault.activities.at/result?searchterm=true&search=Vorsteuerabzugsberechtigt" "Mozilla/5.0 (Windows NT 10.0; Win64; x64) AppleWebKit/537.36 (KHTML, like Gecko) Chrome/80.0.3987.116 Safari/537.36"
80.122.221.194 - - [24/Feb/2020:14:35:36 +0100] "GET / HTTP/1.1" 200 3380 "-" "Mozilla/5.0 (Windows NT 6.1; WOW64; Trident/7.0; rv:11.0) like Gecko"
80.122.221.194 - - [24/Feb/2020:14:35:37 +0100] "GET /js/default.js HTTP/1.1" 200 14698 "http://renault.activities.at/" "Mozilla/5.0 (Windows NT 6.1; WOW64; Trident/7.0; rv:11.0) like Gecko"
80.122.221.194 - - [24/Feb/2020:14:35:37 +0100] "GET /js/flashdetection.js HTTP/1.1" 200 1059 "http://renault.activities.at/" "Mozilla/5.0 (Windows NT 6.1; WOW64; Trident/7.0; rv:11.0) like Gecko"
80.122.221.194 - - [24/Feb/2020:14:35:37 +0100] "GET /css/reset.css HTTP/1.1" 200 1356 "http://renault.activities.at/" "Mozilla/5.0 (Windows NT 6.1; WOW64; Trident/7.0; rv:11.0) like Gecko"
80.122.221.194 - - [24/Feb/2020:14:35:37 +0100] "GET /js/index.php?c=auto&f=,prototype/prototype.js,prototype/validation.js,scriptaculous/builder.js,scriptaculous/effects.js,scriptaculous/dragdrop.js,scriptaculous/controls.js,scriptaculous/slider.js,varien/js.js,varien/form.js,varien/menu.js,mage/translate.js,mage/cookies.js,varien/product.js,spinner/SpinnerControl.jsmin.js,prototype/window.js,prototype/window_ext.js HTTP/1.1" 200 94182 "http://renault.activities.at/" "Mozilla/5.0 (Windows NT 6.1; WOW64; Trident/7.0; rv:11.0) like Gecko"
80.122.221.194 - - [24/Feb/2020:14:35:37 +0100] "GET /css/styles.css HTTP/1.1" 200 14664 "http://renault.activities.at/" "Mozilla/5.0 (Windows NT 6.1; WOW64; Trident/7.0; rv:11.0) like Gecko"
80.122.221.194 - - [24/Feb/2020:14:35:37 +0100] "GET /css/clears.css HTTP/1.1" 200 851 "http://renault.activities.at/" "Mozilla/5.0 (Windows NT 6.1; WOW64; Trident/7.0; rv:11.0) like Gecko"
80.122.221.194 - - [24/Feb/2020:14:35:37 +0100] "GET /css/print.css HTTP/1.1" 200 543 "http://renault.activities.at/" "Mozilla/5.0 (Windows NT 6.1; WOW64; Trident/7.0; rv:11.0) like Gecko"
80.122.221.194 - - [24/Feb/2020:14:35:38 +0100] "GET /js/checkout.css HTTP/1.1" 200 359 "http://renault.activities.at/" "Mozilla/5.0 (Windows NT 6.1; WOW64; Trident/7.0; rv:11.0) like Gecko"
80.122.221.194 - - [24/Feb/2020:14:35:38 +0100] "GET /css/prototip.css HTTP/1.1" 200 968 "http://renault.activities.at/" "Mozilla/5.0 (Windows NT 6.1; WOW64; Trident/7.0; rv:11.0) like Gecko"
80.122.221.194 - - [24/Feb/2020:14:35:38 +0100] "GET /css/themes/default.css HTTP/1.1" 200 769 "http://renault.activities.at/" "Mozilla/5.0 (Windows NT 6.1; WOW64; Trident/7.0; rv:11.0) like Gecko"
80.122.221.194 - - [24/Feb/2020:14:35:38 +0100] "GET /css/themes/alphacube.css HTTP/1.1" 200 743 "http://renault.activities.at/" "Mozilla/5.0 (Windows NT 6.1; WOW64; Trident/7.0; rv:11.0) like Gecko"
80.122.221.194 - - [24/Feb/2020:14:35:38 +0100] "GET /images/main_block_border.gif HTTP/1.1" 200 43 "http://renault.activities.at/" "Mozilla/5.0 (Windows NT 6.1; WOW64; Trident/7.0; rv:11.0) like Gecko"
80.122.221.194 - - [24/Feb/2020:14:35:38 +0100] "GET /images/favicon.ico HTTP/1.1" 404 305 "-" "Mozilla/5.0 (Windows NT 6.1; Win64; x64; Trident/7.0; rv:11.0) like Gecko"
80.122.221.194 - - [24/Feb/2020:14:35:38 +0100] "GET /images/header_block_corner_left_top.gif HTTP/1.1" 200 160 "http://renault.activities.at/" "Mozilla/5.0 (Windows NT 6.1; WOW64; Trident/7.0; rv:11.0) like Gecko"
80.122.221.194 - - [24/Feb/2020:14:35:38 +0100] "GET /images/header_block_corner_right_top.gif HTTP/1.1" 200 160 "http://renault.activities.at/" "Mozilla/5.0 (Windows NT 6.1; WOW64; Trident/7.0; rv:11.0) like Gecko"
80.122.221.194 - - [24/Feb/2020:14:35:38 +0100] "GET /images/main_block_corner_left_bot.gif HTTP/1.1" 200 159 "http://renault.activities.at/" "Mozilla/5.0 (Windows NT 6.1; WOW64; Trident/7.0; rv:11.0) like Gecko"
80.122.221.194 - - [24/Feb/2020:14:35:38 +0100] "GET /images/main_block_corner_right_bot.gif HTTP/1.1" 200 158 "http://renault.activities.at/" "Mozilla/5.0 (Windows NT 6.1; WOW64; Trident/7.0; rv:11.0) like Gecko"
80.122.221.194 - - [24/Feb/2020:14:35:38 +0100] "GET /images/header_block_border.gif HTTP/1.1" 200 43 "http://renault.activities.at/" "Mozilla/5.0 (Windows NT 6.1; WOW64; Trident/7.0; rv:11.0) like Gecko"
80.122.221.194 - - [24/Feb/2020:14:35:38 +0100] "GET /images/main_block_corner_left_top.gif HTTP/1.1" 200 159 "http://renault.activities.at/" "Mozilla/5.0 (Windows NT 6.1; WOW64; Trident/7.0; rv:11.0) like Gecko"
80.122.221.194 - - [24/Feb/2020:14:35:38 +0100] "GET /images/main_block_corner_right_top.gif HTTP/1.1" 200 159 "http://renault.activities.at/" "Mozilla/5.0 (Windows NT 6.1; WOW64; Trident/7.0; rv:11.0) like Gecko"
80.122.221.194 - - [24/Feb/2020:14:35:38 +0100] "GET /images/title_border.jpg HTTP/1.1" 200 304 "http://renault.activities.at/" "Mozilla/5.0 (Windows NT 6.1; WOW64; Trident/7.0; rv:11.0) like Gecko"
80.122.221.194 - - [24/Feb/2020:14:35:38 +0100] "GET /images/title_border_top.jpg HTTP/1.1" 200 336 "http://renault.activities.at/" "Mozilla/5.0 (Windows NT 6.1; WOW64; Trident/7.0; rv:11.0) like Gecko"
80.122.221.194 - - [24/Feb/2020:14:35:38 +0100] "GET /images/title_corner_left_top.jpg HTTP/1.1" 200 372 "http://renault.activities.at/" "Mozilla/5.0 (Windows NT 6.1; WOW64; Trident/7.0; rv:11.0) like Gecko"
80.122.221.194 - - [24/Feb/2020:14:35:38 +0100] "GET /images/title_corner_right_top.jpg HTTP/1.1" 200 389 "http://renault.activities.at/" "Mozilla/5.0 (Windows NT 6.1; WOW64; Trident/7.0; rv:11.0) like Gecko"
80.122.221.194 - - [24/Feb/2020:14:35:38 +0100] "GET /loadthumbnail.php?id=11127982 HTTP/1.1" 200 399614 "http://renault.activities.at/" "Mozilla/5.0 (Windows NT 6.1; WOW64; Trident/7.0; rv:11.0) like Gecko"
193.194.132.29 - - [24/Feb/2020:14:35:39 +0100] "GET /reload?ser=1582551339327 HTTP/1.1" 200 28 "http://renault.2web.at/result?searchterm=true&search=kleber&loadrequest=true" "Mozilla/5.0 (Windows NT 10.0; WOW64; Trident/7.0; Touch; rv:11.0) like Gecko"
80.122.221.194 - - [24/Feb/2020:14:35:44 +0100] "GET /login HTTP/1.1" 200 2085 "http://renault.activities.at/" "Mozilla/5.0 (Windows NT 6.1; WOW64; Trident/7.0; rv:11.0) like Gecko"
80.122.221.194 - - [24/Feb/2020:14:35:45 +0100] "GET /js/default.js HTTP/1.1" 304 - "http://renault.activities.at/login" "Mozilla/5.0 (Windows NT 6.1; WOW64; Trident/7.0; rv:11.0) like Gecko"
80.122.221.194 - - [24/Feb/2020:14:35:45 +0100] "GET /css/reset.css HTTP/1.1" 304 - "http://renault.activities.at/login" "Mozilla/5.0 (Windows NT 6.1; WOW64; Trident/7.0; rv:11.0) like Gecko"
80.122.221.194 - - [24/Feb/2020:14:35:45 +0100] "GET /css/styles.css HTTP/1.1" 304 - "http://renault.activities.at/login" "Mozilla/5.0 (Windows NT 6.1; WOW64; Trident/7.0; rv:11.0) like Gecko"
80.122.221.194 - - [24/Feb/2020:14:35:45 +0100] "GET /css/clears.css HTTP/1.1" 304 - "http://renault.activities.at/login" "Mozilla/5.0 (Windows NT 6.1; WOW64; Trident/7.0; rv:11.0) like Gecko"
80.122.221.194 - - [24/Feb/2020:14:35:45 +0100] "GET /css/print.css HTTP/1.1" 304 - "http://renault.activities.at/login" "Mozilla/5.0 (Windows NT 6.1; WOW64; Trident/7.0; rv:11.0) like Gecko"
80.122.221.194 - - [24/Feb/2020:14:35:45 +0100] "GET /js/checkout.css HTTP/1.1" 304 - "http://renault.activities.at/login" "Mozilla/5.0 (Windows NT 6.1; WOW64; Trident/7.0; rv:11.0) like Gecko"
80.122.221.194 - - [24/Feb/2020:14:35:45 +0100] "GET /css/prototip.css HTTP/1.1" 304 - "http://renault.activities.at/login" "Mozilla/5.0 (Windows NT 6.1; WOW64; Trident/7.0; rv:11.0) like Gecko"
80.122.221.194 - - [24/Feb/2020:14:35:45 +0100] "GET /css/themes/default.css HTTP/1.1" 304 - "http://renault.activities.at/login" "Mozilla/5.0 (Windows NT 6.1; WOW64; Trident/7.0; rv:11.0) like Gecko"
80.122.221.194 - - [24/Feb/2020:14:35:45 +0100] "GET /css/themes/alphacube.css HTTP/1.1" 304 - "http://renault.activities.at/login" "Mozilla/5.0 (Windows NT 6.1; WOW64; Trident/7.0; rv:11.0) like Gecko"
80.122.221.194 - - [24/Feb/2020:14:35:45 +0100] "GET /images/main_block_border.gif HTTP/1.1" 304 - "http://renault.activities.at/login" "Mozilla/5.0 (Windows NT 6.1; WOW64; Trident/7.0; rv:11.0) like Gecko"
80.122.221.194 - - [24/Feb/2020:14:35:45 +0100] "GET /images/main_block_corner_left_top.gif HTTP/1.1" 304 - "http://renault.activities.at/login" "Mozilla/5.0 (Windows NT 6.1; WOW64; Trident/7.0; rv:11.0) like Gecko"
80.122.221.194 - - [24/Feb/2020:14:35:45 +0100] "GET /images/main_block_corner_right_top.gif HTTP/1.1" 304 - "http://renault.activities.at/login" "Mozilla/5.0 (Windows NT 6.1; WOW64; Trident/7.0; rv:11.0) like Gecko"
80.122.221.194 - - [24/Feb/2020:14:35:45 +0100] "GET /images/main_block_corner_left_bot.gif HTTP/1.1" 304 - "http://renault.activities.at/login" "Mozilla/5.0 (Windows NT 6.1; WOW64; Trident/7.0; rv:11.0) like Gecko"
80.122.221.194 - - [24/Feb/2020:14:35:46 +0100] "GET /images/main_block_corner_right_bot.gif HTTP/1.1" 304 - "http://renault.activities.at/login" "Mozilla/5.0 (Windows NT 6.1; WOW64; Trident/7.0; rv:11.0) like Gecko"
80.122.221.194 - - [24/Feb/2020:14:35:46 +0100] "GET /images/header_block_border.gif HTTP/1.1" 304 - "http://renault.activities.at/login" "Mozilla/5.0 (Windows NT 6.1; WOW64; Trident/7.0; rv:11.0) like Gecko"
80.122.221.194 - - [24/Feb/2020:14:35:46 +0100] "GET /images/header_block_corner_left_top.gif HTTP/1.1" 304 - "http://renault.activities.at/login" "Mozilla/5.0 (Windows NT 6.1; WOW64; Trident/7.0; rv:11.0) like Gecko"
80.122.221.194 - - [24/Feb/2020:14:35:46 +0100] "GET /images/header_block_corner_right_top.gif HTTP/1.1" 304 - "http://renault.activities.at/login" "Mozilla/5.0 (Windows NT 6.1; WOW64; Trident/7.0; rv:11.0) like Gecko"
80.122.221.194 - - [24/Feb/2020:14:35:46 +0100] "GET /images/title_border.jpg HTTP/1.1" 304 - "http://renault.activities.at/login" "Mozilla/5.0 (Windows NT 6.1; WOW64; Trident/7.0; rv:11.0) like Gecko"
80.122.221.194 - - [24/Feb/2020:14:35:46 +0100] "GET /images/title_border_top.jpg HTTP/1.1" 304 - "http://renault.activities.at/login" "Mozilla/5.0 (Windows NT 6.1; WOW64; Trident/7.0; rv:11.0) like Gecko"
80.122.221.194 - - [24/Feb/2020:14:35:46 +0100] "GET /images/title_corner_left_top.jpg HTTP/1.1" 304 - "http://renault.activities.at/login" "Mozilla/5.0 (Windows NT 6.1; WOW64; Trident/7.0; rv:11.0) like Gecko"
80.122.221.194 - - [24/Feb/2020:14:35:46 +0100] "GET /images/title_corner_right_top.jpg HTTP/1.1" 304 - "http://renault.activities.at/login" "Mozilla/5.0 (Windows NT 6.1; WOW64; Trident/7.0; rv:11.0) like Gecko"
80.122.221.194 - - [24/Feb/2020:14:35:46 +0100] "GET /images/button_left_bg.gif HTTP/1.1" 200 564 "http://renault.activities.at/login" "Mozilla/5.0 (Windows NT 6.1; WOW64; Trident/7.0; rv:11.0) like Gecko"
80.122.221.194 - - [24/Feb/2020:14:35:46 +0100] "GET /images/button_right_bg.gif HTTP/1.1" 200 561 "http://renault.activities.at/login" "Mozilla/5.0 (Windows NT 6.1; WOW64; Trident/7.0; rv:11.0) like Gecko"
80.122.221.194 - - [24/Feb/2020:14:35:46 +0100] "GET /images/button_bg.gif HTTP/1.1" 200 151 "http://renault.activities.at/login" "Mozilla/5.0 (Windows NT 6.1; WOW64; Trident/7.0; rv:11.0) like Gecko"
80.122.221.194 - - [24/Feb/2020:14:35:46 +0100] "GET /images/favicon.ico HTTP/1.1" 404 305 "-" "Mozilla/5.0 (Windows NT 6.1; Win64; x64; Trident/7.0; rv:11.0) like Gecko"
80.122.221.194 - - [24/Feb/2020:14:35:46 +0100] "GET /favicon.ico HTTP/1.1" 200 3250 "-" "Mozilla/5.0 (Windows NT 6.1; Win64; x64; Trident/7.0; rv:11.0) like Gecko"
88.116.50.238 - - [24/Feb/2020:14:35:51 +0100] "GET /reload?ser=1582551351157 HTTP/1.1" 200 28 "http://renault.activities.at/success" "Mozilla/5.0 (Windows NT 10.0; Win64; x64) AppleWebKit/537.36 (KHTML, like Gecko) Chrome/80.0.3987.116 Safari/537.36"
80.122.221.194 - - [24/Feb/2020:14:35:51 +0100] "POST /login HTTP/1.1" 302 140 "http://renault.activities.at/login" "Mozilla/5.0 (Windows NT 6.1; WOW64; Trident/7.0; rv:11.0) like Gecko"
80.122.221.194 - - [24/Feb/2020:14:35:53 +0100] "GET /account HTTP/1.1" 200 5878 "http://renault.activities.at/login" "Mozilla/5.0 (Windows NT 6.1; WOW64; Trident/7.0; rv:11.0) like Gecko"
80.122.221.194 - - [24/Feb/2020:14:35:55 +0100] "GET /js/default.js HTTP/1.1" 304 - "http://renault.activities.at/account" "Mozilla/5.0 (Windows NT 6.1; WOW64; Trident/7.0; rv:11.0) like Gecko"
80.122.221.194 - - [24/Feb/2020:14:35:55 +0100] "GET /css/reset.css HTTP/1.1" 304 - "http://renault.activities.at/account" "Mozilla/5.0 (Windows NT 6.1; WOW64; Trident/7.0; rv:11.0) like Gecko"
80.122.221.194 - - [24/Feb/2020:14:35:55 +0100] "GET /css/styles.css HTTP/1.1" 304 - "http://renault.activities.at/account" "Mozilla/5.0 (Windows NT 6.1; WOW64; Trident/7.0; rv:11.0) like Gecko"
80.122.221.194 - - [24/Feb/2020:14:35:56 +0100] "GET /css/clears.css HTTP/1.1" 304 - "http://renault.activities.at/account" "Mozilla/5.0 (Windows NT 6.1; WOW64; Trident/7.0; rv:11.0) like Gecko"
80.122.221.194 - - [24/Feb/2020:14:35:56 +0100] "GET /css/print.css HTTP/1.1" 304 - "http://renault.activities.at/account" "Mozilla/5.0 (Windows NT 6.1; WOW64; Trident/7.0; rv:11.0) like Gecko"
80.122.221.194 - - [24/Feb/2020:14:35:56 +0100] "GET /js/checkout.css HTTP/1.1" 304 - "http://renault.activities.at/account" "Mozilla/5.0 (Windows NT 6.1; WOW64; Trident/7.0; rv:11.0) like Gecko"
80.122.221.194 - - [24/Feb/2020:14:35:56 +0100] "GET /css/prototip.css HTTP/1.1" 304 - "http://renault.activities.at/account" "Mozilla/5.0 (Windows NT 6.1; WOW64; Trident/7.0; rv:11.0) like Gecko"
80.122.221.194 - - [24/Feb/2020:14:35:56 +0100] "GET /css/themes/default.css HTTP/1.1" 304 - "http://renault.activities.at/account" "Mozilla/5.0 (Windows NT 6.1; WOW64; Trident/7.0; rv:11.0) like Gecko"
80.122.221.194 - - [24/Feb/2020:14:35:56 +0100] "GET /css/themes/alphacube.css HTTP/1.1" 304 - "http://renault.activities.at/account" "Mozilla/5.0 (Windows NT 6.1; WOW64; Trident/7.0; rv:11.0) like Gecko"
80.122.221.194 - - [24/Feb/2020:14:35:56 +0100] "GET /js/account.js HTTP/1.1" 200 953 "http://renault.activities.at/account" "Mozilla/5.0 (Windows NT 6.1; WOW64; Trident/7.0; rv:11.0) like Gecko"
80.122.221.194 - - [24/Feb/2020:14:35:56 +0100] "GET /images/header_block_corner_left_top.gif HTTP/1.1" 304 - "http://renault.activities.at/account" "Mozilla/5.0 (Windows NT 6.1; WOW64; Trident/7.0; rv:11.0) like Gecko"
80.122.221.194 - - [24/Feb/2020:14:35:56 +0100] "GET /images/main_block_border.gif HTTP/1.1" 304 - "http://renault.activities.at/account" "Mozilla/5.0 (Windows NT 6.1; WOW64; Trident/7.0; rv:11.0) like Gecko"
80.122.221.194 - - [24/Feb/2020:14:35:56 +0100] "GET /loadthumbnail.php?id=12018229&width=50&height=50 HTTP/1.1" 200 1112 "http://renault.activities.at/account" "Mozilla/5.0 (Windows NT 6.1; WOW64; Trident/7.0; rv:11.0) like Gecko"
80.122.221.194 - - [24/Feb/2020:14:35:56 +0100] "GET /images/main_block_corner_left_top.gif HTTP/1.1" 304 - "http://renault.activities.at/account" "Mozilla/5.0 (Windows NT 6.1; WOW64; Trident/7.0; rv:11.0) like Gecko"
80.122.221.194 - - [24/Feb/2020:14:35:56 +0100] "GET /images/header_block_border.gif HTTP/1.1" 304 - "http://renault.activities.at/account" "Mozilla/5.0 (Windows NT 6.1; WOW64; Trident/7.0; rv:11.0) like Gecko"
80.122.221.194 - - [24/Feb/2020:14:35:56 +0100] "GET /images/header_block_corner_right_top.gif HTTP/1.1" 304 - "http://renault.activities.at/account" "Mozilla/5.0 (Windows NT 6.1; WOW64; Trident/7.0; rv:11.0) like Gecko"
80.122.221.194 - - [24/Feb/2020:14:35:56 +0100] "GET /images/search_bg.gif HTTP/1.1" 200 1726 "http://renault.activities.at/account" "Mozilla/5.0 (Windows NT 6.1; WOW64; Trident/7.0; rv:11.0) like Gecko"
80.122.221.194 - - [24/Feb/2020:14:35:56 +0100] "GET /images/main_block_corner_right_top.gif HTTP/1.1" 304 - "http://renault.activities.at/account" "Mozilla/5.0 (Windows NT 6.1; WOW64; Trident/7.0; rv:11.0) like Gecko"
80.122.221.194 - - [24/Feb/2020:14:35:56 +0100] "GET /images/main_block_corner_left_bot.gif HTTP/1.1" 304 - "http://renault.activities.at/account" "Mozilla/5.0 (Windows NT 6.1; WOW64; Trident/7.0; rv:11.0) like Gecko"
80.122.221.194 - - [24/Feb/2020:14:35:56 +0100] "GET /images/main_block_corner_right_bot.gif HTTP/1.1" 304 - "http://renault.activities.at/account" "Mozilla/5.0 (Windows NT 6.1; WOW64; Trident/7.0; rv:11.0) like Gecko"
80.122.221.194 - - [24/Feb/2020:14:35:56 +0100] "GET /images/menu_button_bg.jpg HTTP/1.1" 200 322 "http://renault.activities.at/account" "Mozilla/5.0 (Windows NT 6.1; WOW64; Trident/7.0; rv:11.0) like Gecko"
80.122.221.194 - - [24/Feb/2020:14:35:56 +0100] "GET /images/nav_divider.gif HTTP/1.1" 200 43 "http://renault.activities.at/account" "Mozilla/5.0 (Windows NT 6.1; WOW64; Trident/7.0; rv:11.0) like Gecko"
80.122.221.194 - - [24/Feb/2020:14:35:56 +0100] "GET /images/top_links_divider.gif HTTP/1.1" 200 44 "http://renault.activities.at/account" "Mozilla/5.0 (Windows NT 6.1; WOW64; Trident/7.0; rv:11.0) like Gecko"
80.122.221.194 - - [24/Feb/2020:14:35:56 +0100] "GET /images/menu_divider.gif HTTP/1.1" 200 176 "http://renault.activities.at/account" "Mozilla/5.0 (Windows NT 6.1; WOW64; Trident/7.0; rv:11.0) like Gecko"
80.122.221.194 - - [24/Feb/2020:14:35:56 +0100] "GET /images/button_left_bg.gif HTTP/1.1" 304 - "http://renault.activities.at/account" "Mozilla/5.0 (Windows NT 6.1; WOW64; Trident/7.0; rv:11.0) like Gecko"
80.122.221.194 - - [24/Feb/2020:14:35:56 +0100] "GET /images/sidebar_title_border.gif HTTP/1.1" 200 43 "http://renault.activities.at/account" "Mozilla/5.0 (Windows NT 6.1; WOW64; Trident/7.0; rv:11.0) like Gecko"
80.122.221.194 - - [24/Feb/2020:14:35:56 +0100] "GET /images/sidebar_title_border_top.gif HTTP/1.1" 200 155 "http://renault.activities.at/account" "Mozilla/5.0 (Windows NT 6.1; WOW64; Trident/7.0; rv:11.0) like Gecko"
80.122.221.194 - - [24/Feb/2020:14:35:56 +0100] "GET /images/sidebar_title_corner_left_top.gif HTTP/1.1" 200 1124 "http://renault.activities.at/account" "Mozilla/5.0 (Windows NT 6.1; WOW64; Trident/7.0; rv:11.0) like Gecko"
80.122.221.194 - - [24/Feb/2020:14:35:56 +0100] "GET /images/sidebar_title_corner_right_top.gif HTTP/1.1" 200 383 "http://renault.activities.at/account" "Mozilla/5.0 (Windows NT 6.1; WOW64; Trident/7.0; rv:11.0) like Gecko"
80.122.221.194 - - [24/Feb/2020:14:35:56 +0100] "GET /images/button_right_bg.gif HTTP/1.1" 304 - "http://renault.activities.at/account" "Mozilla/5.0 (Windows NT 6.1; WOW64; Trident/7.0; rv:11.0) like Gecko"
80.122.221.194 - - [24/Feb/2020:14:35:56 +0100] "GET /images/button_bg.gif HTTP/1.1" 304 - "http://renault.activities.at/account" "Mozilla/5.0 (Windows NT 6.1; WOW64; Trident/7.0; rv:11.0) like Gecko"
80.122.221.194 - - [24/Feb/2020:14:35:56 +0100] "GET /images/title_border.jpg HTTP/1.1" 304 - "http://renault.activities.at/account" "Mozilla/5.0 (Windows NT 6.1; WOW64; Trident/7.0; rv:11.0) like Gecko"
80.122.221.194 - - [24/Feb/2020:14:35:56 +0100] "GET /images/title_border_top.jpg HTTP/1.1" 304 - "http://renault.activities.at/account" "Mozilla/5.0 (Windows NT 6.1; WOW64; Trident/7.0; rv:11.0) like Gecko"
80.122.221.194 - - [24/Feb/2020:14:35:56 +0100] "GET /images/title_corner_left_top.jpg HTTP/1.1" 304 - "http://renault.activities.at/account" "Mozilla/5.0 (Windows NT 6.1; WOW64; Trident/7.0; rv:11.0) like Gecko"
80.122.221.194 - - [24/Feb/2020:14:35:56 +0100] "GET /images/title_corner_right_top.jpg HTTP/1.1" 304 - "http://renault.activities.at/account" "Mozilla/5.0 (Windows NT 6.1; WOW64; Trident/7.0; rv:11.0) like Gecko"
80.122.221.194 - - [24/Feb/2020:14:35:56 +0100] "GET /images/footer_divider.gif HTTP/1.1" 200 44 "http://renault.activities.at/account" "Mozilla/5.0 (Windows NT 6.1; WOW64; Trident/7.0; rv:11.0) like Gecko"
80.122.221.194 - - [24/Feb/2020:14:35:56 +0100] "GET /favicon.ico HTTP/1.1" 200 3250 "-" "Mozilla/5.0 (Windows NT 6.1; Win64; x64; Trident/7.0; rv:11.0) like Gecko"
80.122.221.194 - - [24/Feb/2020:14:36:17 +0100] "GET /reload?ser=1582551377959 HTTP/1.1" 200 28 "http://renault.activities.at/cart" "Mozilla/5.0 (Windows NT 10.0; Win64; x64) AppleWebKit/537.36 (KHTML, like Gecko) Chrome/70.0.3538.102 Safari/537.36 Edge/18.18363"
80.120.5.131 - - [24/Feb/2020:14:36:23 +0100] "GET /reload?ser=1582551383380 HTTP/1.1" 200 2 "http://renault.activities.at/result?dir=DESC&mode=grid&order=name&limit=15&page=2&search=clio" "Mozilla/5.0 (Windows NT 10.0; WOW64; Trident/7.0; rv:11.0) like Gecko"
80.120.5.131 - - [24/Feb/2020:14:36:25 +0100] "GET /reload?ser=1582551385299 HTTP/1.1" 200 28 "http://renault.activities.at/result?searchterm=true&search=Vorsteuerabzugsberechtigt" "Mozilla/5.0 (Windows NT 10.0; Win64; x64) AppleWebKit/537.36 (KHTML, like Gecko) Chrome/80.0.3987.116 Safari/537.36"
193.194.132.29 - - [24/Feb/2020:14:36:40 +0100] "GET /reload?ser=1582551400411 HTTP/1.1" 200 28 "http://renault.2web.at/result?searchterm=true&search=kleber&loadrequest=true" "Mozilla/5.0 (Windows NT 10.0; WOW64; Trident/7.0; Touch; rv:11.0) like Gecko"
88.116.50.238 - - [24/Feb/2020:14:36:52 +0100] "GET /reload?ser=1582551412150 HTTP/1.1" 200 28 "http://renault.activities.at/success" "Mozilla/5.0 (Windows NT 10.0; Win64; x64) AppleWebKit/537.36 (KHTML, like Gecko) Chrome/80.0.3987.116 Safari/537.36"
80.122.221.194 - - [24/Feb/2020:14:36:56 +0100] "GET /reload?ser=1582551416939 HTTP/1.1" 200 28 "http://renault.activities.at/account" "Mozilla/5.0 (Windows NT 6.1; WOW64; Trident/7.0; rv:11.0) like Gecko"
80.122.221.194 - - [24/Feb/2020:14:37:09 +0100] "POST /axjaxrequest?mode=suggest HTTP/1.1" 200 133 "http://renault.activities.at/account" "Mozilla/5.0 (Windows NT 6.1; WOW64; Trident/7.0; rv:11.0) like Gecko"
80.122.221.194 - - [24/Feb/2020:14:37:10 +0100] "GET /result?searchterm=true&search=dacia HTTP/1.1" 200 8547 "http://renault.activities.at/account" "Mozilla/5.0 (Windows NT 6.1; WOW64; Trident/7.0; rv:11.0) like Gecko"
80.122.221.194 - - [24/Feb/2020:14:37:14 +0100] "GET /js/default.js HTTP/1.1" 304 - "http://renault.activities.at/result?searchterm=true&search=dacia" "Mozilla/5.0 (Windows NT 6.1; WOW64; Trident/7.0; rv:11.0) like Gecko"
80.122.221.194 - - [24/Feb/2020:14:37:14 +0100] "GET /js/prototip.js HTTP/1.1" 200 4588 "http://renault.activities.at/result?searchterm=true&search=dacia" "Mozilla/5.0 (Windows NT 6.1; WOW64; Trident/7.0; rv:11.0) like Gecko"
80.122.221.194 - - [24/Feb/2020:14:37:14 +0100] "GET /css/reset.css HTTP/1.1" 304 - "http://renault.activities.at/result?searchterm=true&search=dacia" "Mozilla/5.0 (Windows NT 6.1; WOW64; Trident/7.0; rv:11.0) like Gecko"
80.122.221.194 - - [24/Feb/2020:14:37:14 +0100] "GET /css/styles.css HTTP/1.1" 304 - "http://renault.activities.at/result?searchterm=true&search=dacia" "Mozilla/5.0 (Windows NT 6.1; WOW64; Trident/7.0; rv:11.0) like Gecko"
80.122.221.194 - - [24/Feb/2020:14:37:14 +0100] "GET /css/clears.css HTTP/1.1" 304 - "http://renault.activities.at/result?searchterm=true&search=dacia" "Mozilla/5.0 (Windows NT 6.1; WOW64; Trident/7.0; rv:11.0) like Gecko"
80.122.221.194 - - [24/Feb/2020:14:37:14 +0100] "GET /css/print.css HTTP/1.1" 304 - "http://renault.activities.at/result?searchterm=true&search=dacia" "Mozilla/5.0 (Windows NT 6.1; WOW64; Trident/7.0; rv:11.0) like Gecko"
80.122.221.194 - - [24/Feb/2020:14:37:14 +0100] "GET /js/checkout.css HTTP/1.1" 304 - "http://renault.activities.at/result?searchterm=true&search=dacia" "Mozilla/5.0 (Windows NT 6.1; WOW64; Trident/7.0; rv:11.0) like Gecko"
80.122.221.194 - - [24/Feb/2020:14:37:14 +0100] "GET /css/prototip.css HTTP/1.1" 304 - "http://renault.activities.at/result?searchterm=true&search=dacia" "Mozilla/5.0 (Windows NT 6.1; WOW64; Trident/7.0; rv:11.0) like Gecko"
80.122.221.194 - - [24/Feb/2020:14:37:14 +0100] "GET /css/themes/default.css HTTP/1.1" 304 - "http://renault.activities.at/result?searchterm=true&search=dacia" "Mozilla/5.0 (Windows NT 6.1; WOW64; Trident/7.0; rv:11.0) like Gecko"
80.122.221.194 - - [24/Feb/2020:14:37:14 +0100] "GET /css/themes/alphacube.css HTTP/1.1" 304 - "http://renault.activities.at/result?searchterm=true&search=dacia" "Mozilla/5.0 (Windows NT 6.1; WOW64; Trident/7.0; rv:11.0) like Gecko"
80.122.221.194 - - [24/Feb/2020:14:37:14 +0100] "GET /js/ProduktGrp.js HTTP/1.1" 200 1569 "http://renault.activities.at/result?searchterm=true&search=dacia" "Mozilla/5.0 (Windows NT 6.1; WOW64; Trident/7.0; rv:11.0) like Gecko"
80.122.221.194 - - [24/Feb/2020:14:37:14 +0100] "GET /images/loading.gif HTTP/1.1" 200 3208 "http://renault.activities.at/result?searchterm=true&search=dacia" "Mozilla/5.0 (Windows NT 6.1; WOW64; Trident/7.0; rv:11.0) like Gecko"
80.122.221.194 - - [24/Feb/2020:14:37:14 +0100] "GET /loadthumbnail.php?id=10203276 HTTP/1.1" 200 75 "http://renault.activities.at/result?searchterm=true&search=dacia" "Mozilla/5.0 (Windows NT 6.1; WOW64; Trident/7.0; rv:11.0) like Gecko"
80.122.221.194 - - [24/Feb/2020:14:37:14 +0100] "GET /loadthumbnail.php?id=10203255 HTTP/1.1" 200 137 "http://renault.activities.at/result?searchterm=true&search=dacia" "Mozilla/5.0 (Windows NT 6.1; WOW64; Trident/7.0; rv:11.0) like Gecko"
80.122.221.194 - - [24/Feb/2020:14:37:14 +0100] "GET /images/header_block_corner_left_top.gif HTTP/1.1" 304 - "http://renault.activities.at/result?searchterm=true&search=dacia" "Mozilla/5.0 (Windows NT 6.1; WOW64; Trident/7.0; rv:11.0) like Gecko"
80.122.221.194 - - [24/Feb/2020:14:37:14 +0100] "GET /loadthumbnail.php?id=11878139&width=113 HTTP/1.1" 200 19930 "http://renault.activities.at/result?searchterm=true&search=dacia" "Mozilla/5.0 (Windows NT 6.1; WOW64; Trident/7.0; rv:11.0) like Gecko"
80.122.221.194 - - [24/Feb/2020:14:37:14 +0100] "GET /images/header_block_corner_right_top.gif HTTP/1.1" 304 - "http://renault.activities.at/result?searchterm=true&search=dacia" "Mozilla/5.0 (Windows NT 6.1; WOW64; Trident/7.0; rv:11.0) like Gecko"
80.122.221.194 - - [24/Feb/2020:14:37:14 +0100] "GET /loadthumbnail.php?id=12140362&width=113 HTTP/1.1" 200 4235 "http://renault.activities.at/result?searchterm=true&search=dacia" "Mozilla/5.0 (Windows NT 6.1; WOW64; Trident/7.0; rv:11.0) like Gecko"
80.122.221.194 - - [24/Feb/2020:14:37:15 +0100] "GET /images/search_bg.gif HTTP/1.1" 304 - "http://renault.activities.at/result?searchterm=true&search=dacia" "Mozilla/5.0 (Windows NT 6.1; WOW64; Trident/7.0; rv:11.0) like Gecko"
80.122.221.194 - - [24/Feb/2020:14:37:14 +0100] "GET /loadthumbnail.php?id=12140358&width=113 HTTP/1.1" 200 2375 "http://renault.activities.at/result?searchterm=true&search=dacia" "Mozilla/5.0 (Windows NT 6.1; WOW64; Trident/7.0; rv:11.0) like Gecko"
80.122.221.194 - - [24/Feb/2020:14:37:15 +0100] "GET /images/main_block_border.gif HTTP/1.1" 304 - "http://renault.activities.at/result?searchterm=true&search=dacia" "Mozilla/5.0 (Windows NT 6.1; WOW64; Trident/7.0; rv:11.0) like Gecko"
80.122.221.194 - - [24/Feb/2020:14:37:14 +0100] "GET /loadthumbnail.php?id=10203650&width=113 HTTP/1.1" 200 2741 "http://renault.activities.at/result?searchterm=true&search=dacia" "Mozilla/5.0 (Windows NT 6.1; WOW64; Trident/7.0; rv:11.0) like Gecko"
80.122.221.194 - - [24/Feb/2020:14:37:15 +0100] "GET /images/main_block_corner_left_top.gif HTTP/1.1" 304 - "http://renault.activities.at/result?searchterm=true&search=dacia" "Mozilla/5.0 (Windows NT 6.1; WOW64; Trident/7.0; rv:11.0) like Gecko"
80.122.221.194 - - [24/Feb/2020:14:37:14 +0100] "GET /loadthumbnail.php?id=10272696&width=113 HTTP/1.1" 200 6494 "http://renault.activities.at/result?searchterm=true&search=dacia" "Mozilla/5.0 (Windows NT 6.1; WOW64; Trident/7.0; rv:11.0) like Gecko"
80.122.221.194 - - [24/Feb/2020:14:37:15 +0100] "GET /images/header_block_border.gif HTTP/1.1" 304 - "http://renault.activities.at/result?searchterm=true&search=dacia" "Mozilla/5.0 (Windows NT 6.1; WOW64; Trident/7.0; rv:11.0) like Gecko"
80.122.221.194 - - [24/Feb/2020:14:37:15 +0100] "GET /images/main_block_corner_right_top.gif HTTP/1.1" 304 - "http://renault.activities.at/result?searchterm=true&search=dacia" "Mozilla/5.0 (Windows NT 6.1; WOW64; Trident/7.0; rv:11.0) like Gecko"
80.122.221.194 - - [24/Feb/2020:14:37:15 +0100] "GET /loadthumbnail.php?id=11722649&width=113 HTTP/1.1" 200 1687 "http://renault.activities.at/result?searchterm=true&search=dacia" "Mozilla/5.0 (Windows NT 6.1; WOW64; Trident/7.0; rv:11.0) like Gecko"
80.122.221.194 - - [24/Feb/2020:14:37:15 +0100] "GET /images/main_block_corner_left_bot.gif HTTP/1.1" 304 - "http://renault.activities.at/result?searchterm=true&search=dacia" "Mozilla/5.0 (Windows NT 6.1; WOW64; Trident/7.0; rv:11.0) like Gecko"
80.122.221.194 - - [24/Feb/2020:14:37:15 +0100] "GET /loadthumbnail.php?id=11722648&width=113 HTTP/1.1" 200 1687 "http://renault.activities.at/result?searchterm=true&search=dacia" "Mozilla/5.0 (Windows NT 6.1; WOW64; Trident/7.0; rv:11.0) like Gecko"
80.122.221.194 - - [24/Feb/2020:14:37:15 +0100] "GET /loadthumbnail.php?id=11487913&width=113 HTTP/1.1" 200 2439 "http://renault.activities.at/result?searchterm=true&search=dacia" "Mozilla/5.0 (Windows NT 6.1; WOW64; Trident/7.0; rv:11.0) like Gecko"
80.122.221.194 - - [24/Feb/2020:14:37:15 +0100] "GET /images/main_block_corner_right_bot.gif HTTP/1.1" 304 - "http://renault.activities.at/result?searchterm=true&search=dacia" "Mozilla/5.0 (Windows NT 6.1; WOW64; Trident/7.0; rv:11.0) like Gecko"
80.122.221.194 - - [24/Feb/2020:14:37:15 +0100] "GET /loadthumbnail.php?id=11340124&width=113 HTTP/1.1" 200 4949 "http://renault.activities.at/result?searchterm=true&search=dacia" "Mozilla/5.0 (Windows NT 6.1; WOW64; Trident/7.0; rv:11.0) like Gecko"
80.122.221.194 - - [24/Feb/2020:14:37:15 +0100] "GET /images/menu_divider.gif HTTP/1.1" 304 - "http://renault.activities.at/result?searchterm=true&search=dacia" "Mozilla/5.0 (Windows NT 6.1; WOW64; Trident/7.0; rv:11.0) like Gecko"
80.122.221.194 - - [24/Feb/2020:14:37:15 +0100] "GET /loadthumbnail.php?id=11247081&width=113 HTTP/1.1" 200 2512 "http://renault.activities.at/result?searchterm=true&search=dacia" "Mozilla/5.0 (Windows NT 6.1; WOW64; Trident/7.0; rv:11.0) like Gecko"
80.122.221.194 - - [24/Feb/2020:14:37:15 +0100] "GET /images/button_left_bg.gif HTTP/1.1" 304 - "http://renault.activities.at/result?searchterm=true&search=dacia" "Mozilla/5.0 (Windows NT 6.1; WOW64; Trident/7.0; rv:11.0) like Gecko"
80.122.221.194 - - [24/Feb/2020:14:37:15 +0100] "GET /images/sidebar_title_border.gif HTTP/1.1" 304 - "http://renault.activities.at/result?searchterm=true&search=dacia" "Mozilla/5.0 (Windows NT 6.1; WOW64; Trident/7.0; rv:11.0) like Gecko"
80.122.221.194 - - [24/Feb/2020:14:37:15 +0100] "GET /images/top_links_divider.gif HTTP/1.1" 304 - "http://renault.activities.at/result?searchterm=true&search=dacia" "Mozilla/5.0 (Windows NT 6.1; WOW64; Trident/7.0; rv:11.0) like Gecko"
80.122.221.194 - - [24/Feb/2020:14:37:15 +0100] "GET /loadthumbnail.php?id=11825615&width=113 HTTP/1.1" 200 2408 "http://renault.activities.at/result?searchterm=true&search=dacia" "Mozilla/5.0 (Windows NT 6.1; WOW64; Trident/7.0; rv:11.0) like Gecko"
80.122.221.194 - - [24/Feb/2020:14:37:15 +0100] "GET /images/menu_button_bg.jpg HTTP/1.1" 304 - "http://renault.activities.at/result?searchterm=true&search=dacia" "Mozilla/5.0 (Windows NT 6.1; WOW64; Trident/7.0; rv:11.0) like Gecko"
80.122.221.194 - - [24/Feb/2020:14:37:15 +0100] "GET /loadthumbnail.php?id=11825616&width=113 HTTP/1.1" 200 2367 "http://renault.activities.at/result?searchterm=true&search=dacia" "Mozilla/5.0 (Windows NT 6.1; WOW64; Trident/7.0; rv:11.0) like Gecko"
80.122.221.194 - - [24/Feb/2020:14:37:15 +0100] "GET /images/nav_divider.gif HTTP/1.1" 304 - "http://renault.activities.at/result?searchterm=true&search=dacia" "Mozilla/5.0 (Windows NT 6.1; WOW64; Trident/7.0; rv:11.0) like Gecko"
80.122.221.194 - - [24/Feb/2020:14:37:15 +0100] "GET /loadthumbnail.php?id=12127769&width=113 HTTP/1.1" 200 1807 "http://renault.activities.at/result?searchterm=true&search=dacia" "Mozilla/5.0 (Windows NT 6.1; WOW64; Trident/7.0; rv:11.0) like Gecko"
80.122.221.194 - - [24/Feb/2020:14:37:15 +0100] "GET /images/sidebar_title_border_top.gif HTTP/1.1" 304 - "http://renault.activities.at/result?searchterm=true&search=dacia" "Mozilla/5.0 (Windows NT 6.1; WOW64; Trident/7.0; rv:11.0) like Gecko"
80.122.221.194 - - [24/Feb/2020:14:37:10 +0100] "POST /axjaxrequest?mode=suggest HTTP/1.1" 200 133 "http://renault.activities.at/account" "Mozilla/5.0 (Windows NT 6.1; WOW64; Trident/7.0; rv:11.0) like Gecko"
80.122.221.194 - - [24/Feb/2020:14:37:15 +0100] "GET /loadthumbnail.php?id=10309492&width=113 HTTP/1.1" 200 2666 "http://renault.activities.at/result?searchterm=true&search=dacia" "Mozilla/5.0 (Windows NT 6.1; WOW64; Trident/7.0; rv:11.0) like Gecko"
80.122.221.194 - - [24/Feb/2020:14:37:15 +0100] "GET /images/sidebar_title_corner_left_top.gif HTTP/1.1" 304 - "http://renault.activities.at/result?searchterm=true&search=dacia" "Mozilla/5.0 (Windows NT 6.1; WOW64; Trident/7.0; rv:11.0) like Gecko"
80.122.221.194 - - [24/Feb/2020:14:37:15 +0100] "GET /images/sidebar_title_corner_right_top.gif HTTP/1.1" 304 - "http://renault.activities.at/result?searchterm=true&search=dacia" "Mozilla/5.0 (Windows NT 6.1; WOW64; Trident/7.0; rv:11.0) like Gecko"
80.122.221.194 - - [24/Feb/2020:14:37:15 +0100] "GET /images/button_right_bg.gif HTTP/1.1" 304 - "http://renault.activities.at/result?searchterm=true&search=dacia" "Mozilla/5.0 (Windows NT 6.1; WOW64; Trident/7.0; rv:11.0) like Gecko"
80.122.221.194 - - [24/Feb/2020:14:37:15 +0100] "GET /images/button_bg.gif HTTP/1.1" 304 - "http://renault.activities.at/result?searchterm=true&search=dacia" "Mozilla/5.0 (Windows NT 6.1; WOW64; Trident/7.0; rv:11.0) like Gecko"
80.122.221.194 - - [24/Feb/2020:14:37:15 +0100] "GET /images/pager_bg.gif HTTP/1.1" 200 150 "http://renault.activities.at/result?searchterm=true&search=dacia" "Mozilla/5.0 (Windows NT 6.1; WOW64; Trident/7.0; rv:11.0) like Gecko"
80.122.221.194 - - [24/Feb/2020:14:37:15 +0100] "GET /images/title_border.jpg HTTP/1.1" 304 - "http://renault.activities.at/result?searchterm=true&search=dacia" "Mozilla/5.0 (Windows NT 6.1; WOW64; Trident/7.0; rv:11.0) like Gecko"
80.122.221.194 - - [24/Feb/2020:14:37:15 +0100] "GET /images/title_border_top.jpg HTTP/1.1" 304 - "http://renault.activities.at/result?searchterm=true&search=dacia" "Mozilla/5.0 (Windows NT 6.1; WOW64; Trident/7.0; rv:11.0) like Gecko"
80.122.221.194 - - [24/Feb/2020:14:37:15 +0100] "GET /images/title_corner_left_top.jpg HTTP/1.1" 304 - "http://renault.activities.at/result?searchterm=true&search=dacia" "Mozilla/5.0 (Windows NT 6.1; WOW64; Trident/7.0; rv:11.0) like Gecko"
80.122.221.194 - - [24/Feb/2020:14:37:15 +0100] "GET /images/title_corner_right_top.jpg HTTP/1.1" 304 - "http://renault.activities.at/result?searchterm=true&search=dacia" "Mozilla/5.0 (Windows NT 6.1; WOW64; Trident/7.0; rv:11.0) like Gecko"
