193.194.132.23 - - [24/Feb/2020:10:39:13 +0100] "GET /images/title_corner_left_top.jpg HTTP/1.1" 304 - "http://renault.2web.at/login?required=true" "Mozilla/5.0 (Windows NT 10.0; WOW64; Trident/7.0; Touch; rv:11.0) like Gecko"
193.194.132.23 - - [24/Feb/2020:10:39:13 +0100] "GET /images/main_block_border.gif HTTP/1.1" 304 - "http://renault.2web.at/login?required=true" "Mozilla/5.0 (Windows NT 10.0; WOW64; Trident/7.0; Touch; rv:11.0) like Gecko"
193.194.132.23 - - [24/Feb/2020:10:39:13 +0100] "GET /loadthumbnail.php?id=11127982 HTTP/1.1" 200 399614 "http://renault.2web.at/login?required=true" "Mozilla/5.0 (Windows NT 10.0; WOW64; Trident/7.0; Touch; rv:11.0) like Gecko"
193.194.132.23 - - [24/Feb/2020:10:39:19 +0100] "POST /login HTTP/1.1" 302 162 "http://renault.2web.at/login?required=true" "Mozilla/5.0 (Windows NT 10.0; WOW64; Trident/7.0; Touch; rv:11.0) like Gecko"
193.194.132.23 - - [24/Feb/2020:10:39:22 +0100] "GET /result?searchterm=true&search=kleber&loadrequest=true HTTP/1.1" 200 11599 "http://renault.2web.at/login?required=true" "Mozilla/5.0 (Windows NT 10.0; WOW64; Trident/7.0; Touch; rv:11.0) like Gecko"
193.194.132.23 - - [24/Feb/2020:10:39:27 +0100] "GET /js/prototip.js HTTP/1.1" 304 - "http://renault.2web.at/result?searchterm=true&search=kleber&loadrequest=true" "Mozilla/5.0 (Windows NT 10.0; WOW64; Trident/7.0; Touch; rv:11.0) like Gecko"
193.194.132.23 - - [24/Feb/2020:10:39:27 +0100] "GET /js/ProduktGrp.js HTTP/1.1" 304 - "http://renault.2web.at/result?searchterm=true&search=kleber&loadrequest=true" "Mozilla/5.0 (Windows NT 10.0; WOW64; Trident/7.0; Touch; rv:11.0) like Gecko"
193.194.132.23 - - [24/Feb/2020:10:39:27 +0100] "GET /images/loading.gif HTTP/1.1" 304 - "http://renault.2web.at/result?searchterm=true&search=kleber&loadrequest=true" "Mozilla/5.0 (Windows NT 10.0; WOW64; Trident/7.0; Touch; rv:11.0) like Gecko"
193.194.132.23 - - [24/Feb/2020:10:39:27 +0100] "GET /loadthumbnail.php?id=10203651&width=50&height=50 HTTP/1.1" 200 1234 "http://renault.2web.at/result?searchterm=true&search=kleber&loadrequest=true" "Mozilla/5.0 (Windows NT 10.0; WOW64; Trident/7.0; Touch; rv:11.0) like Gecko"
193.194.132.23 - - [24/Feb/2020:10:39:27 +0100] "GET /loadthumbnail.php?id=11423691&width=113 HTTP/1.1" 200 6071 "http://renault.2web.at/result?searchterm=true&search=kleber&loadrequest=true" "Mozilla/5.0 (Windows NT 10.0; WOW64; Trident/7.0; Touch; rv:11.0) like Gecko"
193.194.132.23 - - [24/Feb/2020:10:39:27 +0100] "GET /loadthumbnail.php?id=10203276 HTTP/1.1" 200 75 "http://renault.2web.at/result?searchterm=true&search=kleber&loadrequest=true" "Mozilla/5.0 (Windows NT 10.0; WOW64; Trident/7.0; Touch; rv:11.0) like Gecko"
193.194.132.23 - - [24/Feb/2020:10:39:27 +0100] "GET /loadthumbnail.php?id=10272696&width=113 HTTP/1.1" 200 6494 "http://renault.2web.at/result?searchterm=true&search=kleber&loadrequest=true" "Mozilla/5.0 (Windows NT 10.0; WOW64; Trident/7.0; Touch; rv:11.0) like Gecko"
193.194.132.23 - - [24/Feb/2020:10:39:27 +0100] "GET /loadthumbnail.php?id=12198625&width=113 HTTP/1.1" 200 1975 "http://renault.2web.at/result?searchterm=true&search=kleber&loadrequest=true" "Mozilla/5.0 (Windows NT 10.0; WOW64; Trident/7.0; Touch; rv:11.0) like Gecko"
193.194.132.23 - - [24/Feb/2020:10:39:27 +0100] "GET /loadthumbnail.php?id=10203255 HTTP/1.1" 200 137 "http://renault.2web.at/result?searchterm=true&search=kleber&loadrequest=true" "Mozilla/5.0 (Windows NT 10.0; WOW64; Trident/7.0; Touch; rv:11.0) like Gecko"
193.194.132.23 - - [24/Feb/2020:10:39:27 +0100] "GET /loadthumbnail.php?id=10203650&width=113 HTTP/1.1" 200 2741 "http://renault.2web.at/result?searchterm=true&search=kleber&loadrequest=true" "Mozilla/5.0 (Windows NT 10.0; WOW64; Trident/7.0; Touch; rv:11.0) like Gecko"
193.194.132.23 - - [24/Feb/2020:10:39:27 +0100] "GET /loadthumbnail.php?id=12198633&width=113 HTTP/1.1" 200 1975 "http://renault.2web.at/result?searchterm=true&search=kleber&loadrequest=true" "Mozilla/5.0 (Windows NT 10.0; WOW64; Trident/7.0; Touch; rv:11.0) like Gecko"
193.194.132.23 - - [24/Feb/2020:10:39:27 +0100] "GET /loadthumbnail.php?id=12198629&width=113 HTTP/1.1" 200 1975 "http://renault.2web.at/result?searchterm=true&search=kleber&loadrequest=true" "Mozilla/5.0 (Windows NT 10.0; WOW64; Trident/7.0; Touch; rv:11.0) like Gecko"
193.194.132.23 - - [24/Feb/2020:10:39:28 +0100] "GET /loadthumbnail.php?id=11181189&width=113 HTTP/1.1" 200 1888 "http://renault.2web.at/result?searchterm=true&search=kleber&loadrequest=true" "Mozilla/5.0 (Windows NT 10.0; WOW64; Trident/7.0; Touch; rv:11.0) like Gecko"
193.194.132.23 - - [24/Feb/2020:10:39:28 +0100] "GET /images/search_bg.gif HTTP/1.1" 304 - "http://renault.2web.at/result?searchterm=true&search=kleber&loadrequest=true" "Mozilla/5.0 (Windows NT 10.0; WOW64; Trident/7.0; Touch; rv:11.0) like Gecko"
193.194.132.23 - - [24/Feb/2020:10:39:28 +0100] "GET /images/footer_divider.gif HTTP/1.1" 304 - "http://renault.2web.at/result?searchterm=true&search=kleber&loadrequest=true" "Mozilla/5.0 (Windows NT 10.0; WOW64; Trident/7.0; Touch; rv:11.0) like Gecko"
193.194.132.23 - - [24/Feb/2020:10:39:28 +0100] "GET /loadthumbnail.php?id=11181187&width=113 HTTP/1.1" 200 1532 "http://renault.2web.at/result?searchterm=true&search=kleber&loadrequest=true" "Mozilla/5.0 (Windows NT 10.0; WOW64; Trident/7.0; Touch; rv:11.0) like Gecko"
193.194.132.23 - - [24/Feb/2020:10:39:28 +0100] "GET /loadthumbnail.php?id=11181185&width=113 HTTP/1.1" 200 1532 "http://renault.2web.at/result?searchterm=true&search=kleber&loadrequest=true" "Mozilla/5.0 (Windows NT 10.0; WOW64; Trident/7.0; Touch; rv:11.0) like Gecko"
193.194.132.23 - - [24/Feb/2020:10:39:28 +0100] "GET /images/validation_advice_bg.gif HTTP/1.1" 304 - "http://renault.2web.at/result?searchterm=true&search=kleber&loadrequest=true" "Mozilla/5.0 (Windows NT 10.0; WOW64; Trident/7.0; Touch; rv:11.0) like Gecko"
193.194.132.23 - - [24/Feb/2020:10:39:28 +0100] "GET /images/vista-up.gif HTTP/1.1" 304 - "http://renault.2web.at/result?searchterm=true&search=kleber&loadrequest=true" "Mozilla/5.0 (Windows NT 10.0; WOW64; Trident/7.0; Touch; rv:11.0) like Gecko"
193.194.132.23 - - [24/Feb/2020:10:39:28 +0100] "GET /images/pager_bg.gif HTTP/1.1" 304 - "http://renault.2web.at/result?searchterm=true&search=kleber&loadrequest=true" "Mozilla/5.0 (Windows NT 10.0; WOW64; Trident/7.0; Touch; rv:11.0) like Gecko"
193.194.132.23 - - [24/Feb/2020:10:39:28 +0100] "GET /images/menu_divider.gif HTTP/1.1" 304 - "http://renault.2web.at/result?searchterm=true&search=kleber&loadrequest=true" "Mozilla/5.0 (Windows NT 10.0; WOW64; Trident/7.0; Touch; rv:11.0) like Gecko"
193.194.132.23 - - [24/Feb/2020:10:39:28 +0100] "GET /images/sidebar_title_border_top.gif HTTP/1.1" 304 - "http://renault.2web.at/result?searchterm=true&search=kleber&loadrequest=true" "Mozilla/5.0 (Windows NT 10.0; WOW64; Trident/7.0; Touch; rv:11.0) like Gecko"
193.194.132.23 - - [24/Feb/2020:10:39:28 +0100] "GET /images/sidebar_title_border.gif HTTP/1.1" 304 - "http://renault.2web.at/result?searchterm=true&search=kleber&loadrequest=true" "Mozilla/5.0 (Windows NT 10.0; WOW64; Trident/7.0; Touch; rv:11.0) like Gecko"
193.194.132.23 - - [24/Feb/2020:10:39:28 +0100] "GET /images/nav_divider.gif HTTP/1.1" 304 - "http://renault.2web.at/result?searchterm=true&search=kleber&loadrequest=true" "Mozilla/5.0 (Windows NT 10.0; WOW64; Trident/7.0; Touch; rv:11.0) like Gecko"
193.194.132.23 - - [24/Feb/2020:10:39:28 +0100] "GET /images/sidebar_title_corner_left_top.gif HTTP/1.1" 304 - "http://renault.2web.at/result?searchterm=true&search=kleber&loadrequest=true" "Mozilla/5.0 (Windows NT 10.0; WOW64; Trident/7.0; Touch; rv:11.0) like Gecko"
193.194.132.23 - - [24/Feb/2020:10:39:28 +0100] "GET /images/top_links_divider.gif HTTP/1.1" 304 - "http://renault.2web.at/result?searchterm=true&search=kleber&loadrequest=true" "Mozilla/5.0 (Windows NT 10.0; WOW64; Trident/7.0; Touch; rv:11.0) like Gecko"
193.194.132.23 - - [24/Feb/2020:10:39:28 +0100] "GET /images/sidebar_title_corner_right_top.gif HTTP/1.1" 304 - "http://renault.2web.at/result?searchterm=true&search=kleber&loadrequest=true" "Mozilla/5.0 (Windows NT 10.0; WOW64; Trident/7.0; Touch; rv:11.0) like Gecko"
193.194.132.23 - - [24/Feb/2020:10:39:28 +0100] "GET /images/menu_button_bg.jpg HTTP/1.1" 304 - "http://renault.2web.at/result?searchterm=true&search=kleber&loadrequest=true" "Mozilla/5.0 (Windows NT 10.0; WOW64; Trident/7.0; Touch; rv:11.0) like Gecko"
193.194.132.23 - - [24/Feb/2020:10:39:28 +0100] "GET /images/vista-dn.gif HTTP/1.1" 304 - "http://renault.2web.at/result?searchterm=true&search=kleber&loadrequest=true" "Mozilla/5.0 (Windows NT 10.0; WOW64; Trident/7.0; Touch; rv:11.0) like Gecko"
193.194.132.23 - - [24/Feb/2020:10:39:28 +0100] "GET /loadthumbnail.php?id=11181180&width=113 HTTP/1.1" 200 1834 "http://renault.2web.at/result?searchterm=true&search=kleber&loadrequest=true" "Mozilla/5.0 (Windows NT 10.0; WOW64; Trident/7.0; Touch; rv:11.0) like Gecko"
193.194.132.23 - - [24/Feb/2020:10:39:28 +0100] "GET /loadthumbnail.php?id=11181178&width=113 HTTP/1.1" 200 1834 "http://renault.2web.at/result?searchterm=true&search=kleber&loadrequest=true" "Mozilla/5.0 (Windows NT 10.0; WOW64; Trident/7.0; Touch; rv:11.0) like Gecko"
193.194.132.23 - - [24/Feb/2020:10:39:28 +0100] "GET /loadthumbnail.php?id=11186502&width=113 HTTP/1.1" 200 2016 "http://renault.2web.at/result?searchterm=true&search=kleber&loadrequest=true" "Mozilla/5.0 (Windows NT 10.0; WOW64; Trident/7.0; Touch; rv:11.0) like Gecko"
193.194.132.23 - - [24/Feb/2020:10:39:28 +0100] "GET /loadthumbnail.php?id=11195848&width=113 HTTP/1.1" 200 2016 "http://renault.2web.at/result?searchterm=true&search=kleber&loadrequest=true" "Mozilla/5.0 (Windows NT 10.0; WOW64; Trident/7.0; Touch; rv:11.0) like Gecko"
80.120.5.131 - - [24/Feb/2020:10:39:36 +0100] "GET /reload?ser=1582537176158 HTTP/1.1" 200 2 "http://renault.activities.at/result?dir=DESC&mode=grid&order=name&limit=15&page=2&search=clio" "Mozilla/5.0 (Windows NT 10.0; WOW64; Trident/7.0; rv:11.0) like Gecko"
80.122.221.194 - - [24/Feb/2020:10:39:56 +0100] "GET /reload?ser=1582537196099 HTTP/1.1" 200 28 "http://renault.activities.at/cart" "Mozilla/5.0 (Windows NT 10.0; Win64; x64) AppleWebKit/537.36 (KHTML, like Gecko) Chrome/70.0.3538.102 Safari/537.36 Edge/18.18363"
77.119.228.53 - - [24/Feb/2020:10:40:06 +0100] "GET /reload?ser=1582537206011 HTTP/1.1" 200 28 "http://renault.activities.at/result?searchterm=true&search=wartung" "Mozilla/5.0 (Windows NT 10.0; Win64; x64) AppleWebKit/537.36 (KHTML, like Gecko) Chrome/64.0.3282.140 Safari/537.36 Edge/18.17763"
193.194.132.23 - - [24/Feb/2020:10:40:29 +0100] "GET /reload?ser=1582537229017 HTTP/1.1" 200 28 "http://renault.2web.at/result?searchterm=true&search=kleber&loadrequest=true" "Mozilla/5.0 (Windows NT 10.0; WOW64; Trident/7.0; Touch; rv:11.0) like Gecko"
80.120.5.131 - - [24/Feb/2020:10:40:40 +0100] "GET /reload?ser=1582537240168 HTTP/1.1" 200 2 "http://renault.activities.at/result?dir=DESC&mode=grid&order=name&limit=15&page=2&search=clio" "Mozilla/5.0 (Windows NT 10.0; WOW64; Trident/7.0; rv:11.0) like Gecko"
80.122.221.194 - - [24/Feb/2020:10:40:57 +0100] "GET /reload?ser=1582537257102 HTTP/1.1" 200 28 "http://renault.activities.at/cart" "Mozilla/5.0 (Windows NT 10.0; Win64; x64) AppleWebKit/537.36 (KHTML, like Gecko) Chrome/70.0.3538.102 Safari/537.36 Edge/18.18363"
77.119.228.53 - - [24/Feb/2020:10:41:07 +0100] "GET /reload?ser=1582537267138 HTTP/1.1" 200 28 "http://renault.activities.at/result?searchterm=true&search=wartung" "Mozilla/5.0 (Windows NT 10.0; Win64; x64) AppleWebKit/537.36 (KHTML, like Gecko) Chrome/64.0.3282.140 Safari/537.36 Edge/18.17763"
193.194.132.23 - - [24/Feb/2020:10:41:30 +0100] "GET /reload?ser=1582537290223 HTTP/1.1" 200 28 "http://renault.2web.at/result?searchterm=true&search=kleber&loadrequest=true" "Mozilla/5.0 (Windows NT 10.0; WOW64; Trident/7.0; Touch; rv:11.0) like Gecko"
80.120.5.131 - - [24/Feb/2020:10:41:41 +0100] "GET /reload?ser=1582537301130 HTTP/1.1" 200 2 "http://renault.activities.at/result?dir=DESC&mode=grid&order=name&limit=15&page=2&search=clio" "Mozilla/5.0 (Windows NT 10.0; WOW64; Trident/7.0; rv:11.0) like Gecko"
80.122.221.194 - - [24/Feb/2020:10:41:58 +0100] "GET /reload?ser=1582537318109 HTTP/1.1" 200 28 "http://renault.activities.at/cart" "Mozilla/5.0 (Windows NT 10.0; Win64; x64) AppleWebKit/537.36 (KHTML, like Gecko) Chrome/70.0.3538.102 Safari/537.36 Edge/18.18363"
77.119.228.53 - - [24/Feb/2020:10:42:08 +0100] "GET /reload?ser=1582537328243 HTTP/1.1" 200 28 "http://renault.activities.at/result?searchterm=true&search=wartung" "Mozilla/5.0 (Windows NT 10.0; Win64; x64) AppleWebKit/537.36 (KHTML, like Gecko) Chrome/64.0.3282.140 Safari/537.36 Edge/18.17763"
193.194.132.23 - - [24/Feb/2020:10:42:31 +0100] "GET /reload?ser=1582537351233 HTTP/1.1" 200 28 "http://renault.2web.at/result?searchterm=true&search=kleber&loadrequest=true" "Mozilla/5.0 (Windows NT 10.0; WOW64; Trident/7.0; Touch; rv:11.0) like Gecko"
80.120.5.131 - - [24/Feb/2020:10:42:42 +0100] "GET /reload?ser=1582537362096 HTTP/1.1" 200 2 "http://renault.activities.at/result?dir=DESC&mode=grid&order=name&limit=15&page=2&search=clio" "Mozilla/5.0 (Windows NT 10.0; WOW64; Trident/7.0; rv:11.0) like Gecko"
80.122.221.194 - - [24/Feb/2020:10:42:59 +0100] "GET /reload?ser=1582537379111 HTTP/1.1" 200 28 "http://renault.activities.at/cart" "Mozilla/5.0 (Windows NT 10.0; Win64; x64) AppleWebKit/537.36 (KHTML, like Gecko) Chrome/70.0.3538.102 Safari/537.36 Edge/18.18363"
77.119.228.53 - - [24/Feb/2020:10:43:09 +0100] "GET /reload?ser=1582537389360 HTTP/1.1" 200 28 "http://renault.activities.at/result?searchterm=true&search=wartung" "Mozilla/5.0 (Windows NT 10.0; Win64; x64) AppleWebKit/537.36 (KHTML, like Gecko) Chrome/64.0.3282.140 Safari/537.36 Edge/18.17763"
193.194.132.23 - - [24/Feb/2020:10:43:32 +0100] "GET /reload?ser=1582537412241 HTTP/1.1" 200 28 "http://renault.2web.at/result?searchterm=true&search=kleber&loadrequest=true" "Mozilla/5.0 (Windows NT 10.0; WOW64; Trident/7.0; Touch; rv:11.0) like Gecko"
80.120.5.131 - - [24/Feb/2020:10:43:43 +0100] "GET /reload?ser=1582537423024 HTTP/1.1" 200 2 "http://renault.activities.at/result?dir=DESC&mode=grid&order=name&limit=15&page=2&search=clio" "Mozilla/5.0 (Windows NT 10.0; WOW64; Trident/7.0; rv:11.0) like Gecko"
80.122.221.194 - - [24/Feb/2020:10:44:00 +0100] "GET /reload?ser=1582537440102 HTTP/1.1" 200 28 "http://renault.activities.at/cart" "Mozilla/5.0 (Windows NT 10.0; Win64; x64) AppleWebKit/537.36 (KHTML, like Gecko) Chrome/70.0.3538.102 Safari/537.36 Edge/18.18363"
77.119.228.53 - - [24/Feb/2020:10:44:10 +0100] "GET /reload?ser=1582537450439 HTTP/1.1" 200 28 "http://renault.activities.at/result?searchterm=true&search=wartung" "Mozilla/5.0 (Windows NT 10.0; Win64; x64) AppleWebKit/537.36 (KHTML, like Gecko) Chrome/64.0.3282.140 Safari/537.36 Edge/18.17763"
193.194.132.23 - - [24/Feb/2020:10:44:33 +0100] "GET /reload?ser=1582537473281 HTTP/1.1" 200 28 "http://renault.2web.at/result?searchterm=true&search=kleber&loadrequest=true" "Mozilla/5.0 (Windows NT 10.0; WOW64; Trident/7.0; Touch; rv:11.0) like Gecko"
80.120.5.131 - - [24/Feb/2020:10:44:44 +0100] "GET /reload?ser=1582537483995 HTTP/1.1" 200 2 "http://renault.activities.at/result?dir=DESC&mode=grid&order=name&limit=15&page=2&search=clio" "Mozilla/5.0 (Windows NT 10.0; WOW64; Trident/7.0; rv:11.0) like Gecko"
80.122.221.194 - - [24/Feb/2020:10:45:01 +0100] "GET /reload?ser=1582537501112 HTTP/1.1" 200 28 "http://renault.activities.at/cart" "Mozilla/5.0 (Windows NT 10.0; Win64; x64) AppleWebKit/537.36 (KHTML, like Gecko) Chrome/70.0.3538.102 Safari/537.36 Edge/18.18363"
77.119.228.53 - - [24/Feb/2020:10:45:11 +0100] "GET /reload?ser=1582537511503 HTTP/1.1" 200 28 "http://renault.activities.at/result?searchterm=true&search=wartung" "Mozilla/5.0 (Windows NT 10.0; Win64; x64) AppleWebKit/537.36 (KHTML, like Gecko) Chrome/64.0.3282.140 Safari/537.36 Edge/18.17763"
193.194.132.23 - - [24/Feb/2020:10:45:34 +0100] "GET /reload?ser=1582537534293 HTTP/1.1" 200 28 "http://renault.2web.at/result?searchterm=true&search=kleber&loadrequest=true" "Mozilla/5.0 (Windows NT 10.0; WOW64; Trident/7.0; Touch; rv:11.0) like Gecko"
80.120.5.131 - - [24/Feb/2020:10:45:44 +0100] "GET /reload?ser=1582537544966 HTTP/1.1" 200 2 "http://renault.activities.at/result?dir=DESC&mode=grid&order=name&limit=15&page=2&search=clio" "Mozilla/5.0 (Windows NT 10.0; WOW64; Trident/7.0; rv:11.0) like Gecko"
80.122.221.194 - - [24/Feb/2020:10:46:02 +0100] "GET /reload?ser=1582537562102 HTTP/1.1" 200 28 "http://renault.activities.at/cart" "Mozilla/5.0 (Windows NT 10.0; Win64; x64) AppleWebKit/537.36 (KHTML, like Gecko) Chrome/70.0.3538.102 Safari/537.36 Edge/18.18363"
77.119.228.53 - - [24/Feb/2020:10:46:12 +0100] "GET /reload?ser=1582537572551 HTTP/1.1" 200 28 "http://renault.activities.at/result?searchterm=true&search=wartung" "Mozilla/5.0 (Windows NT 10.0; Win64; x64) AppleWebKit/537.36 (KHTML, like Gecko) Chrome/64.0.3282.140 Safari/537.36 Edge/18.17763"
193.194.132.23 - - [24/Feb/2020:10:46:35 +0100] "GET /reload?ser=1582537595306 HTTP/1.1" 200 28 "http://renault.2web.at/result?searchterm=true&search=kleber&loadrequest=true" "Mozilla/5.0 (Windows NT 10.0; WOW64; Trident/7.0; Touch; rv:11.0) like Gecko"
80.120.5.131 - - [24/Feb/2020:10:46:45 +0100] "GET /reload?ser=1582537605896 HTTP/1.1" 200 2 "http://renault.activities.at/result?dir=DESC&mode=grid&order=name&limit=15&page=2&search=clio" "Mozilla/5.0 (Windows NT 10.0; WOW64; Trident/7.0; rv:11.0) like Gecko"
80.122.221.194 - - [24/Feb/2020:10:47:03 +0100] "GET /reload?ser=1582537623113 HTTP/1.1" 200 28 "http://renault.activities.at/cart" "Mozilla/5.0 (Windows NT 10.0; Win64; x64) AppleWebKit/537.36 (KHTML, like Gecko) Chrome/70.0.3538.102 Safari/537.36 Edge/18.18363"
77.119.228.53 - - [24/Feb/2020:10:47:13 +0100] "GET /reload?ser=1582537633578 HTTP/1.1" 200 28 "http://renault.activities.at/result?searchterm=true&search=wartung" "Mozilla/5.0 (Windows NT 10.0; Win64; x64) AppleWebKit/537.36 (KHTML, like Gecko) Chrome/64.0.3282.140 Safari/537.36 Edge/18.17763"
193.194.132.23 - - [24/Feb/2020:10:47:36 +0100] "GET /reload?ser=1582537656361 HTTP/1.1" 200 28 "http://renault.2web.at/result?searchterm=true&search=kleber&loadrequest=true" "Mozilla/5.0 (Windows NT 10.0; WOW64; Trident/7.0; Touch; rv:11.0) like Gecko"
80.120.5.131 - - [24/Feb/2020:10:47:46 +0100] "GET /reload?ser=1582537666836 HTTP/1.1" 200 2 "http://renault.activities.at/result?dir=DESC&mode=grid&order=name&limit=15&page=2&search=clio" "Mozilla/5.0 (Windows NT 10.0; WOW64; Trident/7.0; rv:11.0) like Gecko"
80.122.221.194 - - [24/Feb/2020:10:48:04 +0100] "GET /reload?ser=1582537684103 HTTP/1.1" 200 28 "http://renault.activities.at/cart" "Mozilla/5.0 (Windows NT 10.0; Win64; x64) AppleWebKit/537.36 (KHTML, like Gecko) Chrome/70.0.3538.102 Safari/537.36 Edge/18.18363"
77.119.228.53 - - [24/Feb/2020:10:48:14 +0100] "GET /reload?ser=1582537694658 HTTP/1.1" 200 28 "http://renault.activities.at/result?searchterm=true&search=wartung" "Mozilla/5.0 (Windows NT 10.0; Win64; x64) AppleWebKit/537.36 (KHTML, like Gecko) Chrome/64.0.3282.140 Safari/537.36 Edge/18.17763"
193.194.132.23 - - [24/Feb/2020:10:48:37 +0100] "GET /reload?ser=1582537717422 HTTP/1.1" 200 28 "http://renault.2web.at/result?searchterm=true&search=kleber&loadrequest=true" "Mozilla/5.0 (Windows NT 10.0; WOW64; Trident/7.0; Touch; rv:11.0) like Gecko"
80.120.5.131 - - [24/Feb/2020:10:48:47 +0100] "GET /reload?ser=1582537727779 HTTP/1.1" 200 2 "http://renault.activities.at/result?dir=DESC&mode=grid&order=name&limit=15&page=2&search=clio" "Mozilla/5.0 (Windows NT 10.0; WOW64; Trident/7.0; rv:11.0) like Gecko"
80.122.221.194 - - [24/Feb/2020:10:49:05 +0100] "GET /reload?ser=1582537745105 HTTP/1.1" 200 28 "http://renault.activities.at/cart" "Mozilla/5.0 (Windows NT 10.0; Win64; x64) AppleWebKit/537.36 (KHTML, like Gecko) Chrome/70.0.3538.102 Safari/537.36 Edge/18.18363"
77.119.228.53 - - [24/Feb/2020:10:49:15 +0100] "GET /reload?ser=1582537755743 HTTP/1.1" 200 28 "http://renault.activities.at/result?searchterm=true&search=wartung" "Mozilla/5.0 (Windows NT 10.0; Win64; x64) AppleWebKit/537.36 (KHTML, like Gecko) Chrome/64.0.3282.140 Safari/537.36 Edge/18.17763"
193.194.132.23 - - [24/Feb/2020:10:49:38 +0100] "GET /reload?ser=1582537778488 HTTP/1.1" 200 28 "http://renault.2web.at/result?searchterm=true&search=kleber&loadrequest=true" "Mozilla/5.0 (Windows NT 10.0; WOW64; Trident/7.0; Touch; rv:11.0) like Gecko"
80.120.5.131 - - [24/Feb/2020:10:49:48 +0100] "GET /reload?ser=1582537788737 HTTP/1.1" 200 2 "http://renault.activities.at/result?dir=DESC&mode=grid&order=name&limit=15&page=2&search=clio" "Mozilla/5.0 (Windows NT 10.0; WOW64; Trident/7.0; rv:11.0) like Gecko"
80.122.221.194 - - [24/Feb/2020:10:50:06 +0100] "GET /reload?ser=1582537806106 HTTP/1.1" 200 28 "http://renault.activities.at/cart" "Mozilla/5.0 (Windows NT 10.0; Win64; x64) AppleWebKit/537.36 (KHTML, like Gecko) Chrome/70.0.3538.102 Safari/537.36 Edge/18.18363"
77.119.228.53 - - [24/Feb/2020:10:50:16 +0100] "GET /reload?ser=1582537816791 HTTP/1.1" 200 28 "http://renault.activities.at/result?searchterm=true&search=wartung" "Mozilla/5.0 (Windows NT 10.0; Win64; x64) AppleWebKit/537.36 (KHTML, like Gecko) Chrome/64.0.3282.140 Safari/537.36 Edge/18.17763"
193.194.132.23 - - [24/Feb/2020:10:50:39 +0100] "GET /reload?ser=1582537839541 HTTP/1.1" 200 28 "http://renault.2web.at/result?searchterm=true&search=kleber&loadrequest=true" "Mozilla/5.0 (Windows NT 10.0; WOW64; Trident/7.0; Touch; rv:11.0) like Gecko"
80.120.5.131 - - [24/Feb/2020:10:50:49 +0100] "GET /reload?ser=1582537849703 HTTP/1.1" 200 2 "http://renault.activities.at/result?dir=DESC&mode=grid&order=name&limit=15&page=2&search=clio" "Mozilla/5.0 (Windows NT 10.0; WOW64; Trident/7.0; rv:11.0) like Gecko"
80.122.221.194 - - [24/Feb/2020:10:51:07 +0100] "GET /reload?ser=1582537867112 HTTP/1.1" 200 28 "http://renault.activities.at/cart" "Mozilla/5.0 (Windows NT 10.0; Win64; x64) AppleWebKit/537.36 (KHTML, like Gecko) Chrome/70.0.3538.102 Safari/537.36 Edge/18.18363"
77.119.228.53 - - [24/Feb/2020:10:51:17 +0100] "GET /reload?ser=1582537877834 HTTP/1.1" 200 28 "http://renault.activities.at/result?searchterm=true&search=wartung" "Mozilla/5.0 (Windows NT 10.0; Win64; x64) AppleWebKit/537.36 (KHTML, like Gecko) Chrome/64.0.3282.140 Safari/537.36 Edge/18.17763"
193.194.132.23 - - [24/Feb/2020:10:51:40 +0100] "GET /reload?ser=1582537900620 HTTP/1.1" 200 28 "http://renault.2web.at/result?searchterm=true&search=kleber&loadrequest=true" "Mozilla/5.0 (Windows NT 10.0; WOW64; Trident/7.0; Touch; rv:11.0) like Gecko"
80.120.5.131 - - [24/Feb/2020:10:51:50 +0100] "GET /reload?ser=1582537910650 HTTP/1.1" 200 2 "http://renault.activities.at/result?dir=DESC&mode=grid&order=name&limit=15&page=2&search=clio" "Mozilla/5.0 (Windows NT 10.0; WOW64; Trident/7.0; rv:11.0) like Gecko"
80.122.221.194 - - [24/Feb/2020:10:52:08 +0100] "GET /reload?ser=1582537928099 HTTP/1.1" 200 28 "http://renault.activities.at/cart" "Mozilla/5.0 (Windows NT 10.0; Win64; x64) AppleWebKit/537.36 (KHTML, like Gecko) Chrome/70.0.3538.102 Safari/537.36 Edge/18.18363"
77.119.228.53 - - [24/Feb/2020:10:52:19 +0100] "GET /reload?ser=1582537938866 HTTP/1.1" 200 28 "http://renault.activities.at/result?searchterm=true&search=wartung" "Mozilla/5.0 (Windows NT 10.0; Win64; x64) AppleWebKit/537.36 (KHTML, like Gecko) Chrome/64.0.3282.140 Safari/537.36 Edge/18.17763"
193.194.132.23 - - [24/Feb/2020:10:52:41 +0100] "GET /reload?ser=1582537961708 HTTP/1.1" 200 28 "http://renault.2web.at/result?searchterm=true&search=kleber&loadrequest=true" "Mozilla/5.0 (Windows NT 10.0; WOW64; Trident/7.0; Touch; rv:11.0) like Gecko"
80.120.5.131 - - [24/Feb/2020:10:52:51 +0100] "GET /reload?ser=1582537971610 HTTP/1.1" 200 2 "http://renault.activities.at/result?dir=DESC&mode=grid&order=name&limit=15&page=2&search=clio" "Mozilla/5.0 (Windows NT 10.0; WOW64; Trident/7.0; rv:11.0) like Gecko"
80.122.221.194 - - [24/Feb/2020:10:53:09 +0100] "GET /reload?ser=1582537989106 HTTP/1.1" 200 28 "http://renault.activities.at/cart" "Mozilla/5.0 (Windows NT 10.0; Win64; x64) AppleWebKit/537.36 (KHTML, like Gecko) Chrome/70.0.3538.102 Safari/537.36 Edge/18.18363"
77.119.228.53 - - [24/Feb/2020:10:53:20 +0100] "GET /reload?ser=1582537999900 HTTP/1.1" 200 28 "http://renault.activities.at/result?searchterm=true&search=wartung" "Mozilla/5.0 (Windows NT 10.0; Win64; x64) AppleWebKit/537.36 (KHTML, like Gecko) Chrome/64.0.3282.140 Safari/537.36 Edge/18.17763"
193.194.132.23 - - [24/Feb/2020:10:53:42 +0100] "GET /reload?ser=1582538022757 HTTP/1.1" 200 28 "http://renault.2web.at/result?searchterm=true&search=kleber&loadrequest=true" "Mozilla/5.0 (Windows NT 10.0; WOW64; Trident/7.0; Touch; rv:11.0) like Gecko"
80.120.5.131 - - [24/Feb/2020:10:53:52 +0100] "GET /reload?ser=1582538032542 HTTP/1.1" 200 2 "http://renault.activities.at/result?dir=DESC&mode=grid&order=name&limit=15&page=2&search=clio" "Mozilla/5.0 (Windows NT 10.0; WOW64; Trident/7.0; rv:11.0) like Gecko"
80.122.221.194 - - [24/Feb/2020:10:54:10 +0100] "GET /reload?ser=1582538050099 HTTP/1.1" 200 28 "http://renault.activities.at/cart" "Mozilla/5.0 (Windows NT 10.0; Win64; x64) AppleWebKit/537.36 (KHTML, like Gecko) Chrome/70.0.3538.102 Safari/537.36 Edge/18.18363"
77.119.228.53 - - [24/Feb/2020:10:54:21 +0100] "GET /reload?ser=1582538060931 HTTP/1.1" 200 28 "http://renault.activities.at/result?searchterm=true&search=wartung" "Mozilla/5.0 (Windows NT 10.0; Win64; x64) AppleWebKit/537.36 (KHTML, like Gecko) Chrome/64.0.3282.140 Safari/537.36 Edge/18.17763"
193.194.132.23 - - [24/Feb/2020:10:54:43 +0100] "GET /reload?ser=1582538083812 HTTP/1.1" 200 28 "http://renault.2web.at/result?searchterm=true&search=kleber&loadrequest=true" "Mozilla/5.0 (Windows NT 10.0; WOW64; Trident/7.0; Touch; rv:11.0) like Gecko"
80.120.5.131 - - [24/Feb/2020:10:54:53 +0100] "GET /reload?ser=1582538093493 HTTP/1.1" 200 2 "http://renault.activities.at/result?dir=DESC&mode=grid&order=name&limit=15&page=2&search=clio" "Mozilla/5.0 (Windows NT 10.0; WOW64; Trident/7.0; rv:11.0) like Gecko"
80.122.221.194 - - [24/Feb/2020:10:55:11 +0100] "GET /reload?ser=1582538111113 HTTP/1.1" 200 28 "http://renault.activities.at/cart" "Mozilla/5.0 (Windows NT 10.0; Win64; x64) AppleWebKit/537.36 (KHTML, like Gecko) Chrome/70.0.3538.102 Safari/537.36 Edge/18.18363"
77.119.228.53 - - [24/Feb/2020:10:55:26 +0100] "GET /reload?ser=1582538121952 HTTP/1.1" 200 28 "http://renault.activities.at/result?searchterm=true&search=wartung" "Mozilla/5.0 (Windows NT 10.0; Win64; x64) AppleWebKit/537.36 (KHTML, like Gecko) Chrome/64.0.3282.140 Safari/537.36 Edge/18.17763"
193.194.132.23 - - [24/Feb/2020:10:55:44 +0100] "GET /reload?ser=1582538144857 HTTP/1.1" 200 28 "http://renault.2web.at/result?searchterm=true&search=kleber&loadrequest=true" "Mozilla/5.0 (Windows NT 10.0; WOW64; Trident/7.0; Touch; rv:11.0) like Gecko"
80.120.5.131 - - [24/Feb/2020:10:55:54 +0100] "GET /reload?ser=1582538154492 HTTP/1.1" 200 2 "http://renault.activities.at/result?dir=DESC&mode=grid&order=name&limit=15&page=2&search=clio" "Mozilla/5.0 (Windows NT 10.0; WOW64; Trident/7.0; rv:11.0) like Gecko"
80.122.221.194 - - [24/Feb/2020:10:56:12 +0100] "GET /reload?ser=1582538172113 HTTP/1.1" 200 28 "http://renault.activities.at/cart" "Mozilla/5.0 (Windows NT 10.0; Win64; x64) AppleWebKit/537.36 (KHTML, like Gecko) Chrome/70.0.3538.102 Safari/537.36 Edge/18.18363"
77.119.228.53 - - [24/Feb/2020:10:56:27 +0100] "GET /reload?ser=1582538187106 HTTP/1.1" 200 28 "http://renault.activities.at/result?searchterm=true&search=wartung" "Mozilla/5.0 (Windows NT 10.0; Win64; x64) AppleWebKit/537.36 (KHTML, like Gecko) Chrome/64.0.3282.140 Safari/537.36 Edge/18.17763"
193.194.132.23 - - [24/Feb/2020:10:56:46 +0100] "GET /reload?ser=1582538205866 HTTP/1.1" 200 28 "http://renault.2web.at/result?searchterm=true&search=kleber&loadrequest=true" "Mozilla/5.0 (Windows NT 10.0; WOW64; Trident/7.0; Touch; rv:11.0) like Gecko"
80.120.5.131 - - [24/Feb/2020:10:56:55 +0100] "GET /reload?ser=1582538215455 HTTP/1.1" 200 2 "http://renault.activities.at/result?dir=DESC&mode=grid&order=name&limit=15&page=2&search=clio" "Mozilla/5.0 (Windows NT 10.0; WOW64; Trident/7.0; rv:11.0) like Gecko"
80.122.221.194 - - [24/Feb/2020:10:57:13 +0100] "GET /reload?ser=1582538233113 HTTP/1.1" 200 28 "http://renault.activities.at/cart" "Mozilla/5.0 (Windows NT 10.0; Win64; x64) AppleWebKit/537.36 (KHTML, like Gecko) Chrome/70.0.3538.102 Safari/537.36 Edge/18.18363"
77.119.228.53 - - [24/Feb/2020:10:57:28 +0100] "GET /reload?ser=1582538248153 HTTP/1.1" 200 28 "http://renault.activities.at/result?searchterm=true&search=wartung" "Mozilla/5.0 (Windows NT 10.0; Win64; x64) AppleWebKit/537.36 (KHTML, like Gecko) Chrome/64.0.3282.140 Safari/537.36 Edge/18.17763"
193.194.132.23 - - [24/Feb/2020:10:57:47 +0100] "GET /reload?ser=1582538266937 HTTP/1.1" 200 28 "http://renault.2web.at/result?searchterm=true&search=kleber&loadrequest=true" "Mozilla/5.0 (Windows NT 10.0; WOW64; Trident/7.0; Touch; rv:11.0) like Gecko"
80.120.5.131 - - [24/Feb/2020:10:57:56 +0100] "GET /reload?ser=1582538276391 HTTP/1.1" 200 2 "http://renault.activities.at/result?dir=DESC&mode=grid&order=name&limit=15&page=2&search=clio" "Mozilla/5.0 (Windows NT 10.0; WOW64; Trident/7.0; rv:11.0) like Gecko"
80.122.221.194 - - [24/Feb/2020:10:58:14 +0100] "GET /reload?ser=1582538294100 HTTP/1.1" 200 28 "http://renault.activities.at/cart" "Mozilla/5.0 (Windows NT 10.0; Win64; x64) AppleWebKit/537.36 (KHTML, like Gecko) Chrome/70.0.3538.102 Safari/537.36 Edge/18.18363"
77.119.228.53 - - [24/Feb/2020:10:58:29 +0100] "GET /reload?ser=1582538309264 HTTP/1.1" 200 28 "http://renault.activities.at/result?searchterm=true&search=wartung" "Mozilla/5.0 (Windows NT 10.0; Win64; x64) AppleWebKit/537.36 (KHTML, like Gecko) Chrome/64.0.3282.140 Safari/537.36 Edge/18.17763"
193.194.132.23 - - [24/Feb/2020:10:58:48 +0100] "GET /reload?ser=1582538327962 HTTP/1.1" 200 28 "http://renault.2web.at/result?searchterm=true&search=kleber&loadrequest=true" "Mozilla/5.0 (Windows NT 10.0; WOW64; Trident/7.0; Touch; rv:11.0) like Gecko"
80.120.5.131 - - [24/Feb/2020:10:58:57 +0100] "GET /reload?ser=1582538337367 HTTP/1.1" 200 2 "http://renault.activities.at/result?dir=DESC&mode=grid&order=name&limit=15&page=2&search=clio" "Mozilla/5.0 (Windows NT 10.0; WOW64; Trident/7.0; rv:11.0) like Gecko"
80.122.221.194 - - [24/Feb/2020:10:59:15 +0100] "GET /reload?ser=1582538355110 HTTP/1.1" 200 28 "http://renault.activities.at/cart" "Mozilla/5.0 (Windows NT 10.0; Win64; x64) AppleWebKit/537.36 (KHTML, like Gecko) Chrome/70.0.3538.102 Safari/537.36 Edge/18.18363"
77.119.228.53 - - [24/Feb/2020:10:59:30 +0100] "GET /reload?ser=1582538370359 HTTP/1.1" 200 28 "http://renault.activities.at/result?searchterm=true&search=wartung" "Mozilla/5.0 (Windows NT 10.0; Win64; x64) AppleWebKit/537.36 (KHTML, like Gecko) Chrome/64.0.3282.140 Safari/537.36 Edge/18.17763"
193.194.132.23 - - [24/Feb/2020:10:59:49 +0100] "GET /reload?ser=1582538389012 HTTP/1.1" 200 28 "http://renault.2web.at/result?searchterm=true&search=kleber&loadrequest=true" "Mozilla/5.0 (Windows NT 10.0; WOW64; Trident/7.0; Touch; rv:11.0) like Gecko"
80.120.5.131 - - [24/Feb/2020:10:59:58 +0100] "GET /reload?ser=1582538398316 HTTP/1.1" 200 2 "http://renault.activities.at/result?dir=DESC&mode=grid&order=name&limit=15&page=2&search=clio" "Mozilla/5.0 (Windows NT 10.0; WOW64; Trident/7.0; rv:11.0) like Gecko"
80.122.221.194 - - [24/Feb/2020:11:00:16 +0100] "GET /reload?ser=1582538416105 HTTP/1.1" 200 28 "http://renault.activities.at/cart" "Mozilla/5.0 (Windows NT 10.0; Win64; x64) AppleWebKit/537.36 (KHTML, like Gecko) Chrome/70.0.3538.102 Safari/537.36 Edge/18.18363"
77.119.228.53 - - [24/Feb/2020:11:00:31 +0100] "GET /reload?ser=1582538431439 HTTP/1.1" 200 28 "http://renault.activities.at/result?searchterm=true&search=wartung" "Mozilla/5.0 (Windows NT 10.0; Win64; x64) AppleWebKit/537.36 (KHTML, like Gecko) Chrome/64.0.3282.140 Safari/537.36 Edge/18.17763"
193.194.132.23 - - [24/Feb/2020:11:00:50 +0100] "GET /reload?ser=1582538450064 HTTP/1.1" 200 28 "http://renault.2web.at/result?searchterm=true&search=kleber&loadrequest=true" "Mozilla/5.0 (Windows NT 10.0; WOW64; Trident/7.0; Touch; rv:11.0) like Gecko"
80.120.5.131 - - [24/Feb/2020:11:00:59 +0100] "GET /reload?ser=1582538459247 HTTP/1.1" 200 2 "http://renault.activities.at/result?dir=DESC&mode=grid&order=name&limit=15&page=2&search=clio" "Mozilla/5.0 (Windows NT 10.0; WOW64; Trident/7.0; rv:11.0) like Gecko"
193.194.132.29 - - [24/Feb/2020:11:01:07 +0100] "GET / HTTP/1.1" 200 3392 "-" "Mozilla/5.0 (Windows NT 10.0; Win64; x64) AppleWebKit/537.36 (KHTML, like Gecko) Chrome/80.0.3987.116 Safari/537.36"
193.194.132.29 - - [24/Feb/2020:11:01:08 +0100] "GET /images/favicon.ico HTTP/1.1" 404 300 "http://renault.2web.at/" "Mozilla/5.0 (Windows NT 10.0; Win64; x64) AppleWebKit/537.36 (KHTML, like Gecko) Chrome/80.0.3987.116 Safari/537.36"
193.194.132.29 - - [24/Feb/2020:11:01:10 +0100] "GET /login HTTP/1.1" 200 2095 "http://renault.2web.at/" "Mozilla/5.0 (Windows NT 10.0; Win64; x64) AppleWebKit/537.36 (KHTML, like Gecko) Chrome/80.0.3987.116 Safari/537.36"
193.194.132.29 - - [24/Feb/2020:11:01:15 +0100] "POST /login HTTP/1.1" 302 137 "http://renault.2web.at/login" "Mozilla/5.0 (Windows NT 10.0; Win64; x64) AppleWebKit/537.36 (KHTML, like Gecko) Chrome/80.0.3987.116 Safari/537.36"
80.122.221.194 - - [24/Feb/2020:11:01:17 +0100] "GET /reload?ser=1582538477112 HTTP/1.1" 200 28 "http://renault.activities.at/cart" "Mozilla/5.0 (Windows NT 10.0; Win64; x64) AppleWebKit/537.36 (KHTML, like Gecko) Chrome/70.0.3538.102 Safari/537.36 Edge/18.18363"
193.194.132.29 - - [24/Feb/2020:11:01:17 +0100] "GET /account HTTP/1.1" 200 8645 "http://renault.2web.at/login" "Mozilla/5.0 (Windows NT 10.0; Win64; x64) AppleWebKit/537.36 (KHTML, like Gecko) Chrome/80.0.3987.116 Safari/537.36"
193.194.132.29 - - [24/Feb/2020:11:01:21 +0100] "GET /loadthumbnail.php?id=12122782&width=50&height=50 HTTP/1.1" 200 1145 "http://renault.2web.at/account" "Mozilla/5.0 (Windows NT 10.0; Win64; x64) AppleWebKit/537.36 (KHTML, like Gecko) Chrome/80.0.3987.116 Safari/537.36"
77.119.228.53 - - [24/Feb/2020:11:01:32 +0100] "GET /reload?ser=1582538492503 HTTP/1.1" 200 28 "http://renault.activities.at/result?searchterm=true&search=wartung" "Mozilla/5.0 (Windows NT 10.0; Win64; x64) AppleWebKit/537.36 (KHTML, like Gecko) Chrome/64.0.3282.140 Safari/537.36 Edge/18.17763"
193.194.132.23 - - [24/Feb/2020:11:01:51 +0100] "GET /reload?ser=1582538511104 HTTP/1.1" 200 28 "http://renault.2web.at/result?searchterm=true&search=kleber&loadrequest=true" "Mozilla/5.0 (Windows NT 10.0; WOW64; Trident/7.0; Touch; rv:11.0) like Gecko"
80.120.5.131 - - [24/Feb/2020:11:02:00 +0100] "GET /reload?ser=1582538520190 HTTP/1.1" 200 2 "http://renault.activities.at/result?dir=DESC&mode=grid&order=name&limit=15&page=2&search=clio" "Mozilla/5.0 (Windows NT 10.0; WOW64; Trident/7.0; rv:11.0) like Gecko"
193.194.132.29 - - [24/Feb/2020:11:02:14 +0100] "POST /axjaxrequest?mode=suggest HTTP/1.1" 200 111 "http://renault.2web.at/account" "Mozilla/5.0 (Windows NT 10.0; Win64; x64) AppleWebKit/537.36 (KHTML, like Gecko) Chrome/80.0.3987.116 Safari/537.36"
80.122.221.194 - - [24/Feb/2020:11:02:18 +0100] "GET /reload?ser=1582538538098 HTTP/1.1" 200 28 "http://renault.activities.at/cart" "Mozilla/5.0 (Windows NT 10.0; Win64; x64) AppleWebKit/537.36 (KHTML, like Gecko) Chrome/70.0.3538.102 Safari/537.36 Edge/18.18363"
193.194.132.29 - - [24/Feb/2020:11:02:16 +0100] "GET /result?searchterm=true&search=logan HTTP/1.1" 200 8791 "http://renault.2web.at/account" "Mozilla/5.0 (Windows NT 10.0; Win64; x64) AppleWebKit/537.36 (KHTML, like Gecko) Chrome/80.0.3987.116 Safari/537.36"
193.194.132.29 - - [24/Feb/2020:11:02:18 +0100] "GET /result?searchterm=true&search=logan HTTP/1.1" 200 8791 "http://renault.2web.at/account" "Mozilla/5.0 (Windows NT 10.0; Win64; x64) AppleWebKit/537.36 (KHTML, like Gecko) Chrome/80.0.3987.116 Safari/537.36"
193.194.132.29 - - [24/Feb/2020:11:02:21 +0100] "GET /loadthumbnail.php?id=10203255 HTTP/1.1" 200 137 "http://renault.2web.at/result?searchterm=true&search=logan" "Mozilla/5.0 (Windows NT 10.0; Win64; x64) AppleWebKit/537.36 (KHTML, like Gecko) Chrome/80.0.3987.116 Safari/537.36"
193.194.132.29 - - [24/Feb/2020:11:02:21 +0100] "GET /loadthumbnail.php?id=10203650&width=113 HTTP/1.1" 200 2741 "http://renault.2web.at/result?searchterm=true&search=logan" "Mozilla/5.0 (Windows NT 10.0; Win64; x64) AppleWebKit/537.36 (KHTML, like Gecko) Chrome/80.0.3987.116 Safari/537.36"
193.194.132.29 - - [24/Feb/2020:11:02:21 +0100] "GET /loadthumbnail.php?id=11784466&width=113 HTTP/1.1" 200 3044 "http://renault.2web.at/result?searchterm=true&search=logan" "Mozilla/5.0 (Windows NT 10.0; Win64; x64) AppleWebKit/537.36 (KHTML, like Gecko) Chrome/80.0.3987.116 Safari/537.36"
193.194.132.29 - - [24/Feb/2020:11:02:21 +0100] "GET /loadthumbnail.php?id=11976088&width=113 HTTP/1.1" 200 23388 "http://renault.2web.at/result?searchterm=true&search=logan" "Mozilla/5.0 (Windows NT 10.0; Win64; x64) AppleWebKit/537.36 (KHTML, like Gecko) Chrome/80.0.3987.116 Safari/537.36"
193.194.132.29 - - [24/Feb/2020:11:02:21 +0100] "GET /loadthumbnail.php?id=12174329&width=113 HTTP/1.1" 200 6284 "http://renault.2web.at/result?searchterm=true&search=logan" "Mozilla/5.0 (Windows NT 10.0; Win64; x64) AppleWebKit/537.36 (KHTML, like Gecko) Chrome/80.0.3987.116 Safari/537.36"
193.194.132.29 - - [24/Feb/2020:11:02:21 +0100] "GET /loadthumbnail.php?id=11798477&width=113 HTTP/1.1" 200 3326 "http://renault.2web.at/result?searchterm=true&search=logan" "Mozilla/5.0 (Windows NT 10.0; Win64; x64) AppleWebKit/537.36 (KHTML, like Gecko) Chrome/80.0.3987.116 Safari/537.36"
193.194.132.29 - - [24/Feb/2020:11:02:21 +0100] "GET /loadthumbnail.php?id=11877811&width=113 HTTP/1.1" 200 27053 "http://renault.2web.at/result?searchterm=true&search=logan" "Mozilla/5.0 (Windows NT 10.0; Win64; x64) AppleWebKit/537.36 (KHTML, like Gecko) Chrome/80.0.3987.116 Safari/537.36"
77.119.228.53 - - [24/Feb/2020:11:02:33 +0100] "GET /reload?ser=1582538553565 HTTP/1.1" 200 28 "http://renault.activities.at/result?searchterm=true&search=wartung" "Mozilla/5.0 (Windows NT 10.0; Win64; x64) AppleWebKit/537.36 (KHTML, like Gecko) Chrome/64.0.3282.140 Safari/537.36 Edge/18.17763"
193.194.132.23 - - [24/Feb/2020:11:02:52 +0100] "GET /reload?ser=1582538572140 HTTP/1.1" 200 28 "http://renault.2web.at/result?searchterm=true&search=kleber&loadrequest=true" "Mozilla/5.0 (Windows NT 10.0; WOW64; Trident/7.0; Touch; rv:11.0) like Gecko"
80.120.5.131 - - [24/Feb/2020:11:03:01 +0100] "GET /reload?ser=1582538581189 HTTP/1.1" 200 2 "http://renault.activities.at/result?dir=DESC&mode=grid&order=name&limit=15&page=2&search=clio" "Mozilla/5.0 (Windows NT 10.0; WOW64; Trident/7.0; rv:11.0) like Gecko"
80.122.221.194 - - [24/Feb/2020:11:03:19 +0100] "GET /reload?ser=1582538599105 HTTP/1.1" 200 28 "http://renault.activities.at/cart" "Mozilla/5.0 (Windows NT 10.0; Win64; x64) AppleWebKit/537.36 (KHTML, like Gecko) Chrome/70.0.3538.102 Safari/537.36 Edge/18.18363"
193.194.132.29 - - [24/Feb/2020:11:03:22 +0100] "GET /reload?ser=1582538602396 HTTP/1.1" 200 28 "http://renault.2web.at/result?searchterm=true&search=logan" "Mozilla/5.0 (Windows NT 10.0; Win64; x64) AppleWebKit/537.36 (KHTML, like Gecko) Chrome/80.0.3987.116 Safari/537.36"
77.119.228.53 - - [24/Feb/2020:11:03:34 +0100] "GET /reload?ser=1582538614631 HTTP/1.1" 200 28 "http://renault.activities.at/result?searchterm=true&search=wartung" "Mozilla/5.0 (Windows NT 10.0; Win64; x64) AppleWebKit/537.36 (KHTML, like Gecko) Chrome/64.0.3282.140 Safari/537.36 Edge/18.17763"
193.194.132.23 - - [24/Feb/2020:11:03:53 +0100] "GET /reload?ser=1582538633161 HTTP/1.1" 200 28 "http://renault.2web.at/result?searchterm=true&search=kleber&loadrequest=true" "Mozilla/5.0 (Windows NT 10.0; WOW64; Trident/7.0; Touch; rv:11.0) like Gecko"
80.120.5.131 - - [24/Feb/2020:11:04:02 +0100] "GET /reload?ser=1582538642174 HTTP/1.1" 200 2 "http://renault.activities.at/result?dir=DESC&mode=grid&order=name&limit=15&page=2&search=clio" "Mozilla/5.0 (Windows NT 10.0; WOW64; Trident/7.0; rv:11.0) like Gecko"
80.122.221.194 - - [24/Feb/2020:11:04:20 +0100] "GET /reload?ser=1582538660108 HTTP/1.1" 200 28 "http://renault.activities.at/cart" "Mozilla/5.0 (Windows NT 10.0; Win64; x64) AppleWebKit/537.36 (KHTML, like Gecko) Chrome/70.0.3538.102 Safari/537.36 Edge/18.18363"
193.194.132.29 - - [24/Feb/2020:11:04:23 +0100] "GET /reload?ser=1582538663560 HTTP/1.1" 200 28 "http://renault.2web.at/result?searchterm=true&search=logan" "Mozilla/5.0 (Windows NT 10.0; Win64; x64) AppleWebKit/537.36 (KHTML, like Gecko) Chrome/80.0.3987.116 Safari/537.36"
77.119.228.53 - - [24/Feb/2020:11:04:36 +0100] "GET /reload?ser=1582538675773 HTTP/1.1" 200 28 "http://renault.activities.at/result?searchterm=true&search=wartung" "Mozilla/5.0 (Windows NT 10.0; Win64; x64) AppleWebKit/537.36 (KHTML, like Gecko) Chrome/64.0.3282.140 Safari/537.36 Edge/18.17763"
193.194.132.23 - - [24/Feb/2020:11:04:54 +0100] "GET /reload?ser=1582538694204 HTTP/1.1" 200 28 "http://renault.2web.at/result?searchterm=true&search=kleber&loadrequest=true" "Mozilla/5.0 (Windows NT 10.0; WOW64; Trident/7.0; Touch; rv:11.0) like Gecko"
80.120.5.131 - - [24/Feb/2020:11:05:03 +0100] "GET /reload?ser=1582538703173 HTTP/1.1" 200 2 "http://renault.activities.at/result?dir=DESC&mode=grid&order=name&limit=15&page=2&search=clio" "Mozilla/5.0 (Windows NT 10.0; WOW64; Trident/7.0; rv:11.0) like Gecko"
80.122.221.194 - - [24/Feb/2020:11:05:21 +0100] "GET /reload?ser=1582538721099 HTTP/1.1" 200 28 "http://renault.activities.at/cart" "Mozilla/5.0 (Windows NT 10.0; Win64; x64) AppleWebKit/537.36 (KHTML, like Gecko) Chrome/70.0.3538.102 Safari/537.36 Edge/18.18363"
193.194.132.29 - - [24/Feb/2020:11:05:24 +0100] "GET /reload?ser=1582538724612 HTTP/1.1" 200 28 "http://renault.2web.at/result?searchterm=true&search=logan" "Mozilla/5.0 (Windows NT 10.0; Win64; x64) AppleWebKit/537.36 (KHTML, like Gecko) Chrome/80.0.3987.116 Safari/537.36"
77.119.228.53 - - [24/Feb/2020:11:05:37 +0100] "GET /reload?ser=1582538737008 HTTP/1.1" 200 28 "http://renault.activities.at/result?searchterm=true&search=wartung" "Mozilla/5.0 (Windows NT 10.0; Win64; x64) AppleWebKit/537.36 (KHTML, like Gecko) Chrome/64.0.3282.140 Safari/537.36 Edge/18.17763"
193.194.132.23 - - [24/Feb/2020:11:05:55 +0100] "GET /reload?ser=1582538755250 HTTP/1.1" 200 28 "http://renault.2web.at/result?searchterm=true&search=kleber&loadrequest=true" "Mozilla/5.0 (Windows NT 10.0; WOW64; Trident/7.0; Touch; rv:11.0) like Gecko"
80.120.5.131 - - [24/Feb/2020:11:06:04 +0100] "GET /reload?ser=1582538764126 HTTP/1.1" 200 2 "http://renault.activities.at/result?dir=DESC&mode=grid&order=name&limit=15&page=2&search=clio" "Mozilla/5.0 (Windows NT 10.0; WOW64; Trident/7.0; rv:11.0) like Gecko"
80.122.221.194 - - [24/Feb/2020:11:06:22 +0100] "GET /reload?ser=1582538782105 HTTP/1.1" 200 28 "http://renault.activities.at/cart" "Mozilla/5.0 (Windows NT 10.0; Win64; x64) AppleWebKit/537.36 (KHTML, like Gecko) Chrome/70.0.3538.102 Safari/537.36 Edge/18.18363"
193.194.132.29 - - [24/Feb/2020:11:06:25 +0100] "GET /reload?ser=1582538785666 HTTP/1.1" 200 28 "http://renault.2web.at/result?searchterm=true&search=logan" "Mozilla/5.0 (Windows NT 10.0; Win64; x64) AppleWebKit/537.36 (KHTML, like Gecko) Chrome/80.0.3987.116 Safari/537.36"
77.119.228.53 - - [24/Feb/2020:11:06:38 +0100] "GET /reload?ser=1582538798149 HTTP/1.1" 200 28 "http://renault.activities.at/result?searchterm=true&search=wartung" "Mozilla/5.0 (Windows NT 10.0; Win64; x64) AppleWebKit/537.36 (KHTML, like Gecko) Chrome/64.0.3282.140 Safari/537.36 Edge/18.17763"
193.194.132.23 - - [24/Feb/2020:11:06:56 +0100] "GET /reload?ser=1582538816282 HTTP/1.1" 200 28 "http://renault.2web.at/result?searchterm=true&search=kleber&loadrequest=true" "Mozilla/5.0 (Windows NT 10.0; WOW64; Trident/7.0; Touch; rv:11.0) like Gecko"
80.120.5.131 - - [24/Feb/2020:11:07:05 +0100] "GET /reload?ser=1582538825128 HTTP/1.1" 200 2 "http://renault.activities.at/result?dir=DESC&mode=grid&order=name&limit=15&page=2&search=clio" "Mozilla/5.0 (Windows NT 10.0; WOW64; Trident/7.0; rv:11.0) like Gecko"
80.122.221.194 - - [24/Feb/2020:11:07:23 +0100] "GET /reload?ser=1582538843098 HTTP/1.1" 200 28 "http://renault.activities.at/cart" "Mozilla/5.0 (Windows NT 10.0; Win64; x64) AppleWebKit/537.36 (KHTML, like Gecko) Chrome/70.0.3538.102 Safari/537.36 Edge/18.18363"
193.194.132.29 - - [24/Feb/2020:11:07:26 +0100] "GET /reload?ser=1582538846698 HTTP/1.1" 200 28 "http://renault.2web.at/result?searchterm=true&search=logan" "Mozilla/5.0 (Windows NT 10.0; Win64; x64) AppleWebKit/537.36 (KHTML, like Gecko) Chrome/80.0.3987.116 Safari/537.36"
77.119.228.53 - - [24/Feb/2020:11:07:39 +0100] "GET /reload?ser=1582538859198 HTTP/1.1" 200 28 "http://renault.activities.at/result?searchterm=true&search=wartung" "Mozilla/5.0 (Windows NT 10.0; Win64; x64) AppleWebKit/537.36 (KHTML, like Gecko) Chrome/64.0.3282.140 Safari/537.36 Edge/18.17763"
193.194.132.23 - - [24/Feb/2020:11:07:57 +0100] "GET /reload?ser=1582538877350 HTTP/1.1" 200 28 "http://renault.2web.at/result?searchterm=true&search=kleber&loadrequest=true" "Mozilla/5.0 (Windows NT 10.0; WOW64; Trident/7.0; Touch; rv:11.0) like Gecko"
80.120.5.131 - - [24/Feb/2020:11:08:06 +0100] "GET /reload?ser=1582538886103 HTTP/1.1" 200 2 "http://renault.activities.at/result?dir=DESC&mode=grid&order=name&limit=15&page=2&search=clio" "Mozilla/5.0 (Windows NT 10.0; WOW64; Trident/7.0; rv:11.0) like Gecko"
80.122.221.194 - - [24/Feb/2020:11:08:24 +0100] "GET /reload?ser=1582538904103 HTTP/1.1" 200 28 "http://renault.activities.at/cart" "Mozilla/5.0 (Windows NT 10.0; Win64; x64) AppleWebKit/537.36 (KHTML, like Gecko) Chrome/70.0.3538.102 Safari/537.36 Edge/18.18363"
193.194.132.29 - - [24/Feb/2020:11:08:27 +0100] "GET /reload?ser=1582538907760 HTTP/1.1" 200 28 "http://renault.2web.at/result?searchterm=true&search=logan" "Mozilla/5.0 (Windows NT 10.0; Win64; x64) AppleWebKit/537.36 (KHTML, like Gecko) Chrome/80.0.3987.116 Safari/537.36"
77.119.228.53 - - [24/Feb/2020:11:08:41 +0100] "GET /reload?ser=1582538921258 HTTP/1.1" 200 28 "http://renault.activities.at/result?searchterm=true&search=wartung" "Mozilla/5.0 (Windows NT 10.0; Win64; x64) AppleWebKit/537.36 (KHTML, like Gecko) Chrome/64.0.3282.140 Safari/537.36 Edge/18.17763"
193.194.132.23 - - [24/Feb/2020:11:08:58 +0100] "GET /reload?ser=1582538938366 HTTP/1.1" 200 28 "http://renault.2web.at/result?searchterm=true&search=kleber&loadrequest=true" "Mozilla/5.0 (Windows NT 10.0; WOW64; Trident/7.0; Touch; rv:11.0) like Gecko"
80.120.5.131 - - [24/Feb/2020:11:09:07 +0100] "GET /reload?ser=1582538947034 HTTP/1.1" 200 2 "http://renault.activities.at/result?dir=DESC&mode=grid&order=name&limit=15&page=2&search=clio" "Mozilla/5.0 (Windows NT 10.0; WOW64; Trident/7.0; rv:11.0) like Gecko"
80.122.221.194 - - [24/Feb/2020:11:09:25 +0100] "GET /reload?ser=1582538965102 HTTP/1.1" 200 28 "http://renault.activities.at/cart" "Mozilla/5.0 (Windows NT 10.0; Win64; x64) AppleWebKit/537.36 (KHTML, like Gecko) Chrome/70.0.3538.102 Safari/537.36 Edge/18.18363"
193.194.132.29 - - [24/Feb/2020:11:09:28 +0100] "GET /reload?ser=1582538968812 HTTP/1.1" 200 28 "http://renault.2web.at/result?searchterm=true&search=logan" "Mozilla/5.0 (Windows NT 10.0; Win64; x64) AppleWebKit/537.36 (KHTML, like Gecko) Chrome/80.0.3987.116 Safari/537.36"
77.119.228.53 - - [24/Feb/2020:11:09:43 +0100] "GET /reload?ser=1582538983253 HTTP/1.1" 200 28 "http://renault.activities.at/result?searchterm=true&search=wartung" "Mozilla/5.0 (Windows NT 10.0; Win64; x64) AppleWebKit/537.36 (KHTML, like Gecko) Chrome/64.0.3282.140 Safari/537.36 Edge/18.17763"
193.194.132.23 - - [24/Feb/2020:11:09:59 +0100] "GET /reload?ser=1582538999410 HTTP/1.1" 200 28 "http://renault.2web.at/result?searchterm=true&search=kleber&loadrequest=true" "Mozilla/5.0 (Windows NT 10.0; WOW64; Trident/7.0; Touch; rv:11.0) like Gecko"
80.120.5.131 - - [24/Feb/2020:11:10:08 +0100] "GET /reload?ser=1582539007989 HTTP/1.1" 200 2 "http://renault.activities.at/result?dir=DESC&mode=grid&order=name&limit=15&page=2&search=clio" "Mozilla/5.0 (Windows NT 10.0; WOW64; Trident/7.0; rv:11.0) like Gecko"
80.122.221.194 - - [24/Feb/2020:11:10:26 +0100] "GET /reload?ser=1582539026106 HTTP/1.1" 200 28 "http://renault.activities.at/cart" "Mozilla/5.0 (Windows NT 10.0; Win64; x64) AppleWebKit/537.36 (KHTML, like Gecko) Chrome/70.0.3538.102 Safari/537.36 Edge/18.18363"
193.194.132.29 - - [24/Feb/2020:11:10:29 +0100] "GET /reload?ser=1582539029841 HTTP/1.1" 200 28 "http://renault.2web.at/result?searchterm=true&search=logan" "Mozilla/5.0 (Windows NT 10.0; Win64; x64) AppleWebKit/537.36 (KHTML, like Gecko) Chrome/80.0.3987.116 Safari/537.36"
77.119.228.53 - - [24/Feb/2020:11:10:45 +0100] "GET /reload?ser=1582539045254 HTTP/1.1" 200 28 "http://renault.activities.at/result?searchterm=true&search=wartung" "Mozilla/5.0 (Windows NT 10.0; Win64; x64) AppleWebKit/537.36 (KHTML, like Gecko) Chrome/64.0.3282.140 Safari/537.36 Edge/18.17763"
193.194.132.23 - - [24/Feb/2020:11:11:00 +0100] "GET /reload?ser=1582539060456 HTTP/1.1" 200 28 "http://renault.2web.at/result?searchterm=true&search=kleber&loadrequest=true" "Mozilla/5.0 (Windows NT 10.0; WOW64; Trident/7.0; Touch; rv:11.0) like Gecko"
80.120.5.131 - - [24/Feb/2020:11:11:09 +0100] "GET /reload?ser=1582539068961 HTTP/1.1" 200 2 "http://renault.activities.at/result?dir=DESC&mode=grid&order=name&limit=15&page=2&search=clio" "Mozilla/5.0 (Windows NT 10.0; WOW64; Trident/7.0; rv:11.0) like Gecko"
