80.120.210.179 - - [24/Feb/2020:14:01:48 +0100] "GET /images/button_left_bg.gif HTTP/1.1" 200 564 "http://renault.activities.at/login" "Mozilla/5.0 (Windows NT 10.0; WOW64; Trident/7.0; rv:11.0) like Gecko"
80.120.210.179 - - [24/Feb/2020:14:01:48 +0100] "GET /images/favicon.ico HTTP/1.1" 404 305 "-" "Mozilla/5.0 (Windows NT 10.0; Win64; x64; Trident/7.0; rv:11.0) like Gecko"
80.120.210.179 - - [24/Feb/2020:14:01:48 +0100] "GET /favicon.ico HTTP/1.1" 200 3250 "-" "Mozilla/5.0 (Windows NT 10.0; Win64; x64; Trident/7.0; rv:11.0) like Gecko"
80.120.5.131 - - [24/Feb/2020:14:01:49 +0100] "GET /reload?ser=1582549309302 HTTP/1.1" 200 28 "http://renault.activities.at/result?searchterm=true&search=Vorsteuerabzugsberechtigt" "Mozilla/5.0 (Windows NT 10.0; Win64; x64) AppleWebKit/537.36 (KHTML, like Gecko) Chrome/80.0.3987.116 Safari/537.36"
80.120.5.131 - - [24/Feb/2020:14:01:50 +0100] "GET /reload?ser=1582549310611 HTTP/1.1" 200 2 "http://renault.activities.at/result?dir=DESC&mode=grid&order=name&limit=15&page=2&search=clio" "Mozilla/5.0 (Windows NT 10.0; WOW64; Trident/7.0; rv:11.0) like Gecko"
88.116.232.54 - - [24/Feb/2020:14:01:55 +0100] "GET /reload?ser=1582549315197 HTTP/1.1" 200 28 "http://renault.activities.at/account" "Mozilla/5.0 (Windows NT 6.1; Win64; x64) AppleWebKit/537.36 (KHTML, like Gecko) Chrome/79.0.3945.130 Safari/537.36"
80.120.210.179 - - [24/Feb/2020:14:01:57 +0100] "POST /login HTTP/1.1" 302 140 "http://renault.activities.at/login" "Mozilla/5.0 (Windows NT 10.0; WOW64; Trident/7.0; rv:11.0) like Gecko"
80.120.210.179 - - [24/Feb/2020:14:01:59 +0100] "GET /account HTTP/1.1" 200 6075 "http://renault.activities.at/login" "Mozilla/5.0 (Windows NT 10.0; WOW64; Trident/7.0; rv:11.0) like Gecko"
80.120.210.179 - - [24/Feb/2020:14:02:00 +0100] "POST /login HTTP/1.1" 302 140 "http://renault.activities.at/login" "Mozilla/5.0 (Windows NT 10.0; WOW64; Trident/7.0; rv:11.0) like Gecko"
193.194.132.29 - - [24/Feb/2020:14:02:04 +0100] "GET /reload?ser=1582549323901 HTTP/1.1" 200 28 "http://renault.2web.at/result?searchterm=true&search=kleber&loadrequest=true" "Mozilla/5.0 (Windows NT 10.0; WOW64; Trident/7.0; Touch; rv:11.0) like Gecko"
80.120.210.179 - - [24/Feb/2020:14:02:04 +0100] "GET /account HTTP/1.1" 200 6075 "http://renault.activities.at/login" "Mozilla/5.0 (Windows NT 10.0; WOW64; Trident/7.0; rv:11.0) like Gecko"
80.120.210.179 - - [24/Feb/2020:14:02:06 +0100] "GET /js/account.js HTTP/1.1" 200 953 "http://renault.activities.at/account" "Mozilla/5.0 (Windows NT 10.0; WOW64; Trident/7.0; rv:11.0) like Gecko"
80.120.210.179 - - [24/Feb/2020:14:02:06 +0100] "GET /images/search_bg.gif HTTP/1.1" 200 1726 "http://renault.activities.at/account" "Mozilla/5.0 (Windows NT 10.0; WOW64; Trident/7.0; rv:11.0) like Gecko"
80.120.210.179 - - [24/Feb/2020:14:02:06 +0100] "GET /images/top_links_divider.gif HTTP/1.1" 200 44 "http://renault.activities.at/account" "Mozilla/5.0 (Windows NT 10.0; WOW64; Trident/7.0; rv:11.0) like Gecko"
80.120.210.179 - - [24/Feb/2020:14:02:06 +0100] "GET /images/menu_button_bg.jpg HTTP/1.1" 200 322 "http://renault.activities.at/account" "Mozilla/5.0 (Windows NT 10.0; WOW64; Trident/7.0; rv:11.0) like Gecko"
80.120.210.179 - - [24/Feb/2020:14:02:06 +0100] "GET /images/nav_divider.gif HTTP/1.1" 200 43 "http://renault.activities.at/account" "Mozilla/5.0 (Windows NT 10.0; WOW64; Trident/7.0; rv:11.0) like Gecko"
80.120.210.179 - - [24/Feb/2020:14:02:06 +0100] "GET /loadthumbnail.php?id=11181167&width=50&height=50 HTTP/1.1" 200 988 "http://renault.activities.at/account" "Mozilla/5.0 (Windows NT 10.0; WOW64; Trident/7.0; rv:11.0) like Gecko"
80.120.210.179 - - [24/Feb/2020:14:02:06 +0100] "GET /loadthumbnail.php?id=11181186&width=50&height=50 HTTP/1.1" 200 991 "http://renault.activities.at/account" "Mozilla/5.0 (Windows NT 10.0; WOW64; Trident/7.0; rv:11.0) like Gecko"
80.120.210.179 - - [24/Feb/2020:14:02:06 +0100] "GET /images/menu_divider.gif HTTP/1.1" 200 176 "http://renault.activities.at/account" "Mozilla/5.0 (Windows NT 10.0; WOW64; Trident/7.0; rv:11.0) like Gecko"
80.120.210.179 - - [24/Feb/2020:14:02:06 +0100] "GET /loadthumbnail.php?id=11181171&width=50&height=50 HTTP/1.1" 200 982 "http://renault.activities.at/account" "Mozilla/5.0 (Windows NT 10.0; WOW64; Trident/7.0; rv:11.0) like Gecko"
80.120.210.179 - - [24/Feb/2020:14:02:06 +0100] "GET /images/sidebar_title_border.gif HTTP/1.1" 200 43 "http://renault.activities.at/account" "Mozilla/5.0 (Windows NT 10.0; WOW64; Trident/7.0; rv:11.0) like Gecko"
80.120.210.179 - - [24/Feb/2020:14:02:06 +0100] "GET /loadthumbnail.php?id=11181222&width=50&height=50 HTTP/1.1" 200 1003 "http://renault.activities.at/account" "Mozilla/5.0 (Windows NT 10.0; WOW64; Trident/7.0; rv:11.0) like Gecko"
80.120.210.179 - - [24/Feb/2020:14:02:06 +0100] "GET /images/sidebar_title_border_top.gif HTTP/1.1" 200 155 "http://renault.activities.at/account" "Mozilla/5.0 (Windows NT 10.0; WOW64; Trident/7.0; rv:11.0) like Gecko"
80.120.210.179 - - [24/Feb/2020:14:02:06 +0100] "GET /images/footer_divider.gif HTTP/1.1" 200 44 "http://renault.activities.at/account" "Mozilla/5.0 (Windows NT 10.0; WOW64; Trident/7.0; rv:11.0) like Gecko"
80.120.210.179 - - [24/Feb/2020:14:02:06 +0100] "GET /images/sidebar_title_corner_right_top.gif HTTP/1.1" 200 383 "http://renault.activities.at/account" "Mozilla/5.0 (Windows NT 10.0; WOW64; Trident/7.0; rv:11.0) like Gecko"
80.120.210.179 - - [24/Feb/2020:14:02:06 +0100] "GET /images/sidebar_title_corner_left_top.gif HTTP/1.1" 200 1124 "http://renault.activities.at/account" "Mozilla/5.0 (Windows NT 10.0; WOW64; Trident/7.0; rv:11.0) like Gecko"
80.120.210.179 - - [24/Feb/2020:14:02:06 +0100] "GET /favicon.ico HTTP/1.1" 200 3250 "-" "Mozilla/5.0 (Windows NT 10.0; Win64; x64; Trident/7.0; rv:11.0) like Gecko"
80.120.210.179 - - [24/Feb/2020:14:02:11 +0100] "POST /axjaxrequest?mode=suggest HTTP/1.1" 200 175 "http://renault.activities.at/account" "Mozilla/5.0 (Windows NT 10.0; WOW64; Trident/7.0; rv:11.0) like Gecko"
80.120.210.179 - - [24/Feb/2020:14:02:12 +0100] "POST /axjaxrequest?mode=suggest HTTP/1.1" 200 175 "http://renault.activities.at/account" "Mozilla/5.0 (Windows NT 10.0; WOW64; Trident/7.0; rv:11.0) like Gecko"
80.120.210.179 - - [24/Feb/2020:14:02:13 +0100] "POST /axjaxrequest?mode=suggest HTTP/1.1" 200 175 "http://renault.activities.at/account" "Mozilla/5.0 (Windows NT 10.0; WOW64; Trident/7.0; rv:11.0) like Gecko"
88.116.50.238 - - [24/Feb/2020:14:02:16 +0100] "GET /reload?ser=1582549335828 HTTP/1.1" 200 28 "http://renault.activities.at/success" "Mozilla/5.0 (Windows NT 10.0; Win64; x64) AppleWebKit/537.36 (KHTML, like Gecko) Chrome/80.0.3987.116 Safari/537.36"
80.120.210.179 - - [24/Feb/2020:14:02:14 +0100] "GET /result?searchterm=true&search=kennzeich HTTP/1.1" 200 8490 "http://renault.activities.at/account" "Mozilla/5.0 (Windows NT 10.0; WOW64; Trident/7.0; rv:11.0) like Gecko"
80.120.210.179 - - [24/Feb/2020:14:02:18 +0100] "GET /js/prototip.js HTTP/1.1" 200 4588 "http://renault.activities.at/result?searchterm=true&search=kennzeich" "Mozilla/5.0 (Windows NT 10.0; WOW64; Trident/7.0; rv:11.0) like Gecko"
80.120.210.179 - - [24/Feb/2020:14:02:18 +0100] "GET /images/loading.gif HTTP/1.1" 200 3208 "http://renault.activities.at/result?searchterm=true&search=kennzeich" "Mozilla/5.0 (Windows NT 10.0; WOW64; Trident/7.0; rv:11.0) like Gecko"
80.120.210.179 - - [24/Feb/2020:14:02:18 +0100] "GET /js/ProduktGrp.js HTTP/1.1" 200 1569 "http://renault.activities.at/result?searchterm=true&search=kennzeich" "Mozilla/5.0 (Windows NT 10.0; WOW64; Trident/7.0; rv:11.0) like Gecko"
80.120.210.179 - - [24/Feb/2020:14:02:18 +0100] "GET /loadthumbnail.php?id=10203276 HTTP/1.1" 200 75 "http://renault.activities.at/result?searchterm=true&search=kennzeich" "Mozilla/5.0 (Windows NT 10.0; WOW64; Trident/7.0; rv:11.0) like Gecko"
80.120.210.179 - - [24/Feb/2020:14:02:18 +0100] "GET /loadthumbnail.php?id=10203255 HTTP/1.1" 200 137 "http://renault.activities.at/result?searchterm=true&search=kennzeich" "Mozilla/5.0 (Windows NT 10.0; WOW64; Trident/7.0; rv:11.0) like Gecko"
80.120.210.179 - - [24/Feb/2020:14:02:18 +0100] "GET /loadthumbnail.php?id=11036127&width=113 HTTP/1.1" 200 1099 "http://renault.activities.at/result?searchterm=true&search=kennzeich" "Mozilla/5.0 (Windows NT 10.0; WOW64; Trident/7.0; rv:11.0) like Gecko"
80.120.210.179 - - [24/Feb/2020:14:02:18 +0100] "GET /loadthumbnail.php?id=10261230&width=113 HTTP/1.1" 200 1170 "http://renault.activities.at/result?searchterm=true&search=kennzeich" "Mozilla/5.0 (Windows NT 10.0; WOW64; Trident/7.0; rv:11.0) like Gecko"
80.120.210.179 - - [24/Feb/2020:14:02:18 +0100] "GET /loadthumbnail.php?id=10260910&width=113 HTTP/1.1" 200 3135 "http://renault.activities.at/result?searchterm=true&search=kennzeich" "Mozilla/5.0 (Windows NT 10.0; WOW64; Trident/7.0; rv:11.0) like Gecko"
80.120.210.179 - - [24/Feb/2020:14:02:18 +0100] "GET /loadthumbnail.php?id=10260877&width=113 HTTP/1.1" 200 1170 "http://renault.activities.at/result?searchterm=true&search=kennzeich" "Mozilla/5.0 (Windows NT 10.0; WOW64; Trident/7.0; rv:11.0) like Gecko"
80.120.210.179 - - [24/Feb/2020:14:02:18 +0100] "GET /images/pager_bg.gif HTTP/1.1" 200 150 "http://renault.activities.at/result?searchterm=true&search=kennzeich" "Mozilla/5.0 (Windows NT 10.0; WOW64; Trident/7.0; rv:11.0) like Gecko"
80.120.210.179 - - [24/Feb/2020:14:02:18 +0100] "GET /loadthumbnail.php?id=11036339&width=113 HTTP/1.1" 200 1330 "http://renault.activities.at/result?searchterm=true&search=kennzeich" "Mozilla/5.0 (Windows NT 10.0; WOW64; Trident/7.0; rv:11.0) like Gecko"
80.120.210.179 - - [24/Feb/2020:14:02:18 +0100] "GET /loadthumbnail.php?id=10203650&width=113 HTTP/1.1" 200 2741 "http://renault.activities.at/result?searchterm=true&search=kennzeich" "Mozilla/5.0 (Windows NT 10.0; WOW64; Trident/7.0; rv:11.0) like Gecko"
80.120.210.179 - - [24/Feb/2020:14:02:18 +0100] "GET /images/vista-up.gif HTTP/1.1" 200 131 "http://renault.activities.at/result?searchterm=true&search=kennzeich" "Mozilla/5.0 (Windows NT 10.0; WOW64; Trident/7.0; rv:11.0) like Gecko"
80.120.210.179 - - [24/Feb/2020:14:02:18 +0100] "GET /images/vista-dn.gif HTTP/1.1" 200 128 "http://renault.activities.at/result?searchterm=true&search=kennzeich" "Mozilla/5.0 (Windows NT 10.0; WOW64; Trident/7.0; rv:11.0) like Gecko"
80.120.210.179 - - [24/Feb/2020:14:02:18 +0100] "GET /loadthumbnail.php?id=11255648&width=113 HTTP/1.1" 200 1285 "http://renault.activities.at/result?searchterm=true&search=kennzeich" "Mozilla/5.0 (Windows NT 10.0; WOW64; Trident/7.0; rv:11.0) like Gecko"
80.120.210.179 - - [24/Feb/2020:14:02:18 +0100] "GET /loadthumbnail.php?id=10260863&width=113 HTTP/1.1" 200 1170 "http://renault.activities.at/result?searchterm=true&search=kennzeich" "Mozilla/5.0 (Windows NT 10.0; WOW64; Trident/7.0; rv:11.0) like Gecko"
80.120.210.179 - - [24/Feb/2020:14:02:18 +0100] "GET /images/validation_advice_bg.gif HTTP/1.1" 200 134 "http://renault.activities.at/result?searchterm=true&search=kennzeich" "Mozilla/5.0 (Windows NT 10.0; WOW64; Trident/7.0; rv:11.0) like Gecko"
80.120.210.179 - - [24/Feb/2020:14:02:18 +0100] "GET /loadthumbnail.php?id=10260861&width=113 HTTP/1.1" 200 1170 "http://renault.activities.at/result?searchterm=true&search=kennzeich" "Mozilla/5.0 (Windows NT 10.0; WOW64; Trident/7.0; rv:11.0) like Gecko"
80.120.210.179 - - [24/Feb/2020:14:02:18 +0100] "GET /loadthumbnail.php?id=11036124&width=113 HTTP/1.1" 200 1328 "http://renault.activities.at/result?searchterm=true&search=kennzeich" "Mozilla/5.0 (Windows NT 10.0; WOW64; Trident/7.0; rv:11.0) like Gecko"
80.120.210.179 - - [24/Feb/2020:14:02:18 +0100] "GET /loadthumbnail.php?id=11885851&width=113 HTTP/1.1" 200 1576 "http://renault.activities.at/result?searchterm=true&search=kennzeich" "Mozilla/5.0 (Windows NT 10.0; WOW64; Trident/7.0; rv:11.0) like Gecko"
80.120.210.179 - - [24/Feb/2020:14:02:18 +0100] "GET /loadthumbnail.php?id=11036126&width=113 HTTP/1.1" 200 1377 "http://renault.activities.at/result?searchterm=true&search=kennzeich" "Mozilla/5.0 (Windows NT 10.0; WOW64; Trident/7.0; rv:11.0) like Gecko"
80.120.210.179 - - [24/Feb/2020:14:02:18 +0100] "GET /loadthumbnail.php?id=10260875&width=113 HTTP/1.1" 200 1170 "http://renault.activities.at/result?searchterm=true&search=kennzeich" "Mozilla/5.0 (Windows NT 10.0; WOW64; Trident/7.0; rv:11.0) like Gecko"
80.120.210.179 - - [24/Feb/2020:14:02:18 +0100] "GET /loadthumbnail.php?id=11885850&width=113 HTTP/1.1" 200 1552 "http://renault.activities.at/result?searchterm=true&search=kennzeich" "Mozilla/5.0 (Windows NT 10.0; WOW64; Trident/7.0; rv:11.0) like Gecko"
80.122.221.194 - - [24/Feb/2020:14:02:48 +0100] "GET /reload?ser=1582549368109 HTTP/1.1" 200 28 "http://renault.activities.at/cart" "Mozilla/5.0 (Windows NT 10.0; Win64; x64) AppleWebKit/537.36 (KHTML, like Gecko) Chrome/70.0.3538.102 Safari/537.36 Edge/18.18363"
80.120.5.131 - - [24/Feb/2020:14:02:50 +0100] "GET /reload?ser=1582549370298 HTTP/1.1" 200 28 "http://renault.activities.at/result?searchterm=true&search=Vorsteuerabzugsberechtigt" "Mozilla/5.0 (Windows NT 10.0; Win64; x64) AppleWebKit/537.36 (KHTML, like Gecko) Chrome/80.0.3987.116 Safari/537.36"
80.120.5.131 - - [24/Feb/2020:14:02:51 +0100] "GET /reload?ser=1582549371574 HTTP/1.1" 200 2 "http://renault.activities.at/result?dir=DESC&mode=grid&order=name&limit=15&page=2&search=clio" "Mozilla/5.0 (Windows NT 10.0; WOW64; Trident/7.0; rv:11.0) like Gecko"
88.116.232.54 - - [24/Feb/2020:14:02:56 +0100] "GET /reload?ser=1582549376154 HTTP/1.1" 200 28 "http://renault.activities.at/account" "Mozilla/5.0 (Windows NT 6.1; Win64; x64) AppleWebKit/537.36 (KHTML, like Gecko) Chrome/79.0.3945.130 Safari/537.36"
193.194.132.29 - - [24/Feb/2020:14:03:05 +0100] "GET /reload?ser=1582549384934 HTTP/1.1" 200 28 "http://renault.2web.at/result?searchterm=true&search=kleber&loadrequest=true" "Mozilla/5.0 (Windows NT 10.0; WOW64; Trident/7.0; Touch; rv:11.0) like Gecko"
88.116.50.238 - - [24/Feb/2020:14:03:17 +0100] "GET /reload?ser=1582549397343 HTTP/1.1" 200 28 "http://renault.activities.at/success" "Mozilla/5.0 (Windows NT 10.0; Win64; x64) AppleWebKit/537.36 (KHTML, like Gecko) Chrome/80.0.3987.116 Safari/537.36"
80.120.210.179 - - [24/Feb/2020:14:03:19 +0100] "GET /reload?ser=1582549399534 HTTP/1.1" 200 28 "http://renault.activities.at/result?searchterm=true&search=kennzeich" "Mozilla/5.0 (Windows NT 10.0; WOW64; Trident/7.0; rv:11.0) like Gecko"
80.122.221.194 - - [24/Feb/2020:14:03:49 +0100] "GET /reload?ser=1582549429108 HTTP/1.1" 200 28 "http://renault.activities.at/cart" "Mozilla/5.0 (Windows NT 10.0; Win64; x64) AppleWebKit/537.36 (KHTML, like Gecko) Chrome/70.0.3538.102 Safari/537.36 Edge/18.18363"
80.120.5.131 - - [24/Feb/2020:14:03:51 +0100] "GET /reload?ser=1582549431299 HTTP/1.1" 200 28 "http://renault.activities.at/result?searchterm=true&search=Vorsteuerabzugsberechtigt" "Mozilla/5.0 (Windows NT 10.0; Win64; x64) AppleWebKit/537.36 (KHTML, like Gecko) Chrome/80.0.3987.116 Safari/537.36"
52.38.214.62 - - [24/Feb/2020:14:03:52 +0100] "GET /reload?ser=1582549335828 HTTP/1.1" 200 10166 "-" "Mozilla/5.0 (Windows NT 6.1; Win64; x64) AppleWebKit/537.36 (KHTML, like Gecko) Chrome/72.0.3626.109 Safari/537.36"
80.120.5.131 - - [24/Feb/2020:14:03:52 +0100] "GET /reload?ser=1582549432512 HTTP/1.1" 200 2 "http://renault.activities.at/result?dir=DESC&mode=grid&order=name&limit=15&page=2&search=clio" "Mozilla/5.0 (Windows NT 10.0; WOW64; Trident/7.0; rv:11.0) like Gecko"
88.116.232.54 - - [24/Feb/2020:14:03:57 +0100] "GET /reload?ser=1582549437090 HTTP/1.1" 200 28 "http://renault.activities.at/account" "Mozilla/5.0 (Windows NT 6.1; Win64; x64) AppleWebKit/537.36 (KHTML, like Gecko) Chrome/79.0.3945.130 Safari/537.36"
193.194.132.29 - - [24/Feb/2020:14:04:06 +0100] "GET /reload?ser=1582549446320 HTTP/1.1" 200 28 "http://renault.2web.at/result?searchterm=true&search=kleber&loadrequest=true" "Mozilla/5.0 (Windows NT 10.0; WOW64; Trident/7.0; Touch; rv:11.0) like Gecko"
88.116.50.238 - - [24/Feb/2020:14:04:18 +0100] "GET /reload?ser=1582549458283 HTTP/1.1" 200 28 "http://renault.activities.at/success" "Mozilla/5.0 (Windows NT 10.0; Win64; x64) AppleWebKit/537.36 (KHTML, like Gecko) Chrome/80.0.3987.116 Safari/537.36"
80.120.210.179 - - [24/Feb/2020:14:04:20 +0100] "GET /reload?ser=1582549460473 HTTP/1.1" 200 28 "http://renault.activities.at/result?searchterm=true&search=kennzeich" "Mozilla/5.0 (Windows NT 10.0; WOW64; Trident/7.0; rv:11.0) like Gecko"
80.122.221.194 - - [24/Feb/2020:14:04:50 +0100] "GET /reload?ser=1582549490111 HTTP/1.1" 200 28 "http://renault.activities.at/cart" "Mozilla/5.0 (Windows NT 10.0; Win64; x64) AppleWebKit/537.36 (KHTML, like Gecko) Chrome/70.0.3538.102 Safari/537.36 Edge/18.18363"
80.120.5.131 - - [24/Feb/2020:14:04:52 +0100] "GET /reload?ser=1582549492299 HTTP/1.1" 200 28 "http://renault.activities.at/result?searchterm=true&search=Vorsteuerabzugsberechtigt" "Mozilla/5.0 (Windows NT 10.0; Win64; x64) AppleWebKit/537.36 (KHTML, like Gecko) Chrome/80.0.3987.116 Safari/537.36"
80.120.5.131 - - [24/Feb/2020:14:04:53 +0100] "GET /reload?ser=1582549493477 HTTP/1.1" 200 2 "http://renault.activities.at/result?dir=DESC&mode=grid&order=name&limit=15&page=2&search=clio" "Mozilla/5.0 (Windows NT 10.0; WOW64; Trident/7.0; rv:11.0) like Gecko"
88.116.232.54 - - [24/Feb/2020:14:04:58 +0100] "GET /reload?ser=1582549498042 HTTP/1.1" 200 28 "http://renault.activities.at/account" "Mozilla/5.0 (Windows NT 6.1; Win64; x64) AppleWebKit/537.36 (KHTML, like Gecko) Chrome/79.0.3945.130 Safari/537.36"
193.194.132.29 - - [24/Feb/2020:14:05:07 +0100] "GET /reload?ser=1582549507342 HTTP/1.1" 200 28 "http://renault.2web.at/result?searchterm=true&search=kleber&loadrequest=true" "Mozilla/5.0 (Windows NT 10.0; WOW64; Trident/7.0; Touch; rv:11.0) like Gecko"
88.116.50.238 - - [24/Feb/2020:14:05:19 +0100] "GET /reload?ser=1582549519230 HTTP/1.1" 200 28 "http://renault.activities.at/success" "Mozilla/5.0 (Windows NT 10.0; Win64; x64) AppleWebKit/537.36 (KHTML, like Gecko) Chrome/80.0.3987.116 Safari/537.36"
80.120.210.179 - - [24/Feb/2020:14:05:21 +0100] "GET /reload?ser=1582549521405 HTTP/1.1" 200 28 "http://renault.activities.at/result?searchterm=true&search=kennzeich" "Mozilla/5.0 (Windows NT 10.0; WOW64; Trident/7.0; rv:11.0) like Gecko"
80.122.221.194 - - [24/Feb/2020:14:05:51 +0100] "GET /reload?ser=1582549551100 HTTP/1.1" 200 28 "http://renault.activities.at/cart" "Mozilla/5.0 (Windows NT 10.0; Win64; x64) AppleWebKit/537.36 (KHTML, like Gecko) Chrome/70.0.3538.102 Safari/537.36 Edge/18.18363"
80.120.5.131 - - [24/Feb/2020:14:05:54 +0100] "GET /reload?ser=1582549554299 HTTP/1.1" 200 28 "http://renault.activities.at/result?searchterm=true&search=Vorsteuerabzugsberechtigt" "Mozilla/5.0 (Windows NT 10.0; Win64; x64) AppleWebKit/537.36 (KHTML, like Gecko) Chrome/80.0.3987.116 Safari/537.36"
80.120.5.131 - - [24/Feb/2020:14:05:54 +0100] "GET /reload?ser=1582549554507 HTTP/1.1" 200 2 "http://renault.activities.at/result?dir=DESC&mode=grid&order=name&limit=15&page=2&search=clio" "Mozilla/5.0 (Windows NT 10.0; WOW64; Trident/7.0; rv:11.0) like Gecko"
193.194.132.29 - - [24/Feb/2020:14:06:08 +0100] "GET /reload?ser=1582549568369 HTTP/1.1" 200 28 "http://renault.2web.at/result?searchterm=true&search=kleber&loadrequest=true" "Mozilla/5.0 (Windows NT 10.0; WOW64; Trident/7.0; Touch; rv:11.0) like Gecko"
88.116.50.238 - - [24/Feb/2020:14:06:20 +0100] "GET /reload?ser=1582549580185 HTTP/1.1" 200 28 "http://renault.activities.at/success" "Mozilla/5.0 (Windows NT 10.0; Win64; x64) AppleWebKit/537.36 (KHTML, like Gecko) Chrome/80.0.3987.116 Safari/537.36"
80.120.210.179 - - [24/Feb/2020:14:06:22 +0100] "GET /reload?ser=1582549582352 HTTP/1.1" 200 28 "http://renault.activities.at/result?searchterm=true&search=kennzeich" "Mozilla/5.0 (Windows NT 10.0; WOW64; Trident/7.0; rv:11.0) like Gecko"
80.122.221.194 - - [24/Feb/2020:14:06:51 +0100] "GET /reload?ser=1582549611802 HTTP/1.1" 200 28 "http://renault.activities.at/cart" "Mozilla/5.0 (Windows NT 10.0; Win64; x64) AppleWebKit/537.36 (KHTML, like Gecko) Chrome/70.0.3538.102 Safari/537.36 Edge/18.18363"
80.120.5.131 - - [24/Feb/2020:14:06:55 +0100] "GET /reload?ser=1582549615299 HTTP/1.1" 200 28 "http://renault.activities.at/result?searchterm=true&search=Vorsteuerabzugsberechtigt" "Mozilla/5.0 (Windows NT 10.0; Win64; x64) AppleWebKit/537.36 (KHTML, like Gecko) Chrome/80.0.3987.116 Safari/537.36"
80.120.5.131 - - [24/Feb/2020:14:06:55 +0100] "GET /reload?ser=1582549615456 HTTP/1.1" 200 2 "http://renault.activities.at/result?dir=DESC&mode=grid&order=name&limit=15&page=2&search=clio" "Mozilla/5.0 (Windows NT 10.0; WOW64; Trident/7.0; rv:11.0) like Gecko"
193.194.132.29 - - [24/Feb/2020:14:07:09 +0100] "GET /reload?ser=1582549629431 HTTP/1.1" 200 28 "http://renault.2web.at/result?searchterm=true&search=kleber&loadrequest=true" "Mozilla/5.0 (Windows NT 10.0; WOW64; Trident/7.0; Touch; rv:11.0) like Gecko"
88.116.50.238 - - [24/Feb/2020:14:07:21 +0100] "GET /reload?ser=1582549641155 HTTP/1.1" 200 28 "http://renault.activities.at/success" "Mozilla/5.0 (Windows NT 10.0; Win64; x64) AppleWebKit/537.36 (KHTML, like Gecko) Chrome/80.0.3987.116 Safari/537.36"
80.120.210.179 - - [24/Feb/2020:14:07:23 +0100] "GET /reload?ser=1582549643339 HTTP/1.1" 200 28 "http://renault.activities.at/result?searchterm=true&search=kennzeich" "Mozilla/5.0 (Windows NT 10.0; WOW64; Trident/7.0; rv:11.0) like Gecko"
80.120.210.179 - - [24/Feb/2020:14:07:29 +0100] "GET /images/vista-dn-hover.gif HTTP/1.1" 200 127 "http://renault.activities.at/result?searchterm=true&search=kennzeich" "Mozilla/5.0 (Windows NT 10.0; WOW64; Trident/7.0; rv:11.0) like Gecko"
80.120.210.179 - - [24/Feb/2020:14:07:29 +0100] "GET /images/vista-up-hover.gif HTTP/1.1" 200 130 "http://renault.activities.at/result?searchterm=true&search=kennzeich" "Mozilla/5.0 (Windows NT 10.0; WOW64; Trident/7.0; rv:11.0) like Gecko"
80.120.210.179 - - [24/Feb/2020:14:07:31 +0100] "POST /result?searchterm=true&search=kennzeich HTTP/1.1" 200 8689 "http://renault.activities.at/result?searchterm=true&search=kennzeich" "Mozilla/5.0 (Windows NT 10.0; WOW64; Trident/7.0; rv:11.0) like Gecko"
80.120.210.179 - - [24/Feb/2020:14:07:35 +0100] "GET /images/success_msg_icon.gif HTTP/1.1" 200 1024 "http://renault.activities.at/result?searchterm=true&search=kennzeich" "Mozilla/5.0 (Windows NT 10.0; WOW64; Trident/7.0; rv:11.0) like Gecko"
80.122.221.194 - - [24/Feb/2020:14:07:53 +0100] "GET /reload?ser=1582549673111 HTTP/1.1" 200 28 "http://renault.activities.at/cart" "Mozilla/5.0 (Windows NT 10.0; Win64; x64) AppleWebKit/537.36 (KHTML, like Gecko) Chrome/70.0.3538.102 Safari/537.36 Edge/18.18363"
80.120.5.131 - - [24/Feb/2020:14:07:56 +0100] "GET /reload?ser=1582549676299 HTTP/1.1" 200 28 "http://renault.activities.at/result?searchterm=true&search=Vorsteuerabzugsberechtigt" "Mozilla/5.0 (Windows NT 10.0; Win64; x64) AppleWebKit/537.36 (KHTML, like Gecko) Chrome/80.0.3987.116 Safari/537.36"
80.120.5.131 - - [24/Feb/2020:14:07:56 +0100] "GET /reload?ser=1582549676430 HTTP/1.1" 200 2 "http://renault.activities.at/result?dir=DESC&mode=grid&order=name&limit=15&page=2&search=clio" "Mozilla/5.0 (Windows NT 10.0; WOW64; Trident/7.0; rv:11.0) like Gecko"
193.194.132.29 - - [24/Feb/2020:14:08:10 +0100] "GET /reload?ser=1582549690467 HTTP/1.1" 200 28 "http://renault.2web.at/result?searchterm=true&search=kleber&loadrequest=true" "Mozilla/5.0 (Windows NT 10.0; WOW64; Trident/7.0; Touch; rv:11.0) like Gecko"
88.116.50.238 - - [24/Feb/2020:14:08:22 +0100] "GET /reload?ser=1582549702108 HTTP/1.1" 200 28 "http://renault.activities.at/success" "Mozilla/5.0 (Windows NT 10.0; Win64; x64) AppleWebKit/537.36 (KHTML, like Gecko) Chrome/80.0.3987.116 Safari/537.36"
80.120.210.179 - - [24/Feb/2020:14:08:35 +0100] "GET /reload?ser=1582549715367 HTTP/1.1" 200 28 "http://renault.activities.at/result?searchterm=true&search=kennzeich" "Mozilla/5.0 (Windows NT 10.0; WOW64; Trident/7.0; rv:11.0) like Gecko"
80.122.221.194 - - [24/Feb/2020:14:08:54 +0100] "GET /reload?ser=1582549734101 HTTP/1.1" 200 28 "http://renault.activities.at/cart" "Mozilla/5.0 (Windows NT 10.0; Win64; x64) AppleWebKit/537.36 (KHTML, like Gecko) Chrome/70.0.3538.102 Safari/537.36 Edge/18.18363"
80.120.5.131 - - [24/Feb/2020:14:08:57 +0100] "GET /reload?ser=1582549737298 HTTP/1.1" 200 28 "http://renault.activities.at/result?searchterm=true&search=Vorsteuerabzugsberechtigt" "Mozilla/5.0 (Windows NT 10.0; Win64; x64) AppleWebKit/537.36 (KHTML, like Gecko) Chrome/80.0.3987.116 Safari/537.36"
80.120.5.131 - - [24/Feb/2020:14:08:57 +0100] "GET /reload?ser=1582549737401 HTTP/1.1" 200 2 "http://renault.activities.at/result?dir=DESC&mode=grid&order=name&limit=15&page=2&search=clio" "Mozilla/5.0 (Windows NT 10.0; WOW64; Trident/7.0; rv:11.0) like Gecko"
193.194.132.29 - - [24/Feb/2020:14:09:11 +0100] "GET /reload?ser=1582549751537 HTTP/1.1" 200 28 "http://renault.2web.at/result?searchterm=true&search=kleber&loadrequest=true" "Mozilla/5.0 (Windows NT 10.0; WOW64; Trident/7.0; Touch; rv:11.0) like Gecko"
80.120.210.179 - - [24/Feb/2020:14:09:21 +0100] "GET /result?dir=DESC&mode=grid&order=name&limit=15&page=2&search=kennzeich HTTP/1.1" 200 8176 "http://renault.activities.at/result?searchterm=true&search=kennzeich" "Mozilla/5.0 (Windows NT 10.0; WOW64; Trident/7.0; rv:11.0) like Gecko"
88.116.50.238 - - [24/Feb/2020:14:09:23 +0100] "GET /reload?ser=1582549763054 HTTP/1.1" 200 28 "http://renault.activities.at/success" "Mozilla/5.0 (Windows NT 10.0; Win64; x64) AppleWebKit/537.36 (KHTML, like Gecko) Chrome/80.0.3987.116 Safari/537.36"
80.120.210.179 - - [24/Feb/2020:14:09:24 +0100] "GET /loadthumbnail.php?id=10203275 HTTP/1.1" 200 85 "http://renault.activities.at/result?dir=DESC&mode=grid&order=name&limit=15&page=2&search=kennzeich" "Mozilla/5.0 (Windows NT 10.0; WOW64; Trident/7.0; rv:11.0) like Gecko"
80.120.210.179 - - [24/Feb/2020:14:09:24 +0100] "GET /loadthumbnail.php?id=10919466&width=113 HTTP/1.1" 200 1477 "http://renault.activities.at/result?dir=DESC&mode=grid&order=name&limit=15&page=2&search=kennzeich" "Mozilla/5.0 (Windows NT 10.0; WOW64; Trident/7.0; rv:11.0) like Gecko"
80.120.210.179 - - [24/Feb/2020:14:09:24 +0100] "GET /loadthumbnail.php?id=11243081&width=113 HTTP/1.1" 200 1218 "http://renault.activities.at/result?dir=DESC&mode=grid&order=name&limit=15&page=2&search=kennzeich" "Mozilla/5.0 (Windows NT 10.0; WOW64; Trident/7.0; rv:11.0) like Gecko"
80.120.210.179 - - [24/Feb/2020:14:09:24 +0100] "GET /loadthumbnail.php?id=10260890&width=113 HTTP/1.1" 200 1170 "http://renault.activities.at/result?dir=DESC&mode=grid&order=name&limit=15&page=2&search=kennzeich" "Mozilla/5.0 (Windows NT 10.0; WOW64; Trident/7.0; rv:11.0) like Gecko"
80.120.210.179 - - [24/Feb/2020:14:09:24 +0100] "GET /loadthumbnail.php?id=10915886&width=113 HTTP/1.1" 200 1376 "http://renault.activities.at/result?dir=DESC&mode=grid&order=name&limit=15&page=2&search=kennzeich" "Mozilla/5.0 (Windows NT 10.0; WOW64; Trident/7.0; rv:11.0) like Gecko"
80.120.210.179 - - [24/Feb/2020:14:09:24 +0100] "GET /loadthumbnail.php?id=10915652&width=113 HTTP/1.1" 200 1387 "http://renault.activities.at/result?dir=DESC&mode=grid&order=name&limit=15&page=2&search=kennzeich" "Mozilla/5.0 (Windows NT 10.0; WOW64; Trident/7.0; rv:11.0) like Gecko"
80.120.210.179 - - [24/Feb/2020:14:09:24 +0100] "GET /loadthumbnail.php?id=11141133&width=113 HTTP/1.1" 200 1050 "http://renault.activities.at/result?dir=DESC&mode=grid&order=name&limit=15&page=2&search=kennzeich" "Mozilla/5.0 (Windows NT 10.0; WOW64; Trident/7.0; rv:11.0) like Gecko"
80.120.210.179 - - [24/Feb/2020:14:09:24 +0100] "GET /loadthumbnail.php?id=10995605&width=113 HTTP/1.1" 200 1252 "http://renault.activities.at/result?dir=DESC&mode=grid&order=name&limit=15&page=2&search=kennzeich" "Mozilla/5.0 (Windows NT 10.0; WOW64; Trident/7.0; rv:11.0) like Gecko"
80.122.221.194 - - [24/Feb/2020:14:09:55 +0100] "GET /reload?ser=1582549795110 HTTP/1.1" 200 28 "http://renault.activities.at/cart" "Mozilla/5.0 (Windows NT 10.0; Win64; x64) AppleWebKit/537.36 (KHTML, like Gecko) Chrome/70.0.3538.102 Safari/537.36 Edge/18.18363"
80.120.210.179 - - [24/Feb/2020:14:09:51 +0100] "GET /checkout HTTP/1.1" 200 10262 "http://renault.activities.at/result?dir=DESC&mode=grid&order=name&limit=15&page=2&search=kennzeich" "Mozilla/5.0 (Windows NT 10.0; WOW64; Trident/7.0; rv:11.0) like Gecko"
80.120.210.179 - - [24/Feb/2020:14:09:56 +0100] "GET /js/checkout2.js HTTP/1.1" 200 4122 "http://renault.activities.at/checkout" "Mozilla/5.0 (Windows NT 10.0; WOW64; Trident/7.0; rv:11.0) like Gecko"
80.120.210.179 - - [24/Feb/2020:14:09:56 +0100] "GET /images/ajax_loading.gif HTTP/1.1" 200 1542 "http://renault.activities.at/checkout" "Mozilla/5.0 (Windows NT 10.0; WOW64; Trident/7.0; rv:11.0) like Gecko"
80.120.210.179 - - [24/Feb/2020:14:09:56 +0100] "GET /loadthumbnail.php?id=10201939 HTTP/1.1" 200 201 "http://renault.activities.at/checkout" "Mozilla/5.0 (Windows NT 10.0; WOW64; Trident/7.0; rv:11.0) like Gecko"
80.120.210.179 - - [24/Feb/2020:14:09:56 +0100] "GET /loadthumbnail.php?id=10202698 HTTP/1.1" 200 16686 "http://renault.activities.at/checkout" "Mozilla/5.0 (Windows NT 10.0; WOW64; Trident/7.0; rv:11.0) like Gecko"
80.120.210.179 - - [24/Feb/2020:14:09:56 +0100] "GET /images/step_bg.jpg HTTP/1.1" 200 319 "http://renault.activities.at/checkout" "Mozilla/5.0 (Windows NT 10.0; WOW64; Trident/7.0; rv:11.0) like Gecko"
80.120.210.179 - - [24/Feb/2020:14:09:56 +0100] "GET /images/checkout_border.gif HTTP/1.1" 200 43 "http://renault.activities.at/checkout" "Mozilla/5.0 (Windows NT 10.0; WOW64; Trident/7.0; rv:11.0) like Gecko"
80.120.210.179 - - [24/Feb/2020:14:09:56 +0100] "GET /images/checkout_border_top.gif HTTP/1.1" 200 156 "http://renault.activities.at/checkout" "Mozilla/5.0 (Windows NT 10.0; WOW64; Trident/7.0; rv:11.0) like Gecko"
80.120.210.179 - - [24/Feb/2020:14:09:56 +0100] "GET /images/step_marker.gif HTTP/1.1" 200 650 "http://renault.activities.at/checkout" "Mozilla/5.0 (Windows NT 10.0; WOW64; Trident/7.0; rv:11.0) like Gecko"
80.120.5.131 - - [24/Feb/2020:14:09:58 +0100] "GET /reload?ser=1582549798299 HTTP/1.1" 200 28 "http://renault.activities.at/result?searchterm=true&search=Vorsteuerabzugsberechtigt" "Mozilla/5.0 (Windows NT 10.0; Win64; x64) AppleWebKit/537.36 (KHTML, like Gecko) Chrome/80.0.3987.116 Safari/537.36"
80.120.5.131 - - [24/Feb/2020:14:09:58 +0100] "GET /reload?ser=1582549798333 HTTP/1.1" 200 2 "http://renault.activities.at/result?dir=DESC&mode=grid&order=name&limit=15&page=2&search=clio" "Mozilla/5.0 (Windows NT 10.0; WOW64; Trident/7.0; rv:11.0) like Gecko"
80.120.210.179 - - [24/Feb/2020:14:10:01 +0100] "POST /docheckout HTTP/1.1" 200 459 "http://renault.activities.at/checkout" "Mozilla/5.0 (Windows NT 10.0; WOW64; Trident/7.0; rv:11.0) like Gecko"
80.120.210.179 - - [24/Feb/2020:14:10:05 +0100] "POST /docheckout HTTP/1.1" 200 613 "http://renault.activities.at/checkout" "Mozilla/5.0 (Windows NT 10.0; WOW64; Trident/7.0; rv:11.0) like Gecko"
80.120.210.179 - - [24/Feb/2020:14:10:07 +0100] "GET /images/error_msg_icon.gif HTTP/1.1" 200 1013 "http://renault.activities.at/checkout" "Mozilla/5.0 (Windows NT 10.0; WOW64; Trident/7.0; rv:11.0) like Gecko"
193.194.132.29 - - [24/Feb/2020:14:10:12 +0100] "GET /reload?ser=1582549812598 HTTP/1.1" 200 28 "http://renault.2web.at/result?searchterm=true&search=kleber&loadrequest=true" "Mozilla/5.0 (Windows NT 10.0; WOW64; Trident/7.0; Touch; rv:11.0) like Gecko"
80.120.210.179 - - [24/Feb/2020:14:10:17 +0100] "POST /docheckout HTTP/1.1" 200 68 "http://renault.activities.at/checkout" "Mozilla/5.0 (Windows NT 10.0; WOW64; Trident/7.0; rv:11.0) like Gecko"
80.120.210.179 - - [24/Feb/2020:14:10:19 +0100] "GET /success HTTP/1.1" 200 3779 "http://renault.activities.at/checkout" "Mozilla/5.0 (Windows NT 10.0; WOW64; Trident/7.0; rv:11.0) like Gecko"
88.116.50.238 - - [24/Feb/2020:14:10:24 +0100] "GET /reload?ser=1582549824029 HTTP/1.1" 200 28 "http://renault.activities.at/success" "Mozilla/5.0 (Windows NT 10.0; Win64; x64) AppleWebKit/537.36 (KHTML, like Gecko) Chrome/80.0.3987.116 Safari/537.36"
80.122.221.194 - - [24/Feb/2020:14:10:56 +0100] "GET /reload?ser=1582549856109 HTTP/1.1" 200 28 "http://renault.activities.at/cart" "Mozilla/5.0 (Windows NT 10.0; Win64; x64) AppleWebKit/537.36 (KHTML, like Gecko) Chrome/70.0.3538.102 Safari/537.36 Edge/18.18363"
80.120.5.131 - - [24/Feb/2020:14:10:59 +0100] "GET /reload?ser=1582549859279 HTTP/1.1" 200 2 "http://renault.activities.at/result?dir=DESC&mode=grid&order=name&limit=15&page=2&search=clio" "Mozilla/5.0 (Windows NT 10.0; WOW64; Trident/7.0; rv:11.0) like Gecko"
80.120.5.131 - - [24/Feb/2020:14:10:59 +0100] "GET /reload?ser=1582549859299 HTTP/1.1" 200 28 "http://renault.activities.at/result?searchterm=true&search=Vorsteuerabzugsberechtigt" "Mozilla/5.0 (Windows NT 10.0; Win64; x64) AppleWebKit/537.36 (KHTML, like Gecko) Chrome/80.0.3987.116 Safari/537.36"
193.194.132.29 - - [24/Feb/2020:14:11:13 +0100] "GET /reload?ser=1582549873677 HTTP/1.1" 200 28 "http://renault.2web.at/result?searchterm=true&search=kleber&loadrequest=true" "Mozilla/5.0 (Windows NT 10.0; WOW64; Trident/7.0; Touch; rv:11.0) like Gecko"
88.116.50.238 - - [24/Feb/2020:14:11:25 +0100] "GET /reload?ser=1582549884997 HTTP/1.1" 200 28 "http://renault.activities.at/success" "Mozilla/5.0 (Windows NT 10.0; Win64; x64) AppleWebKit/537.36 (KHTML, like Gecko) Chrome/80.0.3987.116 Safari/537.36"
80.122.221.194 - - [24/Feb/2020:14:11:57 +0100] "GET /reload?ser=1582549917101 HTTP/1.1" 200 28 "http://renault.activities.at/cart" "Mozilla/5.0 (Windows NT 10.0; Win64; x64) AppleWebKit/537.36 (KHTML, like Gecko) Chrome/70.0.3538.102 Safari/537.36 Edge/18.18363"
80.120.5.131 - - [24/Feb/2020:14:12:00 +0100] "GET /reload?ser=1582549920237 HTTP/1.1" 200 2 "http://renault.activities.at/result?dir=DESC&mode=grid&order=name&limit=15&page=2&search=clio" "Mozilla/5.0 (Windows NT 10.0; WOW64; Trident/7.0; rv:11.0) like Gecko"
80.120.5.131 - - [24/Feb/2020:14:12:00 +0100] "GET /reload?ser=1582549920298 HTTP/1.1" 200 28 "http://renault.activities.at/result?searchterm=true&search=Vorsteuerabzugsberechtigt" "Mozilla/5.0 (Windows NT 10.0; Win64; x64) AppleWebKit/537.36 (KHTML, like Gecko) Chrome/80.0.3987.116 Safari/537.36"
193.194.132.29 - - [24/Feb/2020:14:12:14 +0100] "GET /reload?ser=1582549934714 HTTP/1.1" 200 28 "http://renault.2web.at/result?searchterm=true&search=kleber&loadrequest=true" "Mozilla/5.0 (Windows NT 10.0; WOW64; Trident/7.0; Touch; rv:11.0) like Gecko"
88.116.50.238 - - [24/Feb/2020:14:12:26 +0100] "GET /reload?ser=1582549946155 HTTP/1.1" 200 28 "http://renault.activities.at/success" "Mozilla/5.0 (Windows NT 10.0; Win64; x64) AppleWebKit/537.36 (KHTML, like Gecko) Chrome/80.0.3987.116 Safari/537.36"
80.122.221.194 - - [24/Feb/2020:14:12:58 +0100] "GET /reload?ser=1582549978100 HTTP/1.1" 200 28 "http://renault.activities.at/cart" "Mozilla/5.0 (Windows NT 10.0; Win64; x64) AppleWebKit/537.36 (KHTML, like Gecko) Chrome/70.0.3538.102 Safari/537.36 Edge/18.18363"
80.120.5.131 - - [24/Feb/2020:14:13:01 +0100] "GET /reload?ser=1582549981165 HTTP/1.1" 200 2 "http://renault.activities.at/result?dir=DESC&mode=grid&order=name&limit=15&page=2&search=clio" "Mozilla/5.0 (Windows NT 10.0; WOW64; Trident/7.0; rv:11.0) like Gecko"
80.120.5.131 - - [24/Feb/2020:14:13:01 +0100] "GET /reload?ser=1582549981300 HTTP/1.1" 200 28 "http://renault.activities.at/result?searchterm=true&search=Vorsteuerabzugsberechtigt" "Mozilla/5.0 (Windows NT 10.0; Win64; x64) AppleWebKit/537.36 (KHTML, like Gecko) Chrome/80.0.3987.116 Safari/537.36"
193.194.132.29 - - [24/Feb/2020:14:13:15 +0100] "GET /reload?ser=1582549995724 HTTP/1.1" 200 28 "http://renault.2web.at/result?searchterm=true&search=kleber&loadrequest=true" "Mozilla/5.0 (Windows NT 10.0; WOW64; Trident/7.0; Touch; rv:11.0) like Gecko"
88.116.50.238 - - [24/Feb/2020:14:13:27 +0100] "GET /reload?ser=1582550007154 HTTP/1.1" 200 28 "http://renault.activities.at/success" "Mozilla/5.0 (Windows NT 10.0; Win64; x64) AppleWebKit/537.36 (KHTML, like Gecko) Chrome/80.0.3987.116 Safari/537.36"
80.122.221.194 - - [24/Feb/2020:14:13:59 +0100] "GET /reload?ser=1582550039107 HTTP/1.1" 200 28 "http://renault.activities.at/cart" "Mozilla/5.0 (Windows NT 10.0; Win64; x64) AppleWebKit/537.36 (KHTML, like Gecko) Chrome/70.0.3538.102 Safari/537.36 Edge/18.18363"
80.120.5.131 - - [24/Feb/2020:14:14:02 +0100] "GET /reload?ser=1582550042132 HTTP/1.1" 200 2 "http://renault.activities.at/result?dir=DESC&mode=grid&order=name&limit=15&page=2&search=clio" "Mozilla/5.0 (Windows NT 10.0; WOW64; Trident/7.0; rv:11.0) like Gecko"
80.120.5.131 - - [24/Feb/2020:14:14:02 +0100] "GET /reload?ser=1582550042300 HTTP/1.1" 200 28 "http://renault.activities.at/result?searchterm=true&search=Vorsteuerabzugsberechtigt" "Mozilla/5.0 (Windows NT 10.0; Win64; x64) AppleWebKit/537.36 (KHTML, like Gecko) Chrome/80.0.3987.116 Safari/537.36"
193.194.132.29 - - [24/Feb/2020:14:14:16 +0100] "GET /reload?ser=1582550056734 HTTP/1.1" 200 28 "http://renault.2web.at/result?searchterm=true&search=kleber&loadrequest=true" "Mozilla/5.0 (Windows NT 10.0; WOW64; Trident/7.0; Touch; rv:11.0) like Gecko"
88.116.50.238 - - [24/Feb/2020:14:14:28 +0100] "GET /reload?ser=1582550068153 HTTP/1.1" 200 28 "http://renault.activities.at/success" "Mozilla/5.0 (Windows NT 10.0; Win64; x64) AppleWebKit/537.36 (KHTML, like Gecko) Chrome/80.0.3987.116 Safari/537.36"
80.122.221.194 - - [24/Feb/2020:14:15:00 +0100] "GET /reload?ser=1582550100103 HTTP/1.1" 200 28 "http://renault.activities.at/cart" "Mozilla/5.0 (Windows NT 10.0; Win64; x64) AppleWebKit/537.36 (KHTML, like Gecko) Chrome/70.0.3538.102 Safari/537.36 Edge/18.18363"
80.120.5.131 - - [24/Feb/2020:14:15:03 +0100] "GET /reload?ser=1582550103106 HTTP/1.1" 200 2 "http://renault.activities.at/result?dir=DESC&mode=grid&order=name&limit=15&page=2&search=clio" "Mozilla/5.0 (Windows NT 10.0; WOW64; Trident/7.0; rv:11.0) like Gecko"
80.120.5.131 - - [24/Feb/2020:14:15:03 +0100] "GET /reload?ser=1582550103299 HTTP/1.1" 200 28 "http://renault.activities.at/result?searchterm=true&search=Vorsteuerabzugsberechtigt" "Mozilla/5.0 (Windows NT 10.0; Win64; x64) AppleWebKit/537.36 (KHTML, like Gecko) Chrome/80.0.3987.116 Safari/537.36"
193.194.132.29 - - [24/Feb/2020:14:15:17 +0100] "GET /reload?ser=1582550117762 HTTP/1.1" 200 28 "http://renault.2web.at/result?searchterm=true&search=kleber&loadrequest=true" "Mozilla/5.0 (Windows NT 10.0; WOW64; Trident/7.0; Touch; rv:11.0) like Gecko"
88.116.50.238 - - [24/Feb/2020:14:15:29 +0100] "GET /reload?ser=1582550129158 HTTP/1.1" 200 28 "http://renault.activities.at/success" "Mozilla/5.0 (Windows NT 10.0; Win64; x64) AppleWebKit/537.36 (KHTML, like Gecko) Chrome/80.0.3987.116 Safari/537.36"
80.122.221.194 - - [24/Feb/2020:14:16:01 +0100] "GET /reload?ser=1582550161099 HTTP/1.1" 200 28 "http://renault.activities.at/cart" "Mozilla/5.0 (Windows NT 10.0; Win64; x64) AppleWebKit/537.36 (KHTML, like Gecko) Chrome/70.0.3538.102 Safari/537.36 Edge/18.18363"
80.120.5.131 - - [24/Feb/2020:14:16:04 +0100] "GET /reload?ser=1582550164062 HTTP/1.1" 200 2 "http://renault.activities.at/result?dir=DESC&mode=grid&order=name&limit=15&page=2&search=clio" "Mozilla/5.0 (Windows NT 10.0; WOW64; Trident/7.0; rv:11.0) like Gecko"
80.120.5.131 - - [24/Feb/2020:14:16:04 +0100] "GET /reload?ser=1582550164299 HTTP/1.1" 200 28 "http://renault.activities.at/result?searchterm=true&search=Vorsteuerabzugsberechtigt" "Mozilla/5.0 (Windows NT 10.0; Win64; x64) AppleWebKit/537.36 (KHTML, like Gecko) Chrome/80.0.3987.116 Safari/537.36"
193.194.132.29 - - [24/Feb/2020:14:16:18 +0100] "GET /reload?ser=1582550178784 HTTP/1.1" 200 28 "http://renault.2web.at/result?searchterm=true&search=kleber&loadrequest=true" "Mozilla/5.0 (Windows NT 10.0; WOW64; Trident/7.0; Touch; rv:11.0) like Gecko"
88.116.50.238 - - [24/Feb/2020:14:16:30 +0100] "GET /reload?ser=1582550190151 HTTP/1.1" 200 28 "http://renault.activities.at/success" "Mozilla/5.0 (Windows NT 10.0; Win64; x64) AppleWebKit/537.36 (KHTML, like Gecko) Chrome/80.0.3987.116 Safari/537.36"
80.122.221.194 - - [24/Feb/2020:14:17:02 +0100] "GET /reload?ser=1582550222103 HTTP/1.1" 200 28 "http://renault.activities.at/cart" "Mozilla/5.0 (Windows NT 10.0; Win64; x64) AppleWebKit/537.36 (KHTML, like Gecko) Chrome/70.0.3538.102 Safari/537.36 Edge/18.18363"
80.120.5.131 - - [24/Feb/2020:14:17:05 +0100] "GET /reload?ser=1582550225045 HTTP/1.1" 200 2 "http://renault.activities.at/result?dir=DESC&mode=grid&order=name&limit=15&page=2&search=clio" "Mozilla/5.0 (Windows NT 10.0; WOW64; Trident/7.0; rv:11.0) like Gecko"
80.120.5.131 - - [24/Feb/2020:14:17:05 +0100] "GET /reload?ser=1582550225299 HTTP/1.1" 200 28 "http://renault.activities.at/result?searchterm=true&search=Vorsteuerabzugsberechtigt" "Mozilla/5.0 (Windows NT 10.0; Win64; x64) AppleWebKit/537.36 (KHTML, like Gecko) Chrome/80.0.3987.116 Safari/537.36"
193.194.132.29 - - [24/Feb/2020:14:17:20 +0100] "GET /reload?ser=1582550239802 HTTP/1.1" 200 28 "http://renault.2web.at/result?searchterm=true&search=kleber&loadrequest=true" "Mozilla/5.0 (Windows NT 10.0; WOW64; Trident/7.0; Touch; rv:11.0) like Gecko"
88.116.50.238 - - [24/Feb/2020:14:17:31 +0100] "GET /reload?ser=1582550251152 HTTP/1.1" 200 28 "http://renault.activities.at/success" "Mozilla/5.0 (Windows NT 10.0; Win64; x64) AppleWebKit/537.36 (KHTML, like Gecko) Chrome/80.0.3987.116 Safari/537.36"
80.122.221.194 - - [24/Feb/2020:14:18:03 +0100] "GET /reload?ser=1582550283113 HTTP/1.1" 200 28 "http://renault.activities.at/cart" "Mozilla/5.0 (Windows NT 10.0; Win64; x64) AppleWebKit/537.36 (KHTML, like Gecko) Chrome/70.0.3538.102 Safari/537.36 Edge/18.18363"
80.120.5.131 - - [24/Feb/2020:14:18:06 +0100] "GET /reload?ser=1582550285992 HTTP/1.1" 200 2 "http://renault.activities.at/result?dir=DESC&mode=grid&order=name&limit=15&page=2&search=clio" "Mozilla/5.0 (Windows NT 10.0; WOW64; Trident/7.0; rv:11.0) like Gecko"
80.120.5.131 - - [24/Feb/2020:14:18:06 +0100] "GET /reload?ser=1582550286299 HTTP/1.1" 200 28 "http://renault.activities.at/result?searchterm=true&search=Vorsteuerabzugsberechtigt" "Mozilla/5.0 (Windows NT 10.0; Win64; x64) AppleWebKit/537.36 (KHTML, like Gecko) Chrome/80.0.3987.116 Safari/537.36"
193.194.132.29 - - [24/Feb/2020:14:18:21 +0100] "GET /reload?ser=1582550300892 HTTP/1.1" 200 28 "http://renault.2web.at/result?searchterm=true&search=kleber&loadrequest=true" "Mozilla/5.0 (Windows NT 10.0; WOW64; Trident/7.0; Touch; rv:11.0) like Gecko"
88.116.50.238 - - [24/Feb/2020:14:18:33 +0100] "GET /reload?ser=1582550313155 HTTP/1.1" 200 28 "http://renault.activities.at/success" "Mozilla/5.0 (Windows NT 10.0; Win64; x64) AppleWebKit/537.36 (KHTML, like Gecko) Chrome/80.0.3987.116 Safari/537.36"
80.122.221.194 - - [24/Feb/2020:14:19:04 +0100] "GET /reload?ser=1582550344102 HTTP/1.1" 200 28 "http://renault.activities.at/cart" "Mozilla/5.0 (Windows NT 10.0; Win64; x64) AppleWebKit/537.36 (KHTML, like Gecko) Chrome/70.0.3538.102 Safari/537.36 Edge/18.18363"
80.120.5.131 - - [24/Feb/2020:14:19:06 +0100] "GET /reload?ser=1582550346958 HTTP/1.1" 200 2 "http://renault.activities.at/result?dir=DESC&mode=grid&order=name&limit=15&page=2&search=clio" "Mozilla/5.0 (Windows NT 10.0; WOW64; Trident/7.0; rv:11.0) like Gecko"
80.120.5.131 - - [24/Feb/2020:14:19:07 +0100] "GET /reload?ser=1582550347299 HTTP/1.1" 200 28 "http://renault.activities.at/result?searchterm=true&search=Vorsteuerabzugsberechtigt" "Mozilla/5.0 (Windows NT 10.0; Win64; x64) AppleWebKit/537.36 (KHTML, like Gecko) Chrome/80.0.3987.116 Safari/537.36"
193.194.132.29 - - [24/Feb/2020:14:19:22 +0100] "GET /reload?ser=1582550361936 HTTP/1.1" 200 28 "http://renault.2web.at/result?searchterm=true&search=kleber&loadrequest=true" "Mozilla/5.0 (Windows NT 10.0; WOW64; Trident/7.0; Touch; rv:11.0) like Gecko"
88.116.50.238 - - [24/Feb/2020:14:19:34 +0100] "GET /reload?ser=1582550374156 HTTP/1.1" 200 28 "http://renault.activities.at/success" "Mozilla/5.0 (Windows NT 10.0; Win64; x64) AppleWebKit/537.36 (KHTML, like Gecko) Chrome/80.0.3987.116 Safari/537.36"
54.225.5.202 - - [24/Feb/2020:14:19:59 +0100] "GET /reload?ser=1582550251152 HTTP/1.1" 200 10166 "-" "Mozilla/5.0 (Windows NT 6.1; Win64; x64) AppleWebKit/537.36 (KHTML, like Gecko) Chrome/72.0.3626.109 Safari/537.36"
80.122.221.194 - - [24/Feb/2020:14:20:05 +0100] "GET /reload?ser=1582550405104 HTTP/1.1" 200 28 "http://renault.activities.at/cart" "Mozilla/5.0 (Windows NT 10.0; Win64; x64) AppleWebKit/537.36 (KHTML, like Gecko) Chrome/70.0.3538.102 Safari/537.36 Edge/18.18363"
80.120.5.131 - - [24/Feb/2020:14:20:07 +0100] "GET /reload?ser=1582550407915 HTTP/1.1" 200 2 "http://renault.activities.at/result?dir=DESC&mode=grid&order=name&limit=15&page=2&search=clio" "Mozilla/5.0 (Windows NT 10.0; WOW64; Trident/7.0; rv:11.0) like Gecko"
80.120.5.131 - - [24/Feb/2020:14:20:08 +0100] "GET /reload?ser=1582550408299 HTTP/1.1" 200 28 "http://renault.activities.at/result?searchterm=true&search=Vorsteuerabzugsberechtigt" "Mozilla/5.0 (Windows NT 10.0; Win64; x64) AppleWebKit/537.36 (KHTML, like Gecko) Chrome/80.0.3987.116 Safari/537.36"
193.194.132.29 - - [24/Feb/2020:14:20:23 +0100] "GET /reload?ser=1582550422994 HTTP/1.1" 200 28 "http://renault.2web.at/result?searchterm=true&search=kleber&loadrequest=true" "Mozilla/5.0 (Windows NT 10.0; WOW64; Trident/7.0; Touch; rv:11.0) like Gecko"
88.116.50.238 - - [24/Feb/2020:14:20:35 +0100] "GET /reload?ser=1582550435154 HTTP/1.1" 200 28 "http://renault.activities.at/success" "Mozilla/5.0 (Windows NT 10.0; Win64; x64) AppleWebKit/537.36 (KHTML, like Gecko) Chrome/80.0.3987.116 Safari/537.36"
80.122.221.194 - - [24/Feb/2020:14:21:06 +0100] "GET /reload?ser=1582550466105 HTTP/1.1" 200 28 "http://renault.activities.at/cart" "Mozilla/5.0 (Windows NT 10.0; Win64; x64) AppleWebKit/537.36 (KHTML, like Gecko) Chrome/70.0.3538.102 Safari/537.36 Edge/18.18363"
80.120.5.131 - - [24/Feb/2020:14:21:08 +0100] "GET /reload?ser=1582550468871 HTTP/1.1" 200 2 "http://renault.activities.at/result?dir=DESC&mode=grid&order=name&limit=15&page=2&search=clio" "Mozilla/5.0 (Windows NT 10.0; WOW64; Trident/7.0; rv:11.0) like Gecko"
80.120.5.131 - - [24/Feb/2020:14:21:09 +0100] "GET /reload?ser=1582550469300 HTTP/1.1" 200 28 "http://renault.activities.at/result?searchterm=true&search=Vorsteuerabzugsberechtigt" "Mozilla/5.0 (Windows NT 10.0; Win64; x64) AppleWebKit/537.36 (KHTML, like Gecko) Chrome/80.0.3987.116 Safari/537.36"
193.194.132.29 - - [24/Feb/2020:14:21:24 +0100] "GET /reload?ser=1582550484023 HTTP/1.1" 200 28 "http://renault.2web.at/result?searchterm=true&search=kleber&loadrequest=true" "Mozilla/5.0 (Windows NT 10.0; WOW64; Trident/7.0; Touch; rv:11.0) like Gecko"
88.116.50.238 - - [24/Feb/2020:14:21:36 +0100] "GET /reload?ser=1582550496155 HTTP/1.1" 200 28 "http://renault.activities.at/success" "Mozilla/5.0 (Windows NT 10.0; Win64; x64) AppleWebKit/537.36 (KHTML, like Gecko) Chrome/80.0.3987.116 Safari/537.36"
80.122.221.194 - - [24/Feb/2020:14:22:07 +0100] "GET /reload?ser=1582550527110 HTTP/1.1" 200 28 "http://renault.activities.at/cart" "Mozilla/5.0 (Windows NT 10.0; Win64; x64) AppleWebKit/537.36 (KHTML, like Gecko) Chrome/70.0.3538.102 Safari/537.36 Edge/18.18363"
80.120.5.131 - - [24/Feb/2020:14:22:09 +0100] "GET /reload?ser=1582550529825 HTTP/1.1" 200 2 "http://renault.activities.at/result?dir=DESC&mode=grid&order=name&limit=15&page=2&search=clio" "Mozilla/5.0 (Windows NT 10.0; WOW64; Trident/7.0; rv:11.0) like Gecko"
80.120.5.131 - - [24/Feb/2020:14:22:10 +0100] "GET /reload?ser=1582550530300 HTTP/1.1" 200 28 "http://renault.activities.at/result?searchterm=true&search=Vorsteuerabzugsberechtigt" "Mozilla/5.0 (Windows NT 10.0; Win64; x64) AppleWebKit/537.36 (KHTML, like Gecko) Chrome/80.0.3987.116 Safari/537.36"
193.194.132.29 - - [24/Feb/2020:14:22:25 +0100] "GET /reload?ser=1582550545116 HTTP/1.1" 200 28 "http://renault.2web.at/result?searchterm=true&search=kleber&loadrequest=true" "Mozilla/5.0 (Windows NT 10.0; WOW64; Trident/7.0; Touch; rv:11.0) like Gecko"
88.116.50.238 - - [24/Feb/2020:14:22:37 +0100] "GET /reload?ser=1582550557156 HTTP/1.1" 200 28 "http://renault.activities.at/success" "Mozilla/5.0 (Windows NT 10.0; Win64; x64) AppleWebKit/537.36 (KHTML, like Gecko) Chrome/80.0.3987.116 Safari/537.36"
80.122.221.194 - - [24/Feb/2020:14:23:08 +0100] "GET /reload?ser=1582550588110 HTTP/1.1" 200 28 "http://renault.activities.at/cart" "Mozilla/5.0 (Windows NT 10.0; Win64; x64) AppleWebKit/537.36 (KHTML, like Gecko) Chrome/70.0.3538.102 Safari/537.36 Edge/18.18363"
80.120.5.131 - - [24/Feb/2020:14:23:10 +0100] "GET /reload?ser=1582550590755 HTTP/1.1" 200 2 "http://renault.activities.at/result?dir=DESC&mode=grid&order=name&limit=15&page=2&search=clio" "Mozilla/5.0 (Windows NT 10.0; WOW64; Trident/7.0; rv:11.0) like Gecko"
80.120.5.131 - - [24/Feb/2020:14:23:11 +0100] "GET /reload?ser=1582550591302 HTTP/1.1" 200 28 "http://renault.activities.at/result?searchterm=true&search=Vorsteuerabzugsberechtigt" "Mozilla/5.0 (Windows NT 10.0; Win64; x64) AppleWebKit/537.36 (KHTML, like Gecko) Chrome/80.0.3987.116 Safari/537.36"
193.194.132.29 - - [24/Feb/2020:14:23:26 +0100] "GET /reload?ser=1582550606124 HTTP/1.1" 200 28 "http://renault.2web.at/result?searchterm=true&search=kleber&loadrequest=true" "Mozilla/5.0 (Windows NT 10.0; WOW64; Trident/7.0; Touch; rv:11.0) like Gecko"
88.116.50.238 - - [24/Feb/2020:14:23:38 +0100] "GET /reload?ser=1582550618153 HTTP/1.1" 200 28 "http://renault.activities.at/success" "Mozilla/5.0 (Windows NT 10.0; Win64; x64) AppleWebKit/537.36 (KHTML, like Gecko) Chrome/80.0.3987.116 Safari/537.36"
80.122.221.194 - - [24/Feb/2020:14:24:09 +0100] "GET /reload?ser=1582550649101 HTTP/1.1" 200 28 "http://renault.activities.at/cart" "Mozilla/5.0 (Windows NT 10.0; Win64; x64) AppleWebKit/537.36 (KHTML, like Gecko) Chrome/70.0.3538.102 Safari/537.36 Edge/18.18363"
