80.122.221.194 - - [02/Mar/2020:07:56:27 +0100] "GET /reload?ser=1583132187571 HTTP/1.1" 200 28 "http://renault.activities.at/cart" "Mozilla/5.0 (Windows NT 10.0; Win64; x64) AppleWebKit/537.36 (KHTML, like Gecko) Chrome/70.0.3538.102 Safari/537.36 Edge/18.18363"
138.21.12.22 - - [02/Mar/2020:07:56:38 +0100] "GET /reload?ser=1583132198561 HTTP/1.1" 200 28 "http://renault.2web.at/account?loadrequest=true" "Mozilla/5.0 (Windows NT 10.0; WOW64; Trident/7.0; Touch; rv:11.0) like Gecko"
91.113.165.162 - - [02/Mar/2020:07:57:04 +0100] "GET /reload?ser=1583132224770 HTTP/1.1" 200 1237 "http://renault.activities.at/result?dir=DESC&mode=grid&order=name&limit=15&page=1&search=megane" "Mozilla/5.0 (Windows NT 10.0; WOW64; Trident/7.0; rv:11.0) like Gecko"
80.122.221.194 - - [02/Mar/2020:07:57:28 +0100] "GET /reload?ser=1583132248568 HTTP/1.1" 200 28 "http://renault.activities.at/cart" "Mozilla/5.0 (Windows NT 10.0; Win64; x64) AppleWebKit/537.36 (KHTML, like Gecko) Chrome/70.0.3538.102 Safari/537.36 Edge/18.18363"
138.21.12.22 - - [02/Mar/2020:07:57:39 +0100] "GET /reload?ser=1583132259591 HTTP/1.1" 200 28 "http://renault.2web.at/account?loadrequest=true" "Mozilla/5.0 (Windows NT 10.0; WOW64; Trident/7.0; Touch; rv:11.0) like Gecko"
91.113.165.162 - - [02/Mar/2020:07:58:05 +0100] "GET /reload?ser=1583132284925 HTTP/1.1" 200 1243 "http://renault.activities.at/result?dir=DESC&mode=grid&order=name&limit=15&page=1&search=megane" "Mozilla/5.0 (Windows NT 10.0; WOW64; Trident/7.0; rv:11.0) like Gecko"
80.122.221.194 - - [02/Mar/2020:07:58:29 +0100] "GET /reload?ser=1583132309565 HTTP/1.1" 200 28 "http://renault.activities.at/cart" "Mozilla/5.0 (Windows NT 10.0; Win64; x64) AppleWebKit/537.36 (KHTML, like Gecko) Chrome/70.0.3538.102 Safari/537.36 Edge/18.18363"
138.21.12.22 - - [02/Mar/2020:07:58:30 +0100] "GET /result?searchterm=true&search=give+aways HTTP/1.1" 200 7579 "http://renault.2web.at/account?loadrequest=true" "Mozilla/5.0 (Windows NT 10.0; WOW64; Trident/7.0; Touch; rv:11.0) like Gecko"
138.21.12.22 - - [02/Mar/2020:07:58:32 +0100] "GET /js/prototip.js HTTP/1.1" 304 - "http://renault.2web.at/result?searchterm=true&search=give+aways" "Mozilla/5.0 (Windows NT 10.0; WOW64; Trident/7.0; Touch; rv:11.0) like Gecko"
138.21.12.22 - - [02/Mar/2020:07:58:32 +0100] "GET /js/ProduktGrp.js HTTP/1.1" 304 - "http://renault.2web.at/result?searchterm=true&search=give+aways" "Mozilla/5.0 (Windows NT 10.0; WOW64; Trident/7.0; Touch; rv:11.0) like Gecko"
138.21.12.22 - - [02/Mar/2020:07:58:32 +0100] "GET /images/loading.gif HTTP/1.1" 304 - "http://renault.2web.at/result?searchterm=true&search=give+aways" "Mozilla/5.0 (Windows NT 10.0; WOW64; Trident/7.0; Touch; rv:11.0) like Gecko"
138.21.12.22 - - [02/Mar/2020:07:58:33 +0100] "GET /images/note_msg_icon.gif HTTP/1.1" 200 1022 "http://renault.2web.at/result?searchterm=true&search=give+aways" "Mozilla/5.0 (Windows NT 10.0; WOW64; Trident/7.0; Touch; rv:11.0) like Gecko"
138.21.12.22 - - [02/Mar/2020:07:58:30 +0100] "POST /axjaxrequest?mode=suggest HTTP/1.1" 200 21 "http://renault.2web.at/account?loadrequest=true" "Mozilla/5.0 (Windows NT 10.0; WOW64; Trident/7.0; Touch; rv:11.0) like Gecko"
138.21.12.22 - - [02/Mar/2020:07:58:37 +0100] "GET /result?searchterm=true&search=give HTTP/1.1" 200 10024 "http://renault.2web.at/result?searchterm=true&search=give+aways" "Mozilla/5.0 (Windows NT 10.0; WOW64; Trident/7.0; Touch; rv:11.0) like Gecko"
138.21.12.22 - - [02/Mar/2020:07:58:41 +0100] "GET /images/pager_bg.gif HTTP/1.1" 200 150 "http://renault.2web.at/result?searchterm=true&search=give" "Mozilla/5.0 (Windows NT 10.0; WOW64; Trident/7.0; Touch; rv:11.0) like Gecko"
138.21.12.22 - - [02/Mar/2020:07:58:41 +0100] "GET /images/vista-up.gif HTTP/1.1" 304 - "http://renault.2web.at/result?searchterm=true&search=give" "Mozilla/5.0 (Windows NT 10.0; WOW64; Trident/7.0; Touch; rv:11.0) like Gecko"
138.21.12.22 - - [02/Mar/2020:07:58:41 +0100] "GET /loadthumbnail.php?id=12029408&width=113 HTTP/1.1" 200 2367 "http://renault.2web.at/result?searchterm=true&search=give" "Mozilla/5.0 (Windows NT 10.0; WOW64; Trident/7.0; Touch; rv:11.0) like Gecko"
138.21.12.22 - - [02/Mar/2020:07:58:41 +0100] "GET /loadthumbnail.php?id=11967857&width=113 HTTP/1.1" 200 2260 "http://renault.2web.at/result?searchterm=true&search=give" "Mozilla/5.0 (Windows NT 10.0; WOW64; Trident/7.0; Touch; rv:11.0) like Gecko"
138.21.12.22 - - [02/Mar/2020:07:58:41 +0100] "GET /loadthumbnail.php?id=12029409&width=113 HTTP/1.1" 200 2415 "http://renault.2web.at/result?searchterm=true&search=give" "Mozilla/5.0 (Windows NT 10.0; WOW64; Trident/7.0; Touch; rv:11.0) like Gecko"
138.21.12.22 - - [02/Mar/2020:07:58:41 +0100] "GET /loadthumbnail.php?id=11775715&width=113 HTTP/1.1" 200 3740 "http://renault.2web.at/result?searchterm=true&search=give" "Mozilla/5.0 (Windows NT 10.0; WOW64; Trident/7.0; Touch; rv:11.0) like Gecko"
138.21.12.22 - - [02/Mar/2020:07:58:41 +0100] "GET /loadthumbnail.php?id=12029410&width=113 HTTP/1.1" 200 3108 "http://renault.2web.at/result?searchterm=true&search=give" "Mozilla/5.0 (Windows NT 10.0; WOW64; Trident/7.0; Touch; rv:11.0) like Gecko"
138.21.12.22 - - [02/Mar/2020:07:58:41 +0100] "GET /loadthumbnail.php?id=12029412&width=113 HTTP/1.1" 200 3690 "http://renault.2web.at/result?searchterm=true&search=give" "Mozilla/5.0 (Windows NT 10.0; WOW64; Trident/7.0; Touch; rv:11.0) like Gecko"
138.21.12.22 - - [02/Mar/2020:07:58:41 +0100] "GET /loadthumbnail.php?id=10203255 HTTP/1.1" 200 137 "http://renault.2web.at/result?searchterm=true&search=give" "Mozilla/5.0 (Windows NT 10.0; WOW64; Trident/7.0; Touch; rv:11.0) like Gecko"
138.21.12.22 - - [02/Mar/2020:07:58:41 +0100] "GET /loadthumbnail.php?id=11967854&width=113 HTTP/1.1" 200 2106 "http://renault.2web.at/result?searchterm=true&search=give" "Mozilla/5.0 (Windows NT 10.0; WOW64; Trident/7.0; Touch; rv:11.0) like Gecko"
138.21.12.22 - - [02/Mar/2020:07:58:41 +0100] "GET /images/vista-dn.gif HTTP/1.1" 304 - "http://renault.2web.at/result?searchterm=true&search=give" "Mozilla/5.0 (Windows NT 10.0; WOW64; Trident/7.0; Touch; rv:11.0) like Gecko"
138.21.12.22 - - [02/Mar/2020:07:58:41 +0100] "GET /loadthumbnail.php?id=12029411&width=113 HTTP/1.1" 200 3687 "http://renault.2web.at/result?searchterm=true&search=give" "Mozilla/5.0 (Windows NT 10.0; WOW64; Trident/7.0; Touch; rv:11.0) like Gecko"
138.21.12.22 - - [02/Mar/2020:07:58:41 +0100] "GET /loadthumbnail.php?id=11967858&width=113 HTTP/1.1" 200 1835 "http://renault.2web.at/result?searchterm=true&search=give" "Mozilla/5.0 (Windows NT 10.0; WOW64; Trident/7.0; Touch; rv:11.0) like Gecko"
91.113.165.162 - - [02/Mar/2020:07:59:05 +0100] "GET /reload?ser=1583132345084 HTTP/1.1" 200 1236 "http://renault.activities.at/result?dir=DESC&mode=grid&order=name&limit=15&page=1&search=megane" "Mozilla/5.0 (Windows NT 10.0; WOW64; Trident/7.0; rv:11.0) like Gecko"
80.122.221.194 - - [02/Mar/2020:07:59:30 +0100] "GET /reload?ser=1583132370572 HTTP/1.1" 200 28 "http://renault.activities.at/cart" "Mozilla/5.0 (Windows NT 10.0; Win64; x64) AppleWebKit/537.36 (KHTML, like Gecko) Chrome/70.0.3538.102 Safari/537.36 Edge/18.18363"
138.21.12.22 - - [02/Mar/2020:07:59:42 +0100] "GET /reload?ser=1583132382045 HTTP/1.1" 200 28 "http://renault.2web.at/result?searchterm=true&search=give" "Mozilla/5.0 (Windows NT 10.0; WOW64; Trident/7.0; Touch; rv:11.0) like Gecko"
91.113.165.162 - - [02/Mar/2020:08:00:05 +0100] "GET /reload?ser=1583132405235 HTTP/1.1" 200 1236 "http://renault.activities.at/result?dir=DESC&mode=grid&order=name&limit=15&page=1&search=megane" "Mozilla/5.0 (Windows NT 10.0; WOW64; Trident/7.0; rv:11.0) like Gecko"
80.122.221.194 - - [02/Mar/2020:08:00:31 +0100] "GET /reload?ser=1583132431572 HTTP/1.1" 200 28 "http://renault.activities.at/cart" "Mozilla/5.0 (Windows NT 10.0; Win64; x64) AppleWebKit/537.36 (KHTML, like Gecko) Chrome/70.0.3538.102 Safari/537.36 Edge/18.18363"
138.21.12.22 - - [02/Mar/2020:08:00:43 +0100] "GET /reload?ser=1583132443126 HTTP/1.1" 200 28 "http://renault.2web.at/result?searchterm=true&search=give" "Mozilla/5.0 (Windows NT 10.0; WOW64; Trident/7.0; Touch; rv:11.0) like Gecko"
91.113.165.162 - - [02/Mar/2020:08:01:05 +0100] "GET /reload?ser=1583132465387 HTTP/1.1" 200 1237 "http://renault.activities.at/result?dir=DESC&mode=grid&order=name&limit=15&page=1&search=megane" "Mozilla/5.0 (Windows NT 10.0; WOW64; Trident/7.0; rv:11.0) like Gecko"
80.122.221.194 - - [02/Mar/2020:08:01:32 +0100] "GET /reload?ser=1583132492560 HTTP/1.1" 200 28 "http://renault.activities.at/cart" "Mozilla/5.0 (Windows NT 10.0; Win64; x64) AppleWebKit/537.36 (KHTML, like Gecko) Chrome/70.0.3538.102 Safari/537.36 Edge/18.18363"
138.21.12.22 - - [02/Mar/2020:08:01:44 +0100] "GET /reload?ser=1583132504192 HTTP/1.1" 200 28 "http://renault.2web.at/result?searchterm=true&search=give" "Mozilla/5.0 (Windows NT 10.0; WOW64; Trident/7.0; Touch; rv:11.0) like Gecko"
91.113.165.162 - - [02/Mar/2020:08:02:05 +0100] "GET /reload?ser=1583132525544 HTTP/1.1" 200 1230 "http://renault.activities.at/result?dir=DESC&mode=grid&order=name&limit=15&page=1&search=megane" "Mozilla/5.0 (Windows NT 10.0; WOW64; Trident/7.0; rv:11.0) like Gecko"
80.122.221.194 - - [02/Mar/2020:08:02:33 +0100] "GET /reload?ser=1583132553560 HTTP/1.1" 200 28 "http://renault.activities.at/cart" "Mozilla/5.0 (Windows NT 10.0; Win64; x64) AppleWebKit/537.36 (KHTML, like Gecko) Chrome/70.0.3538.102 Safari/537.36 Edge/18.18363"
138.21.12.22 - - [02/Mar/2020:08:02:45 +0100] "GET /reload?ser=1583132565251 HTTP/1.1" 200 28 "http://renault.2web.at/result?searchterm=true&search=give" "Mozilla/5.0 (Windows NT 10.0; WOW64; Trident/7.0; Touch; rv:11.0) like Gecko"
91.113.165.162 - - [02/Mar/2020:08:03:05 +0100] "GET /reload?ser=1583132585695 HTTP/1.1" 200 1239 "http://renault.activities.at/result?dir=DESC&mode=grid&order=name&limit=15&page=1&search=megane" "Mozilla/5.0 (Windows NT 10.0; WOW64; Trident/7.0; rv:11.0) like Gecko"
80.122.221.194 - - [02/Mar/2020:08:03:34 +0100] "GET /reload?ser=1583132614570 HTTP/1.1" 200 28 "http://renault.activities.at/cart" "Mozilla/5.0 (Windows NT 10.0; Win64; x64) AppleWebKit/537.36 (KHTML, like Gecko) Chrome/70.0.3538.102 Safari/537.36 Edge/18.18363"
138.21.12.22 - - [02/Mar/2020:08:03:46 +0100] "GET /reload?ser=1583132626275 HTTP/1.1" 200 28 "http://renault.2web.at/result?searchterm=true&search=give" "Mozilla/5.0 (Windows NT 10.0; WOW64; Trident/7.0; Touch; rv:11.0) like Gecko"
91.113.165.162 - - [02/Mar/2020:08:04:05 +0100] "GET /reload?ser=1583132645841 HTTP/1.1" 200 1238 "http://renault.activities.at/result?dir=DESC&mode=grid&order=name&limit=15&page=1&search=megane" "Mozilla/5.0 (Windows NT 10.0; WOW64; Trident/7.0; rv:11.0) like Gecko"
80.122.221.194 - - [02/Mar/2020:08:04:35 +0100] "GET /reload?ser=1583132675566 HTTP/1.1" 200 28 "http://renault.activities.at/cart" "Mozilla/5.0 (Windows NT 10.0; Win64; x64) AppleWebKit/537.36 (KHTML, like Gecko) Chrome/70.0.3538.102 Safari/537.36 Edge/18.18363"
138.21.12.22 - - [02/Mar/2020:08:04:47 +0100] "GET /reload?ser=1583132687351 HTTP/1.1" 200 28 "http://renault.2web.at/result?searchterm=true&search=give" "Mozilla/5.0 (Windows NT 10.0; WOW64; Trident/7.0; Touch; rv:11.0) like Gecko"
91.113.165.162 - - [02/Mar/2020:08:05:06 +0100] "GET /reload?ser=1583132705991 HTTP/1.1" 200 1231 "http://renault.activities.at/result?dir=DESC&mode=grid&order=name&limit=15&page=1&search=megane" "Mozilla/5.0 (Windows NT 10.0; WOW64; Trident/7.0; rv:11.0) like Gecko"
80.122.221.194 - - [02/Mar/2020:08:05:36 +0100] "GET /reload?ser=1583132736559 HTTP/1.1" 200 28 "http://renault.activities.at/cart" "Mozilla/5.0 (Windows NT 10.0; Win64; x64) AppleWebKit/537.36 (KHTML, like Gecko) Chrome/70.0.3538.102 Safari/537.36 Edge/18.18363"
138.21.12.22 - - [02/Mar/2020:08:05:48 +0100] "GET /reload?ser=1583132748375 HTTP/1.1" 200 28 "http://renault.2web.at/result?searchterm=true&search=give" "Mozilla/5.0 (Windows NT 10.0; WOW64; Trident/7.0; Touch; rv:11.0) like Gecko"
91.113.165.162 - - [02/Mar/2020:08:06:06 +0100] "GET /reload?ser=1583132766144 HTTP/1.1" 200 1241 "http://renault.activities.at/result?dir=DESC&mode=grid&order=name&limit=15&page=1&search=megane" "Mozilla/5.0 (Windows NT 10.0; WOW64; Trident/7.0; rv:11.0) like Gecko"
80.122.221.194 - - [02/Mar/2020:08:06:37 +0100] "GET /reload?ser=1583132797571 HTTP/1.1" 200 28 "http://renault.activities.at/cart" "Mozilla/5.0 (Windows NT 10.0; Win64; x64) AppleWebKit/537.36 (KHTML, like Gecko) Chrome/70.0.3538.102 Safari/537.36 Edge/18.18363"
138.21.12.22 - - [02/Mar/2020:08:06:49 +0100] "GET /reload?ser=1583132809400 HTTP/1.1" 200 28 "http://renault.2web.at/result?searchterm=true&search=give" "Mozilla/5.0 (Windows NT 10.0; WOW64; Trident/7.0; Touch; rv:11.0) like Gecko"
91.113.165.162 - - [02/Mar/2020:08:07:06 +0100] "GET /reload?ser=1583132826307 HTTP/1.1" 200 1239 "http://renault.activities.at/result?dir=DESC&mode=grid&order=name&limit=15&page=1&search=megane" "Mozilla/5.0 (Windows NT 10.0; WOW64; Trident/7.0; rv:11.0) like Gecko"
80.122.221.194 - - [02/Mar/2020:08:07:38 +0100] "GET /reload?ser=1583132858567 HTTP/1.1" 200 28 "http://renault.activities.at/cart" "Mozilla/5.0 (Windows NT 10.0; Win64; x64) AppleWebKit/537.36 (KHTML, like Gecko) Chrome/70.0.3538.102 Safari/537.36 Edge/18.18363"
138.21.12.22 - - [02/Mar/2020:08:07:50 +0100] "GET /reload?ser=1583132870451 HTTP/1.1" 200 28 "http://renault.2web.at/result?searchterm=true&search=give" "Mozilla/5.0 (Windows NT 10.0; WOW64; Trident/7.0; Touch; rv:11.0) like Gecko"
91.113.165.162 - - [02/Mar/2020:08:08:06 +0100] "GET /reload?ser=1583132886462 HTTP/1.1" 200 1243 "http://renault.activities.at/result?dir=DESC&mode=grid&order=name&limit=15&page=1&search=megane" "Mozilla/5.0 (Windows NT 10.0; WOW64; Trident/7.0; rv:11.0) like Gecko"
80.122.221.194 - - [02/Mar/2020:08:08:39 +0100] "GET /reload?ser=1583132919557 HTTP/1.1" 200 28 "http://renault.activities.at/cart" "Mozilla/5.0 (Windows NT 10.0; Win64; x64) AppleWebKit/537.36 (KHTML, like Gecko) Chrome/70.0.3538.102 Safari/537.36 Edge/18.18363"
138.21.12.22 - - [02/Mar/2020:08:08:51 +0100] "GET /reload?ser=1583132931505 HTTP/1.1" 200 28 "http://renault.2web.at/result?searchterm=true&search=give" "Mozilla/5.0 (Windows NT 10.0; WOW64; Trident/7.0; Touch; rv:11.0) like Gecko"
91.113.165.162 - - [02/Mar/2020:08:09:06 +0100] "GET /reload?ser=1583132946618 HTTP/1.1" 200 1243 "http://renault.activities.at/result?dir=DESC&mode=grid&order=name&limit=15&page=1&search=megane" "Mozilla/5.0 (Windows NT 10.0; WOW64; Trident/7.0; rv:11.0) like Gecko"
80.122.221.194 - - [02/Mar/2020:08:09:40 +0100] "GET /reload?ser=1583132980556 HTTP/1.1" 200 28 "http://renault.activities.at/cart" "Mozilla/5.0 (Windows NT 10.0; Win64; x64) AppleWebKit/537.36 (KHTML, like Gecko) Chrome/70.0.3538.102 Safari/537.36 Edge/18.18363"
138.21.12.22 - - [02/Mar/2020:08:09:53 +0100] "GET /reload?ser=1583132993218 HTTP/1.1" 200 28 "http://renault.2web.at/result?searchterm=true&search=give" "Mozilla/5.0 (Windows NT 10.0; WOW64; Trident/7.0; Touch; rv:11.0) like Gecko"
91.113.165.162 - - [02/Mar/2020:08:10:06 +0100] "GET /reload?ser=1583133006773 HTTP/1.1" 200 1238 "http://renault.activities.at/result?dir=DESC&mode=grid&order=name&limit=15&page=1&search=megane" "Mozilla/5.0 (Windows NT 10.0; WOW64; Trident/7.0; rv:11.0) like Gecko"
80.122.221.194 - - [02/Mar/2020:08:10:41 +0100] "GET /reload?ser=1583133041564 HTTP/1.1" 200 28 "http://renault.activities.at/cart" "Mozilla/5.0 (Windows NT 10.0; Win64; x64) AppleWebKit/537.36 (KHTML, like Gecko) Chrome/70.0.3538.102 Safari/537.36 Edge/18.18363"
138.21.12.22 - - [02/Mar/2020:08:10:54 +0100] "GET /reload?ser=1583133054259 HTTP/1.1" 200 28 "http://renault.2web.at/result?searchterm=true&search=give" "Mozilla/5.0 (Windows NT 10.0; WOW64; Trident/7.0; Touch; rv:11.0) like Gecko"
91.113.165.162 - - [02/Mar/2020:08:11:07 +0100] "GET /reload?ser=1583133066927 HTTP/1.1" 200 1229 "http://renault.activities.at/result?dir=DESC&mode=grid&order=name&limit=15&page=1&search=megane" "Mozilla/5.0 (Windows NT 10.0; WOW64; Trident/7.0; rv:11.0) like Gecko"
80.122.221.194 - - [02/Mar/2020:08:11:42 +0100] "GET /reload?ser=1583133102556 HTTP/1.1" 200 28 "http://renault.activities.at/cart" "Mozilla/5.0 (Windows NT 10.0; Win64; x64) AppleWebKit/537.36 (KHTML, like Gecko) Chrome/70.0.3538.102 Safari/537.36 Edge/18.18363"
138.21.12.22 - - [02/Mar/2020:08:11:55 +0100] "GET /reload?ser=1583133115281 HTTP/1.1" 200 28 "http://renault.2web.at/result?searchterm=true&search=give" "Mozilla/5.0 (Windows NT 10.0; WOW64; Trident/7.0; Touch; rv:11.0) like Gecko"
91.113.165.162 - - [02/Mar/2020:08:12:07 +0100] "GET /reload?ser=1583133127081 HTTP/1.1" 200 1244 "http://renault.activities.at/result?dir=DESC&mode=grid&order=name&limit=15&page=1&search=megane" "Mozilla/5.0 (Windows NT 10.0; WOW64; Trident/7.0; rv:11.0) like Gecko"
80.122.221.194 - - [02/Mar/2020:08:12:43 +0100] "GET /reload?ser=1583133163563 HTTP/1.1" 200 28 "http://renault.activities.at/cart" "Mozilla/5.0 (Windows NT 10.0; Win64; x64) AppleWebKit/537.36 (KHTML, like Gecko) Chrome/70.0.3538.102 Safari/537.36 Edge/18.18363"
138.21.12.22 - - [02/Mar/2020:08:12:56 +0100] "GET /reload?ser=1583133176314 HTTP/1.1" 200 28 "http://renault.2web.at/result?searchterm=true&search=give" "Mozilla/5.0 (Windows NT 10.0; WOW64; Trident/7.0; Touch; rv:11.0) like Gecko"
91.113.165.162 - - [02/Mar/2020:08:13:07 +0100] "GET /reload?ser=1583133187232 HTTP/1.1" 200 1236 "http://renault.activities.at/result?dir=DESC&mode=grid&order=name&limit=15&page=1&search=megane" "Mozilla/5.0 (Windows NT 10.0; WOW64; Trident/7.0; rv:11.0) like Gecko"
138.21.12.22 - - [02/Mar/2020:08:13:23 +0100] "GET /result?searchterm=true&search=coc HTTP/1.1" 200 9052 "http://renault.2web.at/result?searchterm=true&search=give" "Mozilla/5.0 (Windows NT 10.0; WOW64; Trident/7.0; Touch; rv:11.0) like Gecko"
138.21.12.22 - - [02/Mar/2020:08:13:25 +0100] "GET /loadthumbnail.php?id=11776453&width=113 HTTP/1.1" 200 1248 "http://renault.2web.at/result?searchterm=true&search=coc" "Mozilla/5.0 (Windows NT 10.0; WOW64; Trident/7.0; Touch; rv:11.0) like Gecko"
138.21.12.22 - - [02/Mar/2020:08:13:25 +0100] "GET /loadthumbnail.php?id=11146700&width=113 HTTP/1.1" 200 1415 "http://renault.2web.at/result?searchterm=true&search=coc" "Mozilla/5.0 (Windows NT 10.0; WOW64; Trident/7.0; Touch; rv:11.0) like Gecko"
138.21.12.22 - - [02/Mar/2020:08:13:23 +0100] "POST /axjaxrequest?mode=suggest HTTP/1.1" 200 153 "http://renault.2web.at/result?searchterm=true&search=give" "Mozilla/5.0 (Windows NT 10.0; WOW64; Trident/7.0; Touch; rv:11.0) like Gecko"
138.21.12.22 - - [02/Mar/2020:08:13:27 +0100] "GET /css/themes/alphacube/bottom_middle.gif HTTP/1.1" 304 - "http://renault.2web.at/result?searchterm=true&search=coc" "Mozilla/5.0 (Windows NT 10.0; WOW64; Trident/7.0; Touch; rv:11.0) like Gecko"
138.21.12.22 - - [02/Mar/2020:08:13:27 +0100] "GET /css/themes/alphacube/frame_left.gif HTTP/1.1" 304 - "http://renault.2web.at/result?searchterm=true&search=coc" "Mozilla/5.0 (Windows NT 10.0; WOW64; Trident/7.0; Touch; rv:11.0) like Gecko"
138.21.12.22 - - [02/Mar/2020:08:13:27 +0100] "GET /css/themes/alphacube/frame_right.gif HTTP/1.1" 304 - "http://renault.2web.at/result?searchterm=true&search=coc" "Mozilla/5.0 (Windows NT 10.0; WOW64; Trident/7.0; Touch; rv:11.0) like Gecko"
138.21.12.22 - - [02/Mar/2020:08:13:27 +0100] "GET /css/themes/alphacube/bottom_left-c.gif HTTP/1.1" 304 - "http://renault.2web.at/result?searchterm=true&search=coc" "Mozilla/5.0 (Windows NT 10.0; WOW64; Trident/7.0; Touch; rv:11.0) like Gecko"
138.21.12.22 - - [02/Mar/2020:08:13:27 +0100] "GET /css/themes/alphacube/bottom_right-c.gif HTTP/1.1" 304 - "http://renault.2web.at/result?searchterm=true&search=coc" "Mozilla/5.0 (Windows NT 10.0; WOW64; Trident/7.0; Touch; rv:11.0) like Gecko"
138.21.12.22 - - [02/Mar/2020:08:13:27 +0100] "GET /css/themes/alphacube/top_left.gif HTTP/1.1" 304 - "http://renault.2web.at/result?searchterm=true&search=coc" "Mozilla/5.0 (Windows NT 10.0; WOW64; Trident/7.0; Touch; rv:11.0) like Gecko"
138.21.12.22 - - [02/Mar/2020:08:13:27 +0100] "GET /css/themes/alphacube/button-close-focus.gif HTTP/1.1" 304 - "http://renault.2web.at/result?searchterm=true&search=coc" "Mozilla/5.0 (Windows NT 10.0; WOW64; Trident/7.0; Touch; rv:11.0) like Gecko"
138.21.12.22 - - [02/Mar/2020:08:13:27 +0100] "GET /11255996?print=true HTTP/1.1" 200 2663 "http://renault.2web.at/result?searchterm=true&search=coc" "Mozilla/5.0 (Windows NT 10.0; WOW64; Trident/7.0; Touch; rv:11.0) like Gecko"
138.21.12.22 - - [02/Mar/2020:08:13:32 +0100] "GET /js/magiczoom/magiczoom.css HTTP/1.1" 304 - "http://renault.2web.at/11255996?print=true" "Mozilla/5.0 (Windows NT 10.0; WOW64; Trident/7.0; Touch; rv:11.0) like Gecko"
138.21.12.22 - - [02/Mar/2020:08:13:32 +0100] "GET /js/magiczoom/magiczoom.js HTTP/1.1" 304 - "http://renault.2web.at/11255996?print=true" "Mozilla/5.0 (Windows NT 10.0; WOW64; Trident/7.0; Touch; rv:11.0) like Gecko"
138.21.12.22 - - [02/Mar/2020:08:13:32 +0100] "GET /js/Produkt.js HTTP/1.1" 304 - "http://renault.2web.at/11255996?print=true" "Mozilla/5.0 (Windows NT 10.0; WOW64; Trident/7.0; Touch; rv:11.0) like Gecko"
138.21.12.22 - - [02/Mar/2020:08:13:32 +0100] "GET /loadthumbnail.php?id=11776453&width=250 HTTP/1.1" 200 3058 "http://renault.2web.at/11255996?print=true" "Mozilla/5.0 (Windows NT 10.0; WOW64; Trident/7.0; Touch; rv:11.0) like Gecko"
138.21.12.22 - - [02/Mar/2020:08:13:32 +0100] "GET /loadthumbnail.php?id=11776453&width=900&height=900 HTTP/1.1" 200 16607 "http://renault.2web.at/11255996?print=true" "Mozilla/5.0 (Windows NT 10.0; WOW64; Trident/7.0; Touch; rv:11.0) like Gecko"
138.21.12.22 - - [02/Mar/2020:08:13:33 +0100] "GET /js/magiczoom/graphics/loader.gif HTTP/1.1" 304 - "http://renault.2web.at/11255996?print=true" "Mozilla/5.0 (Windows NT 10.0; WOW64; Trident/7.0; Touch; rv:11.0) like Gecko"
138.21.12.22 - - [02/Mar/2020:08:13:33 +0100] "GET /js/magiczoom/graphics/hint.gif HTTP/1.1" 304 - "http://renault.2web.at/11255996?print=true" "Mozilla/5.0 (Windows NT 10.0; WOW64; Trident/7.0; Touch; rv:11.0) like Gecko"
138.21.12.22 - - [02/Mar/2020:08:13:34 +0100] "GET /graphics/zoomin.cur HTTP/1.1" 200 6608 "http://renault.2web.at/11255996?print=true" "Mozilla/5.0 (Windows NT 10.0; WOW64; Trident/7.0; Touch; rv:11.0) like Gecko"
138.21.12.22 - - [02/Mar/2020:08:13:36 +0100] "GET /graphics/zoomin.cur HTTP/1.1" 200 6608 "http://renault.2web.at/11255996?print=true" "Mozilla/5.0 (Windows NT 10.0; WOW64; Trident/7.0; Touch; rv:11.0) like Gecko"
80.122.221.194 - - [02/Mar/2020:08:13:44 +0100] "GET /reload?ser=1583133224555 HTTP/1.1" 200 28 "http://renault.activities.at/cart" "Mozilla/5.0 (Windows NT 10.0; Win64; x64) AppleWebKit/537.36 (KHTML, like Gecko) Chrome/70.0.3538.102 Safari/537.36 Edge/18.18363"
138.21.12.22 - - [02/Mar/2020:08:13:45 +0100] "GET /null HTTP/1.1" 200 6608 "http://renault.2web.at/result?searchterm=true&search=coc" "Mozilla/5.0 (Windows NT 10.0; WOW64; Trident/7.0; Touch; rv:11.0) like Gecko"
91.113.165.162 - - [02/Mar/2020:08:14:07 +0100] "GET /reload?ser=1583133247387 HTTP/1.1" 200 1235 "http://renault.activities.at/result?dir=DESC&mode=grid&order=name&limit=15&page=1&search=megane" "Mozilla/5.0 (Windows NT 10.0; WOW64; Trident/7.0; rv:11.0) like Gecko"
138.21.12.22 - - [02/Mar/2020:08:14:26 +0100] "GET /reload?ser=1583133266150 HTTP/1.1" 200 28 "http://renault.2web.at/result?searchterm=true&search=coc" "Mozilla/5.0 (Windows NT 10.0; WOW64; Trident/7.0; Touch; rv:11.0) like Gecko"
80.122.221.194 - - [02/Mar/2020:08:14:45 +0100] "GET /reload?ser=1583133285588 HTTP/1.1" 200 28 "http://renault.activities.at/cart" "Mozilla/5.0 (Windows NT 10.0; Win64; x64) AppleWebKit/537.36 (KHTML, like Gecko) Chrome/70.0.3538.102 Safari/537.36 Edge/18.18363"
91.113.165.162 - - [02/Mar/2020:08:15:07 +0100] "GET /reload?ser=1583133307537 HTTP/1.1" 200 1240 "http://renault.activities.at/result?dir=DESC&mode=grid&order=name&limit=15&page=1&search=megane" "Mozilla/5.0 (Windows NT 10.0; WOW64; Trident/7.0; rv:11.0) like Gecko"
138.21.12.22 - - [02/Mar/2020:08:15:27 +0100] "GET /reload?ser=1583133327181 HTTP/1.1" 200 28 "http://renault.2web.at/result?searchterm=true&search=coc" "Mozilla/5.0 (Windows NT 10.0; WOW64; Trident/7.0; Touch; rv:11.0) like Gecko"
80.122.221.194 - - [02/Mar/2020:08:15:47 +0100] "GET /reload?ser=1583133346591 HTTP/1.1" 200 28 "http://renault.activities.at/cart" "Mozilla/5.0 (Windows NT 10.0; Win64; x64) AppleWebKit/537.36 (KHTML, like Gecko) Chrome/70.0.3538.102 Safari/537.36 Edge/18.18363"
91.113.165.162 - - [02/Mar/2020:08:16:07 +0100] "GET /reload?ser=1583133367692 HTTP/1.1" 200 1247 "http://renault.activities.at/result?dir=DESC&mode=grid&order=name&limit=15&page=1&search=megane" "Mozilla/5.0 (Windows NT 10.0; WOW64; Trident/7.0; rv:11.0) like Gecko"
138.21.12.22 - - [02/Mar/2020:08:16:28 +0100] "GET /reload?ser=1583133388233 HTTP/1.1" 200 28 "http://renault.2web.at/result?searchterm=true&search=coc" "Mozilla/5.0 (Windows NT 10.0; WOW64; Trident/7.0; Touch; rv:11.0) like Gecko"
80.122.221.194 - - [02/Mar/2020:08:16:48 +0100] "GET /reload?ser=1583133408579 HTTP/1.1" 200 28 "http://renault.activities.at/cart" "Mozilla/5.0 (Windows NT 10.0; Win64; x64) AppleWebKit/537.36 (KHTML, like Gecko) Chrome/70.0.3538.102 Safari/537.36 Edge/18.18363"
91.113.165.162 - - [02/Mar/2020:08:17:08 +0100] "GET /reload?ser=1583133427848 HTTP/1.1" 200 1238 "http://renault.activities.at/result?dir=DESC&mode=grid&order=name&limit=15&page=1&search=megane" "Mozilla/5.0 (Windows NT 10.0; WOW64; Trident/7.0; rv:11.0) like Gecko"
138.21.12.22 - - [02/Mar/2020:08:17:29 +0100] "GET /reload?ser=1583133449303 HTTP/1.1" 200 28 "http://renault.2web.at/result?searchterm=true&search=coc" "Mozilla/5.0 (Windows NT 10.0; WOW64; Trident/7.0; Touch; rv:11.0) like Gecko"
80.122.221.194 - - [02/Mar/2020:08:17:49 +0100] "GET /reload?ser=1583133469592 HTTP/1.1" 200 28 "http://renault.activities.at/cart" "Mozilla/5.0 (Windows NT 10.0; Win64; x64) AppleWebKit/537.36 (KHTML, like Gecko) Chrome/70.0.3538.102 Safari/537.36 Edge/18.18363"
91.113.165.162 - - [02/Mar/2020:08:18:08 +0100] "GET /reload?ser=1583133488013 HTTP/1.1" 200 1243 "http://renault.activities.at/result?dir=DESC&mode=grid&order=name&limit=15&page=1&search=megane" "Mozilla/5.0 (Windows NT 10.0; WOW64; Trident/7.0; rv:11.0) like Gecko"
138.21.12.22 - - [02/Mar/2020:08:18:30 +0100] "GET /reload?ser=1583133510527 HTTP/1.1" 200 28 "http://renault.2web.at/result?searchterm=true&search=coc" "Mozilla/5.0 (Windows NT 10.0; WOW64; Trident/7.0; Touch; rv:11.0) like Gecko"
80.122.221.194 - - [02/Mar/2020:08:18:50 +0100] "GET /reload?ser=1583133530587 HTTP/1.1" 200 28 "http://renault.activities.at/cart" "Mozilla/5.0 (Windows NT 10.0; Win64; x64) AppleWebKit/537.36 (KHTML, like Gecko) Chrome/70.0.3538.102 Safari/537.36 Edge/18.18363"
91.113.165.162 - - [02/Mar/2020:08:19:08 +0100] "GET /reload?ser=1583133548190 HTTP/1.1" 200 1241 "http://renault.activities.at/result?dir=DESC&mode=grid&order=name&limit=15&page=1&search=megane" "Mozilla/5.0 (Windows NT 10.0; WOW64; Trident/7.0; rv:11.0) like Gecko"
138.21.12.22 - - [02/Mar/2020:08:19:31 +0100] "GET /reload?ser=1583133571591 HTTP/1.1" 200 28 "http://renault.2web.at/result?searchterm=true&search=coc" "Mozilla/5.0 (Windows NT 10.0; WOW64; Trident/7.0; Touch; rv:11.0) like Gecko"
80.122.221.194 - - [02/Mar/2020:08:19:51 +0100] "GET /reload?ser=1583133591584 HTTP/1.1" 200 28 "http://renault.activities.at/cart" "Mozilla/5.0 (Windows NT 10.0; Win64; x64) AppleWebKit/537.36 (KHTML, like Gecko) Chrome/70.0.3538.102 Safari/537.36 Edge/18.18363"
91.113.165.162 - - [02/Mar/2020:08:20:08 +0100] "GET /reload?ser=1583133608355 HTTP/1.1" 200 1237 "http://renault.activities.at/result?dir=DESC&mode=grid&order=name&limit=15&page=1&search=megane" "Mozilla/5.0 (Windows NT 10.0; WOW64; Trident/7.0; rv:11.0) like Gecko"
138.21.12.22 - - [02/Mar/2020:08:20:32 +0100] "GET /reload?ser=1583133632625 HTTP/1.1" 200 28 "http://renault.2web.at/result?searchterm=true&search=coc" "Mozilla/5.0 (Windows NT 10.0; WOW64; Trident/7.0; Touch; rv:11.0) like Gecko"
80.122.221.194 - - [02/Mar/2020:08:20:52 +0100] "GET /reload?ser=1583133652577 HTTP/1.1" 200 28 "http://renault.activities.at/cart" "Mozilla/5.0 (Windows NT 10.0; Win64; x64) AppleWebKit/537.36 (KHTML, like Gecko) Chrome/70.0.3538.102 Safari/537.36 Edge/18.18363"
91.113.165.162 - - [02/Mar/2020:08:21:08 +0100] "GET /reload?ser=1583133668529 HTTP/1.1" 200 1235 "http://renault.activities.at/result?dir=DESC&mode=grid&order=name&limit=15&page=1&search=megane" "Mozilla/5.0 (Windows NT 10.0; WOW64; Trident/7.0; rv:11.0) like Gecko"
138.21.12.22 - - [02/Mar/2020:08:21:33 +0100] "GET /reload?ser=1583133693656 HTTP/1.1" 200 28 "http://renault.2web.at/result?searchterm=true&search=coc" "Mozilla/5.0 (Windows NT 10.0; WOW64; Trident/7.0; Touch; rv:11.0) like Gecko"
80.122.221.194 - - [02/Mar/2020:08:21:53 +0100] "GET /reload?ser=1583133713587 HTTP/1.1" 200 28 "http://renault.activities.at/cart" "Mozilla/5.0 (Windows NT 10.0; Win64; x64) AppleWebKit/537.36 (KHTML, like Gecko) Chrome/70.0.3538.102 Safari/537.36 Edge/18.18363"
91.113.165.162 - - [02/Mar/2020:08:22:08 +0100] "GET /reload?ser=1583133728681 HTTP/1.1" 200 1238 "http://renault.activities.at/result?dir=DESC&mode=grid&order=name&limit=15&page=1&search=megane" "Mozilla/5.0 (Windows NT 10.0; WOW64; Trident/7.0; rv:11.0) like Gecko"
138.21.12.22 - - [02/Mar/2020:08:22:34 +0100] "GET /reload?ser=1583133754685 HTTP/1.1" 200 28 "http://renault.2web.at/result?searchterm=true&search=coc" "Mozilla/5.0 (Windows NT 10.0; WOW64; Trident/7.0; Touch; rv:11.0) like Gecko"
80.122.221.194 - - [02/Mar/2020:08:22:54 +0100] "GET /reload?ser=1583133774586 HTTP/1.1" 200 28 "http://renault.activities.at/cart" "Mozilla/5.0 (Windows NT 10.0; Win64; x64) AppleWebKit/537.36 (KHTML, like Gecko) Chrome/70.0.3538.102 Safari/537.36 Edge/18.18363"
91.113.165.162 - - [02/Mar/2020:08:23:08 +0100] "GET /reload?ser=1583133788833 HTTP/1.1" 200 1237 "http://renault.activities.at/result?dir=DESC&mode=grid&order=name&limit=15&page=1&search=megane" "Mozilla/5.0 (Windows NT 10.0; WOW64; Trident/7.0; rv:11.0) like Gecko"
138.21.12.22 - - [02/Mar/2020:08:23:35 +0100] "GET /reload?ser=1583133815732 HTTP/1.1" 200 28 "http://renault.2web.at/result?searchterm=true&search=coc" "Mozilla/5.0 (Windows NT 10.0; WOW64; Trident/7.0; Touch; rv:11.0) like Gecko"
80.122.221.194 - - [02/Mar/2020:08:23:55 +0100] "GET /reload?ser=1583133835579 HTTP/1.1" 200 28 "http://renault.activities.at/cart" "Mozilla/5.0 (Windows NT 10.0; Win64; x64) AppleWebKit/537.36 (KHTML, like Gecko) Chrome/70.0.3538.102 Safari/537.36 Edge/18.18363"
91.113.165.162 - - [02/Mar/2020:08:24:09 +0100] "GET /reload?ser=1583133848988 HTTP/1.1" 200 1236 "http://renault.activities.at/result?dir=DESC&mode=grid&order=name&limit=15&page=1&search=megane" "Mozilla/5.0 (Windows NT 10.0; WOW64; Trident/7.0; rv:11.0) like Gecko"
138.21.12.22 - - [02/Mar/2020:08:24:36 +0100] "GET /reload?ser=1583133876784 HTTP/1.1" 200 28 "http://renault.2web.at/result?searchterm=true&search=coc" "Mozilla/5.0 (Windows NT 10.0; WOW64; Trident/7.0; Touch; rv:11.0) like Gecko"
80.122.221.194 - - [02/Mar/2020:08:24:56 +0100] "GET /reload?ser=1583133896579 HTTP/1.1" 200 28 "http://renault.activities.at/cart" "Mozilla/5.0 (Windows NT 10.0; Win64; x64) AppleWebKit/537.36 (KHTML, like Gecko) Chrome/70.0.3538.102 Safari/537.36 Edge/18.18363"
91.113.165.162 - - [02/Mar/2020:08:25:09 +0100] "GET /reload?ser=1583133909139 HTTP/1.1" 200 1243 "http://renault.activities.at/result?dir=DESC&mode=grid&order=name&limit=15&page=1&search=megane" "Mozilla/5.0 (Windows NT 10.0; WOW64; Trident/7.0; rv:11.0) like Gecko"
138.21.12.22 - - [02/Mar/2020:08:25:37 +0100] "GET /reload?ser=1583133937805 HTTP/1.1" 200 28 "http://renault.2web.at/result?searchterm=true&search=coc" "Mozilla/5.0 (Windows NT 10.0; WOW64; Trident/7.0; Touch; rv:11.0) like Gecko"
80.122.221.194 - - [02/Mar/2020:08:25:57 +0100] "GET /reload?ser=1583133957581 HTTP/1.1" 200 28 "http://renault.activities.at/cart" "Mozilla/5.0 (Windows NT 10.0; Win64; x64) AppleWebKit/537.36 (KHTML, like Gecko) Chrome/70.0.3538.102 Safari/537.36 Edge/18.18363"
91.113.165.162 - - [02/Mar/2020:08:26:09 +0100] "GET /reload?ser=1583133969294 HTTP/1.1" 200 1234 "http://renault.activities.at/result?dir=DESC&mode=grid&order=name&limit=15&page=1&search=megane" "Mozilla/5.0 (Windows NT 10.0; WOW64; Trident/7.0; rv:11.0) like Gecko"
138.21.12.22 - - [02/Mar/2020:08:26:38 +0100] "GET /reload?ser=1583133998832 HTTP/1.1" 200 28 "http://renault.2web.at/result?searchterm=true&search=coc" "Mozilla/5.0 (Windows NT 10.0; WOW64; Trident/7.0; Touch; rv:11.0) like Gecko"
80.122.221.194 - - [02/Mar/2020:08:26:58 +0100] "GET /reload?ser=1583134018582 HTTP/1.1" 200 28 "http://renault.activities.at/cart" "Mozilla/5.0 (Windows NT 10.0; Win64; x64) AppleWebKit/537.36 (KHTML, like Gecko) Chrome/70.0.3538.102 Safari/537.36 Edge/18.18363"
91.113.165.162 - - [02/Mar/2020:08:27:09 +0100] "GET /reload?ser=1583134029444 HTTP/1.1" 200 1237 "http://renault.activities.at/result?dir=DESC&mode=grid&order=name&limit=15&page=1&search=megane" "Mozilla/5.0 (Windows NT 10.0; WOW64; Trident/7.0; rv:11.0) like Gecko"
138.21.12.22 - - [02/Mar/2020:08:27:40 +0100] "GET /reload?ser=1583134059865 HTTP/1.1" 200 28 "http://renault.2web.at/result?searchterm=true&search=coc" "Mozilla/5.0 (Windows NT 10.0; WOW64; Trident/7.0; Touch; rv:11.0) like Gecko"
80.122.221.194 - - [02/Mar/2020:08:27:59 +0100] "GET /reload?ser=1583134079582 HTTP/1.1" 200 28 "http://renault.activities.at/cart" "Mozilla/5.0 (Windows NT 10.0; Win64; x64) AppleWebKit/537.36 (KHTML, like Gecko) Chrome/70.0.3538.102 Safari/537.36 Edge/18.18363"
91.113.165.162 - - [02/Mar/2020:08:28:09 +0100] "GET /reload?ser=1583134089594 HTTP/1.1" 200 1235 "http://renault.activities.at/result?dir=DESC&mode=grid&order=name&limit=15&page=1&search=megane" "Mozilla/5.0 (Windows NT 10.0; WOW64; Trident/7.0; rv:11.0) like Gecko"
138.21.12.22 - - [02/Mar/2020:08:28:41 +0100] "GET /reload?ser=1583134120907 HTTP/1.1" 200 28 "http://renault.2web.at/result?searchterm=true&search=coc" "Mozilla/5.0 (Windows NT 10.0; WOW64; Trident/7.0; Touch; rv:11.0) like Gecko"
80.122.221.194 - - [02/Mar/2020:08:29:00 +0100] "GET /reload?ser=1583134140581 HTTP/1.1" 200 28 "http://renault.activities.at/cart" "Mozilla/5.0 (Windows NT 10.0; Win64; x64) AppleWebKit/537.36 (KHTML, like Gecko) Chrome/70.0.3538.102 Safari/537.36 Edge/18.18363"
91.113.165.162 - - [02/Mar/2020:08:29:09 +0100] "GET /reload?ser=1583134149748 HTTP/1.1" 200 1236 "http://renault.activities.at/result?dir=DESC&mode=grid&order=name&limit=15&page=1&search=megane" "Mozilla/5.0 (Windows NT 10.0; WOW64; Trident/7.0; rv:11.0) like Gecko"
138.21.12.22 - - [02/Mar/2020:08:29:42 +0100] "GET /reload?ser=1583134181956 HTTP/1.1" 200 28 "http://renault.2web.at/result?searchterm=true&search=coc" "Mozilla/5.0 (Windows NT 10.0; WOW64; Trident/7.0; Touch; rv:11.0) like Gecko"
80.122.221.194 - - [02/Mar/2020:08:30:01 +0100] "GET /reload?ser=1583134201586 HTTP/1.1" 200 28 "http://renault.activities.at/cart" "Mozilla/5.0 (Windows NT 10.0; Win64; x64) AppleWebKit/537.36 (KHTML, like Gecko) Chrome/70.0.3538.102 Safari/537.36 Edge/18.18363"
91.113.165.162 - - [02/Mar/2020:08:30:10 +0100] "GET /reload?ser=1583134209900 HTTP/1.1" 200 1236 "http://renault.activities.at/result?dir=DESC&mode=grid&order=name&limit=15&page=1&search=megane" "Mozilla/5.0 (Windows NT 10.0; WOW64; Trident/7.0; rv:11.0) like Gecko"
138.21.12.22 - - [02/Mar/2020:08:30:43 +0100] "GET /reload?ser=1583134242992 HTTP/1.1" 200 28 "http://renault.2web.at/result?searchterm=true&search=coc" "Mozilla/5.0 (Windows NT 10.0; WOW64; Trident/7.0; Touch; rv:11.0) like Gecko"
80.122.221.194 - - [02/Mar/2020:08:31:02 +0100] "GET /reload?ser=1583134262586 HTTP/1.1" 200 28 "http://renault.activities.at/cart" "Mozilla/5.0 (Windows NT 10.0; Win64; x64) AppleWebKit/537.36 (KHTML, like Gecko) Chrome/70.0.3538.102 Safari/537.36 Edge/18.18363"
91.113.165.162 - - [02/Mar/2020:08:31:10 +0100] "GET /reload?ser=1583134270047 HTTP/1.1" 200 1237 "http://renault.activities.at/result?dir=DESC&mode=grid&order=name&limit=15&page=1&search=megane" "Mozilla/5.0 (Windows NT 10.0; WOW64; Trident/7.0; rv:11.0) like Gecko"
138.21.12.22 - - [02/Mar/2020:08:31:44 +0100] "GET /reload?ser=1583134304055 HTTP/1.1" 200 28 "http://renault.2web.at/result?searchterm=true&search=coc" "Mozilla/5.0 (Windows NT 10.0; WOW64; Trident/7.0; Touch; rv:11.0) like Gecko"
80.122.221.194 - - [02/Mar/2020:08:32:03 +0100] "GET /reload?ser=1583134323579 HTTP/1.1" 200 28 "http://renault.activities.at/cart" "Mozilla/5.0 (Windows NT 10.0; Win64; x64) AppleWebKit/537.36 (KHTML, like Gecko) Chrome/70.0.3538.102 Safari/537.36 Edge/18.18363"
91.113.165.162 - - [02/Mar/2020:08:32:10 +0100] "GET /reload?ser=1583134330200 HTTP/1.1" 200 1240 "http://renault.activities.at/result?dir=DESC&mode=grid&order=name&limit=15&page=1&search=megane" "Mozilla/5.0 (Windows NT 10.0; WOW64; Trident/7.0; rv:11.0) like Gecko"
138.21.12.22 - - [02/Mar/2020:08:32:45 +0100] "GET /reload?ser=1583134365147 HTTP/1.1" 200 28 "http://renault.2web.at/result?searchterm=true&search=coc" "Mozilla/5.0 (Windows NT 10.0; WOW64; Trident/7.0; Touch; rv:11.0) like Gecko"
80.122.221.194 - - [02/Mar/2020:08:33:04 +0100] "GET /reload?ser=1583134384573 HTTP/1.1" 200 28 "http://renault.activities.at/cart" "Mozilla/5.0 (Windows NT 10.0; Win64; x64) AppleWebKit/537.36 (KHTML, like Gecko) Chrome/70.0.3538.102 Safari/537.36 Edge/18.18363"
91.113.165.162 - - [02/Mar/2020:08:33:10 +0100] "GET /reload?ser=1583134390358 HTTP/1.1" 200 1238 "http://renault.activities.at/result?dir=DESC&mode=grid&order=name&limit=15&page=1&search=megane" "Mozilla/5.0 (Windows NT 10.0; WOW64; Trident/7.0; rv:11.0) like Gecko"
138.21.12.22 - - [02/Mar/2020:08:33:46 +0100] "GET /reload?ser=1583134426205 HTTP/1.1" 200 28 "http://renault.2web.at/result?searchterm=true&search=coc" "Mozilla/5.0 (Windows NT 10.0; WOW64; Trident/7.0; Touch; rv:11.0) like Gecko"
80.122.221.194 - - [02/Mar/2020:08:34:05 +0100] "GET /reload?ser=1583134445572 HTTP/1.1" 200 28 "http://renault.activities.at/cart" "Mozilla/5.0 (Windows NT 10.0; Win64; x64) AppleWebKit/537.36 (KHTML, like Gecko) Chrome/70.0.3538.102 Safari/537.36 Edge/18.18363"
91.113.165.162 - - [02/Mar/2020:08:34:10 +0100] "GET /reload?ser=1583134450513 HTTP/1.1" 200 1244 "http://renault.activities.at/result?dir=DESC&mode=grid&order=name&limit=15&page=1&search=megane" "Mozilla/5.0 (Windows NT 10.0; WOW64; Trident/7.0; rv:11.0) like Gecko"
138.21.12.22 - - [02/Mar/2020:08:34:47 +0100] "GET /reload?ser=1583134487246 HTTP/1.1" 200 28 "http://renault.2web.at/result?searchterm=true&search=coc" "Mozilla/5.0 (Windows NT 10.0; WOW64; Trident/7.0; Touch; rv:11.0) like Gecko"
80.122.221.194 - - [02/Mar/2020:08:35:06 +0100] "GET /reload?ser=1583134506578 HTTP/1.1" 200 28 "http://renault.activities.at/cart" "Mozilla/5.0 (Windows NT 10.0; Win64; x64) AppleWebKit/537.36 (KHTML, like Gecko) Chrome/70.0.3538.102 Safari/537.36 Edge/18.18363"
91.113.165.162 - - [02/Mar/2020:08:35:10 +0100] "GET /reload?ser=1583134510670 HTTP/1.1" 200 1242 "http://renault.activities.at/result?dir=DESC&mode=grid&order=name&limit=15&page=1&search=megane" "Mozilla/5.0 (Windows NT 10.0; WOW64; Trident/7.0; rv:11.0) like Gecko"
66.249.93.32 - - [02/Mar/2020:08:35:47 +0100] "GET / HTTP/1.1" 200 3380 "-" "Mozilla/5.0 (X11; Linux x86_64) AppleWebKit/537.36 (KHTML, like Gecko) Chrome/49.0.2623.75 Safari/537.36 Google Favicon"
138.21.12.22 - - [02/Mar/2020:08:35:48 +0100] "GET /reload?ser=1583134548290 HTTP/1.1" 200 28 "http://renault.2web.at/result?searchterm=true&search=coc" "Mozilla/5.0 (Windows NT 10.0; WOW64; Trident/7.0; Touch; rv:11.0) like Gecko"
80.122.221.194 - - [02/Mar/2020:08:36:07 +0100] "GET /reload?ser=1583134567576 HTTP/1.1" 200 28 "http://renault.activities.at/cart" "Mozilla/5.0 (Windows NT 10.0; Win64; x64) AppleWebKit/537.36 (KHTML, like Gecko) Chrome/70.0.3538.102 Safari/537.36 Edge/18.18363"
91.113.165.162 - - [02/Mar/2020:08:36:11 +0100] "GET /reload?ser=1583134570827 HTTP/1.1" 200 1240 "http://renault.activities.at/result?dir=DESC&mode=grid&order=name&limit=15&page=1&search=megane" "Mozilla/5.0 (Windows NT 10.0; WOW64; Trident/7.0; rv:11.0) like Gecko"
138.21.12.22 - - [02/Mar/2020:08:36:49 +0100] "GET /reload?ser=1583134609360 HTTP/1.1" 200 28 "http://renault.2web.at/result?searchterm=true&search=coc" "Mozilla/5.0 (Windows NT 10.0; WOW64; Trident/7.0; Touch; rv:11.0) like Gecko"
80.122.221.194 - - [02/Mar/2020:08:37:08 +0100] "GET /reload?ser=1583134628585 HTTP/1.1" 200 28 "http://renault.activities.at/cart" "Mozilla/5.0 (Windows NT 10.0; Win64; x64) AppleWebKit/537.36 (KHTML, like Gecko) Chrome/70.0.3538.102 Safari/537.36 Edge/18.18363"
91.113.165.162 - - [02/Mar/2020:08:37:11 +0100] "GET /reload?ser=1583134630984 HTTP/1.1" 200 1238 "http://renault.activities.at/result?dir=DESC&mode=grid&order=name&limit=15&page=1&search=megane" "Mozilla/5.0 (Windows NT 10.0; WOW64; Trident/7.0; rv:11.0) like Gecko"
138.21.12.22 - - [02/Mar/2020:08:37:50 +0100] "GET /reload?ser=1583134670389 HTTP/1.1" 200 28 "http://renault.2web.at/result?searchterm=true&search=coc" "Mozilla/5.0 (Windows NT 10.0; WOW64; Trident/7.0; Touch; rv:11.0) like Gecko"
80.122.221.194 - - [02/Mar/2020:08:38:09 +0100] "GET /reload?ser=1583134689578 HTTP/1.1" 200 28 "http://renault.activities.at/cart" "Mozilla/5.0 (Windows NT 10.0; Win64; x64) AppleWebKit/537.36 (KHTML, like Gecko) Chrome/70.0.3538.102 Safari/537.36 Edge/18.18363"
91.113.165.162 - - [02/Mar/2020:08:38:11 +0100] "GET /reload?ser=1583134691144 HTTP/1.1" 200 1236 "http://renault.activities.at/result?dir=DESC&mode=grid&order=name&limit=15&page=1&search=megane" "Mozilla/5.0 (Windows NT 10.0; WOW64; Trident/7.0; rv:11.0) like Gecko"
138.21.12.22 - - [02/Mar/2020:08:38:51 +0100] "GET /reload?ser=1583134731420 HTTP/1.1" 200 28 "http://renault.2web.at/result?searchterm=true&search=coc" "Mozilla/5.0 (Windows NT 10.0; WOW64; Trident/7.0; Touch; rv:11.0) like Gecko"
80.122.221.194 - - [02/Mar/2020:08:39:10 +0100] "GET /reload?ser=1583134750574 HTTP/1.1" 200 28 "http://renault.activities.at/cart" "Mozilla/5.0 (Windows NT 10.0; Win64; x64) AppleWebKit/537.36 (KHTML, like Gecko) Chrome/70.0.3538.102 Safari/537.36 Edge/18.18363"
91.113.165.162 - - [02/Mar/2020:08:39:11 +0100] "GET /reload?ser=1583134751299 HTTP/1.1" 200 1236 "http://renault.activities.at/result?dir=DESC&mode=grid&order=name&limit=15&page=1&search=megane" "Mozilla/5.0 (Windows NT 10.0; WOW64; Trident/7.0; rv:11.0) like Gecko"
138.21.12.22 - - [02/Mar/2020:08:39:52 +0100] "GET /reload?ser=1583134792532 HTTP/1.1" 200 28 "http://renault.2web.at/result?searchterm=true&search=coc" "Mozilla/5.0 (Windows NT 10.0; WOW64; Trident/7.0; Touch; rv:11.0) like Gecko"
91.113.165.162 - - [02/Mar/2020:08:40:11 +0100] "GET /reload?ser=1583134811447 HTTP/1.1" 200 1240 "http://renault.activities.at/result?dir=DESC&mode=grid&order=name&limit=15&page=1&search=megane" "Mozilla/5.0 (Windows NT 10.0; WOW64; Trident/7.0; rv:11.0) like Gecko"
80.122.221.194 - - [02/Mar/2020:08:40:11 +0100] "GET /reload?ser=1583134811572 HTTP/1.1" 200 28 "http://renault.activities.at/cart" "Mozilla/5.0 (Windows NT 10.0; Win64; x64) AppleWebKit/537.36 (KHTML, like Gecko) Chrome/70.0.3538.102 Safari/537.36 Edge/18.18363"
138.21.12.22 - - [02/Mar/2020:08:40:53 +0100] "GET /reload?ser=1583134853603 HTTP/1.1" 200 28 "http://renault.2web.at/result?searchterm=true&search=coc" "Mozilla/5.0 (Windows NT 10.0; WOW64; Trident/7.0; Touch; rv:11.0) like Gecko"
91.113.165.162 - - [02/Mar/2020:08:41:11 +0100] "GET /reload?ser=1583134871600 HTTP/1.1" 200 1242 "http://renault.activities.at/result?dir=DESC&mode=grid&order=name&limit=15&page=1&search=megane" "Mozilla/5.0 (Windows NT 10.0; WOW64; Trident/7.0; rv:11.0) like Gecko"
80.122.221.194 - - [02/Mar/2020:08:41:12 +0100] "GET /reload?ser=1583134872575 HTTP/1.1" 200 28 "http://renault.activities.at/cart" "Mozilla/5.0 (Windows NT 10.0; Win64; x64) AppleWebKit/537.36 (KHTML, like Gecko) Chrome/70.0.3538.102 Safari/537.36 Edge/18.18363"
138.21.12.22 - - [02/Mar/2020:08:41:54 +0100] "GET /reload?ser=1583134914633 HTTP/1.1" 200 28 "http://renault.2web.at/result?searchterm=true&search=coc" "Mozilla/5.0 (Windows NT 10.0; WOW64; Trident/7.0; Touch; rv:11.0) like Gecko"
91.113.165.162 - - [02/Mar/2020:08:42:11 +0100] "GET /reload?ser=1583134931752 HTTP/1.1" 200 1245 "http://renault.activities.at/result?dir=DESC&mode=grid&order=name&limit=15&page=1&search=megane" "Mozilla/5.0 (Windows NT 10.0; WOW64; Trident/7.0; rv:11.0) like Gecko"
80.122.221.194 - - [02/Mar/2020:08:42:13 +0100] "GET /reload?ser=1583134933568 HTTP/1.1" 200 28 "http://renault.activities.at/cart" "Mozilla/5.0 (Windows NT 10.0; Win64; x64) AppleWebKit/537.36 (KHTML, like Gecko) Chrome/70.0.3538.102 Safari/537.36 Edge/18.18363"
138.21.12.22 - - [02/Mar/2020:08:42:55 +0100] "GET /reload?ser=1583134975655 HTTP/1.1" 200 28 "http://renault.2web.at/result?searchterm=true&search=coc" "Mozilla/5.0 (Windows NT 10.0; WOW64; Trident/7.0; Touch; rv:11.0) like Gecko"
91.113.165.162 - - [02/Mar/2020:08:43:12 +0100] "GET /reload?ser=1583134991912 HTTP/1.1" 200 1241 "http://renault.activities.at/result?dir=DESC&mode=grid&order=name&limit=15&page=1&search=megane" "Mozilla/5.0 (Windows NT 10.0; WOW64; Trident/7.0; rv:11.0) like Gecko"
80.122.221.194 - - [02/Mar/2020:08:43:14 +0100] "GET /reload?ser=1583134994579 HTTP/1.1" 200 28 "http://renault.activities.at/cart" "Mozilla/5.0 (Windows NT 10.0; Win64; x64) AppleWebKit/537.36 (KHTML, like Gecko) Chrome/70.0.3538.102 Safari/537.36 Edge/18.18363"
138.21.12.22 - - [02/Mar/2020:08:43:56 +0100] "GET /reload?ser=1583135036705 HTTP/1.1" 200 28 "http://renault.2web.at/result?searchterm=true&search=coc" "Mozilla/5.0 (Windows NT 10.0; WOW64; Trident/7.0; Touch; rv:11.0) like Gecko"
91.113.165.162 - - [02/Mar/2020:08:44:12 +0100] "GET /reload?ser=1583135052071 HTTP/1.1" 200 1241 "http://renault.activities.at/result?dir=DESC&mode=grid&order=name&limit=15&page=1&search=megane" "Mozilla/5.0 (Windows NT 10.0; WOW64; Trident/7.0; rv:11.0) like Gecko"
80.122.221.194 - - [02/Mar/2020:08:44:15 +0100] "GET /reload?ser=1583135055573 HTTP/1.1" 200 28 "http://renault.activities.at/cart" "Mozilla/5.0 (Windows NT 10.0; Win64; x64) AppleWebKit/537.36 (KHTML, like Gecko) Chrome/70.0.3538.102 Safari/537.36 Edge/18.18363"
138.21.12.22 - - [02/Mar/2020:08:44:58 +0100] "GET /reload?ser=1583135097795 HTTP/1.1" 200 28 "http://renault.2web.at/result?searchterm=true&search=coc" "Mozilla/5.0 (Windows NT 10.0; WOW64; Trident/7.0; Touch; rv:11.0) like Gecko"
91.113.165.162 - - [02/Mar/2020:08:45:12 +0100] "GET /reload?ser=1583135112223 HTTP/1.1" 200 1234 "http://renault.activities.at/result?dir=DESC&mode=grid&order=name&limit=15&page=1&search=megane" "Mozilla/5.0 (Windows NT 10.0; WOW64; Trident/7.0; rv:11.0) like Gecko"
80.122.221.194 - - [02/Mar/2020:08:45:16 +0100] "GET /reload?ser=1583135116581 HTTP/1.1" 200 28 "http://renault.activities.at/cart" "Mozilla/5.0 (Windows NT 10.0; Win64; x64) AppleWebKit/537.36 (KHTML, like Gecko) Chrome/70.0.3538.102 Safari/537.36 Edge/18.18363"
138.21.12.22 - - [02/Mar/2020:08:45:59 +0100] "GET /reload?ser=1583135159048 HTTP/1.1" 200 28 "http://renault.2web.at/result?searchterm=true&search=coc" "Mozilla/5.0 (Windows NT 10.0; WOW64; Trident/7.0; Touch; rv:11.0) like Gecko"
91.113.165.162 - - [02/Mar/2020:08:46:12 +0100] "GET /reload?ser=1583135172372 HTTP/1.1" 200 1232 "http://renault.activities.at/result?dir=DESC&mode=grid&order=name&limit=15&page=1&search=megane" "Mozilla/5.0 (Windows NT 10.0; WOW64; Trident/7.0; rv:11.0) like Gecko"
80.122.221.194 - - [02/Mar/2020:08:46:17 +0100] "GET /reload?ser=1583135177568 HTTP/1.1" 200 28 "http://renault.activities.at/cart" "Mozilla/5.0 (Windows NT 10.0; Win64; x64) AppleWebKit/537.36 (KHTML, like Gecko) Chrome/70.0.3538.102 Safari/537.36 Edge/18.18363"
138.21.12.22 - - [02/Mar/2020:08:47:00 +0100] "GET /reload?ser=1583135220134 HTTP/1.1" 200 28 "http://renault.2web.at/result?searchterm=true&search=coc" "Mozilla/5.0 (Windows NT 10.0; WOW64; Trident/7.0; Touch; rv:11.0) like Gecko"
91.113.165.162 - - [02/Mar/2020:08:47:12 +0100] "GET /reload?ser=1583135232530 HTTP/1.1" 200 1240 "http://renault.activities.at/result?dir=DESC&mode=grid&order=name&limit=15&page=1&search=megane" "Mozilla/5.0 (Windows NT 10.0; WOW64; Trident/7.0; rv:11.0) like Gecko"
80.122.221.194 - - [02/Mar/2020:08:47:18 +0100] "GET /reload?ser=1583135238580 HTTP/1.1" 200 28 "http://renault.activities.at/cart" "Mozilla/5.0 (Windows NT 10.0; Win64; x64) AppleWebKit/537.36 (KHTML, like Gecko) Chrome/70.0.3538.102 Safari/537.36 Edge/18.18363"
138.21.12.22 - - [02/Mar/2020:08:48:01 +0100] "GET /reload?ser=1583135281191 HTTP/1.1" 200 28 "http://renault.2web.at/result?searchterm=true&search=coc" "Mozilla/5.0 (Windows NT 10.0; WOW64; Trident/7.0; Touch; rv:11.0) like Gecko"
91.113.165.162 - - [02/Mar/2020:08:48:12 +0100] "GET /reload?ser=1583135292687 HTTP/1.1" 200 1236 "http://renault.activities.at/result?dir=DESC&mode=grid&order=name&limit=15&page=1&search=megane" "Mozilla/5.0 (Windows NT 10.0; WOW64; Trident/7.0; rv:11.0) like Gecko"
80.122.221.194 - - [02/Mar/2020:08:48:19 +0100] "GET /reload?ser=1583135299573 HTTP/1.1" 200 28 "http://renault.activities.at/cart" "Mozilla/5.0 (Windows NT 10.0; Win64; x64) AppleWebKit/537.36 (KHTML, like Gecko) Chrome/70.0.3538.102 Safari/537.36 Edge/18.18363"
138.21.12.22 - - [02/Mar/2020:08:49:02 +0100] "GET /reload?ser=1583135342242 HTTP/1.1" 200 28 "http://renault.2web.at/result?searchterm=true&search=coc" "Mozilla/5.0 (Windows NT 10.0; WOW64; Trident/7.0; Touch; rv:11.0) like Gecko"
91.113.165.162 - - [02/Mar/2020:08:49:13 +0100] "GET /reload?ser=1583135352863 HTTP/1.1" 200 1239 "http://renault.activities.at/result?dir=DESC&mode=grid&order=name&limit=15&page=1&search=megane" "Mozilla/5.0 (Windows NT 10.0; WOW64; Trident/7.0; rv:11.0) like Gecko"
