185.58.53.32 - - [04/Mar/2020:16:21:53 +0100] "GET /reload?ser=1583335269542 HTTP/1.1" 200 28 "http://renault.activities.at/10201442?dir=DESC&mode=grid&order=name&limit=15&page=12" "Mozilla/5.0 (Windows NT 6.1; WOW64; Trident/7.0; rv:11.0) like Gecko"
213.90.25.78 - - [04/Mar/2020:16:22:30 +0100] "GET /reload?ser=1583335351434 HTTP/1.1" 200 28 "http://renault.activities.at/result?searchterm=true&search=POS229" "Mozilla/5.0 (Windows NT 10.0; WOW64; Trident/7.0; rv:11.0) like Gecko"
212.152.246.132 - - [04/Mar/2020:16:22:36 +0100] "GET /reload?ser=1583335355072 HTTP/1.1" 200 28 "http://renault.activities.at/" "Mozilla/5.0 (Windows NT 10.0; WOW64; Trident/7.0; rv:11.0) like Gecko"
212.152.229.244 - - [04/Mar/2020:16:22:44 +0100] "GET /reload?ser=1583335366075 HTTP/1.1" 200 28 "http://renault.activities.at/" "Mozilla/5.0 (Windows NT 10.0; Win64; x64) AppleWebKit/537.36 (KHTML, like Gecko) Chrome/79.0.3945.130 Safari/537.36 OPR/66.0.3515.115"
185.58.53.32 - - [04/Mar/2020:16:22:54 +0100] "GET /reload?ser=1583335330496 HTTP/1.1" 200 28 "http://renault.activities.at/10201442?dir=DESC&mode=grid&order=name&limit=15&page=12" "Mozilla/5.0 (Windows NT 6.1; WOW64; Trident/7.0; rv:11.0) like Gecko"
213.90.25.78 - - [04/Mar/2020:16:23:31 +0100] "GET /reload?ser=1583335412391 HTTP/1.1" 200 28 "http://renault.activities.at/result?searchterm=true&search=POS229" "Mozilla/5.0 (Windows NT 10.0; WOW64; Trident/7.0; rv:11.0) like Gecko"
212.152.229.244 - - [04/Mar/2020:16:23:45 +0100] "GET /reload?ser=1583335427074 HTTP/1.1" 200 28 "http://renault.activities.at/" "Mozilla/5.0 (Windows NT 10.0; Win64; x64) AppleWebKit/537.36 (KHTML, like Gecko) Chrome/79.0.3945.130 Safari/537.36 OPR/66.0.3515.115"
185.58.53.32 - - [04/Mar/2020:16:23:55 +0100] "GET /reload?ser=1583335391428 HTTP/1.1" 200 28 "http://renault.activities.at/10201442?dir=DESC&mode=grid&order=name&limit=15&page=12" "Mozilla/5.0 (Windows NT 6.1; WOW64; Trident/7.0; rv:11.0) like Gecko"
213.90.25.78 - - [04/Mar/2020:16:24:32 +0100] "GET /reload?ser=1583335473373 HTTP/1.1" 200 28 "http://renault.activities.at/result?searchterm=true&search=POS229" "Mozilla/5.0 (Windows NT 10.0; WOW64; Trident/7.0; rv:11.0) like Gecko"
212.152.229.244 - - [04/Mar/2020:16:24:46 +0100] "GET /reload?ser=1583335488075 HTTP/1.1" 200 28 "http://renault.activities.at/" "Mozilla/5.0 (Windows NT 10.0; Win64; x64) AppleWebKit/537.36 (KHTML, like Gecko) Chrome/79.0.3945.130 Safari/537.36 OPR/66.0.3515.115"
185.58.53.32 - - [04/Mar/2020:16:24:56 +0100] "GET /reload?ser=1583335452385 HTTP/1.1" 200 28 "http://renault.activities.at/10201442?dir=DESC&mode=grid&order=name&limit=15&page=12" "Mozilla/5.0 (Windows NT 6.1; WOW64; Trident/7.0; rv:11.0) like Gecko"
213.90.25.78 - - [04/Mar/2020:16:25:33 +0100] "GET /reload?ser=1583335534374 HTTP/1.1" 200 28 "http://renault.activities.at/result?searchterm=true&search=POS229" "Mozilla/5.0 (Windows NT 10.0; WOW64; Trident/7.0; rv:11.0) like Gecko"
212.152.229.244 - - [04/Mar/2020:16:25:47 +0100] "GET /reload?ser=1583335549075 HTTP/1.1" 200 28 "http://renault.activities.at/" "Mozilla/5.0 (Windows NT 10.0; Win64; x64) AppleWebKit/537.36 (KHTML, like Gecko) Chrome/79.0.3945.130 Safari/537.36 OPR/66.0.3515.115"
185.58.53.32 - - [04/Mar/2020:16:25:57 +0100] "GET /reload?ser=1583335513341 HTTP/1.1" 200 28 "http://renault.activities.at/10201442?dir=DESC&mode=grid&order=name&limit=15&page=12" "Mozilla/5.0 (Windows NT 6.1; WOW64; Trident/7.0; rv:11.0) like Gecko"
213.90.25.78 - - [04/Mar/2020:16:26:34 +0100] "GET /reload?ser=1583335595350 HTTP/1.1" 200 28 "http://renault.activities.at/result?searchterm=true&search=POS229" "Mozilla/5.0 (Windows NT 10.0; WOW64; Trident/7.0; rv:11.0) like Gecko"
212.152.229.244 - - [04/Mar/2020:16:26:48 +0100] "GET /reload?ser=1583335610074 HTTP/1.1" 200 28 "http://renault.activities.at/" "Mozilla/5.0 (Windows NT 10.0; Win64; x64) AppleWebKit/537.36 (KHTML, like Gecko) Chrome/79.0.3945.130 Safari/537.36 OPR/66.0.3515.115"
185.58.53.32 - - [04/Mar/2020:16:26:58 +0100] "GET /reload?ser=1583335574298 HTTP/1.1" 200 28 "http://renault.activities.at/10201442?dir=DESC&mode=grid&order=name&limit=15&page=12" "Mozilla/5.0 (Windows NT 6.1; WOW64; Trident/7.0; rv:11.0) like Gecko"
213.90.25.78 - - [04/Mar/2020:16:27:35 +0100] "GET /reload?ser=1583335656332 HTTP/1.1" 200 28 "http://renault.activities.at/result?searchterm=true&search=POS229" "Mozilla/5.0 (Windows NT 10.0; WOW64; Trident/7.0; rv:11.0) like Gecko"
212.152.229.244 - - [04/Mar/2020:16:27:49 +0100] "GET /reload?ser=1583335671074 HTTP/1.1" 200 28 "http://renault.activities.at/" "Mozilla/5.0 (Windows NT 10.0; Win64; x64) AppleWebKit/537.36 (KHTML, like Gecko) Chrome/79.0.3945.130 Safari/537.36 OPR/66.0.3515.115"
185.58.53.32 - - [04/Mar/2020:16:27:59 +0100] "GET /reload?ser=1583335635241 HTTP/1.1" 200 28 "http://renault.activities.at/10201442?dir=DESC&mode=grid&order=name&limit=15&page=12" "Mozilla/5.0 (Windows NT 6.1; WOW64; Trident/7.0; rv:11.0) like Gecko"
213.90.25.78 - - [04/Mar/2020:16:28:36 +0100] "GET /reload?ser=1583335717300 HTTP/1.1" 200 28 "http://renault.activities.at/result?searchterm=true&search=POS229" "Mozilla/5.0 (Windows NT 10.0; WOW64; Trident/7.0; rv:11.0) like Gecko"
212.152.229.244 - - [04/Mar/2020:16:28:50 +0100] "GET /reload?ser=1583335732074 HTTP/1.1" 200 28 "http://renault.activities.at/" "Mozilla/5.0 (Windows NT 10.0; Win64; x64) AppleWebKit/537.36 (KHTML, like Gecko) Chrome/79.0.3945.130 Safari/537.36 OPR/66.0.3515.115"
185.58.53.32 - - [04/Mar/2020:16:29:00 +0100] "GET /reload?ser=1583335696213 HTTP/1.1" 200 28 "http://renault.activities.at/10201442?dir=DESC&mode=grid&order=name&limit=15&page=12" "Mozilla/5.0 (Windows NT 6.1; WOW64; Trident/7.0; rv:11.0) like Gecko"
213.90.25.78 - - [04/Mar/2020:16:29:37 +0100] "GET /reload?ser=1583335778280 HTTP/1.1" 200 28 "http://renault.activities.at/result?searchterm=true&search=POS229" "Mozilla/5.0 (Windows NT 10.0; WOW64; Trident/7.0; rv:11.0) like Gecko"
212.152.229.244 - - [04/Mar/2020:16:29:51 +0100] "GET /reload?ser=1583335793074 HTTP/1.1" 200 28 "http://renault.activities.at/" "Mozilla/5.0 (Windows NT 10.0; Win64; x64) AppleWebKit/537.36 (KHTML, like Gecko) Chrome/79.0.3945.130 Safari/537.36 OPR/66.0.3515.115"
185.58.53.32 - - [04/Mar/2020:16:30:01 +0100] "GET /reload?ser=1583335757141 HTTP/1.1" 200 28 "http://renault.activities.at/10201442?dir=DESC&mode=grid&order=name&limit=15&page=12" "Mozilla/5.0 (Windows NT 6.1; WOW64; Trident/7.0; rv:11.0) like Gecko"
213.90.25.78 - - [04/Mar/2020:16:30:38 +0100] "GET /reload?ser=1583335839241 HTTP/1.1" 200 28 "http://renault.activities.at/result?searchterm=true&search=POS229" "Mozilla/5.0 (Windows NT 10.0; WOW64; Trident/7.0; rv:11.0) like Gecko"
212.152.229.244 - - [04/Mar/2020:16:30:52 +0100] "GET /reload?ser=1583335854075 HTTP/1.1" 200 28 "http://renault.activities.at/" "Mozilla/5.0 (Windows NT 10.0; Win64; x64) AppleWebKit/537.36 (KHTML, like Gecko) Chrome/79.0.3945.130 Safari/537.36 OPR/66.0.3515.115"
185.58.53.32 - - [04/Mar/2020:16:31:02 +0100] "GET /reload?ser=1583335818082 HTTP/1.1" 200 28 "http://renault.activities.at/10201442?dir=DESC&mode=grid&order=name&limit=15&page=12" "Mozilla/5.0 (Windows NT 6.1; WOW64; Trident/7.0; rv:11.0) like Gecko"
213.90.25.78 - - [04/Mar/2020:16:31:39 +0100] "GET /reload?ser=1583335900200 HTTP/1.1" 200 28 "http://renault.activities.at/result?searchterm=true&search=POS229" "Mozilla/5.0 (Windows NT 10.0; WOW64; Trident/7.0; rv:11.0) like Gecko"
212.152.229.244 - - [04/Mar/2020:16:31:53 +0100] "GET /reload?ser=1583335915074 HTTP/1.1" 200 28 "http://renault.activities.at/" "Mozilla/5.0 (Windows NT 10.0; Win64; x64) AppleWebKit/537.36 (KHTML, like Gecko) Chrome/79.0.3945.130 Safari/537.36 OPR/66.0.3515.115"
185.58.53.32 - - [04/Mar/2020:16:32:03 +0100] "GET /reload?ser=1583335879010 HTTP/1.1" 200 28 "http://renault.activities.at/10201442?dir=DESC&mode=grid&order=name&limit=15&page=12" "Mozilla/5.0 (Windows NT 6.1; WOW64; Trident/7.0; rv:11.0) like Gecko"
213.90.25.78 - - [04/Mar/2020:16:32:40 +0100] "GET /reload?ser=1583335961170 HTTP/1.1" 200 28 "http://renault.activities.at/result?searchterm=true&search=POS229" "Mozilla/5.0 (Windows NT 10.0; WOW64; Trident/7.0; rv:11.0) like Gecko"
212.152.229.244 - - [04/Mar/2020:16:32:54 +0100] "GET /reload?ser=1583335976075 HTTP/1.1" 200 28 "http://renault.activities.at/" "Mozilla/5.0 (Windows NT 10.0; Win64; x64) AppleWebKit/537.36 (KHTML, like Gecko) Chrome/79.0.3945.130 Safari/537.36 OPR/66.0.3515.115"
185.58.53.32 - - [04/Mar/2020:16:33:04 +0100] "GET /reload?ser=1583335939994 HTTP/1.1" 200 28 "http://renault.activities.at/10201442?dir=DESC&mode=grid&order=name&limit=15&page=12" "Mozilla/5.0 (Windows NT 6.1; WOW64; Trident/7.0; rv:11.0) like Gecko"
213.90.25.78 - - [04/Mar/2020:16:33:41 +0100] "GET /reload?ser=1583336022150 HTTP/1.1" 200 28 "http://renault.activities.at/result?searchterm=true&search=POS229" "Mozilla/5.0 (Windows NT 10.0; WOW64; Trident/7.0; rv:11.0) like Gecko"
212.152.229.244 - - [04/Mar/2020:16:33:55 +0100] "GET /reload?ser=1583336037074 HTTP/1.1" 200 28 "http://renault.activities.at/" "Mozilla/5.0 (Windows NT 10.0; Win64; x64) AppleWebKit/537.36 (KHTML, like Gecko) Chrome/79.0.3945.130 Safari/537.36 OPR/66.0.3515.115"
185.58.53.32 - - [04/Mar/2020:16:34:05 +0100] "GET /reload?ser=1583336000947 HTTP/1.1" 200 28 "http://renault.activities.at/10201442?dir=DESC&mode=grid&order=name&limit=15&page=12" "Mozilla/5.0 (Windows NT 6.1; WOW64; Trident/7.0; rv:11.0) like Gecko"
213.90.25.78 - - [04/Mar/2020:16:34:42 +0100] "GET /reload?ser=1583336083120 HTTP/1.1" 200 28 "http://renault.activities.at/result?searchterm=true&search=POS229" "Mozilla/5.0 (Windows NT 10.0; WOW64; Trident/7.0; rv:11.0) like Gecko"
212.152.229.244 - - [04/Mar/2020:16:34:56 +0100] "GET /reload?ser=1583336098075 HTTP/1.1" 200 28 "http://renault.activities.at/" "Mozilla/5.0 (Windows NT 10.0; Win64; x64) AppleWebKit/537.36 (KHTML, like Gecko) Chrome/79.0.3945.130 Safari/537.36 OPR/66.0.3515.115"
185.58.53.32 - - [04/Mar/2020:16:35:06 +0100] "GET /reload?ser=1583336061896 HTTP/1.1" 200 28 "http://renault.activities.at/10201442?dir=DESC&mode=grid&order=name&limit=15&page=12" "Mozilla/5.0 (Windows NT 6.1; WOW64; Trident/7.0; rv:11.0) like Gecko"
213.90.25.78 - - [04/Mar/2020:16:35:43 +0100] "GET /reload?ser=1583336144072 HTTP/1.1" 200 28 "http://renault.activities.at/result?searchterm=true&search=POS229" "Mozilla/5.0 (Windows NT 10.0; WOW64; Trident/7.0; rv:11.0) like Gecko"
212.152.229.244 - - [04/Mar/2020:16:35:57 +0100] "GET /reload?ser=1583336159074 HTTP/1.1" 200 28 "http://renault.activities.at/" "Mozilla/5.0 (Windows NT 10.0; Win64; x64) AppleWebKit/537.36 (KHTML, like Gecko) Chrome/79.0.3945.130 Safari/537.36 OPR/66.0.3515.115"
185.58.53.32 - - [04/Mar/2020:16:36:07 +0100] "GET /reload?ser=1583336122876 HTTP/1.1" 200 28 "http://renault.activities.at/10201442?dir=DESC&mode=grid&order=name&limit=15&page=12" "Mozilla/5.0 (Windows NT 6.1; WOW64; Trident/7.0; rv:11.0) like Gecko"
213.90.25.78 - - [04/Mar/2020:16:36:44 +0100] "GET /reload?ser=1583336205014 HTTP/1.1" 200 28 "http://renault.activities.at/result?searchterm=true&search=POS229" "Mozilla/5.0 (Windows NT 10.0; WOW64; Trident/7.0; rv:11.0) like Gecko"
212.152.229.244 - - [04/Mar/2020:16:36:58 +0100] "GET /reload?ser=1583336220074 HTTP/1.1" 200 28 "http://renault.activities.at/" "Mozilla/5.0 (Windows NT 10.0; Win64; x64) AppleWebKit/537.36 (KHTML, like Gecko) Chrome/79.0.3945.130 Safari/537.36 OPR/66.0.3515.115"
185.58.53.32 - - [04/Mar/2020:16:37:08 +0100] "GET /reload?ser=1583336183845 HTTP/1.1" 200 28 "http://renault.activities.at/10201442?dir=DESC&mode=grid&order=name&limit=15&page=12" "Mozilla/5.0 (Windows NT 6.1; WOW64; Trident/7.0; rv:11.0) like Gecko"
213.90.25.78 - - [04/Mar/2020:16:37:45 +0100] "GET /reload?ser=1583336265970 HTTP/1.1" 200 28 "http://renault.activities.at/result?searchterm=true&search=POS229" "Mozilla/5.0 (Windows NT 10.0; WOW64; Trident/7.0; rv:11.0) like Gecko"
212.152.229.244 - - [04/Mar/2020:16:37:59 +0100] "GET /reload?ser=1583336281074 HTTP/1.1" 200 28 "http://renault.activities.at/" "Mozilla/5.0 (Windows NT 10.0; Win64; x64) AppleWebKit/537.36 (KHTML, like Gecko) Chrome/79.0.3945.130 Safari/537.36 OPR/66.0.3515.115"
185.58.53.32 - - [04/Mar/2020:16:38:08 +0100] "GET /reload?ser=1583336244803 HTTP/1.1" 200 28 "http://renault.activities.at/10201442?dir=DESC&mode=grid&order=name&limit=15&page=12" "Mozilla/5.0 (Windows NT 6.1; WOW64; Trident/7.0; rv:11.0) like Gecko"
213.90.25.78 - - [04/Mar/2020:16:38:46 +0100] "GET /reload?ser=1583336326937 HTTP/1.1" 200 28 "http://renault.activities.at/result?searchterm=true&search=POS229" "Mozilla/5.0 (Windows NT 10.0; WOW64; Trident/7.0; rv:11.0) like Gecko"
212.152.229.244 - - [04/Mar/2020:16:39:00 +0100] "GET /reload?ser=1583336342074 HTTP/1.1" 200 28 "http://renault.activities.at/" "Mozilla/5.0 (Windows NT 10.0; Win64; x64) AppleWebKit/537.36 (KHTML, like Gecko) Chrome/79.0.3945.130 Safari/537.36 OPR/66.0.3515.115"
185.58.53.32 - - [04/Mar/2020:16:39:09 +0100] "GET /reload?ser=1583336305748 HTTP/1.1" 200 28 "http://renault.activities.at/10201442?dir=DESC&mode=grid&order=name&limit=15&page=12" "Mozilla/5.0 (Windows NT 6.1; WOW64; Trident/7.0; rv:11.0) like Gecko"
213.90.25.78 - - [04/Mar/2020:16:39:47 +0100] "GET /reload?ser=1583336387890 HTTP/1.1" 200 28 "http://renault.activities.at/result?searchterm=true&search=POS229" "Mozilla/5.0 (Windows NT 10.0; WOW64; Trident/7.0; rv:11.0) like Gecko"
212.152.229.244 - - [04/Mar/2020:16:40:01 +0100] "GET /reload?ser=1583336403074 HTTP/1.1" 200 28 "http://renault.activities.at/" "Mozilla/5.0 (Windows NT 10.0; Win64; x64) AppleWebKit/537.36 (KHTML, like Gecko) Chrome/79.0.3945.130 Safari/537.36 OPR/66.0.3515.115"
185.58.53.32 - - [04/Mar/2020:16:40:10 +0100] "GET /reload?ser=1583336366709 HTTP/1.1" 200 28 "http://renault.activities.at/10201442?dir=DESC&mode=grid&order=name&limit=15&page=12" "Mozilla/5.0 (Windows NT 6.1; WOW64; Trident/7.0; rv:11.0) like Gecko"
213.90.25.78 - - [04/Mar/2020:16:40:48 +0100] "GET /reload?ser=1583336448860 HTTP/1.1" 200 28 "http://renault.activities.at/result?searchterm=true&search=POS229" "Mozilla/5.0 (Windows NT 10.0; WOW64; Trident/7.0; rv:11.0) like Gecko"
212.152.229.244 - - [04/Mar/2020:16:41:02 +0100] "GET /reload?ser=1583336464074 HTTP/1.1" 200 28 "http://renault.activities.at/" "Mozilla/5.0 (Windows NT 10.0; Win64; x64) AppleWebKit/537.36 (KHTML, like Gecko) Chrome/79.0.3945.130 Safari/537.36 OPR/66.0.3515.115"
185.58.53.32 - - [04/Mar/2020:16:41:11 +0100] "GET /reload?ser=1583336427695 HTTP/1.1" 200 28 "http://renault.activities.at/10201442?dir=DESC&mode=grid&order=name&limit=15&page=12" "Mozilla/5.0 (Windows NT 6.1; WOW64; Trident/7.0; rv:11.0) like Gecko"
213.90.25.78 - - [04/Mar/2020:16:41:49 +0100] "GET /reload?ser=1583336509819 HTTP/1.1" 200 28 "http://renault.activities.at/result?searchterm=true&search=POS229" "Mozilla/5.0 (Windows NT 10.0; WOW64; Trident/7.0; rv:11.0) like Gecko"
212.152.229.244 - - [04/Mar/2020:16:42:03 +0100] "GET /reload?ser=1583336525074 HTTP/1.1" 200 28 "http://renault.activities.at/" "Mozilla/5.0 (Windows NT 10.0; Win64; x64) AppleWebKit/537.36 (KHTML, like Gecko) Chrome/79.0.3945.130 Safari/537.36 OPR/66.0.3515.115"
185.58.53.32 - - [04/Mar/2020:16:42:12 +0100] "GET /reload?ser=1583336488638 HTTP/1.1" 200 28 "http://renault.activities.at/10201442?dir=DESC&mode=grid&order=name&limit=15&page=12" "Mozilla/5.0 (Windows NT 6.1; WOW64; Trident/7.0; rv:11.0) like Gecko"
213.90.25.78 - - [04/Mar/2020:16:42:50 +0100] "GET /reload?ser=1583336570814 HTTP/1.1" 200 28 "http://renault.activities.at/result?searchterm=true&search=POS229" "Mozilla/5.0 (Windows NT 10.0; WOW64; Trident/7.0; rv:11.0) like Gecko"
212.152.229.244 - - [04/Mar/2020:16:43:04 +0100] "GET /reload?ser=1583336586073 HTTP/1.1" 200 28 "http://renault.activities.at/" "Mozilla/5.0 (Windows NT 10.0; Win64; x64) AppleWebKit/537.36 (KHTML, like Gecko) Chrome/79.0.3945.130 Safari/537.36 OPR/66.0.3515.115"
185.58.53.32 - - [04/Mar/2020:16:43:13 +0100] "GET /reload?ser=1583336549618 HTTP/1.1" 200 28 "http://renault.activities.at/10201442?dir=DESC&mode=grid&order=name&limit=15&page=12" "Mozilla/5.0 (Windows NT 6.1; WOW64; Trident/7.0; rv:11.0) like Gecko"
213.90.25.78 - - [04/Mar/2020:16:43:51 +0100] "GET /reload?ser=1583336631798 HTTP/1.1" 200 28 "http://renault.activities.at/result?searchterm=true&search=POS229" "Mozilla/5.0 (Windows NT 10.0; WOW64; Trident/7.0; rv:11.0) like Gecko"
212.152.229.244 - - [04/Mar/2020:16:44:05 +0100] "GET /reload?ser=1583336647074 HTTP/1.1" 200 28 "http://renault.activities.at/" "Mozilla/5.0 (Windows NT 10.0; Win64; x64) AppleWebKit/537.36 (KHTML, like Gecko) Chrome/79.0.3945.130 Safari/537.36 OPR/66.0.3515.115"
185.58.53.32 - - [04/Mar/2020:16:44:14 +0100] "GET /reload?ser=1583336610573 HTTP/1.1" 200 28 "http://renault.activities.at/10201442?dir=DESC&mode=grid&order=name&limit=15&page=12" "Mozilla/5.0 (Windows NT 6.1; WOW64; Trident/7.0; rv:11.0) like Gecko"
213.90.25.78 - - [04/Mar/2020:16:44:52 +0100] "GET /reload?ser=1583336692746 HTTP/1.1" 200 28 "http://renault.activities.at/result?searchterm=true&search=POS229" "Mozilla/5.0 (Windows NT 10.0; WOW64; Trident/7.0; rv:11.0) like Gecko"
212.152.229.244 - - [04/Mar/2020:16:45:06 +0100] "GET /reload?ser=1583336708074 HTTP/1.1" 200 28 "http://renault.activities.at/" "Mozilla/5.0 (Windows NT 10.0; Win64; x64) AppleWebKit/537.36 (KHTML, like Gecko) Chrome/79.0.3945.130 Safari/537.36 OPR/66.0.3515.115"
185.58.53.32 - - [04/Mar/2020:16:45:15 +0100] "GET /reload?ser=1583336671516 HTTP/1.1" 200 28 "http://renault.activities.at/10201442?dir=DESC&mode=grid&order=name&limit=15&page=12" "Mozilla/5.0 (Windows NT 6.1; WOW64; Trident/7.0; rv:11.0) like Gecko"
213.90.25.78 - - [04/Mar/2020:16:45:53 +0100] "GET /reload?ser=1583336753713 HTTP/1.1" 200 28 "http://renault.activities.at/result?searchterm=true&search=POS229" "Mozilla/5.0 (Windows NT 10.0; WOW64; Trident/7.0; rv:11.0) like Gecko"
212.152.229.244 - - [04/Mar/2020:16:46:07 +0100] "GET /reload?ser=1583336769074 HTTP/1.1" 200 28 "http://renault.activities.at/" "Mozilla/5.0 (Windows NT 10.0; Win64; x64) AppleWebKit/537.36 (KHTML, like Gecko) Chrome/79.0.3945.130 Safari/537.36 OPR/66.0.3515.115"
185.58.53.32 - - [04/Mar/2020:16:46:16 +0100] "GET /reload?ser=1583336732462 HTTP/1.1" 200 28 "http://renault.activities.at/10201442?dir=DESC&mode=grid&order=name&limit=15&page=12" "Mozilla/5.0 (Windows NT 6.1; WOW64; Trident/7.0; rv:11.0) like Gecko"
213.90.25.78 - - [04/Mar/2020:16:46:24 +0100] "GET /images/vista-dn-hover.gif HTTP/1.1" 200 127 "http://renault.activities.at/result?searchterm=true&search=POS229" "Mozilla/5.0 (Windows NT 10.0; WOW64; Trident/7.0; rv:11.0) like Gecko"
213.90.25.78 - - [04/Mar/2020:16:46:28 +0100] "GET /logout HTTP/1.1" 302 140 "http://renault.activities.at/result?searchterm=true&search=POS229" "Mozilla/5.0 (Windows NT 10.0; WOW64; Trident/7.0; rv:11.0) like Gecko"
213.90.25.78 - - [04/Mar/2020:16:46:29 +0100] "GET /logout HTTP/1.1" 200 1583 "http://renault.activities.at/result?searchterm=true&search=POS229" "Mozilla/5.0 (Windows NT 10.0; WOW64; Trident/7.0; rv:11.0) like Gecko"
213.90.25.78 - - [04/Mar/2020:16:46:29 +0100] "GET /js/default.js HTTP/1.1" 304 - "http://renault.activities.at/logout" "Mozilla/5.0 (Windows NT 10.0; WOW64; Trident/7.0; rv:11.0) like Gecko"
213.90.25.78 - - [04/Mar/2020:16:46:29 +0100] "GET /css/reset.css HTTP/1.1" 304 - "http://renault.activities.at/logout" "Mozilla/5.0 (Windows NT 10.0; WOW64; Trident/7.0; rv:11.0) like Gecko"
213.90.25.78 - - [04/Mar/2020:16:46:29 +0100] "GET /css/clears.css HTTP/1.1" 304 - "http://renault.activities.at/logout" "Mozilla/5.0 (Windows NT 10.0; WOW64; Trident/7.0; rv:11.0) like Gecko"
213.90.25.78 - - [04/Mar/2020:16:46:29 +0100] "GET /css/styles.css HTTP/1.1" 304 - "http://renault.activities.at/logout" "Mozilla/5.0 (Windows NT 10.0; WOW64; Trident/7.0; rv:11.0) like Gecko"
213.90.25.78 - - [04/Mar/2020:16:46:29 +0100] "GET /css/print.css HTTP/1.1" 304 - "http://renault.activities.at/logout" "Mozilla/5.0 (Windows NT 10.0; WOW64; Trident/7.0; rv:11.0) like Gecko"
213.90.25.78 - - [04/Mar/2020:16:46:29 +0100] "GET /js/checkout.css HTTP/1.1" 304 - "http://renault.activities.at/logout" "Mozilla/5.0 (Windows NT 10.0; WOW64; Trident/7.0; rv:11.0) like Gecko"
213.90.25.78 - - [04/Mar/2020:16:46:29 +0100] "GET /css/prototip.css HTTP/1.1" 304 - "http://renault.activities.at/logout" "Mozilla/5.0 (Windows NT 10.0; WOW64; Trident/7.0; rv:11.0) like Gecko"
213.90.25.78 - - [04/Mar/2020:16:46:29 +0100] "GET /css/themes/default.css HTTP/1.1" 304 - "http://renault.activities.at/logout" "Mozilla/5.0 (Windows NT 10.0; WOW64; Trident/7.0; rv:11.0) like Gecko"
213.90.25.78 - - [04/Mar/2020:16:46:29 +0100] "GET /css/themes/alphacube.css HTTP/1.1" 304 - "http://renault.activities.at/logout" "Mozilla/5.0 (Windows NT 10.0; WOW64; Trident/7.0; rv:11.0) like Gecko"
213.90.25.78 - - [04/Mar/2020:16:46:29 +0100] "GET /images/title_corner_right_top.jpg HTTP/1.1" 304 - "http://renault.activities.at/logout" "Mozilla/5.0 (Windows NT 10.0; WOW64; Trident/7.0; rv:11.0) like Gecko"
213.90.25.78 - - [04/Mar/2020:16:46:29 +0100] "GET /images/main_block_corner_right_top.gif HTTP/1.1" 304 - "http://renault.activities.at/logout" "Mozilla/5.0 (Windows NT 10.0; WOW64; Trident/7.0; rv:11.0) like Gecko"
213.90.25.78 - - [04/Mar/2020:16:46:29 +0100] "GET /images/title_border.jpg HTTP/1.1" 304 - "http://renault.activities.at/logout" "Mozilla/5.0 (Windows NT 10.0; WOW64; Trident/7.0; rv:11.0) like Gecko"
213.90.25.78 - - [04/Mar/2020:16:46:29 +0100] "GET /images/main_block_corner_right_bot.gif HTTP/1.1" 304 - "http://renault.activities.at/logout" "Mozilla/5.0 (Windows NT 10.0; WOW64; Trident/7.0; rv:11.0) like Gecko"
213.90.25.78 - - [04/Mar/2020:16:46:29 +0100] "GET /images/main_block_corner_left_bot.gif HTTP/1.1" 304 - "http://renault.activities.at/logout" "Mozilla/5.0 (Windows NT 10.0; WOW64; Trident/7.0; rv:11.0) like Gecko"
213.90.25.78 - - [04/Mar/2020:16:46:29 +0100] "GET /images/main_block_corner_left_top.gif HTTP/1.1" 304 - "http://renault.activities.at/logout" "Mozilla/5.0 (Windows NT 10.0; WOW64; Trident/7.0; rv:11.0) like Gecko"
213.90.25.78 - - [04/Mar/2020:16:46:29 +0100] "GET /images/header_block_border.gif HTTP/1.1" 304 - "http://renault.activities.at/logout" "Mozilla/5.0 (Windows NT 10.0; WOW64; Trident/7.0; rv:11.0) like Gecko"
213.90.25.78 - - [04/Mar/2020:16:46:29 +0100] "GET /images/header_block_corner_left_top.gif HTTP/1.1" 304 - "http://renault.activities.at/logout" "Mozilla/5.0 (Windows NT 10.0; WOW64; Trident/7.0; rv:11.0) like Gecko"
213.90.25.78 - - [04/Mar/2020:16:46:29 +0100] "GET /images/header_block_corner_right_top.gif HTTP/1.1" 304 - "http://renault.activities.at/logout" "Mozilla/5.0 (Windows NT 10.0; WOW64; Trident/7.0; rv:11.0) like Gecko"
213.90.25.78 - - [04/Mar/2020:16:46:29 +0100] "GET /images/title_corner_left_top.jpg HTTP/1.1" 304 - "http://renault.activities.at/logout" "Mozilla/5.0 (Windows NT 10.0; WOW64; Trident/7.0; rv:11.0) like Gecko"
213.90.25.78 - - [04/Mar/2020:16:46:29 +0100] "GET /images/title_border_top.jpg HTTP/1.1" 304 - "http://renault.activities.at/logout" "Mozilla/5.0 (Windows NT 10.0; WOW64; Trident/7.0; rv:11.0) like Gecko"
213.90.25.78 - - [04/Mar/2020:16:46:29 +0100] "GET /images/main_block_border.gif HTTP/1.1" 304 - "http://renault.activities.at/logout" "Mozilla/5.0 (Windows NT 10.0; WOW64; Trident/7.0; rv:11.0) like Gecko"
212.152.229.244 - - [04/Mar/2020:16:47:08 +0100] "GET /reload?ser=1583336830074 HTTP/1.1" 200 28 "http://renault.activities.at/" "Mozilla/5.0 (Windows NT 10.0; Win64; x64) AppleWebKit/537.36 (KHTML, like Gecko) Chrome/79.0.3945.130 Safari/537.36 OPR/66.0.3515.115"
185.58.53.32 - - [04/Mar/2020:16:47:17 +0100] "GET /reload?ser=1583336793426 HTTP/1.1" 200 28 "http://renault.activities.at/10201442?dir=DESC&mode=grid&order=name&limit=15&page=12" "Mozilla/5.0 (Windows NT 6.1; WOW64; Trident/7.0; rv:11.0) like Gecko"
212.152.229.244 - - [04/Mar/2020:16:48:09 +0100] "GET /reload?ser=1583336891074 HTTP/1.1" 200 28 "http://renault.activities.at/" "Mozilla/5.0 (Windows NT 10.0; Win64; x64) AppleWebKit/537.36 (KHTML, like Gecko) Chrome/79.0.3945.130 Safari/537.36 OPR/66.0.3515.115"
185.58.53.32 - - [04/Mar/2020:16:48:18 +0100] "GET /reload?ser=1583336854369 HTTP/1.1" 200 28 "http://renault.activities.at/10201442?dir=DESC&mode=grid&order=name&limit=15&page=12" "Mozilla/5.0 (Windows NT 6.1; WOW64; Trident/7.0; rv:11.0) like Gecko"
212.152.229.244 - - [04/Mar/2020:16:49:10 +0100] "GET /reload?ser=1583336952074 HTTP/1.1" 200 28 "http://renault.activities.at/" "Mozilla/5.0 (Windows NT 10.0; Win64; x64) AppleWebKit/537.36 (KHTML, like Gecko) Chrome/79.0.3945.130 Safari/537.36 OPR/66.0.3515.115"
185.58.53.32 - - [04/Mar/2020:16:49:20 +0100] "GET /reload?ser=1583336915909 HTTP/1.1" 200 28 "http://renault.activities.at/10201442?dir=DESC&mode=grid&order=name&limit=15&page=12" "Mozilla/5.0 (Windows NT 6.1; WOW64; Trident/7.0; rv:11.0) like Gecko"
212.152.229.244 - - [04/Mar/2020:16:50:11 +0100] "GET /reload?ser=1583337013075 HTTP/1.1" 200 28 "http://renault.activities.at/" "Mozilla/5.0 (Windows NT 10.0; Win64; x64) AppleWebKit/537.36 (KHTML, like Gecko) Chrome/79.0.3945.130 Safari/537.36 OPR/66.0.3515.115"
185.58.53.32 - - [04/Mar/2020:16:50:21 +0100] "GET /reload?ser=1583336976870 HTTP/1.1" 200 28 "http://renault.activities.at/10201442?dir=DESC&mode=grid&order=name&limit=15&page=12" "Mozilla/5.0 (Windows NT 6.1; WOW64; Trident/7.0; rv:11.0) like Gecko"
212.152.229.244 - - [04/Mar/2020:16:51:12 +0100] "GET /reload?ser=1583337074074 HTTP/1.1" 200 28 "http://renault.activities.at/" "Mozilla/5.0 (Windows NT 10.0; Win64; x64) AppleWebKit/537.36 (KHTML, like Gecko) Chrome/79.0.3945.130 Safari/537.36 OPR/66.0.3515.115"
185.58.53.32 - - [04/Mar/2020:16:51:22 +0100] "GET /reload?ser=1583337037852 HTTP/1.1" 200 28 "http://renault.activities.at/10201442?dir=DESC&mode=grid&order=name&limit=15&page=12" "Mozilla/5.0 (Windows NT 6.1; WOW64; Trident/7.0; rv:11.0) like Gecko"
212.152.229.244 - - [04/Mar/2020:16:52:13 +0100] "GET /reload?ser=1583337135074 HTTP/1.1" 200 28 "http://renault.activities.at/" "Mozilla/5.0 (Windows NT 10.0; Win64; x64) AppleWebKit/537.36 (KHTML, like Gecko) Chrome/79.0.3945.130 Safari/537.36 OPR/66.0.3515.115"
185.58.53.32 - - [04/Mar/2020:16:52:22 +0100] "GET /reload?ser=1583337098794 HTTP/1.1" 200 28 "http://renault.activities.at/10201442?dir=DESC&mode=grid&order=name&limit=15&page=12" "Mozilla/5.0 (Windows NT 6.1; WOW64; Trident/7.0; rv:11.0) like Gecko"
212.152.229.244 - - [04/Mar/2020:16:53:14 +0100] "GET /reload?ser=1583337196074 HTTP/1.1" 200 28 "http://renault.activities.at/" "Mozilla/5.0 (Windows NT 10.0; Win64; x64) AppleWebKit/537.36 (KHTML, like Gecko) Chrome/79.0.3945.130 Safari/537.36 OPR/66.0.3515.115"
185.58.53.32 - - [04/Mar/2020:16:53:23 +0100] "GET /reload?ser=1583337159766 HTTP/1.1" 200 28 "http://renault.activities.at/10201442?dir=DESC&mode=grid&order=name&limit=15&page=12" "Mozilla/5.0 (Windows NT 6.1; WOW64; Trident/7.0; rv:11.0) like Gecko"
212.152.229.244 - - [04/Mar/2020:16:54:15 +0100] "GET /reload?ser=1583337257074 HTTP/1.1" 200 28 "http://renault.activities.at/" "Mozilla/5.0 (Windows NT 10.0; Win64; x64) AppleWebKit/537.36 (KHTML, like Gecko) Chrome/79.0.3945.130 Safari/537.36 OPR/66.0.3515.115"
185.58.53.32 - - [04/Mar/2020:16:54:24 +0100] "GET /reload?ser=1583337220721 HTTP/1.1" 200 28 "http://renault.activities.at/10201442?dir=DESC&mode=grid&order=name&limit=15&page=12" "Mozilla/5.0 (Windows NT 6.1; WOW64; Trident/7.0; rv:11.0) like Gecko"
212.152.229.244 - - [04/Mar/2020:16:55:16 +0100] "GET /reload?ser=1583337318073 HTTP/1.1" 200 28 "http://renault.activities.at/" "Mozilla/5.0 (Windows NT 10.0; Win64; x64) AppleWebKit/537.36 (KHTML, like Gecko) Chrome/79.0.3945.130 Safari/537.36 OPR/66.0.3515.115"
93.83.167.218 - - [04/Mar/2020:16:55:18 +0100] "GET /login HTTP/1.1" 200 2085 "-" "Mozilla/5.0 (Windows NT 6.3; WOW64; Trident/7.0; rv:11.0) like Gecko"
93.83.167.218 - - [04/Mar/2020:16:55:18 +0100] "GET /css/clears.css HTTP/1.1" 304 - "http://renault.activities.at/login" "Mozilla/5.0 (Windows NT 6.3; WOW64; Trident/7.0; rv:11.0) like Gecko"
93.83.167.218 - - [04/Mar/2020:16:55:18 +0100] "GET /js/default.js HTTP/1.1" 304 - "http://renault.activities.at/login" "Mozilla/5.0 (Windows NT 6.3; WOW64; Trident/7.0; rv:11.0) like Gecko"
93.83.167.218 - - [04/Mar/2020:16:55:18 +0100] "GET /css/styles.css HTTP/1.1" 304 - "http://renault.activities.at/login" "Mozilla/5.0 (Windows NT 6.3; WOW64; Trident/7.0; rv:11.0) like Gecko"
93.83.167.218 - - [04/Mar/2020:16:55:18 +0100] "GET /css/reset.css HTTP/1.1" 304 - "http://renault.activities.at/login" "Mozilla/5.0 (Windows NT 6.3; WOW64; Trident/7.0; rv:11.0) like Gecko"
93.83.167.218 - - [04/Mar/2020:16:55:18 +0100] "GET /js/index.php?c=auto&f=,prototype/prototype.js,prototype/validation.js,scriptaculous/builder.js,scriptaculous/effects.js,scriptaculous/dragdrop.js,scriptaculous/controls.js,scriptaculous/slider.js,varien/js.js,varien/form.js,varien/menu.js,mage/translate.js,mage/cookies.js,varien/product.js,spinner/SpinnerControl.jsmin.js,prototype/window.js,prototype/window_ext.js HTTP/1.1" 304 - "http://renault.activities.at/login" "Mozilla/5.0 (Windows NT 6.3; WOW64; Trident/7.0; rv:11.0) like Gecko"
93.83.167.218 - - [04/Mar/2020:16:55:18 +0100] "GET /css/print.css HTTP/1.1" 304 - "http://renault.activities.at/login" "Mozilla/5.0 (Windows NT 6.3; WOW64; Trident/7.0; rv:11.0) like Gecko"
93.83.167.218 - - [04/Mar/2020:16:55:18 +0100] "GET /js/checkout.css HTTP/1.1" 304 - "http://renault.activities.at/login" "Mozilla/5.0 (Windows NT 6.3; WOW64; Trident/7.0; rv:11.0) like Gecko"
93.83.167.218 - - [04/Mar/2020:16:55:18 +0100] "GET /css/themes/default.css HTTP/1.1" 304 - "http://renault.activities.at/login" "Mozilla/5.0 (Windows NT 6.3; WOW64; Trident/7.0; rv:11.0) like Gecko"
93.83.167.218 - - [04/Mar/2020:16:55:18 +0100] "GET /css/prototip.css HTTP/1.1" 304 - "http://renault.activities.at/login" "Mozilla/5.0 (Windows NT 6.3; WOW64; Trident/7.0; rv:11.0) like Gecko"
93.83.167.218 - - [04/Mar/2020:16:55:18 +0100] "GET /css/themes/alphacube.css HTTP/1.1" 304 - "http://renault.activities.at/login" "Mozilla/5.0 (Windows NT 6.3; WOW64; Trident/7.0; rv:11.0) like Gecko"
93.83.167.218 - - [04/Mar/2020:16:55:18 +0100] "GET /images/main_block_corner_left_top.gif HTTP/1.1" 304 - "http://renault.activities.at/login" "Mozilla/5.0 (Windows NT 6.3; WOW64; Trident/7.0; rv:11.0) like Gecko"
93.83.167.218 - - [04/Mar/2020:16:55:18 +0100] "GET /images/main_block_border.gif HTTP/1.1" 304 - "http://renault.activities.at/login" "Mozilla/5.0 (Windows NT 6.3; WOW64; Trident/7.0; rv:11.0) like Gecko"
93.83.167.218 - - [04/Mar/2020:16:55:18 +0100] "GET /images/main_block_corner_left_bot.gif HTTP/1.1" 304 - "http://renault.activities.at/login" "Mozilla/5.0 (Windows NT 6.3; WOW64; Trident/7.0; rv:11.0) like Gecko"
93.83.167.218 - - [04/Mar/2020:16:55:18 +0100] "GET /images/main_block_corner_right_top.gif HTTP/1.1" 304 - "http://renault.activities.at/login" "Mozilla/5.0 (Windows NT 6.3; WOW64; Trident/7.0; rv:11.0) like Gecko"
93.83.167.218 - - [04/Mar/2020:16:55:18 +0100] "GET /images/main_block_corner_right_bot.gif HTTP/1.1" 304 - "http://renault.activities.at/login" "Mozilla/5.0 (Windows NT 6.3; WOW64; Trident/7.0; rv:11.0) like Gecko"
93.83.167.218 - - [04/Mar/2020:16:55:18 +0100] "GET /images/header_block_border.gif HTTP/1.1" 304 - "http://renault.activities.at/login" "Mozilla/5.0 (Windows NT 6.3; WOW64; Trident/7.0; rv:11.0) like Gecko"
93.83.167.218 - - [04/Mar/2020:16:55:19 +0100] "GET /images/header_block_corner_left_top.gif HTTP/1.1" 304 - "http://renault.activities.at/login" "Mozilla/5.0 (Windows NT 6.3; WOW64; Trident/7.0; rv:11.0) like Gecko"
93.83.167.218 - - [04/Mar/2020:16:55:19 +0100] "GET /images/header_block_corner_right_top.gif HTTP/1.1" 304 - "http://renault.activities.at/login" "Mozilla/5.0 (Windows NT 6.3; WOW64; Trident/7.0; rv:11.0) like Gecko"
93.83.167.218 - - [04/Mar/2020:16:55:19 +0100] "GET /images/title_border.jpg HTTP/1.1" 304 - "http://renault.activities.at/login" "Mozilla/5.0 (Windows NT 6.3; WOW64; Trident/7.0; rv:11.0) like Gecko"
93.83.167.218 - - [04/Mar/2020:16:55:19 +0100] "GET /images/title_corner_left_top.jpg HTTP/1.1" 304 - "http://renault.activities.at/login" "Mozilla/5.0 (Windows NT 6.3; WOW64; Trident/7.0; rv:11.0) like Gecko"
93.83.167.218 - - [04/Mar/2020:16:55:19 +0100] "GET /images/title_border_top.jpg HTTP/1.1" 304 - "http://renault.activities.at/login" "Mozilla/5.0 (Windows NT 6.3; WOW64; Trident/7.0; rv:11.0) like Gecko"
93.83.167.218 - - [04/Mar/2020:16:55:19 +0100] "GET /images/title_corner_right_top.jpg HTTP/1.1" 304 - "http://renault.activities.at/login" "Mozilla/5.0 (Windows NT 6.3; WOW64; Trident/7.0; rv:11.0) like Gecko"
93.83.167.218 - - [04/Mar/2020:16:55:19 +0100] "GET /images/button_left_bg.gif HTTP/1.1" 304 - "http://renault.activities.at/login" "Mozilla/5.0 (Windows NT 6.3; WOW64; Trident/7.0; rv:11.0) like Gecko"
93.83.167.218 - - [04/Mar/2020:16:55:19 +0100] "GET /images/button_right_bg.gif HTTP/1.1" 304 - "http://renault.activities.at/login" "Mozilla/5.0 (Windows NT 6.3; WOW64; Trident/7.0; rv:11.0) like Gecko"
93.83.167.218 - - [04/Mar/2020:16:55:19 +0100] "GET /images/button_bg.gif HTTP/1.1" 304 - "http://renault.activities.at/login" "Mozilla/5.0 (Windows NT 6.3; WOW64; Trident/7.0; rv:11.0) like Gecko"
93.83.167.218 - - [04/Mar/2020:16:55:19 +0100] "GET /loadthumbnail.php?id=11127982 HTTP/1.1" 200 399614 "http://renault.activities.at/login" "Mozilla/5.0 (Windows NT 6.3; WOW64; Trident/7.0; rv:11.0) like Gecko"
93.83.167.218 - - [04/Mar/2020:16:55:23 +0100] "POST /login HTTP/1.1" 302 140 "http://renault.activities.at/login" "Mozilla/5.0 (Windows NT 6.3; WOW64; Trident/7.0; rv:11.0) like Gecko"
185.58.53.32 - - [04/Mar/2020:16:55:25 +0100] "GET /reload?ser=1583337281710 HTTP/1.1" 200 28 "http://renault.activities.at/10201442?dir=DESC&mode=grid&order=name&limit=15&page=12" "Mozilla/5.0 (Windows NT 6.1; WOW64; Trident/7.0; rv:11.0) like Gecko"
93.83.167.218 - - [04/Mar/2020:16:55:25 +0100] "GET /account HTTP/1.1" 200 6291 "http://renault.activities.at/login" "Mozilla/5.0 (Windows NT 6.3; WOW64; Trident/7.0; rv:11.0) like Gecko"
93.83.167.218 - - [04/Mar/2020:16:55:28 +0100] "GET /css/reset.css HTTP/1.1" 304 - "http://renault.activities.at/account" "Mozilla/5.0 (Windows NT 6.3; WOW64; Trident/7.0; rv:11.0) like Gecko"
93.83.167.218 - - [04/Mar/2020:16:55:28 +0100] "GET /css/styles.css HTTP/1.1" 304 - "http://renault.activities.at/account" "Mozilla/5.0 (Windows NT 6.3; WOW64; Trident/7.0; rv:11.0) like Gecko"
93.83.167.218 - - [04/Mar/2020:16:55:28 +0100] "GET /js/default.js HTTP/1.1" 304 - "http://renault.activities.at/account" "Mozilla/5.0 (Windows NT 6.3; WOW64; Trident/7.0; rv:11.0) like Gecko"
93.83.167.218 - - [04/Mar/2020:16:55:28 +0100] "GET /css/print.css HTTP/1.1" 304 - "http://renault.activities.at/account" "Mozilla/5.0 (Windows NT 6.3; WOW64; Trident/7.0; rv:11.0) like Gecko"
93.83.167.218 - - [04/Mar/2020:16:55:28 +0100] "GET /css/clears.css HTTP/1.1" 304 - "http://renault.activities.at/account" "Mozilla/5.0 (Windows NT 6.3; WOW64; Trident/7.0; rv:11.0) like Gecko"
93.83.167.218 - - [04/Mar/2020:16:55:28 +0100] "GET /js/index.php?c=auto&f=,prototype/prototype.js,prototype/validation.js,scriptaculous/builder.js,scriptaculous/effects.js,scriptaculous/dragdrop.js,scriptaculous/controls.js,scriptaculous/slider.js,varien/js.js,varien/form.js,varien/menu.js,mage/translate.js,mage/cookies.js,varien/product.js,spinner/SpinnerControl.jsmin.js,prototype/window.js,prototype/window_ext.js HTTP/1.1" 304 - "http://renault.activities.at/account" "Mozilla/5.0 (Windows NT 6.3; WOW64; Trident/7.0; rv:11.0) like Gecko"
93.83.167.218 - - [04/Mar/2020:16:55:28 +0100] "GET /js/checkout.css HTTP/1.1" 304 - "http://renault.activities.at/account" "Mozilla/5.0 (Windows NT 6.3; WOW64; Trident/7.0; rv:11.0) like Gecko"
93.83.167.218 - - [04/Mar/2020:16:55:28 +0100] "GET /css/prototip.css HTTP/1.1" 304 - "http://renault.activities.at/account" "Mozilla/5.0 (Windows NT 6.3; WOW64; Trident/7.0; rv:11.0) like Gecko"
93.83.167.218 - - [04/Mar/2020:16:55:28 +0100] "GET /css/themes/default.css HTTP/1.1" 304 - "http://renault.activities.at/account" "Mozilla/5.0 (Windows NT 6.3; WOW64; Trident/7.0; rv:11.0) like Gecko"
93.83.167.218 - - [04/Mar/2020:16:55:28 +0100] "GET /css/themes/alphacube.css HTTP/1.1" 304 - "http://renault.activities.at/account" "Mozilla/5.0 (Windows NT 6.3; WOW64; Trident/7.0; rv:11.0) like Gecko"
93.83.167.218 - - [04/Mar/2020:16:55:28 +0100] "GET /js/account.js HTTP/1.1" 304 - "http://renault.activities.at/account" "Mozilla/5.0 (Windows NT 6.3; WOW64; Trident/7.0; rv:11.0) like Gecko"
93.83.167.218 - - [04/Mar/2020:16:55:28 +0100] "GET /loadthumbnail.php?id=11075492&width=50&height=50 HTTP/1.1" 200 1114 "http://renault.activities.at/account" "Mozilla/5.0 (Windows NT 6.3; WOW64; Trident/7.0; rv:11.0) like Gecko"
93.83.167.218 - - [04/Mar/2020:16:55:29 +0100] "GET /images/header_block_border.gif HTTP/1.1" 304 - "http://renault.activities.at/account" "Mozilla/5.0 (Windows NT 6.3; WOW64; Trident/7.0; rv:11.0) like Gecko"
93.83.167.218 - - [04/Mar/2020:16:55:28 +0100] "GET /loadthumbnail.php?id=10269569&width=50&height=50 HTTP/1.1" 200 774 "http://renault.activities.at/account" "Mozilla/5.0 (Windows NT 6.3; WOW64; Trident/7.0; rv:11.0) like Gecko"
93.83.167.218 - - [04/Mar/2020:16:55:28 +0100] "GET /loadthumbnail.php?id=12094749&width=50&height=50 HTTP/1.1" 200 3578 "http://renault.activities.at/account" "Mozilla/5.0 (Windows NT 6.3; WOW64; Trident/7.0; rv:11.0) like Gecko"
93.83.167.218 - - [04/Mar/2020:16:55:28 +0100] "GET /loadthumbnail.php?id=12029412&width=50&height=50 HTTP/1.1" 200 1048 "http://renault.activities.at/account" "Mozilla/5.0 (Windows NT 6.3; WOW64; Trident/7.0; rv:11.0) like Gecko"
93.83.167.218 - - [04/Mar/2020:16:55:28 +0100] "GET /loadthumbnail.php?id=12029409&width=50&height=50 HTTP/1.1" 200 858 "http://renault.activities.at/account" "Mozilla/5.0 (Windows NT 6.3; WOW64; Trident/7.0; rv:11.0) like Gecko"
93.83.167.218 - - [04/Mar/2020:16:55:28 +0100] "GET /loadthumbnail.php?id=10269567&width=50&height=50 HTTP/1.1" 200 845 "http://renault.activities.at/account" "Mozilla/5.0 (Windows NT 6.3; WOW64; Trident/7.0; rv:11.0) like Gecko"
93.83.167.218 - - [04/Mar/2020:16:55:29 +0100] "GET /images/header_block_corner_left_top.gif HTTP/1.1" 304 - "http://renault.activities.at/account" "Mozilla/5.0 (Windows NT 6.3; WOW64; Trident/7.0; rv:11.0) like Gecko"
93.83.167.218 - - [04/Mar/2020:16:55:29 +0100] "GET /images/header_block_corner_right_top.gif HTTP/1.1" 304 - "http://renault.activities.at/account" "Mozilla/5.0 (Windows NT 6.3; WOW64; Trident/7.0; rv:11.0) like Gecko"
93.83.167.218 - - [04/Mar/2020:16:55:29 +0100] "GET /images/search_bg.gif HTTP/1.1" 304 - "http://renault.activities.at/account" "Mozilla/5.0 (Windows NT 6.3; WOW64; Trident/7.0; rv:11.0) like Gecko"
93.83.167.218 - - [04/Mar/2020:16:55:29 +0100] "GET /images/main_block_border.gif HTTP/1.1" 304 - "http://renault.activities.at/account" "Mozilla/5.0 (Windows NT 6.3; WOW64; Trident/7.0; rv:11.0) like Gecko"
93.83.167.218 - - [04/Mar/2020:16:55:29 +0100] "GET /images/main_block_corner_right_top.gif HTTP/1.1" 304 - "http://renault.activities.at/account" "Mozilla/5.0 (Windows NT 6.3; WOW64; Trident/7.0; rv:11.0) like Gecko"
93.83.167.218 - - [04/Mar/2020:16:55:29 +0100] "GET /images/main_block_corner_left_bot.gif HTTP/1.1" 304 - "http://renault.activities.at/account" "Mozilla/5.0 (Windows NT 6.3; WOW64; Trident/7.0; rv:11.0) like Gecko"
93.83.167.218 - - [04/Mar/2020:16:55:29 +0100] "GET /images/main_block_corner_left_top.gif HTTP/1.1" 304 - "http://renault.activities.at/account" "Mozilla/5.0 (Windows NT 6.3; WOW64; Trident/7.0; rv:11.0) like Gecko"
93.83.167.218 - - [04/Mar/2020:16:55:29 +0100] "GET /images/main_block_corner_right_bot.gif HTTP/1.1" 304 - "http://renault.activities.at/account" "Mozilla/5.0 (Windows NT 6.3; WOW64; Trident/7.0; rv:11.0) like Gecko"
93.83.167.218 - - [04/Mar/2020:16:55:29 +0100] "GET /images/menu_button_bg.jpg HTTP/1.1" 304 - "http://renault.activities.at/account" "Mozilla/5.0 (Windows NT 6.3; WOW64; Trident/7.0; rv:11.0) like Gecko"
93.83.167.218 - - [04/Mar/2020:16:55:29 +0100] "GET /images/top_links_divider.gif HTTP/1.1" 304 - "http://renault.activities.at/account" "Mozilla/5.0 (Windows NT 6.3; WOW64; Trident/7.0; rv:11.0) like Gecko"
93.83.167.218 - - [04/Mar/2020:16:55:29 +0100] "GET /images/nav_divider.gif HTTP/1.1" 304 - "http://renault.activities.at/account" "Mozilla/5.0 (Windows NT 6.3; WOW64; Trident/7.0; rv:11.0) like Gecko"
93.83.167.218 - - [04/Mar/2020:16:55:29 +0100] "GET /images/menu_divider.gif HTTP/1.1" 304 - "http://renault.activities.at/account" "Mozilla/5.0 (Windows NT 6.3; WOW64; Trident/7.0; rv:11.0) like Gecko"
93.83.167.218 - - [04/Mar/2020:16:55:29 +0100] "GET /images/button_left_bg.gif HTTP/1.1" 304 - "http://renault.activities.at/account" "Mozilla/5.0 (Windows NT 6.3; WOW64; Trident/7.0; rv:11.0) like Gecko"
93.83.167.218 - - [04/Mar/2020:16:55:29 +0100] "GET /images/sidebar_title_border.gif HTTP/1.1" 304 - "http://renault.activities.at/account" "Mozilla/5.0 (Windows NT 6.3; WOW64; Trident/7.0; rv:11.0) like Gecko"
93.83.167.218 - - [04/Mar/2020:16:55:29 +0100] "GET /images/sidebar_title_border_top.gif HTTP/1.1" 304 - "http://renault.activities.at/account" "Mozilla/5.0 (Windows NT 6.3; WOW64; Trident/7.0; rv:11.0) like Gecko"
93.83.167.218 - - [04/Mar/2020:16:55:29 +0100] "GET /images/sidebar_title_corner_right_top.gif HTTP/1.1" 304 - "http://renault.activities.at/account" "Mozilla/5.0 (Windows NT 6.3; WOW64; Trident/7.0; rv:11.0) like Gecko"
93.83.167.218 - - [04/Mar/2020:16:55:29 +0100] "GET /images/sidebar_title_corner_left_top.gif HTTP/1.1" 304 - "http://renault.activities.at/account" "Mozilla/5.0 (Windows NT 6.3; WOW64; Trident/7.0; rv:11.0) like Gecko"
93.83.167.218 - - [04/Mar/2020:16:55:29 +0100] "GET /images/button_right_bg.gif HTTP/1.1" 304 - "http://renault.activities.at/account" "Mozilla/5.0 (Windows NT 6.3; WOW64; Trident/7.0; rv:11.0) like Gecko"
93.83.167.218 - - [04/Mar/2020:16:55:29 +0100] "GET /images/button_bg.gif HTTP/1.1" 304 - "http://renault.activities.at/account" "Mozilla/5.0 (Windows NT 6.3; WOW64; Trident/7.0; rv:11.0) like Gecko"
93.83.167.218 - - [04/Mar/2020:16:55:29 +0100] "GET /images/title_border.jpg HTTP/1.1" 304 - "http://renault.activities.at/account" "Mozilla/5.0 (Windows NT 6.3; WOW64; Trident/7.0; rv:11.0) like Gecko"
93.83.167.218 - - [04/Mar/2020:16:55:29 +0100] "GET /images/title_border_top.jpg HTTP/1.1" 304 - "http://renault.activities.at/account" "Mozilla/5.0 (Windows NT 6.3; WOW64; Trident/7.0; rv:11.0) like Gecko"
93.83.167.218 - - [04/Mar/2020:16:55:29 +0100] "GET /images/title_corner_left_top.jpg HTTP/1.1" 304 - "http://renault.activities.at/account" "Mozilla/5.0 (Windows NT 6.3; WOW64; Trident/7.0; rv:11.0) like Gecko"
93.83.167.218 - - [04/Mar/2020:16:55:29 +0100] "GET /images/title_corner_right_top.jpg HTTP/1.1" 304 - "http://renault.activities.at/account" "Mozilla/5.0 (Windows NT 6.3; WOW64; Trident/7.0; rv:11.0) like Gecko"
93.83.167.218 - - [04/Mar/2020:16:55:29 +0100] "GET /images/footer_divider.gif HTTP/1.1" 304 - "http://renault.activities.at/account" "Mozilla/5.0 (Windows NT 6.3; WOW64; Trident/7.0; rv:11.0) like Gecko"
93.83.167.218 - - [04/Mar/2020:16:55:41 +0100] "POST /axjaxrequest?mode=suggest HTTP/1.1" 200 2207 "http://renault.activities.at/account" "Mozilla/5.0 (Windows NT 6.3; WOW64; Trident/7.0; rv:11.0) like Gecko"
93.83.167.218 - - [04/Mar/2020:16:55:41 +0100] "POST /axjaxrequest?mode=suggest HTTP/1.1" 200 1158 "http://renault.activities.at/account" "Mozilla/5.0 (Windows NT 6.3; WOW64; Trident/7.0; rv:11.0) like Gecko"
93.83.167.218 - - [04/Mar/2020:16:55:42 +0100] "POST /axjaxrequest?mode=suggest HTTP/1.1" 200 218 "http://renault.activities.at/account" "Mozilla/5.0 (Windows NT 6.3; WOW64; Trident/7.0; rv:11.0) like Gecko"
93.83.167.218 - - [04/Mar/2020:16:55:43 +0100] "GET /result?searchterm=true&search=reh5277 HTTP/1.1" 200 6184 "http://renault.activities.at/account" "Mozilla/5.0 (Windows NT 6.3; WOW64; Trident/7.0; rv:11.0) like Gecko"
93.83.167.218 - - [04/Mar/2020:16:55:48 +0100] "GET /js/default.js HTTP/1.1" 304 - "http://renault.activities.at/result?searchterm=true&search=reh5277" "Mozilla/5.0 (Windows NT 6.3; WOW64; Trident/7.0; rv:11.0) like Gecko"
93.83.167.218 - - [04/Mar/2020:16:55:48 +0100] "GET /css/styles.css HTTP/1.1" 304 - "http://renault.activities.at/result?searchterm=true&search=reh5277" "Mozilla/5.0 (Windows NT 6.3; WOW64; Trident/7.0; rv:11.0) like Gecko"
93.83.167.218 - - [04/Mar/2020:16:55:48 +0100] "GET /js/prototip.js HTTP/1.1" 304 - "http://renault.activities.at/result?searchterm=true&search=reh5277" "Mozilla/5.0 (Windows NT 6.3; WOW64; Trident/7.0; rv:11.0) like Gecko"
93.83.167.218 - - [04/Mar/2020:16:55:48 +0100] "GET /css/reset.css HTTP/1.1" 304 - "http://renault.activities.at/result?searchterm=true&search=reh5277" "Mozilla/5.0 (Windows NT 6.3; WOW64; Trident/7.0; rv:11.0) like Gecko"
93.83.167.218 - - [04/Mar/2020:16:55:48 +0100] "GET /css/clears.css HTTP/1.1" 304 - "http://renault.activities.at/result?searchterm=true&search=reh5277" "Mozilla/5.0 (Windows NT 6.3; WOW64; Trident/7.0; rv:11.0) like Gecko"
93.83.167.218 - - [04/Mar/2020:16:55:48 +0100] "GET /js/index.php?c=auto&f=,prototype/prototype.js,prototype/validation.js,scriptaculous/builder.js,scriptaculous/effects.js,scriptaculous/dragdrop.js,scriptaculous/controls.js,scriptaculous/slider.js,varien/js.js,varien/form.js,varien/menu.js,mage/translate.js,mage/cookies.js,varien/product.js,spinner/SpinnerControl.jsmin.js,prototype/window.js,prototype/window_ext.js HTTP/1.1" 304 - "http://renault.activities.at/result?searchterm=true&search=reh5277" "Mozilla/5.0 (Windows NT 6.3; WOW64; Trident/7.0; rv:11.0) like Gecko"
93.83.167.218 - - [04/Mar/2020:16:55:48 +0100] "GET /css/print.css HTTP/1.1" 304 - "http://renault.activities.at/result?searchterm=true&search=reh5277" "Mozilla/5.0 (Windows NT 6.3; WOW64; Trident/7.0; rv:11.0) like Gecko"
93.83.167.218 - - [04/Mar/2020:16:55:48 +0100] "GET /js/checkout.css HTTP/1.1" 304 - "http://renault.activities.at/result?searchterm=true&search=reh5277" "Mozilla/5.0 (Windows NT 6.3; WOW64; Trident/7.0; rv:11.0) like Gecko"
93.83.167.218 - - [04/Mar/2020:16:55:48 +0100] "GET /css/prototip.css HTTP/1.1" 304 - "http://renault.activities.at/result?searchterm=true&search=reh5277" "Mozilla/5.0 (Windows NT 6.3; WOW64; Trident/7.0; rv:11.0) like Gecko"
93.83.167.218 - - [04/Mar/2020:16:55:48 +0100] "GET /css/themes/default.css HTTP/1.1" 304 - "http://renault.activities.at/result?searchterm=true&search=reh5277" "Mozilla/5.0 (Windows NT 6.3; WOW64; Trident/7.0; rv:11.0) like Gecko"
93.83.167.218 - - [04/Mar/2020:16:55:48 +0100] "GET /js/ProduktGrp.js HTTP/1.1" 304 - "http://renault.activities.at/result?searchterm=true&search=reh5277" "Mozilla/5.0 (Windows NT 6.3; WOW64; Trident/7.0; rv:11.0) like Gecko"
93.83.167.218 - - [04/Mar/2020:16:55:48 +0100] "GET /css/themes/alphacube.css HTTP/1.1" 304 - "http://renault.activities.at/result?searchterm=true&search=reh5277" "Mozilla/5.0 (Windows NT 6.3; WOW64; Trident/7.0; rv:11.0) like Gecko"
93.83.167.218 - - [04/Mar/2020:16:55:48 +0100] "GET /images/loading.gif HTTP/1.1" 304 - "http://renault.activities.at/result?searchterm=true&search=reh5277" "Mozilla/5.0 (Windows NT 6.3; WOW64; Trident/7.0; rv:11.0) like Gecko"
93.83.167.218 - - [04/Mar/2020:16:55:49 +0100] "GET /images/header_block_corner_left_top.gif HTTP/1.1" 304 - "http://renault.activities.at/result?searchterm=true&search=reh5277" "Mozilla/5.0 (Windows NT 6.3; WOW64; Trident/7.0; rv:11.0) like Gecko"
93.83.167.218 - - [04/Mar/2020:16:55:49 +0100] "GET /images/header_block_corner_right_top.gif HTTP/1.1" 304 - "http://renault.activities.at/result?searchterm=true&search=reh5277" "Mozilla/5.0 (Windows NT 6.3; WOW64; Trident/7.0; rv:11.0) like Gecko"
93.83.167.218 - - [04/Mar/2020:16:55:49 +0100] "GET /images/main_block_border.gif HTTP/1.1" 304 - "http://renault.activities.at/result?searchterm=true&search=reh5277" "Mozilla/5.0 (Windows NT 6.3; WOW64; Trident/7.0; rv:11.0) like Gecko"
93.83.167.218 - - [04/Mar/2020:16:55:49 +0100] "GET /images/search_bg.gif HTTP/1.1" 304 - "http://renault.activities.at/result?searchterm=true&search=reh5277" "Mozilla/5.0 (Windows NT 6.3; WOW64; Trident/7.0; rv:11.0) like Gecko"
93.83.167.218 - - [04/Mar/2020:16:55:49 +0100] "GET /images/main_block_corner_right_top.gif HTTP/1.1" 304 - "http://renault.activities.at/result?searchterm=true&search=reh5277" "Mozilla/5.0 (Windows NT 6.3; WOW64; Trident/7.0; rv:11.0) like Gecko"
93.83.167.218 - - [04/Mar/2020:16:55:49 +0100] "GET /images/main_block_corner_left_top.gif HTTP/1.1" 304 - "http://renault.activities.at/result?searchterm=true&search=reh5277" "Mozilla/5.0 (Windows NT 6.3; WOW64; Trident/7.0; rv:11.0) like Gecko"
93.83.167.218 - - [04/Mar/2020:16:55:49 +0100] "GET /images/main_block_corner_right_bot.gif HTTP/1.1" 304 - "http://renault.activities.at/result?searchterm=true&search=reh5277" "Mozilla/5.0 (Windows NT 6.3; WOW64; Trident/7.0; rv:11.0) like Gecko"
93.83.167.218 - - [04/Mar/2020:16:55:49 +0100] "GET /images/main_block_corner_left_bot.gif HTTP/1.1" 304 - "http://renault.activities.at/result?searchterm=true&search=reh5277" "Mozilla/5.0 (Windows NT 6.3; WOW64; Trident/7.0; rv:11.0) like Gecko"
93.83.167.218 - - [04/Mar/2020:16:55:49 +0100] "GET /images/header_block_border.gif HTTP/1.1" 304 - "http://renault.activities.at/result?searchterm=true&search=reh5277" "Mozilla/5.0 (Windows NT 6.3; WOW64; Trident/7.0; rv:11.0) like Gecko"
