93.83.102.34 - - [04/Mar/2020:11:00:30 +0100] "GET /loadthumbnail.php?id=11195848&width=113 HTTP/1.1" 200 2016 "http://renault.activities.at/result?searchterm=true&search=Vorf%FChrwagenkleber" "Mozilla/5.0 (Windows NT 6.1; Win64; x64) AppleWebKit/537.36 (KHTML, like Gecko) Chrome/80.0.3987.122 Safari/537.36"
93.83.102.34 - - [04/Mar/2020:11:00:30 +0100] "GET /loadthumbnail.php?id=11186498&width=113 HTTP/1.1" 200 2016 "http://renault.activities.at/result?searchterm=true&search=Vorf%FChrwagenkleber" "Mozilla/5.0 (Windows NT 6.1; Win64; x64) AppleWebKit/537.36 (KHTML, like Gecko) Chrome/80.0.3987.122 Safari/537.36"
93.83.102.34 - - [04/Mar/2020:11:00:30 +0100] "GET /loadthumbnail.php?id=11186518&width=113 HTTP/1.1" 200 1516 "http://renault.activities.at/result?searchterm=true&search=Vorf%FChrwagenkleber" "Mozilla/5.0 (Windows NT 6.1; Win64; x64) AppleWebKit/537.36 (KHTML, like Gecko) Chrome/80.0.3987.122 Safari/537.36"
93.83.102.34 - - [04/Mar/2020:11:00:30 +0100] "GET /result?searchterm=true&search=Vorf%FChrwagenkleber HTTP/1.1" 200 8397 "http://renault.activities.at/result?searchterm=true&search=Vorf%FChrwagenkleber" "Mozilla/5.0 (Windows NT 6.1; Win64; x64) AppleWebKit/537.36 (KHTML, like Gecko) Chrome/80.0.3987.122 Safari/537.36"
93.83.102.34 - - [04/Mar/2020:11:00:43 +0100] "POST /axjaxrequest?mode=suggest HTTP/1.1" 200 129 "http://renault.activities.at/result?searchterm=true&search=Vorf%FChrwagenkleber" "Mozilla/5.0 (Windows NT 6.1; Win64; x64) AppleWebKit/537.36 (KHTML, like Gecko) Chrome/80.0.3987.122 Safari/537.36"
93.83.102.34 - - [04/Mar/2020:11:00:44 +0100] "POST /axjaxrequest?mode=suggest HTTP/1.1" 200 21 "http://renault.activities.at/result?searchterm=true&search=Vorf%FChrwagenkleber" "Mozilla/5.0 (Windows NT 6.1; Win64; x64) AppleWebKit/537.36 (KHTML, like Gecko) Chrome/80.0.3987.122 Safari/537.36"
93.83.102.34 - - [04/Mar/2020:11:00:44 +0100] "POST /axjaxrequest?mode=suggest HTTP/1.1" 200 21 "http://renault.activities.at/result?searchterm=true&search=Vorf%FChrwagenkleber" "Mozilla/5.0 (Windows NT 6.1; Win64; x64) AppleWebKit/537.36 (KHTML, like Gecko) Chrome/80.0.3987.122 Safari/537.36"
93.83.102.34 - - [04/Mar/2020:11:00:45 +0100] "POST /axjaxrequest?mode=suggest HTTP/1.1" 200 21 "http://renault.activities.at/result?searchterm=true&search=Vorf%FChrwagenkleber" "Mozilla/5.0 (Windows NT 6.1; Win64; x64) AppleWebKit/537.36 (KHTML, like Gecko) Chrome/80.0.3987.122 Safari/537.36"
93.83.102.34 - - [04/Mar/2020:11:00:46 +0100] "GET /result?searchterm=true&search=Vorf%FChrwagenkleber+Captur HTTP/1.1" 200 7722 "http://renault.activities.at/result?searchterm=true&search=Vorf%FChrwagenkleber" "Mozilla/5.0 (Windows NT 6.1; Win64; x64) AppleWebKit/537.36 (KHTML, like Gecko) Chrome/80.0.3987.122 Safari/537.36"
93.83.102.34 - - [04/Mar/2020:11:00:50 +0100] "GET /loadthumbnail.php?id=11194713&width=113 HTTP/1.1" 200 1171 "http://renault.activities.at/result?searchterm=true&search=Vorf%FChrwagenkleber+Captur" "Mozilla/5.0 (Windows NT 6.1; Win64; x64) AppleWebKit/537.36 (KHTML, like Gecko) Chrome/80.0.3987.122 Safari/537.36"
93.83.102.34 - - [04/Mar/2020:11:00:50 +0100] "GET /loadthumbnail.php?id=11181223&width=113 HTTP/1.1" 200 1171 "http://renault.activities.at/result?searchterm=true&search=Vorf%FChrwagenkleber+Captur" "Mozilla/5.0 (Windows NT 6.1; Win64; x64) AppleWebKit/537.36 (KHTML, like Gecko) Chrome/80.0.3987.122 Safari/537.36"
93.83.102.34 - - [04/Mar/2020:11:00:50 +0100] "GET /loadthumbnail.php?id=11181221&width=113 HTTP/1.1" 200 1171 "http://renault.activities.at/result?searchterm=true&search=Vorf%FChrwagenkleber+Captur" "Mozilla/5.0 (Windows NT 6.1; Win64; x64) AppleWebKit/537.36 (KHTML, like Gecko) Chrome/80.0.3987.122 Safari/537.36"
93.83.102.34 - - [04/Mar/2020:11:00:50 +0100] "GET /loadthumbnail.php?id=11181168&width=113 HTTP/1.1" 200 847 "http://renault.activities.at/result?searchterm=true&search=Vorf%FChrwagenkleber+Captur" "Mozilla/5.0 (Windows NT 6.1; Win64; x64) AppleWebKit/537.36 (KHTML, like Gecko) Chrome/80.0.3987.122 Safari/537.36"
93.83.102.34 - - [04/Mar/2020:11:00:50 +0100] "GET /loadthumbnail.php?id=11181166&width=113 HTTP/1.1" 200 847 "http://renault.activities.at/result?searchterm=true&search=Vorf%FChrwagenkleber+Captur" "Mozilla/5.0 (Windows NT 6.1; Win64; x64) AppleWebKit/537.36 (KHTML, like Gecko) Chrome/80.0.3987.122 Safari/537.36"
93.83.102.34 - - [04/Mar/2020:11:00:50 +0100] "GET /loadthumbnail.php?id=11181172&width=113 HTTP/1.1" 200 1576 "http://renault.activities.at/result?searchterm=true&search=Vorf%FChrwagenkleber+Captur" "Mozilla/5.0 (Windows NT 6.1; Win64; x64) AppleWebKit/537.36 (KHTML, like Gecko) Chrome/80.0.3987.122 Safari/537.36"
93.83.102.34 - - [04/Mar/2020:11:00:50 +0100] "GET /loadthumbnail.php?id=11181170&width=113 HTTP/1.1" 200 1576 "http://renault.activities.at/result?searchterm=true&search=Vorf%FChrwagenkleber+Captur" "Mozilla/5.0 (Windows NT 6.1; Win64; x64) AppleWebKit/537.36 (KHTML, like Gecko) Chrome/80.0.3987.122 Safari/537.36"
185.58.53.32 - - [04/Mar/2020:11:00:52 +0100] "GET /reload?ser=1583316007831 HTTP/1.1" 200 28 "http://renault.activities.at/10201442?dir=DESC&mode=grid&order=name&limit=15&page=12" "Mozilla/5.0 (Windows NT 6.1; WOW64; Trident/7.0; rv:11.0) like Gecko"
138.21.12.22 - - [04/Mar/2020:11:01:04 +0100] "GET /reload?ser=1583316064885 HTTP/1.1" 200 28 "http://renault.2web.at/10201636?dir=DESC&mode=grid&order=name&limit=30" "Mozilla/5.0 (Windows NT 10.0; Win64; x64) AppleWebKit/537.36 (KHTML, like Gecko) Chrome/80.0.3987.122 Safari/537.36"
193.194.132.29 - - [04/Mar/2020:11:01:20 +0100] "GET /reload?ser=1583316080780 HTTP/1.1" 200 28 "http://renault.2web.at/success" "Mozilla/5.0 (Windows NT 10.0; WOW64; Trident/7.0; Touch; rv:11.0) like Gecko"
93.83.102.34 - - [04/Mar/2020:11:01:51 +0100] "GET /reload?ser=1583316108286 HTTP/1.1" 200 28 "http://renault.activities.at/result?searchterm=true&search=Vorf%FChrwagenkleber+Captur" "Mozilla/5.0 (Windows NT 6.1; Win64; x64) AppleWebKit/537.36 (KHTML, like Gecko) Chrome/80.0.3987.122 Safari/537.36"
185.58.53.32 - - [04/Mar/2020:11:01:53 +0100] "GET /reload?ser=1583316068799 HTTP/1.1" 200 28 "http://renault.activities.at/10201442?dir=DESC&mode=grid&order=name&limit=15&page=12" "Mozilla/5.0 (Windows NT 6.1; WOW64; Trident/7.0; rv:11.0) like Gecko"
138.21.12.22 - - [04/Mar/2020:11:02:06 +0100] "GET /reload?ser=1583316126017 HTTP/1.1" 200 28 "http://renault.2web.at/10201636?dir=DESC&mode=grid&order=name&limit=30" "Mozilla/5.0 (Windows NT 10.0; Win64; x64) AppleWebKit/537.36 (KHTML, like Gecko) Chrome/80.0.3987.122 Safari/537.36"
93.83.102.34 - - [04/Mar/2020:11:02:09 +0100] "POST /result?searchterm=true&search=Vorf%FChrwagenkleber+Captur HTTP/1.1" 200 7831 "http://renault.activities.at/result?searchterm=true&search=Vorf%FChrwagenkleber+Captur" "Mozilla/5.0 (Windows NT 6.1; Win64; x64) AppleWebKit/537.36 (KHTML, like Gecko) Chrome/80.0.3987.122 Safari/537.36"
93.83.102.34 - - [04/Mar/2020:11:02:19 +0100] "GET /11136546?print=true HTTP/1.1" 200 3024 "http://renault.activities.at/result?searchterm=true&search=Vorf%FChrwagenkleber+Captur" "Mozilla/5.0 (Windows NT 6.1; Win64; x64) AppleWebKit/537.36 (KHTML, like Gecko) Chrome/80.0.3987.122 Safari/537.36"
93.83.102.34 - - [04/Mar/2020:11:02:22 +0100] "GET /js/tabs.js HTTP/1.1" 200 519 "http://renault.activities.at/11136546?print=true" "Mozilla/5.0 (Windows NT 6.1; Win64; x64) AppleWebKit/537.36 (KHTML, like Gecko) Chrome/80.0.3987.122 Safari/537.36"
93.83.102.34 - - [04/Mar/2020:11:02:22 +0100] "GET /images/tabs_corner_left_bot.gif HTTP/1.1" 200 98 "http://renault.activities.at/css/styles.css" "Mozilla/5.0 (Windows NT 6.1; Win64; x64) AppleWebKit/537.36 (KHTML, like Gecko) Chrome/80.0.3987.122 Safari/537.36"
93.83.102.34 - - [04/Mar/2020:11:02:22 +0100] "GET /images/tabs_corner_right_bot.gif HTTP/1.1" 200 99 "http://renault.activities.at/css/styles.css" "Mozilla/5.0 (Windows NT 6.1; Win64; x64) AppleWebKit/537.36 (KHTML, like Gecko) Chrome/80.0.3987.122 Safari/537.36"
93.83.102.34 - - [04/Mar/2020:11:02:22 +0100] "GET /images/tabs_corner_left_top.gif HTTP/1.1" 200 99 "http://renault.activities.at/css/styles.css" "Mozilla/5.0 (Windows NT 6.1; Win64; x64) AppleWebKit/537.36 (KHTML, like Gecko) Chrome/80.0.3987.122 Safari/537.36"
93.83.102.34 - - [04/Mar/2020:11:02:22 +0100] "GET /images/tabs_corner_right_top.gif HTTP/1.1" 200 98 "http://renault.activities.at/css/styles.css" "Mozilla/5.0 (Windows NT 6.1; Win64; x64) AppleWebKit/537.36 (KHTML, like Gecko) Chrome/80.0.3987.122 Safari/537.36"
93.83.102.34 - - [04/Mar/2020:11:02:22 +0100] "GET /images/tabs_button_corner_left_top_active.gif HTTP/1.1" 200 138 "http://renault.activities.at/css/styles.css" "Mozilla/5.0 (Windows NT 6.1; Win64; x64) AppleWebKit/537.36 (KHTML, like Gecko) Chrome/80.0.3987.122 Safari/537.36"
93.83.102.34 - - [04/Mar/2020:11:02:22 +0100] "GET /images/tabs_button_corner_right_top_active.gif HTTP/1.1" 200 136 "http://renault.activities.at/css/styles.css" "Mozilla/5.0 (Windows NT 6.1; Win64; x64) AppleWebKit/537.36 (KHTML, like Gecko) Chrome/80.0.3987.122 Safari/537.36"
93.83.102.34 - - [04/Mar/2020:11:02:22 +0100] "GET /images/tabs_border.gif HTTP/1.1" 200 43 "http://renault.activities.at/css/styles.css" "Mozilla/5.0 (Windows NT 6.1; Win64; x64) AppleWebKit/537.36 (KHTML, like Gecko) Chrome/80.0.3987.122 Safari/537.36"
93.83.102.34 - - [04/Mar/2020:11:02:22 +0100] "GET /loadthumbnail.php?id=11181170&width=83 HTTP/1.1" 200 1189 "http://renault.activities.at/11136546?print=true" "Mozilla/5.0 (Windows NT 6.1; Win64; x64) AppleWebKit/537.36 (KHTML, like Gecko) Chrome/80.0.3987.122 Safari/537.36"
93.83.102.34 - - [04/Mar/2020:11:02:22 +0100] "GET /loadthumbnail.php?id=11181170&width=250 HTTP/1.1" 200 3615 "http://renault.activities.at/11136546?print=true" "Mozilla/5.0 (Windows NT 6.1; Win64; x64) AppleWebKit/537.36 (KHTML, like Gecko) Chrome/80.0.3987.122 Safari/537.36"
93.83.102.34 - - [04/Mar/2020:11:02:22 +0100] "GET /loadthumbnail.php?id=11181171&width=83 HTTP/1.1" 200 1469 "http://renault.activities.at/11136546?print=true" "Mozilla/5.0 (Windows NT 6.1; Win64; x64) AppleWebKit/537.36 (KHTML, like Gecko) Chrome/80.0.3987.122 Safari/537.36"
93.83.102.34 - - [04/Mar/2020:11:02:22 +0100] "GET /loadthumbnail.php?id=11181170&width=900&height=900 HTTP/1.1" 200 7140 "http://renault.activities.at/11136546?print=true" "Mozilla/5.0 (Windows NT 6.1; Win64; x64) AppleWebKit/537.36 (KHTML, like Gecko) Chrome/80.0.3987.122 Safari/537.36"
93.83.102.34 - - [04/Mar/2020:11:02:22 +0100] "GET /loadthumbnail.php?id=11181171&width=250 HTTP/1.1" 200 6039 "http://renault.activities.at/11136546?print=true" "Mozilla/5.0 (Windows NT 6.1; Win64; x64) AppleWebKit/537.36 (KHTML, like Gecko) Chrome/80.0.3987.122 Safari/537.36"
193.194.132.29 - - [04/Mar/2020:11:02:22 +0100] "GET /reload?ser=1583316141833 HTTP/1.1" 200 28 "http://renault.2web.at/success" "Mozilla/5.0 (Windows NT 10.0; WOW64; Trident/7.0; Touch; rv:11.0) like Gecko"
93.83.102.34 - - [04/Mar/2020:11:02:36 +0100] "GET /loadthumbnail.php?id=11181171&width=900 HTTP/1.1" 200 39265 "http://renault.activities.at/11136546?print=true" "Mozilla/5.0 (Windows NT 6.1; Win64; x64) AppleWebKit/537.36 (KHTML, like Gecko) Chrome/80.0.3987.122 Safari/537.36"
185.58.53.32 - - [04/Mar/2020:11:02:54 +0100] "GET /reload?ser=1583316129748 HTTP/1.1" 200 28 "http://renault.activities.at/10201442?dir=DESC&mode=grid&order=name&limit=15&page=12" "Mozilla/5.0 (Windows NT 6.1; WOW64; Trident/7.0; rv:11.0) like Gecko"
93.83.102.34 - - [04/Mar/2020:11:03:03 +0100] "POST /axjaxrequest?mode=suggest HTTP/1.1" 200 21 "http://renault.activities.at/result?searchterm=true&search=Vorf%FChrwagenkleber+Captur" "Mozilla/5.0 (Windows NT 6.1; Win64; x64) AppleWebKit/537.36 (KHTML, like Gecko) Chrome/80.0.3987.122 Safari/537.36"
93.83.102.34 - - [04/Mar/2020:11:03:04 +0100] "GET /result?searchterm=true&search=Vorf%FChrwagenkleber+der+neue+Captur HTTP/1.1" 200 4672 "http://renault.activities.at/result?searchterm=true&search=Vorf%FChrwagenkleber+Captur" "Mozilla/5.0 (Windows NT 6.1; Win64; x64) AppleWebKit/537.36 (KHTML, like Gecko) Chrome/80.0.3987.122 Safari/537.36"
138.21.12.22 - - [04/Mar/2020:11:03:07 +0100] "GET /reload?ser=1583316187065 HTTP/1.1" 200 28 "http://renault.2web.at/10201636?dir=DESC&mode=grid&order=name&limit=30" "Mozilla/5.0 (Windows NT 10.0; Win64; x64) AppleWebKit/537.36 (KHTML, like Gecko) Chrome/80.0.3987.122 Safari/537.36"
93.83.102.34 - - [04/Mar/2020:11:03:18 +0100] "GET /result?searchterm=true&search=Vorf%FChrwagenkleber+ HTTP/1.1" 200 8397 "http://renault.activities.at/result?searchterm=true&search=Vorf%FChrwagenkleber+der+neue+Captur" "Mozilla/5.0 (Windows NT 6.1; Win64; x64) AppleWebKit/537.36 (KHTML, like Gecko) Chrome/80.0.3987.122 Safari/537.36"
193.194.132.29 - - [04/Mar/2020:11:03:23 +0100] "GET /reload?ser=1583316202911 HTTP/1.1" 200 28 "http://renault.2web.at/success" "Mozilla/5.0 (Windows NT 10.0; WOW64; Trident/7.0; Touch; rv:11.0) like Gecko"
93.83.102.34 - - [04/Mar/2020:11:03:28 +0100] "GET /11186424?print=true HTTP/1.1" 200 2772 "http://renault.activities.at/result?searchterm=true&search=Vorf%FChrwagenkleber+" "Mozilla/5.0 (Windows NT 6.1; Win64; x64) AppleWebKit/537.36 (KHTML, like Gecko) Chrome/80.0.3987.122 Safari/537.36"
93.83.102.34 - - [04/Mar/2020:11:03:31 +0100] "GET /loadthumbnail.php?id=11186518&width=83 HTTP/1.1" 200 1180 "http://renault.activities.at/11186424?print=true" "Mozilla/5.0 (Windows NT 6.1; Win64; x64) AppleWebKit/537.36 (KHTML, like Gecko) Chrome/80.0.3987.122 Safari/537.36"
93.83.102.34 - - [04/Mar/2020:11:03:31 +0100] "GET /loadthumbnail.php?id=11186518&width=250 HTTP/1.1" 200 3585 "http://renault.activities.at/11186424?print=true" "Mozilla/5.0 (Windows NT 6.1; Win64; x64) AppleWebKit/537.36 (KHTML, like Gecko) Chrome/80.0.3987.122 Safari/537.36"
93.83.102.34 - - [04/Mar/2020:11:03:31 +0100] "GET /loadthumbnail.php?id=11186518&width=900&height=900 HTTP/1.1" 200 8241 "http://renault.activities.at/11186424?print=true" "Mozilla/5.0 (Windows NT 6.1; Win64; x64) AppleWebKit/537.36 (KHTML, like Gecko) Chrome/80.0.3987.122 Safari/537.36"
93.83.102.34 - - [04/Mar/2020:11:03:31 +0100] "GET /loadthumbnail.php?id=11186523&width=83 HTTP/1.1" 200 1846 "http://renault.activities.at/11186424?print=true" "Mozilla/5.0 (Windows NT 6.1; Win64; x64) AppleWebKit/537.36 (KHTML, like Gecko) Chrome/80.0.3987.122 Safari/537.36"
93.83.102.34 - - [04/Mar/2020:11:03:31 +0100] "GET /loadthumbnail.php?id=11186522&width=83 HTTP/1.1" 200 2144 "http://renault.activities.at/11186424?print=true" "Mozilla/5.0 (Windows NT 6.1; Win64; x64) AppleWebKit/537.36 (KHTML, like Gecko) Chrome/80.0.3987.122 Safari/537.36"
93.83.102.34 - - [04/Mar/2020:11:03:31 +0100] "GET /loadthumbnail.php?id=11186523&width=250 HTTP/1.1" 200 7834 "http://renault.activities.at/11186424?print=true" "Mozilla/5.0 (Windows NT 6.1; Win64; x64) AppleWebKit/537.36 (KHTML, like Gecko) Chrome/80.0.3987.122 Safari/537.36"
93.83.102.34 - - [04/Mar/2020:11:03:31 +0100] "GET /loadthumbnail.php?id=11186522&width=250 HTTP/1.1" 200 9176 "http://renault.activities.at/11186424?print=true" "Mozilla/5.0 (Windows NT 6.1; Win64; x64) AppleWebKit/537.36 (KHTML, like Gecko) Chrome/80.0.3987.122 Safari/537.36"
93.83.102.34 - - [04/Mar/2020:11:03:39 +0100] "GET /result?dir=DESC&mode=grid&order=name&limit=15&page=2&search=Vorf%C3%BChrwagenkleber HTTP/1.1" 200 8485 "http://renault.activities.at/result?searchterm=true&search=Vorf%FChrwagenkleber+" "Mozilla/5.0 (Windows NT 6.1; Win64; x64) AppleWebKit/537.36 (KHTML, like Gecko) Chrome/80.0.3987.122 Safari/537.36"
93.83.102.34 - - [04/Mar/2020:11:03:42 +0100] "GET /loadthumbnail.php?id=10203275 HTTP/1.1" 200 85 "http://renault.activities.at/result?dir=DESC&mode=grid&order=name&limit=15&page=2&search=Vorf%C3%BChrwagenkleber" "Mozilla/5.0 (Windows NT 6.1; Win64; x64) AppleWebKit/537.36 (KHTML, like Gecko) Chrome/80.0.3987.122 Safari/537.36"
93.83.102.34 - - [04/Mar/2020:11:03:42 +0100] "GET /loadthumbnail.php?id=11186505&width=113 HTTP/1.1" 200 1516 "http://renault.activities.at/result?dir=DESC&mode=grid&order=name&limit=15&page=2&search=Vorf%C3%BChrwagenkleber" "Mozilla/5.0 (Windows NT 6.1; Win64; x64) AppleWebKit/537.36 (KHTML, like Gecko) Chrome/80.0.3987.122 Safari/537.36"
93.83.102.34 - - [04/Mar/2020:11:03:42 +0100] "GET /loadthumbnail.php?id=11137061&width=113 HTTP/1.1" 200 2095 "http://renault.activities.at/result?dir=DESC&mode=grid&order=name&limit=15&page=2&search=Vorf%C3%BChrwagenkleber" "Mozilla/5.0 (Windows NT 6.1; Win64; x64) AppleWebKit/537.36 (KHTML, like Gecko) Chrome/80.0.3987.122 Safari/537.36"
93.83.102.34 - - [04/Mar/2020:11:03:42 +0100] "GET /loadthumbnail.php?id=11183285&width=113 HTTP/1.1" 200 1898 "http://renault.activities.at/result?dir=DESC&mode=grid&order=name&limit=15&page=2&search=Vorf%C3%BChrwagenkleber" "Mozilla/5.0 (Windows NT 6.1; Win64; x64) AppleWebKit/537.36 (KHTML, like Gecko) Chrome/80.0.3987.122 Safari/537.36"
93.83.102.34 - - [04/Mar/2020:11:03:42 +0100] "GET /loadthumbnail.php?id=11339764&width=113 HTTP/1.1" 200 2128 "http://renault.activities.at/result?dir=DESC&mode=grid&order=name&limit=15&page=2&search=Vorf%C3%BChrwagenkleber" "Mozilla/5.0 (Windows NT 6.1; Win64; x64) AppleWebKit/537.36 (KHTML, like Gecko) Chrome/80.0.3987.122 Safari/537.36"
93.83.102.34 - - [04/Mar/2020:11:03:42 +0100] "GET /loadthumbnail.php?id=11339768&width=113 HTTP/1.1" 200 2128 "http://renault.activities.at/result?dir=DESC&mode=grid&order=name&limit=15&page=2&search=Vorf%C3%BChrwagenkleber" "Mozilla/5.0 (Windows NT 6.1; Win64; x64) AppleWebKit/537.36 (KHTML, like Gecko) Chrome/80.0.3987.122 Safari/537.36"
93.83.102.34 - - [04/Mar/2020:11:03:42 +0100] "GET /loadthumbnail.php?id=11181207&width=113 HTTP/1.1" 200 1279 "http://renault.activities.at/result?dir=DESC&mode=grid&order=name&limit=15&page=2&search=Vorf%C3%BChrwagenkleber" "Mozilla/5.0 (Windows NT 6.1; Win64; x64) AppleWebKit/537.36 (KHTML, like Gecko) Chrome/80.0.3987.122 Safari/537.36"
93.83.102.34 - - [04/Mar/2020:11:03:42 +0100] "GET /loadthumbnail.php?id=11195908&width=113 HTTP/1.1" 200 1279 "http://renault.activities.at/result?dir=DESC&mode=grid&order=name&limit=15&page=2&search=Vorf%C3%BChrwagenkleber" "Mozilla/5.0 (Windows NT 6.1; Win64; x64) AppleWebKit/537.36 (KHTML, like Gecko) Chrome/80.0.3987.122 Safari/537.36"
93.83.102.34 - - [04/Mar/2020:11:03:42 +0100] "GET /loadthumbnail.php?id=11181201&width=113 HTTP/1.1" 200 1279 "http://renault.activities.at/result?dir=DESC&mode=grid&order=name&limit=15&page=2&search=Vorf%C3%BChrwagenkleber" "Mozilla/5.0 (Windows NT 6.1; Win64; x64) AppleWebKit/537.36 (KHTML, like Gecko) Chrome/80.0.3987.122 Safari/537.36"
93.83.102.34 - - [04/Mar/2020:11:03:42 +0100] "GET /loadthumbnail.php?id=11194725&width=113 HTTP/1.1" 200 1322 "http://renault.activities.at/result?dir=DESC&mode=grid&order=name&limit=15&page=2&search=Vorf%C3%BChrwagenkleber" "Mozilla/5.0 (Windows NT 6.1; Win64; x64) AppleWebKit/537.36 (KHTML, like Gecko) Chrome/80.0.3987.122 Safari/537.36"
93.83.102.34 - - [04/Mar/2020:11:03:42 +0100] "GET /loadthumbnail.php?id=11181227&width=113 HTTP/1.1" 200 1322 "http://renault.activities.at/result?dir=DESC&mode=grid&order=name&limit=15&page=2&search=Vorf%C3%BChrwagenkleber" "Mozilla/5.0 (Windows NT 6.1; Win64; x64) AppleWebKit/537.36 (KHTML, like Gecko) Chrome/80.0.3987.122 Safari/537.36"
93.83.102.34 - - [04/Mar/2020:11:03:42 +0100] "GET /loadthumbnail.php?id=11181225&width=113 HTTP/1.1" 200 1322 "http://renault.activities.at/result?dir=DESC&mode=grid&order=name&limit=15&page=2&search=Vorf%C3%BChrwagenkleber" "Mozilla/5.0 (Windows NT 6.1; Win64; x64) AppleWebKit/537.36 (KHTML, like Gecko) Chrome/80.0.3987.122 Safari/537.36"
93.83.102.34 - - [04/Mar/2020:11:03:42 +0100] "GET /loadthumbnail.php?id=11308367&width=113 HTTP/1.1" 200 1939 "http://renault.activities.at/result?dir=DESC&mode=grid&order=name&limit=15&page=2&search=Vorf%C3%BChrwagenkleber" "Mozilla/5.0 (Windows NT 6.1; Win64; x64) AppleWebKit/537.36 (KHTML, like Gecko) Chrome/80.0.3987.122 Safari/537.36"
93.83.102.34 - - [04/Mar/2020:11:03:42 +0100] "GET /loadthumbnail.php?id=11308371&width=113 HTTP/1.1" 200 1939 "http://renault.activities.at/result?dir=DESC&mode=grid&order=name&limit=15&page=2&search=Vorf%C3%BChrwagenkleber" "Mozilla/5.0 (Windows NT 6.1; Win64; x64) AppleWebKit/537.36 (KHTML, like Gecko) Chrome/80.0.3987.122 Safari/537.36"
185.58.53.32 - - [04/Mar/2020:11:03:54 +0100] "GET /reload?ser=1583316190701 HTTP/1.1" 200 28 "http://renault.activities.at/10201442?dir=DESC&mode=grid&order=name&limit=15&page=12" "Mozilla/5.0 (Windows NT 6.1; WOW64; Trident/7.0; rv:11.0) like Gecko"
93.83.102.34 - - [04/Mar/2020:11:03:56 +0100] "GET /result?dir=DESC&mode=grid&order=name&limit=15&page=3&search=Vorf%C3%BChrwagenkleber HTTP/1.1" 200 8476 "http://renault.activities.at/result?dir=DESC&mode=grid&order=name&limit=15&page=2&search=Vorf%C3%BChrwagenkleber" "Mozilla/5.0 (Windows NT 6.1; Win64; x64) AppleWebKit/537.36 (KHTML, like Gecko) Chrome/80.0.3987.122 Safari/537.36"
93.83.102.34 - - [04/Mar/2020:11:03:59 +0100] "GET /loadthumbnail.php?id=11181199&width=113 HTTP/1.1" 200 1829 "http://renault.activities.at/result?dir=DESC&mode=grid&order=name&limit=15&page=3&search=Vorf%C3%BChrwagenkleber" "Mozilla/5.0 (Windows NT 6.1; Win64; x64) AppleWebKit/537.36 (KHTML, like Gecko) Chrome/80.0.3987.122 Safari/537.36"
93.83.102.34 - - [04/Mar/2020:11:03:59 +0100] "GET /loadthumbnail.php?id=11194700&width=113 HTTP/1.1" 200 1829 "http://renault.activities.at/result?dir=DESC&mode=grid&order=name&limit=15&page=3&search=Vorf%C3%BChrwagenkleber" "Mozilla/5.0 (Windows NT 6.1; Win64; x64) AppleWebKit/537.36 (KHTML, like Gecko) Chrome/80.0.3987.122 Safari/537.36"
93.83.102.34 - - [04/Mar/2020:11:03:59 +0100] "GET /loadthumbnail.php?id=11181197&width=113 HTTP/1.1" 200 1829 "http://renault.activities.at/result?dir=DESC&mode=grid&order=name&limit=15&page=3&search=Vorf%C3%BChrwagenkleber" "Mozilla/5.0 (Windows NT 6.1; Win64; x64) AppleWebKit/537.36 (KHTML, like Gecko) Chrome/80.0.3987.122 Safari/537.36"
93.83.102.34 - - [04/Mar/2020:11:03:59 +0100] "GET /loadthumbnail.php?id=11186469&width=113 HTTP/1.1" 200 1278 "http://renault.activities.at/result?dir=DESC&mode=grid&order=name&limit=15&page=3&search=Vorf%C3%BChrwagenkleber" "Mozilla/5.0 (Windows NT 6.1; Win64; x64) AppleWebKit/537.36 (KHTML, like Gecko) Chrome/80.0.3987.122 Safari/537.36"
93.83.102.34 - - [04/Mar/2020:11:03:59 +0100] "GET /loadthumbnail.php?id=11194717&width=113 HTTP/1.1" 200 1278 "http://renault.activities.at/result?dir=DESC&mode=grid&order=name&limit=15&page=3&search=Vorf%C3%BChrwagenkleber" "Mozilla/5.0 (Windows NT 6.1; Win64; x64) AppleWebKit/537.36 (KHTML, like Gecko) Chrome/80.0.3987.122 Safari/537.36"
93.83.102.34 - - [04/Mar/2020:11:03:59 +0100] "GET /loadthumbnail.php?id=11186457&width=113 HTTP/1.1" 200 1278 "http://renault.activities.at/result?dir=DESC&mode=grid&order=name&limit=15&page=3&search=Vorf%C3%BChrwagenkleber" "Mozilla/5.0 (Windows NT 6.1; Win64; x64) AppleWebKit/537.36 (KHTML, like Gecko) Chrome/80.0.3987.122 Safari/537.36"
93.83.102.34 - - [04/Mar/2020:11:03:59 +0100] "GET /loadthumbnail.php?id=11195851&width=113 HTTP/1.1" 200 1156 "http://renault.activities.at/result?dir=DESC&mode=grid&order=name&limit=15&page=3&search=Vorf%C3%BChrwagenkleber" "Mozilla/5.0 (Windows NT 6.1; Win64; x64) AppleWebKit/537.36 (KHTML, like Gecko) Chrome/80.0.3987.122 Safari/537.36"
93.83.102.34 - - [04/Mar/2020:11:03:59 +0100] "GET /loadthumbnail.php?id=11181235&width=113 HTTP/1.1" 200 1156 "http://renault.activities.at/result?dir=DESC&mode=grid&order=name&limit=15&page=3&search=Vorf%C3%BChrwagenkleber" "Mozilla/5.0 (Windows NT 6.1; Win64; x64) AppleWebKit/537.36 (KHTML, like Gecko) Chrome/80.0.3987.122 Safari/537.36"
93.83.102.34 - - [04/Mar/2020:11:03:59 +0100] "GET /loadthumbnail.php?id=11181237&width=113 HTTP/1.1" 200 1156 "http://renault.activities.at/result?dir=DESC&mode=grid&order=name&limit=15&page=3&search=Vorf%C3%BChrwagenkleber" "Mozilla/5.0 (Windows NT 6.1; Win64; x64) AppleWebKit/537.36 (KHTML, like Gecko) Chrome/80.0.3987.122 Safari/537.36"
93.83.102.34 - - [04/Mar/2020:11:03:59 +0100] "GET /loadthumbnail.php?id=11186495&width=113 HTTP/1.1" 200 1974 "http://renault.activities.at/result?dir=DESC&mode=grid&order=name&limit=15&page=3&search=Vorf%C3%BChrwagenkleber" "Mozilla/5.0 (Windows NT 6.1; Win64; x64) AppleWebKit/537.36 (KHTML, like Gecko) Chrome/80.0.3987.122 Safari/537.36"
93.83.102.34 - - [04/Mar/2020:11:03:59 +0100] "GET /loadthumbnail.php?id=11186483&width=113 HTTP/1.1" 200 1974 "http://renault.activities.at/result?dir=DESC&mode=grid&order=name&limit=15&page=3&search=Vorf%C3%BChrwagenkleber" "Mozilla/5.0 (Windows NT 6.1; Win64; x64) AppleWebKit/537.36 (KHTML, like Gecko) Chrome/80.0.3987.122 Safari/537.36"
93.83.102.34 - - [04/Mar/2020:11:03:59 +0100] "GET /loadthumbnail.php?id=11181233&width=113 HTTP/1.1" 200 1353 "http://renault.activities.at/result?dir=DESC&mode=grid&order=name&limit=15&page=3&search=Vorf%C3%BChrwagenkleber" "Mozilla/5.0 (Windows NT 6.1; Win64; x64) AppleWebKit/537.36 (KHTML, like Gecko) Chrome/80.0.3987.122 Safari/537.36"
93.83.102.34 - - [04/Mar/2020:11:03:59 +0100] "GET /loadthumbnail.php?id=11194732&width=113 HTTP/1.1" 200 1353 "http://renault.activities.at/result?dir=DESC&mode=grid&order=name&limit=15&page=3&search=Vorf%C3%BChrwagenkleber" "Mozilla/5.0 (Windows NT 6.1; Win64; x64) AppleWebKit/537.36 (KHTML, like Gecko) Chrome/80.0.3987.122 Safari/537.36"
93.83.102.34 - - [04/Mar/2020:11:03:59 +0100] "GET /loadthumbnail.php?id=11181230&width=113 HTTP/1.1" 200 1353 "http://renault.activities.at/result?dir=DESC&mode=grid&order=name&limit=15&page=3&search=Vorf%C3%BChrwagenkleber" "Mozilla/5.0 (Windows NT 6.1; Win64; x64) AppleWebKit/537.36 (KHTML, like Gecko) Chrome/80.0.3987.122 Safari/537.36"
138.21.12.22 - - [04/Mar/2020:11:04:08 +0100] "GET /reload?ser=1583316248412 HTTP/1.1" 200 28 "http://renault.2web.at/10201636?dir=DESC&mode=grid&order=name&limit=30" "Mozilla/5.0 (Windows NT 10.0; Win64; x64) AppleWebKit/537.36 (KHTML, like Gecko) Chrome/80.0.3987.122 Safari/537.36"
93.83.102.34 - - [04/Mar/2020:11:04:14 +0100] "GET /result?dir=DESC&mode=grid&order=name&limit=15&page=4&search=Vorf%C3%BChrwagenkleber HTTP/1.1" 200 8460 "http://renault.activities.at/result?dir=DESC&mode=grid&order=name&limit=15&page=3&search=Vorf%C3%BChrwagenkleber" "Mozilla/5.0 (Windows NT 6.1; Win64; x64) AppleWebKit/537.36 (KHTML, like Gecko) Chrome/80.0.3987.122 Safari/537.36"
93.83.102.34 - - [04/Mar/2020:11:04:17 +0100] "GET /loadthumbnail.php?id=12094699&width=113 HTTP/1.1" 200 1921 "http://renault.activities.at/result?dir=DESC&mode=grid&order=name&limit=15&page=4&search=Vorf%C3%BChrwagenkleber" "Mozilla/5.0 (Windows NT 6.1; Win64; x64) AppleWebKit/537.36 (KHTML, like Gecko) Chrome/80.0.3987.122 Safari/537.36"
93.83.102.34 - - [04/Mar/2020:11:04:17 +0100] "GET /loadthumbnail.php?id=12094698&width=113 HTTP/1.1" 200 1921 "http://renault.activities.at/result?dir=DESC&mode=grid&order=name&limit=15&page=4&search=Vorf%C3%BChrwagenkleber" "Mozilla/5.0 (Windows NT 6.1; Win64; x64) AppleWebKit/537.36 (KHTML, like Gecko) Chrome/80.0.3987.122 Safari/537.36"
93.83.102.34 - - [04/Mar/2020:11:04:17 +0100] "GET /loadthumbnail.php?id=11181213&width=113 HTTP/1.1" 200 2121 "http://renault.activities.at/result?dir=DESC&mode=grid&order=name&limit=15&page=4&search=Vorf%C3%BChrwagenkleber" "Mozilla/5.0 (Windows NT 6.1; Win64; x64) AppleWebKit/537.36 (KHTML, like Gecko) Chrome/80.0.3987.122 Safari/537.36"
93.83.102.34 - - [04/Mar/2020:11:04:17 +0100] "GET /loadthumbnail.php?id=11181219&width=113 HTTP/1.1" 200 2121 "http://renault.activities.at/result?dir=DESC&mode=grid&order=name&limit=15&page=4&search=Vorf%C3%BChrwagenkleber" "Mozilla/5.0 (Windows NT 6.1; Win64; x64) AppleWebKit/537.36 (KHTML, like Gecko) Chrome/80.0.3987.122 Safari/537.36"
93.83.102.34 - - [04/Mar/2020:11:04:17 +0100] "GET /loadthumbnail.php?id=11555218&width=113 HTTP/1.1" 200 2237 "http://renault.activities.at/result?dir=DESC&mode=grid&order=name&limit=15&page=4&search=Vorf%C3%BChrwagenkleber" "Mozilla/5.0 (Windows NT 6.1; Win64; x64) AppleWebKit/537.36 (KHTML, like Gecko) Chrome/80.0.3987.122 Safari/537.36"
93.83.102.34 - - [04/Mar/2020:11:04:17 +0100] "GET /loadthumbnail.php?id=11555219&width=113 HTTP/1.1" 200 2237 "http://renault.activities.at/result?dir=DESC&mode=grid&order=name&limit=15&page=4&search=Vorf%C3%BChrwagenkleber" "Mozilla/5.0 (Windows NT 6.1; Win64; x64) AppleWebKit/537.36 (KHTML, like Gecko) Chrome/80.0.3987.122 Safari/537.36"
193.194.132.29 - - [04/Mar/2020:11:04:24 +0100] "GET /reload?ser=1583316263948 HTTP/1.1" 200 28 "http://renault.2web.at/success" "Mozilla/5.0 (Windows NT 10.0; WOW64; Trident/7.0; Touch; rv:11.0) like Gecko"
93.83.102.34 - - [04/Mar/2020:11:04:40 +0100] "GET /11136747?print=true HTTP/1.1" 200 3035 "http://renault.activities.at/result?dir=DESC&mode=grid&order=name&limit=15&page=4&search=Vorf%C3%BChrwagenkleber" "Mozilla/5.0 (Windows NT 6.1; Win64; x64) AppleWebKit/537.36 (KHTML, like Gecko) Chrome/80.0.3987.122 Safari/537.36"
93.83.102.34 - - [04/Mar/2020:11:04:43 +0100] "GET /loadthumbnail.php?id=11181221&width=83 HTTP/1.1" 200 926 "http://renault.activities.at/11136747?print=true" "Mozilla/5.0 (Windows NT 6.1; Win64; x64) AppleWebKit/537.36 (KHTML, like Gecko) Chrome/80.0.3987.122 Safari/537.36"
93.83.102.34 - - [04/Mar/2020:11:04:43 +0100] "GET /loadthumbnail.php?id=11181221&width=250 HTTP/1.1" 200 2675 "http://renault.activities.at/11136747?print=true" "Mozilla/5.0 (Windows NT 6.1; Win64; x64) AppleWebKit/537.36 (KHTML, like Gecko) Chrome/80.0.3987.122 Safari/537.36"
93.83.102.34 - - [04/Mar/2020:11:04:43 +0100] "GET /loadthumbnail.php?id=11181222&width=83 HTTP/1.1" 200 1669 "http://renault.activities.at/11136747?print=true" "Mozilla/5.0 (Windows NT 6.1; Win64; x64) AppleWebKit/537.36 (KHTML, like Gecko) Chrome/80.0.3987.122 Safari/537.36"
93.83.102.34 - - [04/Mar/2020:11:04:43 +0100] "GET /loadthumbnail.php?id=11181221&width=900&height=900 HTTP/1.1" 200 10735 "http://renault.activities.at/11136747?print=true" "Mozilla/5.0 (Windows NT 6.1; Win64; x64) AppleWebKit/537.36 (KHTML, like Gecko) Chrome/80.0.3987.122 Safari/537.36"
93.83.102.34 - - [04/Mar/2020:11:04:43 +0100] "GET /loadthumbnail.php?id=11181222&width=250 HTTP/1.1" 200 7102 "http://renault.activities.at/11136747?print=true" "Mozilla/5.0 (Windows NT 6.1; Win64; x64) AppleWebKit/537.36 (KHTML, like Gecko) Chrome/80.0.3987.122 Safari/537.36"
93.83.102.34 - - [04/Mar/2020:11:04:45 +0100] "GET /loadthumbnail.php?id=11181222&width=900 HTTP/1.1" 200 48424 "http://renault.activities.at/11136747?print=true" "Mozilla/5.0 (Windows NT 6.1; Win64; x64) AppleWebKit/537.36 (KHTML, like Gecko) Chrome/80.0.3987.122 Safari/537.36"
185.58.53.32 - - [04/Mar/2020:11:04:55 +0100] "GET /reload?ser=1583316251631 HTTP/1.1" 200 28 "http://renault.activities.at/10201442?dir=DESC&mode=grid&order=name&limit=15&page=12" "Mozilla/5.0 (Windows NT 6.1; WOW64; Trident/7.0; rv:11.0) like Gecko"
138.21.12.22 - - [04/Mar/2020:11:05:09 +0100] "GET /reload?ser=1583316309494 HTTP/1.1" 200 28 "http://renault.2web.at/10201636?dir=DESC&mode=grid&order=name&limit=30" "Mozilla/5.0 (Windows NT 10.0; Win64; x64) AppleWebKit/537.36 (KHTML, like Gecko) Chrome/80.0.3987.122 Safari/537.36"
93.83.102.34 - - [04/Mar/2020:11:05:12 +0100] "POST /result?dir=DESC&mode=grid&order=name&limit=15&page=4&search=Vorf%C3%BChrwagenkleber HTTP/1.1" 200 8571 "http://renault.activities.at/result?dir=DESC&mode=grid&order=name&limit=15&page=4&search=Vorf%C3%BChrwagenkleber" "Mozilla/5.0 (Windows NT 6.1; Win64; x64) AppleWebKit/537.36 (KHTML, like Gecko) Chrome/80.0.3987.122 Safari/537.36"
193.194.132.29 - - [04/Mar/2020:11:05:25 +0100] "GET /reload?ser=1583316324981 HTTP/1.1" 200 28 "http://renault.2web.at/success" "Mozilla/5.0 (Windows NT 10.0; WOW64; Trident/7.0; Touch; rv:11.0) like Gecko"
93.83.102.34 - - [04/Mar/2020:11:05:31 +0100] "GET /checkout HTTP/1.1" 200 10242 "http://renault.activities.at/result?dir=DESC&mode=grid&order=name&limit=15&page=4&search=Vorf%C3%BChrwagenkleber" "Mozilla/5.0 (Windows NT 6.1; Win64; x64) AppleWebKit/537.36 (KHTML, like Gecko) Chrome/80.0.3987.122 Safari/537.36"
93.83.102.34 - - [04/Mar/2020:11:05:36 +0100] "GET /js/checkout2.js HTTP/1.1" 200 4122 "http://renault.activities.at/checkout" "Mozilla/5.0 (Windows NT 6.1; Win64; x64) AppleWebKit/537.36 (KHTML, like Gecko) Chrome/80.0.3987.122 Safari/537.36"
93.83.102.34 - - [04/Mar/2020:11:05:36 +0100] "GET /images/ajax_loading.gif HTTP/1.1" 200 1542 "http://renault.activities.at/checkout" "Mozilla/5.0 (Windows NT 6.1; Win64; x64) AppleWebKit/537.36 (KHTML, like Gecko) Chrome/80.0.3987.122 Safari/537.36"
93.83.102.34 - - [04/Mar/2020:11:05:36 +0100] "GET /images/step_bg.jpg HTTP/1.1" 200 319 "http://renault.activities.at/css/styles.css" "Mozilla/5.0 (Windows NT 6.1; Win64; x64) AppleWebKit/537.36 (KHTML, like Gecko) Chrome/80.0.3987.122 Safari/537.36"
93.83.102.34 - - [04/Mar/2020:11:05:36 +0100] "GET /images/step_marker.gif HTTP/1.1" 200 650 "http://renault.activities.at/css/styles.css" "Mozilla/5.0 (Windows NT 6.1; Win64; x64) AppleWebKit/537.36 (KHTML, like Gecko) Chrome/80.0.3987.122 Safari/537.36"
93.83.102.34 - - [04/Mar/2020:11:05:36 +0100] "GET /images/checkout_border_top.gif HTTP/1.1" 200 156 "http://renault.activities.at/css/styles.css" "Mozilla/5.0 (Windows NT 6.1; Win64; x64) AppleWebKit/537.36 (KHTML, like Gecko) Chrome/80.0.3987.122 Safari/537.36"
93.83.102.34 - - [04/Mar/2020:11:05:36 +0100] "GET /images/checkout_border.gif HTTP/1.1" 200 43 "http://renault.activities.at/css/styles.css" "Mozilla/5.0 (Windows NT 6.1; Win64; x64) AppleWebKit/537.36 (KHTML, like Gecko) Chrome/80.0.3987.122 Safari/537.36"
93.83.102.34 - - [04/Mar/2020:11:05:36 +0100] "GET /loadthumbnail.php?id=10202698 HTTP/1.1" 200 16686 "http://renault.activities.at/checkout" "Mozilla/5.0 (Windows NT 6.1; Win64; x64) AppleWebKit/537.36 (KHTML, like Gecko) Chrome/80.0.3987.122 Safari/537.36"
93.83.102.34 - - [04/Mar/2020:11:05:36 +0100] "GET /loadthumbnail.php?id=10201939 HTTP/1.1" 200 201 "http://renault.activities.at/checkout" "Mozilla/5.0 (Windows NT 6.1; Win64; x64) AppleWebKit/537.36 (KHTML, like Gecko) Chrome/80.0.3987.122 Safari/537.36"
185.58.53.32 - - [04/Mar/2020:11:05:56 +0100] "GET /reload?ser=1583316312588 HTTP/1.1" 200 28 "http://renault.activities.at/10201442?dir=DESC&mode=grid&order=name&limit=15&page=12" "Mozilla/5.0 (Windows NT 6.1; WOW64; Trident/7.0; rv:11.0) like Gecko"
93.83.102.34 - - [04/Mar/2020:11:06:05 +0100] "POST /docheckout HTTP/1.1" 200 433 "http://renault.activities.at/checkout" "Mozilla/5.0 (Windows NT 6.1; Win64; x64) AppleWebKit/537.36 (KHTML, like Gecko) Chrome/80.0.3987.122 Safari/537.36"
93.83.102.34 - - [04/Mar/2020:11:06:08 +0100] "POST /docheckout HTTP/1.1" 200 820 "http://renault.activities.at/checkout" "Mozilla/5.0 (Windows NT 6.1; Win64; x64) AppleWebKit/537.36 (KHTML, like Gecko) Chrome/80.0.3987.122 Safari/537.36"
93.83.102.34 - - [04/Mar/2020:11:06:10 +0100] "GET /images/error_msg_icon.gif HTTP/1.1" 200 1013 "http://renault.activities.at/checkout" "Mozilla/5.0 (Windows NT 6.1; Win64; x64) AppleWebKit/537.36 (KHTML, like Gecko) Chrome/80.0.3987.122 Safari/537.36"
138.21.12.22 - - [04/Mar/2020:11:06:10 +0100] "GET /reload?ser=1583316370561 HTTP/1.1" 200 28 "http://renault.2web.at/10201636?dir=DESC&mode=grid&order=name&limit=30" "Mozilla/5.0 (Windows NT 10.0; Win64; x64) AppleWebKit/537.36 (KHTML, like Gecko) Chrome/80.0.3987.122 Safari/537.36"
193.194.132.29 - - [04/Mar/2020:11:06:26 +0100] "GET /reload?ser=1583316386015 HTTP/1.1" 200 28 "http://renault.2web.at/success" "Mozilla/5.0 (Windows NT 10.0; WOW64; Trident/7.0; Touch; rv:11.0) like Gecko"
93.83.102.34 - - [04/Mar/2020:11:06:28 +0100] "POST /docheckout HTTP/1.1" 200 68 "http://renault.activities.at/checkout" "Mozilla/5.0 (Windows NT 6.1; Win64; x64) AppleWebKit/537.36 (KHTML, like Gecko) Chrome/80.0.3987.122 Safari/537.36"
93.83.102.34 - - [04/Mar/2020:11:06:31 +0100] "GET /success HTTP/1.1" 200 3782 "http://renault.activities.at/checkout" "Mozilla/5.0 (Windows NT 6.1; Win64; x64) AppleWebKit/537.36 (KHTML, like Gecko) Chrome/80.0.3987.122 Safari/537.36"
185.58.53.32 - - [04/Mar/2020:11:06:57 +0100] "GET /reload?ser=1583316373512 HTTP/1.1" 200 28 "http://renault.activities.at/10201442?dir=DESC&mode=grid&order=name&limit=15&page=12" "Mozilla/5.0 (Windows NT 6.1; WOW64; Trident/7.0; rv:11.0) like Gecko"
138.21.12.22 - - [04/Mar/2020:11:07:11 +0100] "GET /reload?ser=1583316431606 HTTP/1.1" 200 28 "http://renault.2web.at/10201636?dir=DESC&mode=grid&order=name&limit=30" "Mozilla/5.0 (Windows NT 10.0; Win64; x64) AppleWebKit/537.36 (KHTML, like Gecko) Chrome/80.0.3987.122 Safari/537.36"
193.194.132.29 - - [04/Mar/2020:11:07:27 +0100] "GET /reload?ser=1583316447043 HTTP/1.1" 200 28 "http://renault.2web.at/success" "Mozilla/5.0 (Windows NT 10.0; WOW64; Trident/7.0; Touch; rv:11.0) like Gecko"
185.58.53.32 - - [04/Mar/2020:11:07:58 +0100] "GET /reload?ser=1583316434457 HTTP/1.1" 200 28 "http://renault.activities.at/10201442?dir=DESC&mode=grid&order=name&limit=15&page=12" "Mozilla/5.0 (Windows NT 6.1; WOW64; Trident/7.0; rv:11.0) like Gecko"
138.21.12.22 - - [04/Mar/2020:11:08:12 +0100] "GET /reload?ser=1583316492811 HTTP/1.1" 200 28 "http://renault.2web.at/10201636?dir=DESC&mode=grid&order=name&limit=30" "Mozilla/5.0 (Windows NT 10.0; Win64; x64) AppleWebKit/537.36 (KHTML, like Gecko) Chrome/80.0.3987.122 Safari/537.36"
193.194.132.29 - - [04/Mar/2020:11:08:28 +0100] "GET /reload?ser=1583316508043 HTTP/1.1" 200 28 "http://renault.2web.at/success" "Mozilla/5.0 (Windows NT 10.0; WOW64; Trident/7.0; Touch; rv:11.0) like Gecko"
185.58.53.32 - - [04/Mar/2020:11:08:59 +0100] "GET /reload?ser=1583316495448 HTTP/1.1" 200 28 "http://renault.activities.at/10201442?dir=DESC&mode=grid&order=name&limit=15&page=12" "Mozilla/5.0 (Windows NT 6.1; WOW64; Trident/7.0; rv:11.0) like Gecko"
138.21.12.22 - - [04/Mar/2020:11:09:14 +0100] "GET /reload?ser=1583316553892 HTTP/1.1" 200 28 "http://renault.2web.at/10201636?dir=DESC&mode=grid&order=name&limit=30" "Mozilla/5.0 (Windows NT 10.0; Win64; x64) AppleWebKit/537.36 (KHTML, like Gecko) Chrome/80.0.3987.122 Safari/537.36"
193.194.132.29 - - [04/Mar/2020:11:09:29 +0100] "GET /reload?ser=1583316569080 HTTP/1.1" 200 28 "http://renault.2web.at/success" "Mozilla/5.0 (Windows NT 10.0; WOW64; Trident/7.0; Touch; rv:11.0) like Gecko"
185.58.53.32 - - [04/Mar/2020:11:10:00 +0100] "GET /reload?ser=1583316556397 HTTP/1.1" 200 28 "http://renault.activities.at/10201442?dir=DESC&mode=grid&order=name&limit=15&page=12" "Mozilla/5.0 (Windows NT 6.1; WOW64; Trident/7.0; rv:11.0) like Gecko"
138.21.12.22 - - [04/Mar/2020:11:10:15 +0100] "GET /reload?ser=1583316615143 HTTP/1.1" 200 28 "http://renault.2web.at/10201636?dir=DESC&mode=grid&order=name&limit=30" "Mozilla/5.0 (Windows NT 10.0; Win64; x64) AppleWebKit/537.36 (KHTML, like Gecko) Chrome/80.0.3987.122 Safari/537.36"
193.194.132.29 - - [04/Mar/2020:11:10:30 +0100] "GET /reload?ser=1583316630111 HTTP/1.1" 200 28 "http://renault.2web.at/success" "Mozilla/5.0 (Windows NT 10.0; WOW64; Trident/7.0; Touch; rv:11.0) like Gecko"
185.58.53.32 - - [04/Mar/2020:11:11:01 +0100] "GET /reload?ser=1583316617326 HTTP/1.1" 200 28 "http://renault.activities.at/10201442?dir=DESC&mode=grid&order=name&limit=15&page=12" "Mozilla/5.0 (Windows NT 6.1; WOW64; Trident/7.0; rv:11.0) like Gecko"
138.21.12.22 - - [04/Mar/2020:11:11:16 +0100] "GET /reload?ser=1583316676248 HTTP/1.1" 200 28 "http://renault.2web.at/10201636?dir=DESC&mode=grid&order=name&limit=30" "Mozilla/5.0 (Windows NT 10.0; Win64; x64) AppleWebKit/537.36 (KHTML, like Gecko) Chrome/80.0.3987.122 Safari/537.36"
193.194.132.29 - - [04/Mar/2020:11:11:31 +0100] "GET /reload?ser=1583316691130 HTTP/1.1" 200 28 "http://renault.2web.at/success" "Mozilla/5.0 (Windows NT 10.0; WOW64; Trident/7.0; Touch; rv:11.0) like Gecko"
185.58.53.32 - - [04/Mar/2020:11:12:02 +0100] "GET /reload?ser=1583316678291 HTTP/1.1" 200 28 "http://renault.activities.at/10201442?dir=DESC&mode=grid&order=name&limit=15&page=12" "Mozilla/5.0 (Windows NT 6.1; WOW64; Trident/7.0; rv:11.0) like Gecko"
138.21.12.22 - - [04/Mar/2020:11:12:17 +0100] "GET /reload?ser=1583316737303 HTTP/1.1" 200 28 "http://renault.2web.at/10201636?dir=DESC&mode=grid&order=name&limit=30" "Mozilla/5.0 (Windows NT 10.0; Win64; x64) AppleWebKit/537.36 (KHTML, like Gecko) Chrome/80.0.3987.122 Safari/537.36"
193.194.132.29 - - [04/Mar/2020:11:12:32 +0100] "GET /reload?ser=1583316752203 HTTP/1.1" 200 28 "http://renault.2web.at/success" "Mozilla/5.0 (Windows NT 10.0; WOW64; Trident/7.0; Touch; rv:11.0) like Gecko"
185.58.53.32 - - [04/Mar/2020:11:13:03 +0100] "GET /reload?ser=1583316739232 HTTP/1.1" 200 28 "http://renault.activities.at/10201442?dir=DESC&mode=grid&order=name&limit=15&page=12" "Mozilla/5.0 (Windows NT 6.1; WOW64; Trident/7.0; rv:11.0) like Gecko"
138.21.12.22 - - [04/Mar/2020:11:13:18 +0100] "GET /reload?ser=1583316798401 HTTP/1.1" 200 28 "http://renault.2web.at/10201636?dir=DESC&mode=grid&order=name&limit=30" "Mozilla/5.0 (Windows NT 10.0; Win64; x64) AppleWebKit/537.36 (KHTML, like Gecko) Chrome/80.0.3987.122 Safari/537.36"
193.194.132.29 - - [04/Mar/2020:11:13:33 +0100] "GET /reload?ser=1583316813227 HTTP/1.1" 200 28 "http://renault.2web.at/success" "Mozilla/5.0 (Windows NT 10.0; WOW64; Trident/7.0; Touch; rv:11.0) like Gecko"
185.58.53.32 - - [04/Mar/2020:11:14:04 +0100] "GET /reload?ser=1583316800168 HTTP/1.1" 200 28 "http://renault.activities.at/10201442?dir=DESC&mode=grid&order=name&limit=15&page=12" "Mozilla/5.0 (Windows NT 6.1; WOW64; Trident/7.0; rv:11.0) like Gecko"
138.21.12.22 - - [04/Mar/2020:11:14:19 +0100] "GET /reload?ser=1583316859430 HTTP/1.1" 200 28 "http://renault.2web.at/10201636?dir=DESC&mode=grid&order=name&limit=30" "Mozilla/5.0 (Windows NT 10.0; Win64; x64) AppleWebKit/537.36 (KHTML, like Gecko) Chrome/80.0.3987.122 Safari/537.36"
193.194.132.29 - - [04/Mar/2020:11:14:34 +0100] "GET /reload?ser=1583316874269 HTTP/1.1" 200 28 "http://renault.2web.at/success" "Mozilla/5.0 (Windows NT 10.0; WOW64; Trident/7.0; Touch; rv:11.0) like Gecko"
185.58.53.32 - - [04/Mar/2020:11:15:05 +0100] "GET /reload?ser=1583316861131 HTTP/1.1" 200 28 "http://renault.activities.at/10201442?dir=DESC&mode=grid&order=name&limit=15&page=12" "Mozilla/5.0 (Windows NT 6.1; WOW64; Trident/7.0; rv:11.0) like Gecko"
138.21.12.22 - - [04/Mar/2020:11:15:20 +0100] "GET /reload?ser=1583316920586 HTTP/1.1" 200 28 "http://renault.2web.at/10201636?dir=DESC&mode=grid&order=name&limit=30" "Mozilla/5.0 (Windows NT 10.0; Win64; x64) AppleWebKit/537.36 (KHTML, like Gecko) Chrome/80.0.3987.122 Safari/537.36"
193.194.132.29 - - [04/Mar/2020:11:15:35 +0100] "GET /reload?ser=1583316935368 HTTP/1.1" 200 28 "http://renault.2web.at/success" "Mozilla/5.0 (Windows NT 10.0; WOW64; Trident/7.0; Touch; rv:11.0) like Gecko"
185.58.53.32 - - [04/Mar/2020:11:16:06 +0100] "GET /reload?ser=1583316922081 HTTP/1.1" 200 28 "http://renault.activities.at/10201442?dir=DESC&mode=grid&order=name&limit=15&page=12" "Mozilla/5.0 (Windows NT 6.1; WOW64; Trident/7.0; rv:11.0) like Gecko"
138.21.12.22 - - [04/Mar/2020:11:16:21 +0100] "GET /reload?ser=1583316981823 HTTP/1.1" 200 28 "http://renault.2web.at/10201636?dir=DESC&mode=grid&order=name&limit=30" "Mozilla/5.0 (Windows NT 10.0; Win64; x64) AppleWebKit/537.36 (KHTML, like Gecko) Chrome/80.0.3987.122 Safari/537.36"
193.194.132.29 - - [04/Mar/2020:11:16:36 +0100] "GET /reload?ser=1583316996418 HTTP/1.1" 200 28 "http://renault.2web.at/success" "Mozilla/5.0 (Windows NT 10.0; WOW64; Trident/7.0; Touch; rv:11.0) like Gecko"
185.58.53.32 - - [04/Mar/2020:11:17:07 +0100] "GET /reload?ser=1583316983050 HTTP/1.1" 200 28 "http://renault.activities.at/10201442?dir=DESC&mode=grid&order=name&limit=15&page=12" "Mozilla/5.0 (Windows NT 6.1; WOW64; Trident/7.0; rv:11.0) like Gecko"
138.21.12.22 - - [04/Mar/2020:11:17:23 +0100] "GET /reload?ser=1583317042887 HTTP/1.1" 200 28 "http://renault.2web.at/10201636?dir=DESC&mode=grid&order=name&limit=30" "Mozilla/5.0 (Windows NT 10.0; Win64; x64) AppleWebKit/537.36 (KHTML, like Gecko) Chrome/80.0.3987.122 Safari/537.36"
193.194.132.29 - - [04/Mar/2020:11:17:37 +0100] "GET /reload?ser=1583317057498 HTTP/1.1" 200 28 "http://renault.2web.at/success" "Mozilla/5.0 (Windows NT 10.0; WOW64; Trident/7.0; Touch; rv:11.0) like Gecko"
185.58.53.32 - - [04/Mar/2020:11:18:08 +0100] "GET /reload?ser=1583317043978 HTTP/1.1" 200 28 "http://renault.activities.at/10201442?dir=DESC&mode=grid&order=name&limit=15&page=12" "Mozilla/5.0 (Windows NT 6.1; WOW64; Trident/7.0; rv:11.0) like Gecko"
138.21.12.22 - - [04/Mar/2020:11:18:24 +0100] "GET /reload?ser=1583317104001 HTTP/1.1" 200 28 "http://renault.2web.at/10201636?dir=DESC&mode=grid&order=name&limit=30" "Mozilla/5.0 (Windows NT 10.0; Win64; x64) AppleWebKit/537.36 (KHTML, like Gecko) Chrome/80.0.3987.122 Safari/537.36"
193.194.132.29 - - [04/Mar/2020:11:18:38 +0100] "GET /reload?ser=1583317118600 HTTP/1.1" 200 28 "http://renault.2web.at/success" "Mozilla/5.0 (Windows NT 10.0; WOW64; Trident/7.0; Touch; rv:11.0) like Gecko"
185.58.53.32 - - [04/Mar/2020:11:19:09 +0100] "GET /reload?ser=1583317104911 HTTP/1.1" 200 28 "http://renault.activities.at/10201442?dir=DESC&mode=grid&order=name&limit=15&page=12" "Mozilla/5.0 (Windows NT 6.1; WOW64; Trident/7.0; rv:11.0) like Gecko"
138.21.12.22 - - [04/Mar/2020:11:19:26 +0100] "GET /reload?ser=1583317166055 HTTP/1.1" 200 28 "http://renault.2web.at/10201636?dir=DESC&mode=grid&order=name&limit=30" "Mozilla/5.0 (Windows NT 10.0; Win64; x64) AppleWebKit/537.36 (KHTML, like Gecko) Chrome/80.0.3987.122 Safari/537.36"
193.194.132.29 - - [04/Mar/2020:11:19:39 +0100] "GET /reload?ser=1583317179647 HTTP/1.1" 200 28 "http://renault.2web.at/success" "Mozilla/5.0 (Windows NT 10.0; WOW64; Trident/7.0; Touch; rv:11.0) like Gecko"
185.58.53.32 - - [04/Mar/2020:11:20:10 +0100] "GET /reload?ser=1583317165870 HTTP/1.1" 200 28 "http://renault.activities.at/10201442?dir=DESC&mode=grid&order=name&limit=15&page=12" "Mozilla/5.0 (Windows NT 6.1; WOW64; Trident/7.0; rv:11.0) like Gecko"
138.21.12.22 - - [04/Mar/2020:11:20:27 +0100] "GET /reload?ser=1583317227206 HTTP/1.1" 200 28 "http://renault.2web.at/10201636?dir=DESC&mode=grid&order=name&limit=30" "Mozilla/5.0 (Windows NT 10.0; Win64; x64) AppleWebKit/537.36 (KHTML, like Gecko) Chrome/80.0.3987.122 Safari/537.36"
157.97.68.62 - - [04/Mar/2020:11:20:39 +0100] "GET / HTTP/1.1" 200 3380 "-" "Mozilla/5.0 (Windows NT 6.1; Win64; x64; rv:73.0) Gecko/20100101 Firefox/73.0"
157.97.68.62 - - [04/Mar/2020:11:20:40 +0100] "GET /js/default.js HTTP/1.1" 304 - "http://renault.activities.at/" "Mozilla/5.0 (Windows NT 6.1; Win64; x64; rv:73.0) Gecko/20100101 Firefox/73.0"
157.97.68.62 - - [04/Mar/2020:11:20:40 +0100] "GET /js/flashdetection.js HTTP/1.1" 304 - "http://renault.activities.at/" "Mozilla/5.0 (Windows NT 6.1; Win64; x64; rv:73.0) Gecko/20100101 Firefox/73.0"
157.97.68.62 - - [04/Mar/2020:11:20:40 +0100] "GET /css/styles.css HTTP/1.1" 304 - "http://renault.activities.at/" "Mozilla/5.0 (Windows NT 6.1; Win64; x64; rv:73.0) Gecko/20100101 Firefox/73.0"
157.97.68.62 - - [04/Mar/2020:11:20:40 +0100] "GET /css/reset.css HTTP/1.1" 304 - "http://renault.activities.at/" "Mozilla/5.0 (Windows NT 6.1; Win64; x64; rv:73.0) Gecko/20100101 Firefox/73.0"
157.97.68.62 - - [04/Mar/2020:11:20:40 +0100] "GET /css/clears.css HTTP/1.1" 304 - "http://renault.activities.at/" "Mozilla/5.0 (Windows NT 6.1; Win64; x64; rv:73.0) Gecko/20100101 Firefox/73.0"
157.97.68.62 - - [04/Mar/2020:11:20:40 +0100] "GET /css/print.css HTTP/1.1" 304 - "http://renault.activities.at/" "Mozilla/5.0 (Windows NT 6.1; Win64; x64; rv:73.0) Gecko/20100101 Firefox/73.0"
157.97.68.62 - - [04/Mar/2020:11:20:40 +0100] "GET /js/checkout.css HTTP/1.1" 304 - "http://renault.activities.at/" "Mozilla/5.0 (Windows NT 6.1; Win64; x64; rv:73.0) Gecko/20100101 Firefox/73.0"
193.194.132.29 - - [04/Mar/2020:11:20:40 +0100] "GET /reload?ser=1583317240697 HTTP/1.1" 200 28 "http://renault.2web.at/success" "Mozilla/5.0 (Windows NT 10.0; WOW64; Trident/7.0; Touch; rv:11.0) like Gecko"
185.58.53.32 - - [04/Mar/2020:11:21:11 +0100] "GET /reload?ser=1583317226852 HTTP/1.1" 200 28 "http://renault.activities.at/10201442?dir=DESC&mode=grid&order=name&limit=15&page=12" "Mozilla/5.0 (Windows NT 6.1; WOW64; Trident/7.0; rv:11.0) like Gecko"
138.21.12.22 - - [04/Mar/2020:11:21:28 +0100] "GET /reload?ser=1583317288313 HTTP/1.1" 200 28 "http://renault.2web.at/10201636?dir=DESC&mode=grid&order=name&limit=30" "Mozilla/5.0 (Windows NT 10.0; Win64; x64) AppleWebKit/537.36 (KHTML, like Gecko) Chrome/80.0.3987.122 Safari/537.36"
193.194.132.29 - - [04/Mar/2020:11:21:41 +0100] "GET /reload?ser=1583317301771 HTTP/1.1" 200 28 "http://renault.2web.at/success" "Mozilla/5.0 (Windows NT 10.0; WOW64; Trident/7.0; Touch; rv:11.0) like Gecko"
185.58.53.32 - - [04/Mar/2020:11:22:12 +0100] "GET /reload?ser=1583317287793 HTTP/1.1" 200 28 "http://renault.activities.at/10201442?dir=DESC&mode=grid&order=name&limit=15&page=12" "Mozilla/5.0 (Windows NT 6.1; WOW64; Trident/7.0; rv:11.0) like Gecko"
138.21.12.22 - - [04/Mar/2020:11:22:30 +0100] "GET /reload?ser=1583317350146 HTTP/1.1" 200 28 "http://renault.2web.at/10201636?dir=DESC&mode=grid&order=name&limit=30" "Mozilla/5.0 (Windows NT 10.0; Win64; x64) AppleWebKit/537.36 (KHTML, like Gecko) Chrome/80.0.3987.122 Safari/537.36"
193.194.132.29 - - [04/Mar/2020:11:22:43 +0100] "GET /reload?ser=1583317362839 HTTP/1.1" 200 28 "http://renault.2web.at/success" "Mozilla/5.0 (Windows NT 10.0; WOW64; Trident/7.0; Touch; rv:11.0) like Gecko"
185.58.53.32 - - [04/Mar/2020:11:23:13 +0100] "GET /reload?ser=1583317348748 HTTP/1.1" 200 28 "http://renault.activities.at/10201442?dir=DESC&mode=grid&order=name&limit=15&page=12" "Mozilla/5.0 (Windows NT 6.1; WOW64; Trident/7.0; rv:11.0) like Gecko"
