138.21.12.22 - - [04/Mar/2020:09:25:04 +0100] "GET /images/menu_divider.gif HTTP/1.1" 304 - "http://renault.2web.at/css/styles.css" "Mozilla/5.0 (Windows NT 10.0; Win64; x64) AppleWebKit/537.36 (KHTML, like Gecko) Chrome/80.0.3987.122 Safari/537.36"
138.21.12.22 - - [04/Mar/2020:09:25:04 +0100] "GET /images/search_bg.gif HTTP/1.1" 304 - "http://renault.2web.at/css/styles.css" "Mozilla/5.0 (Windows NT 10.0; Win64; x64) AppleWebKit/537.36 (KHTML, like Gecko) Chrome/80.0.3987.122 Safari/537.36"
138.21.12.22 - - [04/Mar/2020:09:25:04 +0100] "GET /images/sidebar_title_border_top.gif HTTP/1.1" 304 - "http://renault.2web.at/css/styles.css" "Mozilla/5.0 (Windows NT 10.0; Win64; x64) AppleWebKit/537.36 (KHTML, like Gecko) Chrome/80.0.3987.122 Safari/537.36"
138.21.12.22 - - [04/Mar/2020:09:25:04 +0100] "GET /images/nav_divider.gif HTTP/1.1" 304 - "http://renault.2web.at/css/styles.css" "Mozilla/5.0 (Windows NT 10.0; Win64; x64) AppleWebKit/537.36 (KHTML, like Gecko) Chrome/80.0.3987.122 Safari/537.36"
138.21.12.22 - - [04/Mar/2020:09:25:04 +0100] "GET /images/sidebar_title_border.gif HTTP/1.1" 304 - "http://renault.2web.at/css/styles.css" "Mozilla/5.0 (Windows NT 10.0; Win64; x64) AppleWebKit/537.36 (KHTML, like Gecko) Chrome/80.0.3987.122 Safari/537.36"
138.21.12.22 - - [04/Mar/2020:09:25:04 +0100] "GET /images/sidebar_title_corner_left_top.gif HTTP/1.1" 304 - "http://renault.2web.at/css/styles.css" "Mozilla/5.0 (Windows NT 10.0; Win64; x64) AppleWebKit/537.36 (KHTML, like Gecko) Chrome/80.0.3987.122 Safari/537.36"
138.21.12.21 - - [04/Mar/2020:09:25:03 +0100] "GET /loadthumbnail.php?id=10203276 HTTP/1.1" 200 57 "-" "Mozilla/4.0 (compatible;)"
138.21.12.22 - - [04/Mar/2020:09:25:04 +0100] "GET /images/pager_bg.gif HTTP/1.1" 304 - "http://renault.2web.at/css/styles.css" "Mozilla/5.0 (Windows NT 10.0; Win64; x64) AppleWebKit/537.36 (KHTML, like Gecko) Chrome/80.0.3987.122 Safari/537.36"
138.21.12.22 - - [04/Mar/2020:09:25:04 +0100] "GET /images/sidebar_title_corner_right_top.gif HTTP/1.1" 304 - "http://renault.2web.at/css/styles.css" "Mozilla/5.0 (Windows NT 10.0; Win64; x64) AppleWebKit/537.36 (KHTML, like Gecko) Chrome/80.0.3987.122 Safari/537.36"
138.21.12.22 - - [04/Mar/2020:09:25:04 +0100] "GET /images/footer_divider.gif HTTP/1.1" 304 - "http://renault.2web.at/css/styles.css" "Mozilla/5.0 (Windows NT 10.0; Win64; x64) AppleWebKit/537.36 (KHTML, like Gecko) Chrome/80.0.3987.122 Safari/537.36"
185.58.53.32 - - [04/Mar/2020:09:25:22 +0100] "GET /reload?ser=1583310277974 HTTP/1.1" 200 28 "http://renault.activities.at/10201442?dir=DESC&mode=grid&order=name&limit=15&page=12" "Mozilla/5.0 (Windows NT 6.1; WOW64; Trident/7.0; rv:11.0) like Gecko"
193.194.132.30 - - [04/Mar/2020:09:25:39 +0100] "GET /reload?ser=1583310339097 HTTP/1.1" 200 28 "http://renault.2web.at/success" "Mozilla/5.0 (Windows NT 10.0; WOW64; Trident/7.0; Touch; rv:11.0) like Gecko"
212.89.176.40 - - [04/Mar/2020:09:25:43 +0100] "GET /reload?ser=1583310259429 HTTP/1.1" 200 28 "http://renault.activities.at/cart?datachange=true" "Mozilla/5.0 (Windows NT 10.0; WOW64; Trident/7.0; rv:11.0) like Gecko"
138.21.12.22 - - [04/Mar/2020:09:26:04 +0100] "GET /reload?ser=1583310364242 HTTP/1.1" 200 28 "http://renault.2web.at/orders?loadrequest=true" "Mozilla/5.0 (Windows NT 10.0; Win64; x64) AppleWebKit/537.36 (KHTML, like Gecko) Chrome/80.0.3987.122 Safari/537.36"
185.58.53.32 - - [04/Mar/2020:09:26:23 +0100] "GET /reload?ser=1583310338929 HTTP/1.1" 200 28 "http://renault.activities.at/10201442?dir=DESC&mode=grid&order=name&limit=15&page=12" "Mozilla/5.0 (Windows NT 6.1; WOW64; Trident/7.0; rv:11.0) like Gecko"
193.194.132.30 - - [04/Mar/2020:09:26:40 +0100] "GET /reload?ser=1583310400098 HTTP/1.1" 200 28 "http://renault.2web.at/success" "Mozilla/5.0 (Windows NT 10.0; WOW64; Trident/7.0; Touch; rv:11.0) like Gecko"
212.89.176.40 - - [04/Mar/2020:09:26:44 +0100] "GET /reload?ser=1583310320365 HTTP/1.1" 200 28 "http://renault.activities.at/cart?datachange=true" "Mozilla/5.0 (Windows NT 10.0; WOW64; Trident/7.0; rv:11.0) like Gecko"
138.21.12.22 - - [04/Mar/2020:09:26:59 +0100] "POST /axjaxrequest?mode=suggest HTTP/1.1" 200 2207 "http://renault.2web.at/orders?loadrequest=true" "Mozilla/5.0 (Windows NT 10.0; Win64; x64) AppleWebKit/537.36 (KHTML, like Gecko) Chrome/80.0.3987.122 Safari/537.36"
138.21.12.22 - - [04/Mar/2020:09:26:59 +0100] "POST /axjaxrequest?mode=suggest HTTP/1.1" 200 1158 "http://renault.2web.at/orders?loadrequest=true" "Mozilla/5.0 (Windows NT 10.0; Win64; x64) AppleWebKit/537.36 (KHTML, like Gecko) Chrome/80.0.3987.122 Safari/537.36"
138.21.12.22 - - [04/Mar/2020:09:27:02 +0100] "POST /axjaxrequest?mode=suggest HTTP/1.1" 200 112 "http://renault.2web.at/orders?loadrequest=true" "Mozilla/5.0 (Windows NT 10.0; Win64; x64) AppleWebKit/537.36 (KHTML, like Gecko) Chrome/80.0.3987.122 Safari/537.36"
138.21.12.22 - - [04/Mar/2020:09:27:03 +0100] "POST /axjaxrequest?mode=suggest HTTP/1.1" 200 112 "http://renault.2web.at/orders?loadrequest=true" "Mozilla/5.0 (Windows NT 10.0; Win64; x64) AppleWebKit/537.36 (KHTML, like Gecko) Chrome/80.0.3987.122 Safari/537.36"
138.21.12.22 - - [04/Mar/2020:09:27:05 +0100] "GET /reload?ser=1583310425321 HTTP/1.1" 200 28 "http://renault.2web.at/orders?loadrequest=true" "Mozilla/5.0 (Windows NT 10.0; Win64; x64) AppleWebKit/537.36 (KHTML, like Gecko) Chrome/80.0.3987.122 Safari/537.36"
138.21.12.22 - - [04/Mar/2020:09:27:06 +0100] "GET /result?searchterm=true&search=REH5174 HTTP/1.1" 200 8007 "http://renault.2web.at/orders?loadrequest=true" "Mozilla/5.0 (Windows NT 10.0; Win64; x64) AppleWebKit/537.36 (KHTML, like Gecko) Chrome/80.0.3987.122 Safari/537.36"
138.21.12.22 - - [04/Mar/2020:09:27:08 +0100] "GET /js/prototip.js HTTP/1.1" 304 - "http://renault.2web.at/result?searchterm=true&search=REH5174" "Mozilla/5.0 (Windows NT 10.0; Win64; x64) AppleWebKit/537.36 (KHTML, like Gecko) Chrome/80.0.3987.122 Safari/537.36"
138.21.12.22 - - [04/Mar/2020:09:27:08 +0100] "GET /js/ProduktGrp.js HTTP/1.1" 304 - "http://renault.2web.at/result?searchterm=true&search=REH5174" "Mozilla/5.0 (Windows NT 10.0; Win64; x64) AppleWebKit/537.36 (KHTML, like Gecko) Chrome/80.0.3987.122 Safari/537.36"
138.21.12.22 - - [04/Mar/2020:09:27:08 +0100] "GET /images/loading.gif HTTP/1.1" 304 - "http://renault.2web.at/result?searchterm=true&search=REH5174" "Mozilla/5.0 (Windows NT 10.0; Win64; x64) AppleWebKit/537.36 (KHTML, like Gecko) Chrome/80.0.3987.122 Safari/537.36"
138.21.12.22 - - [04/Mar/2020:09:27:08 +0100] "GET /images/vista-up.gif HTTP/1.1" 304 - "http://renault.2web.at/css/styles.css" "Mozilla/5.0 (Windows NT 10.0; Win64; x64) AppleWebKit/537.36 (KHTML, like Gecko) Chrome/80.0.3987.122 Safari/537.36"
138.21.12.22 - - [04/Mar/2020:09:27:08 +0100] "GET /images/vista-dn.gif HTTP/1.1" 304 - "http://renault.2web.at/css/styles.css" "Mozilla/5.0 (Windows NT 10.0; Win64; x64) AppleWebKit/537.36 (KHTML, like Gecko) Chrome/80.0.3987.122 Safari/537.36"
138.21.12.22 - - [04/Mar/2020:09:27:08 +0100] "GET /images/validation_advice_bg.gif HTTP/1.1" 304 - "http://renault.2web.at/css/styles.css" "Mozilla/5.0 (Windows NT 10.0; Win64; x64) AppleWebKit/537.36 (KHTML, like Gecko) Chrome/80.0.3987.122 Safari/537.36"
138.21.12.21 - - [04/Mar/2020:09:27:08 +0100] "GET /loadthumbnail.php?id=10203255 HTTP/1.1" 200 114 "-" "Mozilla/4.0 (compatible;)"
138.21.12.21 - - [04/Mar/2020:09:27:08 +0100] "GET /loadthumbnail.php?id=10203650&width=113 HTTP/1.1" 200 2916 "-" "Mozilla/4.0 (compatible;)"
138.21.12.22 - - [04/Mar/2020:09:27:17 +0100] "GET /10201636 HTTP/1.1" 200 10917 "http://renault.2web.at/result?searchterm=true&search=REH5174" "Mozilla/5.0 (Windows NT 10.0; Win64; x64) AppleWebKit/537.36 (KHTML, like Gecko) Chrome/80.0.3987.122 Safari/537.36"
138.21.12.22 - - [04/Mar/2020:09:27:21 +0100] "GET /images/sub_title_bg.jpg HTTP/1.1" 200 314 "http://renault.2web.at/css/styles.css" "Mozilla/5.0 (Windows NT 10.0; Win64; x64) AppleWebKit/537.36 (KHTML, like Gecko) Chrome/80.0.3987.122 Safari/537.36"
138.21.12.22 - - [04/Mar/2020:09:27:21 +0100] "GET /loadthumbnail.php?id=10460287&width=113 HTTP/1.1" 200 2135 "http://renault.2web.at/10201636" "Mozilla/5.0 (Windows NT 10.0; Win64; x64) AppleWebKit/537.36 (KHTML, like Gecko) Chrome/80.0.3987.122 Safari/537.36"
138.21.12.22 - - [04/Mar/2020:09:27:21 +0100] "GET /loadthumbnail.php?id=12130670&width=113 HTTP/1.1" 200 8989 "http://renault.2web.at/10201636" "Mozilla/5.0 (Windows NT 10.0; Win64; x64) AppleWebKit/537.36 (KHTML, like Gecko) Chrome/80.0.3987.122 Safari/537.36"
138.21.12.22 - - [04/Mar/2020:09:27:21 +0100] "GET /loadthumbnail.php?id=12130660&width=113 HTTP/1.1" 200 9098 "http://renault.2web.at/10201636" "Mozilla/5.0 (Windows NT 10.0; Win64; x64) AppleWebKit/537.36 (KHTML, like Gecko) Chrome/80.0.3987.122 Safari/537.36"
138.21.12.22 - - [04/Mar/2020:09:27:21 +0100] "GET /loadthumbnail.php?id=11431080&width=113 HTTP/1.1" 200 3991 "http://renault.2web.at/10201636" "Mozilla/5.0 (Windows NT 10.0; Win64; x64) AppleWebKit/537.36 (KHTML, like Gecko) Chrome/80.0.3987.122 Safari/537.36"
138.21.12.22 - - [04/Mar/2020:09:27:21 +0100] "GET /loadthumbnail.php?id=11075492&width=113 HTTP/1.1" 200 2349 "http://renault.2web.at/10201636" "Mozilla/5.0 (Windows NT 10.0; Win64; x64) AppleWebKit/537.36 (KHTML, like Gecko) Chrome/80.0.3987.122 Safari/537.36"
138.21.12.22 - - [04/Mar/2020:09:27:21 +0100] "GET /loadthumbnail.php?id=11434114&width=113 HTTP/1.1" 200 4564 "http://renault.2web.at/10201636" "Mozilla/5.0 (Windows NT 10.0; Win64; x64) AppleWebKit/537.36 (KHTML, like Gecko) Chrome/80.0.3987.122 Safari/537.36"
138.21.12.22 - - [04/Mar/2020:09:27:21 +0100] "GET /loadthumbnail.php?id=12094749&width=113 HTTP/1.1" 200 15117 "http://renault.2web.at/10201636" "Mozilla/5.0 (Windows NT 10.0; Win64; x64) AppleWebKit/537.36 (KHTML, like Gecko) Chrome/80.0.3987.122 Safari/537.36"
138.21.12.22 - - [04/Mar/2020:09:27:21 +0100] "GET /loadthumbnail.php?id=10745359&width=113 HTTP/1.1" 200 4202 "http://renault.2web.at/10201636" "Mozilla/5.0 (Windows NT 10.0; Win64; x64) AppleWebKit/537.36 (KHTML, like Gecko) Chrome/80.0.3987.122 Safari/537.36"
138.21.12.22 - - [04/Mar/2020:09:27:22 +0100] "GET /loadthumbnail.php?id=10269567&width=113 HTTP/1.1" 200 1590 "http://renault.2web.at/10201636" "Mozilla/5.0 (Windows NT 10.0; Win64; x64) AppleWebKit/537.36 (KHTML, like Gecko) Chrome/80.0.3987.122 Safari/537.36"
138.21.12.22 - - [04/Mar/2020:09:27:22 +0100] "GET /loadthumbnail.php?id=12139710&width=113 HTTP/1.1" 200 34483 "http://renault.2web.at/10201636" "Mozilla/5.0 (Windows NT 10.0; Win64; x64) AppleWebKit/537.36 (KHTML, like Gecko) Chrome/80.0.3987.122 Safari/537.36"
138.21.12.22 - - [04/Mar/2020:09:27:22 +0100] "GET /loadthumbnail.php?id=12137758&width=113 HTTP/1.1" 200 36121 "http://renault.2web.at/10201636" "Mozilla/5.0 (Windows NT 10.0; Win64; x64) AppleWebKit/537.36 (KHTML, like Gecko) Chrome/80.0.3987.122 Safari/537.36"
138.21.12.22 - - [04/Mar/2020:09:27:23 +0100] "GET /loadthumbnail.php?id=12205692&width=113 HTTP/1.1" 200 4881 "http://renault.2web.at/10201636" "Mozilla/5.0 (Windows NT 10.0; Win64; x64) AppleWebKit/537.36 (KHTML, like Gecko) Chrome/80.0.3987.122 Safari/537.36"
138.21.12.22 - - [04/Mar/2020:09:27:23 +0100] "GET /loadthumbnail.php?id=10269569&width=113 HTTP/1.1" 200 1309 "http://renault.2web.at/10201636" "Mozilla/5.0 (Windows NT 10.0; Win64; x64) AppleWebKit/537.36 (KHTML, like Gecko) Chrome/80.0.3987.122 Safari/537.36"
138.21.12.22 - - [04/Mar/2020:09:27:23 +0100] "GET /loadthumbnail.php?id=12204968&width=113 HTTP/1.1" 200 4284 "http://renault.2web.at/10201636" "Mozilla/5.0 (Windows NT 10.0; Win64; x64) AppleWebKit/537.36 (KHTML, like Gecko) Chrome/80.0.3987.122 Safari/537.36"
185.58.53.32 - - [04/Mar/2020:09:27:24 +0100] "GET /reload?ser=1583310399871 HTTP/1.1" 200 28 "http://renault.activities.at/10201442?dir=DESC&mode=grid&order=name&limit=15&page=12" "Mozilla/5.0 (Windows NT 6.1; WOW64; Trident/7.0; rv:11.0) like Gecko"
193.194.132.30 - - [04/Mar/2020:09:27:41 +0100] "GET /reload?ser=1583310461147 HTTP/1.1" 200 28 "http://renault.2web.at/success" "Mozilla/5.0 (Windows NT 10.0; WOW64; Trident/7.0; Touch; rv:11.0) like Gecko"
212.89.176.40 - - [04/Mar/2020:09:27:45 +0100] "GET /reload?ser=1583310381319 HTTP/1.1" 200 28 "http://renault.activities.at/cart?datachange=true" "Mozilla/5.0 (Windows NT 10.0; WOW64; Trident/7.0; rv:11.0) like Gecko"
91.133.70.9 - - [04/Mar/2020:09:27:59 +0100] "GET / HTTP/1.1" 200 3380 "-" "Mozilla/5.0 (Windows NT 10.0; WOW64; Trident/7.0; rv:11.0) like Gecko"
91.133.70.9 - - [04/Mar/2020:09:28:00 +0100] "GET /css/reset.css HTTP/1.1" 200 1356 "http://renault.activities.at/" "Mozilla/5.0 (Windows NT 10.0; WOW64; Trident/7.0; rv:11.0) like Gecko"
91.133.70.9 - - [04/Mar/2020:09:28:00 +0100] "GET /js/flashdetection.js HTTP/1.1" 200 1059 "http://renault.activities.at/" "Mozilla/5.0 (Windows NT 10.0; WOW64; Trident/7.0; rv:11.0) like Gecko"
91.133.70.9 - - [04/Mar/2020:09:28:00 +0100] "GET /js/default.js HTTP/1.1" 200 14698 "http://renault.activities.at/" "Mozilla/5.0 (Windows NT 10.0; WOW64; Trident/7.0; rv:11.0) like Gecko"
91.133.70.9 - - [04/Mar/2020:09:28:00 +0100] "GET /css/styles.css HTTP/1.1" 200 14664 "http://renault.activities.at/" "Mozilla/5.0 (Windows NT 10.0; WOW64; Trident/7.0; rv:11.0) like Gecko"
91.133.70.9 - - [04/Mar/2020:09:28:00 +0100] "GET /css/clears.css HTTP/1.1" 200 851 "http://renault.activities.at/" "Mozilla/5.0 (Windows NT 10.0; WOW64; Trident/7.0; rv:11.0) like Gecko"
91.133.70.9 - - [04/Mar/2020:09:28:00 +0100] "GET /css/print.css HTTP/1.1" 200 543 "http://renault.activities.at/" "Mozilla/5.0 (Windows NT 10.0; WOW64; Trident/7.0; rv:11.0) like Gecko"
91.133.70.9 - - [04/Mar/2020:09:28:00 +0100] "GET /css/prototip.css HTTP/1.1" 200 968 "http://renault.activities.at/" "Mozilla/5.0 (Windows NT 10.0; WOW64; Trident/7.0; rv:11.0) like Gecko"
91.133.70.9 - - [04/Mar/2020:09:28:00 +0100] "GET /js/checkout.css HTTP/1.1" 200 359 "http://renault.activities.at/" "Mozilla/5.0 (Windows NT 10.0; WOW64; Trident/7.0; rv:11.0) like Gecko"
91.133.70.9 - - [04/Mar/2020:09:28:00 +0100] "GET /css/themes/default.css HTTP/1.1" 200 769 "http://renault.activities.at/" "Mozilla/5.0 (Windows NT 10.0; WOW64; Trident/7.0; rv:11.0) like Gecko"
91.133.70.9 - - [04/Mar/2020:09:28:00 +0100] "GET /css/themes/alphacube.css HTTP/1.1" 200 743 "http://renault.activities.at/" "Mozilla/5.0 (Windows NT 10.0; WOW64; Trident/7.0; rv:11.0) like Gecko"
91.133.70.9 - - [04/Mar/2020:09:28:00 +0100] "GET /js/index.php?c=auto&f=,prototype/prototype.js,prototype/validation.js,scriptaculous/builder.js,scriptaculous/effects.js,scriptaculous/dragdrop.js,scriptaculous/controls.js,scriptaculous/slider.js,varien/js.js,varien/form.js,varien/menu.js,mage/translate.js,mage/cookies.js,varien/product.js,spinner/SpinnerControl.jsmin.js,prototype/window.js,prototype/window_ext.js HTTP/1.1" 200 94182 "http://renault.activities.at/" "Mozilla/5.0 (Windows NT 10.0; WOW64; Trident/7.0; rv:11.0) like Gecko"
91.133.70.9 - - [04/Mar/2020:09:28:01 +0100] "GET /images/header_block_border.gif HTTP/1.1" 200 43 "http://renault.activities.at/" "Mozilla/5.0 (Windows NT 10.0; WOW64; Trident/7.0; rv:11.0) like Gecko"
91.133.70.9 - - [04/Mar/2020:09:28:01 +0100] "GET /images/header_block_corner_right_top.gif HTTP/1.1" 200 160 "http://renault.activities.at/" "Mozilla/5.0 (Windows NT 10.0; WOW64; Trident/7.0; rv:11.0) like Gecko"
91.133.70.9 - - [04/Mar/2020:09:28:01 +0100] "GET /images/header_block_corner_left_top.gif HTTP/1.1" 200 160 "http://renault.activities.at/" "Mozilla/5.0 (Windows NT 10.0; WOW64; Trident/7.0; rv:11.0) like Gecko"
91.133.70.9 - - [04/Mar/2020:09:28:01 +0100] "GET /images/main_block_corner_left_bot.gif HTTP/1.1" 200 159 "http://renault.activities.at/" "Mozilla/5.0 (Windows NT 10.0; WOW64; Trident/7.0; rv:11.0) like Gecko"
91.133.70.9 - - [04/Mar/2020:09:28:01 +0100] "GET /images/main_block_border.gif HTTP/1.1" 200 43 "http://renault.activities.at/" "Mozilla/5.0 (Windows NT 10.0; WOW64; Trident/7.0; rv:11.0) like Gecko"
91.133.70.9 - - [04/Mar/2020:09:28:01 +0100] "GET /images/main_block_corner_right_bot.gif HTTP/1.1" 200 158 "http://renault.activities.at/" "Mozilla/5.0 (Windows NT 10.0; WOW64; Trident/7.0; rv:11.0) like Gecko"
91.133.70.9 - - [04/Mar/2020:09:28:01 +0100] "GET /images/title_border_top.jpg HTTP/1.1" 200 336 "http://renault.activities.at/" "Mozilla/5.0 (Windows NT 10.0; WOW64; Trident/7.0; rv:11.0) like Gecko"
91.133.70.9 - - [04/Mar/2020:09:28:01 +0100] "GET /images/main_block_corner_right_top.gif HTTP/1.1" 200 159 "http://renault.activities.at/" "Mozilla/5.0 (Windows NT 10.0; WOW64; Trident/7.0; rv:11.0) like Gecko"
91.133.70.9 - - [04/Mar/2020:09:28:01 +0100] "GET /images/title_border.jpg HTTP/1.1" 200 304 "http://renault.activities.at/" "Mozilla/5.0 (Windows NT 10.0; WOW64; Trident/7.0; rv:11.0) like Gecko"
91.133.70.9 - - [04/Mar/2020:09:28:01 +0100] "GET /images/title_corner_left_top.jpg HTTP/1.1" 200 372 "http://renault.activities.at/" "Mozilla/5.0 (Windows NT 10.0; WOW64; Trident/7.0; rv:11.0) like Gecko"
91.133.70.9 - - [04/Mar/2020:09:28:01 +0100] "GET /images/main_block_corner_left_top.gif HTTP/1.1" 200 159 "http://renault.activities.at/" "Mozilla/5.0 (Windows NT 10.0; WOW64; Trident/7.0; rv:11.0) like Gecko"
91.133.70.9 - - [04/Mar/2020:09:28:01 +0100] "GET /images/favicon.ico HTTP/1.1" 404 305 "-" "Mozilla/5.0 (Windows NT 10.0; Win64; x64; Trident/7.0; rv:11.0) like Gecko"
91.133.70.9 - - [04/Mar/2020:09:28:01 +0100] "GET /images/title_corner_right_top.jpg HTTP/1.1" 200 389 "http://renault.activities.at/" "Mozilla/5.0 (Windows NT 10.0; WOW64; Trident/7.0; rv:11.0) like Gecko"
91.133.70.9 - - [04/Mar/2020:09:28:01 +0100] "GET /loadthumbnail.php?id=11127982 HTTP/1.1" 200 399614 "http://renault.activities.at/" "Mozilla/5.0 (Windows NT 10.0; WOW64; Trident/7.0; rv:11.0) like Gecko"
91.133.70.9 - - [04/Mar/2020:09:28:02 +0100] "GET /login HTTP/1.1" 200 2085 "http://renault.activities.at/" "Mozilla/5.0 (Windows NT 10.0; WOW64; Trident/7.0; rv:11.0) like Gecko"
91.133.70.9 - - [04/Mar/2020:09:28:03 +0100] "GET /images/button_right_bg.gif HTTP/1.1" 200 561 "http://renault.activities.at/login" "Mozilla/5.0 (Windows NT 10.0; WOW64; Trident/7.0; rv:11.0) like Gecko"
91.133.70.9 - - [04/Mar/2020:09:28:03 +0100] "GET /images/button_left_bg.gif HTTP/1.1" 200 564 "http://renault.activities.at/login" "Mozilla/5.0 (Windows NT 10.0; WOW64; Trident/7.0; rv:11.0) like Gecko"
91.133.70.9 - - [04/Mar/2020:09:28:03 +0100] "GET /images/button_bg.gif HTTP/1.1" 200 151 "http://renault.activities.at/login" "Mozilla/5.0 (Windows NT 10.0; WOW64; Trident/7.0; rv:11.0) like Gecko"
91.133.70.9 - - [04/Mar/2020:09:28:03 +0100] "GET /images/favicon.ico HTTP/1.1" 404 305 "-" "Mozilla/5.0 (Windows NT 10.0; Win64; x64; Trident/7.0; rv:11.0) like Gecko"
91.133.70.9 - - [04/Mar/2020:09:28:03 +0100] "GET /favicon.ico HTTP/1.1" 200 3250 "-" "Mozilla/5.0 (Windows NT 10.0; Win64; x64; Trident/7.0; rv:11.0) like Gecko"
91.133.70.9 - - [04/Mar/2020:09:28:09 +0100] "POST /login HTTP/1.1" 302 140 "http://renault.activities.at/login" "Mozilla/5.0 (Windows NT 10.0; WOW64; Trident/7.0; rv:11.0) like Gecko"
91.133.70.9 - - [04/Mar/2020:09:28:11 +0100] "GET /account HTTP/1.1" 200 6178 "http://renault.activities.at/login" "Mozilla/5.0 (Windows NT 10.0; WOW64; Trident/7.0; rv:11.0) like Gecko"
91.133.70.9 - - [04/Mar/2020:09:28:15 +0100] "GET /js/account.js HTTP/1.1" 200 953 "http://renault.activities.at/account" "Mozilla/5.0 (Windows NT 10.0; WOW64; Trident/7.0; rv:11.0) like Gecko"
91.133.70.9 - - [04/Mar/2020:09:28:15 +0100] "GET /images/search_bg.gif HTTP/1.1" 200 1726 "http://renault.activities.at/account" "Mozilla/5.0 (Windows NT 10.0; WOW64; Trident/7.0; rv:11.0) like Gecko"
91.133.70.9 - - [04/Mar/2020:09:28:15 +0100] "GET /images/top_links_divider.gif HTTP/1.1" 200 44 "http://renault.activities.at/account" "Mozilla/5.0 (Windows NT 10.0; WOW64; Trident/7.0; rv:11.0) like Gecko"
91.133.70.9 - - [04/Mar/2020:09:28:15 +0100] "GET /images/nav_divider.gif HTTP/1.1" 200 43 "http://renault.activities.at/account" "Mozilla/5.0 (Windows NT 10.0; WOW64; Trident/7.0; rv:11.0) like Gecko"
91.133.70.9 - - [04/Mar/2020:09:28:15 +0100] "GET /images/menu_button_bg.jpg HTTP/1.1" 200 322 "http://renault.activities.at/account" "Mozilla/5.0 (Windows NT 10.0; WOW64; Trident/7.0; rv:11.0) like Gecko"
91.133.70.9 - - [04/Mar/2020:09:28:15 +0100] "GET /images/menu_divider.gif HTTP/1.1" 200 176 "http://renault.activities.at/account" "Mozilla/5.0 (Windows NT 10.0; WOW64; Trident/7.0; rv:11.0) like Gecko"
91.133.70.9 - - [04/Mar/2020:09:28:15 +0100] "GET /loadthumbnail.php?id=11798476&width=50&height=50 HTTP/1.1" 200 1098 "http://renault.activities.at/account" "Mozilla/5.0 (Windows NT 10.0; WOW64; Trident/7.0; rv:11.0) like Gecko"
91.133.70.9 - - [04/Mar/2020:09:28:15 +0100] "GET /loadthumbnail.php?id=11847427&width=50&height=50 HTTP/1.1" 200 1110 "http://renault.activities.at/account" "Mozilla/5.0 (Windows NT 10.0; WOW64; Trident/7.0; rv:11.0) like Gecko"
91.133.70.9 - - [04/Mar/2020:09:28:15 +0100] "GET /images/sidebar_title_border_top.gif HTTP/1.1" 200 155 "http://renault.activities.at/account" "Mozilla/5.0 (Windows NT 10.0; WOW64; Trident/7.0; rv:11.0) like Gecko"
91.133.70.9 - - [04/Mar/2020:09:28:15 +0100] "GET /images/sidebar_title_border.gif HTTP/1.1" 200 43 "http://renault.activities.at/account" "Mozilla/5.0 (Windows NT 10.0; WOW64; Trident/7.0; rv:11.0) like Gecko"
91.133.70.9 - - [04/Mar/2020:09:28:15 +0100] "GET /loadthumbnail.php?id=10269569&width=50&height=50 HTTP/1.1" 200 774 "http://renault.activities.at/account" "Mozilla/5.0 (Windows NT 10.0; WOW64; Trident/7.0; rv:11.0) like Gecko"
138.21.12.22 - - [04/Mar/2020:09:28:15 +0100] "GET /css/themes/alphacube/top_mid.gif HTTP/1.1" 304 - "http://renault.2web.at/css/themes/alphacube.css" "Mozilla/5.0 (Windows NT 10.0; Win64; x64) AppleWebKit/537.36 (KHTML, like Gecko) Chrome/80.0.3987.122 Safari/537.36"
138.21.12.22 - - [04/Mar/2020:09:28:15 +0100] "GET /css/themes/alphacube/bottom_middle.gif HTTP/1.1" 304 - "http://renault.2web.at/css/themes/alphacube.css" "Mozilla/5.0 (Windows NT 10.0; Win64; x64) AppleWebKit/537.36 (KHTML, like Gecko) Chrome/80.0.3987.122 Safari/537.36"
138.21.12.22 - - [04/Mar/2020:09:28:15 +0100] "GET /css/themes/alphacube/frame_right.gif HTTP/1.1" 304 - "http://renault.2web.at/css/themes/alphacube.css" "Mozilla/5.0 (Windows NT 10.0; Win64; x64) AppleWebKit/537.36 (KHTML, like Gecko) Chrome/80.0.3987.122 Safari/537.36"
91.133.70.9 - - [04/Mar/2020:09:28:15 +0100] "GET /images/sidebar_title_corner_right_top.gif HTTP/1.1" 200 383 "http://renault.activities.at/account" "Mozilla/5.0 (Windows NT 10.0; WOW64; Trident/7.0; rv:11.0) like Gecko"
91.133.70.9 - - [04/Mar/2020:09:28:15 +0100] "GET /images/sidebar_title_corner_left_top.gif HTTP/1.1" 200 1124 "http://renault.activities.at/account" "Mozilla/5.0 (Windows NT 10.0; WOW64; Trident/7.0; rv:11.0) like Gecko"
138.21.12.22 - - [04/Mar/2020:09:28:15 +0100] "GET /css/themes/alphacube/frame_left.gif HTTP/1.1" 304 - "http://renault.2web.at/css/themes/alphacube.css" "Mozilla/5.0 (Windows NT 10.0; Win64; x64) AppleWebKit/537.36 (KHTML, like Gecko) Chrome/80.0.3987.122 Safari/537.36"
91.133.70.9 - - [04/Mar/2020:09:28:15 +0100] "GET /images/footer_divider.gif HTTP/1.1" 200 44 "http://renault.activities.at/account" "Mozilla/5.0 (Windows NT 10.0; WOW64; Trident/7.0; rv:11.0) like Gecko"
138.21.12.22 - - [04/Mar/2020:09:28:15 +0100] "GET /css/themes/alphacube/button-close-focus.gif HTTP/1.1" 304 - "http://renault.2web.at/css/themes/alphacube.css" "Mozilla/5.0 (Windows NT 10.0; Win64; x64) AppleWebKit/537.36 (KHTML, like Gecko) Chrome/80.0.3987.122 Safari/537.36"
91.133.70.9 - - [04/Mar/2020:09:28:15 +0100] "GET /favicon.ico HTTP/1.1" 200 3250 "-" "Mozilla/5.0 (Windows NT 10.0; Win64; x64; Trident/7.0; rv:11.0) like Gecko"
138.21.12.22 - - [04/Mar/2020:09:28:15 +0100] "GET /css/themes/alphacube/bottom_left-c.gif HTTP/1.1" 304 - "http://renault.2web.at/css/themes/alphacube.css" "Mozilla/5.0 (Windows NT 10.0; Win64; x64) AppleWebKit/537.36 (KHTML, like Gecko) Chrome/80.0.3987.122 Safari/537.36"
138.21.12.22 - - [04/Mar/2020:09:28:15 +0100] "GET /css/themes/alphacube/top_right.gif HTTP/1.1" 304 - "http://renault.2web.at/css/themes/alphacube.css" "Mozilla/5.0 (Windows NT 10.0; Win64; x64) AppleWebKit/537.36 (KHTML, like Gecko) Chrome/80.0.3987.122 Safari/537.36"
138.21.12.22 - - [04/Mar/2020:09:28:15 +0100] "GET /css/themes/alphacube/bottom_right-c.gif HTTP/1.1" 304 - "http://renault.2web.at/css/themes/alphacube.css" "Mozilla/5.0 (Windows NT 10.0; Win64; x64) AppleWebKit/537.36 (KHTML, like Gecko) Chrome/80.0.3987.122 Safari/537.36"
138.21.12.22 - - [04/Mar/2020:09:28:15 +0100] "GET /css/themes/alphacube/top_left.gif HTTP/1.1" 304 - "http://renault.2web.at/css/themes/alphacube.css" "Mozilla/5.0 (Windows NT 10.0; Win64; x64) AppleWebKit/537.36 (KHTML, like Gecko) Chrome/80.0.3987.122 Safari/537.36"
138.21.12.22 - - [04/Mar/2020:09:28:15 +0100] "GET /12130652?print=true HTTP/1.1" 200 2673 "http://renault.2web.at/10201636" "Mozilla/5.0 (Windows NT 10.0; Win64; x64) AppleWebKit/537.36 (KHTML, like Gecko) Chrome/80.0.3987.122 Safari/537.36"
138.21.12.22 - - [04/Mar/2020:09:28:18 +0100] "GET /js/magiczoom/magiczoom.css HTTP/1.1" 304 - "http://renault.2web.at/12130652?print=true" "Mozilla/5.0 (Windows NT 10.0; Win64; x64) AppleWebKit/537.36 (KHTML, like Gecko) Chrome/80.0.3987.122 Safari/537.36"
138.21.12.22 - - [04/Mar/2020:09:28:18 +0100] "GET /js/magiczoom/magiczoom.js HTTP/1.1" 200 26397 "http://renault.2web.at/12130652?print=true" "Mozilla/5.0 (Windows NT 10.0; Win64; x64) AppleWebKit/537.36 (KHTML, like Gecko) Chrome/80.0.3987.122 Safari/537.36"
138.21.12.22 - - [04/Mar/2020:09:28:18 +0100] "GET /js/Produkt.js HTTP/1.1" 304 - "http://renault.2web.at/12130652?print=true" "Mozilla/5.0 (Windows NT 10.0; Win64; x64) AppleWebKit/537.36 (KHTML, like Gecko) Chrome/80.0.3987.122 Safari/537.36"
138.21.12.22 - - [04/Mar/2020:09:28:18 +0100] "GET /loadthumbnail.php?id=12130660&width=250 HTTP/1.1" 200 38144 "http://renault.2web.at/12130652?print=true" "Mozilla/5.0 (Windows NT 10.0; Win64; x64) AppleWebKit/537.36 (KHTML, like Gecko) Chrome/80.0.3987.122 Safari/537.36"
138.21.12.22 - - [04/Mar/2020:09:28:20 +0100] "GET /js/magiczoom/graphics/loader.gif HTTP/1.1" 304 - "http://renault.2web.at/js/magiczoom/magiczoom.css" "Mozilla/5.0 (Windows NT 10.0; Win64; x64) AppleWebKit/537.36 (KHTML, like Gecko) Chrome/80.0.3987.122 Safari/537.36"
138.21.12.22 - - [04/Mar/2020:09:28:19 +0100] "GET /loadthumbnail.php?id=12130660&width=900&height=900 HTTP/1.1" 200 389073 "http://renault.2web.at/12130652?print=true" "Mozilla/5.0 (Windows NT 10.0; Win64; x64) AppleWebKit/537.36 (KHTML, like Gecko) Chrome/80.0.3987.122 Safari/537.36"
138.21.12.22 - - [04/Mar/2020:09:28:21 +0100] "GET /js/magiczoom/graphics/zoomin.cur HTTP/1.1" 200 326 "http://renault.2web.at/js/magiczoom/magiczoom.css" "Mozilla/5.0 (Windows NT 10.0; Win64; x64) AppleWebKit/537.36 (KHTML, like Gecko) Chrome/80.0.3987.122 Safari/537.36"
138.21.12.22 - - [04/Mar/2020:09:28:21 +0100] "GET /js/magiczoom/graphics/hint.gif HTTP/1.1" 304 - "http://renault.2web.at/js/magiczoom/magiczoom.css" "Mozilla/5.0 (Windows NT 10.0; Win64; x64) AppleWebKit/537.36 (KHTML, like Gecko) Chrome/80.0.3987.122 Safari/537.36"
185.58.53.32 - - [04/Mar/2020:09:28:25 +0100] "GET /reload?ser=1583310460800 HTTP/1.1" 200 28 "http://renault.activities.at/10201442?dir=DESC&mode=grid&order=name&limit=15&page=12" "Mozilla/5.0 (Windows NT 6.1; WOW64; Trident/7.0; rv:11.0) like Gecko"
138.21.12.22 - - [04/Mar/2020:09:28:25 +0100] "GET /reload?ser=1583310505266 HTTP/1.1" 200 28 "http://renault.2web.at/10201636" "Mozilla/5.0 (Windows NT 10.0; Win64; x64) AppleWebKit/537.36 (KHTML, like Gecko) Chrome/80.0.3987.122 Safari/537.36"
193.194.132.30 - - [04/Mar/2020:09:28:42 +0100] "GET /reload?ser=1583310522209 HTTP/1.1" 200 28 "http://renault.2web.at/success" "Mozilla/5.0 (Windows NT 10.0; WOW64; Trident/7.0; Touch; rv:11.0) like Gecko"
212.89.176.40 - - [04/Mar/2020:09:28:46 +0100] "GET /reload?ser=1583310442290 HTTP/1.1" 200 28 "http://renault.activities.at/cart?datachange=true" "Mozilla/5.0 (Windows NT 10.0; WOW64; Trident/7.0; rv:11.0) like Gecko"
91.133.70.9 - - [04/Mar/2020:09:29:15 +0100] "GET /reload?ser=1583310436211 HTTP/1.1" 200 28 "http://renault.activities.at/account" "Mozilla/5.0 (Windows NT 10.0; WOW64; Trident/7.0; rv:11.0) like Gecko"
185.58.53.32 - - [04/Mar/2020:09:29:26 +0100] "GET /reload?ser=1583310521745 HTTP/1.1" 200 28 "http://renault.activities.at/10201442?dir=DESC&mode=grid&order=name&limit=15&page=12" "Mozilla/5.0 (Windows NT 6.1; WOW64; Trident/7.0; rv:11.0) like Gecko"
138.21.12.22 - - [04/Mar/2020:09:29:26 +0100] "GET /reload?ser=1583310566357 HTTP/1.1" 200 28 "http://renault.2web.at/10201636" "Mozilla/5.0 (Windows NT 10.0; Win64; x64) AppleWebKit/537.36 (KHTML, like Gecko) Chrome/80.0.3987.122 Safari/537.36"
193.194.132.30 - - [04/Mar/2020:09:29:43 +0100] "GET /reload?ser=1583310583210 HTTP/1.1" 200 28 "http://renault.2web.at/success" "Mozilla/5.0 (Windows NT 10.0; WOW64; Trident/7.0; Touch; rv:11.0) like Gecko"
91.133.70.9 - - [04/Mar/2020:09:29:45 +0100] "POST /axjaxrequest?mode=suggest HTTP/1.1" 200 111 "http://renault.activities.at/account" "Mozilla/5.0 (Windows NT 10.0; WOW64; Trident/7.0; rv:11.0) like Gecko"
212.89.176.40 - - [04/Mar/2020:09:29:47 +0100] "GET /reload?ser=1583310503230 HTTP/1.1" 200 28 "http://renault.activities.at/cart?datachange=true" "Mozilla/5.0 (Windows NT 10.0; WOW64; Trident/7.0; rv:11.0) like Gecko"
91.133.70.9 - - [04/Mar/2020:09:29:46 +0100] "GET /result?searchterm=true&search=captur HTTP/1.1" 200 8743 "http://renault.activities.at/account" "Mozilla/5.0 (Windows NT 10.0; WOW64; Trident/7.0; rv:11.0) like Gecko"
91.133.70.9 - - [04/Mar/2020:09:29:46 +0100] "POST /axjaxrequest?mode=suggest HTTP/1.1" 200 111 "http://renault.activities.at/account" "Mozilla/5.0 (Windows NT 10.0; WOW64; Trident/7.0; rv:11.0) like Gecko"
91.133.70.9 - - [04/Mar/2020:09:29:49 +0100] "GET /result?searchterm=true&search=captur HTTP/1.1" 200 8743 "http://renault.activities.at/account" "Mozilla/5.0 (Windows NT 10.0; WOW64; Trident/7.0; rv:11.0) like Gecko"
91.133.70.9 - - [04/Mar/2020:09:29:54 +0100] "GET /js/prototip.js HTTP/1.1" 200 4588 "http://renault.activities.at/result?searchterm=true&search=captur" "Mozilla/5.0 (Windows NT 10.0; WOW64; Trident/7.0; rv:11.0) like Gecko"
91.133.70.9 - - [04/Mar/2020:09:29:54 +0100] "GET /images/loading.gif HTTP/1.1" 200 3208 "http://renault.activities.at/result?searchterm=true&search=captur" "Mozilla/5.0 (Windows NT 10.0; WOW64; Trident/7.0; rv:11.0) like Gecko"
91.133.70.9 - - [04/Mar/2020:09:29:54 +0100] "GET /js/ProduktGrp.js HTTP/1.1" 200 1569 "http://renault.activities.at/result?searchterm=true&search=captur" "Mozilla/5.0 (Windows NT 10.0; WOW64; Trident/7.0; rv:11.0) like Gecko"
91.133.70.9 - - [04/Mar/2020:09:29:54 +0100] "GET /loadthumbnail.php?id=10203276 HTTP/1.1" 200 75 "http://renault.activities.at/result?searchterm=true&search=captur" "Mozilla/5.0 (Windows NT 10.0; WOW64; Trident/7.0; rv:11.0) like Gecko"
91.133.70.9 - - [04/Mar/2020:09:29:54 +0100] "GET /loadthumbnail.php?id=12174331&width=113 HTTP/1.1" 200 6083 "http://renault.activities.at/result?searchterm=true&search=captur" "Mozilla/5.0 (Windows NT 10.0; WOW64; Trident/7.0; rv:11.0) like Gecko"
91.133.70.9 - - [04/Mar/2020:09:29:54 +0100] "GET /loadthumbnail.php?id=10203255 HTTP/1.1" 200 137 "http://renault.activities.at/result?searchterm=true&search=captur" "Mozilla/5.0 (Windows NT 10.0; WOW64; Trident/7.0; rv:11.0) like Gecko"
91.133.70.9 - - [04/Mar/2020:09:29:54 +0100] "GET /loadthumbnail.php?id=12010039&width=113 HTTP/1.1" 200 19412 "http://renault.activities.at/result?searchterm=true&search=captur" "Mozilla/5.0 (Windows NT 10.0; WOW64; Trident/7.0; rv:11.0) like Gecko"
91.133.70.9 - - [04/Mar/2020:09:29:54 +0100] "GET /loadthumbnail.php?id=12153814&width=113 HTTP/1.1" 200 3262 "http://renault.activities.at/result?searchterm=true&search=captur" "Mozilla/5.0 (Windows NT 10.0; WOW64; Trident/7.0; rv:11.0) like Gecko"
91.133.70.9 - - [04/Mar/2020:09:29:54 +0100] "GET /images/pager_bg.gif HTTP/1.1" 200 150 "http://renault.activities.at/result?searchterm=true&search=captur" "Mozilla/5.0 (Windows NT 10.0; WOW64; Trident/7.0; rv:11.0) like Gecko"
91.133.70.9 - - [04/Mar/2020:09:29:54 +0100] "GET /images/vista-up.gif HTTP/1.1" 200 131 "http://renault.activities.at/result?searchterm=true&search=captur" "Mozilla/5.0 (Windows NT 10.0; WOW64; Trident/7.0; rv:11.0) like Gecko"
91.133.70.9 - - [04/Mar/2020:09:29:54 +0100] "GET /loadthumbnail.php?id=11181187&width=113 HTTP/1.1" 200 1532 "http://renault.activities.at/result?searchterm=true&search=captur" "Mozilla/5.0 (Windows NT 10.0; WOW64; Trident/7.0; rv:11.0) like Gecko"
91.133.70.9 - - [04/Mar/2020:09:29:54 +0100] "GET /images/vista-dn.gif HTTP/1.1" 200 128 "http://renault.activities.at/result?searchterm=true&search=captur" "Mozilla/5.0 (Windows NT 10.0; WOW64; Trident/7.0; rv:11.0) like Gecko"
91.133.70.9 - - [04/Mar/2020:09:29:54 +0100] "GET /images/validation_advice_bg.gif HTTP/1.1" 200 134 "http://renault.activities.at/result?searchterm=true&search=captur" "Mozilla/5.0 (Windows NT 10.0; WOW64; Trident/7.0; rv:11.0) like Gecko"
91.133.70.9 - - [04/Mar/2020:09:29:54 +0100] "GET /loadthumbnail.php?id=11181180&width=113 HTTP/1.1" 200 1834 "http://renault.activities.at/result?searchterm=true&search=captur" "Mozilla/5.0 (Windows NT 10.0; WOW64; Trident/7.0; rv:11.0) like Gecko"
91.133.70.9 - - [04/Mar/2020:09:29:54 +0100] "GET /loadthumbnail.php?id=11181178&width=113 HTTP/1.1" 200 1834 "http://renault.activities.at/result?searchterm=true&search=captur" "Mozilla/5.0 (Windows NT 10.0; WOW64; Trident/7.0; rv:11.0) like Gecko"
91.133.70.9 - - [04/Mar/2020:09:29:54 +0100] "GET /loadthumbnail.php?id=11181185&width=113 HTTP/1.1" 200 1532 "http://renault.activities.at/result?searchterm=true&search=captur" "Mozilla/5.0 (Windows NT 10.0; WOW64; Trident/7.0; rv:11.0) like Gecko"
91.133.70.9 - - [04/Mar/2020:09:29:54 +0100] "GET /loadthumbnail.php?id=11181223&width=113 HTTP/1.1" 200 1171 "http://renault.activities.at/result?searchterm=true&search=captur" "Mozilla/5.0 (Windows NT 10.0; WOW64; Trident/7.0; rv:11.0) like Gecko"
91.133.70.9 - - [04/Mar/2020:09:29:54 +0100] "GET /loadthumbnail.php?id=11194713&width=113 HTTP/1.1" 200 1171 "http://renault.activities.at/result?searchterm=true&search=captur" "Mozilla/5.0 (Windows NT 10.0; WOW64; Trident/7.0; rv:11.0) like Gecko"
91.133.70.9 - - [04/Mar/2020:09:29:54 +0100] "GET /loadthumbnail.php?id=11181221&width=113 HTTP/1.1" 200 1171 "http://renault.activities.at/result?searchterm=true&search=captur" "Mozilla/5.0 (Windows NT 10.0; WOW64; Trident/7.0; rv:11.0) like Gecko"
91.133.70.9 - - [04/Mar/2020:09:29:54 +0100] "GET /loadthumbnail.php?id=11181166&width=113 HTTP/1.1" 200 847 "http://renault.activities.at/result?searchterm=true&search=captur" "Mozilla/5.0 (Windows NT 10.0; WOW64; Trident/7.0; rv:11.0) like Gecko"
91.133.70.9 - - [04/Mar/2020:09:29:54 +0100] "GET /loadthumbnail.php?id=11181168&width=113 HTTP/1.1" 200 847 "http://renault.activities.at/result?searchterm=true&search=captur" "Mozilla/5.0 (Windows NT 10.0; WOW64; Trident/7.0; rv:11.0) like Gecko"
91.133.70.9 - - [04/Mar/2020:09:29:54 +0100] "GET /loadthumbnail.php?id=11181172&width=113 HTTP/1.1" 200 1576 "http://renault.activities.at/result?searchterm=true&search=captur" "Mozilla/5.0 (Windows NT 10.0; WOW64; Trident/7.0; rv:11.0) like Gecko"
91.133.70.9 - - [04/Mar/2020:09:29:54 +0100] "GET /loadthumbnail.php?id=11181170&width=113 HTTP/1.1" 200 1576 "http://renault.activities.at/result?searchterm=true&search=captur" "Mozilla/5.0 (Windows NT 10.0; WOW64; Trident/7.0; rv:11.0) like Gecko"
91.133.70.9 - - [04/Mar/2020:09:29:54 +0100] "GET /loadthumbnail.php?id=12150120&width=113 HTTP/1.1" 200 1538 "http://renault.activities.at/result?searchterm=true&search=captur" "Mozilla/5.0 (Windows NT 10.0; WOW64; Trident/7.0; rv:11.0) like Gecko"
91.133.70.9 - - [04/Mar/2020:09:30:06 +0100] "GET /images/vista-up-hover.gif HTTP/1.1" 200 130 "http://renault.activities.at/result?searchterm=true&search=captur" "Mozilla/5.0 (Windows NT 10.0; WOW64; Trident/7.0; rv:11.0) like Gecko"
91.133.70.9 - - [04/Mar/2020:09:30:07 +0100] "POST /result?searchterm=true&search=captur HTTP/1.1" 200 8860 "http://renault.activities.at/result?searchterm=true&search=captur" "Mozilla/5.0 (Windows NT 10.0; WOW64; Trident/7.0; rv:11.0) like Gecko"
91.133.70.9 - - [04/Mar/2020:09:30:11 +0100] "GET /images/success_msg_icon.gif HTTP/1.1" 200 1024 "http://renault.activities.at/result?searchterm=true&search=captur" "Mozilla/5.0 (Windows NT 10.0; WOW64; Trident/7.0; rv:11.0) like Gecko"
91.133.70.9 - - [04/Mar/2020:09:30:14 +0100] "GET /result?dir=DESC&mode=grid&order=name&limit=15&page=2&search=captur HTTP/1.1" 200 7258 "http://renault.activities.at/result?searchterm=true&search=captur" "Mozilla/5.0 (Windows NT 10.0; WOW64; Trident/7.0; rv:11.0) like Gecko"
91.133.70.9 - - [04/Mar/2020:09:30:17 +0100] "GET /loadthumbnail.php?id=10203275 HTTP/1.1" 200 85 "http://renault.activities.at/result?dir=DESC&mode=grid&order=name&limit=15&page=2&search=captur" "Mozilla/5.0 (Windows NT 10.0; WOW64; Trident/7.0; rv:11.0) like Gecko"
91.133.70.9 - - [04/Mar/2020:09:30:17 +0100] "GET /loadthumbnail.php?id=12134932&width=113 HTTP/1.1" 200 2975 "http://renault.activities.at/result?dir=DESC&mode=grid&order=name&limit=15&page=2&search=captur" "Mozilla/5.0 (Windows NT 10.0; WOW64; Trident/7.0; rv:11.0) like Gecko"
91.133.70.9 - - [04/Mar/2020:09:30:17 +0100] "GET /loadthumbnail.php?id=12201241&width=113 HTTP/1.1" 200 4244 "http://renault.activities.at/result?dir=DESC&mode=grid&order=name&limit=15&page=2&search=captur" "Mozilla/5.0 (Windows NT 10.0; WOW64; Trident/7.0; rv:11.0) like Gecko"
91.133.70.9 - - [04/Mar/2020:09:30:17 +0100] "GET /loadthumbnail.php?id=12150121&width=113 HTTP/1.1" 200 1811 "http://renault.activities.at/result?dir=DESC&mode=grid&order=name&limit=15&page=2&search=captur" "Mozilla/5.0 (Windows NT 10.0; WOW64; Trident/7.0; rv:11.0) like Gecko"
91.133.70.9 - - [04/Mar/2020:09:30:17 +0100] "GET /loadthumbnail.php?id=10995605&width=113 HTTP/1.1" 200 1252 "http://renault.activities.at/result?dir=DESC&mode=grid&order=name&limit=15&page=2&search=captur" "Mozilla/5.0 (Windows NT 10.0; WOW64; Trident/7.0; rv:11.0) like Gecko"
91.133.70.9 - - [04/Mar/2020:09:30:17 +0100] "GET /loadthumbnail.php?id=12176975&width=113 HTTP/1.1" 200 3351 "http://renault.activities.at/result?dir=DESC&mode=grid&order=name&limit=15&page=2&search=captur" "Mozilla/5.0 (Windows NT 10.0; WOW64; Trident/7.0; rv:11.0) like Gecko"
91.133.70.9 - - [04/Mar/2020:09:30:17 +0100] "GET /loadthumbnail.php?id=11334755&width=113 HTTP/1.1" 200 23865 "http://renault.activities.at/result?dir=DESC&mode=grid&order=name&limit=15&page=2&search=captur" "Mozilla/5.0 (Windows NT 10.0; WOW64; Trident/7.0; rv:11.0) like Gecko"
91.133.70.9 - - [04/Mar/2020:09:30:17 +0100] "GET /loadthumbnail.php?id=11715013&width=113 HTTP/1.1" 200 33856 "http://renault.activities.at/result?dir=DESC&mode=grid&order=name&limit=15&page=2&search=captur" "Mozilla/5.0 (Windows NT 10.0; WOW64; Trident/7.0; rv:11.0) like Gecko"
91.133.70.9 - - [04/Mar/2020:09:30:21 +0100] "GET /result?dir=DESC&mode=grid&order=name&limit=15&page=1&search=captur HTTP/1.1" 200 8743 "http://renault.activities.at/result?dir=DESC&mode=grid&order=name&limit=15&page=2&search=captur" "Mozilla/5.0 (Windows NT 10.0; WOW64; Trident/7.0; rv:11.0) like Gecko"
185.58.53.32 - - [04/Mar/2020:09:30:27 +0100] "GET /reload?ser=1583310582710 HTTP/1.1" 200 28 "http://renault.activities.at/10201442?dir=DESC&mode=grid&order=name&limit=15&page=12" "Mozilla/5.0 (Windows NT 6.1; WOW64; Trident/7.0; rv:11.0) like Gecko"
138.21.12.22 - - [04/Mar/2020:09:30:27 +0100] "GET /reload?ser=1583310627426 HTTP/1.1" 200 28 "http://renault.2web.at/10201636" "Mozilla/5.0 (Windows NT 10.0; Win64; x64) AppleWebKit/537.36 (KHTML, like Gecko) Chrome/80.0.3987.122 Safari/537.36"
193.194.132.30 - - [04/Mar/2020:09:30:44 +0100] "GET /reload?ser=1583310644242 HTTP/1.1" 200 28 "http://renault.2web.at/success" "Mozilla/5.0 (Windows NT 10.0; WOW64; Trident/7.0; Touch; rv:11.0) like Gecko"
212.89.176.40 - - [04/Mar/2020:09:30:48 +0100] "GET /reload?ser=1583310564163 HTTP/1.1" 200 28 "http://renault.activities.at/cart?datachange=true" "Mozilla/5.0 (Windows NT 10.0; WOW64; Trident/7.0; rv:11.0) like Gecko"
91.133.70.9 - - [04/Mar/2020:09:30:58 +0100] "GET /result?dir=DESC&mode=grid&order=name&limit=15&page=2&search=captur HTTP/1.1" 200 7258 "http://renault.activities.at/result?dir=DESC&mode=grid&order=name&limit=15&page=1&search=captur" "Mozilla/5.0 (Windows NT 10.0; WOW64; Trident/7.0; rv:11.0) like Gecko"
91.133.70.9 - - [04/Mar/2020:09:31:05 +0100] "GET /result?dir=DESC&mode=grid&order=name&limit=15&page=1&search=captur HTTP/1.1" 200 8743 "http://renault.activities.at/result?dir=DESC&mode=grid&order=name&limit=15&page=2&search=captur" "Mozilla/5.0 (Windows NT 10.0; WOW64; Trident/7.0; rv:11.0) like Gecko"
91.133.70.9 - - [04/Mar/2020:09:31:12 +0100] "GET /images/vista-dn-hover.gif HTTP/1.1" 200 127 "http://renault.activities.at/result?dir=DESC&mode=grid&order=name&limit=15&page=1&search=captur" "Mozilla/5.0 (Windows NT 10.0; WOW64; Trident/7.0; rv:11.0) like Gecko"
91.133.70.9 - - [04/Mar/2020:09:31:16 +0100] "POST /result?dir=DESC&mode=grid&order=name&limit=15&page=1&search=captur HTTP/1.1" 200 8850 "http://renault.activities.at/result?dir=DESC&mode=grid&order=name&limit=15&page=1&search=captur" "Mozilla/5.0 (Windows NT 10.0; WOW64; Trident/7.0; rv:11.0) like Gecko"
138.21.12.22 - - [04/Mar/2020:09:31:18 +0100] "GET /10201636?dir=DESC&mode=grid&order=name&limit=30 HTTP/1.1" 200 10919 "http://renault.2web.at/10201636" "Mozilla/5.0 (Windows NT 10.0; Win64; x64) AppleWebKit/537.36 (KHTML, like Gecko) Chrome/80.0.3987.122 Safari/537.36"
138.21.12.22 - - [04/Mar/2020:09:31:24 +0100] "GET /images/vista-dn-hover.gif HTTP/1.1" 304 - "http://renault.2web.at/css/styles.css" "Mozilla/5.0 (Windows NT 10.0; Win64; x64) AppleWebKit/537.36 (KHTML, like Gecko) Chrome/80.0.3987.122 Safari/537.36"
185.58.53.32 - - [04/Mar/2020:09:31:27 +0100] "GET /reload?ser=1583310643671 HTTP/1.1" 200 28 "http://renault.activities.at/10201442?dir=DESC&mode=grid&order=name&limit=15&page=12" "Mozilla/5.0 (Windows NT 6.1; WOW64; Trident/7.0; rv:11.0) like Gecko"
91.133.70.9 - - [04/Mar/2020:09:31:27 +0100] "POST /result?dir=DESC&mode=grid&order=name&limit=15&page=1&search=captur HTTP/1.1" 200 8853 "http://renault.activities.at/result?dir=DESC&mode=grid&order=name&limit=15&page=1&search=captur" "Mozilla/5.0 (Windows NT 10.0; WOW64; Trident/7.0; rv:11.0) like Gecko"
193.194.132.30 - - [04/Mar/2020:09:31:45 +0100] "GET /reload?ser=1583310705278 HTTP/1.1" 200 28 "http://renault.2web.at/success" "Mozilla/5.0 (Windows NT 10.0; WOW64; Trident/7.0; Touch; rv:11.0) like Gecko"
212.89.176.40 - - [04/Mar/2020:09:31:49 +0100] "GET /reload?ser=1583310625117 HTTP/1.1" 200 28 "http://renault.activities.at/cart?datachange=true" "Mozilla/5.0 (Windows NT 10.0; WOW64; Trident/7.0; rv:11.0) like Gecko"
138.21.12.22 - - [04/Mar/2020:09:32:22 +0100] "GET /reload?ser=1583310742018 HTTP/1.1" 200 28 "http://renault.2web.at/10201636?dir=DESC&mode=grid&order=name&limit=30" "Mozilla/5.0 (Windows NT 10.0; Win64; x64) AppleWebKit/537.36 (KHTML, like Gecko) Chrome/80.0.3987.122 Safari/537.36"
185.58.53.32 - - [04/Mar/2020:09:32:28 +0100] "GET /reload?ser=1583310704626 HTTP/1.1" 200 28 "http://renault.activities.at/10201442?dir=DESC&mode=grid&order=name&limit=15&page=12" "Mozilla/5.0 (Windows NT 6.1; WOW64; Trident/7.0; rv:11.0) like Gecko"
91.133.70.9 - - [04/Mar/2020:09:32:31 +0100] "GET /reload?ser=1583310631974 HTTP/1.1" 200 28 "http://renault.activities.at/result?dir=DESC&mode=grid&order=name&limit=15&page=1&search=captur" "Mozilla/5.0 (Windows NT 10.0; WOW64; Trident/7.0; rv:11.0) like Gecko"
91.133.70.9 - - [04/Mar/2020:09:32:43 +0100] "GET /css/themes/alphacube/top_mid.gif HTTP/1.1" 200 833 "http://renault.activities.at/result?dir=DESC&mode=grid&order=name&limit=15&page=1&search=captur" "Mozilla/5.0 (Windows NT 10.0; WOW64; Trident/7.0; rv:11.0) like Gecko"
91.133.70.9 - - [04/Mar/2020:09:32:43 +0100] "GET /css/themes/alphacube/bottom_middle.gif HTTP/1.1" 200 44 "http://renault.activities.at/result?dir=DESC&mode=grid&order=name&limit=15&page=1&search=captur" "Mozilla/5.0 (Windows NT 10.0; WOW64; Trident/7.0; rv:11.0) like Gecko"
91.133.70.9 - - [04/Mar/2020:09:32:43 +0100] "GET /css/themes/alphacube/frame_right.gif HTTP/1.1" 200 64 "http://renault.activities.at/result?dir=DESC&mode=grid&order=name&limit=15&page=1&search=captur" "Mozilla/5.0 (Windows NT 10.0; WOW64; Trident/7.0; rv:11.0) like Gecko"
91.133.70.9 - - [04/Mar/2020:09:32:43 +0100] "GET /css/themes/alphacube/frame_left.gif HTTP/1.1" 200 64 "http://renault.activities.at/result?dir=DESC&mode=grid&order=name&limit=15&page=1&search=captur" "Mozilla/5.0 (Windows NT 10.0; WOW64; Trident/7.0; rv:11.0) like Gecko"
91.133.70.9 - - [04/Mar/2020:09:32:43 +0100] "GET /css/themes/alphacube/top_left.gif HTTP/1.1" 200 973 "http://renault.activities.at/result?dir=DESC&mode=grid&order=name&limit=15&page=1&search=captur" "Mozilla/5.0 (Windows NT 10.0; WOW64; Trident/7.0; rv:11.0) like Gecko"
91.133.70.9 - - [04/Mar/2020:09:32:43 +0100] "GET /css/themes/alphacube/button-close-focus.gif HTTP/1.1" 200 699 "http://renault.activities.at/result?dir=DESC&mode=grid&order=name&limit=15&page=1&search=captur" "Mozilla/5.0 (Windows NT 10.0; WOW64; Trident/7.0; rv:11.0) like Gecko"
91.133.70.9 - - [04/Mar/2020:09:32:43 +0100] "GET /css/themes/alphacube/top_right.gif HTTP/1.1" 200 972 "http://renault.activities.at/result?dir=DESC&mode=grid&order=name&limit=15&page=1&search=captur" "Mozilla/5.0 (Windows NT 10.0; WOW64; Trident/7.0; rv:11.0) like Gecko"
91.133.70.9 - - [04/Mar/2020:09:32:43 +0100] "GET /css/themes/alphacube/bottom_right-c.gif HTTP/1.1" 200 62 "http://renault.activities.at/result?dir=DESC&mode=grid&order=name&limit=15&page=1&search=captur" "Mozilla/5.0 (Windows NT 10.0; WOW64; Trident/7.0; rv:11.0) like Gecko"
91.133.70.9 - - [04/Mar/2020:09:32:43 +0100] "GET /css/themes/alphacube/bottom_left-c.gif HTTP/1.1" 200 62 "http://renault.activities.at/result?dir=DESC&mode=grid&order=name&limit=15&page=1&search=captur" "Mozilla/5.0 (Windows NT 10.0; WOW64; Trident/7.0; rv:11.0) like Gecko"
91.133.70.9 - - [04/Mar/2020:09:32:43 +0100] "GET /11136750?print=true HTTP/1.1" 200 3032 "http://renault.activities.at/result?dir=DESC&mode=grid&order=name&limit=15&page=1&search=captur" "Mozilla/5.0 (Windows NT 10.0; WOW64; Trident/7.0; rv:11.0) like Gecko"
91.133.70.9 - - [04/Mar/2020:09:32:46 +0100] "GET /js/Produkt.js HTTP/1.1" 200 852 "http://renault.activities.at/11136750?print=true" "Mozilla/5.0 (Windows NT 10.0; WOW64; Trident/7.0; rv:11.0) like Gecko"
91.133.70.9 - - [04/Mar/2020:09:32:46 +0100] "GET /js/magiczoom/magiczoom.css HTTP/1.1" 200 1210 "http://renault.activities.at/11136750?print=true" "Mozilla/5.0 (Windows NT 10.0; WOW64; Trident/7.0; rv:11.0) like Gecko"
91.133.70.9 - - [04/Mar/2020:09:32:46 +0100] "GET /js/magiczoom/magiczoom.js HTTP/1.1" 200 26397 "http://renault.activities.at/11136750?print=true" "Mozilla/5.0 (Windows NT 10.0; WOW64; Trident/7.0; rv:11.0) like Gecko"
91.133.70.9 - - [04/Mar/2020:09:32:46 +0100] "GET /js/tabs.js HTTP/1.1" 200 519 "http://renault.activities.at/11136750?print=true" "Mozilla/5.0 (Windows NT 10.0; WOW64; Trident/7.0; rv:11.0) like Gecko"
91.133.70.9 - - [04/Mar/2020:09:32:46 +0100] "GET /images/tabs_corner_right_top.gif HTTP/1.1" 200 98 "http://renault.activities.at/11136750?print=true" "Mozilla/5.0 (Windows NT 10.0; WOW64; Trident/7.0; rv:11.0) like Gecko"
91.133.70.9 - - [04/Mar/2020:09:32:46 +0100] "GET /images/tabs_corner_left_bot.gif HTTP/1.1" 200 98 "http://renault.activities.at/11136750?print=true" "Mozilla/5.0 (Windows NT 10.0; WOW64; Trident/7.0; rv:11.0) like Gecko"
91.133.70.9 - - [04/Mar/2020:09:32:46 +0100] "GET /images/tabs_button_corner_left_top_active.gif HTTP/1.1" 200 138 "http://renault.activities.at/11136750?print=true" "Mozilla/5.0 (Windows NT 10.0; WOW64; Trident/7.0; rv:11.0) like Gecko"
91.133.70.9 - - [04/Mar/2020:09:32:46 +0100] "GET /loadthumbnail.php?id=11181223&width=250 HTTP/1.1" 200 2675 "http://renault.activities.at/11136750?print=true" "Mozilla/5.0 (Windows NT 10.0; WOW64; Trident/7.0; rv:11.0) like Gecko"
91.133.70.9 - - [04/Mar/2020:09:32:46 +0100] "GET /loadthumbnail.php?id=11181224&width=83 HTTP/1.1" 200 1669 "http://renault.activities.at/11136750?print=true" "Mozilla/5.0 (Windows NT 10.0; WOW64; Trident/7.0; rv:11.0) like Gecko"
91.133.70.9 - - [04/Mar/2020:09:32:46 +0100] "GET /images/tabs_corner_left_top.gif HTTP/1.1" 200 99 "http://renault.activities.at/11136750?print=true" "Mozilla/5.0 (Windows NT 10.0; WOW64; Trident/7.0; rv:11.0) like Gecko"
91.133.70.9 - - [04/Mar/2020:09:32:46 +0100] "GET /loadthumbnail.php?id=11181223&width=83 HTTP/1.1" 200 926 "http://renault.activities.at/11136750?print=true" "Mozilla/5.0 (Windows NT 10.0; WOW64; Trident/7.0; rv:11.0) like Gecko"
91.133.70.9 - - [04/Mar/2020:09:32:46 +0100] "GET /images/tabs_border.gif HTTP/1.1" 200 43 "http://renault.activities.at/11136750?print=true" "Mozilla/5.0 (Windows NT 10.0; WOW64; Trident/7.0; rv:11.0) like Gecko"
91.133.70.9 - - [04/Mar/2020:09:32:46 +0100] "GET /images/tabs_corner_right_bot.gif HTTP/1.1" 200 99 "http://renault.activities.at/11136750?print=true" "Mozilla/5.0 (Windows NT 10.0; WOW64; Trident/7.0; rv:11.0) like Gecko"
91.133.70.9 - - [04/Mar/2020:09:32:46 +0100] "GET /images/tabs_button_corner_right_top_active.gif HTTP/1.1" 200 136 "http://renault.activities.at/11136750?print=true" "Mozilla/5.0 (Windows NT 10.0; WOW64; Trident/7.0; rv:11.0) like Gecko"
