212.89.176.40 - - [10/Mar/2020:09:33:20 +0100] "GET /js/checkout.css HTTP/1.1" 304 - "http://renault.activities.at/success" "Mozilla/5.0 (Windows NT 10.0; WOW64; Trident/7.0; rv:11.0) like Gecko"
212.89.176.40 - - [10/Mar/2020:09:33:20 +0100] "GET /css/themes/default.css HTTP/1.1" 304 - "http://renault.activities.at/success" "Mozilla/5.0 (Windows NT 10.0; WOW64; Trident/7.0; rv:11.0) like Gecko"
212.89.176.40 - - [10/Mar/2020:09:33:20 +0100] "GET /css/prototip.css HTTP/1.1" 304 - "http://renault.activities.at/success" "Mozilla/5.0 (Windows NT 10.0; WOW64; Trident/7.0; rv:11.0) like Gecko"
212.89.176.40 - - [10/Mar/2020:09:33:20 +0100] "GET /css/themes/alphacube.css HTTP/1.1" 304 - "http://renault.activities.at/success" "Mozilla/5.0 (Windows NT 10.0; WOW64; Trident/7.0; rv:11.0) like Gecko"
212.89.176.40 - - [10/Mar/2020:09:33:20 +0100] "GET /images/header_block_border.gif HTTP/1.1" 304 - "http://renault.activities.at/success" "Mozilla/5.0 (Windows NT 10.0; WOW64; Trident/7.0; rv:11.0) like Gecko"
212.89.176.40 - - [10/Mar/2020:09:33:20 +0100] "GET /images/search_bg.gif HTTP/1.1" 304 - "http://renault.activities.at/success" "Mozilla/5.0 (Windows NT 10.0; WOW64; Trident/7.0; rv:11.0) like Gecko"
212.89.176.40 - - [10/Mar/2020:09:33:20 +0100] "GET /images/header_block_corner_left_top.gif HTTP/1.1" 304 - "http://renault.activities.at/success" "Mozilla/5.0 (Windows NT 10.0; WOW64; Trident/7.0; rv:11.0) like Gecko"
212.89.176.40 - - [10/Mar/2020:09:33:20 +0100] "GET /images/header_block_corner_right_top.gif HTTP/1.1" 304 - "http://renault.activities.at/success" "Mozilla/5.0 (Windows NT 10.0; WOW64; Trident/7.0; rv:11.0) like Gecko"
212.89.176.40 - - [10/Mar/2020:09:33:20 +0100] "GET /images/top_links_divider.gif HTTP/1.1" 304 - "http://renault.activities.at/success" "Mozilla/5.0 (Windows NT 10.0; WOW64; Trident/7.0; rv:11.0) like Gecko"
212.89.176.40 - - [10/Mar/2020:09:33:20 +0100] "GET /images/menu_divider.gif HTTP/1.1" 304 - "http://renault.activities.at/success" "Mozilla/5.0 (Windows NT 10.0; WOW64; Trident/7.0; rv:11.0) like Gecko"
212.89.176.40 - - [10/Mar/2020:09:33:20 +0100] "GET /images/button_left_bg.gif HTTP/1.1" 304 - "http://renault.activities.at/success" "Mozilla/5.0 (Windows NT 10.0; WOW64; Trident/7.0; rv:11.0) like Gecko"
212.89.176.40 - - [10/Mar/2020:09:33:20 +0100] "GET /images/footer_divider.gif HTTP/1.1" 304 - "http://renault.activities.at/success" "Mozilla/5.0 (Windows NT 10.0; WOW64; Trident/7.0; rv:11.0) like Gecko"
212.89.176.40 - - [10/Mar/2020:09:33:20 +0100] "GET /images/title_corner_right_top.jpg HTTP/1.1" 304 - "http://renault.activities.at/success" "Mozilla/5.0 (Windows NT 10.0; WOW64; Trident/7.0; rv:11.0) like Gecko"
212.89.176.40 - - [10/Mar/2020:09:33:20 +0100] "GET /images/main_block_border.gif HTTP/1.1" 304 - "http://renault.activities.at/success" "Mozilla/5.0 (Windows NT 10.0; WOW64; Trident/7.0; rv:11.0) like Gecko"
212.89.176.40 - - [10/Mar/2020:09:33:20 +0100] "GET /images/menu_button_bg.jpg HTTP/1.1" 304 - "http://renault.activities.at/success" "Mozilla/5.0 (Windows NT 10.0; WOW64; Trident/7.0; rv:11.0) like Gecko"
212.89.176.40 - - [10/Mar/2020:09:33:20 +0100] "GET /images/title_border_top.jpg HTTP/1.1" 304 - "http://renault.activities.at/success" "Mozilla/5.0 (Windows NT 10.0; WOW64; Trident/7.0; rv:11.0) like Gecko"
212.89.176.40 - - [10/Mar/2020:09:33:20 +0100] "GET /images/main_block_corner_right_top.gif HTTP/1.1" 304 - "http://renault.activities.at/success" "Mozilla/5.0 (Windows NT 10.0; WOW64; Trident/7.0; rv:11.0) like Gecko"
212.89.176.40 - - [10/Mar/2020:09:33:20 +0100] "GET /images/title_corner_left_top.jpg HTTP/1.1" 304 - "http://renault.activities.at/success" "Mozilla/5.0 (Windows NT 10.0; WOW64; Trident/7.0; rv:11.0) like Gecko"
212.89.176.40 - - [10/Mar/2020:09:33:20 +0100] "GET /images/main_block_corner_left_bot.gif HTTP/1.1" 304 - "http://renault.activities.at/success" "Mozilla/5.0 (Windows NT 10.0; WOW64; Trident/7.0; rv:11.0) like Gecko"
212.89.176.40 - - [10/Mar/2020:09:33:20 +0100] "GET /images/main_block_corner_left_top.gif HTTP/1.1" 304 - "http://renault.activities.at/success" "Mozilla/5.0 (Windows NT 10.0; WOW64; Trident/7.0; rv:11.0) like Gecko"
212.89.176.40 - - [10/Mar/2020:09:33:20 +0100] "GET /images/title_border.jpg HTTP/1.1" 304 - "http://renault.activities.at/success" "Mozilla/5.0 (Windows NT 10.0; WOW64; Trident/7.0; rv:11.0) like Gecko"
212.89.176.40 - - [10/Mar/2020:09:33:20 +0100] "GET /images/nav_divider.gif HTTP/1.1" 304 - "http://renault.activities.at/success" "Mozilla/5.0 (Windows NT 10.0; WOW64; Trident/7.0; rv:11.0) like Gecko"
212.89.176.40 - - [10/Mar/2020:09:33:20 +0100] "GET /images/main_block_corner_right_bot.gif HTTP/1.1" 304 - "http://renault.activities.at/success" "Mozilla/5.0 (Windows NT 10.0; WOW64; Trident/7.0; rv:11.0) like Gecko"
138.21.12.22 - - [10/Mar/2020:09:33:29 +0100] "GET /reload?ser=1583829209438 HTTP/1.1" 200 28 "http://renault.2web.at/account?loadrequest=true" "Mozilla/5.0 (Windows NT 10.0; WOW64; Trident/7.0; Touch; rv:11.0) like Gecko"
212.89.176.40 - - [10/Mar/2020:09:33:38 +0100] "POST /axjaxrequest?mode=suggest HTTP/1.1" 200 195 "http://renault.activities.at/success" "Mozilla/5.0 (Windows NT 10.0; WOW64; Trident/7.0; rv:11.0) like Gecko"
212.89.176.40 - - [10/Mar/2020:09:33:40 +0100] "GET /result?searchterm=true&search=zubeh%F6rpakete HTTP/1.1" 200 8289 "http://renault.activities.at/success" "Mozilla/5.0 (Windows NT 10.0; WOW64; Trident/7.0; rv:11.0) like Gecko"
212.89.176.40 - - [10/Mar/2020:09:33:43 +0100] "GET /js/default.js HTTP/1.1" 304 - "http://renault.activities.at/result?searchterm=true&search=zubeh%F6rpakete" "Mozilla/5.0 (Windows NT 10.0; WOW64; Trident/7.0; rv:11.0) like Gecko"
212.89.176.40 - - [10/Mar/2020:09:33:43 +0100] "GET /js/prototip.js HTTP/1.1" 304 - "http://renault.activities.at/result?searchterm=true&search=zubeh%F6rpakete" "Mozilla/5.0 (Windows NT 10.0; WOW64; Trident/7.0; rv:11.0) like Gecko"
212.89.176.40 - - [10/Mar/2020:09:33:43 +0100] "GET /css/reset.css HTTP/1.1" 304 - "http://renault.activities.at/result?searchterm=true&search=zubeh%F6rpakete" "Mozilla/5.0 (Windows NT 10.0; WOW64; Trident/7.0; rv:11.0) like Gecko"
212.89.176.40 - - [10/Mar/2020:09:33:43 +0100] "GET /css/clears.css HTTP/1.1" 304 - "http://renault.activities.at/result?searchterm=true&search=zubeh%F6rpakete" "Mozilla/5.0 (Windows NT 10.0; WOW64; Trident/7.0; rv:11.0) like Gecko"
212.89.176.40 - - [10/Mar/2020:09:33:43 +0100] "GET /css/styles.css HTTP/1.1" 304 - "http://renault.activities.at/result?searchterm=true&search=zubeh%F6rpakete" "Mozilla/5.0 (Windows NT 10.0; WOW64; Trident/7.0; rv:11.0) like Gecko"
212.89.176.40 - - [10/Mar/2020:09:33:43 +0100] "GET /css/print.css HTTP/1.1" 304 - "http://renault.activities.at/result?searchterm=true&search=zubeh%F6rpakete" "Mozilla/5.0 (Windows NT 10.0; WOW64; Trident/7.0; rv:11.0) like Gecko"
212.89.176.40 - - [10/Mar/2020:09:33:43 +0100] "GET /js/checkout.css HTTP/1.1" 304 - "http://renault.activities.at/result?searchterm=true&search=zubeh%F6rpakete" "Mozilla/5.0 (Windows NT 10.0; WOW64; Trident/7.0; rv:11.0) like Gecko"
212.89.176.40 - - [10/Mar/2020:09:33:43 +0100] "GET /css/themes/default.css HTTP/1.1" 304 - "http://renault.activities.at/result?searchterm=true&search=zubeh%F6rpakete" "Mozilla/5.0 (Windows NT 10.0; WOW64; Trident/7.0; rv:11.0) like Gecko"
212.89.176.40 - - [10/Mar/2020:09:33:43 +0100] "GET /css/prototip.css HTTP/1.1" 304 - "http://renault.activities.at/result?searchterm=true&search=zubeh%F6rpakete" "Mozilla/5.0 (Windows NT 10.0; WOW64; Trident/7.0; rv:11.0) like Gecko"
212.89.176.40 - - [10/Mar/2020:09:33:43 +0100] "GET /css/themes/alphacube.css HTTP/1.1" 304 - "http://renault.activities.at/result?searchterm=true&search=zubeh%F6rpakete" "Mozilla/5.0 (Windows NT 10.0; WOW64; Trident/7.0; rv:11.0) like Gecko"
212.89.176.40 - - [10/Mar/2020:09:33:43 +0100] "GET /js/ProduktGrp.js HTTP/1.1" 304 - "http://renault.activities.at/result?searchterm=true&search=zubeh%F6rpakete" "Mozilla/5.0 (Windows NT 10.0; WOW64; Trident/7.0; rv:11.0) like Gecko"
212.89.176.40 - - [10/Mar/2020:09:33:43 +0100] "GET /images/loading.gif HTTP/1.1" 304 - "http://renault.activities.at/result?searchterm=true&search=zubeh%F6rpakete" "Mozilla/5.0 (Windows NT 10.0; WOW64; Trident/7.0; rv:11.0) like Gecko"
212.89.176.40 - - [10/Mar/2020:09:33:43 +0100] "GET /images/header_block_corner_left_top.gif HTTP/1.1" 304 - "http://renault.activities.at/result?searchterm=true&search=zubeh%F6rpakete" "Mozilla/5.0 (Windows NT 10.0; WOW64; Trident/7.0; rv:11.0) like Gecko"
212.89.176.40 - - [10/Mar/2020:09:33:43 +0100] "GET /images/main_block_corner_left_bot.gif HTTP/1.1" 304 - "http://renault.activities.at/result?searchterm=true&search=zubeh%F6rpakete" "Mozilla/5.0 (Windows NT 10.0; WOW64; Trident/7.0; rv:11.0) like Gecko"
212.89.176.40 - - [10/Mar/2020:09:33:43 +0100] "GET /images/header_block_border.gif HTTP/1.1" 304 - "http://renault.activities.at/result?searchterm=true&search=zubeh%F6rpakete" "Mozilla/5.0 (Windows NT 10.0; WOW64; Trident/7.0; rv:11.0) like Gecko"
212.89.176.40 - - [10/Mar/2020:09:33:43 +0100] "GET /images/main_block_border.gif HTTP/1.1" 304 - "http://renault.activities.at/result?searchterm=true&search=zubeh%F6rpakete" "Mozilla/5.0 (Windows NT 10.0; WOW64; Trident/7.0; rv:11.0) like Gecko"
212.89.176.40 - - [10/Mar/2020:09:33:43 +0100] "GET /images/header_block_corner_right_top.gif HTTP/1.1" 304 - "http://renault.activities.at/result?searchterm=true&search=zubeh%F6rpakete" "Mozilla/5.0 (Windows NT 10.0; WOW64; Trident/7.0; rv:11.0) like Gecko"
212.89.176.40 - - [10/Mar/2020:09:33:43 +0100] "GET /images/main_block_corner_right_bot.gif HTTP/1.1" 304 - "http://renault.activities.at/result?searchterm=true&search=zubeh%F6rpakete" "Mozilla/5.0 (Windows NT 10.0; WOW64; Trident/7.0; rv:11.0) like Gecko"
212.89.176.40 - - [10/Mar/2020:09:33:43 +0100] "GET /images/main_block_corner_right_top.gif HTTP/1.1" 304 - "http://renault.activities.at/result?searchterm=true&search=zubeh%F6rpakete" "Mozilla/5.0 (Windows NT 10.0; WOW64; Trident/7.0; rv:11.0) like Gecko"
212.89.176.40 - - [10/Mar/2020:09:33:43 +0100] "GET /images/main_block_corner_left_top.gif HTTP/1.1" 304 - "http://renault.activities.at/result?searchterm=true&search=zubeh%F6rpakete" "Mozilla/5.0 (Windows NT 10.0; WOW64; Trident/7.0; rv:11.0) like Gecko"
212.89.176.40 - - [10/Mar/2020:09:33:43 +0100] "GET /images/search_bg.gif HTTP/1.1" 304 - "http://renault.activities.at/result?searchterm=true&search=zubeh%F6rpakete" "Mozilla/5.0 (Windows NT 10.0; WOW64; Trident/7.0; rv:11.0) like Gecko"
212.89.176.40 - - [10/Mar/2020:09:33:43 +0100] "GET /images/sidebar_title_border.gif HTTP/1.1" 304 - "http://renault.activities.at/result?searchterm=true&search=zubeh%F6rpakete" "Mozilla/5.0 (Windows NT 10.0; WOW64; Trident/7.0; rv:11.0) like Gecko"
212.89.176.40 - - [10/Mar/2020:09:33:43 +0100] "GET /images/vista-dn.gif HTTP/1.1" 304 - "http://renault.activities.at/result?searchterm=true&search=zubeh%F6rpakete" "Mozilla/5.0 (Windows NT 10.0; WOW64; Trident/7.0; rv:11.0) like Gecko"
212.89.176.40 - - [10/Mar/2020:09:33:43 +0100] "GET /images/vista-up.gif HTTP/1.1" 304 - "http://renault.activities.at/result?searchterm=true&search=zubeh%F6rpakete" "Mozilla/5.0 (Windows NT 10.0; WOW64; Trident/7.0; rv:11.0) like Gecko"
212.89.176.40 - - [10/Mar/2020:09:33:43 +0100] "GET /images/button_right_bg.gif HTTP/1.1" 304 - "http://renault.activities.at/result?searchterm=true&search=zubeh%F6rpakete" "Mozilla/5.0 (Windows NT 10.0; WOW64; Trident/7.0; rv:11.0) like Gecko"
212.89.176.40 - - [10/Mar/2020:09:33:43 +0100] "GET /images/nav_divider.gif HTTP/1.1" 304 - "http://renault.activities.at/result?searchterm=true&search=zubeh%F6rpakete" "Mozilla/5.0 (Windows NT 10.0; WOW64; Trident/7.0; rv:11.0) like Gecko"
212.89.176.40 - - [10/Mar/2020:09:33:43 +0100] "GET /images/top_links_divider.gif HTTP/1.1" 304 - "http://renault.activities.at/result?searchterm=true&search=zubeh%F6rpakete" "Mozilla/5.0 (Windows NT 10.0; WOW64; Trident/7.0; rv:11.0) like Gecko"
212.89.176.40 - - [10/Mar/2020:09:33:43 +0100] "GET /images/button_left_bg.gif HTTP/1.1" 304 - "http://renault.activities.at/result?searchterm=true&search=zubeh%F6rpakete" "Mozilla/5.0 (Windows NT 10.0; WOW64; Trident/7.0; rv:11.0) like Gecko"
212.89.176.40 - - [10/Mar/2020:09:33:43 +0100] "GET /images/menu_button_bg.jpg HTTP/1.1" 304 - "http://renault.activities.at/result?searchterm=true&search=zubeh%F6rpakete" "Mozilla/5.0 (Windows NT 10.0; WOW64; Trident/7.0; rv:11.0) like Gecko"
212.89.176.40 - - [10/Mar/2020:09:33:43 +0100] "GET /images/sidebar_title_corner_left_top.gif HTTP/1.1" 304 - "http://renault.activities.at/result?searchterm=true&search=zubeh%F6rpakete" "Mozilla/5.0 (Windows NT 10.0; WOW64; Trident/7.0; rv:11.0) like Gecko"
212.89.176.40 - - [10/Mar/2020:09:33:43 +0100] "GET /images/title_border_top.jpg HTTP/1.1" 304 - "http://renault.activities.at/result?searchterm=true&search=zubeh%F6rpakete" "Mozilla/5.0 (Windows NT 10.0; WOW64; Trident/7.0; rv:11.0) like Gecko"
212.89.176.40 - - [10/Mar/2020:09:33:43 +0100] "GET /images/title_corner_left_top.jpg HTTP/1.1" 304 - "http://renault.activities.at/result?searchterm=true&search=zubeh%F6rpakete" "Mozilla/5.0 (Windows NT 10.0; WOW64; Trident/7.0; rv:11.0) like Gecko"
212.89.176.40 - - [10/Mar/2020:09:33:43 +0100] "GET /images/sidebar_title_border_top.gif HTTP/1.1" 304 - "http://renault.activities.at/result?searchterm=true&search=zubeh%F6rpakete" "Mozilla/5.0 (Windows NT 10.0; WOW64; Trident/7.0; rv:11.0) like Gecko"
212.89.176.40 - - [10/Mar/2020:09:33:43 +0100] "GET /images/menu_divider.gif HTTP/1.1" 304 - "http://renault.activities.at/result?searchterm=true&search=zubeh%F6rpakete" "Mozilla/5.0 (Windows NT 10.0; WOW64; Trident/7.0; rv:11.0) like Gecko"
212.89.176.40 - - [10/Mar/2020:09:33:43 +0100] "GET /images/button_bg.gif HTTP/1.1" 304 - "http://renault.activities.at/result?searchterm=true&search=zubeh%F6rpakete" "Mozilla/5.0 (Windows NT 10.0; WOW64; Trident/7.0; rv:11.0) like Gecko"
212.89.176.40 - - [10/Mar/2020:09:33:43 +0100] "GET /images/title_corner_right_top.jpg HTTP/1.1" 304 - "http://renault.activities.at/result?searchterm=true&search=zubeh%F6rpakete" "Mozilla/5.0 (Windows NT 10.0; WOW64; Trident/7.0; rv:11.0) like Gecko"
212.89.176.40 - - [10/Mar/2020:09:33:43 +0100] "GET /images/sidebar_title_corner_right_top.gif HTTP/1.1" 304 - "http://renault.activities.at/result?searchterm=true&search=zubeh%F6rpakete" "Mozilla/5.0 (Windows NT 10.0; WOW64; Trident/7.0; rv:11.0) like Gecko"
212.89.176.40 - - [10/Mar/2020:09:33:43 +0100] "GET /images/validation_advice_bg.gif HTTP/1.1" 304 - "http://renault.activities.at/result?searchterm=true&search=zubeh%F6rpakete" "Mozilla/5.0 (Windows NT 10.0; WOW64; Trident/7.0; rv:11.0) like Gecko"
212.89.176.40 - - [10/Mar/2020:09:33:43 +0100] "GET /images/footer_divider.gif HTTP/1.1" 304 - "http://renault.activities.at/result?searchterm=true&search=zubeh%F6rpakete" "Mozilla/5.0 (Windows NT 10.0; WOW64; Trident/7.0; rv:11.0) like Gecko"
212.89.176.40 - - [10/Mar/2020:09:33:43 +0100] "GET /images/title_border.jpg HTTP/1.1" 304 - "http://renault.activities.at/result?searchterm=true&search=zubeh%F6rpakete" "Mozilla/5.0 (Windows NT 10.0; WOW64; Trident/7.0; rv:11.0) like Gecko"
212.89.176.40 - - [10/Mar/2020:09:33:43 +0100] "GET /images/pager_bg.gif HTTP/1.1" 304 - "http://renault.activities.at/result?searchterm=true&search=zubeh%F6rpakete" "Mozilla/5.0 (Windows NT 10.0; WOW64; Trident/7.0; rv:11.0) like Gecko"
212.89.176.40 - - [10/Mar/2020:09:33:43 +0100] "GET /loadthumbnail.php?id=12174360&width=50&height=50 HTTP/1.1" 200 1311 "http://renault.activities.at/result?searchterm=true&search=zubeh%F6rpakete" "Mozilla/5.0 (Windows NT 10.0; WOW64; Trident/7.0; rv:11.0) like Gecko"
212.89.176.40 - - [10/Mar/2020:09:33:40 +0100] "POST /axjaxrequest?mode=suggest HTTP/1.1" 200 123 "http://renault.activities.at/success" "Mozilla/5.0 (Windows NT 10.0; WOW64; Trident/7.0; rv:11.0) like Gecko"
212.89.176.40 - - [10/Mar/2020:09:33:45 +0100] "GET /css/themes/alphacube/frame_left.gif HTTP/1.1" 304 - "http://renault.activities.at/result?searchterm=true&search=zubeh%F6rpakete" "Mozilla/5.0 (Windows NT 10.0; WOW64; Trident/7.0; rv:11.0) like Gecko"
212.89.176.40 - - [10/Mar/2020:09:33:45 +0100] "GET /css/themes/alphacube/bottom_middle.gif HTTP/1.1" 304 - "http://renault.activities.at/result?searchterm=true&search=zubeh%F6rpakete" "Mozilla/5.0 (Windows NT 10.0; WOW64; Trident/7.0; rv:11.0) like Gecko"
212.89.176.40 - - [10/Mar/2020:09:33:45 +0100] "GET /css/themes/alphacube/top_mid.gif HTTP/1.1" 304 - "http://renault.activities.at/result?searchterm=true&search=zubeh%F6rpakete" "Mozilla/5.0 (Windows NT 10.0; WOW64; Trident/7.0; rv:11.0) like Gecko"
212.89.176.40 - - [10/Mar/2020:09:33:45 +0100] "GET /css/themes/alphacube/frame_right.gif HTTP/1.1" 304 - "http://renault.activities.at/result?searchterm=true&search=zubeh%F6rpakete" "Mozilla/5.0 (Windows NT 10.0; WOW64; Trident/7.0; rv:11.0) like Gecko"
212.89.176.40 - - [10/Mar/2020:09:33:45 +0100] "GET /css/themes/alphacube/top_left.gif HTTP/1.1" 304 - "http://renault.activities.at/result?searchterm=true&search=zubeh%F6rpakete" "Mozilla/5.0 (Windows NT 10.0; WOW64; Trident/7.0; rv:11.0) like Gecko"
212.89.176.40 - - [10/Mar/2020:09:33:45 +0100] "GET /css/themes/alphacube/bottom_left-c.gif HTTP/1.1" 304 - "http://renault.activities.at/result?searchterm=true&search=zubeh%F6rpakete" "Mozilla/5.0 (Windows NT 10.0; WOW64; Trident/7.0; rv:11.0) like Gecko"
212.89.176.40 - - [10/Mar/2020:09:33:45 +0100] "GET /css/themes/alphacube/bottom_right-c.gif HTTP/1.1" 304 - "http://renault.activities.at/result?searchterm=true&search=zubeh%F6rpakete" "Mozilla/5.0 (Windows NT 10.0; WOW64; Trident/7.0; rv:11.0) like Gecko"
212.89.176.40 - - [10/Mar/2020:09:33:45 +0100] "GET /css/themes/alphacube/button-close-focus.gif HTTP/1.1" 304 - "http://renault.activities.at/result?searchterm=true&search=zubeh%F6rpakete" "Mozilla/5.0 (Windows NT 10.0; WOW64; Trident/7.0; rv:11.0) like Gecko"
212.89.176.40 - - [10/Mar/2020:09:33:45 +0100] "GET /css/themes/alphacube/top_right.gif HTTP/1.1" 304 - "http://renault.activities.at/result?searchterm=true&search=zubeh%F6rpakete" "Mozilla/5.0 (Windows NT 10.0; WOW64; Trident/7.0; rv:11.0) like Gecko"
212.89.176.40 - - [10/Mar/2020:09:33:45 +0100] "GET /12153752?print=true HTTP/1.1" 200 2604 "http://renault.activities.at/result?searchterm=true&search=zubeh%F6rpakete" "Mozilla/5.0 (Windows NT 10.0; WOW64; Trident/7.0; rv:11.0) like Gecko"
212.89.176.40 - - [10/Mar/2020:09:33:48 +0100] "GET /css/reset.css HTTP/1.1" 304 - "http://renault.activities.at/12153752?print=true" "Mozilla/5.0 (Windows NT 10.0; WOW64; Trident/7.0; rv:11.0) like Gecko"
212.89.176.40 - - [10/Mar/2020:09:33:48 +0100] "GET /js/default.js HTTP/1.1" 304 - "http://renault.activities.at/12153752?print=true" "Mozilla/5.0 (Windows NT 10.0; WOW64; Trident/7.0; rv:11.0) like Gecko"
212.89.176.40 - - [10/Mar/2020:09:33:48 +0100] "GET /css/styles.css HTTP/1.1" 304 - "http://renault.activities.at/12153752?print=true" "Mozilla/5.0 (Windows NT 10.0; WOW64; Trident/7.0; rv:11.0) like Gecko"
212.89.176.40 - - [10/Mar/2020:09:33:48 +0100] "GET /css/clears.css HTTP/1.1" 304 - "http://renault.activities.at/12153752?print=true" "Mozilla/5.0 (Windows NT 10.0; WOW64; Trident/7.0; rv:11.0) like Gecko"
212.89.176.40 - - [10/Mar/2020:09:33:48 +0100] "GET /css/prototip.css HTTP/1.1" 304 - "http://renault.activities.at/12153752?print=true" "Mozilla/5.0 (Windows NT 10.0; WOW64; Trident/7.0; rv:11.0) like Gecko"
212.89.176.40 - - [10/Mar/2020:09:33:48 +0100] "GET /js/checkout.css HTTP/1.1" 304 - "http://renault.activities.at/12153752?print=true" "Mozilla/5.0 (Windows NT 10.0; WOW64; Trident/7.0; rv:11.0) like Gecko"
212.89.176.40 - - [10/Mar/2020:09:33:48 +0100] "GET /css/themes/default.css HTTP/1.1" 304 - "http://renault.activities.at/12153752?print=true" "Mozilla/5.0 (Windows NT 10.0; WOW64; Trident/7.0; rv:11.0) like Gecko"
212.89.176.40 - - [10/Mar/2020:09:33:48 +0100] "GET /css/print.css HTTP/1.1" 304 - "http://renault.activities.at/12153752?print=true" "Mozilla/5.0 (Windows NT 10.0; WOW64; Trident/7.0; rv:11.0) like Gecko"
212.89.176.40 - - [10/Mar/2020:09:33:48 +0100] "GET /js/magiczoom/magiczoom.css HTTP/1.1" 304 - "http://renault.activities.at/12153752?print=true" "Mozilla/5.0 (Windows NT 10.0; WOW64; Trident/7.0; rv:11.0) like Gecko"
212.89.176.40 - - [10/Mar/2020:09:33:48 +0100] "GET /css/themes/alphacube.css HTTP/1.1" 304 - "http://renault.activities.at/12153752?print=true" "Mozilla/5.0 (Windows NT 10.0; WOW64; Trident/7.0; rv:11.0) like Gecko"
212.89.176.40 - - [10/Mar/2020:09:33:48 +0100] "GET /js/Produkt.js HTTP/1.1" 304 - "http://renault.activities.at/12153752?print=true" "Mozilla/5.0 (Windows NT 10.0; WOW64; Trident/7.0; rv:11.0) like Gecko"
212.89.176.40 - - [10/Mar/2020:09:33:48 +0100] "GET /js/magiczoom/magiczoom.js HTTP/1.1" 304 - "http://renault.activities.at/12153752?print=true" "Mozilla/5.0 (Windows NT 10.0; WOW64; Trident/7.0; rv:11.0) like Gecko"
212.89.176.40 - - [10/Mar/2020:09:33:48 +0100] "GET /js/magiczoom/graphics/hint.gif HTTP/1.1" 304 - "http://renault.activities.at/12153752?print=true" "Mozilla/5.0 (Windows NT 10.0; WOW64; Trident/7.0; rv:11.0) like Gecko"
212.89.176.40 - - [10/Mar/2020:09:33:48 +0100] "GET /graphics/zoomin.cur HTTP/1.1" 200 3625 "http://renault.activities.at/12153752?print=true" "Mozilla/5.0 (Windows NT 10.0; WOW64; Trident/7.0; rv:11.0) like Gecko"
212.89.176.40 - - [10/Mar/2020:09:33:58 +0100] "GET /null HTTP/1.1" 200 3625 "http://renault.activities.at/result?searchterm=true&search=zubeh%F6rpakete" "Mozilla/5.0 (Windows NT 10.0; WOW64; Trident/7.0; rv:11.0) like Gecko"
212.89.176.40 - - [10/Mar/2020:09:33:59 +0100] "GET /js/default.js HTTP/1.1" 304 - "http://renault.activities.at/null" "Mozilla/5.0 (Windows NT 10.0; WOW64; Trident/7.0; rv:11.0) like Gecko"
212.89.176.40 - - [10/Mar/2020:09:33:59 +0100] "GET /css/print.css HTTP/1.1" 304 - "http://renault.activities.at/null" "Mozilla/5.0 (Windows NT 10.0; WOW64; Trident/7.0; rv:11.0) like Gecko"
212.89.176.40 - - [10/Mar/2020:09:33:59 +0100] "GET /css/clears.css HTTP/1.1" 304 - "http://renault.activities.at/null" "Mozilla/5.0 (Windows NT 10.0; WOW64; Trident/7.0; rv:11.0) like Gecko"
212.89.176.40 - - [10/Mar/2020:09:33:59 +0100] "GET /css/reset.css HTTP/1.1" 304 - "http://renault.activities.at/null" "Mozilla/5.0 (Windows NT 10.0; WOW64; Trident/7.0; rv:11.0) like Gecko"
212.89.176.40 - - [10/Mar/2020:09:33:59 +0100] "GET /css/styles.css HTTP/1.1" 304 - "http://renault.activities.at/null" "Mozilla/5.0 (Windows NT 10.0; WOW64; Trident/7.0; rv:11.0) like Gecko"
212.89.176.40 - - [10/Mar/2020:09:33:59 +0100] "GET /js/checkout.css HTTP/1.1" 304 - "http://renault.activities.at/null" "Mozilla/5.0 (Windows NT 10.0; WOW64; Trident/7.0; rv:11.0) like Gecko"
212.89.176.40 - - [10/Mar/2020:09:33:59 +0100] "GET /css/prototip.css HTTP/1.1" 304 - "http://renault.activities.at/null" "Mozilla/5.0 (Windows NT 10.0; WOW64; Trident/7.0; rv:11.0) like Gecko"
80.122.221.194 - - [10/Mar/2020:09:34:00 +0100] "GET /reload?ser=1583829240101 HTTP/1.1" 200 28 "http://renault.activities.at/success" "Mozilla/5.0 (Windows NT 10.0; Win64; x64) AppleWebKit/537.36 (KHTML, like Gecko) Chrome/70.0.3538.102 Safari/537.36 Edge/18.18363"
212.89.176.40 - - [10/Mar/2020:09:33:59 +0100] "GET /12153758?print=true HTTP/1.1" 200 2601 "http://renault.activities.at/result?searchterm=true&search=zubeh%F6rpakete" "Mozilla/5.0 (Windows NT 10.0; WOW64; Trident/7.0; rv:11.0) like Gecko"
212.89.176.40 - - [10/Mar/2020:09:34:02 +0100] "GET /css/reset.css HTTP/1.1" 304 - "http://renault.activities.at/12153758?print=true" "Mozilla/5.0 (Windows NT 10.0; WOW64; Trident/7.0; rv:11.0) like Gecko"
212.89.176.40 - - [10/Mar/2020:09:34:02 +0100] "GET /js/default.js HTTP/1.1" 304 - "http://renault.activities.at/12153758?print=true" "Mozilla/5.0 (Windows NT 10.0; WOW64; Trident/7.0; rv:11.0) like Gecko"
212.89.176.40 - - [10/Mar/2020:09:34:02 +0100] "GET /css/styles.css HTTP/1.1" 304 - "http://renault.activities.at/12153758?print=true" "Mozilla/5.0 (Windows NT 10.0; WOW64; Trident/7.0; rv:11.0) like Gecko"
212.89.176.40 - - [10/Mar/2020:09:34:02 +0100] "GET /css/print.css HTTP/1.1" 304 - "http://renault.activities.at/12153758?print=true" "Mozilla/5.0 (Windows NT 10.0; WOW64; Trident/7.0; rv:11.0) like Gecko"
212.89.176.40 - - [10/Mar/2020:09:34:02 +0100] "GET /css/clears.css HTTP/1.1" 304 - "http://renault.activities.at/12153758?print=true" "Mozilla/5.0 (Windows NT 10.0; WOW64; Trident/7.0; rv:11.0) like Gecko"
212.89.176.40 - - [10/Mar/2020:09:34:02 +0100] "GET /js/checkout.css HTTP/1.1" 304 - "http://renault.activities.at/12153758?print=true" "Mozilla/5.0 (Windows NT 10.0; WOW64; Trident/7.0; rv:11.0) like Gecko"
212.89.176.40 - - [10/Mar/2020:09:34:02 +0100] "GET /css/prototip.css HTTP/1.1" 304 - "http://renault.activities.at/12153758?print=true" "Mozilla/5.0 (Windows NT 10.0; WOW64; Trident/7.0; rv:11.0) like Gecko"
212.89.176.40 - - [10/Mar/2020:09:34:02 +0100] "GET /css/themes/default.css HTTP/1.1" 304 - "http://renault.activities.at/12153758?print=true" "Mozilla/5.0 (Windows NT 10.0; WOW64; Trident/7.0; rv:11.0) like Gecko"
212.89.176.40 - - [10/Mar/2020:09:34:02 +0100] "GET /css/themes/alphacube.css HTTP/1.1" 304 - "http://renault.activities.at/12153758?print=true" "Mozilla/5.0 (Windows NT 10.0; WOW64; Trident/7.0; rv:11.0) like Gecko"
212.89.176.40 - - [10/Mar/2020:09:34:02 +0100] "GET /js/Produkt.js HTTP/1.1" 304 - "http://renault.activities.at/12153758?print=true" "Mozilla/5.0 (Windows NT 10.0; WOW64; Trident/7.0; rv:11.0) like Gecko"
212.89.176.40 - - [10/Mar/2020:09:34:02 +0100] "GET /js/magiczoom/magiczoom.css HTTP/1.1" 304 - "http://renault.activities.at/12153758?print=true" "Mozilla/5.0 (Windows NT 10.0; WOW64; Trident/7.0; rv:11.0) like Gecko"
212.89.176.40 - - [10/Mar/2020:09:34:02 +0100] "GET /js/magiczoom/magiczoom.js HTTP/1.1" 304 - "http://renault.activities.at/12153758?print=true" "Mozilla/5.0 (Windows NT 10.0; WOW64; Trident/7.0; rv:11.0) like Gecko"
212.89.176.40 - - [10/Mar/2020:09:34:02 +0100] "GET /loadthumbnail.php?id=12174362&width=250 HTTP/1.1" 200 18806 "http://renault.activities.at/12153758?print=true" "Mozilla/5.0 (Windows NT 10.0; WOW64; Trident/7.0; rv:11.0) like Gecko"
212.89.176.40 - - [10/Mar/2020:09:34:02 +0100] "GET /loadthumbnail.php?id=12174362&width=900&height=900 HTTP/1.1" 200 80676 "http://renault.activities.at/12153758?print=true" "Mozilla/5.0 (Windows NT 10.0; WOW64; Trident/7.0; rv:11.0) like Gecko"
212.89.176.40 - - [10/Mar/2020:09:34:03 +0100] "GET /js/magiczoom/graphics/hint.gif HTTP/1.1" 304 - "http://renault.activities.at/12153758?print=true" "Mozilla/5.0 (Windows NT 10.0; WOW64; Trident/7.0; rv:11.0) like Gecko"
212.89.176.40 - - [10/Mar/2020:09:34:06 +0100] "GET /null HTTP/1.1" 200 3625 "http://renault.activities.at/result?searchterm=true&search=zubeh%F6rpakete" "Mozilla/5.0 (Windows NT 10.0; WOW64; Trident/7.0; rv:11.0) like Gecko"
212.89.176.40 - - [10/Mar/2020:09:34:07 +0100] "GET /css/styles.css HTTP/1.1" 304 - "http://renault.activities.at/null" "Mozilla/5.0 (Windows NT 10.0; WOW64; Trident/7.0; rv:11.0) like Gecko"
212.89.176.40 - - [10/Mar/2020:09:34:07 +0100] "GET /js/default.js HTTP/1.1" 304 - "http://renault.activities.at/null" "Mozilla/5.0 (Windows NT 10.0; WOW64; Trident/7.0; rv:11.0) like Gecko"
212.89.176.40 - - [10/Mar/2020:09:34:07 +0100] "GET /css/print.css HTTP/1.1" 304 - "http://renault.activities.at/null" "Mozilla/5.0 (Windows NT 10.0; WOW64; Trident/7.0; rv:11.0) like Gecko"
212.89.176.40 - - [10/Mar/2020:09:34:07 +0100] "GET /js/checkout.css HTTP/1.1" 304 - "http://renault.activities.at/null" "Mozilla/5.0 (Windows NT 10.0; WOW64; Trident/7.0; rv:11.0) like Gecko"
212.89.176.40 - - [10/Mar/2020:09:34:07 +0100] "GET /css/clears.css HTTP/1.1" 304 - "http://renault.activities.at/null" "Mozilla/5.0 (Windows NT 10.0; WOW64; Trident/7.0; rv:11.0) like Gecko"
212.89.176.40 - - [10/Mar/2020:09:34:07 +0100] "GET /css/reset.css HTTP/1.1" 304 - "http://renault.activities.at/null" "Mozilla/5.0 (Windows NT 10.0; WOW64; Trident/7.0; rv:11.0) like Gecko"
212.89.176.40 - - [10/Mar/2020:09:34:07 +0100] "GET /css/themes/default.css HTTP/1.1" 304 - "http://renault.activities.at/null" "Mozilla/5.0 (Windows NT 10.0; WOW64; Trident/7.0; rv:11.0) like Gecko"
212.89.176.40 - - [10/Mar/2020:09:34:07 +0100] "GET /css/prototip.css HTTP/1.1" 304 - "http://renault.activities.at/null" "Mozilla/5.0 (Windows NT 10.0; WOW64; Trident/7.0; rv:11.0) like Gecko"
212.89.176.40 - - [10/Mar/2020:09:34:07 +0100] "GET /css/themes/alphacube.css HTTP/1.1" 304 - "http://renault.activities.at/null" "Mozilla/5.0 (Windows NT 10.0; WOW64; Trident/7.0; rv:11.0) like Gecko"
138.21.12.22 - - [10/Mar/2020:09:34:30 +0100] "GET /reload?ser=1583829270470 HTTP/1.1" 200 28 "http://renault.2web.at/account?loadrequest=true" "Mozilla/5.0 (Windows NT 10.0; WOW64; Trident/7.0; Touch; rv:11.0) like Gecko"
212.89.176.40 - - [10/Mar/2020:09:34:43 +0100] "GET /reload?ser=1583829189554 HTTP/1.1" 200 28 "http://renault.activities.at/result?searchterm=true&search=zubeh%F6rpakete" "Mozilla/5.0 (Windows NT 10.0; WOW64; Trident/7.0; rv:11.0) like Gecko"
80.122.221.194 - - [10/Mar/2020:09:35:01 +0100] "GET /reload?ser=1583829301107 HTTP/1.1" 200 28 "http://renault.activities.at/success" "Mozilla/5.0 (Windows NT 10.0; Win64; x64) AppleWebKit/537.36 (KHTML, like Gecko) Chrome/70.0.3538.102 Safari/537.36 Edge/18.18363"
138.21.12.22 - - [10/Mar/2020:09:35:31 +0100] "GET /reload?ser=1583829331541 HTTP/1.1" 200 28 "http://renault.2web.at/account?loadrequest=true" "Mozilla/5.0 (Windows NT 10.0; WOW64; Trident/7.0; Touch; rv:11.0) like Gecko"
80.122.221.194 - - [10/Mar/2020:09:36:02 +0100] "GET /reload?ser=1583829362106 HTTP/1.1" 200 28 "http://renault.activities.at/success" "Mozilla/5.0 (Windows NT 10.0; Win64; x64) AppleWebKit/537.36 (KHTML, like Gecko) Chrome/70.0.3538.102 Safari/537.36 Edge/18.18363"
138.21.12.22 - - [10/Mar/2020:09:36:32 +0100] "GET /reload?ser=1583829392575 HTTP/1.1" 200 28 "http://renault.2web.at/account?loadrequest=true" "Mozilla/5.0 (Windows NT 10.0; WOW64; Trident/7.0; Touch; rv:11.0) like Gecko"
80.122.221.194 - - [10/Mar/2020:09:37:03 +0100] "GET /reload?ser=1583829423103 HTTP/1.1" 200 28 "http://renault.activities.at/success" "Mozilla/5.0 (Windows NT 10.0; Win64; x64) AppleWebKit/537.36 (KHTML, like Gecko) Chrome/70.0.3538.102 Safari/537.36 Edge/18.18363"
138.21.12.22 - - [10/Mar/2020:09:37:33 +0100] "GET /reload?ser=1583829453616 HTTP/1.1" 200 28 "http://renault.2web.at/account?loadrequest=true" "Mozilla/5.0 (Windows NT 10.0; WOW64; Trident/7.0; Touch; rv:11.0) like Gecko"
80.122.221.194 - - [10/Mar/2020:09:38:04 +0100] "GET /reload?ser=1583829484120 HTTP/1.1" 200 28 "http://renault.activities.at/success" "Mozilla/5.0 (Windows NT 10.0; Win64; x64) AppleWebKit/537.36 (KHTML, like Gecko) Chrome/70.0.3538.102 Safari/537.36 Edge/18.18363"
138.21.12.22 - - [10/Mar/2020:09:38:34 +0100] "GET /reload?ser=1583829514634 HTTP/1.1" 200 28 "http://renault.2web.at/account?loadrequest=true" "Mozilla/5.0 (Windows NT 10.0; WOW64; Trident/7.0; Touch; rv:11.0) like Gecko"
213.153.47.173 - - [10/Mar/2020:09:39:00 +0100] "GET /account HTTP/1.1" 302 150 "-" "Mozilla/5.0 (Windows NT 10.0; Win64; x64; rv:73.0) Gecko/20100101 Firefox/73.0"
213.153.47.173 - - [10/Mar/2020:09:39:00 +0100] "GET /login?required=true HTTP/1.1" 200 2085 "-" "Mozilla/5.0 (Windows NT 10.0; Win64; x64; rv:73.0) Gecko/20100101 Firefox/73.0"
213.153.47.173 - - [10/Mar/2020:09:39:01 +0100] "GET /css/reset.css HTTP/1.1" 200 1356 "http://renault.activities.at/login?required=true" "Mozilla/5.0 (Windows NT 10.0; Win64; x64; rv:73.0) Gecko/20100101 Firefox/73.0"
213.153.47.173 - - [10/Mar/2020:09:39:01 +0100] "GET /css/clears.css HTTP/1.1" 200 851 "http://renault.activities.at/login?required=true" "Mozilla/5.0 (Windows NT 10.0; Win64; x64; rv:73.0) Gecko/20100101 Firefox/73.0"
213.153.47.173 - - [10/Mar/2020:09:39:01 +0100] "GET /css/print.css HTTP/1.1" 200 543 "http://renault.activities.at/login?required=true" "Mozilla/5.0 (Windows NT 10.0; Win64; x64; rv:73.0) Gecko/20100101 Firefox/73.0"
213.153.47.173 - - [10/Mar/2020:09:39:01 +0100] "GET /css/styles.css HTTP/1.1" 200 14664 "http://renault.activities.at/login?required=true" "Mozilla/5.0 (Windows NT 10.0; Win64; x64; rv:73.0) Gecko/20100101 Firefox/73.0"
213.153.47.173 - - [10/Mar/2020:09:39:01 +0100] "GET /js/default.js HTTP/1.1" 200 14698 "http://renault.activities.at/login?required=true" "Mozilla/5.0 (Windows NT 10.0; Win64; x64; rv:73.0) Gecko/20100101 Firefox/73.0"
213.153.47.173 - - [10/Mar/2020:09:39:01 +0100] "GET /js/checkout.css HTTP/1.1" 200 359 "http://renault.activities.at/login?required=true" "Mozilla/5.0 (Windows NT 10.0; Win64; x64; rv:73.0) Gecko/20100101 Firefox/73.0"
213.153.47.173 - - [10/Mar/2020:09:39:01 +0100] "GET /css/prototip.css HTTP/1.1" 200 968 "http://renault.activities.at/login?required=true" "Mozilla/5.0 (Windows NT 10.0; Win64; x64; rv:73.0) Gecko/20100101 Firefox/73.0"
213.153.47.173 - - [10/Mar/2020:09:39:01 +0100] "GET /css/themes/default.css HTTP/1.1" 200 769 "http://renault.activities.at/login?required=true" "Mozilla/5.0 (Windows NT 10.0; Win64; x64; rv:73.0) Gecko/20100101 Firefox/73.0"
213.153.47.173 - - [10/Mar/2020:09:39:01 +0100] "GET /css/themes/alphacube.css HTTP/1.1" 200 743 "http://renault.activities.at/login?required=true" "Mozilla/5.0 (Windows NT 10.0; Win64; x64; rv:73.0) Gecko/20100101 Firefox/73.0"
213.153.47.173 - - [10/Mar/2020:09:39:01 +0100] "GET /js/index.php?c=auto&f=,prototype/prototype.js,prototype/validation.js,scriptaculous/builder.js,scriptaculous/effects.js,scriptaculous/dragdrop.js,scriptaculous/controls.js,scriptaculous/slider.js,varien/js.js,varien/form.js,varien/menu.js,mage/translate.js,mage/cookies.js,varien/product.js,spinner/SpinnerControl.jsmin.js,prototype/window.js,prototype/window_ext.js HTTP/1.1" 200 94182 "http://renault.activities.at/login?required=true" "Mozilla/5.0 (Windows NT 10.0; Win64; x64; rv:73.0) Gecko/20100101 Firefox/73.0"
213.153.47.173 - - [10/Mar/2020:09:39:01 +0100] "GET /images/main_block_border.gif HTTP/1.1" 200 43 "http://renault.activities.at/css/styles.css" "Mozilla/5.0 (Windows NT 10.0; Win64; x64; rv:73.0) Gecko/20100101 Firefox/73.0"
213.153.47.173 - - [10/Mar/2020:09:39:01 +0100] "GET /images/main_block_corner_right_bot.gif HTTP/1.1" 200 158 "http://renault.activities.at/css/styles.css" "Mozilla/5.0 (Windows NT 10.0; Win64; x64; rv:73.0) Gecko/20100101 Firefox/73.0"
213.153.47.173 - - [10/Mar/2020:09:39:01 +0100] "GET /images/main_block_corner_left_bot.gif HTTP/1.1" 200 159 "http://renault.activities.at/css/styles.css" "Mozilla/5.0 (Windows NT 10.0; Win64; x64; rv:73.0) Gecko/20100101 Firefox/73.0"
213.153.47.173 - - [10/Mar/2020:09:39:01 +0100] "GET /images/header_block_border.gif HTTP/1.1" 200 43 "http://renault.activities.at/css/styles.css" "Mozilla/5.0 (Windows NT 10.0; Win64; x64; rv:73.0) Gecko/20100101 Firefox/73.0"
213.153.47.173 - - [10/Mar/2020:09:39:01 +0100] "GET /images/header_block_corner_right_top.gif HTTP/1.1" 200 160 "http://renault.activities.at/css/styles.css" "Mozilla/5.0 (Windows NT 10.0; Win64; x64; rv:73.0) Gecko/20100101 Firefox/73.0"
213.153.47.173 - - [10/Mar/2020:09:39:01 +0100] "GET /images/header_block_corner_left_top.gif HTTP/1.1" 200 160 "http://renault.activities.at/css/styles.css" "Mozilla/5.0 (Windows NT 10.0; Win64; x64; rv:73.0) Gecko/20100101 Firefox/73.0"
213.153.47.173 - - [10/Mar/2020:09:39:01 +0100] "GET /images/main_block_corner_right_top.gif HTTP/1.1" 200 159 "http://renault.activities.at/css/styles.css" "Mozilla/5.0 (Windows NT 10.0; Win64; x64; rv:73.0) Gecko/20100101 Firefox/73.0"
213.153.47.173 - - [10/Mar/2020:09:39:01 +0100] "GET /images/main_block_corner_left_top.gif HTTP/1.1" 200 159 "http://renault.activities.at/css/styles.css" "Mozilla/5.0 (Windows NT 10.0; Win64; x64; rv:73.0) Gecko/20100101 Firefox/73.0"
213.153.47.173 - - [10/Mar/2020:09:39:02 +0100] "GET /images/title_border_top.jpg HTTP/1.1" 200 336 "http://renault.activities.at/css/styles.css" "Mozilla/5.0 (Windows NT 10.0; Win64; x64; rv:73.0) Gecko/20100101 Firefox/73.0"
213.153.47.173 - - [10/Mar/2020:09:39:02 +0100] "GET /images/title_border.jpg HTTP/1.1" 200 304 "http://renault.activities.at/css/styles.css" "Mozilla/5.0 (Windows NT 10.0; Win64; x64; rv:73.0) Gecko/20100101 Firefox/73.0"
213.153.47.173 - - [10/Mar/2020:09:39:02 +0100] "GET /images/title_corner_left_top.jpg HTTP/1.1" 200 372 "http://renault.activities.at/css/styles.css" "Mozilla/5.0 (Windows NT 10.0; Win64; x64; rv:73.0) Gecko/20100101 Firefox/73.0"
213.153.47.173 - - [10/Mar/2020:09:39:02 +0100] "GET /images/title_corner_right_top.jpg HTTP/1.1" 200 389 "http://renault.activities.at/css/styles.css" "Mozilla/5.0 (Windows NT 10.0; Win64; x64; rv:73.0) Gecko/20100101 Firefox/73.0"
213.153.47.173 - - [10/Mar/2020:09:39:02 +0100] "GET /images/button_left_bg.gif HTTP/1.1" 200 564 "http://renault.activities.at/css/styles.css" "Mozilla/5.0 (Windows NT 10.0; Win64; x64; rv:73.0) Gecko/20100101 Firefox/73.0"
213.153.47.173 - - [10/Mar/2020:09:39:02 +0100] "GET /images/button_right_bg.gif HTTP/1.1" 200 561 "http://renault.activities.at/css/styles.css" "Mozilla/5.0 (Windows NT 10.0; Win64; x64; rv:73.0) Gecko/20100101 Firefox/73.0"
213.153.47.173 - - [10/Mar/2020:09:39:02 +0100] "GET /images/button_bg.gif HTTP/1.1" 200 151 "http://renault.activities.at/css/styles.css" "Mozilla/5.0 (Windows NT 10.0; Win64; x64; rv:73.0) Gecko/20100101 Firefox/73.0"
213.153.47.173 - - [10/Mar/2020:09:39:02 +0100] "GET /images/favicon.ico HTTP/1.1" 404 305 "-" "Mozilla/5.0 (Windows NT 10.0; Win64; x64; rv:73.0) Gecko/20100101 Firefox/73.0"
213.153.47.173 - - [10/Mar/2020:09:39:01 +0100] "GET /loadthumbnail.php?id=11127982 HTTP/1.1" 200 399614 "http://renault.activities.at/login?required=true" "Mozilla/5.0 (Windows NT 10.0; Win64; x64; rv:73.0) Gecko/20100101 Firefox/73.0"
80.122.221.194 - - [10/Mar/2020:09:39:05 +0100] "GET /reload?ser=1583829545125 HTTP/1.1" 200 28 "http://renault.activities.at/success" "Mozilla/5.0 (Windows NT 10.0; Win64; x64) AppleWebKit/537.36 (KHTML, like Gecko) Chrome/70.0.3538.102 Safari/537.36 Edge/18.18363"
138.21.12.22 - - [10/Mar/2020:09:39:35 +0100] "GET /reload?ser=1583829575706 HTTP/1.1" 200 28 "http://renault.2web.at/account?loadrequest=true" "Mozilla/5.0 (Windows NT 10.0; WOW64; Trident/7.0; Touch; rv:11.0) like Gecko"
80.122.221.194 - - [10/Mar/2020:09:40:06 +0100] "GET /reload?ser=1583829606127 HTTP/1.1" 200 28 "http://renault.activities.at/success" "Mozilla/5.0 (Windows NT 10.0; Win64; x64) AppleWebKit/537.36 (KHTML, like Gecko) Chrome/70.0.3538.102 Safari/537.36 Edge/18.18363"
138.21.12.22 - - [10/Mar/2020:09:40:36 +0100] "GET /reload?ser=1583829636749 HTTP/1.1" 200 28 "http://renault.2web.at/account?loadrequest=true" "Mozilla/5.0 (Windows NT 10.0; WOW64; Trident/7.0; Touch; rv:11.0) like Gecko"
80.122.221.194 - - [10/Mar/2020:09:41:07 +0100] "GET /reload?ser=1583829667120 HTTP/1.1" 200 28 "http://renault.activities.at/success" "Mozilla/5.0 (Windows NT 10.0; Win64; x64) AppleWebKit/537.36 (KHTML, like Gecko) Chrome/70.0.3538.102 Safari/537.36 Edge/18.18363"
138.21.12.22 - - [10/Mar/2020:09:41:38 +0100] "GET /reload?ser=1583829697792 HTTP/1.1" 200 28 "http://renault.2web.at/account?loadrequest=true" "Mozilla/5.0 (Windows NT 10.0; WOW64; Trident/7.0; Touch; rv:11.0) like Gecko"
80.122.221.194 - - [10/Mar/2020:09:42:08 +0100] "GET /reload?ser=1583829728130 HTTP/1.1" 200 28 "http://renault.activities.at/success" "Mozilla/5.0 (Windows NT 10.0; Win64; x64) AppleWebKit/537.36 (KHTML, like Gecko) Chrome/70.0.3538.102 Safari/537.36 Edge/18.18363"
138.21.12.22 - - [10/Mar/2020:09:42:39 +0100] "GET /reload?ser=1583829758916 HTTP/1.1" 200 28 "http://renault.2web.at/account?loadrequest=true" "Mozilla/5.0 (Windows NT 10.0; WOW64; Trident/7.0; Touch; rv:11.0) like Gecko"
80.122.221.194 - - [10/Mar/2020:09:43:09 +0100] "GET /reload?ser=1583829789118 HTTP/1.1" 200 28 "http://renault.activities.at/success" "Mozilla/5.0 (Windows NT 10.0; Win64; x64) AppleWebKit/537.36 (KHTML, like Gecko) Chrome/70.0.3538.102 Safari/537.36 Edge/18.18363"
138.21.12.22 - - [10/Mar/2020:09:43:40 +0100] "GET /reload?ser=1583829819986 HTTP/1.1" 200 28 "http://renault.2web.at/account?loadrequest=true" "Mozilla/5.0 (Windows NT 10.0; WOW64; Trident/7.0; Touch; rv:11.0) like Gecko"
80.122.221.194 - - [10/Mar/2020:09:44:10 +0100] "GET /reload?ser=1583829850077 HTTP/1.1" 200 28 "http://renault.activities.at/success" "Mozilla/5.0 (Windows NT 10.0; Win64; x64) AppleWebKit/537.36 (KHTML, like Gecko) Chrome/70.0.3538.102 Safari/537.36 Edge/18.18363"
138.21.12.22 - - [10/Mar/2020:09:44:41 +0100] "GET /reload?ser=1583829881025 HTTP/1.1" 200 28 "http://renault.2web.at/account?loadrequest=true" "Mozilla/5.0 (Windows NT 10.0; WOW64; Trident/7.0; Touch; rv:11.0) like Gecko"
80.122.221.194 - - [10/Mar/2020:09:45:11 +0100] "GET /reload?ser=1583829911130 HTTP/1.1" 200 28 "http://renault.activities.at/success" "Mozilla/5.0 (Windows NT 10.0; Win64; x64) AppleWebKit/537.36 (KHTML, like Gecko) Chrome/70.0.3538.102 Safari/537.36 Edge/18.18363"
138.21.12.22 - - [10/Mar/2020:09:45:42 +0100] "GET /reload?ser=1583829942059 HTTP/1.1" 200 28 "http://renault.2web.at/account?loadrequest=true" "Mozilla/5.0 (Windows NT 10.0; WOW64; Trident/7.0; Touch; rv:11.0) like Gecko"
80.122.221.194 - - [10/Mar/2020:09:46:12 +0100] "GET /reload?ser=1583829972118 HTTP/1.1" 200 28 "http://renault.activities.at/success" "Mozilla/5.0 (Windows NT 10.0; Win64; x64) AppleWebKit/537.36 (KHTML, like Gecko) Chrome/70.0.3538.102 Safari/537.36 Edge/18.18363"
138.21.12.22 - - [10/Mar/2020:09:46:43 +0100] "GET /reload?ser=1583830003147 HTTP/1.1" 200 28 "http://renault.2web.at/account?loadrequest=true" "Mozilla/5.0 (Windows NT 10.0; WOW64; Trident/7.0; Touch; rv:11.0) like Gecko"
80.122.221.194 - - [10/Mar/2020:09:47:13 +0100] "GET /reload?ser=1583830033119 HTTP/1.1" 200 28 "http://renault.activities.at/success" "Mozilla/5.0 (Windows NT 10.0; Win64; x64) AppleWebKit/537.36 (KHTML, like Gecko) Chrome/70.0.3538.102 Safari/537.36 Edge/18.18363"
138.21.12.22 - - [10/Mar/2020:09:47:44 +0100] "GET /reload?ser=1583830064166 HTTP/1.1" 200 28 "http://renault.2web.at/account?loadrequest=true" "Mozilla/5.0 (Windows NT 10.0; WOW64; Trident/7.0; Touch; rv:11.0) like Gecko"
80.122.221.194 - - [10/Mar/2020:09:48:14 +0100] "GET /reload?ser=1583830094123 HTTP/1.1" 200 28 "http://renault.activities.at/success" "Mozilla/5.0 (Windows NT 10.0; Win64; x64) AppleWebKit/537.36 (KHTML, like Gecko) Chrome/70.0.3538.102 Safari/537.36 Edge/18.18363"
138.21.12.22 - - [10/Mar/2020:09:48:45 +0100] "GET /reload?ser=1583830125229 HTTP/1.1" 200 28 "http://renault.2web.at/account?loadrequest=true" "Mozilla/5.0 (Windows NT 10.0; WOW64; Trident/7.0; Touch; rv:11.0) like Gecko"
80.122.221.194 - - [10/Mar/2020:09:49:16 +0100] "GET /reload?ser=1583830156127 HTTP/1.1" 200 28 "http://renault.activities.at/success" "Mozilla/5.0 (Windows NT 10.0; Win64; x64) AppleWebKit/537.36 (KHTML, like Gecko) Chrome/70.0.3538.102 Safari/537.36 Edge/18.18363"
138.21.12.22 - - [10/Mar/2020:09:49:46 +0100] "GET /reload?ser=1583830186262 HTTP/1.1" 200 28 "http://renault.2web.at/account?loadrequest=true" "Mozilla/5.0 (Windows NT 10.0; WOW64; Trident/7.0; Touch; rv:11.0) like Gecko"
80.122.221.194 - - [10/Mar/2020:09:50:17 +0100] "GET /reload?ser=1583830217117 HTTP/1.1" 200 28 "http://renault.activities.at/success" "Mozilla/5.0 (Windows NT 10.0; Win64; x64) AppleWebKit/537.36 (KHTML, like Gecko) Chrome/70.0.3538.102 Safari/537.36 Edge/18.18363"
138.21.12.22 - - [10/Mar/2020:09:50:47 +0100] "GET /reload?ser=1583830247288 HTTP/1.1" 200 28 "http://renault.2web.at/account?loadrequest=true" "Mozilla/5.0 (Windows NT 10.0; WOW64; Trident/7.0; Touch; rv:11.0) like Gecko"
80.122.221.194 - - [10/Mar/2020:09:51:18 +0100] "GET /reload?ser=1583830278119 HTTP/1.1" 200 28 "http://renault.activities.at/success" "Mozilla/5.0 (Windows NT 10.0; Win64; x64) AppleWebKit/537.36 (KHTML, like Gecko) Chrome/70.0.3538.102 Safari/537.36 Edge/18.18363"
138.21.12.22 - - [10/Mar/2020:09:51:48 +0100] "GET /reload?ser=1583830308309 HTTP/1.1" 200 28 "http://renault.2web.at/account?loadrequest=true" "Mozilla/5.0 (Windows NT 10.0; WOW64; Trident/7.0; Touch; rv:11.0) like Gecko"
80.122.221.194 - - [10/Mar/2020:09:52:19 +0100] "GET /reload?ser=1583830339122 HTTP/1.1" 200 28 "http://renault.activities.at/success" "Mozilla/5.0 (Windows NT 10.0; Win64; x64) AppleWebKit/537.36 (KHTML, like Gecko) Chrome/70.0.3538.102 Safari/537.36 Edge/18.18363"
138.21.12.22 - - [10/Mar/2020:09:52:49 +0100] "GET /reload?ser=1583830369342 HTTP/1.1" 200 28 "http://renault.2web.at/account?loadrequest=true" "Mozilla/5.0 (Windows NT 10.0; WOW64; Trident/7.0; Touch; rv:11.0) like Gecko"
80.122.221.194 - - [10/Mar/2020:09:53:20 +0100] "GET /reload?ser=1583830400115 HTTP/1.1" 200 28 "http://renault.activities.at/success" "Mozilla/5.0 (Windows NT 10.0; Win64; x64) AppleWebKit/537.36 (KHTML, like Gecko) Chrome/70.0.3538.102 Safari/537.36 Edge/18.18363"
138.21.12.22 - - [10/Mar/2020:09:53:50 +0100] "GET /reload?ser=1583830430392 HTTP/1.1" 200 28 "http://renault.2web.at/account?loadrequest=true" "Mozilla/5.0 (Windows NT 10.0; WOW64; Trident/7.0; Touch; rv:11.0) like Gecko"
80.122.221.194 - - [10/Mar/2020:09:54:21 +0100] "GET /reload?ser=1583830461114 HTTP/1.1" 200 28 "http://renault.activities.at/success" "Mozilla/5.0 (Windows NT 10.0; Win64; x64) AppleWebKit/537.36 (KHTML, like Gecko) Chrome/70.0.3538.102 Safari/537.36 Edge/18.18363"
138.21.12.22 - - [10/Mar/2020:09:54:51 +0100] "GET /reload?ser=1583830491417 HTTP/1.1" 200 28 "http://renault.2web.at/account?loadrequest=true" "Mozilla/5.0 (Windows NT 10.0; WOW64; Trident/7.0; Touch; rv:11.0) like Gecko"
80.122.221.194 - - [10/Mar/2020:09:55:22 +0100] "GET /reload?ser=1583830522127 HTTP/1.1" 200 28 "http://renault.activities.at/success" "Mozilla/5.0 (Windows NT 10.0; Win64; x64) AppleWebKit/537.36 (KHTML, like Gecko) Chrome/70.0.3538.102 Safari/537.36 Edge/18.18363"
138.21.12.22 - - [10/Mar/2020:09:55:52 +0100] "GET /reload?ser=1583830552468 HTTP/1.1" 200 28 "http://renault.2web.at/account?loadrequest=true" "Mozilla/5.0 (Windows NT 10.0; WOW64; Trident/7.0; Touch; rv:11.0) like Gecko"
80.122.221.194 - - [10/Mar/2020:09:56:23 +0100] "GET /reload?ser=1583830583111 HTTP/1.1" 200 28 "http://renault.activities.at/success" "Mozilla/5.0 (Windows NT 10.0; Win64; x64) AppleWebKit/537.36 (KHTML, like Gecko) Chrome/70.0.3538.102 Safari/537.36 Edge/18.18363"
138.21.12.22 - - [10/Mar/2020:09:56:53 +0100] "GET /reload?ser=1583830613537 HTTP/1.1" 200 28 "http://renault.2web.at/account?loadrequest=true" "Mozilla/5.0 (Windows NT 10.0; WOW64; Trident/7.0; Touch; rv:11.0) like Gecko"
80.122.221.194 - - [10/Mar/2020:09:57:24 +0100] "GET /reload?ser=1583830644122 HTTP/1.1" 200 28 "http://renault.activities.at/success" "Mozilla/5.0 (Windows NT 10.0; Win64; x64) AppleWebKit/537.36 (KHTML, like Gecko) Chrome/70.0.3538.102 Safari/537.36 Edge/18.18363"
138.21.12.22 - - [10/Mar/2020:09:57:54 +0100] "GET /reload?ser=1583830674557 HTTP/1.1" 200 28 "http://renault.2web.at/account?loadrequest=true" "Mozilla/5.0 (Windows NT 10.0; WOW64; Trident/7.0; Touch; rv:11.0) like Gecko"
80.122.221.194 - - [10/Mar/2020:09:58:26 +0100] "GET /reload?ser=1583830706116 HTTP/1.1" 200 28 "http://renault.activities.at/success" "Mozilla/5.0 (Windows NT 10.0; Win64; x64) AppleWebKit/537.36 (KHTML, like Gecko) Chrome/70.0.3538.102 Safari/537.36 Edge/18.18363"
138.21.12.22 - - [10/Mar/2020:09:58:55 +0100] "GET /reload?ser=1583830735625 HTTP/1.1" 200 28 "http://renault.2web.at/account?loadrequest=true" "Mozilla/5.0 (Windows NT 10.0; WOW64; Trident/7.0; Touch; rv:11.0) like Gecko"
80.122.221.194 - - [10/Mar/2020:09:59:27 +0100] "GET /reload?ser=1583830767121 HTTP/1.1" 200 28 "http://renault.activities.at/success" "Mozilla/5.0 (Windows NT 10.0; Win64; x64) AppleWebKit/537.36 (KHTML, like Gecko) Chrome/70.0.3538.102 Safari/537.36 Edge/18.18363"
138.21.12.22 - - [10/Mar/2020:09:59:56 +0100] "GET /reload?ser=1583830796700 HTTP/1.1" 200 28 "http://renault.2web.at/account?loadrequest=true" "Mozilla/5.0 (Windows NT 10.0; WOW64; Trident/7.0; Touch; rv:11.0) like Gecko"
80.122.221.194 - - [10/Mar/2020:10:00:28 +0100] "GET /reload?ser=1583830828118 HTTP/1.1" 200 28 "http://renault.activities.at/success" "Mozilla/5.0 (Windows NT 10.0; Win64; x64) AppleWebKit/537.36 (KHTML, like Gecko) Chrome/70.0.3538.102 Safari/537.36 Edge/18.18363"
138.21.12.22 - - [10/Mar/2020:10:00:57 +0100] "GET /reload?ser=1583830857757 HTTP/1.1" 200 28 "http://renault.2web.at/account?loadrequest=true" "Mozilla/5.0 (Windows NT 10.0; WOW64; Trident/7.0; Touch; rv:11.0) like Gecko"
80.122.221.194 - - [10/Mar/2020:10:01:29 +0100] "GET /reload?ser=1583830889127 HTTP/1.1" 200 28 "http://renault.activities.at/success" "Mozilla/5.0 (Windows NT 10.0; Win64; x64) AppleWebKit/537.36 (KHTML, like Gecko) Chrome/70.0.3538.102 Safari/537.36 Edge/18.18363"
138.21.12.22 - - [10/Mar/2020:10:01:58 +0100] "GET /reload?ser=1583830918780 HTTP/1.1" 200 28 "http://renault.2web.at/account?loadrequest=true" "Mozilla/5.0 (Windows NT 10.0; WOW64; Trident/7.0; Touch; rv:11.0) like Gecko"
80.122.221.194 - - [10/Mar/2020:10:02:30 +0100] "GET /reload?ser=1583830950118 HTTP/1.1" 200 28 "http://renault.activities.at/success" "Mozilla/5.0 (Windows NT 10.0; Win64; x64) AppleWebKit/537.36 (KHTML, like Gecko) Chrome/70.0.3538.102 Safari/537.36 Edge/18.18363"
138.21.12.22 - - [10/Mar/2020:10:03:00 +0100] "GET /reload?ser=1583830979865 HTTP/1.1" 200 28 "http://renault.2web.at/account?loadrequest=true" "Mozilla/5.0 (Windows NT 10.0; WOW64; Trident/7.0; Touch; rv:11.0) like Gecko"
