193.194.132.28 - - [12/Mar/2020:13:49:22 +0100] "GET /reload?ser=1584017362056 HTTP/1.1" 200 28 "http://renault.2web.at/result?searchterm=true&search=REH5174" "Mozilla/5.0 (Windows NT 10.0; Win64; x64) AppleWebKit/537.36 (KHTML, like Gecko) Chrome/80.0.3987.132 Safari/537.36"
80.123.225.38 - - [12/Mar/2020:13:49:26 +0100] "GET /reload?ser=1584017366416 HTTP/1.1" 200 28 "http://renault.activities.at/success" "Mozilla/5.0 (Windows NT 6.1; WOW64; Trident/7.0; rv:11.0) like Gecko"
80.122.221.194 - - [12/Mar/2020:13:49:28 +0100] "GET /reload?ser=1584017367986 HTTP/1.1" 200 28 "http://renault.activities.at/success" "Mozilla/5.0 (Windows NT 10.0; Win64; x64) AppleWebKit/537.36 (KHTML, like Gecko) Chrome/70.0.3538.102 Safari/537.36 Edge/18.18363"
80.123.225.38 - - [12/Mar/2020:13:49:41 +0100] "GET /reload?ser=1584017383807 HTTP/1.1" 200 28 "http://renault.activities.at/success" "Mozilla/5.0 (Windows NT 10.0; WOW64; Trident/7.0; rv:11.0) like Gecko"
80.120.5.131 - - [12/Mar/2020:13:49:43 +0100] "GET /10260300 HTTP/1.1" 200 90528 "http://renault.activities.at/10260280?dir=DESC&mode=grid&order=name&limit=15&page=8" "Mozilla/5.0 (Windows NT 10.0; Win64; x64) AppleWebKit/537.36 (KHTML, like Gecko) Chrome/80.0.3987.132 Safari/537.36"
80.120.5.131 - - [12/Mar/2020:13:49:46 +0100] "GET /loadthumbnail.php?id=10746885&width=113 HTTP/1.1" 200 3755 "http://renault.activities.at/10260300" "Mozilla/5.0 (Windows NT 10.0; Win64; x64) AppleWebKit/537.36 (KHTML, like Gecko) Chrome/80.0.3987.132 Safari/537.36"
80.120.5.131 - - [12/Mar/2020:13:49:46 +0100] "GET /loadthumbnail.php?id=10958231&width=113 HTTP/1.1" 200 26148 "http://renault.activities.at/10260300" "Mozilla/5.0 (Windows NT 10.0; Win64; x64) AppleWebKit/537.36 (KHTML, like Gecko) Chrome/80.0.3987.132 Safari/537.36"
80.120.5.131 - - [12/Mar/2020:13:49:46 +0100] "GET /loadthumbnail.php?id=11036127&width=113 HTTP/1.1" 200 1300 "http://renault.activities.at/10260300" "Mozilla/5.0 (Windows NT 10.0; Win64; x64) AppleWebKit/537.36 (KHTML, like Gecko) Chrome/80.0.3987.132 Safari/537.36"
80.120.5.131 - - [12/Mar/2020:13:49:46 +0100] "GET /loadthumbnail.php?id=11036339&width=113 HTTP/1.1" 200 1507 "http://renault.activities.at/10260300" "Mozilla/5.0 (Windows NT 10.0; Win64; x64) AppleWebKit/537.36 (KHTML, like Gecko) Chrome/80.0.3987.132 Safari/537.36"
80.120.5.131 - - [12/Mar/2020:13:49:46 +0100] "GET /loadthumbnail.php?id=10260877&width=113 HTTP/1.1" 200 1400 "http://renault.activities.at/10260300" "Mozilla/5.0 (Windows NT 10.0; Win64; x64) AppleWebKit/537.36 (KHTML, like Gecko) Chrome/80.0.3987.132 Safari/537.36"
80.120.5.131 - - [12/Mar/2020:13:49:47 +0100] "GET /loadthumbnail.php?id=11255648&width=113 HTTP/1.1" 200 1443 "http://renault.activities.at/10260300" "Mozilla/5.0 (Windows NT 10.0; Win64; x64) AppleWebKit/537.36 (KHTML, like Gecko) Chrome/80.0.3987.132 Safari/537.36"
80.120.5.131 - - [12/Mar/2020:13:49:47 +0100] "GET /loadthumbnail.php?id=11036124&width=113 HTTP/1.1" 200 1518 "http://renault.activities.at/10260300" "Mozilla/5.0 (Windows NT 10.0; Win64; x64) AppleWebKit/537.36 (KHTML, like Gecko) Chrome/80.0.3987.132 Safari/537.36"
80.120.5.131 - - [12/Mar/2020:13:49:47 +0100] "GET /loadthumbnail.php?id=10260863&width=113 HTTP/1.1" 200 1400 "http://renault.activities.at/10260300" "Mozilla/5.0 (Windows NT 10.0; Win64; x64) AppleWebKit/537.36 (KHTML, like Gecko) Chrome/80.0.3987.132 Safari/537.36"
80.120.5.131 - - [12/Mar/2020:13:49:47 +0100] "GET /loadthumbnail.php?id=11885850&width=113 HTTP/1.1" 200 1674 "http://renault.activities.at/10260300" "Mozilla/5.0 (Windows NT 10.0; Win64; x64) AppleWebKit/537.36 (KHTML, like Gecko) Chrome/80.0.3987.132 Safari/537.36"
80.120.5.131 - - [12/Mar/2020:13:49:47 +0100] "GET /loadthumbnail.php?id=10260861&width=113 HTTP/1.1" 200 1400 "http://renault.activities.at/10260300" "Mozilla/5.0 (Windows NT 10.0; Win64; x64) AppleWebKit/537.36 (KHTML, like Gecko) Chrome/80.0.3987.132 Safari/537.36"
80.120.5.131 - - [12/Mar/2020:13:49:47 +0100] "GET /loadthumbnail.php?id=10260875&width=113 HTTP/1.1" 200 1400 "http://renault.activities.at/10260300" "Mozilla/5.0 (Windows NT 10.0; Win64; x64) AppleWebKit/537.36 (KHTML, like Gecko) Chrome/80.0.3987.132 Safari/537.36"
80.120.5.131 - - [12/Mar/2020:13:49:53 +0100] "GET /10260300?dir=DESC&mode=grid&order=name&limit=15&page=2 HTTP/1.1" 200 91409 "http://renault.activities.at/10260300" "Mozilla/5.0 (Windows NT 10.0; Win64; x64) AppleWebKit/537.36 (KHTML, like Gecko) Chrome/80.0.3987.132 Safari/537.36"
80.120.5.131 - - [12/Mar/2020:13:49:57 +0100] "GET /loadthumbnail.php?id=11885851&width=113 HTTP/1.1" 200 1703 "http://renault.activities.at/10260300?dir=DESC&mode=grid&order=name&limit=15&page=2" "Mozilla/5.0 (Windows NT 10.0; Win64; x64) AppleWebKit/537.36 (KHTML, like Gecko) Chrome/80.0.3987.132 Safari/537.36"
80.120.5.131 - - [12/Mar/2020:13:49:57 +0100] "GET /loadthumbnail.php?id=11036126&width=113 HTTP/1.1" 200 1568 "http://renault.activities.at/10260300?dir=DESC&mode=grid&order=name&limit=15&page=2" "Mozilla/5.0 (Windows NT 10.0; Win64; x64) AppleWebKit/537.36 (KHTML, like Gecko) Chrome/80.0.3987.132 Safari/537.36"
80.120.5.131 - - [12/Mar/2020:13:49:57 +0100] "GET /loadthumbnail.php?id=10919466&width=113 HTTP/1.1" 200 1633 "http://renault.activities.at/10260300?dir=DESC&mode=grid&order=name&limit=15&page=2" "Mozilla/5.0 (Windows NT 10.0; Win64; x64) AppleWebKit/537.36 (KHTML, like Gecko) Chrome/80.0.3987.132 Safari/537.36"
80.120.5.131 - - [12/Mar/2020:13:49:57 +0100] "GET /loadthumbnail.php?id=10915652&width=113 HTTP/1.1" 200 1592 "http://renault.activities.at/10260300?dir=DESC&mode=grid&order=name&limit=15&page=2" "Mozilla/5.0 (Windows NT 10.0; Win64; x64) AppleWebKit/537.36 (KHTML, like Gecko) Chrome/80.0.3987.132 Safari/537.36"
80.120.5.131 - - [12/Mar/2020:13:49:57 +0100] "GET /loadthumbnail.php?id=10915886&width=113 HTTP/1.1" 200 1575 "http://renault.activities.at/10260300?dir=DESC&mode=grid&order=name&limit=15&page=2" "Mozilla/5.0 (Windows NT 10.0; Win64; x64) AppleWebKit/537.36 (KHTML, like Gecko) Chrome/80.0.3987.132 Safari/537.36"
80.120.5.131 - - [12/Mar/2020:13:49:57 +0100] "GET /loadthumbnail.php?id=10260890&width=113 HTTP/1.1" 200 1400 "http://renault.activities.at/10260300?dir=DESC&mode=grid&order=name&limit=15&page=2" "Mozilla/5.0 (Windows NT 10.0; Win64; x64) AppleWebKit/537.36 (KHTML, like Gecko) Chrome/80.0.3987.132 Safari/537.36"
80.120.5.131 - - [12/Mar/2020:13:49:57 +0100] "GET /loadthumbnail.php?id=11243081&width=113 HTTP/1.1" 200 1415 "http://renault.activities.at/10260300?dir=DESC&mode=grid&order=name&limit=15&page=2" "Mozilla/5.0 (Windows NT 10.0; Win64; x64) AppleWebKit/537.36 (KHTML, like Gecko) Chrome/80.0.3987.132 Safari/537.36"
80.120.5.131 - - [12/Mar/2020:13:49:57 +0100] "GET /loadthumbnail.php?id=10995605&width=113 HTTP/1.1" 200 1431 "http://renault.activities.at/10260300?dir=DESC&mode=grid&order=name&limit=15&page=2" "Mozilla/5.0 (Windows NT 10.0; Win64; x64) AppleWebKit/537.36 (KHTML, like Gecko) Chrome/80.0.3987.132 Safari/537.36"
80.120.5.131 - - [12/Mar/2020:13:49:57 +0100] "GET /loadthumbnail.php?id=11141133&width=113 HTTP/1.1" 200 1260 "http://renault.activities.at/10260300?dir=DESC&mode=grid&order=name&limit=15&page=2" "Mozilla/5.0 (Windows NT 10.0; Win64; x64) AppleWebKit/537.36 (KHTML, like Gecko) Chrome/80.0.3987.132 Safari/537.36"
80.120.5.131 - - [12/Mar/2020:13:50:02 +0100] "GET /10260300?dir=DESC&mode=grid&order=name&limit=15&page=3 HTTP/1.1" 200 63575 "http://renault.activities.at/10260300?dir=DESC&mode=grid&order=name&limit=15&page=2" "Mozilla/5.0 (Windows NT 10.0; Win64; x64) AppleWebKit/537.36 (KHTML, like Gecko) Chrome/80.0.3987.132 Safari/537.36"
80.120.5.131 - - [12/Mar/2020:13:50:05 +0100] "GET /loadthumbnail.php?id=10562347&width=113 HTTP/1.1" 200 5158 "http://renault.activities.at/10260300?dir=DESC&mode=grid&order=name&limit=15&page=3" "Mozilla/5.0 (Windows NT 10.0; Win64; x64) AppleWebKit/537.36 (KHTML, like Gecko) Chrome/80.0.3987.132 Safari/537.36"
80.120.5.131 - - [12/Mar/2020:13:50:05 +0100] "GET /loadthumbnail.php?id=10562346&width=113 HTTP/1.1" 200 5459 "http://renault.activities.at/10260300?dir=DESC&mode=grid&order=name&limit=15&page=3" "Mozilla/5.0 (Windows NT 10.0; Win64; x64) AppleWebKit/537.36 (KHTML, like Gecko) Chrome/80.0.3987.132 Safari/537.36"
80.120.5.131 - - [12/Mar/2020:13:50:05 +0100] "GET /loadthumbnail.php?id=11249797&width=113 HTTP/1.1" 200 3106 "http://renault.activities.at/10260300?dir=DESC&mode=grid&order=name&limit=15&page=3" "Mozilla/5.0 (Windows NT 10.0; Win64; x64) AppleWebKit/537.36 (KHTML, like Gecko) Chrome/80.0.3987.132 Safari/537.36"
80.120.5.131 - - [12/Mar/2020:13:50:05 +0100] "GET /loadthumbnail.php?id=11423838&width=113 HTTP/1.1" 200 2984 "http://renault.activities.at/10260300?dir=DESC&mode=grid&order=name&limit=15&page=3" "Mozilla/5.0 (Windows NT 10.0; Win64; x64) AppleWebKit/537.36 (KHTML, like Gecko) Chrome/80.0.3987.132 Safari/537.36"
80.120.5.131 - - [12/Mar/2020:13:50:05 +0100] "GET /loadthumbnail.php?id=11249798&width=113 HTTP/1.1" 200 3106 "http://renault.activities.at/10260300?dir=DESC&mode=grid&order=name&limit=15&page=3" "Mozilla/5.0 (Windows NT 10.0; Win64; x64) AppleWebKit/537.36 (KHTML, like Gecko) Chrome/80.0.3987.132 Safari/537.36"
193.194.132.28 - - [12/Mar/2020:13:50:24 +0100] "GET /reload?ser=1584017424056 HTTP/1.1" 200 28 "http://renault.2web.at/result?searchterm=true&search=REH5174" "Mozilla/5.0 (Windows NT 10.0; Win64; x64) AppleWebKit/537.36 (KHTML, like Gecko) Chrome/80.0.3987.132 Safari/537.36"
80.120.5.131 - - [12/Mar/2020:13:50:21 +0100] "GET /10260257 HTTP/1.1" 200 90737 "http://renault.activities.at/10260300?dir=DESC&mode=grid&order=name&limit=15&page=3" "Mozilla/5.0 (Windows NT 10.0; Win64; x64) AppleWebKit/537.36 (KHTML, like Gecko) Chrome/80.0.3987.132 Safari/537.36"
80.120.5.131 - - [12/Mar/2020:13:50:25 +0100] "GET /loadthumbnail.php?id=12174362&width=113 HTTP/1.1" 200 5616 "http://renault.activities.at/10260257" "Mozilla/5.0 (Windows NT 10.0; Win64; x64) AppleWebKit/537.36 (KHTML, like Gecko) Chrome/80.0.3987.132 Safari/537.36"
80.120.5.131 - - [12/Mar/2020:13:50:25 +0100] "GET /loadthumbnail.php?id=12174361&width=113 HTTP/1.1" 200 6023 "http://renault.activities.at/10260257" "Mozilla/5.0 (Windows NT 10.0; Win64; x64) AppleWebKit/537.36 (KHTML, like Gecko) Chrome/80.0.3987.132 Safari/537.36"
80.120.5.131 - - [12/Mar/2020:13:50:25 +0100] "GET /loadthumbnail.php?id=12174359&width=113 HTTP/1.1" 200 6165 "http://renault.activities.at/10260257" "Mozilla/5.0 (Windows NT 10.0; Win64; x64) AppleWebKit/537.36 (KHTML, like Gecko) Chrome/80.0.3987.132 Safari/537.36"
80.120.5.131 - - [12/Mar/2020:13:50:25 +0100] "GET /loadthumbnail.php?id=12174360&width=113 HTTP/1.1" 200 6038 "http://renault.activities.at/10260257" "Mozilla/5.0 (Windows NT 10.0; Win64; x64) AppleWebKit/537.36 (KHTML, like Gecko) Chrome/80.0.3987.132 Safari/537.36"
80.120.5.131 - - [12/Mar/2020:13:50:25 +0100] "GET /loadthumbnail.php?id=12174322&width=113 HTTP/1.1" 200 6514 "http://renault.activities.at/10260257" "Mozilla/5.0 (Windows NT 10.0; Win64; x64) AppleWebKit/537.36 (KHTML, like Gecko) Chrome/80.0.3987.132 Safari/537.36"
80.120.5.131 - - [12/Mar/2020:13:50:25 +0100] "GET /loadthumbnail.php?id=12174329&width=113 HTTP/1.1" 200 6403 "http://renault.activities.at/10260257" "Mozilla/5.0 (Windows NT 10.0; Win64; x64) AppleWebKit/537.36 (KHTML, like Gecko) Chrome/80.0.3987.132 Safari/537.36"
80.120.5.131 - - [12/Mar/2020:13:50:26 +0100] "GET /loadthumbnail.php?id=12174370&width=113 HTTP/1.1" 200 6205 "http://renault.activities.at/10260257" "Mozilla/5.0 (Windows NT 10.0; Win64; x64) AppleWebKit/537.36 (KHTML, like Gecko) Chrome/80.0.3987.132 Safari/537.36"
80.120.5.131 - - [12/Mar/2020:13:50:26 +0100] "GET /loadthumbnail.php?id=12174324&width=113 HTTP/1.1" 200 6314 "http://renault.activities.at/10260257" "Mozilla/5.0 (Windows NT 10.0; Win64; x64) AppleWebKit/537.36 (KHTML, like Gecko) Chrome/80.0.3987.132 Safari/537.36"
80.120.5.131 - - [12/Mar/2020:13:50:26 +0100] "GET /loadthumbnail.php?id=12174358&width=113 HTTP/1.1" 200 6694 "http://renault.activities.at/10260257" "Mozilla/5.0 (Windows NT 10.0; Win64; x64) AppleWebKit/537.36 (KHTML, like Gecko) Chrome/80.0.3987.132 Safari/537.36"
80.120.5.131 - - [12/Mar/2020:13:50:26 +0100] "GET /loadthumbnail.php?id=12174357&width=113 HTTP/1.1" 200 6099 "http://renault.activities.at/10260257" "Mozilla/5.0 (Windows NT 10.0; Win64; x64) AppleWebKit/537.36 (KHTML, like Gecko) Chrome/80.0.3987.132 Safari/537.36"
80.120.5.131 - - [12/Mar/2020:13:50:26 +0100] "GET /loadthumbnail.php?id=12174346&width=113 HTTP/1.1" 200 5993 "http://renault.activities.at/10260257" "Mozilla/5.0 (Windows NT 10.0; Win64; x64) AppleWebKit/537.36 (KHTML, like Gecko) Chrome/80.0.3987.132 Safari/537.36"
80.120.5.131 - - [12/Mar/2020:13:50:26 +0100] "GET /loadthumbnail.php?id=12174345&width=113 HTTP/1.1" 200 5883 "http://renault.activities.at/10260257" "Mozilla/5.0 (Windows NT 10.0; Win64; x64) AppleWebKit/537.36 (KHTML, like Gecko) Chrome/80.0.3987.132 Safari/537.36"
80.120.5.131 - - [12/Mar/2020:13:50:26 +0100] "GET /loadthumbnail.php?id=12174323&width=113 HTTP/1.1" 200 6567 "http://renault.activities.at/10260257" "Mozilla/5.0 (Windows NT 10.0; Win64; x64) AppleWebKit/537.36 (KHTML, like Gecko) Chrome/80.0.3987.132 Safari/537.36"
80.120.5.131 - - [12/Mar/2020:13:50:26 +0100] "GET /loadthumbnail.php?id=12174325&width=113 HTTP/1.1" 200 6427 "http://renault.activities.at/10260257" "Mozilla/5.0 (Windows NT 10.0; Win64; x64) AppleWebKit/537.36 (KHTML, like Gecko) Chrome/80.0.3987.132 Safari/537.36"
80.120.5.131 - - [12/Mar/2020:13:50:26 +0100] "GET /loadthumbnail.php?id=12174374&width=113 HTTP/1.1" 200 6288 "http://renault.activities.at/10260257" "Mozilla/5.0 (Windows NT 10.0; Win64; x64) AppleWebKit/537.36 (KHTML, like Gecko) Chrome/80.0.3987.132 Safari/537.36"
80.123.225.38 - - [12/Mar/2020:13:50:27 +0100] "GET /reload?ser=1584017427395 HTTP/1.1" 200 28 "http://renault.activities.at/success" "Mozilla/5.0 (Windows NT 6.1; WOW64; Trident/7.0; rv:11.0) like Gecko"
80.122.221.194 - - [12/Mar/2020:13:50:29 +0100] "GET /reload?ser=1584017428996 HTTP/1.1" 200 28 "http://renault.activities.at/success" "Mozilla/5.0 (Windows NT 10.0; Win64; x64) AppleWebKit/537.36 (KHTML, like Gecko) Chrome/70.0.3538.102 Safari/537.36 Edge/18.18363"
80.120.5.131 - - [12/Mar/2020:13:50:30 +0100] "GET /10260257?dir=DESC&mode=grid&order=name&limit=15&page=2 HTTP/1.1" 200 91607 "http://renault.activities.at/10260257" "Mozilla/5.0 (Windows NT 10.0; Win64; x64) AppleWebKit/537.36 (KHTML, like Gecko) Chrome/80.0.3987.132 Safari/537.36"
80.120.5.131 - - [12/Mar/2020:13:50:34 +0100] "GET /loadthumbnail.php?id=12174372&width=113 HTTP/1.1" 200 5744 "http://renault.activities.at/10260257?dir=DESC&mode=grid&order=name&limit=15&page=2" "Mozilla/5.0 (Windows NT 10.0; Win64; x64) AppleWebKit/537.36 (KHTML, like Gecko) Chrome/80.0.3987.132 Safari/537.36"
80.120.5.131 - - [12/Mar/2020:13:50:34 +0100] "GET /loadthumbnail.php?id=12174331&width=113 HTTP/1.1" 200 6225 "http://renault.activities.at/10260257?dir=DESC&mode=grid&order=name&limit=15&page=2" "Mozilla/5.0 (Windows NT 10.0; Win64; x64) AppleWebKit/537.36 (KHTML, like Gecko) Chrome/80.0.3987.132 Safari/537.36"
80.120.5.131 - - [12/Mar/2020:13:50:34 +0100] "GET /loadthumbnail.php?id=12174330&width=113 HTTP/1.1" 200 5926 "http://renault.activities.at/10260257?dir=DESC&mode=grid&order=name&limit=15&page=2" "Mozilla/5.0 (Windows NT 10.0; Win64; x64) AppleWebKit/537.36 (KHTML, like Gecko) Chrome/80.0.3987.132 Safari/537.36"
80.120.5.131 - - [12/Mar/2020:13:50:34 +0100] "GET /loadthumbnail.php?id=12140343&width=113 HTTP/1.1" 200 5135 "http://renault.activities.at/10260257?dir=DESC&mode=grid&order=name&limit=15&page=2" "Mozilla/5.0 (Windows NT 10.0; Win64; x64) AppleWebKit/537.36 (KHTML, like Gecko) Chrome/80.0.3987.132 Safari/537.36"
80.120.5.131 - - [12/Mar/2020:13:50:34 +0100] "GET /loadthumbnail.php?id=12140358&width=113 HTTP/1.1" 200 2492 "http://renault.activities.at/10260257?dir=DESC&mode=grid&order=name&limit=15&page=2" "Mozilla/5.0 (Windows NT 10.0; Win64; x64) AppleWebKit/537.36 (KHTML, like Gecko) Chrome/80.0.3987.132 Safari/537.36"
80.120.5.131 - - [12/Mar/2020:13:50:34 +0100] "GET /loadthumbnail.php?id=11340123&width=113 HTTP/1.1" 200 5733 "http://renault.activities.at/10260257?dir=DESC&mode=grid&order=name&limit=15&page=2" "Mozilla/5.0 (Windows NT 10.0; Win64; x64) AppleWebKit/537.36 (KHTML, like Gecko) Chrome/80.0.3987.132 Safari/537.36"
80.120.5.131 - - [12/Mar/2020:13:50:34 +0100] "GET /loadthumbnail.php?id=11586948&width=113 HTTP/1.1" 200 5963 "http://renault.activities.at/10260257?dir=DESC&mode=grid&order=name&limit=15&page=2" "Mozilla/5.0 (Windows NT 10.0; Win64; x64) AppleWebKit/537.36 (KHTML, like Gecko) Chrome/80.0.3987.132 Safari/537.36"
80.120.5.131 - - [12/Mar/2020:13:50:34 +0100] "GET /loadthumbnail.php?id=12140339&width=113 HTTP/1.1" 200 2996 "http://renault.activities.at/10260257?dir=DESC&mode=grid&order=name&limit=15&page=2" "Mozilla/5.0 (Windows NT 10.0; Win64; x64) AppleWebKit/537.36 (KHTML, like Gecko) Chrome/80.0.3987.132 Safari/537.36"
80.120.5.131 - - [12/Mar/2020:13:50:34 +0100] "GET /loadthumbnail.php?id=12140362&width=113 HTTP/1.1" 200 4385 "http://renault.activities.at/10260257?dir=DESC&mode=grid&order=name&limit=15&page=2" "Mozilla/5.0 (Windows NT 10.0; Win64; x64) AppleWebKit/537.36 (KHTML, like Gecko) Chrome/80.0.3987.132 Safari/537.36"
80.120.5.131 - - [12/Mar/2020:13:50:34 +0100] "GET /loadthumbnail.php?id=11340124&width=113 HTTP/1.1" 200 5282 "http://renault.activities.at/10260257?dir=DESC&mode=grid&order=name&limit=15&page=2" "Mozilla/5.0 (Windows NT 10.0; Win64; x64) AppleWebKit/537.36 (KHTML, like Gecko) Chrome/80.0.3987.132 Safari/537.36"
80.120.5.131 - - [12/Mar/2020:13:50:34 +0100] "GET /loadthumbnail.php?id=11461719&width=113 HTTP/1.1" 200 32739 "http://renault.activities.at/10260257?dir=DESC&mode=grid&order=name&limit=15&page=2" "Mozilla/5.0 (Windows NT 10.0; Win64; x64) AppleWebKit/537.36 (KHTML, like Gecko) Chrome/80.0.3987.132 Safari/537.36"
80.120.5.131 - - [12/Mar/2020:13:50:34 +0100] "GET /loadthumbnail.php?id=12208107&width=113 HTTP/1.1" 200 2356 "http://renault.activities.at/10260257?dir=DESC&mode=grid&order=name&limit=15&page=2" "Mozilla/5.0 (Windows NT 10.0; Win64; x64) AppleWebKit/537.36 (KHTML, like Gecko) Chrome/80.0.3987.132 Safari/537.36"
80.120.5.131 - - [12/Mar/2020:13:50:34 +0100] "GET /loadthumbnail.php?id=12010091&width=113 HTTP/1.1" 200 18021 "http://renault.activities.at/10260257?dir=DESC&mode=grid&order=name&limit=15&page=2" "Mozilla/5.0 (Windows NT 10.0; Win64; x64) AppleWebKit/537.36 (KHTML, like Gecko) Chrome/80.0.3987.132 Safari/537.36"
80.120.5.131 - - [12/Mar/2020:13:50:34 +0100] "GET /loadthumbnail.php?id=11245117&width=113 HTTP/1.1" 200 2954 "http://renault.activities.at/10260257?dir=DESC&mode=grid&order=name&limit=15&page=2" "Mozilla/5.0 (Windows NT 10.0; Win64; x64) AppleWebKit/537.36 (KHTML, like Gecko) Chrome/80.0.3987.132 Safari/537.36"
80.120.5.131 - - [12/Mar/2020:13:50:34 +0100] "GET /loadthumbnail.php?id=11831534&width=113 HTTP/1.1" 200 4277 "http://renault.activities.at/10260257?dir=DESC&mode=grid&order=name&limit=15&page=2" "Mozilla/5.0 (Windows NT 10.0; Win64; x64) AppleWebKit/537.36 (KHTML, like Gecko) Chrome/80.0.3987.132 Safari/537.36"
80.123.225.38 - - [12/Mar/2020:13:50:41 +0100] "GET /reload?ser=1584017444794 HTTP/1.1" 200 28 "http://renault.activities.at/success" "Mozilla/5.0 (Windows NT 10.0; WOW64; Trident/7.0; rv:11.0) like Gecko"
80.120.5.131 - - [12/Mar/2020:13:50:42 +0100] "GET /10260257?dir=DESC&mode=grid&order=name&limit=15&page=3 HTTP/1.1" 200 91260 "http://renault.activities.at/10260257?dir=DESC&mode=grid&order=name&limit=15&page=2" "Mozilla/5.0 (Windows NT 10.0; Win64; x64) AppleWebKit/537.36 (KHTML, like Gecko) Chrome/80.0.3987.132 Safari/537.36"
80.120.5.131 - - [12/Mar/2020:13:50:46 +0100] "GET /loadthumbnail.php?id=12133331&width=113 HTTP/1.1" 200 5222 "http://renault.activities.at/10260257?dir=DESC&mode=grid&order=name&limit=15&page=3" "Mozilla/5.0 (Windows NT 10.0; Win64; x64) AppleWebKit/537.36 (KHTML, like Gecko) Chrome/80.0.3987.132 Safari/537.36"
80.120.5.131 - - [12/Mar/2020:13:50:46 +0100] "GET /loadthumbnail.php?id=11340121&width=113 HTTP/1.1" 200 4659 "http://renault.activities.at/10260257?dir=DESC&mode=grid&order=name&limit=15&page=3" "Mozilla/5.0 (Windows NT 10.0; Win64; x64) AppleWebKit/537.36 (KHTML, like Gecko) Chrome/80.0.3987.132 Safari/537.36"
80.120.5.131 - - [12/Mar/2020:13:50:46 +0100] "GET /loadthumbnail.php?id=11340122&width=113 HTTP/1.1" 200 4012 "http://renault.activities.at/10260257?dir=DESC&mode=grid&order=name&limit=15&page=3" "Mozilla/5.0 (Windows NT 10.0; Win64; x64) AppleWebKit/537.36 (KHTML, like Gecko) Chrome/80.0.3987.132 Safari/537.36"
80.120.5.131 - - [12/Mar/2020:13:50:46 +0100] "GET /loadthumbnail.php?id=11355691&width=113 HTTP/1.1" 200 1423 "http://renault.activities.at/10260257?dir=DESC&mode=grid&order=name&limit=15&page=3" "Mozilla/5.0 (Windows NT 10.0; Win64; x64) AppleWebKit/537.36 (KHTML, like Gecko) Chrome/80.0.3987.132 Safari/537.36"
80.120.5.131 - - [12/Mar/2020:13:50:46 +0100] "GET /loadthumbnail.php?id=11435681&width=113 HTTP/1.1" 200 4088 "http://renault.activities.at/10260257?dir=DESC&mode=grid&order=name&limit=15&page=3" "Mozilla/5.0 (Windows NT 10.0; Win64; x64) AppleWebKit/537.36 (KHTML, like Gecko) Chrome/80.0.3987.132 Safari/537.36"
80.120.5.131 - - [12/Mar/2020:13:50:46 +0100] "GET /loadthumbnail.php?id=12215103&width=113 HTTP/1.1" 200 4587 "http://renault.activities.at/10260257?dir=DESC&mode=grid&order=name&limit=15&page=3" "Mozilla/5.0 (Windows NT 10.0; Win64; x64) AppleWebKit/537.36 (KHTML, like Gecko) Chrome/80.0.3987.132 Safari/537.36"
80.120.5.131 - - [12/Mar/2020:13:50:46 +0100] "GET /loadthumbnail.php?id=12215095&width=113 HTTP/1.1" 200 2974 "http://renault.activities.at/10260257?dir=DESC&mode=grid&order=name&limit=15&page=3" "Mozilla/5.0 (Windows NT 10.0; Win64; x64) AppleWebKit/537.36 (KHTML, like Gecko) Chrome/80.0.3987.132 Safari/537.36"
80.120.5.131 - - [12/Mar/2020:13:50:46 +0100] "GET /loadthumbnail.php?id=11788552&width=113 HTTP/1.1" 200 3458 "http://renault.activities.at/10260257?dir=DESC&mode=grid&order=name&limit=15&page=3" "Mozilla/5.0 (Windows NT 10.0; Win64; x64) AppleWebKit/537.36 (KHTML, like Gecko) Chrome/80.0.3987.132 Safari/537.36"
80.120.5.131 - - [12/Mar/2020:13:50:46 +0100] "GET /loadthumbnail.php?id=12215121&width=113 HTTP/1.1" 200 5302 "http://renault.activities.at/10260257?dir=DESC&mode=grid&order=name&limit=15&page=3" "Mozilla/5.0 (Windows NT 10.0; Win64; x64) AppleWebKit/537.36 (KHTML, like Gecko) Chrome/80.0.3987.132 Safari/537.36"
80.120.5.131 - - [12/Mar/2020:13:50:46 +0100] "GET /loadthumbnail.php?id=12215109&width=113 HTTP/1.1" 200 3340 "http://renault.activities.at/10260257?dir=DESC&mode=grid&order=name&limit=15&page=3" "Mozilla/5.0 (Windows NT 10.0; Win64; x64) AppleWebKit/537.36 (KHTML, like Gecko) Chrome/80.0.3987.132 Safari/537.36"
80.120.5.131 - - [12/Mar/2020:13:50:46 +0100] "GET /loadthumbnail.php?id=11340118&width=113 HTTP/1.1" 200 5991 "http://renault.activities.at/10260257?dir=DESC&mode=grid&order=name&limit=15&page=3" "Mozilla/5.0 (Windows NT 10.0; Win64; x64) AppleWebKit/537.36 (KHTML, like Gecko) Chrome/80.0.3987.132 Safari/537.36"
80.120.5.131 - - [12/Mar/2020:13:50:46 +0100] "GET /loadthumbnail.php?id=11340119&width=113 HTTP/1.1" 200 5580 "http://renault.activities.at/10260257?dir=DESC&mode=grid&order=name&limit=15&page=3" "Mozilla/5.0 (Windows NT 10.0; Win64; x64) AppleWebKit/537.36 (KHTML, like Gecko) Chrome/80.0.3987.132 Safari/537.36"
80.120.5.131 - - [12/Mar/2020:13:50:46 +0100] "GET /loadthumbnail.php?id=11340120&width=113 HTTP/1.1" 200 3105 "http://renault.activities.at/10260257?dir=DESC&mode=grid&order=name&limit=15&page=3" "Mozilla/5.0 (Windows NT 10.0; Win64; x64) AppleWebKit/537.36 (KHTML, like Gecko) Chrome/80.0.3987.132 Safari/537.36"
80.120.5.131 - - [12/Mar/2020:13:50:52 +0100] "GET /10260257?dir=DESC&mode=grid&order=name&limit=15&page=4 HTTP/1.1" 200 82012 "http://renault.activities.at/10260257?dir=DESC&mode=grid&order=name&limit=15&page=3" "Mozilla/5.0 (Windows NT 10.0; Win64; x64) AppleWebKit/537.36 (KHTML, like Gecko) Chrome/80.0.3987.132 Safari/537.36"
80.120.5.131 - - [12/Mar/2020:13:50:56 +0100] "GET /loadthumbnail.php?id=10413489&width=113 HTTP/1.1" 200 3359 "http://renault.activities.at/10260257?dir=DESC&mode=grid&order=name&limit=15&page=4" "Mozilla/5.0 (Windows NT 10.0; Win64; x64) AppleWebKit/537.36 (KHTML, like Gecko) Chrome/80.0.3987.132 Safari/537.36"
80.120.5.131 - - [12/Mar/2020:13:50:56 +0100] "GET /loadthumbnail.php?id=10970933&width=113 HTTP/1.1" 200 5265 "http://renault.activities.at/10260257?dir=DESC&mode=grid&order=name&limit=15&page=4" "Mozilla/5.0 (Windows NT 10.0; Win64; x64) AppleWebKit/537.36 (KHTML, like Gecko) Chrome/80.0.3987.132 Safari/537.36"
80.120.5.131 - - [12/Mar/2020:13:50:56 +0100] "GET /loadthumbnail.php?id=11078141&width=113 HTTP/1.1" 200 10350 "http://renault.activities.at/10260257?dir=DESC&mode=grid&order=name&limit=15&page=4" "Mozilla/5.0 (Windows NT 10.0; Win64; x64) AppleWebKit/537.36 (KHTML, like Gecko) Chrome/80.0.3987.132 Safari/537.36"
80.120.5.131 - - [12/Mar/2020:13:50:56 +0100] "GET /loadthumbnail.php?id=10970931&width=113 HTTP/1.1" 200 6433 "http://renault.activities.at/10260257?dir=DESC&mode=grid&order=name&limit=15&page=4" "Mozilla/5.0 (Windows NT 10.0; Win64; x64) AppleWebKit/537.36 (KHTML, like Gecko) Chrome/80.0.3987.132 Safari/537.36"
80.120.5.131 - - [12/Mar/2020:13:50:56 +0100] "GET /loadthumbnail.php?id=12136020&width=113 HTTP/1.1" 200 5736 "http://renault.activities.at/10260257?dir=DESC&mode=grid&order=name&limit=15&page=4" "Mozilla/5.0 (Windows NT 10.0; Win64; x64) AppleWebKit/537.36 (KHTML, like Gecko) Chrome/80.0.3987.132 Safari/537.36"
80.120.5.131 - - [12/Mar/2020:13:50:56 +0100] "GET /loadthumbnail.php?id=10970934&width=113 HTTP/1.1" 200 4227 "http://renault.activities.at/10260257?dir=DESC&mode=grid&order=name&limit=15&page=4" "Mozilla/5.0 (Windows NT 10.0; Win64; x64) AppleWebKit/537.36 (KHTML, like Gecko) Chrome/80.0.3987.132 Safari/537.36"
80.120.5.131 - - [12/Mar/2020:13:50:56 +0100] "GET /loadthumbnail.php?id=10633817&width=113 HTTP/1.1" 200 2741 "http://renault.activities.at/10260257?dir=DESC&mode=grid&order=name&limit=15&page=4" "Mozilla/5.0 (Windows NT 10.0; Win64; x64) AppleWebKit/537.36 (KHTML, like Gecko) Chrome/80.0.3987.132 Safari/537.36"
80.120.5.131 - - [12/Mar/2020:13:50:56 +0100] "GET /loadthumbnail.php?id=12205692&width=113 HTTP/1.1" 200 5033 "http://renault.activities.at/10260257?dir=DESC&mode=grid&order=name&limit=15&page=4" "Mozilla/5.0 (Windows NT 10.0; Win64; x64) AppleWebKit/537.36 (KHTML, like Gecko) Chrome/80.0.3987.132 Safari/537.36"
80.120.5.131 - - [12/Mar/2020:13:50:56 +0100] "GET /loadthumbnail.php?id=12204968&width=113 HTTP/1.1" 200 4413 "http://renault.activities.at/10260257?dir=DESC&mode=grid&order=name&limit=15&page=4" "Mozilla/5.0 (Windows NT 10.0; Win64; x64) AppleWebKit/537.36 (KHTML, like Gecko) Chrome/80.0.3987.132 Safari/537.36"
80.120.5.131 - - [12/Mar/2020:13:50:56 +0100] "GET /loadthumbnail.php?id=12136016&width=113 HTTP/1.1" 200 6655 "http://renault.activities.at/10260257?dir=DESC&mode=grid&order=name&limit=15&page=4" "Mozilla/5.0 (Windows NT 10.0; Win64; x64) AppleWebKit/537.36 (KHTML, like Gecko) Chrome/80.0.3987.132 Safari/537.36"
80.120.5.131 - - [12/Mar/2020:13:50:56 +0100] "GET /loadthumbnail.php?id=11089820&width=113 HTTP/1.1" 200 2384 "http://renault.activities.at/10260257?dir=DESC&mode=grid&order=name&limit=15&page=4" "Mozilla/5.0 (Windows NT 10.0; Win64; x64) AppleWebKit/537.36 (KHTML, like Gecko) Chrome/80.0.3987.132 Safari/537.36"
80.120.5.131 - - [12/Mar/2020:13:50:56 +0100] "GET /loadthumbnail.php?id=11831525&width=113 HTTP/1.1" 200 4277 "http://renault.activities.at/10260257?dir=DESC&mode=grid&order=name&limit=15&page=4" "Mozilla/5.0 (Windows NT 10.0; Win64; x64) AppleWebKit/537.36 (KHTML, like Gecko) Chrome/80.0.3987.132 Safari/537.36"
80.120.5.131 - - [12/Mar/2020:13:51:17 +0100] "GET /10260280 HTTP/1.1" 200 91754 "http://renault.activities.at/10260257?dir=DESC&mode=grid&order=name&limit=15&page=4" "Mozilla/5.0 (Windows NT 10.0; Win64; x64) AppleWebKit/537.36 (KHTML, like Gecko) Chrome/80.0.3987.132 Safari/537.36"
193.194.132.28 - - [12/Mar/2020:13:51:27 +0100] "GET /reload?ser=1584017487059 HTTP/1.1" 200 28 "http://renault.2web.at/result?searchterm=true&search=REH5174" "Mozilla/5.0 (Windows NT 10.0; Win64; x64) AppleWebKit/537.36 (KHTML, like Gecko) Chrome/80.0.3987.132 Safari/537.36"
80.123.225.38 - - [12/Mar/2020:13:51:28 +0100] "GET /reload?ser=1584017488375 HTTP/1.1" 200 28 "http://renault.activities.at/success" "Mozilla/5.0 (Windows NT 6.1; WOW64; Trident/7.0; rv:11.0) like Gecko"
80.120.5.131 - - [12/Mar/2020:13:51:26 +0100] "GET /10260280?dir=DESC&mode=grid&order=name&limit=15&page=2 HTTP/1.1" 200 92801 "http://renault.activities.at/10260280" "Mozilla/5.0 (Windows NT 10.0; Win64; x64) AppleWebKit/537.36 (KHTML, like Gecko) Chrome/80.0.3987.132 Safari/537.36"
80.122.221.194 - - [12/Mar/2020:13:51:30 +0100] "GET /reload?ser=1584017489998 HTTP/1.1" 200 28 "http://renault.activities.at/success" "Mozilla/5.0 (Windows NT 10.0; Win64; x64) AppleWebKit/537.36 (KHTML, like Gecko) Chrome/70.0.3538.102 Safari/537.36 Edge/18.18363"
80.120.5.131 - - [12/Mar/2020:13:51:38 +0100] "GET /css/themes/alphacube/frame_right.gif HTTP/1.1" 200 64 "http://renault.activities.at/css/themes/alphacube.css" "Mozilla/5.0 (Windows NT 10.0; Win64; x64) AppleWebKit/537.36 (KHTML, like Gecko) Chrome/80.0.3987.132 Safari/537.36"
80.120.5.131 - - [12/Mar/2020:13:51:38 +0100] "GET /css/themes/alphacube/top_mid.gif HTTP/1.1" 200 833 "http://renault.activities.at/css/themes/alphacube.css" "Mozilla/5.0 (Windows NT 10.0; Win64; x64) AppleWebKit/537.36 (KHTML, like Gecko) Chrome/80.0.3987.132 Safari/537.36"
80.120.5.131 - - [12/Mar/2020:13:51:38 +0100] "GET /css/themes/alphacube/top_right.gif HTTP/1.1" 200 972 "http://renault.activities.at/css/themes/alphacube.css" "Mozilla/5.0 (Windows NT 10.0; Win64; x64) AppleWebKit/537.36 (KHTML, like Gecko) Chrome/80.0.3987.132 Safari/537.36"
80.120.5.131 - - [12/Mar/2020:13:51:38 +0100] "GET /css/themes/alphacube/frame_left.gif HTTP/1.1" 200 64 "http://renault.activities.at/css/themes/alphacube.css" "Mozilla/5.0 (Windows NT 10.0; Win64; x64) AppleWebKit/537.36 (KHTML, like Gecko) Chrome/80.0.3987.132 Safari/537.36"
80.120.5.131 - - [12/Mar/2020:13:51:38 +0100] "GET /css/themes/alphacube/bottom_middle.gif HTTP/1.1" 200 44 "http://renault.activities.at/css/themes/alphacube.css" "Mozilla/5.0 (Windows NT 10.0; Win64; x64) AppleWebKit/537.36 (KHTML, like Gecko) Chrome/80.0.3987.132 Safari/537.36"
80.120.5.131 - - [12/Mar/2020:13:51:38 +0100] "GET /css/themes/alphacube/bottom_left-c.gif HTTP/1.1" 200 62 "http://renault.activities.at/css/themes/alphacube.css" "Mozilla/5.0 (Windows NT 10.0; Win64; x64) AppleWebKit/537.36 (KHTML, like Gecko) Chrome/80.0.3987.132 Safari/537.36"
80.120.5.131 - - [12/Mar/2020:13:51:38 +0100] "GET /css/themes/alphacube/bottom_right-c.gif HTTP/1.1" 200 62 "http://renault.activities.at/css/themes/alphacube.css" "Mozilla/5.0 (Windows NT 10.0; Win64; x64) AppleWebKit/537.36 (KHTML, like Gecko) Chrome/80.0.3987.132 Safari/537.36"
80.120.5.131 - - [12/Mar/2020:13:51:38 +0100] "GET /css/themes/alphacube/button-close-focus.gif HTTP/1.1" 200 699 "http://renault.activities.at/css/themes/alphacube.css" "Mozilla/5.0 (Windows NT 10.0; Win64; x64) AppleWebKit/537.36 (KHTML, like Gecko) Chrome/80.0.3987.132 Safari/537.36"
80.120.5.131 - - [12/Mar/2020:13:51:38 +0100] "GET /css/themes/alphacube/top_left.gif HTTP/1.1" 200 973 "http://renault.activities.at/css/themes/alphacube.css" "Mozilla/5.0 (Windows NT 10.0; Win64; x64) AppleWebKit/537.36 (KHTML, like Gecko) Chrome/80.0.3987.132 Safari/537.36"
80.120.5.131 - - [12/Mar/2020:13:51:38 +0100] "GET /11307965?print=true HTTP/1.1" 200 9378 "http://renault.activities.at/10260280?dir=DESC&mode=grid&order=name&limit=15&page=2" "Mozilla/5.0 (Windows NT 10.0; Win64; x64) AppleWebKit/537.36 (KHTML, like Gecko) Chrome/80.0.3987.132 Safari/537.36"
80.120.5.131 - - [12/Mar/2020:13:51:41 +0100] "GET /js/magiczoom/magiczoom.css HTTP/1.1" 200 4032 "http://renault.activities.at/11307965?print=true" "Mozilla/5.0 (Windows NT 10.0; Win64; x64) AppleWebKit/537.36 (KHTML, like Gecko) Chrome/80.0.3987.132 Safari/537.36"
80.120.5.131 - - [12/Mar/2020:13:51:41 +0100] "GET /js/tabs.js HTTP/1.1" 200 1087 "http://renault.activities.at/11307965?print=true" "Mozilla/5.0 (Windows NT 10.0; Win64; x64) AppleWebKit/537.36 (KHTML, like Gecko) Chrome/80.0.3987.132 Safari/537.36"
80.120.5.131 - - [12/Mar/2020:13:51:41 +0100] "GET /js/Produkt.js HTTP/1.1" 200 2476 "http://renault.activities.at/11307965?print=true" "Mozilla/5.0 (Windows NT 10.0; Win64; x64) AppleWebKit/537.36 (KHTML, like Gecko) Chrome/80.0.3987.132 Safari/537.36"
80.120.5.131 - - [12/Mar/2020:13:51:41 +0100] "GET /js/magiczoom/magiczoom.js HTTP/1.1" 200 61543 "http://renault.activities.at/11307965?print=true" "Mozilla/5.0 (Windows NT 10.0; Win64; x64) AppleWebKit/537.36 (KHTML, like Gecko) Chrome/80.0.3987.132 Safari/537.36"
80.120.5.131 - - [12/Mar/2020:13:51:41 +0100] "GET /loadthumbnail.php?id=11308371&width=250 HTTP/1.1" 200 5793 "http://renault.activities.at/11307965?print=true" "Mozilla/5.0 (Windows NT 10.0; Win64; x64) AppleWebKit/537.36 (KHTML, like Gecko) Chrome/80.0.3987.132 Safari/537.36"
80.120.5.131 - - [12/Mar/2020:13:51:42 +0100] "GET /images/tabs_corner_left_top.gif HTTP/1.1" 200 99 "http://renault.activities.at/css/styles.css" "Mozilla/5.0 (Windows NT 10.0; Win64; x64) AppleWebKit/537.36 (KHTML, like Gecko) Chrome/80.0.3987.132 Safari/537.36"
80.120.5.131 - - [12/Mar/2020:13:51:42 +0100] "GET /images/tabs_corner_right_bot.gif HTTP/1.1" 200 99 "http://renault.activities.at/css/styles.css" "Mozilla/5.0 (Windows NT 10.0; Win64; x64) AppleWebKit/537.36 (KHTML, like Gecko) Chrome/80.0.3987.132 Safari/537.36"
80.120.5.131 - - [12/Mar/2020:13:51:42 +0100] "GET /images/tabs_border.gif HTTP/1.1" 200 43 "http://renault.activities.at/css/styles.css" "Mozilla/5.0 (Windows NT 10.0; Win64; x64) AppleWebKit/537.36 (KHTML, like Gecko) Chrome/80.0.3987.132 Safari/537.36"
80.120.5.131 - - [12/Mar/2020:13:51:42 +0100] "GET /images/tabs_button_corner_right_top_active.gif HTTP/1.1" 200 136 "http://renault.activities.at/css/styles.css" "Mozilla/5.0 (Windows NT 10.0; Win64; x64) AppleWebKit/537.36 (KHTML, like Gecko) Chrome/80.0.3987.132 Safari/537.36"
80.120.5.131 - - [12/Mar/2020:13:51:42 +0100] "GET /images/tabs_corner_right_top.gif HTTP/1.1" 200 98 "http://renault.activities.at/css/styles.css" "Mozilla/5.0 (Windows NT 10.0; Win64; x64) AppleWebKit/537.36 (KHTML, like Gecko) Chrome/80.0.3987.132 Safari/537.36"
80.120.5.131 - - [12/Mar/2020:13:51:42 +0100] "GET /images/tabs_button_corner_left_top_active.gif HTTP/1.1" 200 138 "http://renault.activities.at/css/styles.css" "Mozilla/5.0 (Windows NT 10.0; Win64; x64) AppleWebKit/537.36 (KHTML, like Gecko) Chrome/80.0.3987.132 Safari/537.36"
80.120.5.131 - - [12/Mar/2020:13:51:42 +0100] "GET /images/tabs_corner_left_bot.gif HTTP/1.1" 200 98 "http://renault.activities.at/css/styles.css" "Mozilla/5.0 (Windows NT 10.0; Win64; x64) AppleWebKit/537.36 (KHTML, like Gecko) Chrome/80.0.3987.132 Safari/537.36"
80.120.5.131 - - [12/Mar/2020:13:51:42 +0100] "GET /js/magiczoom/graphics/loader.gif HTTP/1.1" 200 1849 "http://renault.activities.at/js/magiczoom/magiczoom.css" "Mozilla/5.0 (Windows NT 10.0; Win64; x64) AppleWebKit/537.36 (KHTML, like Gecko) Chrome/80.0.3987.132 Safari/537.36"
80.120.5.131 - - [12/Mar/2020:13:51:42 +0100] "GET /loadthumbnail.php?id=11308371&width=900&height=900 HTTP/1.1" 200 39147 "http://renault.activities.at/11307965?print=true" "Mozilla/5.0 (Windows NT 10.0; Win64; x64) AppleWebKit/537.36 (KHTML, like Gecko) Chrome/80.0.3987.132 Safari/537.36"
80.120.5.131 - - [12/Mar/2020:13:51:43 +0100] "GET /js/magiczoom/graphics/hint.gif HTTP/1.1" 200 73 "http://renault.activities.at/js/magiczoom/magiczoom.css" "Mozilla/5.0 (Windows NT 10.0; Win64; x64) AppleWebKit/537.36 (KHTML, like Gecko) Chrome/80.0.3987.132 Safari/537.36"
80.120.5.131 - - [12/Mar/2020:13:51:43 +0100] "GET /js/magiczoom/graphics/zoomin.cur HTTP/1.1" 200 326 "http://renault.activities.at/js/magiczoom/magiczoom.css" "Mozilla/5.0 (Windows NT 10.0; Win64; x64) AppleWebKit/537.36 (KHTML, like Gecko) Chrome/80.0.3987.132 Safari/537.36"
80.123.225.38 - - [12/Mar/2020:13:51:42 +0100] "GET /reload?ser=1584017505764 HTTP/1.1" 200 28 "http://renault.activities.at/success" "Mozilla/5.0 (Windows NT 10.0; WOW64; Trident/7.0; rv:11.0) like Gecko"
80.120.5.131 - - [12/Mar/2020:13:51:54 +0100] "GET /10260280?dir=DESC&mode=grid&order=name&limit=15&page=3 HTTP/1.1" 200 92838 "http://renault.activities.at/10260280?dir=DESC&mode=grid&order=name&limit=15&page=2" "Mozilla/5.0 (Windows NT 10.0; Win64; x64) AppleWebKit/537.36 (KHTML, like Gecko) Chrome/80.0.3987.132 Safari/537.36"
80.120.5.131 - - [12/Mar/2020:13:52:06 +0100] "GET /10260280?dir=DESC&mode=grid&order=name&limit=15&page=4 HTTP/1.1" 200 92739 "http://renault.activities.at/10260280?dir=DESC&mode=grid&order=name&limit=15&page=3" "Mozilla/5.0 (Windows NT 10.0; Win64; x64) AppleWebKit/537.36 (KHTML, like Gecko) Chrome/80.0.3987.132 Safari/537.36"
80.120.5.131 - - [12/Mar/2020:13:52:22 +0100] "GET /checkout HTTP/1.1" 200 115493 "http://renault.activities.at/10260280?dir=DESC&mode=grid&order=name&limit=15&page=4" "Mozilla/5.0 (Windows NT 10.0; Win64; x64) AppleWebKit/537.36 (KHTML, like Gecko) Chrome/80.0.3987.132 Safari/537.36"
80.120.5.131 - - [12/Mar/2020:13:52:27 +0100] "GET /js/checkout2.js HTTP/1.1" 200 19353 "http://renault.activities.at/checkout" "Mozilla/5.0 (Windows NT 10.0; Win64; x64) AppleWebKit/537.36 (KHTML, like Gecko) Chrome/80.0.3987.132 Safari/537.36"
80.120.5.131 - - [12/Mar/2020:13:52:27 +0100] "GET /images/ajax_loading.gif HTTP/1.1" 200 1542 "http://renault.activities.at/checkout" "Mozilla/5.0 (Windows NT 10.0; Win64; x64) AppleWebKit/537.36 (KHTML, like Gecko) Chrome/80.0.3987.132 Safari/537.36"
80.120.5.131 - - [12/Mar/2020:13:52:27 +0100] "GET /images/step_bg.jpg HTTP/1.1" 200 319 "http://renault.activities.at/css/styles.css" "Mozilla/5.0 (Windows NT 10.0; Win64; x64) AppleWebKit/537.36 (KHTML, like Gecko) Chrome/80.0.3987.132 Safari/537.36"
80.120.5.131 - - [12/Mar/2020:13:52:27 +0100] "GET /images/step_marker.gif HTTP/1.1" 200 650 "http://renault.activities.at/css/styles.css" "Mozilla/5.0 (Windows NT 10.0; Win64; x64) AppleWebKit/537.36 (KHTML, like Gecko) Chrome/80.0.3987.132 Safari/537.36"
80.120.5.131 - - [12/Mar/2020:13:52:27 +0100] "GET /images/checkout_border_top.gif HTTP/1.1" 200 156 "http://renault.activities.at/css/styles.css" "Mozilla/5.0 (Windows NT 10.0; Win64; x64) AppleWebKit/537.36 (KHTML, like Gecko) Chrome/80.0.3987.132 Safari/537.36"
80.120.5.131 - - [12/Mar/2020:13:52:27 +0100] "GET /images/checkout_border.gif HTTP/1.1" 200 43 "http://renault.activities.at/css/styles.css" "Mozilla/5.0 (Windows NT 10.0; Win64; x64) AppleWebKit/537.36 (KHTML, like Gecko) Chrome/80.0.3987.132 Safari/537.36"
80.120.5.131 - - [12/Mar/2020:13:52:27 +0100] "GET /loadthumbnail.php?id=10201939 HTTP/1.1" 200 218 "http://renault.activities.at/checkout" "Mozilla/5.0 (Windows NT 10.0; Win64; x64) AppleWebKit/537.36 (KHTML, like Gecko) Chrome/80.0.3987.132 Safari/537.36"
80.120.5.131 - - [12/Mar/2020:13:52:27 +0100] "GET /loadthumbnail.php?id=10202698 HTTP/1.1" 200 16678 "http://renault.activities.at/checkout" "Mozilla/5.0 (Windows NT 10.0; Win64; x64) AppleWebKit/537.36 (KHTML, like Gecko) Chrome/80.0.3987.132 Safari/537.36"
193.194.132.28 - - [12/Mar/2020:13:52:29 +0100] "GET /reload?ser=1584017549057 HTTP/1.1" 200 28 "http://renault.2web.at/result?searchterm=true&search=REH5174" "Mozilla/5.0 (Windows NT 10.0; Win64; x64) AppleWebKit/537.36 (KHTML, like Gecko) Chrome/80.0.3987.132 Safari/537.36"
80.123.225.38 - - [12/Mar/2020:13:52:29 +0100] "GET /reload?ser=1584017549395 HTTP/1.1" 200 28 "http://renault.activities.at/success" "Mozilla/5.0 (Windows NT 6.1; WOW64; Trident/7.0; rv:11.0) like Gecko"
80.122.221.194 - - [12/Mar/2020:13:52:31 +0100] "GET /reload?ser=1584017550990 HTTP/1.1" 200 28 "http://renault.activities.at/success" "Mozilla/5.0 (Windows NT 10.0; Win64; x64) AppleWebKit/537.36 (KHTML, like Gecko) Chrome/70.0.3538.102 Safari/537.36 Edge/18.18363"
80.120.5.131 - - [12/Mar/2020:13:52:31 +0100] "POST /docheckout HTTP/1.1" 200 1341 "http://renault.activities.at/checkout" "Mozilla/5.0 (Windows NT 10.0; Win64; x64) AppleWebKit/537.36 (KHTML, like Gecko) Chrome/80.0.3987.132 Safari/537.36"
80.120.5.131 - - [12/Mar/2020:13:52:35 +0100] "POST /docheckout HTTP/1.1" 200 1823 "http://renault.activities.at/checkout" "Mozilla/5.0 (Windows NT 10.0; Win64; x64) AppleWebKit/537.36 (KHTML, like Gecko) Chrome/80.0.3987.132 Safari/537.36"
80.120.5.131 - - [12/Mar/2020:13:52:37 +0100] "GET /images/error_msg_icon.gif HTTP/1.1" 200 1013 "http://renault.activities.at/checkout" "Mozilla/5.0 (Windows NT 10.0; Win64; x64) AppleWebKit/537.36 (KHTML, like Gecko) Chrome/80.0.3987.132 Safari/537.36"
80.120.5.131 - - [12/Mar/2020:13:52:39 +0100] "POST /docheckout HTTP/1.1" 200 49 "http://renault.activities.at/checkout" "Mozilla/5.0 (Windows NT 10.0; Win64; x64) AppleWebKit/537.36 (KHTML, like Gecko) Chrome/80.0.3987.132 Safari/537.36"
80.120.5.131 - - [12/Mar/2020:13:52:42 +0100] "GET /success HTTP/1.1" 200 23013 "http://renault.activities.at/checkout" "Mozilla/5.0 (Windows NT 10.0; Win64; x64) AppleWebKit/537.36 (KHTML, like Gecko) Chrome/80.0.3987.132 Safari/537.36"
80.123.225.38 - - [12/Mar/2020:13:52:43 +0100] "GET /reload?ser=1584017566721 HTTP/1.1" 200 28 "http://renault.activities.at/success" "Mozilla/5.0 (Windows NT 10.0; WOW64; Trident/7.0; rv:11.0) like Gecko"
80.120.5.131 - - [12/Mar/2020:13:52:46 +0100] "GET /logout HTTP/1.1" 302 150 "http://renault.activities.at/success" "Mozilla/5.0 (Windows NT 10.0; Win64; x64) AppleWebKit/537.36 (KHTML, like Gecko) Chrome/80.0.3987.132 Safari/537.36"
80.120.5.131 - - [12/Mar/2020:13:52:47 +0100] "GET /logout HTTP/1.1" 200 5748 "http://renault.activities.at/success" "Mozilla/5.0 (Windows NT 10.0; Win64; x64) AppleWebKit/537.36 (KHTML, like Gecko) Chrome/80.0.3987.132 Safari/537.36"
80.120.5.131 - - [12/Mar/2020:13:52:53 +0100] "GET / HTTP/1.1" 200 13061 "http://renault.activities.at/logout" "Mozilla/5.0 (Windows NT 10.0; Win64; x64) AppleWebKit/537.36 (KHTML, like Gecko) Chrome/80.0.3987.132 Safari/537.36"
80.123.225.38 - - [12/Mar/2020:13:53:30 +0100] "GET /reload?ser=1584017610375 HTTP/1.1" 200 28 "http://renault.activities.at/success" "Mozilla/5.0 (Windows NT 6.1; WOW64; Trident/7.0; rv:11.0) like Gecko"
193.194.132.28 - - [12/Mar/2020:13:53:31 +0100] "GET /reload?ser=1584017611055 HTTP/1.1" 200 28 "http://renault.2web.at/result?searchterm=true&search=REH5174" "Mozilla/5.0 (Windows NT 10.0; Win64; x64) AppleWebKit/537.36 (KHTML, like Gecko) Chrome/80.0.3987.132 Safari/537.36"
80.122.221.194 - - [12/Mar/2020:13:53:32 +0100] "GET /reload?ser=1584017611986 HTTP/1.1" 200 28 "http://renault.activities.at/success" "Mozilla/5.0 (Windows NT 10.0; Win64; x64) AppleWebKit/537.36 (KHTML, like Gecko) Chrome/70.0.3538.102 Safari/537.36 Edge/18.18363"
80.123.225.38 - - [12/Mar/2020:13:53:44 +0100] "GET /reload?ser=1584017627677 HTTP/1.1" 200 28 "http://renault.activities.at/success" "Mozilla/5.0 (Windows NT 10.0; WOW64; Trident/7.0; rv:11.0) like Gecko"
80.120.5.131 - - [12/Mar/2020:13:53:54 +0100] "GET /reload?ser=1584017634136 HTTP/1.1" 200 2 "http://renault.activities.at/" "Mozilla/5.0 (Windows NT 10.0; Win64; x64) AppleWebKit/537.36 (KHTML, like Gecko) Chrome/80.0.3987.132 Safari/537.36"
80.123.225.38 - - [12/Mar/2020:13:54:31 +0100] "GET /reload?ser=1584017671370 HTTP/1.1" 200 28 "http://renault.activities.at/success" "Mozilla/5.0 (Windows NT 6.1; WOW64; Trident/7.0; rv:11.0) like Gecko"
80.122.221.194 - - [12/Mar/2020:13:54:33 +0100] "GET /reload?ser=1584017672988 HTTP/1.1" 200 28 "http://renault.activities.at/success" "Mozilla/5.0 (Windows NT 10.0; Win64; x64) AppleWebKit/537.36 (KHTML, like Gecko) Chrome/70.0.3538.102 Safari/537.36 Edge/18.18363"
193.194.132.28 - - [12/Mar/2020:13:54:33 +0100] "GET /reload?ser=1584017673050 HTTP/1.1" 200 28 "http://renault.2web.at/result?searchterm=true&search=REH5174" "Mozilla/5.0 (Windows NT 10.0; Win64; x64) AppleWebKit/537.36 (KHTML, like Gecko) Chrome/80.0.3987.132 Safari/537.36"
80.123.225.38 - - [12/Mar/2020:13:54:45 +0100] "GET /reload?ser=1584017688643 HTTP/1.1" 200 28 "http://renault.activities.at/success" "Mozilla/5.0 (Windows NT 10.0; WOW64; Trident/7.0; rv:11.0) like Gecko"
80.120.5.131 - - [12/Mar/2020:13:54:54 +0100] "GET /reload?ser=1584017694794 HTTP/1.1" 200 2 "http://renault.activities.at/" "Mozilla/5.0 (Windows NT 10.0; Win64; x64) AppleWebKit/537.36 (KHTML, like Gecko) Chrome/80.0.3987.132 Safari/537.36"
80.123.225.38 - - [12/Mar/2020:13:55:32 +0100] "GET /reload?ser=1584017732349 HTTP/1.1" 200 28 "http://renault.activities.at/success" "Mozilla/5.0 (Windows NT 6.1; WOW64; Trident/7.0; rv:11.0) like Gecko"
80.122.221.194 - - [12/Mar/2020:13:55:34 +0100] "GET /reload?ser=1584017734005 HTTP/1.1" 200 28 "http://renault.activities.at/success" "Mozilla/5.0 (Windows NT 10.0; Win64; x64) AppleWebKit/537.36 (KHTML, like Gecko) Chrome/70.0.3538.102 Safari/537.36 Edge/18.18363"
193.194.132.28 - - [12/Mar/2020:13:55:35 +0100] "GET /reload?ser=1584017735054 HTTP/1.1" 200 28 "http://renault.2web.at/result?searchterm=true&search=REH5174" "Mozilla/5.0 (Windows NT 10.0; Win64; x64) AppleWebKit/537.36 (KHTML, like Gecko) Chrome/80.0.3987.132 Safari/537.36"
80.123.225.38 - - [12/Mar/2020:13:55:46 +0100] "GET /reload?ser=1584017749621 HTTP/1.1" 200 28 "http://renault.activities.at/success" "Mozilla/5.0 (Windows NT 10.0; WOW64; Trident/7.0; rv:11.0) like Gecko"
80.120.5.131 - - [12/Mar/2020:13:55:55 +0100] "GET /reload?ser=1584017755442 HTTP/1.1" 200 2 "http://renault.activities.at/" "Mozilla/5.0 (Windows NT 10.0; Win64; x64) AppleWebKit/537.36 (KHTML, like Gecko) Chrome/80.0.3987.132 Safari/537.36"
80.123.225.38 - - [12/Mar/2020:13:56:33 +0100] "GET /reload?ser=1584017793331 HTTP/1.1" 200 28 "http://renault.activities.at/success" "Mozilla/5.0 (Windows NT 6.1; WOW64; Trident/7.0; rv:11.0) like Gecko"
80.122.221.194 - - [12/Mar/2020:13:56:35 +0100] "GET /reload?ser=1584017794986 HTTP/1.1" 200 28 "http://renault.activities.at/success" "Mozilla/5.0 (Windows NT 10.0; Win64; x64) AppleWebKit/537.36 (KHTML, like Gecko) Chrome/70.0.3538.102 Safari/537.36 Edge/18.18363"
193.194.132.28 - - [12/Mar/2020:13:56:37 +0100] "GET /reload?ser=1584017797049 HTTP/1.1" 200 28 "http://renault.2web.at/result?searchterm=true&search=REH5174" "Mozilla/5.0 (Windows NT 10.0; Win64; x64) AppleWebKit/537.36 (KHTML, like Gecko) Chrome/80.0.3987.132 Safari/537.36"
80.123.225.38 - - [12/Mar/2020:13:56:47 +0100] "GET /reload?ser=1584017807713 HTTP/1.1" 200 28 "http://renault.activities.at/success" "Mozilla/5.0 (Windows NT 10.0; WOW64; Trident/7.0; rv:11.0) like Gecko"
80.120.5.131 - - [12/Mar/2020:13:56:56 +0100] "GET /reload?ser=1584017816084 HTTP/1.1" 200 2 "http://renault.activities.at/" "Mozilla/5.0 (Windows NT 10.0; Win64; x64) AppleWebKit/537.36 (KHTML, like Gecko) Chrome/80.0.3987.132 Safari/537.36"
80.123.225.38 - - [12/Mar/2020:13:57:34 +0100] "GET /reload?ser=1584017854327 HTTP/1.1" 200 28 "http://renault.activities.at/success" "Mozilla/5.0 (Windows NT 6.1; WOW64; Trident/7.0; rv:11.0) like Gecko"
80.122.221.194 - - [12/Mar/2020:13:57:36 +0100] "GET /reload?ser=1584017856000 HTTP/1.1" 200 28 "http://renault.activities.at/success" "Mozilla/5.0 (Windows NT 10.0; Win64; x64) AppleWebKit/537.36 (KHTML, like Gecko) Chrome/70.0.3538.102 Safari/537.36 Edge/18.18363"
193.194.132.28 - - [12/Mar/2020:13:57:39 +0100] "GET /reload?ser=1584017859062 HTTP/1.1" 200 28 "http://renault.2web.at/result?searchterm=true&search=REH5174" "Mozilla/5.0 (Windows NT 10.0; Win64; x64) AppleWebKit/537.36 (KHTML, like Gecko) Chrome/80.0.3987.132 Safari/537.36"
80.123.225.38 - - [12/Mar/2020:13:57:48 +0100] "GET /reload?ser=1584017868682 HTTP/1.1" 200 28 "http://renault.activities.at/success" "Mozilla/5.0 (Windows NT 10.0; WOW64; Trident/7.0; rv:11.0) like Gecko"
80.120.5.131 - - [12/Mar/2020:13:57:56 +0100] "GET /reload?ser=1584017876739 HTTP/1.1" 200 2 "http://renault.activities.at/" "Mozilla/5.0 (Windows NT 10.0; Win64; x64) AppleWebKit/537.36 (KHTML, like Gecko) Chrome/80.0.3987.132 Safari/537.36"
80.123.225.38 - - [12/Mar/2020:13:58:35 +0100] "GET /reload?ser=1584017915323 HTTP/1.1" 200 28 "http://renault.activities.at/success" "Mozilla/5.0 (Windows NT 6.1; WOW64; Trident/7.0; rv:11.0) like Gecko"
80.122.221.194 - - [12/Mar/2020:13:58:37 +0100] "GET /reload?ser=1584017916991 HTTP/1.1" 200 28 "http://renault.activities.at/success" "Mozilla/5.0 (Windows NT 10.0; Win64; x64) AppleWebKit/537.36 (KHTML, like Gecko) Chrome/70.0.3538.102 Safari/537.36 Edge/18.18363"
193.194.132.28 - - [12/Mar/2020:13:58:41 +0100] "GET /reload?ser=1584017921051 HTTP/1.1" 200 28 "http://renault.2web.at/result?searchterm=true&search=REH5174" "Mozilla/5.0 (Windows NT 10.0; Win64; x64) AppleWebKit/537.36 (KHTML, like Gecko) Chrome/80.0.3987.132 Safari/537.36"
80.123.225.38 - - [12/Mar/2020:13:58:49 +0100] "GET /reload?ser=1584017929660 HTTP/1.1" 200 28 "http://renault.activities.at/success" "Mozilla/5.0 (Windows NT 10.0; WOW64; Trident/7.0; rv:11.0) like Gecko"
80.120.5.131 - - [12/Mar/2020:13:58:57 +0100] "GET /reload?ser=1584017937381 HTTP/1.1" 200 2 "http://renault.activities.at/" "Mozilla/5.0 (Windows NT 10.0; Win64; x64) AppleWebKit/537.36 (KHTML, like Gecko) Chrome/80.0.3987.132 Safari/537.36"
80.123.225.38 - - [12/Mar/2020:13:59:36 +0100] "GET /reload?ser=1584017976319 HTTP/1.1" 200 28 "http://renault.activities.at/success" "Mozilla/5.0 (Windows NT 6.1; WOW64; Trident/7.0; rv:11.0) like Gecko"
