193.194.132.29 - - [30/Apr/2020:09:27:49 +0200] "GET /reload?ser=1588231669092 HTTP/1.1" 200 28 "http://renault.2web.at/aboutus" "Mozilla/5.0 (Windows NT 10.0; WOW64; Trident/7.0; Touch; rv:11.0) like Gecko"
193.194.132.29 - - [30/Apr/2020:09:28:50 +0200] "GET /reload?ser=1588231730157 HTTP/1.1" 200 28 "http://renault.2web.at/aboutus" "Mozilla/5.0 (Windows NT 10.0; WOW64; Trident/7.0; Touch; rv:11.0) like Gecko"
193.194.132.29 - - [30/Apr/2020:09:29:51 +0200] "GET /reload?ser=1588231791242 HTTP/1.1" 200 28 "http://renault.2web.at/aboutus" "Mozilla/5.0 (Windows NT 10.0; WOW64; Trident/7.0; Touch; rv:11.0) like Gecko"
193.194.132.29 - - [30/Apr/2020:09:30:52 +0200] "GET /reload?ser=1588231852312 HTTP/1.1" 200 28 "http://renault.2web.at/aboutus" "Mozilla/5.0 (Windows NT 10.0; WOW64; Trident/7.0; Touch; rv:11.0) like Gecko"
193.194.132.29 - - [30/Apr/2020:09:31:53 +0200] "GET /reload?ser=1588231913368 HTTP/1.1" 200 28 "http://renault.2web.at/aboutus" "Mozilla/5.0 (Windows NT 10.0; WOW64; Trident/7.0; Touch; rv:11.0) like Gecko"
193.194.132.29 - - [30/Apr/2020:09:32:54 +0200] "GET /reload?ser=1588231974458 HTTP/1.1" 200 28 "http://renault.2web.at/aboutus" "Mozilla/5.0 (Windows NT 10.0; WOW64; Trident/7.0; Touch; rv:11.0) like Gecko"
193.194.132.29 - - [30/Apr/2020:09:33:55 +0200] "GET /reload?ser=1588232035547 HTTP/1.1" 200 28 "http://renault.2web.at/aboutus" "Mozilla/5.0 (Windows NT 10.0; WOW64; Trident/7.0; Touch; rv:11.0) like Gecko"
193.194.132.29 - - [30/Apr/2020:09:34:56 +0200] "GET /reload?ser=1588232096682 HTTP/1.1" 200 28 "http://renault.2web.at/aboutus" "Mozilla/5.0 (Windows NT 10.0; WOW64; Trident/7.0; Touch; rv:11.0) like Gecko"
193.194.132.29 - - [30/Apr/2020:09:35:57 +0200] "GET /reload?ser=1588232157736 HTTP/1.1" 200 28 "http://renault.2web.at/aboutus" "Mozilla/5.0 (Windows NT 10.0; WOW64; Trident/7.0; Touch; rv:11.0) like Gecko"
193.194.132.29 - - [30/Apr/2020:09:36:59 +0200] "GET /reload?ser=1588232218867 HTTP/1.1" 200 28 "http://renault.2web.at/aboutus" "Mozilla/5.0 (Windows NT 10.0; WOW64; Trident/7.0; Touch; rv:11.0) like Gecko"
193.194.132.29 - - [30/Apr/2020:09:38:00 +0200] "GET /reload?ser=1588232279913 HTTP/1.1" 200 28 "http://renault.2web.at/aboutus" "Mozilla/5.0 (Windows NT 10.0; WOW64; Trident/7.0; Touch; rv:11.0) like Gecko"
193.194.132.29 - - [30/Apr/2020:09:39:01 +0200] "GET /reload?ser=1588232340984 HTTP/1.1" 200 28 "http://renault.2web.at/aboutus" "Mozilla/5.0 (Windows NT 10.0; WOW64; Trident/7.0; Touch; rv:11.0) like Gecko"
193.194.132.29 - - [30/Apr/2020:09:40:02 +0200] "GET /reload?ser=1588232402081 HTTP/1.1" 200 28 "http://renault.2web.at/aboutus" "Mozilla/5.0 (Windows NT 10.0; WOW64; Trident/7.0; Touch; rv:11.0) like Gecko"
80.110.91.30 - - [30/Apr/2020:09:40:32 +0200] "GET / HTTP/1.1" 200 3276 "-" "Mozilla/5.0 (Windows NT 10.0; Win64; x64) AppleWebKit/537.36 (KHTML, like Gecko) Chrome/81.0.4044.129 Safari/537.36"
80.110.91.30 - - [30/Apr/2020:09:40:34 +0200] "GET /loadthumbnail.php?id=11127982 HTTP/1.1" 200 399614 "http://renault.2web.at/" "Mozilla/5.0 (Windows NT 10.0; Win64; x64) AppleWebKit/537.36 (KHTML, like Gecko) Chrome/81.0.4044.129 Safari/537.36"
80.110.91.30 - - [30/Apr/2020:09:40:34 +0200] "GET /images/favicon.ico HTTP/1.1" 404 300 "http://renault.2web.at/" "Mozilla/5.0 (Windows NT 10.0; Win64; x64) AppleWebKit/537.36 (KHTML, like Gecko) Chrome/81.0.4044.129 Safari/537.36"
193.194.132.29 - - [30/Apr/2020:09:41:03 +0200] "GET /reload?ser=1588232463191 HTTP/1.1" 200 28 "http://renault.2web.at/aboutus" "Mozilla/5.0 (Windows NT 10.0; WOW64; Trident/7.0; Touch; rv:11.0) like Gecko"
80.110.91.30 - - [30/Apr/2020:09:41:34 +0200] "GET /reload?ser=1588232462716 HTTP/1.1" 200 28 "http://renault.2web.at/" "Mozilla/5.0 (Windows NT 10.0; Win64; x64) AppleWebKit/537.36 (KHTML, like Gecko) Chrome/81.0.4044.129 Safari/537.36"
193.194.132.29 - - [30/Apr/2020:09:42:04 +0200] "GET /reload?ser=1588232524285 HTTP/1.1" 200 28 "http://renault.2web.at/aboutus" "Mozilla/5.0 (Windows NT 10.0; WOW64; Trident/7.0; Touch; rv:11.0) like Gecko"
80.110.91.30 - - [30/Apr/2020:09:42:35 +0200] "GET /reload?ser=1588232523553 HTTP/1.1" 200 28 "http://renault.2web.at/" "Mozilla/5.0 (Windows NT 10.0; Win64; x64) AppleWebKit/537.36 (KHTML, like Gecko) Chrome/81.0.4044.129 Safari/537.36"
80.110.91.30 - - [30/Apr/2020:09:42:50 +0200] "GET /login HTTP/1.1" 200 2095 "http://renault.2web.at/" "Mozilla/5.0 (Windows NT 10.0; Win64; x64) AppleWebKit/537.36 (KHTML, like Gecko) Chrome/81.0.4044.129 Safari/537.36"
80.110.91.30 - - [30/Apr/2020:09:42:56 +0200] "POST /login HTTP/1.1" 302 137 "http://renault.2web.at/login" "Mozilla/5.0 (Windows NT 10.0; Win64; x64) AppleWebKit/537.36 (KHTML, like Gecko) Chrome/81.0.4044.129 Safari/537.36"
80.110.91.30 - - [30/Apr/2020:09:42:58 +0200] "GET /account HTTP/1.1" 200 7297 "http://renault.2web.at/login" "Mozilla/5.0 (Windows NT 10.0; Win64; x64) AppleWebKit/537.36 (KHTML, like Gecko) Chrome/81.0.4044.129 Safari/537.36"
80.110.91.30 - - [30/Apr/2020:09:43:02 +0200] "GET /loadthumbnail.php?id=11075492&width=50&height=50 HTTP/1.1" 200 1114 "http://renault.2web.at/account" "Mozilla/5.0 (Windows NT 10.0; Win64; x64) AppleWebKit/537.36 (KHTML, like Gecko) Chrome/81.0.4044.129 Safari/537.36"
80.110.91.30 - - [30/Apr/2020:09:43:02 +0200] "GET /loadthumbnail.php?id=12094749&width=50&height=50 HTTP/1.1" 200 3578 "http://renault.2web.at/account" "Mozilla/5.0 (Windows NT 10.0; Win64; x64) AppleWebKit/537.36 (KHTML, like Gecko) Chrome/81.0.4044.129 Safari/537.36"
80.110.91.30 - - [30/Apr/2020:09:43:02 +0200] "GET /loadthumbnail.php?id=12130660&width=50&height=50 HTTP/1.1" 200 2258 "http://renault.2web.at/account" "Mozilla/5.0 (Windows NT 10.0; Win64; x64) AppleWebKit/537.36 (KHTML, like Gecko) Chrome/81.0.4044.129 Safari/537.36"
80.110.91.30 - - [30/Apr/2020:09:43:02 +0200] "GET /loadthumbnail.php?id=12230578&width=50&height=50 HTTP/1.1" 200 801 "http://renault.2web.at/account" "Mozilla/5.0 (Windows NT 10.0; Win64; x64) AppleWebKit/537.36 (KHTML, like Gecko) Chrome/81.0.4044.129 Safari/537.36"
80.110.91.30 - - [30/Apr/2020:09:43:02 +0200] "GET /loadthumbnail.php?id=12230577&width=50&height=50 HTTP/1.1" 200 767 "http://renault.2web.at/account" "Mozilla/5.0 (Windows NT 10.0; Win64; x64) AppleWebKit/537.36 (KHTML, like Gecko) Chrome/81.0.4044.129 Safari/537.36"
80.110.91.30 - - [30/Apr/2020:09:43:02 +0200] "GET /loadthumbnail.php?id=12230318&width=50&height=50 HTTP/1.1" 200 1011 "http://renault.2web.at/account" "Mozilla/5.0 (Windows NT 10.0; Win64; x64) AppleWebKit/537.36 (KHTML, like Gecko) Chrome/81.0.4044.129 Safari/537.36"
193.194.132.29 - - [30/Apr/2020:09:43:05 +0200] "GET /reload?ser=1588232585382 HTTP/1.1" 200 28 "http://renault.2web.at/aboutus" "Mozilla/5.0 (Windows NT 10.0; WOW64; Trident/7.0; Touch; rv:11.0) like Gecko"
80.110.91.30 - - [30/Apr/2020:09:43:15 +0200] "GET /aboutus HTTP/1.1" 200 5486 "http://renault.2web.at/account" "Mozilla/5.0 (Windows NT 10.0; Win64; x64) AppleWebKit/537.36 (KHTML, like Gecko) Chrome/81.0.4044.129 Safari/537.36"
80.110.91.30 - - [30/Apr/2020:09:43:36 +0200] "GET /orders HTTP/1.1" 200 5891 "http://renault.2web.at/aboutus" "Mozilla/5.0 (Windows NT 10.0; Win64; x64) AppleWebKit/537.36 (KHTML, like Gecko) Chrome/81.0.4044.129 Safari/537.36"
80.110.91.30 - - [30/Apr/2020:09:43:47 +0200] "GET /12231082 HTTP/1.1" 200 6494 "http://renault.2web.at/orders" "Mozilla/5.0 (Windows NT 10.0; Win64; x64) AppleWebKit/537.36 (KHTML, like Gecko) Chrome/81.0.4044.129 Safari/537.36"
193.194.132.29 - - [30/Apr/2020:09:44:06 +0200] "GET /reload?ser=1588232646466 HTTP/1.1" 200 28 "http://renault.2web.at/aboutus" "Mozilla/5.0 (Windows NT 10.0; WOW64; Trident/7.0; Touch; rv:11.0) like Gecko"
80.110.91.30 - - [30/Apr/2020:09:44:50 +0200] "GET /reload?ser=1588232658599 HTTP/1.1" 200 28 "http://renault.2web.at/12231082" "Mozilla/5.0 (Windows NT 10.0; Win64; x64) AppleWebKit/537.36 (KHTML, like Gecko) Chrome/81.0.4044.129 Safari/537.36"
193.194.132.29 - - [30/Apr/2020:09:45:07 +0200] "GET /reload?ser=1588232707530 HTTP/1.1" 200 28 "http://renault.2web.at/aboutus" "Mozilla/5.0 (Windows NT 10.0; WOW64; Trident/7.0; Touch; rv:11.0) like Gecko"
80.110.91.30 - - [30/Apr/2020:09:45:51 +0200] "GET /reload?ser=1588232719748 HTTP/1.1" 200 28 "http://renault.2web.at/12231082" "Mozilla/5.0 (Windows NT 10.0; Win64; x64) AppleWebKit/537.36 (KHTML, like Gecko) Chrome/81.0.4044.129 Safari/537.36"
193.194.132.29 - - [30/Apr/2020:09:46:08 +0200] "GET /reload?ser=1588232768662 HTTP/1.1" 200 28 "http://renault.2web.at/aboutus" "Mozilla/5.0 (Windows NT 10.0; WOW64; Trident/7.0; Touch; rv:11.0) like Gecko"
80.110.91.30 - - [30/Apr/2020:09:46:52 +0200] "GET /reload?ser=1588232780884 HTTP/1.1" 200 28 "http://renault.2web.at/12231082" "Mozilla/5.0 (Windows NT 10.0; Win64; x64) AppleWebKit/537.36 (KHTML, like Gecko) Chrome/81.0.4044.129 Safari/537.36"
193.194.132.29 - - [30/Apr/2020:09:47:09 +0200] "GET /reload?ser=1588232829788 HTTP/1.1" 200 28 "http://renault.2web.at/aboutus" "Mozilla/5.0 (Windows NT 10.0; WOW64; Trident/7.0; Touch; rv:11.0) like Gecko"
80.110.91.30 - - [30/Apr/2020:09:47:53 +0200] "GET /reload?ser=1588232842017 HTTP/1.1" 200 28 "http://renault.2web.at/12231082" "Mozilla/5.0 (Windows NT 10.0; Win64; x64) AppleWebKit/537.36 (KHTML, like Gecko) Chrome/81.0.4044.129 Safari/537.36"
193.194.132.29 - - [30/Apr/2020:09:48:11 +0200] "GET /reload?ser=1588232890865 HTTP/1.1" 200 28 "http://renault.2web.at/aboutus" "Mozilla/5.0 (Windows NT 10.0; WOW64; Trident/7.0; Touch; rv:11.0) like Gecko"
80.110.91.30 - - [30/Apr/2020:09:48:54 +0200] "GET /reload?ser=1588232902983 HTTP/1.1" 200 28 "http://renault.2web.at/12231082" "Mozilla/5.0 (Windows NT 10.0; Win64; x64) AppleWebKit/537.36 (KHTML, like Gecko) Chrome/81.0.4044.129 Safari/537.36"
193.194.132.29 - - [30/Apr/2020:09:49:12 +0200] "GET /reload?ser=1588232951974 HTTP/1.1" 200 28 "http://renault.2web.at/aboutus" "Mozilla/5.0 (Windows NT 10.0; WOW64; Trident/7.0; Touch; rv:11.0) like Gecko"
80.110.91.30 - - [30/Apr/2020:09:49:55 +0200] "GET /reload?ser=1588232964078 HTTP/1.1" 200 28 "http://renault.2web.at/12231082" "Mozilla/5.0 (Windows NT 10.0; Win64; x64) AppleWebKit/537.36 (KHTML, like Gecko) Chrome/81.0.4044.129 Safari/537.36"
193.194.132.29 - - [30/Apr/2020:09:50:13 +0200] "GET /reload?ser=1588233013015 HTTP/1.1" 200 28 "http://renault.2web.at/aboutus" "Mozilla/5.0 (Windows NT 10.0; WOW64; Trident/7.0; Touch; rv:11.0) like Gecko"
80.110.91.30 - - [30/Apr/2020:09:50:57 +0200] "GET /reload?ser=1588233025221 HTTP/1.1" 200 28 "http://renault.2web.at/12231082" "Mozilla/5.0 (Windows NT 10.0; Win64; x64) AppleWebKit/537.36 (KHTML, like Gecko) Chrome/81.0.4044.129 Safari/537.36"
193.194.132.29 - - [30/Apr/2020:09:51:14 +0200] "GET /reload?ser=1588233074053 HTTP/1.1" 200 28 "http://renault.2web.at/aboutus" "Mozilla/5.0 (Windows NT 10.0; WOW64; Trident/7.0; Touch; rv:11.0) like Gecko"
80.110.91.30 - - [30/Apr/2020:09:51:58 +0200] "GET /reload?ser=1588233086351 HTTP/1.1" 200 28 "http://renault.2web.at/12231082" "Mozilla/5.0 (Windows NT 10.0; Win64; x64) AppleWebKit/537.36 (KHTML, like Gecko) Chrome/81.0.4044.129 Safari/537.36"
193.194.132.29 - - [30/Apr/2020:09:52:15 +0200] "GET /reload?ser=1588233135149 HTTP/1.1" 200 28 "http://renault.2web.at/aboutus" "Mozilla/5.0 (Windows NT 10.0; WOW64; Trident/7.0; Touch; rv:11.0) like Gecko"
80.110.91.30 - - [30/Apr/2020:09:52:59 +0200] "GET /reload?ser=1588233147483 HTTP/1.1" 200 28 "http://renault.2web.at/12231082" "Mozilla/5.0 (Windows NT 10.0; Win64; x64) AppleWebKit/537.36 (KHTML, like Gecko) Chrome/81.0.4044.129 Safari/537.36"
193.194.132.29 - - [30/Apr/2020:09:53:16 +0200] "GET /reload?ser=1588233196250 HTTP/1.1" 200 28 "http://renault.2web.at/aboutus" "Mozilla/5.0 (Windows NT 10.0; WOW64; Trident/7.0; Touch; rv:11.0) like Gecko"
80.110.91.30 - - [30/Apr/2020:09:54:00 +0200] "GET /reload?ser=1588233208614 HTTP/1.1" 200 28 "http://renault.2web.at/12231082" "Mozilla/5.0 (Windows NT 10.0; Win64; x64) AppleWebKit/537.36 (KHTML, like Gecko) Chrome/81.0.4044.129 Safari/537.36"
193.194.132.29 - - [30/Apr/2020:09:54:17 +0200] "GET /reload?ser=1588233257326 HTTP/1.1" 200 28 "http://renault.2web.at/aboutus" "Mozilla/5.0 (Windows NT 10.0; WOW64; Trident/7.0; Touch; rv:11.0) like Gecko"
80.110.91.30 - - [30/Apr/2020:09:55:01 +0200] "GET /reload?ser=1588233269688 HTTP/1.1" 200 28 "http://renault.2web.at/12231082" "Mozilla/5.0 (Windows NT 10.0; Win64; x64) AppleWebKit/537.36 (KHTML, like Gecko) Chrome/81.0.4044.129 Safari/537.36"
193.194.132.29 - - [30/Apr/2020:09:55:18 +0200] "GET /reload?ser=1588233318374 HTTP/1.1" 200 28 "http://renault.2web.at/aboutus" "Mozilla/5.0 (Windows NT 10.0; WOW64; Trident/7.0; Touch; rv:11.0) like Gecko"
80.110.91.30 - - [30/Apr/2020:09:56:02 +0200] "GET /reload?ser=1588233330668 HTTP/1.1" 200 28 "http://renault.2web.at/12231082" "Mozilla/5.0 (Windows NT 10.0; Win64; x64) AppleWebKit/537.36 (KHTML, like Gecko) Chrome/81.0.4044.129 Safari/537.36"
193.194.132.29 - - [30/Apr/2020:09:56:19 +0200] "GET /reload?ser=1588233379598 HTTP/1.1" 200 28 "http://renault.2web.at/aboutus" "Mozilla/5.0 (Windows NT 10.0; WOW64; Trident/7.0; Touch; rv:11.0) like Gecko"
80.110.91.30 - - [30/Apr/2020:09:57:03 +0200] "GET /reload?ser=1588233391897 HTTP/1.1" 200 28 "http://renault.2web.at/12231082" "Mozilla/5.0 (Windows NT 10.0; Win64; x64) AppleWebKit/537.36 (KHTML, like Gecko) Chrome/81.0.4044.129 Safari/537.36"
193.194.132.29 - - [30/Apr/2020:09:57:20 +0200] "GET /reload?ser=1588233440671 HTTP/1.1" 200 28 "http://renault.2web.at/aboutus" "Mozilla/5.0 (Windows NT 10.0; WOW64; Trident/7.0; Touch; rv:11.0) like Gecko"
80.110.91.30 - - [30/Apr/2020:09:58:05 +0200] "GET /reload?ser=1588233453901 HTTP/1.1" 200 28 "http://renault.2web.at/12231082" "Mozilla/5.0 (Windows NT 10.0; Win64; x64) AppleWebKit/537.36 (KHTML, like Gecko) Chrome/81.0.4044.129 Safari/537.36"
193.194.132.29 - - [30/Apr/2020:09:58:21 +0200] "GET /reload?ser=1588233501756 HTTP/1.1" 200 28 "http://renault.2web.at/aboutus" "Mozilla/5.0 (Windows NT 10.0; WOW64; Trident/7.0; Touch; rv:11.0) like Gecko"
80.110.91.30 - - [30/Apr/2020:09:59:07 +0200] "GET /reload?ser=1588233515908 HTTP/1.1" 200 28 "http://renault.2web.at/12231082" "Mozilla/5.0 (Windows NT 10.0; Win64; x64) AppleWebKit/537.36 (KHTML, like Gecko) Chrome/81.0.4044.129 Safari/537.36"
193.194.132.29 - - [30/Apr/2020:09:59:23 +0200] "GET /reload?ser=1588233562925 HTTP/1.1" 200 28 "http://renault.2web.at/aboutus" "Mozilla/5.0 (Windows NT 10.0; WOW64; Trident/7.0; Touch; rv:11.0) like Gecko"
213.153.47.173 - - [30/Apr/2020:09:59:57 +0200] "GET /layout.php HTTP/1.1" 200 1558 "-" "Mozilla/5.0 (Windows NT 10.0; Win64; x64) AppleWebKit/537.36 (KHTML, like Gecko) Chrome/80.0.3987.163 Safari/537.36 OPR/67.0.3575.137"
213.153.47.173 - - [30/Apr/2020:09:59:58 +0200] "GET /images/favicon.ico HTTP/1.1" 404 305 "-" "Mozilla/5.0 (Windows NT 10.0; Win64; x64) AppleWebKit/537.36 (KHTML, like Gecko) Chrome/80.0.3987.163 Safari/537.36 OPR/67.0.3575.137"
80.110.91.30 - - [30/Apr/2020:10:00:09 +0200] "GET /reload?ser=1588233577898 HTTP/1.1" 200 28 "http://renault.2web.at/12231082" "Mozilla/5.0 (Windows NT 10.0; Win64; x64) AppleWebKit/537.36 (KHTML, like Gecko) Chrome/81.0.4044.129 Safari/537.36"
193.194.132.29 - - [30/Apr/2020:10:00:24 +0200] "GET /reload?ser=1588233624046 HTTP/1.1" 200 28 "http://renault.2web.at/aboutus" "Mozilla/5.0 (Windows NT 10.0; WOW64; Trident/7.0; Touch; rv:11.0) like Gecko"
80.110.91.30 - - [30/Apr/2020:10:01:10 +0200] "GET /reload?ser=1588233638907 HTTP/1.1" 200 28 "http://renault.2web.at/12231082" "Mozilla/5.0 (Windows NT 10.0; Win64; x64) AppleWebKit/537.36 (KHTML, like Gecko) Chrome/81.0.4044.129 Safari/537.36"
193.194.132.29 - - [30/Apr/2020:10:01:25 +0200] "GET /reload?ser=1588233685125 HTTP/1.1" 200 28 "http://renault.2web.at/aboutus" "Mozilla/5.0 (Windows NT 10.0; WOW64; Trident/7.0; Touch; rv:11.0) like Gecko"
80.110.91.30 - - [30/Apr/2020:10:02:12 +0200] "GET /reload?ser=1588233700897 HTTP/1.1" 200 28 "http://renault.2web.at/12231082" "Mozilla/5.0 (Windows NT 10.0; Win64; x64) AppleWebKit/537.36 (KHTML, like Gecko) Chrome/81.0.4044.129 Safari/537.36"
193.194.132.29 - - [30/Apr/2020:10:02:26 +0200] "GET /reload?ser=1588233746188 HTTP/1.1" 200 28 "http://renault.2web.at/aboutus" "Mozilla/5.0 (Windows NT 10.0; WOW64; Trident/7.0; Touch; rv:11.0) like Gecko"
80.110.91.30 - - [30/Apr/2020:10:03:14 +0200] "GET /reload?ser=1588233762905 HTTP/1.1" 200 28 "http://renault.2web.at/12231082" "Mozilla/5.0 (Windows NT 10.0; Win64; x64) AppleWebKit/537.36 (KHTML, like Gecko) Chrome/81.0.4044.129 Safari/537.36"
193.194.132.29 - - [30/Apr/2020:10:03:27 +0200] "GET /reload?ser=1588233807280 HTTP/1.1" 200 28 "http://renault.2web.at/aboutus" "Mozilla/5.0 (Windows NT 10.0; WOW64; Trident/7.0; Touch; rv:11.0) like Gecko"
80.110.91.30 - - [30/Apr/2020:10:04:16 +0200] "GET /reload?ser=1588233824895 HTTP/1.1" 200 28 "http://renault.2web.at/12231082" "Mozilla/5.0 (Windows NT 10.0; Win64; x64) AppleWebKit/537.36 (KHTML, like Gecko) Chrome/81.0.4044.129 Safari/537.36"
193.194.132.29 - - [30/Apr/2020:10:04:28 +0200] "GET /reload?ser=1588233868477 HTTP/1.1" 200 28 "http://renault.2web.at/aboutus" "Mozilla/5.0 (Windows NT 10.0; WOW64; Trident/7.0; Touch; rv:11.0) like Gecko"
80.110.91.30 - - [30/Apr/2020:10:05:18 +0200] "GET /reload?ser=1588233886902 HTTP/1.1" 200 28 "http://renault.2web.at/12231082" "Mozilla/5.0 (Windows NT 10.0; Win64; x64) AppleWebKit/537.36 (KHTML, like Gecko) Chrome/81.0.4044.129 Safari/537.36"
193.194.132.29 - - [30/Apr/2020:10:05:29 +0200] "GET /reload?ser=1588233929593 HTTP/1.1" 200 28 "http://renault.2web.at/aboutus" "Mozilla/5.0 (Windows NT 10.0; WOW64; Trident/7.0; Touch; rv:11.0) like Gecko"
80.110.91.30 - - [30/Apr/2020:10:06:20 +0200] "GET /reload?ser=1588233948910 HTTP/1.1" 200 28 "http://renault.2web.at/12231082" "Mozilla/5.0 (Windows NT 10.0; Win64; x64) AppleWebKit/537.36 (KHTML, like Gecko) Chrome/81.0.4044.129 Safari/537.36"
193.194.132.29 - - [30/Apr/2020:10:06:30 +0200] "GET /reload?ser=1588233990714 HTTP/1.1" 200 28 "http://renault.2web.at/aboutus" "Mozilla/5.0 (Windows NT 10.0; WOW64; Trident/7.0; Touch; rv:11.0) like Gecko"
80.110.91.30 - - [30/Apr/2020:10:07:22 +0200] "GET /reload?ser=1588234010898 HTTP/1.1" 200 28 "http://renault.2web.at/12231082" "Mozilla/5.0 (Windows NT 10.0; Win64; x64) AppleWebKit/537.36 (KHTML, like Gecko) Chrome/81.0.4044.129 Safari/537.36"
193.194.132.29 - - [30/Apr/2020:10:07:31 +0200] "GET /reload?ser=1588234051762 HTTP/1.1" 200 28 "http://renault.2web.at/aboutus" "Mozilla/5.0 (Windows NT 10.0; WOW64; Trident/7.0; Touch; rv:11.0) like Gecko"
80.110.91.30 - - [30/Apr/2020:10:08:24 +0200] "GET /reload?ser=1588234072905 HTTP/1.1" 200 28 "http://renault.2web.at/12231082" "Mozilla/5.0 (Windows NT 10.0; Win64; x64) AppleWebKit/537.36 (KHTML, like Gecko) Chrome/81.0.4044.129 Safari/537.36"
193.194.132.29 - - [30/Apr/2020:10:08:33 +0200] "GET /reload?ser=1588234112875 HTTP/1.1" 200 28 "http://renault.2web.at/aboutus" "Mozilla/5.0 (Windows NT 10.0; WOW64; Trident/7.0; Touch; rv:11.0) like Gecko"
80.110.91.30 - - [30/Apr/2020:10:09:26 +0200] "GET /reload?ser=1588234134896 HTTP/1.1" 200 28 "http://renault.2web.at/12231082" "Mozilla/5.0 (Windows NT 10.0; Win64; x64) AppleWebKit/537.36 (KHTML, like Gecko) Chrome/81.0.4044.129 Safari/537.36"
193.194.132.29 - - [30/Apr/2020:10:09:34 +0200] "GET /reload?ser=1588234173981 HTTP/1.1" 200 28 "http://renault.2web.at/aboutus" "Mozilla/5.0 (Windows NT 10.0; WOW64; Trident/7.0; Touch; rv:11.0) like Gecko"
80.110.91.30 - - [30/Apr/2020:10:10:28 +0200] "GET /reload?ser=1588234196903 HTTP/1.1" 200 28 "http://renault.2web.at/12231082" "Mozilla/5.0 (Windows NT 10.0; Win64; x64) AppleWebKit/537.36 (KHTML, like Gecko) Chrome/81.0.4044.129 Safari/537.36"
193.194.132.29 - - [30/Apr/2020:10:10:35 +0200] "GET /reload?ser=1588234235050 HTTP/1.1" 200 28 "http://renault.2web.at/aboutus" "Mozilla/5.0 (Windows NT 10.0; WOW64; Trident/7.0; Touch; rv:11.0) like Gecko"
80.110.91.30 - - [30/Apr/2020:10:11:30 +0200] "GET /reload?ser=1588234258904 HTTP/1.1" 200 28 "http://renault.2web.at/12231082" "Mozilla/5.0 (Windows NT 10.0; Win64; x64) AppleWebKit/537.36 (KHTML, like Gecko) Chrome/81.0.4044.129 Safari/537.36"
193.194.132.29 - - [30/Apr/2020:10:11:36 +0200] "GET /reload?ser=1588234296144 HTTP/1.1" 200 28 "http://renault.2web.at/aboutus" "Mozilla/5.0 (Windows NT 10.0; WOW64; Trident/7.0; Touch; rv:11.0) like Gecko"
80.110.91.30 - - [30/Apr/2020:10:12:32 +0200] "GET /reload?ser=1588234320901 HTTP/1.1" 200 28 "http://renault.2web.at/12231082" "Mozilla/5.0 (Windows NT 10.0; Win64; x64) AppleWebKit/537.36 (KHTML, like Gecko) Chrome/81.0.4044.129 Safari/537.36"
193.194.132.29 - - [30/Apr/2020:10:12:37 +0200] "GET /reload?ser=1588234357251 HTTP/1.1" 200 28 "http://renault.2web.at/aboutus" "Mozilla/5.0 (Windows NT 10.0; WOW64; Trident/7.0; Touch; rv:11.0) like Gecko"
80.110.91.30 - - [30/Apr/2020:10:13:34 +0200] "GET /reload?ser=1588234382907 HTTP/1.1" 200 28 "http://renault.2web.at/12231082" "Mozilla/5.0 (Windows NT 10.0; Win64; x64) AppleWebKit/537.36 (KHTML, like Gecko) Chrome/81.0.4044.129 Safari/537.36"
193.194.132.29 - - [30/Apr/2020:10:13:38 +0200] "GET /reload?ser=1588234418380 HTTP/1.1" 200 28 "http://renault.2web.at/aboutus" "Mozilla/5.0 (Windows NT 10.0; WOW64; Trident/7.0; Touch; rv:11.0) like Gecko"
80.110.91.30 - - [30/Apr/2020:10:14:36 +0200] "GET /reload?ser=1588234444897 HTTP/1.1" 200 28 "http://renault.2web.at/12231082" "Mozilla/5.0 (Windows NT 10.0; Win64; x64) AppleWebKit/537.36 (KHTML, like Gecko) Chrome/81.0.4044.129 Safari/537.36"
193.194.132.29 - - [30/Apr/2020:10:14:39 +0200] "GET /reload?ser=1588234479548 HTTP/1.1" 200 28 "http://renault.2web.at/aboutus" "Mozilla/5.0 (Windows NT 10.0; WOW64; Trident/7.0; Touch; rv:11.0) like Gecko"
80.110.91.30 - - [30/Apr/2020:10:15:37 +0200] "GET /reload?ser=1588234505906 HTTP/1.1" 200 28 "http://renault.2web.at/12231082" "Mozilla/5.0 (Windows NT 10.0; Win64; x64) AppleWebKit/537.36 (KHTML, like Gecko) Chrome/81.0.4044.129 Safari/537.36"
193.194.132.29 - - [30/Apr/2020:10:15:40 +0200] "GET /reload?ser=1588234540636 HTTP/1.1" 200 28 "http://renault.2web.at/aboutus" "Mozilla/5.0 (Windows NT 10.0; WOW64; Trident/7.0; Touch; rv:11.0) like Gecko"
80.110.91.30 - - [30/Apr/2020:10:16:39 +0200] "GET /reload?ser=1588234567897 HTTP/1.1" 200 28 "http://renault.2web.at/12231082" "Mozilla/5.0 (Windows NT 10.0; Win64; x64) AppleWebKit/537.36 (KHTML, like Gecko) Chrome/81.0.4044.129 Safari/537.36"
193.194.132.29 - - [30/Apr/2020:10:16:41 +0200] "GET /reload?ser=1588234601709 HTTP/1.1" 200 28 "http://renault.2web.at/aboutus" "Mozilla/5.0 (Windows NT 10.0; WOW64; Trident/7.0; Touch; rv:11.0) like Gecko"
80.110.91.30 - - [30/Apr/2020:10:17:41 +0200] "GET /reload?ser=1588234629904 HTTP/1.1" 200 28 "http://renault.2web.at/12231082" "Mozilla/5.0 (Windows NT 10.0; Win64; x64) AppleWebKit/537.36 (KHTML, like Gecko) Chrome/81.0.4044.129 Safari/537.36"
193.194.132.29 - - [30/Apr/2020:10:17:42 +0200] "GET /reload?ser=1588234662794 HTTP/1.1" 200 28 "http://renault.2web.at/aboutus" "Mozilla/5.0 (Windows NT 10.0; WOW64; Trident/7.0; Touch; rv:11.0) like Gecko"
80.110.91.30 - - [30/Apr/2020:10:18:43 +0200] "GET /reload?ser=1588234691911 HTTP/1.1" 200 28 "http://renault.2web.at/12231082" "Mozilla/5.0 (Windows NT 10.0; Win64; x64) AppleWebKit/537.36 (KHTML, like Gecko) Chrome/81.0.4044.129 Safari/537.36"
193.194.132.29 - - [30/Apr/2020:10:18:44 +0200] "GET /reload?ser=1588234723878 HTTP/1.1" 200 28 "http://renault.2web.at/aboutus" "Mozilla/5.0 (Windows NT 10.0; WOW64; Trident/7.0; Touch; rv:11.0) like Gecko"
193.194.132.29 - - [30/Apr/2020:10:19:45 +0200] "GET /reload?ser=1588234784965 HTTP/1.1" 200 28 "http://renault.2web.at/aboutus" "Mozilla/5.0 (Windows NT 10.0; WOW64; Trident/7.0; Touch; rv:11.0) like Gecko"
80.110.91.30 - - [30/Apr/2020:10:19:48 +0200] "GET /reload?ser=1588234756909 HTTP/1.1" 200 28 "http://renault.2web.at/12231082" "Mozilla/5.0 (Windows NT 10.0; Win64; x64) AppleWebKit/537.36 (KHTML, like Gecko) Chrome/81.0.4044.129 Safari/537.36"
193.194.132.29 - - [30/Apr/2020:10:20:46 +0200] "GET /reload?ser=1588234846046 HTTP/1.1" 200 28 "http://renault.2web.at/aboutus" "Mozilla/5.0 (Windows NT 10.0; WOW64; Trident/7.0; Touch; rv:11.0) like Gecko"
80.110.91.30 - - [30/Apr/2020:10:20:50 +0200] "GET /reload?ser=1588234818899 HTTP/1.1" 200 28 "http://renault.2web.at/12231082" "Mozilla/5.0 (Windows NT 10.0; Win64; x64) AppleWebKit/537.36 (KHTML, like Gecko) Chrome/81.0.4044.129 Safari/537.36"
193.194.132.29 - - [30/Apr/2020:10:21:47 +0200] "GET /reload?ser=1588234907206 HTTP/1.1" 200 28 "http://renault.2web.at/aboutus" "Mozilla/5.0 (Windows NT 10.0; WOW64; Trident/7.0; Touch; rv:11.0) like Gecko"
80.110.91.30 - - [30/Apr/2020:10:21:52 +0200] "GET /reload?ser=1588234880906 HTTP/1.1" 200 28 "http://renault.2web.at/12231082" "Mozilla/5.0 (Windows NT 10.0; Win64; x64) AppleWebKit/537.36 (KHTML, like Gecko) Chrome/81.0.4044.129 Safari/537.36"
193.194.132.29 - - [30/Apr/2020:10:22:48 +0200] "GET /reload?ser=1588234968259 HTTP/1.1" 200 28 "http://renault.2web.at/aboutus" "Mozilla/5.0 (Windows NT 10.0; WOW64; Trident/7.0; Touch; rv:11.0) like Gecko"
80.110.91.30 - - [30/Apr/2020:10:22:54 +0200] "GET /reload?ser=1588234942897 HTTP/1.1" 200 28 "http://renault.2web.at/12231082" "Mozilla/5.0 (Windows NT 10.0; Win64; x64) AppleWebKit/537.36 (KHTML, like Gecko) Chrome/81.0.4044.129 Safari/537.36"
193.194.132.29 - - [30/Apr/2020:10:23:49 +0200] "GET /reload?ser=1588235029352 HTTP/1.1" 200 28 "http://renault.2web.at/aboutus" "Mozilla/5.0 (Windows NT 10.0; WOW64; Trident/7.0; Touch; rv:11.0) like Gecko"
80.110.91.30 - - [30/Apr/2020:10:23:56 +0200] "GET /reload?ser=1588235004903 HTTP/1.1" 200 28 "http://renault.2web.at/12231082" "Mozilla/5.0 (Windows NT 10.0; Win64; x64) AppleWebKit/537.36 (KHTML, like Gecko) Chrome/81.0.4044.129 Safari/537.36"
193.194.132.29 - - [30/Apr/2020:10:24:50 +0200] "GET /reload?ser=1588235090458 HTTP/1.1" 200 28 "http://renault.2web.at/aboutus" "Mozilla/5.0 (Windows NT 10.0; WOW64; Trident/7.0; Touch; rv:11.0) like Gecko"
80.110.91.30 - - [30/Apr/2020:10:24:57 +0200] "GET /reload?ser=1588235065897 HTTP/1.1" 200 28 "http://renault.2web.at/12231082" "Mozilla/5.0 (Windows NT 10.0; Win64; x64) AppleWebKit/537.36 (KHTML, like Gecko) Chrome/81.0.4044.129 Safari/537.36"
193.194.132.29 - - [30/Apr/2020:10:25:51 +0200] "GET /reload?ser=1588235151534 HTTP/1.1" 200 28 "http://renault.2web.at/aboutus" "Mozilla/5.0 (Windows NT 10.0; WOW64; Trident/7.0; Touch; rv:11.0) like Gecko"
80.110.91.30 - - [30/Apr/2020:10:25:59 +0200] "GET /reload?ser=1588235127903 HTTP/1.1" 200 28 "http://renault.2web.at/12231082" "Mozilla/5.0 (Windows NT 10.0; Win64; x64) AppleWebKit/537.36 (KHTML, like Gecko) Chrome/81.0.4044.129 Safari/537.36"
193.194.132.29 - - [30/Apr/2020:10:26:52 +0200] "GET /reload?ser=1588235212719 HTTP/1.1" 200 28 "http://renault.2web.at/aboutus" "Mozilla/5.0 (Windows NT 10.0; WOW64; Trident/7.0; Touch; rv:11.0) like Gecko"
80.110.91.30 - - [30/Apr/2020:10:27:01 +0200] "GET /reload?ser=1588235189907 HTTP/1.1" 200 28 "http://renault.2web.at/12231082" "Mozilla/5.0 (Windows NT 10.0; Win64; x64) AppleWebKit/537.36 (KHTML, like Gecko) Chrome/81.0.4044.129 Safari/537.36"
193.194.132.29 - - [30/Apr/2020:10:27:53 +0200] "GET /reload?ser=1588235273777 HTTP/1.1" 200 28 "http://renault.2web.at/aboutus" "Mozilla/5.0 (Windows NT 10.0; WOW64; Trident/7.0; Touch; rv:11.0) like Gecko"
80.110.91.30 - - [30/Apr/2020:10:28:02 +0200] "GET /reload?ser=1588235250903 HTTP/1.1" 200 28 "http://renault.2web.at/12231082" "Mozilla/5.0 (Windows NT 10.0; Win64; x64) AppleWebKit/537.36 (KHTML, like Gecko) Chrome/81.0.4044.129 Safari/537.36"
193.194.132.29 - - [30/Apr/2020:10:28:55 +0200] "GET /reload?ser=1588235334879 HTTP/1.1" 200 28 "http://renault.2web.at/aboutus" "Mozilla/5.0 (Windows NT 10.0; WOW64; Trident/7.0; Touch; rv:11.0) like Gecko"
80.110.91.30 - - [30/Apr/2020:10:29:04 +0200] "GET /reload?ser=1588235312910 HTTP/1.1" 200 28 "http://renault.2web.at/12231082" "Mozilla/5.0 (Windows NT 10.0; Win64; x64) AppleWebKit/537.36 (KHTML, like Gecko) Chrome/81.0.4044.129 Safari/537.36"
193.194.132.29 - - [30/Apr/2020:10:29:56 +0200] "GET /reload?ser=1588235395979 HTTP/1.1" 200 28 "http://renault.2web.at/aboutus" "Mozilla/5.0 (Windows NT 10.0; WOW64; Trident/7.0; Touch; rv:11.0) like Gecko"
80.110.91.30 - - [30/Apr/2020:10:30:06 +0200] "GET /reload?ser=1588235374899 HTTP/1.1" 200 28 "http://renault.2web.at/12231082" "Mozilla/5.0 (Windows NT 10.0; Win64; x64) AppleWebKit/537.36 (KHTML, like Gecko) Chrome/81.0.4044.129 Safari/537.36"
193.194.132.29 - - [30/Apr/2020:10:30:57 +0200] "GET /reload?ser=1588235457023 HTTP/1.1" 200 28 "http://renault.2web.at/aboutus" "Mozilla/5.0 (Windows NT 10.0; WOW64; Trident/7.0; Touch; rv:11.0) like Gecko"
80.110.91.30 - - [30/Apr/2020:10:31:08 +0200] "GET /reload?ser=1588235436907 HTTP/1.1" 200 28 "http://renault.2web.at/12231082" "Mozilla/5.0 (Windows NT 10.0; Win64; x64) AppleWebKit/537.36 (KHTML, like Gecko) Chrome/81.0.4044.129 Safari/537.36"
193.194.132.29 - - [30/Apr/2020:10:31:58 +0200] "GET /reload?ser=1588235518085 HTTP/1.1" 200 28 "http://renault.2web.at/aboutus" "Mozilla/5.0 (Windows NT 10.0; WOW64; Trident/7.0; Touch; rv:11.0) like Gecko"
80.110.91.30 - - [30/Apr/2020:10:32:10 +0200] "GET /reload?ser=1588235498894 HTTP/1.1" 200 28 "http://renault.2web.at/12231082" "Mozilla/5.0 (Windows NT 10.0; Win64; x64) AppleWebKit/537.36 (KHTML, like Gecko) Chrome/81.0.4044.129 Safari/537.36"
193.194.132.29 - - [30/Apr/2020:10:32:59 +0200] "GET /reload?ser=1588235579143 HTTP/1.1" 200 28 "http://renault.2web.at/aboutus" "Mozilla/5.0 (Windows NT 10.0; WOW64; Trident/7.0; Touch; rv:11.0) like Gecko"
80.110.91.30 - - [30/Apr/2020:10:33:12 +0200] "GET /reload?ser=1588235560897 HTTP/1.1" 200 28 "http://renault.2web.at/12231082" "Mozilla/5.0 (Windows NT 10.0; Win64; x64) AppleWebKit/537.36 (KHTML, like Gecko) Chrome/81.0.4044.129 Safari/537.36"
193.194.132.29 - - [30/Apr/2020:10:34:00 +0200] "GET /reload?ser=1588235640221 HTTP/1.1" 200 28 "http://renault.2web.at/aboutus" "Mozilla/5.0 (Windows NT 10.0; WOW64; Trident/7.0; Touch; rv:11.0) like Gecko"
80.110.91.30 - - [30/Apr/2020:10:34:14 +0200] "GET /reload?ser=1588235622894 HTTP/1.1" 200 28 "http://renault.2web.at/12231082" "Mozilla/5.0 (Windows NT 10.0; Win64; x64) AppleWebKit/537.36 (KHTML, like Gecko) Chrome/81.0.4044.129 Safari/537.36"
193.194.132.29 - - [30/Apr/2020:10:35:01 +0200] "GET /reload?ser=1588235701367 HTTP/1.1" 200 28 "http://renault.2web.at/aboutus" "Mozilla/5.0 (Windows NT 10.0; WOW64; Trident/7.0; Touch; rv:11.0) like Gecko"
80.110.91.30 - - [30/Apr/2020:10:35:15 +0200] "GET /reload?ser=1588235683899 HTTP/1.1" 200 28 "http://renault.2web.at/12231082" "Mozilla/5.0 (Windows NT 10.0; Win64; x64) AppleWebKit/537.36 (KHTML, like Gecko) Chrome/81.0.4044.129 Safari/537.36"
193.194.132.29 - - [30/Apr/2020:10:36:02 +0200] "GET /reload?ser=1588235762442 HTTP/1.1" 200 28 "http://renault.2web.at/aboutus" "Mozilla/5.0 (Windows NT 10.0; WOW64; Trident/7.0; Touch; rv:11.0) like Gecko"
80.110.91.30 - - [30/Apr/2020:10:36:17 +0200] "GET /reload?ser=1588235745895 HTTP/1.1" 200 28 "http://renault.2web.at/12231082" "Mozilla/5.0 (Windows NT 10.0; Win64; x64) AppleWebKit/537.36 (KHTML, like Gecko) Chrome/81.0.4044.129 Safari/537.36"
193.194.132.29 - - [30/Apr/2020:10:37:03 +0200] "GET /reload?ser=1588235823530 HTTP/1.1" 200 28 "http://renault.2web.at/aboutus" "Mozilla/5.0 (Windows NT 10.0; WOW64; Trident/7.0; Touch; rv:11.0) like Gecko"
80.110.91.30 - - [30/Apr/2020:10:37:19 +0200] "GET /reload?ser=1588235807901 HTTP/1.1" 200 28 "http://renault.2web.at/12231082" "Mozilla/5.0 (Windows NT 10.0; Win64; x64) AppleWebKit/537.36 (KHTML, like Gecko) Chrome/81.0.4044.129 Safari/537.36"
193.194.132.29 - - [30/Apr/2020:10:38:04 +0200] "GET /reload?ser=1588235884602 HTTP/1.1" 200 28 "http://renault.2web.at/aboutus" "Mozilla/5.0 (Windows NT 10.0; WOW64; Trident/7.0; Touch; rv:11.0) like Gecko"
80.110.91.30 - - [30/Apr/2020:10:38:20 +0200] "GET /reload?ser=1588235868894 HTTP/1.1" 200 28 "http://renault.2web.at/12231082" "Mozilla/5.0 (Windows NT 10.0; Win64; x64) AppleWebKit/537.36 (KHTML, like Gecko) Chrome/81.0.4044.129 Safari/537.36"
193.194.132.29 - - [30/Apr/2020:10:39:05 +0200] "GET /reload?ser=1588235945633 HTTP/1.1" 200 28 "http://renault.2web.at/aboutus" "Mozilla/5.0 (Windows NT 10.0; WOW64; Trident/7.0; Touch; rv:11.0) like Gecko"
80.110.91.30 - - [30/Apr/2020:10:39:22 +0200] "GET /reload?ser=1588235930901 HTTP/1.1" 200 28 "http://renault.2web.at/12231082" "Mozilla/5.0 (Windows NT 10.0; Win64; x64) AppleWebKit/537.36 (KHTML, like Gecko) Chrome/81.0.4044.129 Safari/537.36"
193.194.132.29 - - [30/Apr/2020:10:40:06 +0200] "GET /reload?ser=1588236006739 HTTP/1.1" 200 28 "http://renault.2web.at/aboutus" "Mozilla/5.0 (Windows NT 10.0; WOW64; Trident/7.0; Touch; rv:11.0) like Gecko"
80.110.91.30 - - [30/Apr/2020:10:40:24 +0200] "GET /reload?ser=1588235992911 HTTP/1.1" 200 28 "http://renault.2web.at/12231082" "Mozilla/5.0 (Windows NT 10.0; Win64; x64) AppleWebKit/537.36 (KHTML, like Gecko) Chrome/81.0.4044.129 Safari/537.36"
193.194.132.29 - - [30/Apr/2020:10:41:07 +0200] "GET /reload?ser=1588236067809 HTTP/1.1" 200 28 "http://renault.2web.at/aboutus" "Mozilla/5.0 (Windows NT 10.0; WOW64; Trident/7.0; Touch; rv:11.0) like Gecko"
80.110.91.30 - - [30/Apr/2020:10:41:26 +0200] "GET /reload?ser=1588236054898 HTTP/1.1" 200 28 "http://renault.2web.at/12231082" "Mozilla/5.0 (Windows NT 10.0; Win64; x64) AppleWebKit/537.36 (KHTML, like Gecko) Chrome/81.0.4044.129 Safari/537.36"
193.194.132.29 - - [30/Apr/2020:10:42:09 +0200] "GET /reload?ser=1588236128901 HTTP/1.1" 200 28 "http://renault.2web.at/aboutus" "Mozilla/5.0 (Windows NT 10.0; WOW64; Trident/7.0; Touch; rv:11.0) like Gecko"
80.110.91.30 - - [30/Apr/2020:10:42:28 +0200] "GET /reload?ser=1588236116905 HTTP/1.1" 200 28 "http://renault.2web.at/12231082" "Mozilla/5.0 (Windows NT 10.0; Win64; x64) AppleWebKit/537.36 (KHTML, like Gecko) Chrome/81.0.4044.129 Safari/537.36"
193.194.132.29 - - [30/Apr/2020:10:43:10 +0200] "GET /reload?ser=1588236190109 HTTP/1.1" 200 28 "http://renault.2web.at/aboutus" "Mozilla/5.0 (Windows NT 10.0; WOW64; Trident/7.0; Touch; rv:11.0) like Gecko"
80.110.91.30 - - [30/Apr/2020:10:43:30 +0200] "GET /reload?ser=1588236178895 HTTP/1.1" 200 28 "http://renault.2web.at/12231082" "Mozilla/5.0 (Windows NT 10.0; Win64; x64) AppleWebKit/537.36 (KHTML, like Gecko) Chrome/81.0.4044.129 Safari/537.36"
193.194.132.29 - - [30/Apr/2020:10:44:11 +0200] "GET /reload?ser=1588236251162 HTTP/1.1" 200 28 "http://renault.2web.at/aboutus" "Mozilla/5.0 (Windows NT 10.0; WOW64; Trident/7.0; Touch; rv:11.0) like Gecko"
80.110.91.30 - - [30/Apr/2020:10:44:32 +0200] "GET /reload?ser=1588236240902 HTTP/1.1" 200 28 "http://renault.2web.at/12231082" "Mozilla/5.0 (Windows NT 10.0; Win64; x64) AppleWebKit/537.36 (KHTML, like Gecko) Chrome/81.0.4044.129 Safari/537.36"
193.194.132.29 - - [30/Apr/2020:10:45:12 +0200] "GET /reload?ser=1588236312221 HTTP/1.1" 200 28 "http://renault.2web.at/aboutus" "Mozilla/5.0 (Windows NT 10.0; WOW64; Trident/7.0; Touch; rv:11.0) like Gecko"
80.110.91.30 - - [30/Apr/2020:10:45:33 +0200] "GET /reload?ser=1588236301895 HTTP/1.1" 200 28 "http://renault.2web.at/12231082" "Mozilla/5.0 (Windows NT 10.0; Win64; x64) AppleWebKit/537.36 (KHTML, like Gecko) Chrome/81.0.4044.129 Safari/537.36"
193.194.132.29 - - [30/Apr/2020:10:46:13 +0200] "GET /reload?ser=1588236373278 HTTP/1.1" 200 28 "http://renault.2web.at/aboutus" "Mozilla/5.0 (Windows NT 10.0; WOW64; Trident/7.0; Touch; rv:11.0) like Gecko"
80.110.91.30 - - [30/Apr/2020:10:46:35 +0200] "GET /reload?ser=1588236363902 HTTP/1.1" 200 28 "http://renault.2web.at/12231082" "Mozilla/5.0 (Windows NT 10.0; Win64; x64) AppleWebKit/537.36 (KHTML, like Gecko) Chrome/81.0.4044.129 Safari/537.36"
193.194.132.29 - - [30/Apr/2020:10:47:14 +0200] "GET /reload?ser=1588236434360 HTTP/1.1" 200 28 "http://renault.2web.at/aboutus" "Mozilla/5.0 (Windows NT 10.0; WOW64; Trident/7.0; Touch; rv:11.0) like Gecko"
80.110.91.30 - - [30/Apr/2020:10:47:37 +0200] "GET /reload?ser=1588236425909 HTTP/1.1" 200 28 "http://renault.2web.at/12231082" "Mozilla/5.0 (Windows NT 10.0; Win64; x64) AppleWebKit/537.36 (KHTML, like Gecko) Chrome/81.0.4044.129 Safari/537.36"
193.194.132.29 - - [30/Apr/2020:10:48:15 +0200] "GET /reload?ser=1588236495437 HTTP/1.1" 200 28 "http://renault.2web.at/aboutus" "Mozilla/5.0 (Windows NT 10.0; WOW64; Trident/7.0; Touch; rv:11.0) like Gecko"
80.110.91.30 - - [30/Apr/2020:10:48:39 +0200] "GET /reload?ser=1588236487899 HTTP/1.1" 200 28 "http://renault.2web.at/12231082" "Mozilla/5.0 (Windows NT 10.0; Win64; x64) AppleWebKit/537.36 (KHTML, like Gecko) Chrome/81.0.4044.129 Safari/537.36"
193.194.132.29 - - [30/Apr/2020:10:49:16 +0200] "GET /reload?ser=1588236556556 HTTP/1.1" 200 28 "http://renault.2web.at/aboutus" "Mozilla/5.0 (Windows NT 10.0; WOW64; Trident/7.0; Touch; rv:11.0) like Gecko"
80.110.91.30 - - [30/Apr/2020:10:49:41 +0200] "GET /reload?ser=1588236549906 HTTP/1.1" 200 28 "http://renault.2web.at/12231082" "Mozilla/5.0 (Windows NT 10.0; Win64; x64) AppleWebKit/537.36 (KHTML, like Gecko) Chrome/81.0.4044.129 Safari/537.36"
193.194.132.29 - - [30/Apr/2020:10:50:17 +0200] "GET /reload?ser=1588236617662 HTTP/1.1" 200 28 "http://renault.2web.at/aboutus" "Mozilla/5.0 (Windows NT 10.0; WOW64; Trident/7.0; Touch; rv:11.0) like Gecko"
80.110.91.30 - - [30/Apr/2020:10:50:45 +0200] "GET /reload?ser=1588236613894 HTTP/1.1" 200 28 "http://renault.2web.at/12231082" "Mozilla/5.0 (Windows NT 10.0; Win64; x64) AppleWebKit/537.36 (KHTML, like Gecko) Chrome/81.0.4044.129 Safari/537.36"
193.194.132.29 - - [30/Apr/2020:10:51:18 +0200] "GET /reload?ser=1588236678721 HTTP/1.1" 200 28 "http://renault.2web.at/aboutus" "Mozilla/5.0 (Windows NT 10.0; WOW64; Trident/7.0; Touch; rv:11.0) like Gecko"
80.110.91.30 - - [30/Apr/2020:10:51:46 +0200] "GET /reload?ser=1588236674900 HTTP/1.1" 200 28 "http://renault.2web.at/12231082" "Mozilla/5.0 (Windows NT 10.0; Win64; x64) AppleWebKit/537.36 (KHTML, like Gecko) Chrome/81.0.4044.129 Safari/537.36"
193.194.132.29 - - [30/Apr/2020:10:52:19 +0200] "GET /reload?ser=1588236739787 HTTP/1.1" 200 28 "http://renault.2web.at/aboutus" "Mozilla/5.0 (Windows NT 10.0; WOW64; Trident/7.0; Touch; rv:11.0) like Gecko"
80.110.91.30 - - [30/Apr/2020:10:52:48 +0200] "GET /reload?ser=1588236736907 HTTP/1.1" 200 28 "http://renault.2web.at/12231082" "Mozilla/5.0 (Windows NT 10.0; Win64; x64) AppleWebKit/537.36 (KHTML, like Gecko) Chrome/81.0.4044.129 Safari/537.36"
193.194.132.29 - - [30/Apr/2020:10:53:21 +0200] "GET /reload?ser=1588236800863 HTTP/1.1" 200 28 "http://renault.2web.at/aboutus" "Mozilla/5.0 (Windows NT 10.0; WOW64; Trident/7.0; Touch; rv:11.0) like Gecko"
80.110.91.30 - - [30/Apr/2020:10:53:50 +0200] "GET /reload?ser=1588236798897 HTTP/1.1" 200 28 "http://renault.2web.at/12231082" "Mozilla/5.0 (Windows NT 10.0; Win64; x64) AppleWebKit/537.36 (KHTML, like Gecko) Chrome/81.0.4044.129 Safari/537.36"
193.194.132.29 - - [30/Apr/2020:10:54:22 +0200] "GET /reload?ser=1588236861934 HTTP/1.1" 200 28 "http://renault.2web.at/aboutus" "Mozilla/5.0 (Windows NT 10.0; WOW64; Trident/7.0; Touch; rv:11.0) like Gecko"
80.110.91.30 - - [30/Apr/2020:10:54:51 +0200] "GET /reload?ser=1588236859907 HTTP/1.1" 200 28 "http://renault.2web.at/12231082" "Mozilla/5.0 (Windows NT 10.0; Win64; x64) AppleWebKit/537.36 (KHTML, like Gecko) Chrome/81.0.4044.129 Safari/537.36"
193.194.132.29 - - [30/Apr/2020:10:55:23 +0200] "GET /reload?ser=1588236923007 HTTP/1.1" 200 28 "http://renault.2web.at/aboutus" "Mozilla/5.0 (Windows NT 10.0; WOW64; Trident/7.0; Touch; rv:11.0) like Gecko"
80.110.91.30 - - [30/Apr/2020:10:55:56 +0200] "GET /reload?ser=1588236924906 HTTP/1.1" 200 28 "http://renault.2web.at/12231082" "Mozilla/5.0 (Windows NT 10.0; Win64; x64) AppleWebKit/537.36 (KHTML, like Gecko) Chrome/81.0.4044.129 Safari/537.36"
193.194.132.29 - - [30/Apr/2020:10:56:24 +0200] "GET /reload?ser=1588236984079 HTTP/1.1" 200 28 "http://renault.2web.at/aboutus" "Mozilla/5.0 (Windows NT 10.0; WOW64; Trident/7.0; Touch; rv:11.0) like Gecko"
80.110.91.30 - - [30/Apr/2020:10:56:58 +0200] "GET /reload?ser=1588236986899 HTTP/1.1" 200 28 "http://renault.2web.at/12231082" "Mozilla/5.0 (Windows NT 10.0; Win64; x64) AppleWebKit/537.36 (KHTML, like Gecko) Chrome/81.0.4044.129 Safari/537.36"
193.194.132.29 - - [30/Apr/2020:10:57:25 +0200] "GET /reload?ser=1588237045172 HTTP/1.1" 200 28 "http://renault.2web.at/aboutus" "Mozilla/5.0 (Windows NT 10.0; WOW64; Trident/7.0; Touch; rv:11.0) like Gecko"
80.110.91.30 - - [30/Apr/2020:10:58:00 +0200] "GET /reload?ser=1588237048903 HTTP/1.1" 200 28 "http://renault.2web.at/12231082" "Mozilla/5.0 (Windows NT 10.0; Win64; x64) AppleWebKit/537.36 (KHTML, like Gecko) Chrome/81.0.4044.129 Safari/537.36"
193.194.132.29 - - [30/Apr/2020:10:58:26 +0200] "GET /reload?ser=1588237106321 HTTP/1.1" 200 28 "http://renault.2web.at/aboutus" "Mozilla/5.0 (Windows NT 10.0; WOW64; Trident/7.0; Touch; rv:11.0) like Gecko"
80.110.91.30 - - [30/Apr/2020:10:59:02 +0200] "GET /reload?ser=1588237110909 HTTP/1.1" 200 28 "http://renault.2web.at/12231082" "Mozilla/5.0 (Windows NT 10.0; Win64; x64) AppleWebKit/537.36 (KHTML, like Gecko) Chrome/81.0.4044.129 Safari/537.36"
193.194.132.29 - - [30/Apr/2020:10:59:27 +0200] "GET /reload?ser=1588237167388 HTTP/1.1" 200 28 "http://renault.2web.at/aboutus" "Mozilla/5.0 (Windows NT 10.0; WOW64; Trident/7.0; Touch; rv:11.0) like Gecko"
80.110.91.30 - - [30/Apr/2020:11:00:04 +0200] "GET /reload?ser=1588237172899 HTTP/1.1" 200 28 "http://renault.2web.at/12231082" "Mozilla/5.0 (Windows NT 10.0; Win64; x64) AppleWebKit/537.36 (KHTML, like Gecko) Chrome/81.0.4044.129 Safari/537.36"
193.194.132.29 - - [30/Apr/2020:11:00:28 +0200] "GET /reload?ser=1588237228480 HTTP/1.1" 200 28 "http://renault.2web.at/aboutus" "Mozilla/5.0 (Windows NT 10.0; WOW64; Trident/7.0; Touch; rv:11.0) like Gecko"
80.110.91.30 - - [30/Apr/2020:11:01:06 +0200] "GET /reload?ser=1588237234896 HTTP/1.1" 200 28 "http://renault.2web.at/12231082" "Mozilla/5.0 (Windows NT 10.0; Win64; x64) AppleWebKit/537.36 (KHTML, like Gecko) Chrome/81.0.4044.129 Safari/537.36"
193.194.132.29 - - [30/Apr/2020:11:01:29 +0200] "GET /reload?ser=1588237289566 HTTP/1.1" 200 28 "http://renault.2web.at/aboutus" "Mozilla/5.0 (Windows NT 10.0; WOW64; Trident/7.0; Touch; rv:11.0) like Gecko"
80.110.91.30 - - [30/Apr/2020:11:02:08 +0200] "GET /reload?ser=1588237296897 HTTP/1.1" 200 28 "http://renault.2web.at/12231082" "Mozilla/5.0 (Windows NT 10.0; Win64; x64) AppleWebKit/537.36 (KHTML, like Gecko) Chrome/81.0.4044.129 Safari/537.36"
193.194.132.29 - - [30/Apr/2020:11:02:30 +0200] "GET /reload?ser=1588237350622 HTTP/1.1" 200 28 "http://renault.2web.at/aboutus" "Mozilla/5.0 (Windows NT 10.0; WOW64; Trident/7.0; Touch; rv:11.0) like Gecko"
80.110.91.30 - - [30/Apr/2020:11:03:10 +0200] "GET /reload?ser=1588237358903 HTTP/1.1" 200 28 "http://renault.2web.at/12231082" "Mozilla/5.0 (Windows NT 10.0; Win64; x64) AppleWebKit/537.36 (KHTML, like Gecko) Chrome/81.0.4044.129 Safari/537.36"
193.194.132.29 - - [30/Apr/2020:11:03:31 +0200] "GET /reload?ser=1588237411675 HTTP/1.1" 200 28 "http://renault.2web.at/aboutus" "Mozilla/5.0 (Windows NT 10.0; WOW64; Trident/7.0; Touch; rv:11.0) like Gecko"
80.110.91.30 - - [30/Apr/2020:11:04:12 +0200] "GET /reload?ser=1588237420903 HTTP/1.1" 200 28 "http://renault.2web.at/12231082" "Mozilla/5.0 (Windows NT 10.0; Win64; x64) AppleWebKit/537.36 (KHTML, like Gecko) Chrome/81.0.4044.129 Safari/537.36"
193.194.132.29 - - [30/Apr/2020:11:04:32 +0200] "GET /reload?ser=1588237472779 HTTP/1.1" 200 28 "http://renault.2web.at/aboutus" "Mozilla/5.0 (Windows NT 10.0; WOW64; Trident/7.0; Touch; rv:11.0) like Gecko"
80.110.91.30 - - [30/Apr/2020:11:05:14 +0200] "GET /reload?ser=1588237482901 HTTP/1.1" 200 28 "http://renault.2web.at/12231082" "Mozilla/5.0 (Windows NT 10.0; Win64; x64) AppleWebKit/537.36 (KHTML, like Gecko) Chrome/81.0.4044.129 Safari/537.36"
193.194.132.29 - - [30/Apr/2020:11:05:34 +0200] "GET /reload?ser=1588237533925 HTTP/1.1" 200 28 "http://renault.2web.at/aboutus" "Mozilla/5.0 (Windows NT 10.0; WOW64; Trident/7.0; Touch; rv:11.0) like Gecko"
80.110.91.30 - - [30/Apr/2020:11:06:16 +0200] "GET /reload?ser=1588237544910 HTTP/1.1" 200 28 "http://renault.2web.at/12231082" "Mozilla/5.0 (Windows NT 10.0; Win64; x64) AppleWebKit/537.36 (KHTML, like Gecko) Chrome/81.0.4044.129 Safari/537.36"
193.194.132.29 - - [30/Apr/2020:11:06:35 +0200] "GET /reload?ser=1588237595021 HTTP/1.1" 200 28 "http://renault.2web.at/aboutus" "Mozilla/5.0 (Windows NT 10.0; WOW64; Trident/7.0; Touch; rv:11.0) like Gecko"
80.110.91.30 - - [30/Apr/2020:11:07:18 +0200] "GET /reload?ser=1588237606897 HTTP/1.1" 200 28 "http://renault.2web.at/12231082" "Mozilla/5.0 (Windows NT 10.0; Win64; x64) AppleWebKit/537.36 (KHTML, like Gecko) Chrome/81.0.4044.129 Safari/537.36"
193.194.132.29 - - [30/Apr/2020:11:07:36 +0200] "GET /reload?ser=1588237656101 HTTP/1.1" 200 28 "http://renault.2web.at/aboutus" "Mozilla/5.0 (Windows NT 10.0; WOW64; Trident/7.0; Touch; rv:11.0) like Gecko"
80.110.91.30 - - [30/Apr/2020:11:08:20 +0200] "GET /reload?ser=1588237668904 HTTP/1.1" 200 28 "http://renault.2web.at/12231082" "Mozilla/5.0 (Windows NT 10.0; Win64; x64) AppleWebKit/537.36 (KHTML, like Gecko) Chrome/81.0.4044.129 Safari/537.36"
193.194.132.29 - - [30/Apr/2020:11:08:37 +0200] "GET /reload?ser=1588237717167 HTTP/1.1" 200 28 "http://renault.2web.at/aboutus" "Mozilla/5.0 (Windows NT 10.0; WOW64; Trident/7.0; Touch; rv:11.0) like Gecko"
80.110.91.30 - - [30/Apr/2020:11:09:22 +0200] "GET /reload?ser=1588237730896 HTTP/1.1" 200 28 "http://renault.2web.at/12231082" "Mozilla/5.0 (Windows NT 10.0; Win64; x64) AppleWebKit/537.36 (KHTML, like Gecko) Chrome/81.0.4044.129 Safari/537.36"
193.194.132.29 - - [30/Apr/2020:11:09:38 +0200] "GET /reload?ser=1588237778227 HTTP/1.1" 200 28 "http://renault.2web.at/aboutus" "Mozilla/5.0 (Windows NT 10.0; WOW64; Trident/7.0; Touch; rv:11.0) like Gecko"
80.110.91.30 - - [30/Apr/2020:11:10:24 +0200] "GET /reload?ser=1588237792902 HTTP/1.1" 200 28 "http://renault.2web.at/12231082" "Mozilla/5.0 (Windows NT 10.0; Win64; x64) AppleWebKit/537.36 (KHTML, like Gecko) Chrome/81.0.4044.129 Safari/537.36"
193.194.132.29 - - [30/Apr/2020:11:10:39 +0200] "GET /reload?ser=1588237839338 HTTP/1.1" 200 28 "http://renault.2web.at/aboutus" "Mozilla/5.0 (Windows NT 10.0; WOW64; Trident/7.0; Touch; rv:11.0) like Gecko"
80.110.91.30 - - [30/Apr/2020:11:11:26 +0200] "GET /reload?ser=1588237854908 HTTP/1.1" 200 28 "http://renault.2web.at/12231082" "Mozilla/5.0 (Windows NT 10.0; Win64; x64) AppleWebKit/537.36 (KHTML, like Gecko) Chrome/81.0.4044.129 Safari/537.36"
193.194.132.29 - - [30/Apr/2020:11:11:40 +0200] "GET /reload?ser=1588237900390 HTTP/1.1" 200 28 "http://renault.2web.at/aboutus" "Mozilla/5.0 (Windows NT 10.0; WOW64; Trident/7.0; Touch; rv:11.0) like Gecko"
80.110.91.30 - - [30/Apr/2020:11:12:28 +0200] "GET /reload?ser=1588237916904 HTTP/1.1" 200 28 "http://renault.2web.at/12231082" "Mozilla/5.0 (Windows NT 10.0; Win64; x64) AppleWebKit/537.36 (KHTML, like Gecko) Chrome/81.0.4044.129 Safari/537.36"
193.194.132.29 - - [30/Apr/2020:11:12:41 +0200] "GET /reload?ser=1588237961481 HTTP/1.1" 200 28 "http://renault.2web.at/aboutus" "Mozilla/5.0 (Windows NT 10.0; WOW64; Trident/7.0; Touch; rv:11.0) like Gecko"
80.110.91.30 - - [30/Apr/2020:11:13:30 +0200] "GET /reload?ser=1588237978906 HTTP/1.1" 200 28 "http://renault.2web.at/12231082" "Mozilla/5.0 (Windows NT 10.0; Win64; x64) AppleWebKit/537.36 (KHTML, like Gecko) Chrome/81.0.4044.129 Safari/537.36"
193.194.132.29 - - [30/Apr/2020:11:13:42 +0200] "GET /reload?ser=1588238022602 HTTP/1.1" 200 28 "http://renault.2web.at/aboutus" "Mozilla/5.0 (Windows NT 10.0; WOW64; Trident/7.0; Touch; rv:11.0) like Gecko"
80.110.91.30 - - [30/Apr/2020:11:14:32 +0200] "GET /reload?ser=1588238040896 HTTP/1.1" 200 28 "http://renault.2web.at/12231082" "Mozilla/5.0 (Windows NT 10.0; Win64; x64) AppleWebKit/537.36 (KHTML, like Gecko) Chrome/81.0.4044.129 Safari/537.36"
193.194.132.29 - - [30/Apr/2020:11:14:43 +0200] "GET /reload?ser=1588238083672 HTTP/1.1" 200 28 "http://renault.2web.at/aboutus" "Mozilla/5.0 (Windows NT 10.0; WOW64; Trident/7.0; Touch; rv:11.0) like Gecko"
80.110.91.30 - - [30/Apr/2020:11:15:34 +0200] "GET /reload?ser=1588238102903 HTTP/1.1" 200 28 "http://renault.2web.at/12231082" "Mozilla/5.0 (Windows NT 10.0; Win64; x64) AppleWebKit/537.36 (KHTML, like Gecko) Chrome/81.0.4044.129 Safari/537.36"
193.194.132.29 - - [30/Apr/2020:11:15:44 +0200] "GET /reload?ser=1588238144722 HTTP/1.1" 200 28 "http://renault.2web.at/aboutus" "Mozilla/5.0 (Windows NT 10.0; WOW64; Trident/7.0; Touch; rv:11.0) like Gecko"
80.110.91.30 - - [30/Apr/2020:11:16:36 +0200] "GET /reload?ser=1588238164909 HTTP/1.1" 200 28 "http://renault.2web.at/12231082" "Mozilla/5.0 (Windows NT 10.0; Win64; x64) AppleWebKit/537.36 (KHTML, like Gecko) Chrome/81.0.4044.129 Safari/537.36"
193.194.132.29 - - [30/Apr/2020:11:16:45 +0200] "GET /reload?ser=1588238205755 HTTP/1.1" 200 28 "http://renault.2web.at/aboutus" "Mozilla/5.0 (Windows NT 10.0; WOW64; Trident/7.0; Touch; rv:11.0) like Gecko"
80.110.91.30 - - [30/Apr/2020:11:17:38 +0200] "GET /reload?ser=1588238226900 HTTP/1.1" 200 28 "http://renault.2web.at/12231082" "Mozilla/5.0 (Windows NT 10.0; Win64; x64) AppleWebKit/537.36 (KHTML, like Gecko) Chrome/81.0.4044.129 Safari/537.36"
193.194.132.29 - - [30/Apr/2020:11:17:46 +0200] "GET /reload?ser=1588238266847 HTTP/1.1" 200 28 "http://renault.2web.at/aboutus" "Mozilla/5.0 (Windows NT 10.0; WOW64; Trident/7.0; Touch; rv:11.0) like Gecko"
80.110.91.30 - - [30/Apr/2020:11:18:40 +0200] "GET /reload?ser=1588238288907 HTTP/1.1" 200 28 "http://renault.2web.at/12231082" "Mozilla/5.0 (Windows NT 10.0; Win64; x64) AppleWebKit/537.36 (KHTML, like Gecko) Chrome/81.0.4044.129 Safari/537.36"
