212.186.238.50 - - [12/May/2020:12:07:20 +0200] "POST /axjaxrequest?mode=suggest HTTP/1.1" 200 670 "http://renault.activities.at/account" "Mozilla/5.0 (Windows NT 10.0; Win64; x64; rv:76.0) Gecko/20100101 Firefox/76.0"
212.186.238.50 - - [12/May/2020:12:07:20 +0200] "POST /axjaxrequest?mode=suggest HTTP/1.1" 200 166 "http://renault.activities.at/account" "Mozilla/5.0 (Windows NT 10.0; Win64; x64; rv:76.0) Gecko/20100101 Firefox/76.0"
91.112.65.210 - - [12/May/2020:12:07:22 +0200] "GET /reload?ser=1589278041510 HTTP/1.1" 200 28 "http://renault.activities.at/success" "Mozilla/5.0 (Windows NT 10.0; WOW64; Trident/7.0; rv:11.0) like Gecko"
212.186.238.50 - - [12/May/2020:12:07:22 +0200] "POST /axjaxrequest?mode=suggest HTTP/1.1" 200 112 "http://renault.activities.at/account" "Mozilla/5.0 (Windows NT 10.0; Win64; x64; rv:76.0) Gecko/20100101 Firefox/76.0"
212.186.238.50 - - [12/May/2020:12:07:25 +0200] "GET /result?searchterm=true&search=REH5141 HTTP/1.1" 200 6114 "http://renault.activities.at/account" "Mozilla/5.0 (Windows NT 10.0; Win64; x64; rv:76.0) Gecko/20100101 Firefox/76.0"
212.186.238.50 - - [12/May/2020:12:07:26 +0200] "GET /js/prototip.js HTTP/1.1" 200 4588 "http://renault.activities.at/result?searchterm=true&search=REH5141" "Mozilla/5.0 (Windows NT 10.0; Win64; x64; rv:76.0) Gecko/20100101 Firefox/76.0"
212.186.238.50 - - [12/May/2020:12:07:26 +0200] "GET /images/loading.gif HTTP/1.1" 200 3208 "http://renault.activities.at/result?searchterm=true&search=REH5141" "Mozilla/5.0 (Windows NT 10.0; Win64; x64; rv:76.0) Gecko/20100101 Firefox/76.0"
212.186.238.50 - - [12/May/2020:12:07:26 +0200] "GET /js/ProduktGrp.js HTTP/1.1" 200 1569 "http://renault.activities.at/result?searchterm=true&search=REH5141" "Mozilla/5.0 (Windows NT 10.0; Win64; x64; rv:76.0) Gecko/20100101 Firefox/76.0"
212.186.238.50 - - [12/May/2020:12:07:27 +0200] "GET /images/pager_bg.gif HTTP/1.1" 200 150 "http://renault.activities.at/css/styles.css" "Mozilla/5.0 (Windows NT 10.0; Win64; x64; rv:76.0) Gecko/20100101 Firefox/76.0"
212.186.238.50 - - [12/May/2020:12:07:27 +0200] "GET /images/vista-up.gif HTTP/1.1" 200 131 "http://renault.activities.at/css/styles.css" "Mozilla/5.0 (Windows NT 10.0; Win64; x64; rv:76.0) Gecko/20100101 Firefox/76.0"
212.186.238.50 - - [12/May/2020:12:07:27 +0200] "GET /images/vista-dn.gif HTTP/1.1" 200 128 "http://renault.activities.at/css/styles.css" "Mozilla/5.0 (Windows NT 10.0; Win64; x64; rv:76.0) Gecko/20100101 Firefox/76.0"
212.186.238.50 - - [12/May/2020:12:07:26 +0200] "GET /loadthumbnail.php?id=11075492&width=113 HTTP/1.1" 200 2349 "http://renault.activities.at/result?searchterm=true&search=REH5141" "Mozilla/5.0 (Windows NT 10.0; Win64; x64; rv:76.0) Gecko/20100101 Firefox/76.0"
212.186.238.50 - - [12/May/2020:12:07:26 +0200] "GET /loadthumbnail.php?id=10203255 HTTP/1.1" 200 137 "http://renault.activities.at/result?searchterm=true&search=REH5141" "Mozilla/5.0 (Windows NT 10.0; Win64; x64; rv:76.0) Gecko/20100101 Firefox/76.0"
212.186.238.50 - - [12/May/2020:12:07:31 +0200] "GET /images/vista-dn-hover.gif HTTP/1.1" 200 127 "http://renault.activities.at/css/styles.css" "Mozilla/5.0 (Windows NT 10.0; Win64; x64; rv:76.0) Gecko/20100101 Firefox/76.0"
212.186.238.50 - - [12/May/2020:12:07:31 +0200] "GET /images/vista-up-hover.gif HTTP/1.1" 200 130 "http://renault.activities.at/css/styles.css" "Mozilla/5.0 (Windows NT 10.0; Win64; x64; rv:76.0) Gecko/20100101 Firefox/76.0"
83.219.165.34 - - [12/May/2020:12:07:33 +0200] "GET /reload?ser=1589278053996 HTTP/1.1" 200 28 "http://renault.activities.at/result?searchterm=true&search=captur+brosch%FCre" "Mozilla/5.0 (Windows NT 10.0; WOW64; Trident/7.0; MALC; rv:11.0) like Gecko"
80.122.221.194 - - [12/May/2020:12:07:46 +0200] "GET /reload?ser=1589278066374 HTTP/1.1" 200 28 "http://renault.activities.at/cart" "Mozilla/5.0 (Windows NT 10.0; Win64; x64) AppleWebKit/537.36 (KHTML, like Gecko) Chrome/70.0.3538.102 Safari/537.36 Edge/18.18363"
80.122.222.62 - - [12/May/2020:12:08:02 +0200] "GET /reload?ser=1589278084405 HTTP/1.1" 200 28 "http://renault.activities.at/10201442?cat=10260260" "Mozilla/5.0 (Windows NT 10.0; WOW64; Trident/7.0; rv:11.0) like Gecko"
138.21.12.25 - - [12/May/2020:12:08:06 +0200] "GET /reload?ser=1589278085923 HTTP/1.1" 200 28 "http://renault.2web.at/account" "Mozilla/5.0 (Windows NT 10.0; WOW64; Trident/7.0; Touch; rv:11.0) like Gecko"
212.186.238.50 - - [12/May/2020:12:08:06 +0200] "POST /result?searchterm=true&search=REH5141 HTTP/1.1" 200 6306 "http://renault.activities.at/result?searchterm=true&search=REH5141" "Mozilla/5.0 (Windows NT 10.0; Win64; x64; rv:76.0) Gecko/20100101 Firefox/76.0"
212.186.238.50 - - [12/May/2020:12:08:08 +0200] "GET /images/success_msg_icon.gif HTTP/1.1" 200 1024 "http://renault.activities.at/css/styles.css" "Mozilla/5.0 (Windows NT 10.0; Win64; x64; rv:76.0) Gecko/20100101 Firefox/76.0"
212.186.238.50 - - [12/May/2020:12:08:13 +0200] "POST /axjaxrequest?mode=suggest HTTP/1.1" 200 21 "http://renault.activities.at/result?searchterm=true&search=REH5141" "Mozilla/5.0 (Windows NT 10.0; Win64; x64; rv:76.0) Gecko/20100101 Firefox/76.0"
212.186.238.50 - - [12/May/2020:12:08:13 +0200] "GET /result?searchterm=true&search=REH5142 HTTP/1.1" 200 4999 "http://renault.activities.at/result?searchterm=true&search=REH5141" "Mozilla/5.0 (Windows NT 10.0; Win64; x64; rv:76.0) Gecko/20100101 Firefox/76.0"
212.186.238.50 - - [12/May/2020:12:08:16 +0200] "GET /images/note_msg_icon.gif HTTP/1.1" 200 1022 "http://renault.activities.at/css/styles.css" "Mozilla/5.0 (Windows NT 10.0; Win64; x64; rv:76.0) Gecko/20100101 Firefox/76.0"
212.152.246.129 - - [12/May/2020:12:08:17 +0200] "GET /reload?ser=1589278096103 HTTP/1.1" 200 28 "http://renault.activities.at/success" "Mozilla/5.0 (Windows NT 10.0; WOW64; Trident/7.0; rv:11.0) like Gecko"
91.112.65.210 - - [12/May/2020:12:08:23 +0200] "GET /reload?ser=1589278102693 HTTP/1.1" 200 28 "http://renault.activities.at/success" "Mozilla/5.0 (Windows NT 10.0; WOW64; Trident/7.0; rv:11.0) like Gecko"
212.186.238.50 - - [12/May/2020:12:08:24 +0200] "POST /axjaxrequest?mode=suggest HTTP/1.1" 200 112 "http://renault.activities.at/result?searchterm=true&search=REH5142" "Mozilla/5.0 (Windows NT 10.0; Win64; x64; rv:76.0) Gecko/20100101 Firefox/76.0"
212.186.238.50 - - [12/May/2020:12:08:25 +0200] "GET /result?searchterm=true&search=REH5412 HTTP/1.1" 200 6201 "http://renault.activities.at/result?searchterm=true&search=REH5142" "Mozilla/5.0 (Windows NT 10.0; Win64; x64; rv:76.0) Gecko/20100101 Firefox/76.0"
212.186.238.50 - - [12/May/2020:12:08:27 +0200] "GET /loadthumbnail.php?id=12094749&width=113 HTTP/1.1" 200 15117 "http://renault.activities.at/result?searchterm=true&search=REH5412" "Mozilla/5.0 (Windows NT 10.0; Win64; x64; rv:76.0) Gecko/20100101 Firefox/76.0"
83.219.165.34 - - [12/May/2020:12:08:34 +0200] "GET /reload?ser=1589278114922 HTTP/1.1" 200 28 "http://renault.activities.at/result?searchterm=true&search=captur+brosch%FCre" "Mozilla/5.0 (Windows NT 10.0; WOW64; Trident/7.0; MALC; rv:11.0) like Gecko"
212.186.238.50 - - [12/May/2020:12:08:34 +0200] "POST /result?searchterm=true&search=REH5412 HTTP/1.1" 200 6305 "http://renault.activities.at/result?searchterm=true&search=REH5412" "Mozilla/5.0 (Windows NT 10.0; Win64; x64; rv:76.0) Gecko/20100101 Firefox/76.0"
80.122.221.194 - - [12/May/2020:12:08:47 +0200] "GET /reload?ser=1589278127365 HTTP/1.1" 200 28 "http://renault.activities.at/cart" "Mozilla/5.0 (Windows NT 10.0; Win64; x64) AppleWebKit/537.36 (KHTML, like Gecko) Chrome/70.0.3538.102 Safari/537.36 Edge/18.18363"
212.186.238.50 - - [12/May/2020:12:08:56 +0200] "POST /axjaxrequest?mode=suggest HTTP/1.1" 200 1240 "http://renault.activities.at/result?searchterm=true&search=REH5412" "Mozilla/5.0 (Windows NT 10.0; Win64; x64; rv:76.0) Gecko/20100101 Firefox/76.0"
212.186.238.50 - - [12/May/2020:12:08:57 +0200] "POST /axjaxrequest?mode=suggest HTTP/1.1" 200 670 "http://renault.activities.at/result?searchterm=true&search=REH5412" "Mozilla/5.0 (Windows NT 10.0; Win64; x64; rv:76.0) Gecko/20100101 Firefox/76.0"
212.186.238.50 - - [12/May/2020:12:08:58 +0200] "POST /axjaxrequest?mode=suggest HTTP/1.1" 200 380 "http://renault.activities.at/result?searchterm=true&search=REH5412" "Mozilla/5.0 (Windows NT 10.0; Win64; x64; rv:76.0) Gecko/20100101 Firefox/76.0"
212.186.238.50 - - [12/May/2020:12:09:01 +0200] "POST /axjaxrequest?mode=suggest HTTP/1.1" 200 128 "http://renault.activities.at/result?searchterm=true&search=REH5412" "Mozilla/5.0 (Windows NT 10.0; Win64; x64; rv:76.0) Gecko/20100101 Firefox/76.0"
212.186.238.50 - - [12/May/2020:12:09:01 +0200] "POST /axjaxrequest?mode=suggest HTTP/1.1" 200 112 "http://renault.activities.at/result?searchterm=true&search=REH5412" "Mozilla/5.0 (Windows NT 10.0; Win64; x64; rv:76.0) Gecko/20100101 Firefox/76.0"
80.122.222.62 - - [12/May/2020:12:09:03 +0200] "GET /reload?ser=1589278145403 HTTP/1.1" 200 28 "http://renault.activities.at/10201442?cat=10260260" "Mozilla/5.0 (Windows NT 10.0; WOW64; Trident/7.0; rv:11.0) like Gecko"
212.186.238.50 - - [12/May/2020:12:09:05 +0200] "GET /result?searchterm=true&search=REH5462 HTTP/1.1" 200 6193 "http://renault.activities.at/result?searchterm=true&search=REH5412" "Mozilla/5.0 (Windows NT 10.0; Win64; x64; rv:76.0) Gecko/20100101 Firefox/76.0"
212.186.238.50 - - [12/May/2020:12:09:06 +0200] "GET /loadthumbnail.php?id=12230318&width=113 HTTP/1.1" 200 2255 "http://renault.activities.at/result?searchterm=true&search=REH5462" "Mozilla/5.0 (Windows NT 10.0; Win64; x64; rv:76.0) Gecko/20100101 Firefox/76.0"
138.21.12.25 - - [12/May/2020:12:09:07 +0200] "GET /reload?ser=1589278146979 HTTP/1.1" 200 28 "http://renault.2web.at/account" "Mozilla/5.0 (Windows NT 10.0; WOW64; Trident/7.0; Touch; rv:11.0) like Gecko"
212.186.238.50 - - [12/May/2020:12:09:11 +0200] "POST /result?searchterm=true&search=REH5462 HTTP/1.1" 200 6300 "http://renault.activities.at/result?searchterm=true&search=REH5462" "Mozilla/5.0 (Windows NT 10.0; Win64; x64; rv:76.0) Gecko/20100101 Firefox/76.0"
212.152.246.129 - - [12/May/2020:12:09:19 +0200] "GET /reload?ser=1589278158558 HTTP/1.1" 200 28 "http://renault.activities.at/success" "Mozilla/5.0 (Windows NT 10.0; WOW64; Trident/7.0; rv:11.0) like Gecko"
91.112.65.210 - - [12/May/2020:12:09:24 +0200] "GET /reload?ser=1589278163866 HTTP/1.1" 200 28 "http://renault.activities.at/success" "Mozilla/5.0 (Windows NT 10.0; WOW64; Trident/7.0; rv:11.0) like Gecko"
212.186.238.50 - - [12/May/2020:12:09:25 +0200] "POST /axjaxrequest?mode=suggest HTTP/1.1" 200 112 "http://renault.activities.at/result?searchterm=true&search=REH5462" "Mozilla/5.0 (Windows NT 10.0; Win64; x64; rv:76.0) Gecko/20100101 Firefox/76.0"
212.186.238.50 - - [12/May/2020:12:09:27 +0200] "GET /result?searchterm=true&search=REH5417 HTTP/1.1" 200 6193 "http://renault.activities.at/result?searchterm=true&search=REH5462" "Mozilla/5.0 (Windows NT 10.0; Win64; x64; rv:76.0) Gecko/20100101 Firefox/76.0"
212.186.238.50 - - [12/May/2020:12:09:29 +0200] "GET /loadthumbnail.php?id=12130660&width=113 HTTP/1.1" 200 9098 "http://renault.activities.at/result?searchterm=true&search=REH5417" "Mozilla/5.0 (Windows NT 10.0; Win64; x64; rv:76.0) Gecko/20100101 Firefox/76.0"
83.219.165.34 - - [12/May/2020:12:09:35 +0200] "GET /reload?ser=1589278175859 HTTP/1.1" 200 28 "http://renault.activities.at/result?searchterm=true&search=captur+brosch%FCre" "Mozilla/5.0 (Windows NT 10.0; WOW64; Trident/7.0; MALC; rv:11.0) like Gecko"
212.186.238.50 - - [12/May/2020:12:09:34 +0200] "POST /result?searchterm=true&search=REH5417 HTTP/1.1" 200 6297 "http://renault.activities.at/result?searchterm=true&search=REH5417" "Mozilla/5.0 (Windows NT 10.0; Win64; x64; rv:76.0) Gecko/20100101 Firefox/76.0"
80.122.221.194 - - [12/May/2020:12:09:48 +0200] "GET /reload?ser=1589278188375 HTTP/1.1" 200 28 "http://renault.activities.at/cart" "Mozilla/5.0 (Windows NT 10.0; Win64; x64) AppleWebKit/537.36 (KHTML, like Gecko) Chrome/70.0.3538.102 Safari/537.36 Edge/18.18363"
212.186.238.50 - - [12/May/2020:12:09:59 +0200] "POST /axjaxrequest?mode=suggest HTTP/1.1" 200 361 "http://renault.activities.at/result?searchterm=true&search=REH5417" "Mozilla/5.0 (Windows NT 10.0; Win64; x64; rv:76.0) Gecko/20100101 Firefox/76.0"
212.186.238.50 - - [12/May/2020:12:10:01 +0200] "POST /axjaxrequest?mode=suggest HTTP/1.1" 200 169 "http://renault.activities.at/result?searchterm=true&search=REH5417" "Mozilla/5.0 (Windows NT 10.0; Win64; x64; rv:76.0) Gecko/20100101 Firefox/76.0"
80.122.222.62 - - [12/May/2020:12:10:04 +0200] "GET /reload?ser=1589278206768 HTTP/1.1" 200 28 "http://renault.activities.at/10201442?cat=10260260" "Mozilla/5.0 (Windows NT 10.0; WOW64; Trident/7.0; rv:11.0) like Gecko"
138.21.12.25 - - [12/May/2020:12:10:08 +0200] "GET /reload?ser=1589278207981 HTTP/1.1" 200 28 "http://renault.2web.at/account" "Mozilla/5.0 (Windows NT 10.0; WOW64; Trident/7.0; Touch; rv:11.0) like Gecko"
212.186.238.50 - - [12/May/2020:12:10:11 +0200] "GET /result?searchterm=true&search=RGA013_2 HTTP/1.1" 200 6188 "http://renault.activities.at/result?searchterm=true&search=REH5417" "Mozilla/5.0 (Windows NT 10.0; Win64; x64; rv:76.0) Gecko/20100101 Firefox/76.0"
212.186.238.50 - - [12/May/2020:12:10:13 +0200] "GET /loadthumbnail.php?id=12230578&width=113 HTTP/1.1" 200 1402 "http://renault.activities.at/result?searchterm=true&search=RGA013_2" "Mozilla/5.0 (Windows NT 10.0; Win64; x64; rv:76.0) Gecko/20100101 Firefox/76.0"
212.186.238.50 - - [12/May/2020:12:10:18 +0200] "POST /result?searchterm=true&search=RGA013_2 HTTP/1.1" 200 6289 "http://renault.activities.at/result?searchterm=true&search=RGA013_2" "Mozilla/5.0 (Windows NT 10.0; Win64; x64; rv:76.0) Gecko/20100101 Firefox/76.0"
212.152.246.129 - - [12/May/2020:12:10:20 +0200] "GET /reload?ser=1589278219996 HTTP/1.1" 200 28 "http://renault.activities.at/success" "Mozilla/5.0 (Windows NT 10.0; WOW64; Trident/7.0; rv:11.0) like Gecko"
91.112.65.210 - - [12/May/2020:12:10:25 +0200] "GET /reload?ser=1589278225031 HTTP/1.1" 200 28 "http://renault.activities.at/success" "Mozilla/5.0 (Windows NT 10.0; WOW64; Trident/7.0; rv:11.0) like Gecko"
212.186.238.50 - - [12/May/2020:12:10:25 +0200] "POST /axjaxrequest?mode=suggest HTTP/1.1" 200 113 "http://renault.activities.at/result?searchterm=true&search=RGA013_2" "Mozilla/5.0 (Windows NT 10.0; Win64; x64; rv:76.0) Gecko/20100101 Firefox/76.0"
212.186.238.50 - - [12/May/2020:12:10:26 +0200] "GET /result?searchterm=true&search=RGA013_1 HTTP/1.1" 200 6187 "http://renault.activities.at/result?searchterm=true&search=RGA013_2" "Mozilla/5.0 (Windows NT 10.0; Win64; x64; rv:76.0) Gecko/20100101 Firefox/76.0"
212.186.238.50 - - [12/May/2020:12:10:28 +0200] "GET /loadthumbnail.php?id=12230577&width=113 HTTP/1.1" 200 1374 "http://renault.activities.at/result?searchterm=true&search=RGA013_1" "Mozilla/5.0 (Windows NT 10.0; Win64; x64; rv:76.0) Gecko/20100101 Firefox/76.0"
83.219.165.34 - - [12/May/2020:12:10:36 +0200] "GET /reload?ser=1589278236793 HTTP/1.1" 200 28 "http://renault.activities.at/result?searchterm=true&search=captur+brosch%FCre" "Mozilla/5.0 (Windows NT 10.0; WOW64; Trident/7.0; MALC; rv:11.0) like Gecko"
212.186.238.50 - - [12/May/2020:12:10:36 +0200] "POST /result?searchterm=true&search=RGA013_1 HTTP/1.1" 200 6289 "http://renault.activities.at/result?searchterm=true&search=RGA013_1" "Mozilla/5.0 (Windows NT 10.0; Win64; x64; rv:76.0) Gecko/20100101 Firefox/76.0"
80.122.221.194 - - [12/May/2020:12:10:49 +0200] "GET /reload?ser=1589278249375 HTTP/1.1" 200 28 "http://renault.activities.at/cart" "Mozilla/5.0 (Windows NT 10.0; Win64; x64) AppleWebKit/537.36 (KHTML, like Gecko) Chrome/70.0.3538.102 Safari/537.36 Edge/18.18363"
80.122.222.62 - - [12/May/2020:12:11:05 +0200] "GET /reload?ser=1589278267741 HTTP/1.1" 200 28 "http://renault.activities.at/10201442?cat=10260260" "Mozilla/5.0 (Windows NT 10.0; WOW64; Trident/7.0; rv:11.0) like Gecko"
138.21.12.25 - - [12/May/2020:12:11:09 +0200] "GET /reload?ser=1589278268982 HTTP/1.1" 200 28 "http://renault.2web.at/account" "Mozilla/5.0 (Windows NT 10.0; WOW64; Trident/7.0; Touch; rv:11.0) like Gecko"
212.152.246.129 - - [12/May/2020:12:11:21 +0200] "GET /reload?ser=1589278280958 HTTP/1.1" 200 28 "http://renault.activities.at/success" "Mozilla/5.0 (Windows NT 10.0; WOW64; Trident/7.0; rv:11.0) like Gecko"
91.112.65.210 - - [12/May/2020:12:11:26 +0200] "GET /reload?ser=1589278286173 HTTP/1.1" 200 28 "http://renault.activities.at/success" "Mozilla/5.0 (Windows NT 10.0; WOW64; Trident/7.0; rv:11.0) like Gecko"
83.219.165.34 - - [12/May/2020:12:11:37 +0200] "GET /reload?ser=1589278297712 HTTP/1.1" 200 28 "http://renault.activities.at/result?searchterm=true&search=captur+brosch%FCre" "Mozilla/5.0 (Windows NT 10.0; WOW64; Trident/7.0; MALC; rv:11.0) like Gecko"
212.186.238.50 - - [12/May/2020:12:11:39 +0200] "GET /reload?ser=1589278299265 HTTP/1.1" 200 28 "http://renault.activities.at/result?searchterm=true&search=RGA013_1" "Mozilla/5.0 (Windows NT 10.0; Win64; x64; rv:76.0) Gecko/20100101 Firefox/76.0"
80.122.221.194 - - [12/May/2020:12:11:50 +0200] "GET /reload?ser=1589278310367 HTTP/1.1" 200 28 "http://renault.activities.at/cart" "Mozilla/5.0 (Windows NT 10.0; Win64; x64) AppleWebKit/537.36 (KHTML, like Gecko) Chrome/70.0.3538.102 Safari/537.36 Edge/18.18363"
80.122.222.62 - - [12/May/2020:12:12:06 +0200] "GET /reload?ser=1589278328732 HTTP/1.1" 200 28 "http://renault.activities.at/10201442?cat=10260260" "Mozilla/5.0 (Windows NT 10.0; WOW64; Trident/7.0; rv:11.0) like Gecko"
138.21.12.25 - - [12/May/2020:12:12:10 +0200] "GET /reload?ser=1589278329994 HTTP/1.1" 200 28 "http://renault.2web.at/account" "Mozilla/5.0 (Windows NT 10.0; WOW64; Trident/7.0; Touch; rv:11.0) like Gecko"
212.186.238.50 - - [12/May/2020:12:12:14 +0200] "GET /checkout HTTP/1.1" 200 10442 "http://renault.activities.at/result?searchterm=true&search=RGA013_1" "Mozilla/5.0 (Windows NT 10.0; Win64; x64; rv:76.0) Gecko/20100101 Firefox/76.0"
212.186.238.50 - - [12/May/2020:12:12:19 +0200] "GET /js/checkout2.js HTTP/1.1" 200 4122 "http://renault.activities.at/checkout" "Mozilla/5.0 (Windows NT 10.0; Win64; x64; rv:76.0) Gecko/20100101 Firefox/76.0"
212.186.238.50 - - [12/May/2020:12:12:19 +0200] "GET /images/step_bg.jpg HTTP/1.1" 200 319 "http://renault.activities.at/css/styles.css" "Mozilla/5.0 (Windows NT 10.0; Win64; x64; rv:76.0) Gecko/20100101 Firefox/76.0"
212.186.238.50 - - [12/May/2020:12:12:19 +0200] "GET /images/step_marker.gif HTTP/1.1" 200 650 "http://renault.activities.at/css/styles.css" "Mozilla/5.0 (Windows NT 10.0; Win64; x64; rv:76.0) Gecko/20100101 Firefox/76.0"
212.186.238.50 - - [12/May/2020:12:12:20 +0200] "GET /images/checkout_border_top.gif HTTP/1.1" 200 156 "http://renault.activities.at/css/styles.css" "Mozilla/5.0 (Windows NT 10.0; Win64; x64; rv:76.0) Gecko/20100101 Firefox/76.0"
212.186.238.50 - - [12/May/2020:12:12:20 +0200] "GET /images/checkout_border.gif HTTP/1.1" 200 43 "http://renault.activities.at/css/styles.css" "Mozilla/5.0 (Windows NT 10.0; Win64; x64; rv:76.0) Gecko/20100101 Firefox/76.0"
212.186.238.50 - - [12/May/2020:12:12:19 +0200] "GET /loadthumbnail.php?id=10201939 HTTP/1.1" 200 201 "http://renault.activities.at/checkout" "Mozilla/5.0 (Windows NT 10.0; Win64; x64; rv:76.0) Gecko/20100101 Firefox/76.0"
212.186.238.50 - - [12/May/2020:12:12:19 +0200] "GET /loadthumbnail.php?id=10202698 HTTP/1.1" 200 16686 "http://renault.activities.at/checkout" "Mozilla/5.0 (Windows NT 10.0; Win64; x64; rv:76.0) Gecko/20100101 Firefox/76.0"
212.152.246.129 - - [12/May/2020:12:12:22 +0200] "GET /reload?ser=1589278341918 HTTP/1.1" 200 28 "http://renault.activities.at/success" "Mozilla/5.0 (Windows NT 10.0; WOW64; Trident/7.0; rv:11.0) like Gecko"
212.186.238.50 - - [12/May/2020:12:12:22 +0200] "POST /docheckout HTTP/1.1" 200 447 "http://renault.activities.at/checkout" "Mozilla/5.0 (Windows NT 10.0; Win64; x64; rv:76.0) Gecko/20100101 Firefox/76.0"
91.112.65.210 - - [12/May/2020:12:12:27 +0200] "GET /reload?ser=1589278347141 HTTP/1.1" 200 28 "http://renault.activities.at/success" "Mozilla/5.0 (Windows NT 10.0; WOW64; Trident/7.0; rv:11.0) like Gecko"
212.186.238.50 - - [12/May/2020:12:12:26 +0200] "POST /docheckout HTTP/1.1" 200 760 "http://renault.activities.at/checkout" "Mozilla/5.0 (Windows NT 10.0; Win64; x64; rv:76.0) Gecko/20100101 Firefox/76.0"
212.186.238.50 - - [12/May/2020:12:12:28 +0200] "GET /images/error_msg_icon.gif HTTP/1.1" 200 1013 "http://renault.activities.at/checkout" "Mozilla/5.0 (Windows NT 10.0; Win64; x64; rv:76.0) Gecko/20100101 Firefox/76.0"
83.219.165.34 - - [12/May/2020:12:12:38 +0200] "GET /reload?ser=1589278358639 HTTP/1.1" 200 28 "http://renault.activities.at/result?searchterm=true&search=captur+brosch%FCre" "Mozilla/5.0 (Windows NT 10.0; WOW64; Trident/7.0; MALC; rv:11.0) like Gecko"
80.122.221.194 - - [12/May/2020:12:12:51 +0200] "GET /reload?ser=1589278371366 HTTP/1.1" 200 28 "http://renault.activities.at/cart" "Mozilla/5.0 (Windows NT 10.0; Win64; x64) AppleWebKit/537.36 (KHTML, like Gecko) Chrome/70.0.3538.102 Safari/537.36 Edge/18.18363"
80.122.222.62 - - [12/May/2020:12:13:07 +0200] "GET /reload?ser=1589278389770 HTTP/1.1" 200 28 "http://renault.activities.at/10201442?cat=10260260" "Mozilla/5.0 (Windows NT 10.0; WOW64; Trident/7.0; rv:11.0) like Gecko"
138.21.12.25 - - [12/May/2020:12:13:11 +0200] "GET /reload?ser=1589278391002 HTTP/1.1" 200 28 "http://renault.2web.at/account" "Mozilla/5.0 (Windows NT 10.0; WOW64; Trident/7.0; Touch; rv:11.0) like Gecko"
212.186.238.50 - - [12/May/2020:12:13:20 +0200] "GET /reload?ser=1589278400158 HTTP/1.1" 200 28 "http://renault.activities.at/checkout" "Mozilla/5.0 (Windows NT 10.0; Win64; x64; rv:76.0) Gecko/20100101 Firefox/76.0"
212.152.246.129 - - [12/May/2020:12:13:23 +0200] "GET /reload?ser=1589278403394 HTTP/1.1" 200 28 "http://renault.activities.at/success" "Mozilla/5.0 (Windows NT 10.0; WOW64; Trident/7.0; rv:11.0) like Gecko"
91.112.65.210 - - [12/May/2020:12:13:28 +0200] "GET /reload?ser=1589278408073 HTTP/1.1" 200 28 "http://renault.activities.at/success" "Mozilla/5.0 (Windows NT 10.0; WOW64; Trident/7.0; rv:11.0) like Gecko"
83.219.165.34 - - [12/May/2020:12:13:39 +0200] "GET /reload?ser=1589278419578 HTTP/1.1" 200 28 "http://renault.activities.at/result?searchterm=true&search=captur+brosch%FCre" "Mozilla/5.0 (Windows NT 10.0; WOW64; Trident/7.0; MALC; rv:11.0) like Gecko"
212.186.238.50 - - [12/May/2020:12:13:42 +0200] "POST /docheckout HTTP/1.1" 200 68 "http://renault.activities.at/checkout" "Mozilla/5.0 (Windows NT 10.0; Win64; x64; rv:76.0) Gecko/20100101 Firefox/76.0"
212.186.238.50 - - [12/May/2020:12:13:45 +0200] "GET /success HTTP/1.1" 200 3935 "http://renault.activities.at/checkout" "Mozilla/5.0 (Windows NT 10.0; Win64; x64; rv:76.0) Gecko/20100101 Firefox/76.0"
80.122.221.194 - - [12/May/2020:12:13:52 +0200] "GET /reload?ser=1589278432371 HTTP/1.1" 200 28 "http://renault.activities.at/cart" "Mozilla/5.0 (Windows NT 10.0; Win64; x64) AppleWebKit/537.36 (KHTML, like Gecko) Chrome/70.0.3538.102 Safari/537.36 Edge/18.18363"
80.122.222.62 - - [12/May/2020:12:14:08 +0200] "GET /reload?ser=1589278450729 HTTP/1.1" 200 28 "http://renault.activities.at/10201442?cat=10260260" "Mozilla/5.0 (Windows NT 10.0; WOW64; Trident/7.0; rv:11.0) like Gecko"
138.21.12.25 - - [12/May/2020:12:14:12 +0200] "GET /reload?ser=1589278452022 HTTP/1.1" 200 28 "http://renault.2web.at/account" "Mozilla/5.0 (Windows NT 10.0; WOW64; Trident/7.0; Touch; rv:11.0) like Gecko"
212.152.246.129 - - [12/May/2020:12:14:24 +0200] "GET /reload?ser=1589278464377 HTTP/1.1" 200 28 "http://renault.activities.at/success" "Mozilla/5.0 (Windows NT 10.0; WOW64; Trident/7.0; rv:11.0) like Gecko"
212.186.238.50 - - [12/May/2020:12:14:27 +0200] "GET / HTTP/1.1" 200 6645 "http://renault.activities.at/success" "Mozilla/5.0 (Windows NT 10.0; Win64; x64; rv:76.0) Gecko/20100101 Firefox/76.0"
91.112.65.210 - - [12/May/2020:12:14:29 +0200] "GET /reload?ser=1589278469010 HTTP/1.1" 200 28 "http://renault.activities.at/success" "Mozilla/5.0 (Windows NT 10.0; WOW64; Trident/7.0; rv:11.0) like Gecko"
212.186.238.50 - - [12/May/2020:12:14:28 +0200] "GET /account HTTP/1.1" 200 6994 "http://renault.activities.at/success" "Mozilla/5.0 (Windows NT 10.0; Win64; x64; rv:76.0) Gecko/20100101 Firefox/76.0"
212.186.238.50 - - [12/May/2020:12:14:30 +0200] "GET /loadthumbnail.php?id=11075492&width=50&height=50 HTTP/1.1" 200 1114 "http://renault.activities.at/account" "Mozilla/5.0 (Windows NT 10.0; Win64; x64; rv:76.0) Gecko/20100101 Firefox/76.0"
212.186.238.50 - - [12/May/2020:12:14:30 +0200] "GET /loadthumbnail.php?id=12130660&width=50&height=50 HTTP/1.1" 200 2258 "http://renault.activities.at/account" "Mozilla/5.0 (Windows NT 10.0; Win64; x64; rv:76.0) Gecko/20100101 Firefox/76.0"
212.186.238.50 - - [12/May/2020:12:14:30 +0200] "GET /loadthumbnail.php?id=12230318&width=50&height=50 HTTP/1.1" 200 1011 "http://renault.activities.at/account" "Mozilla/5.0 (Windows NT 10.0; Win64; x64; rv:76.0) Gecko/20100101 Firefox/76.0"
212.186.238.50 - - [12/May/2020:12:14:30 +0200] "GET /loadthumbnail.php?id=12230577&width=50&height=50 HTTP/1.1" 200 767 "http://renault.activities.at/account" "Mozilla/5.0 (Windows NT 10.0; Win64; x64; rv:76.0) Gecko/20100101 Firefox/76.0"
212.186.238.50 - - [12/May/2020:12:14:30 +0200] "GET /loadthumbnail.php?id=12094749&width=50&height=50 HTTP/1.1" 200 3578 "http://renault.activities.at/account" "Mozilla/5.0 (Windows NT 10.0; Win64; x64; rv:76.0) Gecko/20100101 Firefox/76.0"
212.186.238.50 - - [12/May/2020:12:14:30 +0200] "GET /loadthumbnail.php?id=12230578&width=50&height=50 HTTP/1.1" 200 801 "http://renault.activities.at/account" "Mozilla/5.0 (Windows NT 10.0; Win64; x64; rv:76.0) Gecko/20100101 Firefox/76.0"
212.186.238.50 - - [12/May/2020:12:14:33 +0200] "GET /logout HTTP/1.1" 302 140 "http://renault.activities.at/account" "Mozilla/5.0 (Windows NT 10.0; Win64; x64; rv:76.0) Gecko/20100101 Firefox/76.0"
212.186.238.50 - - [12/May/2020:12:14:34 +0200] "GET /logout HTTP/1.1" 200 1583 "http://renault.activities.at/account" "Mozilla/5.0 (Windows NT 10.0; Win64; x64; rv:76.0) Gecko/20100101 Firefox/76.0"
83.219.165.34 - - [12/May/2020:12:14:40 +0200] "GET /reload?ser=1589278480508 HTTP/1.1" 200 28 "http://renault.activities.at/result?searchterm=true&search=captur+brosch%FCre" "Mozilla/5.0 (Windows NT 10.0; WOW64; Trident/7.0; MALC; rv:11.0) like Gecko"
80.122.221.194 - - [12/May/2020:12:14:53 +0200] "GET /reload?ser=1589278493367 HTTP/1.1" 200 28 "http://renault.activities.at/cart" "Mozilla/5.0 (Windows NT 10.0; Win64; x64) AppleWebKit/537.36 (KHTML, like Gecko) Chrome/70.0.3538.102 Safari/537.36 Edge/18.18363"
80.122.222.62 - - [12/May/2020:12:15:09 +0200] "GET /reload?ser=1589278511676 HTTP/1.1" 200 28 "http://renault.activities.at/10201442?cat=10260260" "Mozilla/5.0 (Windows NT 10.0; WOW64; Trident/7.0; rv:11.0) like Gecko"
138.21.12.29 - - [12/May/2020:12:15:13 +0200] "GET /reload?ser=1589278513040 HTTP/1.1" 200 28 "http://renault.2web.at/account" "Mozilla/5.0 (Windows NT 10.0; WOW64; Trident/7.0; Touch; rv:11.0) like Gecko"
212.152.246.129 - - [12/May/2020:12:15:25 +0200] "GET /reload?ser=1589278525643 HTTP/1.1" 200 28 "http://renault.activities.at/success" "Mozilla/5.0 (Windows NT 10.0; WOW64; Trident/7.0; rv:11.0) like Gecko"
91.112.65.210 - - [12/May/2020:12:15:30 +0200] "GET /reload?ser=1589278530101 HTTP/1.1" 200 28 "http://renault.activities.at/success" "Mozilla/5.0 (Windows NT 10.0; WOW64; Trident/7.0; rv:11.0) like Gecko"
83.219.165.34 - - [12/May/2020:12:15:40 +0200] "GET /reload?ser=1589278541453 HTTP/1.1" 200 28 "http://renault.activities.at/result?searchterm=true&search=captur+brosch%FCre" "Mozilla/5.0 (Windows NT 10.0; WOW64; Trident/7.0; MALC; rv:11.0) like Gecko"
80.122.221.194 - - [12/May/2020:12:15:54 +0200] "GET /reload?ser=1589278554372 HTTP/1.1" 200 28 "http://renault.activities.at/cart" "Mozilla/5.0 (Windows NT 10.0; Win64; x64) AppleWebKit/537.36 (KHTML, like Gecko) Chrome/70.0.3538.102 Safari/537.36 Edge/18.18363"
80.122.222.62 - - [12/May/2020:12:16:10 +0200] "GET /reload?ser=1589278572697 HTTP/1.1" 200 28 "http://renault.activities.at/10201442?cat=10260260" "Mozilla/5.0 (Windows NT 10.0; WOW64; Trident/7.0; rv:11.0) like Gecko"
138.21.12.29 - - [12/May/2020:12:16:14 +0200] "GET /reload?ser=1589278574332 HTTP/1.1" 200 28 "http://renault.2web.at/account" "Mozilla/5.0 (Windows NT 10.0; WOW64; Trident/7.0; Touch; rv:11.0) like Gecko"
212.152.246.129 - - [12/May/2020:12:16:27 +0200] "GET /reload?ser=1589278586685 HTTP/1.1" 200 28 "http://renault.activities.at/success" "Mozilla/5.0 (Windows NT 10.0; WOW64; Trident/7.0; rv:11.0) like Gecko"
91.112.65.210 - - [12/May/2020:12:16:31 +0200] "GET /reload?ser=1589278591131 HTTP/1.1" 200 28 "http://renault.activities.at/success" "Mozilla/5.0 (Windows NT 10.0; WOW64; Trident/7.0; rv:11.0) like Gecko"
83.219.165.34 - - [12/May/2020:12:16:41 +0200] "GET /reload?ser=1589278602419 HTTP/1.1" 200 28 "http://renault.activities.at/result?searchterm=true&search=captur+brosch%FCre" "Mozilla/5.0 (Windows NT 10.0; WOW64; Trident/7.0; MALC; rv:11.0) like Gecko"
80.122.221.194 - - [12/May/2020:12:16:55 +0200] "GET /reload?ser=1589278615363 HTTP/1.1" 200 28 "http://renault.activities.at/cart" "Mozilla/5.0 (Windows NT 10.0; Win64; x64) AppleWebKit/537.36 (KHTML, like Gecko) Chrome/70.0.3538.102 Safari/537.36 Edge/18.18363"
80.122.222.62 - - [12/May/2020:12:17:11 +0200] "GET /reload?ser=1589278633657 HTTP/1.1" 200 28 "http://renault.activities.at/10201442?cat=10260260" "Mozilla/5.0 (Windows NT 10.0; WOW64; Trident/7.0; rv:11.0) like Gecko"
138.21.12.29 - - [12/May/2020:12:17:15 +0200] "GET /reload?ser=1589278635375 HTTP/1.1" 200 28 "http://renault.2web.at/account" "Mozilla/5.0 (Windows NT 10.0; WOW64; Trident/7.0; Touch; rv:11.0) like Gecko"
212.152.246.129 - - [12/May/2020:12:17:28 +0200] "GET /reload?ser=1589278648674 HTTP/1.1" 200 28 "http://renault.activities.at/success" "Mozilla/5.0 (Windows NT 10.0; WOW64; Trident/7.0; rv:11.0) like Gecko"
91.112.65.210 - - [12/May/2020:12:17:32 +0200] "GET /reload?ser=1589278652077 HTTP/1.1" 200 28 "http://renault.activities.at/success" "Mozilla/5.0 (Windows NT 10.0; WOW64; Trident/7.0; rv:11.0) like Gecko"
83.219.165.34 - - [12/May/2020:12:17:42 +0200] "GET /reload?ser=1589278663352 HTTP/1.1" 200 28 "http://renault.activities.at/result?searchterm=true&search=captur+brosch%FCre" "Mozilla/5.0 (Windows NT 10.0; WOW64; Trident/7.0; MALC; rv:11.0) like Gecko"
80.122.221.194 - - [12/May/2020:12:17:56 +0200] "GET /reload?ser=1589278676372 HTTP/1.1" 200 28 "http://renault.activities.at/cart" "Mozilla/5.0 (Windows NT 10.0; Win64; x64) AppleWebKit/537.36 (KHTML, like Gecko) Chrome/70.0.3538.102 Safari/537.36 Edge/18.18363"
80.122.222.62 - - [12/May/2020:12:18:12 +0200] "GET /reload?ser=1589278694619 HTTP/1.1" 200 28 "http://renault.activities.at/10201442?cat=10260260" "Mozilla/5.0 (Windows NT 10.0; WOW64; Trident/7.0; rv:11.0) like Gecko"
138.21.12.29 - - [12/May/2020:12:18:16 +0200] "GET /reload?ser=1589278696396 HTTP/1.1" 200 28 "http://renault.2web.at/account" "Mozilla/5.0 (Windows NT 10.0; WOW64; Trident/7.0; Touch; rv:11.0) like Gecko"
212.152.246.129 - - [12/May/2020:12:18:29 +0200] "GET /reload?ser=1589278709693 HTTP/1.1" 200 28 "http://renault.activities.at/success" "Mozilla/5.0 (Windows NT 10.0; WOW64; Trident/7.0; rv:11.0) like Gecko"
91.112.65.210 - - [12/May/2020:12:18:33 +0200] "GET /reload?ser=1589278713027 HTTP/1.1" 200 28 "http://renault.activities.at/success" "Mozilla/5.0 (Windows NT 10.0; WOW64; Trident/7.0; rv:11.0) like Gecko"
83.219.165.34 - - [12/May/2020:12:18:43 +0200] "GET /reload?ser=1589278724306 HTTP/1.1" 200 28 "http://renault.activities.at/result?searchterm=true&search=captur+brosch%FCre" "Mozilla/5.0 (Windows NT 10.0; WOW64; Trident/7.0; MALC; rv:11.0) like Gecko"
80.122.221.194 - - [12/May/2020:12:18:57 +0200] "GET /reload?ser=1589278737365 HTTP/1.1" 200 28 "http://renault.activities.at/cart" "Mozilla/5.0 (Windows NT 10.0; Win64; x64) AppleWebKit/537.36 (KHTML, like Gecko) Chrome/70.0.3538.102 Safari/537.36 Edge/18.18363"
80.122.222.62 - - [12/May/2020:12:19:13 +0200] "GET /reload?ser=1589278755631 HTTP/1.1" 200 28 "http://renault.activities.at/10201442?cat=10260260" "Mozilla/5.0 (Windows NT 10.0; WOW64; Trident/7.0; rv:11.0) like Gecko"
138.21.12.29 - - [12/May/2020:12:19:17 +0200] "GET /reload?ser=1589278757428 HTTP/1.1" 200 28 "http://renault.2web.at/account" "Mozilla/5.0 (Windows NT 10.0; WOW64; Trident/7.0; Touch; rv:11.0) like Gecko"
212.152.246.129 - - [12/May/2020:12:19:32 +0200] "GET /reload?ser=1589278770799 HTTP/1.1" 200 28 "http://renault.activities.at/success" "Mozilla/5.0 (Windows NT 10.0; WOW64; Trident/7.0; rv:11.0) like Gecko"
91.112.65.210 - - [12/May/2020:12:19:34 +0200] "GET /reload?ser=1589278773968 HTTP/1.1" 200 28 "http://renault.activities.at/success" "Mozilla/5.0 (Windows NT 10.0; WOW64; Trident/7.0; rv:11.0) like Gecko"
83.219.165.34 - - [12/May/2020:12:19:44 +0200] "GET /reload?ser=1589278785242 HTTP/1.1" 200 28 "http://renault.activities.at/result?searchterm=true&search=captur+brosch%FCre" "Mozilla/5.0 (Windows NT 10.0; WOW64; Trident/7.0; MALC; rv:11.0) like Gecko"
80.122.221.194 - - [12/May/2020:12:19:58 +0200] "GET /reload?ser=1589278798371 HTTP/1.1" 200 28 "http://renault.activities.at/cart" "Mozilla/5.0 (Windows NT 10.0; Win64; x64) AppleWebKit/537.36 (KHTML, like Gecko) Chrome/70.0.3538.102 Safari/537.36 Edge/18.18363"
80.122.222.62 - - [12/May/2020:12:20:14 +0200] "GET /reload?ser=1589278816622 HTTP/1.1" 200 28 "http://renault.activities.at/10201442?cat=10260260" "Mozilla/5.0 (Windows NT 10.0; WOW64; Trident/7.0; rv:11.0) like Gecko"
138.21.12.29 - - [12/May/2020:12:20:18 +0200] "GET /reload?ser=1589278818456 HTTP/1.1" 200 28 "http://renault.2web.at/account" "Mozilla/5.0 (Windows NT 10.0; WOW64; Trident/7.0; Touch; rv:11.0) like Gecko"
212.152.246.129 - - [12/May/2020:12:20:33 +0200] "GET /reload?ser=1589278833033 HTTP/1.1" 200 28 "http://renault.activities.at/success" "Mozilla/5.0 (Windows NT 10.0; WOW64; Trident/7.0; rv:11.0) like Gecko"
91.112.65.210 - - [12/May/2020:12:20:35 +0200] "GET /reload?ser=1589278834991 HTTP/1.1" 200 28 "http://renault.activities.at/success" "Mozilla/5.0 (Windows NT 10.0; WOW64; Trident/7.0; rv:11.0) like Gecko"
83.219.165.34 - - [12/May/2020:12:20:45 +0200] "GET /reload?ser=1589278846162 HTTP/1.1" 200 28 "http://renault.activities.at/result?searchterm=true&search=captur+brosch%FCre" "Mozilla/5.0 (Windows NT 10.0; WOW64; Trident/7.0; MALC; rv:11.0) like Gecko"
80.122.221.194 - - [12/May/2020:12:20:59 +0200] "GET /reload?ser=1589278859360 HTTP/1.1" 200 28 "http://renault.activities.at/cart" "Mozilla/5.0 (Windows NT 10.0; Win64; x64) AppleWebKit/537.36 (KHTML, like Gecko) Chrome/70.0.3538.102 Safari/537.36 Edge/18.18363"
80.122.222.62 - - [12/May/2020:12:21:15 +0200] "GET /reload?ser=1589278877606 HTTP/1.1" 200 28 "http://renault.activities.at/10201442?cat=10260260" "Mozilla/5.0 (Windows NT 10.0; WOW64; Trident/7.0; rv:11.0) like Gecko"
138.21.12.29 - - [12/May/2020:12:21:19 +0200] "GET /reload?ser=1589278879509 HTTP/1.1" 200 28 "http://renault.2web.at/account" "Mozilla/5.0 (Windows NT 10.0; WOW64; Trident/7.0; Touch; rv:11.0) like Gecko"
212.152.246.129 - - [12/May/2020:12:21:34 +0200] "GET /reload?ser=1589278894350 HTTP/1.1" 200 28 "http://renault.activities.at/success" "Mozilla/5.0 (Windows NT 10.0; WOW64; Trident/7.0; rv:11.0) like Gecko"
91.112.65.210 - - [12/May/2020:12:21:35 +0200] "GET /reload?ser=1589278895927 HTTP/1.1" 200 28 "http://renault.activities.at/success" "Mozilla/5.0 (Windows NT 10.0; WOW64; Trident/7.0; rv:11.0) like Gecko"
83.219.165.34 - - [12/May/2020:12:21:46 +0200] "GET /reload?ser=1589278907121 HTTP/1.1" 200 28 "http://renault.activities.at/result?searchterm=true&search=captur+brosch%FCre" "Mozilla/5.0 (Windows NT 10.0; WOW64; Trident/7.0; MALC; rv:11.0) like Gecko"
80.122.221.194 - - [12/May/2020:12:22:00 +0200] "GET /reload?ser=1589278920363 HTTP/1.1" 200 28 "http://renault.activities.at/cart" "Mozilla/5.0 (Windows NT 10.0; Win64; x64) AppleWebKit/537.36 (KHTML, like Gecko) Chrome/70.0.3538.102 Safari/537.36 Edge/18.18363"
80.122.222.62 - - [12/May/2020:12:22:16 +0200] "GET /reload?ser=1589278938624 HTTP/1.1" 200 28 "http://renault.activities.at/10201442?cat=10260260" "Mozilla/5.0 (Windows NT 10.0; WOW64; Trident/7.0; rv:11.0) like Gecko"
138.21.12.29 - - [12/May/2020:12:22:20 +0200] "GET /reload?ser=1589278940539 HTTP/1.1" 200 28 "http://renault.2web.at/account" "Mozilla/5.0 (Windows NT 10.0; WOW64; Trident/7.0; Touch; rv:11.0) like Gecko"
212.152.246.129 - - [12/May/2020:12:22:35 +0200] "GET /reload?ser=1589278955603 HTTP/1.1" 200 28 "http://renault.activities.at/success" "Mozilla/5.0 (Windows NT 10.0; WOW64; Trident/7.0; rv:11.0) like Gecko"
91.112.65.210 - - [12/May/2020:12:22:36 +0200] "GET /reload?ser=1589278956870 HTTP/1.1" 200 28 "http://renault.activities.at/success" "Mozilla/5.0 (Windows NT 10.0; WOW64; Trident/7.0; rv:11.0) like Gecko"
83.219.165.34 - - [12/May/2020:12:22:47 +0200] "GET /reload?ser=1589278968090 HTTP/1.1" 200 28 "http://renault.activities.at/result?searchterm=true&search=captur+brosch%FCre" "Mozilla/5.0 (Windows NT 10.0; WOW64; Trident/7.0; MALC; rv:11.0) like Gecko"
80.122.221.194 - - [12/May/2020:12:23:01 +0200] "GET /reload?ser=1589278981373 HTTP/1.1" 200 28 "http://renault.activities.at/cart" "Mozilla/5.0 (Windows NT 10.0; Win64; x64) AppleWebKit/537.36 (KHTML, like Gecko) Chrome/70.0.3538.102 Safari/537.36 Edge/18.18363"
80.122.222.62 - - [12/May/2020:12:23:17 +0200] "GET /reload?ser=1589278999576 HTTP/1.1" 200 28 "http://renault.activities.at/10201442?cat=10260260" "Mozilla/5.0 (Windows NT 10.0; WOW64; Trident/7.0; rv:11.0) like Gecko"
138.21.12.29 - - [12/May/2020:12:23:21 +0200] "GET /reload?ser=1589279001596 HTTP/1.1" 200 28 "http://renault.2web.at/account" "Mozilla/5.0 (Windows NT 10.0; WOW64; Trident/7.0; Touch; rv:11.0) like Gecko"
212.152.246.129 - - [12/May/2020:12:23:36 +0200] "GET /reload?ser=1589279016620 HTTP/1.1" 200 28 "http://renault.activities.at/success" "Mozilla/5.0 (Windows NT 10.0; WOW64; Trident/7.0; rv:11.0) like Gecko"
91.112.65.210 - - [12/May/2020:12:23:37 +0200] "GET /reload?ser=1589279017818 HTTP/1.1" 200 28 "http://renault.activities.at/success" "Mozilla/5.0 (Windows NT 10.0; WOW64; Trident/7.0; rv:11.0) like Gecko"
83.219.165.34 - - [12/May/2020:12:23:48 +0200] "GET /reload?ser=1589279029179 HTTP/1.1" 200 28 "http://renault.activities.at/result?searchterm=true&search=captur+brosch%FCre" "Mozilla/5.0 (Windows NT 10.0; WOW64; Trident/7.0; MALC; rv:11.0) like Gecko"
80.122.221.194 - - [12/May/2020:12:24:02 +0200] "GET /reload?ser=1589279042366 HTTP/1.1" 200 28 "http://renault.activities.at/cart" "Mozilla/5.0 (Windows NT 10.0; Win64; x64) AppleWebKit/537.36 (KHTML, like Gecko) Chrome/70.0.3538.102 Safari/537.36 Edge/18.18363"
80.122.222.62 - - [12/May/2020:12:24:18 +0200] "GET /reload?ser=1589279060556 HTTP/1.1" 200 28 "http://renault.activities.at/10201442?cat=10260260" "Mozilla/5.0 (Windows NT 10.0; WOW64; Trident/7.0; rv:11.0) like Gecko"
138.21.12.29 - - [12/May/2020:12:24:22 +0200] "GET /reload?ser=1589279062639 HTTP/1.1" 200 28 "http://renault.2web.at/account" "Mozilla/5.0 (Windows NT 10.0; WOW64; Trident/7.0; Touch; rv:11.0) like Gecko"
91.112.65.210 - - [12/May/2020:12:24:38 +0200] "GET /reload?ser=1589279078747 HTTP/1.1" 200 28 "http://renault.activities.at/success" "Mozilla/5.0 (Windows NT 10.0; WOW64; Trident/7.0; rv:11.0) like Gecko"
212.152.246.129 - - [12/May/2020:12:24:38 +0200] "GET /reload?ser=1589279077632 HTTP/1.1" 200 28 "http://renault.activities.at/success" "Mozilla/5.0 (Windows NT 10.0; WOW64; Trident/7.0; rv:11.0) like Gecko"
83.219.165.34 - - [12/May/2020:12:24:49 +0200] "GET /reload?ser=1589279090119 HTTP/1.1" 200 28 "http://renault.activities.at/result?searchterm=true&search=captur+brosch%FCre" "Mozilla/5.0 (Windows NT 10.0; WOW64; Trident/7.0; MALC; rv:11.0) like Gecko"
80.122.221.194 - - [12/May/2020:12:25:03 +0200] "GET /reload?ser=1589279103374 HTTP/1.1" 200 28 "http://renault.activities.at/cart" "Mozilla/5.0 (Windows NT 10.0; Win64; x64) AppleWebKit/537.36 (KHTML, like Gecko) Chrome/70.0.3538.102 Safari/537.36 Edge/18.18363"
80.122.222.62 - - [12/May/2020:12:25:19 +0200] "GET /reload?ser=1589279121549 HTTP/1.1" 200 28 "http://renault.activities.at/10201442?cat=10260260" "Mozilla/5.0 (Windows NT 10.0; WOW64; Trident/7.0; rv:11.0) like Gecko"
138.21.12.29 - - [12/May/2020:12:25:23 +0200] "GET /reload?ser=1589279123679 HTTP/1.1" 200 28 "http://renault.2web.at/account" "Mozilla/5.0 (Windows NT 10.0; WOW64; Trident/7.0; Touch; rv:11.0) like Gecko"
91.112.65.210 - - [12/May/2020:12:25:39 +0200] "GET /reload?ser=1589279139737 HTTP/1.1" 200 28 "http://renault.activities.at/success" "Mozilla/5.0 (Windows NT 10.0; WOW64; Trident/7.0; rv:11.0) like Gecko"
212.152.246.129 - - [12/May/2020:12:25:41 +0200] "GET /reload?ser=1589279139904 HTTP/1.1" 200 28 "http://renault.activities.at/success" "Mozilla/5.0 (Windows NT 10.0; WOW64; Trident/7.0; rv:11.0) like Gecko"
83.219.165.34 - - [12/May/2020:12:25:50 +0200] "GET /reload?ser=1589279151087 HTTP/1.1" 200 28 "http://renault.activities.at/result?searchterm=true&search=captur+brosch%FCre" "Mozilla/5.0 (Windows NT 10.0; WOW64; Trident/7.0; MALC; rv:11.0) like Gecko"
80.122.221.194 - - [12/May/2020:12:26:04 +0200] "GET /reload?ser=1589279164366 HTTP/1.1" 200 28 "http://renault.activities.at/cart" "Mozilla/5.0 (Windows NT 10.0; Win64; x64) AppleWebKit/537.36 (KHTML, like Gecko) Chrome/70.0.3538.102 Safari/537.36 Edge/18.18363"
80.122.222.62 - - [12/May/2020:12:26:20 +0200] "GET /reload?ser=1589279182543 HTTP/1.1" 200 28 "http://renault.activities.at/10201442?cat=10260260" "Mozilla/5.0 (Windows NT 10.0; WOW64; Trident/7.0; rv:11.0) like Gecko"
138.21.12.29 - - [12/May/2020:12:26:24 +0200] "GET /reload?ser=1589279184714 HTTP/1.1" 200 28 "http://renault.2web.at/account" "Mozilla/5.0 (Windows NT 10.0; WOW64; Trident/7.0; Touch; rv:11.0) like Gecko"
91.112.65.210 - - [12/May/2020:12:26:40 +0200] "GET /reload?ser=1589279200703 HTTP/1.1" 200 28 "http://renault.activities.at/success" "Mozilla/5.0 (Windows NT 10.0; WOW64; Trident/7.0; rv:11.0) like Gecko"
212.152.246.129 - - [12/May/2020:12:26:42 +0200] "GET /reload?ser=1589279202409 HTTP/1.1" 200 28 "http://renault.activities.at/success" "Mozilla/5.0 (Windows NT 10.0; WOW64; Trident/7.0; rv:11.0) like Gecko"
83.219.165.34 - - [12/May/2020:12:26:51 +0200] "GET /reload?ser=1589279212012 HTTP/1.1" 200 28 "http://renault.activities.at/result?searchterm=true&search=captur+brosch%FCre" "Mozilla/5.0 (Windows NT 10.0; WOW64; Trident/7.0; MALC; rv:11.0) like Gecko"
80.122.221.194 - - [12/May/2020:12:27:05 +0200] "GET /reload?ser=1589279225358 HTTP/1.1" 200 28 "http://renault.activities.at/cart" "Mozilla/5.0 (Windows NT 10.0; Win64; x64) AppleWebKit/537.36 (KHTML, like Gecko) Chrome/70.0.3538.102 Safari/537.36 Edge/18.18363"
80.122.222.62 - - [12/May/2020:12:27:21 +0200] "GET /reload?ser=1589279243515 HTTP/1.1" 200 28 "http://renault.activities.at/10201442?cat=10260260" "Mozilla/5.0 (Windows NT 10.0; WOW64; Trident/7.0; rv:11.0) like Gecko"
138.21.12.29 - - [12/May/2020:12:27:25 +0200] "GET /reload?ser=1589279245717 HTTP/1.1" 200 28 "http://renault.2web.at/account" "Mozilla/5.0 (Windows NT 10.0; WOW64; Trident/7.0; Touch; rv:11.0) like Gecko"
91.112.65.210 - - [12/May/2020:12:27:41 +0200] "GET /reload?ser=1589279261671 HTTP/1.1" 200 28 "http://renault.activities.at/success" "Mozilla/5.0 (Windows NT 10.0; WOW64; Trident/7.0; rv:11.0) like Gecko"
212.152.246.129 - - [12/May/2020:12:27:44 +0200] "GET /reload?ser=1589279263706 HTTP/1.1" 200 28 "http://renault.activities.at/success" "Mozilla/5.0 (Windows NT 10.0; WOW64; Trident/7.0; rv:11.0) like Gecko"
83.219.165.34 - - [12/May/2020:12:27:52 +0200] "GET /reload?ser=1589279272971 HTTP/1.1" 200 28 "http://renault.activities.at/result?searchterm=true&search=captur+brosch%FCre" "Mozilla/5.0 (Windows NT 10.0; WOW64; Trident/7.0; MALC; rv:11.0) like Gecko"
80.122.221.194 - - [12/May/2020:12:28:06 +0200] "GET /reload?ser=1589279286358 HTTP/1.1" 200 28 "http://renault.activities.at/cart" "Mozilla/5.0 (Windows NT 10.0; Win64; x64) AppleWebKit/537.36 (KHTML, like Gecko) Chrome/70.0.3538.102 Safari/537.36 Edge/18.18363"
80.122.222.62 - - [12/May/2020:12:28:22 +0200] "GET /reload?ser=1589279304485 HTTP/1.1" 200 28 "http://renault.activities.at/10201442?cat=10260260" "Mozilla/5.0 (Windows NT 10.0; WOW64; Trident/7.0; rv:11.0) like Gecko"
138.21.12.29 - - [12/May/2020:12:28:26 +0200] "GET /reload?ser=1589279306733 HTTP/1.1" 200 28 "http://renault.2web.at/account" "Mozilla/5.0 (Windows NT 10.0; WOW64; Trident/7.0; Touch; rv:11.0) like Gecko"
91.112.65.210 - - [12/May/2020:12:28:42 +0200] "GET /reload?ser=1589279322632 HTTP/1.1" 200 28 "http://renault.activities.at/success" "Mozilla/5.0 (Windows NT 10.0; WOW64; Trident/7.0; rv:11.0) like Gecko"
212.152.246.129 - - [12/May/2020:12:28:45 +0200] "GET /reload?ser=1589279325070 HTTP/1.1" 200 28 "http://renault.activities.at/success" "Mozilla/5.0 (Windows NT 10.0; WOW64; Trident/7.0; rv:11.0) like Gecko"
83.219.165.34 - - [12/May/2020:12:28:53 +0200] "GET /reload?ser=1589279333924 HTTP/1.1" 200 28 "http://renault.activities.at/result?searchterm=true&search=captur+brosch%FCre" "Mozilla/5.0 (Windows NT 10.0; WOW64; Trident/7.0; MALC; rv:11.0) like Gecko"
80.122.221.194 - - [12/May/2020:12:29:07 +0200] "GET /reload?ser=1589279347373 HTTP/1.1" 200 28 "http://renault.activities.at/cart" "Mozilla/5.0 (Windows NT 10.0; Win64; x64) AppleWebKit/537.36 (KHTML, like Gecko) Chrome/70.0.3538.102 Safari/537.36 Edge/18.18363"
80.122.222.62 - - [12/May/2020:12:29:23 +0200] "GET /reload?ser=1589279365763 HTTP/1.1" 200 28 "http://renault.activities.at/10201442?cat=10260260" "Mozilla/5.0 (Windows NT 10.0; WOW64; Trident/7.0; rv:11.0) like Gecko"
138.21.12.29 - - [12/May/2020:12:29:27 +0200] "GET /reload?ser=1589279367768 HTTP/1.1" 200 28 "http://renault.2web.at/account" "Mozilla/5.0 (Windows NT 10.0; WOW64; Trident/7.0; Touch; rv:11.0) like Gecko"
91.112.65.210 - - [12/May/2020:12:29:43 +0200] "GET /reload?ser=1589279383588 HTTP/1.1" 200 28 "http://renault.activities.at/success" "Mozilla/5.0 (Windows NT 10.0; WOW64; Trident/7.0; rv:11.0) like Gecko"
212.152.246.129 - - [12/May/2020:12:29:46 +0200] "GET /reload?ser=1589279386175 HTTP/1.1" 200 28 "http://renault.activities.at/success" "Mozilla/5.0 (Windows NT 10.0; WOW64; Trident/7.0; rv:11.0) like Gecko"
83.219.165.34 - - [12/May/2020:12:29:54 +0200] "GET /reload?ser=1589279394883 HTTP/1.1" 200 28 "http://renault.activities.at/result?searchterm=true&search=captur+brosch%FCre" "Mozilla/5.0 (Windows NT 10.0; WOW64; Trident/7.0; MALC; rv:11.0) like Gecko"
80.122.221.194 - - [12/May/2020:12:30:08 +0200] "GET /reload?ser=1589279408369 HTTP/1.1" 200 28 "http://renault.activities.at/cart" "Mozilla/5.0 (Windows NT 10.0; Win64; x64) AppleWebKit/537.36 (KHTML, like Gecko) Chrome/70.0.3538.102 Safari/537.36 Edge/18.18363"
80.122.222.62 - - [12/May/2020:12:30:24 +0200] "GET /reload?ser=1589279426790 HTTP/1.1" 200 28 "http://renault.activities.at/10201442?cat=10260260" "Mozilla/5.0 (Windows NT 10.0; WOW64; Trident/7.0; rv:11.0) like Gecko"
138.21.12.29 - - [12/May/2020:12:30:28 +0200] "GET /reload?ser=1589279428775 HTTP/1.1" 200 28 "http://renault.2web.at/account" "Mozilla/5.0 (Windows NT 10.0; WOW64; Trident/7.0; Touch; rv:11.0) like Gecko"
91.112.65.210 - - [12/May/2020:12:30:44 +0200] "GET /reload?ser=1589279444540 HTTP/1.1" 200 28 "http://renault.activities.at/success" "Mozilla/5.0 (Windows NT 10.0; WOW64; Trident/7.0; rv:11.0) like Gecko"
212.152.246.129 - - [12/May/2020:12:30:48 +0200] "GET /reload?ser=1589279447503 HTTP/1.1" 200 28 "http://renault.activities.at/success" "Mozilla/5.0 (Windows NT 10.0; WOW64; Trident/7.0; rv:11.0) like Gecko"
83.219.165.34 - - [12/May/2020:12:30:55 +0200] "GET /reload?ser=1589279455824 HTTP/1.1" 200 28 "http://renault.activities.at/result?searchterm=true&search=captur+brosch%FCre" "Mozilla/5.0 (Windows NT 10.0; WOW64; Trident/7.0; MALC; rv:11.0) like Gecko"
80.122.221.194 - - [12/May/2020:12:31:09 +0200] "GET /reload?ser=1589279469357 HTTP/1.1" 200 28 "http://renault.activities.at/cart" "Mozilla/5.0 (Windows NT 10.0; Win64; x64) AppleWebKit/537.36 (KHTML, like Gecko) Chrome/70.0.3538.102 Safari/537.36 Edge/18.18363"
80.122.222.62 - - [12/May/2020:12:31:25 +0200] "GET /reload?ser=1589279487787 HTTP/1.1" 200 28 "http://renault.activities.at/10201442?cat=10260260" "Mozilla/5.0 (Windows NT 10.0; WOW64; Trident/7.0; rv:11.0) like Gecko"
138.21.12.29 - - [12/May/2020:12:31:30 +0200] "GET /reload?ser=1589279489852 HTTP/1.1" 200 28 "http://renault.2web.at/account" "Mozilla/5.0 (Windows NT 10.0; WOW64; Trident/7.0; Touch; rv:11.0) like Gecko"
212.152.246.129 - - [12/May/2020:12:31:49 +0200] "GET /reload?ser=1589279509276 HTTP/1.1" 200 28 "http://renault.activities.at/success" "Mozilla/5.0 (Windows NT 10.0; WOW64; Trident/7.0; rv:11.0) like Gecko"
83.219.165.34 - - [12/May/2020:12:31:56 +0200] "GET /reload?ser=1589279516743 HTTP/1.1" 200 28 "http://renault.activities.at/result?searchterm=true&search=captur+brosch%FCre" "Mozilla/5.0 (Windows NT 10.0; WOW64; Trident/7.0; MALC; rv:11.0) like Gecko"
80.122.221.194 - - [12/May/2020:12:32:10 +0200] "GET /reload?ser=1589279530370 HTTP/1.1" 200 28 "http://renault.activities.at/cart" "Mozilla/5.0 (Windows NT 10.0; Win64; x64) AppleWebKit/537.36 (KHTML, like Gecko) Chrome/70.0.3538.102 Safari/537.36 Edge/18.18363"
80.122.222.62 - - [12/May/2020:12:32:26 +0200] "GET /reload?ser=1589279548787 HTTP/1.1" 200 28 "http://renault.activities.at/10201442?cat=10260260" "Mozilla/5.0 (Windows NT 10.0; WOW64; Trident/7.0; rv:11.0) like Gecko"
138.21.12.29 - - [12/May/2020:12:32:31 +0200] "GET /reload?ser=1589279550882 HTTP/1.1" 200 28 "http://renault.2web.at/account" "Mozilla/5.0 (Windows NT 10.0; WOW64; Trident/7.0; Touch; rv:11.0) like Gecko"
