80.122.221.194 - - [12/May/2020:13:57:34 +0200] "GET /reload?ser=1589284654355 HTTP/1.1" 200 28 "http://renault.activities.at/cart" "Mozilla/5.0 (Windows NT 10.0; Win64; x64) AppleWebKit/537.36 (KHTML, like Gecko) Chrome/70.0.3538.102 Safari/537.36 Edge/18.18363"
212.152.246.129 - - [12/May/2020:13:57:47 +0200] "GET /reload?ser=1589284667105 HTTP/1.1" 200 28 "http://renault.activities.at/success" "Mozilla/5.0 (Windows NT 10.0; WOW64; Trident/7.0; rv:11.0) like Gecko"
80.122.222.62 - - [12/May/2020:13:57:49 +0200] "GET /reload?ser=1589284672485 HTTP/1.1" 200 28 "http://renault.activities.at/10201442?cat=10260260" "Mozilla/5.0 (Windows NT 10.0; WOW64; Trident/7.0; rv:11.0) like Gecko"
138.21.12.25 - - [12/May/2020:13:58:33 +0200] "GET /reload?ser=1589284713036 HTTP/1.1" 200 28 "http://renault.2web.at/10260273?dir=DESC&mode=grid&order=name&limit=15&page=2" "Mozilla/5.0 (Windows NT 10.0; WOW64; Trident/7.0; Touch; rv:11.0) like Gecko"
80.122.221.194 - - [12/May/2020:13:58:35 +0200] "GET /reload?ser=1589284715349 HTTP/1.1" 200 28 "http://renault.activities.at/cart" "Mozilla/5.0 (Windows NT 10.0; Win64; x64) AppleWebKit/537.36 (KHTML, like Gecko) Chrome/70.0.3538.102 Safari/537.36 Edge/18.18363"
212.152.246.129 - - [12/May/2020:13:58:49 +0200] "GET /reload?ser=1589284728391 HTTP/1.1" 200 28 "http://renault.activities.at/success" "Mozilla/5.0 (Windows NT 10.0; WOW64; Trident/7.0; rv:11.0) like Gecko"
80.122.222.62 - - [12/May/2020:13:58:50 +0200] "GET /reload?ser=1589284733476 HTTP/1.1" 200 28 "http://renault.activities.at/10201442?cat=10260260" "Mozilla/5.0 (Windows NT 10.0; WOW64; Trident/7.0; rv:11.0) like Gecko"
138.21.12.25 - - [12/May/2020:13:59:34 +0200] "GET /reload?ser=1589284774052 HTTP/1.1" 200 28 "http://renault.2web.at/10260273?dir=DESC&mode=grid&order=name&limit=15&page=2" "Mozilla/5.0 (Windows NT 10.0; WOW64; Trident/7.0; Touch; rv:11.0) like Gecko"
80.122.221.194 - - [12/May/2020:13:59:36 +0200] "GET /reload?ser=1589284776358 HTTP/1.1" 200 28 "http://renault.activities.at/cart" "Mozilla/5.0 (Windows NT 10.0; Win64; x64) AppleWebKit/537.36 (KHTML, like Gecko) Chrome/70.0.3538.102 Safari/537.36 Edge/18.18363"
212.152.246.129 - - [12/May/2020:13:59:51 +0200] "GET /reload?ser=1589284790837 HTTP/1.1" 200 28 "http://renault.activities.at/success" "Mozilla/5.0 (Windows NT 10.0; WOW64; Trident/7.0; rv:11.0) like Gecko"
80.122.222.62 - - [12/May/2020:13:59:51 +0200] "GET /reload?ser=1589284794467 HTTP/1.1" 200 28 "http://renault.activities.at/10201442?cat=10260260" "Mozilla/5.0 (Windows NT 10.0; WOW64; Trident/7.0; rv:11.0) like Gecko"
138.21.12.25 - - [12/May/2020:14:00:35 +0200] "GET /reload?ser=1589284835071 HTTP/1.1" 200 28 "http://renault.2web.at/10260273?dir=DESC&mode=grid&order=name&limit=15&page=2" "Mozilla/5.0 (Windows NT 10.0; WOW64; Trident/7.0; Touch; rv:11.0) like Gecko"
80.122.221.194 - - [12/May/2020:14:00:37 +0200] "GET /reload?ser=1589284837357 HTTP/1.1" 200 28 "http://renault.activities.at/cart" "Mozilla/5.0 (Windows NT 10.0; Win64; x64) AppleWebKit/537.36 (KHTML, like Gecko) Chrome/70.0.3538.102 Safari/537.36 Edge/18.18363"
212.152.246.129 - - [12/May/2020:14:00:52 +0200] "GET /reload?ser=1589284852149 HTTP/1.1" 200 28 "http://renault.activities.at/success" "Mozilla/5.0 (Windows NT 10.0; WOW64; Trident/7.0; rv:11.0) like Gecko"
80.122.222.62 - - [12/May/2020:14:00:52 +0200] "GET /reload?ser=1589284855455 HTTP/1.1" 200 28 "http://renault.activities.at/10201442?cat=10260260" "Mozilla/5.0 (Windows NT 10.0; WOW64; Trident/7.0; rv:11.0) like Gecko"
138.21.12.25 - - [12/May/2020:14:01:36 +0200] "GET /reload?ser=1589284896171 HTTP/1.1" 200 28 "http://renault.2web.at/10260273?dir=DESC&mode=grid&order=name&limit=15&page=2" "Mozilla/5.0 (Windows NT 10.0; WOW64; Trident/7.0; Touch; rv:11.0) like Gecko"
80.122.221.194 - - [12/May/2020:14:01:38 +0200] "GET /reload?ser=1589284898347 HTTP/1.1" 200 28 "http://renault.activities.at/cart" "Mozilla/5.0 (Windows NT 10.0; Win64; x64) AppleWebKit/537.36 (KHTML, like Gecko) Chrome/70.0.3538.102 Safari/537.36 Edge/18.18363"
91.112.65.210 - - [12/May/2020:14:01:50 +0200] "GET /reload?ser=1589284910953 HTTP/1.1" 200 1240 "http://renault.activities.at/success" "Mozilla/5.0 (Windows NT 10.0; WOW64; Trident/7.0; rv:11.0) like Gecko"
212.152.246.129 - - [12/May/2020:14:01:53 +0200] "GET /reload?ser=1589284913479 HTTP/1.1" 200 28 "http://renault.activities.at/success" "Mozilla/5.0 (Windows NT 10.0; WOW64; Trident/7.0; rv:11.0) like Gecko"
80.122.222.62 - - [12/May/2020:14:01:53 +0200] "GET /reload?ser=1589284916445 HTTP/1.1" 200 28 "http://renault.activities.at/10201442?cat=10260260" "Mozilla/5.0 (Windows NT 10.0; WOW64; Trident/7.0; rv:11.0) like Gecko"
138.21.12.25 - - [12/May/2020:14:02:37 +0200] "GET /reload?ser=1589284957208 HTTP/1.1" 200 28 "http://renault.2web.at/10260273?dir=DESC&mode=grid&order=name&limit=15&page=2" "Mozilla/5.0 (Windows NT 10.0; WOW64; Trident/7.0; Touch; rv:11.0) like Gecko"
80.122.221.194 - - [12/May/2020:14:02:39 +0200] "GET /reload?ser=1589284959355 HTTP/1.1" 200 28 "http://renault.activities.at/cart" "Mozilla/5.0 (Windows NT 10.0; Win64; x64) AppleWebKit/537.36 (KHTML, like Gecko) Chrome/70.0.3538.102 Safari/537.36 Edge/18.18363"
91.112.65.210 - - [12/May/2020:14:02:50 +0200] "GET /reload?ser=1589284971157 HTTP/1.1" 200 1243 "http://renault.activities.at/success" "Mozilla/5.0 (Windows NT 10.0; WOW64; Trident/7.0; rv:11.0) like Gecko"
80.122.222.62 - - [12/May/2020:14:02:54 +0200] "GET /reload?ser=1589284977437 HTTP/1.1" 200 28 "http://renault.activities.at/10201442?cat=10260260" "Mozilla/5.0 (Windows NT 10.0; WOW64; Trident/7.0; rv:11.0) like Gecko"
212.152.246.129 - - [12/May/2020:14:02:57 +0200] "GET /reload?ser=1589284974857 HTTP/1.1" 200 28 "http://renault.activities.at/success" "Mozilla/5.0 (Windows NT 10.0; WOW64; Trident/7.0; rv:11.0) like Gecko"
138.21.12.25 - - [12/May/2020:14:03:38 +0200] "GET /reload?ser=1589285018293 HTTP/1.1" 200 28 "http://renault.2web.at/10260273?dir=DESC&mode=grid&order=name&limit=15&page=2" "Mozilla/5.0 (Windows NT 10.0; WOW64; Trident/7.0; Touch; rv:11.0) like Gecko"
80.122.221.194 - - [12/May/2020:14:03:40 +0200] "GET /reload?ser=1589285020346 HTTP/1.1" 200 28 "http://renault.activities.at/cart" "Mozilla/5.0 (Windows NT 10.0; Win64; x64) AppleWebKit/537.36 (KHTML, like Gecko) Chrome/70.0.3538.102 Safari/537.36 Edge/18.18363"
91.112.65.210 - - [12/May/2020:14:03:50 +0200] "GET /reload?ser=1589285031326 HTTP/1.1" 200 1235 "http://renault.activities.at/success" "Mozilla/5.0 (Windows NT 10.0; WOW64; Trident/7.0; rv:11.0) like Gecko"
80.122.222.62 - - [12/May/2020:14:03:55 +0200] "GET /reload?ser=1589285038450 HTTP/1.1" 200 28 "http://renault.activities.at/10201442?cat=10260260" "Mozilla/5.0 (Windows NT 10.0; WOW64; Trident/7.0; rv:11.0) like Gecko"
212.152.246.129 - - [12/May/2020:14:03:58 +0200] "GET /reload?ser=1589285038172 HTTP/1.1" 200 28 "http://renault.activities.at/success" "Mozilla/5.0 (Windows NT 10.0; WOW64; Trident/7.0; rv:11.0) like Gecko"
138.21.12.25 - - [12/May/2020:14:04:39 +0200] "GET /reload?ser=1589285079347 HTTP/1.1" 200 28 "http://renault.2web.at/10260273?dir=DESC&mode=grid&order=name&limit=15&page=2" "Mozilla/5.0 (Windows NT 10.0; WOW64; Trident/7.0; Touch; rv:11.0) like Gecko"
80.122.221.194 - - [12/May/2020:14:04:41 +0200] "GET /reload?ser=1589285081356 HTTP/1.1" 200 28 "http://renault.activities.at/cart" "Mozilla/5.0 (Windows NT 10.0; Win64; x64) AppleWebKit/537.36 (KHTML, like Gecko) Chrome/70.0.3538.102 Safari/537.36 Edge/18.18363"
91.112.65.210 - - [12/May/2020:14:04:50 +0200] "GET /reload?ser=1589285091491 HTTP/1.1" 200 1246 "http://renault.activities.at/success" "Mozilla/5.0 (Windows NT 10.0; WOW64; Trident/7.0; rv:11.0) like Gecko"
80.122.222.62 - - [12/May/2020:14:04:56 +0200] "GET /reload?ser=1589285099410 HTTP/1.1" 200 28 "http://renault.activities.at/10201442?cat=10260260" "Mozilla/5.0 (Windows NT 10.0; WOW64; Trident/7.0; rv:11.0) like Gecko"
212.152.246.129 - - [12/May/2020:14:05:00 +0200] "GET /reload?ser=1589285099590 HTTP/1.1" 200 28 "http://renault.activities.at/success" "Mozilla/5.0 (Windows NT 10.0; WOW64; Trident/7.0; rv:11.0) like Gecko"
138.21.12.25 - - [12/May/2020:14:05:40 +0200] "GET /reload?ser=1589285140394 HTTP/1.1" 200 28 "http://renault.2web.at/10260273?dir=DESC&mode=grid&order=name&limit=15&page=2" "Mozilla/5.0 (Windows NT 10.0; WOW64; Trident/7.0; Touch; rv:11.0) like Gecko"
80.122.221.194 - - [12/May/2020:14:05:42 +0200] "GET /reload?ser=1589285142354 HTTP/1.1" 200 28 "http://renault.activities.at/cart" "Mozilla/5.0 (Windows NT 10.0; Win64; x64) AppleWebKit/537.36 (KHTML, like Gecko) Chrome/70.0.3538.102 Safari/537.36 Edge/18.18363"
91.112.65.210 - - [12/May/2020:14:05:51 +0200] "GET /reload?ser=1589285151657 HTTP/1.1" 200 1246 "http://renault.activities.at/success" "Mozilla/5.0 (Windows NT 10.0; WOW64; Trident/7.0; rv:11.0) like Gecko"
80.122.222.62 - - [12/May/2020:14:05:57 +0200] "GET /reload?ser=1589285160426 HTTP/1.1" 200 28 "http://renault.activities.at/10201442?cat=10260260" "Mozilla/5.0 (Windows NT 10.0; WOW64; Trident/7.0; rv:11.0) like Gecko"
212.152.246.129 - - [12/May/2020:14:06:01 +0200] "GET /reload?ser=1589285161295 HTTP/1.1" 200 28 "http://renault.activities.at/success" "Mozilla/5.0 (Windows NT 10.0; WOW64; Trident/7.0; rv:11.0) like Gecko"
138.21.12.25 - - [12/May/2020:14:06:41 +0200] "GET /reload?ser=1589285201427 HTTP/1.1" 200 28 "http://renault.2web.at/10260273?dir=DESC&mode=grid&order=name&limit=15&page=2" "Mozilla/5.0 (Windows NT 10.0; WOW64; Trident/7.0; Touch; rv:11.0) like Gecko"
80.122.221.194 - - [12/May/2020:14:06:43 +0200] "GET /reload?ser=1589285203345 HTTP/1.1" 200 28 "http://renault.activities.at/cart" "Mozilla/5.0 (Windows NT 10.0; Win64; x64) AppleWebKit/537.36 (KHTML, like Gecko) Chrome/70.0.3538.102 Safari/537.36 Edge/18.18363"
91.112.65.210 - - [12/May/2020:14:06:51 +0200] "GET /reload?ser=1589285211776 HTTP/1.1" 200 1240 "http://renault.activities.at/success" "Mozilla/5.0 (Windows NT 10.0; WOW64; Trident/7.0; rv:11.0) like Gecko"
80.122.222.62 - - [12/May/2020:14:06:58 +0200] "GET /reload?ser=1589285221412 HTTP/1.1" 200 28 "http://renault.activities.at/10201442?cat=10260260" "Mozilla/5.0 (Windows NT 10.0; WOW64; Trident/7.0; rv:11.0) like Gecko"
212.152.246.129 - - [12/May/2020:14:07:02 +0200] "GET /reload?ser=1589285222293 HTTP/1.1" 200 28 "http://renault.activities.at/success" "Mozilla/5.0 (Windows NT 10.0; WOW64; Trident/7.0; rv:11.0) like Gecko"
138.21.12.25 - - [12/May/2020:14:07:42 +0200] "GET /reload?ser=1589285262442 HTTP/1.1" 200 28 "http://renault.2web.at/10260273?dir=DESC&mode=grid&order=name&limit=15&page=2" "Mozilla/5.0 (Windows NT 10.0; WOW64; Trident/7.0; Touch; rv:11.0) like Gecko"
80.122.221.194 - - [12/May/2020:14:07:44 +0200] "GET /reload?ser=1589285264356 HTTP/1.1" 200 28 "http://renault.activities.at/cart" "Mozilla/5.0 (Windows NT 10.0; Win64; x64) AppleWebKit/537.36 (KHTML, like Gecko) Chrome/70.0.3538.102 Safari/537.36 Edge/18.18363"
91.112.65.210 - - [12/May/2020:14:07:51 +0200] "GET /reload?ser=1589285271841 HTTP/1.1" 200 1249 "http://renault.activities.at/success" "Mozilla/5.0 (Windows NT 10.0; WOW64; Trident/7.0; rv:11.0) like Gecko"
80.122.222.62 - - [12/May/2020:14:07:59 +0200] "GET /reload?ser=1589285282386 HTTP/1.1" 200 28 "http://renault.activities.at/10201442?cat=10260260" "Mozilla/5.0 (Windows NT 10.0; WOW64; Trident/7.0; rv:11.0) like Gecko"
212.152.246.129 - - [12/May/2020:14:08:04 +0200] "GET /reload?ser=1589285283628 HTTP/1.1" 200 28 "http://renault.activities.at/success" "Mozilla/5.0 (Windows NT 10.0; WOW64; Trident/7.0; rv:11.0) like Gecko"
138.21.12.25 - - [12/May/2020:14:08:43 +0200] "GET /reload?ser=1589285323498 HTTP/1.1" 200 28 "http://renault.2web.at/10260273?dir=DESC&mode=grid&order=name&limit=15&page=2" "Mozilla/5.0 (Windows NT 10.0; WOW64; Trident/7.0; Touch; rv:11.0) like Gecko"
80.122.221.194 - - [12/May/2020:14:08:45 +0200] "GET /reload?ser=1589285325352 HTTP/1.1" 200 28 "http://renault.activities.at/cart" "Mozilla/5.0 (Windows NT 10.0; Win64; x64) AppleWebKit/537.36 (KHTML, like Gecko) Chrome/70.0.3538.102 Safari/537.36 Edge/18.18363"
91.112.65.210 - - [12/May/2020:14:08:51 +0200] "GET /reload?ser=1589285331904 HTTP/1.1" 200 1245 "http://renault.activities.at/success" "Mozilla/5.0 (Windows NT 10.0; WOW64; Trident/7.0; rv:11.0) like Gecko"
80.122.222.62 - - [12/May/2020:14:09:00 +0200] "GET /reload?ser=1589285343358 HTTP/1.1" 200 28 "http://renault.activities.at/10201442?cat=10260260" "Mozilla/5.0 (Windows NT 10.0; WOW64; Trident/7.0; rv:11.0) like Gecko"
212.152.246.129 - - [12/May/2020:14:09:06 +0200] "GET /reload?ser=1589285345276 HTTP/1.1" 200 28 "http://renault.activities.at/success" "Mozilla/5.0 (Windows NT 10.0; WOW64; Trident/7.0; rv:11.0) like Gecko"
138.21.12.25 - - [12/May/2020:14:09:44 +0200] "GET /reload?ser=1589285384553 HTTP/1.1" 200 28 "http://renault.2web.at/10260273?dir=DESC&mode=grid&order=name&limit=15&page=2" "Mozilla/5.0 (Windows NT 10.0; WOW64; Trident/7.0; Touch; rv:11.0) like Gecko"
80.122.221.194 - - [12/May/2020:14:09:46 +0200] "GET /reload?ser=1589285386344 HTTP/1.1" 200 28 "http://renault.activities.at/cart" "Mozilla/5.0 (Windows NT 10.0; Win64; x64) AppleWebKit/537.36 (KHTML, like Gecko) Chrome/70.0.3538.102 Safari/537.36 Edge/18.18363"
91.112.65.210 - - [12/May/2020:14:09:51 +0200] "GET /reload?ser=1589285391958 HTTP/1.1" 200 1244 "http://renault.activities.at/success" "Mozilla/5.0 (Windows NT 10.0; WOW64; Trident/7.0; rv:11.0) like Gecko"
80.122.222.62 - - [12/May/2020:14:10:01 +0200] "GET /reload?ser=1589285404314 HTTP/1.1" 200 28 "http://renault.activities.at/10201442?cat=10260260" "Mozilla/5.0 (Windows NT 10.0; WOW64; Trident/7.0; rv:11.0) like Gecko"
212.152.246.129 - - [12/May/2020:14:10:08 +0200] "GET /reload?ser=1589285407738 HTTP/1.1" 200 28 "http://renault.activities.at/success" "Mozilla/5.0 (Windows NT 10.0; WOW64; Trident/7.0; rv:11.0) like Gecko"
138.21.12.25 - - [12/May/2020:14:10:46 +0200] "GET /reload?ser=1589285446434 HTTP/1.1" 200 28 "http://renault.2web.at/10260273?dir=DESC&mode=grid&order=name&limit=15&page=2" "Mozilla/5.0 (Windows NT 10.0; WOW64; Trident/7.0; Touch; rv:11.0) like Gecko"
80.122.221.194 - - [12/May/2020:14:10:47 +0200] "GET /reload?ser=1589285447351 HTTP/1.1" 200 28 "http://renault.activities.at/cart" "Mozilla/5.0 (Windows NT 10.0; Win64; x64) AppleWebKit/537.36 (KHTML, like Gecko) Chrome/70.0.3538.102 Safari/537.36 Edge/18.18363"
91.112.65.210 - - [12/May/2020:14:10:52 +0200] "GET /reload?ser=1589285452018 HTTP/1.1" 200 1243 "http://renault.activities.at/success" "Mozilla/5.0 (Windows NT 10.0; WOW64; Trident/7.0; rv:11.0) like Gecko"
80.122.222.62 - - [12/May/2020:14:11:02 +0200] "GET /reload?ser=1589285465312 HTTP/1.1" 200 28 "http://renault.activities.at/10201442?cat=10260260" "Mozilla/5.0 (Windows NT 10.0; WOW64; Trident/7.0; rv:11.0) like Gecko"
212.152.246.129 - - [12/May/2020:14:11:09 +0200] "GET /reload?ser=1589285469167 HTTP/1.1" 200 28 "http://renault.activities.at/success" "Mozilla/5.0 (Windows NT 10.0; WOW64; Trident/7.0; rv:11.0) like Gecko"
138.21.12.25 - - [12/May/2020:14:11:47 +0200] "GET /reload?ser=1589285507457 HTTP/1.1" 200 28 "http://renault.2web.at/10260273?dir=DESC&mode=grid&order=name&limit=15&page=2" "Mozilla/5.0 (Windows NT 10.0; WOW64; Trident/7.0; Touch; rv:11.0) like Gecko"
80.122.221.194 - - [12/May/2020:14:11:48 +0200] "GET /reload?ser=1589285508354 HTTP/1.1" 200 28 "http://renault.activities.at/cart" "Mozilla/5.0 (Windows NT 10.0; Win64; x64) AppleWebKit/537.36 (KHTML, like Gecko) Chrome/70.0.3538.102 Safari/537.36 Edge/18.18363"
91.112.65.210 - - [12/May/2020:14:11:52 +0200] "GET /reload?ser=1589285512131 HTTP/1.1" 200 1244 "http://renault.activities.at/success" "Mozilla/5.0 (Windows NT 10.0; WOW64; Trident/7.0; rv:11.0) like Gecko"
80.122.222.62 - - [12/May/2020:14:12:03 +0200] "GET /reload?ser=1589285526281 HTTP/1.1" 200 28 "http://renault.activities.at/10201442?cat=10260260" "Mozilla/5.0 (Windows NT 10.0; WOW64; Trident/7.0; rv:11.0) like Gecko"
212.152.246.129 - - [12/May/2020:14:12:10 +0200] "GET /reload?ser=1589285530710 HTTP/1.1" 200 28 "http://renault.activities.at/success" "Mozilla/5.0 (Windows NT 10.0; WOW64; Trident/7.0; rv:11.0) like Gecko"
138.21.12.25 - - [12/May/2020:14:12:48 +0200] "GET /reload?ser=1589285568514 HTTP/1.1" 200 28 "http://renault.2web.at/10260273?dir=DESC&mode=grid&order=name&limit=15&page=2" "Mozilla/5.0 (Windows NT 10.0; WOW64; Trident/7.0; Touch; rv:11.0) like Gecko"
80.122.221.194 - - [12/May/2020:14:12:49 +0200] "GET /reload?ser=1589285569344 HTTP/1.1" 200 28 "http://renault.activities.at/cart" "Mozilla/5.0 (Windows NT 10.0; Win64; x64) AppleWebKit/537.36 (KHTML, like Gecko) Chrome/70.0.3538.102 Safari/537.36 Edge/18.18363"
91.112.65.210 - - [12/May/2020:14:12:52 +0200] "GET /reload?ser=1589285572296 HTTP/1.1" 200 1235 "http://renault.activities.at/success" "Mozilla/5.0 (Windows NT 10.0; WOW64; Trident/7.0; rv:11.0) like Gecko"
80.122.222.62 - - [12/May/2020:14:13:04 +0200] "GET /reload?ser=1589285587256 HTTP/1.1" 200 28 "http://renault.activities.at/10201442?cat=10260260" "Mozilla/5.0 (Windows NT 10.0; WOW64; Trident/7.0; rv:11.0) like Gecko"
212.152.246.129 - - [12/May/2020:14:13:12 +0200] "GET /reload?ser=1589285591748 HTTP/1.1" 200 28 "http://renault.activities.at/success" "Mozilla/5.0 (Windows NT 10.0; WOW64; Trident/7.0; rv:11.0) like Gecko"
138.21.12.25 - - [12/May/2020:14:13:49 +0200] "GET /reload?ser=1589285629548 HTTP/1.1" 200 28 "http://renault.2web.at/10260273?dir=DESC&mode=grid&order=name&limit=15&page=2" "Mozilla/5.0 (Windows NT 10.0; WOW64; Trident/7.0; Touch; rv:11.0) like Gecko"
80.122.221.194 - - [12/May/2020:14:13:50 +0200] "GET /reload?ser=1589285630348 HTTP/1.1" 200 28 "http://renault.activities.at/cart" "Mozilla/5.0 (Windows NT 10.0; Win64; x64) AppleWebKit/537.36 (KHTML, like Gecko) Chrome/70.0.3538.102 Safari/537.36 Edge/18.18363"
91.112.65.210 - - [12/May/2020:14:13:52 +0200] "GET /reload?ser=1589285632467 HTTP/1.1" 200 1235 "http://renault.activities.at/success" "Mozilla/5.0 (Windows NT 10.0; WOW64; Trident/7.0; rv:11.0) like Gecko"
80.122.222.62 - - [12/May/2020:14:14:05 +0200] "GET /reload?ser=1589285648210 HTTP/1.1" 200 28 "http://renault.activities.at/10201442?cat=10260260" "Mozilla/5.0 (Windows NT 10.0; WOW64; Trident/7.0; rv:11.0) like Gecko"
212.152.246.129 - - [12/May/2020:14:14:13 +0200] "GET /reload?ser=1589285653410 HTTP/1.1" 200 28 "http://renault.activities.at/success" "Mozilla/5.0 (Windows NT 10.0; WOW64; Trident/7.0; rv:11.0) like Gecko"
138.21.12.25 - - [12/May/2020:14:14:50 +0200] "GET /reload?ser=1589285690609 HTTP/1.1" 200 28 "http://renault.2web.at/10260273?dir=DESC&mode=grid&order=name&limit=15&page=2" "Mozilla/5.0 (Windows NT 10.0; WOW64; Trident/7.0; Touch; rv:11.0) like Gecko"
80.122.221.194 - - [12/May/2020:14:14:51 +0200] "GET /reload?ser=1589285691345 HTTP/1.1" 200 28 "http://renault.activities.at/cart" "Mozilla/5.0 (Windows NT 10.0; Win64; x64) AppleWebKit/537.36 (KHTML, like Gecko) Chrome/70.0.3538.102 Safari/537.36 Edge/18.18363"
91.112.65.210 - - [12/May/2020:14:14:52 +0200] "GET /reload?ser=1589285692630 HTTP/1.1" 200 1242 "http://renault.activities.at/success" "Mozilla/5.0 (Windows NT 10.0; WOW64; Trident/7.0; rv:11.0) like Gecko"
80.122.222.62 - - [12/May/2020:14:15:06 +0200] "GET /reload?ser=1589285709209 HTTP/1.1" 200 28 "http://renault.activities.at/10201442?cat=10260260" "Mozilla/5.0 (Windows NT 10.0; WOW64; Trident/7.0; rv:11.0) like Gecko"
212.152.246.129 - - [12/May/2020:14:15:14 +0200] "GET /reload?ser=1589285714425 HTTP/1.1" 200 28 "http://renault.activities.at/success" "Mozilla/5.0 (Windows NT 10.0; WOW64; Trident/7.0; rv:11.0) like Gecko"
138.21.12.25 - - [12/May/2020:14:15:51 +0200] "GET /reload?ser=1589285751652 HTTP/1.1" 200 28 "http://renault.2web.at/10260273?dir=DESC&mode=grid&order=name&limit=15&page=2" "Mozilla/5.0 (Windows NT 10.0; WOW64; Trident/7.0; Touch; rv:11.0) like Gecko"
91.112.65.210 - - [12/May/2020:14:15:52 +0200] "GET /reload?ser=1589285752802 HTTP/1.1" 200 1236 "http://renault.activities.at/success" "Mozilla/5.0 (Windows NT 10.0; WOW64; Trident/7.0; rv:11.0) like Gecko"
80.122.221.194 - - [12/May/2020:14:15:52 +0200] "GET /reload?ser=1589285752349 HTTP/1.1" 200 28 "http://renault.activities.at/cart" "Mozilla/5.0 (Windows NT 10.0; Win64; x64) AppleWebKit/537.36 (KHTML, like Gecko) Chrome/70.0.3538.102 Safari/537.36 Edge/18.18363"
80.122.222.62 - - [12/May/2020:14:16:07 +0200] "GET /reload?ser=1589285770210 HTTP/1.1" 200 28 "http://renault.activities.at/10201442?cat=10260260" "Mozilla/5.0 (Windows NT 10.0; WOW64; Trident/7.0; rv:11.0) like Gecko"
212.152.246.129 - - [12/May/2020:14:16:16 +0200] "GET /reload?ser=1589285775567 HTTP/1.1" 200 28 "http://renault.activities.at/success" "Mozilla/5.0 (Windows NT 10.0; WOW64; Trident/7.0; rv:11.0) like Gecko"
212.152.246.131 - - [12/May/2020:14:16:44 +0200] "GET / HTTP/1.1" 200 3365 "-" "Mozilla/5.0 (Windows NT 10.0; Win64; x64) AppleWebKit/537.36 (KHTML, like Gecko) Chrome/81.0.4044.138 Safari/537.36"
212.152.246.131 - - [12/May/2020:14:16:45 +0200] "GET /loadthumbnail.php?id=11127982 HTTP/1.1" 200 399614 "http://renault.activities.at/" "Mozilla/5.0 (Windows NT 10.0; Win64; x64) AppleWebKit/537.36 (KHTML, like Gecko) Chrome/81.0.4044.138 Safari/537.36"
212.152.246.131 - - [12/May/2020:14:16:46 +0200] "GET /images/favicon.ico HTTP/1.1" 404 305 "http://renault.activities.at/" "Mozilla/5.0 (Windows NT 10.0; Win64; x64) AppleWebKit/537.36 (KHTML, like Gecko) Chrome/81.0.4044.138 Safari/537.36"
212.152.246.131 - - [12/May/2020:14:16:49 +0200] "GET /login HTTP/1.1" 200 2085 "http://renault.activities.at/" "Mozilla/5.0 (Windows NT 10.0; Win64; x64) AppleWebKit/537.36 (KHTML, like Gecko) Chrome/81.0.4044.138 Safari/537.36"
91.112.65.210 - - [12/May/2020:14:16:53 +0200] "GET /reload?ser=1589285812966 HTTP/1.1" 200 1248 "http://renault.activities.at/success" "Mozilla/5.0 (Windows NT 10.0; WOW64; Trident/7.0; rv:11.0) like Gecko"
138.21.12.25 - - [12/May/2020:14:16:53 +0200] "GET /reload?ser=1589285812845 HTTP/1.1" 200 28 "http://renault.2web.at/10260273?dir=DESC&mode=grid&order=name&limit=15&page=2" "Mozilla/5.0 (Windows NT 10.0; WOW64; Trident/7.0; Touch; rv:11.0) like Gecko"
80.122.221.194 - - [12/May/2020:14:16:53 +0200] "GET /reload?ser=1589285813349 HTTP/1.1" 200 28 "http://renault.activities.at/cart" "Mozilla/5.0 (Windows NT 10.0; Win64; x64) AppleWebKit/537.36 (KHTML, like Gecko) Chrome/70.0.3538.102 Safari/537.36 Edge/18.18363"
212.152.246.131 - - [12/May/2020:14:16:59 +0200] "POST /login HTTP/1.1" 302 140 "http://renault.activities.at/login" "Mozilla/5.0 (Windows NT 10.0; Win64; x64) AppleWebKit/537.36 (KHTML, like Gecko) Chrome/81.0.4044.138 Safari/537.36"
212.152.246.131 - - [12/May/2020:14:17:00 +0200] "GET /account HTTP/1.1" 200 6048 "http://renault.activities.at/login" "Mozilla/5.0 (Windows NT 10.0; Win64; x64) AppleWebKit/537.36 (KHTML, like Gecko) Chrome/81.0.4044.138 Safari/537.36"
212.152.246.131 - - [12/May/2020:14:17:03 +0200] "GET /loadthumbnail.php?id=11146700&width=50&height=50 HTTP/1.1" 200 717 "http://renault.activities.at/account" "Mozilla/5.0 (Windows NT 10.0; Win64; x64) AppleWebKit/537.36 (KHTML, like Gecko) Chrome/81.0.4044.138 Safari/537.36"
212.152.246.131 - - [12/May/2020:14:17:03 +0200] "GET /loadthumbnail.php?id=11075492&width=50&height=50 HTTP/1.1" 200 1114 "http://renault.activities.at/account" "Mozilla/5.0 (Windows NT 10.0; Win64; x64) AppleWebKit/537.36 (KHTML, like Gecko) Chrome/81.0.4044.138 Safari/537.36"
212.152.246.131 - - [12/May/2020:14:17:03 +0200] "GET /loadthumbnail.php?id=12094749&width=50&height=50 HTTP/1.1" 200 3578 "http://renault.activities.at/account" "Mozilla/5.0 (Windows NT 10.0; Win64; x64) AppleWebKit/537.36 (KHTML, like Gecko) Chrome/81.0.4044.138 Safari/537.36"
80.122.222.62 - - [12/May/2020:14:17:08 +0200] "GET /reload?ser=1589285831215 HTTP/1.1" 200 28 "http://renault.activities.at/10201442?cat=10260260" "Mozilla/5.0 (Windows NT 10.0; WOW64; Trident/7.0; rv:11.0) like Gecko"
212.152.246.131 - - [12/May/2020:14:17:14 +0200] "GET /result?searchterm=true&search=mobi HTTP/1.1" 200 6457 "http://renault.activities.at/account" "Mozilla/5.0 (Windows NT 10.0; Win64; x64) AppleWebKit/537.36 (KHTML, like Gecko) Chrome/81.0.4044.138 Safari/537.36"
212.152.246.131 - - [12/May/2020:14:17:16 +0200] "GET /loadthumbnail.php?id=11434114&width=113 HTTP/1.1" 200 4564 "http://renault.activities.at/result?searchterm=true&search=mobi" "Mozilla/5.0 (Windows NT 10.0; Win64; x64) AppleWebKit/537.36 (KHTML, like Gecko) Chrome/81.0.4044.138 Safari/537.36"
212.152.246.131 - - [12/May/2020:14:17:16 +0200] "GET /loadthumbnail.php?id=10745359&width=113 HTTP/1.1" 200 4202 "http://renault.activities.at/result?searchterm=true&search=mobi" "Mozilla/5.0 (Windows NT 10.0; Win64; x64) AppleWebKit/537.36 (KHTML, like Gecko) Chrome/81.0.4044.138 Safari/537.36"
212.152.246.131 - - [12/May/2020:14:17:16 +0200] "GET /loadthumbnail.php?id=12204968&width=113 HTTP/1.1" 200 4284 "http://renault.activities.at/result?searchterm=true&search=mobi" "Mozilla/5.0 (Windows NT 10.0; Win64; x64) AppleWebKit/537.36 (KHTML, like Gecko) Chrome/81.0.4044.138 Safari/537.36"
212.152.246.131 - - [12/May/2020:14:17:16 +0200] "GET /loadthumbnail.php?id=10203255 HTTP/1.1" 200 137 "http://renault.activities.at/result?searchterm=true&search=mobi" "Mozilla/5.0 (Windows NT 10.0; Win64; x64) AppleWebKit/537.36 (KHTML, like Gecko) Chrome/81.0.4044.138 Safari/537.36"
212.152.246.131 - - [12/May/2020:14:17:16 +0200] "GET /loadthumbnail.php?id=12205692&width=113 HTTP/1.1" 200 4881 "http://renault.activities.at/result?searchterm=true&search=mobi" "Mozilla/5.0 (Windows NT 10.0; Win64; x64) AppleWebKit/537.36 (KHTML, like Gecko) Chrome/81.0.4044.138 Safari/537.36"
212.152.246.131 - - [12/May/2020:14:17:14 +0200] "POST /axjaxrequest?mode=suggest HTTP/1.1" 200 166 "http://renault.activities.at/account" "Mozilla/5.0 (Windows NT 10.0; Win64; x64) AppleWebKit/537.36 (KHTML, like Gecko) Chrome/81.0.4044.138 Safari/537.36"
212.152.246.131 - - [12/May/2020:14:17:16 +0200] "GET /result?searchterm=true&search=mobi HTTP/1.1" 200 6457 "http://renault.activities.at/result?searchterm=true&search=mobi" "Mozilla/5.0 (Windows NT 10.0; Win64; x64) AppleWebKit/537.36 (KHTML, like Gecko) Chrome/81.0.4044.138 Safari/537.36"
212.152.246.129 - - [12/May/2020:14:17:18 +0200] "GET /reload?ser=1589285837159 HTTP/1.1" 200 28 "http://renault.activities.at/success" "Mozilla/5.0 (Windows NT 10.0; WOW64; Trident/7.0; rv:11.0) like Gecko"
212.152.246.131 - - [12/May/2020:14:17:26 +0200] "POST /result?searchterm=true&search=mobi HTTP/1.1" 200 6645 "http://renault.activities.at/result?searchterm=true&search=mobi" "Mozilla/5.0 (Windows NT 10.0; Win64; x64) AppleWebKit/537.36 (KHTML, like Gecko) Chrome/81.0.4044.138 Safari/537.36"
212.152.246.131 - - [12/May/2020:14:17:36 +0200] "GET /images/vista-dn-hover.gif HTTP/1.1" 200 127 "http://renault.activities.at/css/styles.css" "Mozilla/5.0 (Windows NT 10.0; Win64; x64) AppleWebKit/537.36 (KHTML, like Gecko) Chrome/81.0.4044.138 Safari/537.36"
212.152.246.131 - - [12/May/2020:14:17:37 +0200] "POST /result?searchterm=true&search=mobi HTTP/1.1" 200 6646 "http://renault.activities.at/result?searchterm=true&search=mobi" "Mozilla/5.0 (Windows NT 10.0; Win64; x64) AppleWebKit/537.36 (KHTML, like Gecko) Chrome/81.0.4044.138 Safari/537.36"
91.112.65.210 - - [12/May/2020:14:17:53 +0200] "GET /reload?ser=1589285873137 HTTP/1.1" 200 1238 "http://renault.activities.at/success" "Mozilla/5.0 (Windows NT 10.0; WOW64; Trident/7.0; rv:11.0) like Gecko"
212.152.246.131 - - [12/May/2020:14:17:49 +0200] "GET /checkout HTTP/1.1" 200 10247 "http://renault.activities.at/result?searchterm=true&search=mobi" "Mozilla/5.0 (Windows NT 10.0; Win64; x64) AppleWebKit/537.36 (KHTML, like Gecko) Chrome/81.0.4044.138 Safari/537.36"
212.152.246.131 - - [12/May/2020:14:17:54 +0200] "GET /loadthumbnail.php?id=10201939 HTTP/1.1" 200 201 "http://renault.activities.at/checkout" "Mozilla/5.0 (Windows NT 10.0; Win64; x64) AppleWebKit/537.36 (KHTML, like Gecko) Chrome/81.0.4044.138 Safari/537.36"
212.152.246.131 - - [12/May/2020:14:17:54 +0200] "GET /loadthumbnail.php?id=10202698 HTTP/1.1" 200 16686 "http://renault.activities.at/checkout" "Mozilla/5.0 (Windows NT 10.0; Win64; x64) AppleWebKit/537.36 (KHTML, like Gecko) Chrome/81.0.4044.138 Safari/537.36"
80.122.221.194 - - [12/May/2020:14:17:54 +0200] "GET /reload?ser=1589285874350 HTTP/1.1" 200 28 "http://renault.activities.at/cart" "Mozilla/5.0 (Windows NT 10.0; Win64; x64) AppleWebKit/537.36 (KHTML, like Gecko) Chrome/70.0.3538.102 Safari/537.36 Edge/18.18363"
138.21.12.25 - - [12/May/2020:14:17:54 +0200] "GET /reload?ser=1589285873961 HTTP/1.1" 200 28 "http://renault.2web.at/10260273?dir=DESC&mode=grid&order=name&limit=15&page=2" "Mozilla/5.0 (Windows NT 10.0; WOW64; Trident/7.0; Touch; rv:11.0) like Gecko"
212.152.246.131 - - [12/May/2020:14:17:58 +0200] "GET /cart HTTP/1.1" 200 5172 "http://renault.activities.at/checkout" "Mozilla/5.0 (Windows NT 10.0; Win64; x64) AppleWebKit/537.36 (KHTML, like Gecko) Chrome/81.0.4044.138 Safari/537.36"
212.152.246.131 - - [12/May/2020:14:18:00 +0200] "GET /loadthumbnail.php?id=12205692&width=100 HTTP/1.1" 200 4162 "http://renault.activities.at/cart" "Mozilla/5.0 (Windows NT 10.0; Win64; x64) AppleWebKit/537.36 (KHTML, like Gecko) Chrome/81.0.4044.138 Safari/537.36"
212.152.246.131 - - [12/May/2020:14:18:00 +0200] "GET /loadthumbnail.php?id=10232009&width=16&height=16 HTTP/1.1" 200 700 "http://renault.activities.at/cart" "Mozilla/5.0 (Windows NT 10.0; Win64; x64) AppleWebKit/537.36 (KHTML, like Gecko) Chrome/81.0.4044.138 Safari/537.36"
212.152.246.131 - - [12/May/2020:14:18:00 +0200] "GET /loadthumbnail.php?id=12204968&width=100 HTTP/1.1" 200 3675 "http://renault.activities.at/cart" "Mozilla/5.0 (Windows NT 10.0; Win64; x64) AppleWebKit/537.36 (KHTML, like Gecko) Chrome/81.0.4044.138 Safari/537.36"
80.122.222.62 - - [12/May/2020:14:18:09 +0200] "GET /reload?ser=1589285892189 HTTP/1.1" 200 28 "http://renault.activities.at/10201442?cat=10260260" "Mozilla/5.0 (Windows NT 10.0; WOW64; Trident/7.0; rv:11.0) like Gecko"
212.152.246.129 - - [12/May/2020:14:18:20 +0200] "GET /reload?ser=1589285899711 HTTP/1.1" 200 28 "http://renault.activities.at/success" "Mozilla/5.0 (Windows NT 10.0; WOW64; Trident/7.0; rv:11.0) like Gecko"
91.112.65.210 - - [12/May/2020:14:18:53 +0200] "GET /reload?ser=1589285933301 HTTP/1.1" 200 1237 "http://renault.activities.at/success" "Mozilla/5.0 (Windows NT 10.0; WOW64; Trident/7.0; rv:11.0) like Gecko"
80.122.221.194 - - [12/May/2020:14:18:55 +0200] "GET /reload?ser=1589285935347 HTTP/1.1" 200 28 "http://renault.activities.at/cart" "Mozilla/5.0 (Windows NT 10.0; Win64; x64) AppleWebKit/537.36 (KHTML, like Gecko) Chrome/70.0.3538.102 Safari/537.36 Edge/18.18363"
138.21.12.25 - - [12/May/2020:14:18:55 +0200] "GET /reload?ser=1589285935031 HTTP/1.1" 200 28 "http://renault.2web.at/10260273?dir=DESC&mode=grid&order=name&limit=15&page=2" "Mozilla/5.0 (Windows NT 10.0; WOW64; Trident/7.0; Touch; rv:11.0) like Gecko"
212.152.246.131 - - [12/May/2020:14:19:00 +0200] "GET /reload?ser=1589286068894 HTTP/1.1" 200 28 "http://renault.activities.at/cart" "Mozilla/5.0 (Windows NT 10.0; Win64; x64) AppleWebKit/537.36 (KHTML, like Gecko) Chrome/81.0.4044.138 Safari/537.36"
80.122.222.62 - - [12/May/2020:14:19:10 +0200] "GET /reload?ser=1589285953164 HTTP/1.1" 200 28 "http://renault.activities.at/10201442?cat=10260260" "Mozilla/5.0 (Windows NT 10.0; WOW64; Trident/7.0; rv:11.0) like Gecko"
212.152.246.129 - - [12/May/2020:14:19:22 +0200] "GET /reload?ser=1589285961085 HTTP/1.1" 200 28 "http://renault.activities.at/success" "Mozilla/5.0 (Windows NT 10.0; WOW64; Trident/7.0; rv:11.0) like Gecko"
91.112.65.210 - - [12/May/2020:14:19:53 +0200] "GET /reload?ser=1589285993471 HTTP/1.1" 200 1242 "http://renault.activities.at/success" "Mozilla/5.0 (Windows NT 10.0; WOW64; Trident/7.0; rv:11.0) like Gecko"
80.122.221.194 - - [12/May/2020:14:19:56 +0200] "GET /reload?ser=1589285996352 HTTP/1.1" 200 28 "http://renault.activities.at/cart" "Mozilla/5.0 (Windows NT 10.0; Win64; x64) AppleWebKit/537.36 (KHTML, like Gecko) Chrome/70.0.3538.102 Safari/537.36 Edge/18.18363"
138.21.12.25 - - [12/May/2020:14:19:56 +0200] "GET /reload?ser=1589285996102 HTTP/1.1" 200 28 "http://renault.2web.at/10260273?dir=DESC&mode=grid&order=name&limit=15&page=2" "Mozilla/5.0 (Windows NT 10.0; WOW64; Trident/7.0; Touch; rv:11.0) like Gecko"
212.152.246.131 - - [12/May/2020:14:20:01 +0200] "GET /reload?ser=1589286129913 HTTP/1.1" 200 28 "http://renault.activities.at/cart" "Mozilla/5.0 (Windows NT 10.0; Win64; x64) AppleWebKit/537.36 (KHTML, like Gecko) Chrome/81.0.4044.138 Safari/537.36"
80.122.222.62 - - [12/May/2020:14:20:11 +0200] "GET /reload?ser=1589286014116 HTTP/1.1" 200 28 "http://renault.activities.at/10201442?cat=10260260" "Mozilla/5.0 (Windows NT 10.0; WOW64; Trident/7.0; rv:11.0) like Gecko"
212.152.246.129 - - [12/May/2020:14:20:23 +0200] "GET /reload?ser=1589286023100 HTTP/1.1" 200 28 "http://renault.activities.at/success" "Mozilla/5.0 (Windows NT 10.0; WOW64; Trident/7.0; rv:11.0) like Gecko"
91.112.65.210 - - [12/May/2020:14:20:53 +0200] "GET /reload?ser=1589286053638 HTTP/1.1" 200 1246 "http://renault.activities.at/success" "Mozilla/5.0 (Windows NT 10.0; WOW64; Trident/7.0; rv:11.0) like Gecko"
80.122.221.194 - - [12/May/2020:14:20:57 +0200] "GET /reload?ser=1589286057343 HTTP/1.1" 200 28 "http://renault.activities.at/cart" "Mozilla/5.0 (Windows NT 10.0; Win64; x64) AppleWebKit/537.36 (KHTML, like Gecko) Chrome/70.0.3538.102 Safari/537.36 Edge/18.18363"
138.21.12.25 - - [12/May/2020:14:20:57 +0200] "GET /reload?ser=1589286057126 HTTP/1.1" 200 28 "http://renault.2web.at/10260273?dir=DESC&mode=grid&order=name&limit=15&page=2" "Mozilla/5.0 (Windows NT 10.0; WOW64; Trident/7.0; Touch; rv:11.0) like Gecko"
212.152.246.131 - - [12/May/2020:14:21:02 +0200] "GET /reload?ser=1589286190921 HTTP/1.1" 200 28 "http://renault.activities.at/cart" "Mozilla/5.0 (Windows NT 10.0; Win64; x64) AppleWebKit/537.36 (KHTML, like Gecko) Chrome/81.0.4044.138 Safari/537.36"
80.122.222.62 - - [12/May/2020:14:21:12 +0200] "GET /reload?ser=1589286075076 HTTP/1.1" 200 28 "http://renault.activities.at/10201442?cat=10260260" "Mozilla/5.0 (Windows NT 10.0; WOW64; Trident/7.0; rv:11.0) like Gecko"
212.152.246.129 - - [12/May/2020:14:21:24 +0200] "GET /reload?ser=1589286084287 HTTP/1.1" 200 28 "http://renault.activities.at/success" "Mozilla/5.0 (Windows NT 10.0; WOW64; Trident/7.0; rv:11.0) like Gecko"
212.152.246.131 - - [12/May/2020:14:21:48 +0200] "GET /checkout HTTP/1.1" 200 10247 "http://renault.activities.at/cart" "Mozilla/5.0 (Windows NT 10.0; Win64; x64) AppleWebKit/537.36 (KHTML, like Gecko) Chrome/81.0.4044.138 Safari/537.36"
91.112.65.210 - - [12/May/2020:14:21:53 +0200] "GET /reload?ser=1589286113807 HTTP/1.1" 200 1239 "http://renault.activities.at/success" "Mozilla/5.0 (Windows NT 10.0; WOW64; Trident/7.0; rv:11.0) like Gecko"
80.122.221.194 - - [12/May/2020:14:21:58 +0200] "GET /reload?ser=1589286118340 HTTP/1.1" 200 28 "http://renault.activities.at/cart" "Mozilla/5.0 (Windows NT 10.0; Win64; x64) AppleWebKit/537.36 (KHTML, like Gecko) Chrome/70.0.3538.102 Safari/537.36 Edge/18.18363"
138.21.12.25 - - [12/May/2020:14:21:58 +0200] "GET /reload?ser=1589286118136 HTTP/1.1" 200 28 "http://renault.2web.at/10260273?dir=DESC&mode=grid&order=name&limit=15&page=2" "Mozilla/5.0 (Windows NT 10.0; WOW64; Trident/7.0; Touch; rv:11.0) like Gecko"
212.152.246.131 - - [12/May/2020:14:21:58 +0200] "POST /docheckout HTTP/1.1" 200 434 "http://renault.activities.at/checkout" "Mozilla/5.0 (Windows NT 10.0; Win64; x64) AppleWebKit/537.36 (KHTML, like Gecko) Chrome/81.0.4044.138 Safari/537.36"
212.152.246.131 - - [12/May/2020:14:22:02 +0200] "POST /docheckout HTTP/1.1" 200 617 "http://renault.activities.at/checkout" "Mozilla/5.0 (Windows NT 10.0; Win64; x64) AppleWebKit/537.36 (KHTML, like Gecko) Chrome/81.0.4044.138 Safari/537.36"
212.152.246.131 - - [12/May/2020:14:22:10 +0200] "POST /docheckout HTTP/1.1" 200 68 "http://renault.activities.at/checkout" "Mozilla/5.0 (Windows NT 10.0; Win64; x64) AppleWebKit/537.36 (KHTML, like Gecko) Chrome/81.0.4044.138 Safari/537.36"
80.122.222.62 - - [12/May/2020:14:22:13 +0200] "GET /reload?ser=1589286136063 HTTP/1.1" 200 28 "http://renault.activities.at/10201442?cat=10260260" "Mozilla/5.0 (Windows NT 10.0; WOW64; Trident/7.0; rv:11.0) like Gecko"
212.152.246.131 - - [12/May/2020:14:22:13 +0200] "GET /success HTTP/1.1" 200 3788 "http://renault.activities.at/checkout" "Mozilla/5.0 (Windows NT 10.0; Win64; x64) AppleWebKit/537.36 (KHTML, like Gecko) Chrome/81.0.4044.138 Safari/537.36"
212.152.246.129 - - [12/May/2020:14:22:25 +0200] "GET /reload?ser=1589286145275 HTTP/1.1" 200 28 "http://renault.activities.at/success" "Mozilla/5.0 (Windows NT 10.0; WOW64; Trident/7.0; rv:11.0) like Gecko"
212.152.246.131 - - [12/May/2020:14:22:30 +0200] "GET /logout HTTP/1.1" 302 140 "http://renault.activities.at/success" "Mozilla/5.0 (Windows NT 10.0; Win64; x64) AppleWebKit/537.36 (KHTML, like Gecko) Chrome/81.0.4044.138 Safari/537.36"
212.152.246.131 - - [12/May/2020:14:22:31 +0200] "GET /logout HTTP/1.1" 200 1583 "http://renault.activities.at/success" "Mozilla/5.0 (Windows NT 10.0; Win64; x64) AppleWebKit/537.36 (KHTML, like Gecko) Chrome/81.0.4044.138 Safari/537.36"
91.112.65.210 - - [12/May/2020:14:22:54 +0200] "GET /reload?ser=1589286173973 HTTP/1.1" 200 1238 "http://renault.activities.at/success" "Mozilla/5.0 (Windows NT 10.0; WOW64; Trident/7.0; rv:11.0) like Gecko"
80.122.221.194 - - [12/May/2020:14:22:59 +0200] "GET /reload?ser=1589286179344 HTTP/1.1" 200 28 "http://renault.activities.at/cart" "Mozilla/5.0 (Windows NT 10.0; Win64; x64) AppleWebKit/537.36 (KHTML, like Gecko) Chrome/70.0.3538.102 Safari/537.36 Edge/18.18363"
138.21.12.25 - - [12/May/2020:14:22:59 +0200] "GET /reload?ser=1589286179172 HTTP/1.1" 200 28 "http://renault.2web.at/10260273?dir=DESC&mode=grid&order=name&limit=15&page=2" "Mozilla/5.0 (Windows NT 10.0; WOW64; Trident/7.0; Touch; rv:11.0) like Gecko"
80.122.222.62 - - [12/May/2020:14:23:14 +0200] "GET /reload?ser=1589286197029 HTTP/1.1" 200 28 "http://renault.activities.at/10201442?cat=10260260" "Mozilla/5.0 (Windows NT 10.0; WOW64; Trident/7.0; rv:11.0) like Gecko"
212.152.246.129 - - [12/May/2020:14:23:26 +0200] "GET /reload?ser=1589286206715 HTTP/1.1" 200 28 "http://renault.activities.at/success" "Mozilla/5.0 (Windows NT 10.0; WOW64; Trident/7.0; rv:11.0) like Gecko"
91.112.65.210 - - [12/May/2020:14:23:54 +0200] "GET /reload?ser=1589286234152 HTTP/1.1" 200 1242 "http://renault.activities.at/success" "Mozilla/5.0 (Windows NT 10.0; WOW64; Trident/7.0; rv:11.0) like Gecko"
80.122.221.194 - - [12/May/2020:14:24:00 +0200] "GET /reload?ser=1589286240339 HTTP/1.1" 200 28 "http://renault.activities.at/cart" "Mozilla/5.0 (Windows NT 10.0; Win64; x64) AppleWebKit/537.36 (KHTML, like Gecko) Chrome/70.0.3538.102 Safari/537.36 Edge/18.18363"
138.21.12.25 - - [12/May/2020:14:24:00 +0200] "GET /reload?ser=1589286240193 HTTP/1.1" 200 28 "http://renault.2web.at/10260273?dir=DESC&mode=grid&order=name&limit=15&page=2" "Mozilla/5.0 (Windows NT 10.0; WOW64; Trident/7.0; Touch; rv:11.0) like Gecko"
80.122.222.62 - - [12/May/2020:14:24:15 +0200] "GET /reload?ser=1589286258107 HTTP/1.1" 200 28 "http://renault.activities.at/10201442?cat=10260260" "Mozilla/5.0 (Windows NT 10.0; WOW64; Trident/7.0; rv:11.0) like Gecko"
212.152.246.129 - - [12/May/2020:14:24:27 +0200] "GET /reload?ser=1589286267716 HTTP/1.1" 200 28 "http://renault.activities.at/success" "Mozilla/5.0 (Windows NT 10.0; WOW64; Trident/7.0; rv:11.0) like Gecko"
91.112.65.210 - - [12/May/2020:14:24:54 +0200] "GET /reload?ser=1589286294311 HTTP/1.1" 200 1236 "http://renault.activities.at/success" "Mozilla/5.0 (Windows NT 10.0; WOW64; Trident/7.0; rv:11.0) like Gecko"
80.122.221.194 - - [12/May/2020:14:25:01 +0200] "GET /reload?ser=1589286301339 HTTP/1.1" 200 28 "http://renault.activities.at/cart" "Mozilla/5.0 (Windows NT 10.0; Win64; x64) AppleWebKit/537.36 (KHTML, like Gecko) Chrome/70.0.3538.102 Safari/537.36 Edge/18.18363"
138.21.12.25 - - [12/May/2020:14:25:01 +0200] "GET /reload?ser=1589286301203 HTTP/1.1" 200 28 "http://renault.2web.at/10260273?dir=DESC&mode=grid&order=name&limit=15&page=2" "Mozilla/5.0 (Windows NT 10.0; WOW64; Trident/7.0; Touch; rv:11.0) like Gecko"
80.122.222.62 - - [12/May/2020:14:25:16 +0200] "GET /reload?ser=1589286319082 HTTP/1.1" 200 28 "http://renault.activities.at/10201442?cat=10260260" "Mozilla/5.0 (Windows NT 10.0; WOW64; Trident/7.0; rv:11.0) like Gecko"
212.152.246.129 - - [12/May/2020:14:25:29 +0200] "GET /reload?ser=1589286328688 HTTP/1.1" 200 28 "http://renault.activities.at/success" "Mozilla/5.0 (Windows NT 10.0; WOW64; Trident/7.0; rv:11.0) like Gecko"
91.112.65.210 - - [12/May/2020:14:25:54 +0200] "GET /reload?ser=1589286354481 HTTP/1.1" 200 1240 "http://renault.activities.at/success" "Mozilla/5.0 (Windows NT 10.0; WOW64; Trident/7.0; rv:11.0) like Gecko"
80.122.221.194 - - [12/May/2020:14:26:02 +0200] "GET /reload?ser=1589286362339 HTTP/1.1" 200 28 "http://renault.activities.at/cart" "Mozilla/5.0 (Windows NT 10.0; Win64; x64) AppleWebKit/537.36 (KHTML, like Gecko) Chrome/70.0.3538.102 Safari/537.36 Edge/18.18363"
138.21.12.25 - - [12/May/2020:14:26:02 +0200] "GET /reload?ser=1589286362222 HTTP/1.1" 200 28 "http://renault.2web.at/10260273?dir=DESC&mode=grid&order=name&limit=15&page=2" "Mozilla/5.0 (Windows NT 10.0; WOW64; Trident/7.0; Touch; rv:11.0) like Gecko"
80.122.222.62 - - [12/May/2020:14:26:17 +0200] "GET /reload?ser=1589286380080 HTTP/1.1" 200 28 "http://renault.activities.at/10201442?cat=10260260" "Mozilla/5.0 (Windows NT 10.0; WOW64; Trident/7.0; rv:11.0) like Gecko"
212.152.246.129 - - [12/May/2020:14:26:30 +0200] "GET /reload?ser=1589286390139 HTTP/1.1" 200 28 "http://renault.activities.at/success" "Mozilla/5.0 (Windows NT 10.0; WOW64; Trident/7.0; rv:11.0) like Gecko"
91.112.65.210 - - [12/May/2020:14:26:54 +0200] "GET /reload?ser=1589286414640 HTTP/1.1" 200 1245 "http://renault.activities.at/success" "Mozilla/5.0 (Windows NT 10.0; WOW64; Trident/7.0; rv:11.0) like Gecko"
80.122.221.194 - - [12/May/2020:14:27:03 +0200] "GET /reload?ser=1589286423349 HTTP/1.1" 200 28 "http://renault.activities.at/cart" "Mozilla/5.0 (Windows NT 10.0; Win64; x64) AppleWebKit/537.36 (KHTML, like Gecko) Chrome/70.0.3538.102 Safari/537.36 Edge/18.18363"
138.21.12.25 - - [12/May/2020:14:27:03 +0200] "GET /reload?ser=1589286423257 HTTP/1.1" 200 28 "http://renault.2web.at/10260273?dir=DESC&mode=grid&order=name&limit=15&page=2" "Mozilla/5.0 (Windows NT 10.0; WOW64; Trident/7.0; Touch; rv:11.0) like Gecko"
80.122.222.62 - - [12/May/2020:14:27:18 +0200] "GET /reload?ser=1589286441075 HTTP/1.1" 200 28 "http://renault.activities.at/10201442?cat=10260260" "Mozilla/5.0 (Windows NT 10.0; WOW64; Trident/7.0; rv:11.0) like Gecko"
212.152.246.129 - - [12/May/2020:14:27:33 +0200] "GET /reload?ser=1589286451533 HTTP/1.1" 200 28 "http://renault.activities.at/success" "Mozilla/5.0 (Windows NT 10.0; WOW64; Trident/7.0; rv:11.0) like Gecko"
91.112.65.210 - - [12/May/2020:14:27:54 +0200] "GET /reload?ser=1589286474808 HTTP/1.1" 200 1242 "http://renault.activities.at/success" "Mozilla/5.0 (Windows NT 10.0; WOW64; Trident/7.0; rv:11.0) like Gecko"
80.122.221.194 - - [12/May/2020:14:28:04 +0200] "GET /reload?ser=1589286484343 HTTP/1.1" 200 28 "http://renault.activities.at/cart" "Mozilla/5.0 (Windows NT 10.0; Win64; x64) AppleWebKit/537.36 (KHTML, like Gecko) Chrome/70.0.3538.102 Safari/537.36 Edge/18.18363"
138.21.12.25 - - [12/May/2020:14:28:04 +0200] "GET /reload?ser=1589286484342 HTTP/1.1" 200 28 "http://renault.2web.at/10260273?dir=DESC&mode=grid&order=name&limit=15&page=2" "Mozilla/5.0 (Windows NT 10.0; WOW64; Trident/7.0; Touch; rv:11.0) like Gecko"
80.122.222.62 - - [12/May/2020:14:28:19 +0200] "GET /reload?ser=1589286502047 HTTP/1.1" 200 28 "http://renault.activities.at/10201442?cat=10260260" "Mozilla/5.0 (Windows NT 10.0; WOW64; Trident/7.0; rv:11.0) like Gecko"
212.152.246.129 - - [12/May/2020:14:28:34 +0200] "GET /reload?ser=1589286513976 HTTP/1.1" 200 28 "http://renault.activities.at/success" "Mozilla/5.0 (Windows NT 10.0; WOW64; Trident/7.0; rv:11.0) like Gecko"
91.112.65.210 - - [12/May/2020:14:28:55 +0200] "GET /reload?ser=1589286534971 HTTP/1.1" 200 1239 "http://renault.activities.at/success" "Mozilla/5.0 (Windows NT 10.0; WOW64; Trident/7.0; rv:11.0) like Gecko"
80.122.221.194 - - [12/May/2020:14:29:05 +0200] "GET /reload?ser=1589286545335 HTTP/1.1" 200 28 "http://renault.activities.at/cart" "Mozilla/5.0 (Windows NT 10.0; Win64; x64) AppleWebKit/537.36 (KHTML, like Gecko) Chrome/70.0.3538.102 Safari/537.36 Edge/18.18363"
138.21.12.25 - - [12/May/2020:14:29:05 +0200] "GET /reload?ser=1589286545405 HTTP/1.1" 200 28 "http://renault.2web.at/10260273?dir=DESC&mode=grid&order=name&limit=15&page=2" "Mozilla/5.0 (Windows NT 10.0; WOW64; Trident/7.0; Touch; rv:11.0) like Gecko"
80.122.222.62 - - [12/May/2020:14:29:20 +0200] "GET /reload?ser=1589286563051 HTTP/1.1" 200 28 "http://renault.activities.at/10201442?cat=10260260" "Mozilla/5.0 (Windows NT 10.0; WOW64; Trident/7.0; rv:11.0) like Gecko"
212.152.246.129 - - [12/May/2020:14:29:35 +0200] "GET /reload?ser=1589286574951 HTTP/1.1" 200 28 "http://renault.activities.at/success" "Mozilla/5.0 (Windows NT 10.0; WOW64; Trident/7.0; rv:11.0) like Gecko"
91.112.65.210 - - [12/May/2020:14:29:55 +0200] "GET /reload?ser=1589286595132 HTTP/1.1" 200 1236 "http://renault.activities.at/success" "Mozilla/5.0 (Windows NT 10.0; WOW64; Trident/7.0; rv:11.0) like Gecko"
80.122.221.194 - - [12/May/2020:14:30:06 +0200] "GET /reload?ser=1589286606336 HTTP/1.1" 200 28 "http://renault.activities.at/cart" "Mozilla/5.0 (Windows NT 10.0; Win64; x64) AppleWebKit/537.36 (KHTML, like Gecko) Chrome/70.0.3538.102 Safari/537.36 Edge/18.18363"
138.21.12.25 - - [12/May/2020:14:30:06 +0200] "GET /reload?ser=1589286606454 HTTP/1.1" 200 28 "http://renault.2web.at/10260273?dir=DESC&mode=grid&order=name&limit=15&page=2" "Mozilla/5.0 (Windows NT 10.0; WOW64; Trident/7.0; Touch; rv:11.0) like Gecko"
80.122.222.62 - - [12/May/2020:14:30:21 +0200] "GET /reload?ser=1589286624052 HTTP/1.1" 200 28 "http://renault.activities.at/10201442?cat=10260260" "Mozilla/5.0 (Windows NT 10.0; WOW64; Trident/7.0; rv:11.0) like Gecko"
212.152.246.129 - - [12/May/2020:14:30:36 +0200] "GET /reload?ser=1589286636567 HTTP/1.1" 200 28 "http://renault.activities.at/success" "Mozilla/5.0 (Windows NT 10.0; WOW64; Trident/7.0; rv:11.0) like Gecko"
91.112.65.210 - - [12/May/2020:14:30:55 +0200] "GET /reload?ser=1589286655291 HTTP/1.1" 200 1238 "http://renault.activities.at/success" "Mozilla/5.0 (Windows NT 10.0; WOW64; Trident/7.0; rv:11.0) like Gecko"
80.122.221.194 - - [12/May/2020:14:31:07 +0200] "GET /reload?ser=1589286667341 HTTP/1.1" 200 28 "http://renault.activities.at/cart" "Mozilla/5.0 (Windows NT 10.0; Win64; x64) AppleWebKit/537.36 (KHTML, like Gecko) Chrome/70.0.3538.102 Safari/537.36 Edge/18.18363"
138.21.12.25 - - [12/May/2020:14:31:07 +0200] "GET /reload?ser=1589286667510 HTTP/1.1" 200 28 "http://renault.2web.at/10260273?dir=DESC&mode=grid&order=name&limit=15&page=2" "Mozilla/5.0 (Windows NT 10.0; WOW64; Trident/7.0; Touch; rv:11.0) like Gecko"
80.122.222.62 - - [12/May/2020:14:31:22 +0200] "GET /reload?ser=1589286685074 HTTP/1.1" 200 28 "http://renault.activities.at/10201442?cat=10260260" "Mozilla/5.0 (Windows NT 10.0; WOW64; Trident/7.0; rv:11.0) like Gecko"
212.152.246.129 - - [12/May/2020:14:31:37 +0200] "GET /reload?ser=1589286697882 HTTP/1.1" 200 28 "http://renault.activities.at/success" "Mozilla/5.0 (Windows NT 10.0; WOW64; Trident/7.0; rv:11.0) like Gecko"
91.112.65.210 - - [12/May/2020:14:31:55 +0200] "GET /reload?ser=1589286715459 HTTP/1.1" 200 1240 "http://renault.activities.at/success" "Mozilla/5.0 (Windows NT 10.0; WOW64; Trident/7.0; rv:11.0) like Gecko"
80.122.221.194 - - [12/May/2020:14:32:08 +0200] "GET /reload?ser=1589286728335 HTTP/1.1" 200 28 "http://renault.activities.at/cart" "Mozilla/5.0 (Windows NT 10.0; Win64; x64) AppleWebKit/537.36 (KHTML, like Gecko) Chrome/70.0.3538.102 Safari/537.36 Edge/18.18363"
138.21.12.25 - - [12/May/2020:14:32:08 +0200] "GET /reload?ser=1589286728552 HTTP/1.1" 200 28 "http://renault.2web.at/10260273?dir=DESC&mode=grid&order=name&limit=15&page=2" "Mozilla/5.0 (Windows NT 10.0; WOW64; Trident/7.0; Touch; rv:11.0) like Gecko"
80.122.222.62 - - [12/May/2020:14:32:23 +0200] "GET /reload?ser=1589286746055 HTTP/1.1" 200 28 "http://renault.activities.at/10201442?cat=10260260" "Mozilla/5.0 (Windows NT 10.0; WOW64; Trident/7.0; rv:11.0) like Gecko"
212.152.246.129 - - [12/May/2020:14:32:38 +0200] "GET /reload?ser=1589286758851 HTTP/1.1" 200 28 "http://renault.activities.at/success" "Mozilla/5.0 (Windows NT 10.0; WOW64; Trident/7.0; rv:11.0) like Gecko"
91.112.65.210 - - [12/May/2020:14:32:55 +0200] "GET /reload?ser=1589286775626 HTTP/1.1" 200 1238 "http://renault.activities.at/success" "Mozilla/5.0 (Windows NT 10.0; WOW64; Trident/7.0; rv:11.0) like Gecko"
80.122.221.194 - - [12/May/2020:14:33:09 +0200] "GET /reload?ser=1589286789340 HTTP/1.1" 200 28 "http://renault.activities.at/cart" "Mozilla/5.0 (Windows NT 10.0; Win64; x64) AppleWebKit/537.36 (KHTML, like Gecko) Chrome/70.0.3538.102 Safari/537.36 Edge/18.18363"
138.21.12.25 - - [12/May/2020:14:33:09 +0200] "GET /reload?ser=1589286789583 HTTP/1.1" 200 28 "http://renault.2web.at/10260273?dir=DESC&mode=grid&order=name&limit=15&page=2" "Mozilla/5.0 (Windows NT 10.0; WOW64; Trident/7.0; Touch; rv:11.0) like Gecko"
80.122.222.62 - - [12/May/2020:14:33:24 +0200] "GET /reload?ser=1589286807022 HTTP/1.1" 200 28 "http://renault.activities.at/10201442?cat=10260260" "Mozilla/5.0 (Windows NT 10.0; WOW64; Trident/7.0; rv:11.0) like Gecko"
