80.122.222.62 - - [12/May/2020:10:53:45 +0200] "GET /images/top_links_divider.gif HTTP/1.1" 200 44 "http://renault.activities.at/account" "Mozilla/5.0 (Windows NT 10.0; WOW64; Trident/7.0; rv:11.0) like Gecko"
80.122.222.62 - - [12/May/2020:10:53:46 +0200] "GET /images/menu_button_bg.jpg HTTP/1.1" 200 322 "http://renault.activities.at/account" "Mozilla/5.0 (Windows NT 10.0; WOW64; Trident/7.0; rv:11.0) like Gecko"
80.122.222.62 - - [12/May/2020:10:53:46 +0200] "GET /images/sidebar_title_border.gif HTTP/1.1" 200 43 "http://renault.activities.at/account" "Mozilla/5.0 (Windows NT 10.0; WOW64; Trident/7.0; rv:11.0) like Gecko"
80.122.222.62 - - [12/May/2020:10:53:45 +0200] "GET /loadthumbnail.php?id=11721290&width=50&height=50 HTTP/1.1" 200 705 "http://renault.activities.at/account" "Mozilla/5.0 (Windows NT 10.0; WOW64; Trident/7.0; rv:11.0) like Gecko"
80.122.222.62 - - [12/May/2020:10:53:46 +0200] "GET /images/nav_divider.gif HTTP/1.1" 200 43 "http://renault.activities.at/account" "Mozilla/5.0 (Windows NT 10.0; WOW64; Trident/7.0; rv:11.0) like Gecko"
80.122.222.62 - - [12/May/2020:10:53:45 +0200] "GET /loadthumbnail.php?id=11967857&width=50&height=50 HTTP/1.1" 200 904 "http://renault.activities.at/account" "Mozilla/5.0 (Windows NT 10.0; WOW64; Trident/7.0; rv:11.0) like Gecko"
80.122.222.62 - - [12/May/2020:10:53:46 +0200] "GET /images/sidebar_title_corner_left_top.gif HTTP/1.1" 200 1124 "http://renault.activities.at/account" "Mozilla/5.0 (Windows NT 10.0; WOW64; Trident/7.0; rv:11.0) like Gecko"
80.122.222.62 - - [12/May/2020:10:53:46 +0200] "GET /images/sidebar_title_border_top.gif HTTP/1.1" 200 155 "http://renault.activities.at/account" "Mozilla/5.0 (Windows NT 10.0; WOW64; Trident/7.0; rv:11.0) like Gecko"
80.122.222.62 - - [12/May/2020:10:53:46 +0200] "GET /images/sidebar_title_corner_right_top.gif HTTP/1.1" 200 383 "http://renault.activities.at/account" "Mozilla/5.0 (Windows NT 10.0; WOW64; Trident/7.0; rv:11.0) like Gecko"
80.122.222.62 - - [12/May/2020:10:53:46 +0200] "GET /images/footer_divider.gif HTTP/1.1" 200 44 "http://renault.activities.at/account" "Mozilla/5.0 (Windows NT 10.0; WOW64; Trident/7.0; rv:11.0) like Gecko"
138.21.12.28 - - [12/May/2020:10:53:48 +0200] "GET /reload?ser=1589273628345 HTTP/1.1" 200 28 "http://renault.2web.at/account" "Mozilla/5.0 (Windows NT 10.0; WOW64; Trident/7.0; Touch; rv:11.0) like Gecko"
80.122.222.62 - - [12/May/2020:10:54:02 +0200] "GET /action HTTP/1.1" 200 3915 "http://renault.activities.at/account" "Mozilla/5.0 (Windows NT 10.0; WOW64; Trident/7.0; rv:11.0) like Gecko"
80.122.222.62 - - [12/May/2020:10:54:04 +0200] "GET /images/note_msg_icon.gif HTTP/1.1" 200 1022 "http://renault.activities.at/action" "Mozilla/5.0 (Windows NT 10.0; WOW64; Trident/7.0; rv:11.0) like Gecko"
80.122.222.62 - - [12/May/2020:10:54:11 +0200] "GET /10201442 HTTP/1.1" 200 8659 "http://renault.activities.at/action" "Mozilla/5.0 (Windows NT 10.0; WOW64; Trident/7.0; rv:11.0) like Gecko"
80.122.222.62 - - [12/May/2020:10:54:15 +0200] "GET /10201442 HTTP/1.1" 200 8659 "http://renault.activities.at/action" "Mozilla/5.0 (Windows NT 10.0; WOW64; Trident/7.0; rv:11.0) like Gecko"
80.122.222.62 - - [12/May/2020:10:54:17 +0200] "GET /js/prototip.js HTTP/1.1" 200 4588 "http://renault.activities.at/10201442" "Mozilla/5.0 (Windows NT 10.0; WOW64; Trident/7.0; rv:11.0) like Gecko"
80.122.222.62 - - [12/May/2020:10:54:17 +0200] "GET /images/loading.gif HTTP/1.1" 200 3208 "http://renault.activities.at/10201442" "Mozilla/5.0 (Windows NT 10.0; WOW64; Trident/7.0; rv:11.0) like Gecko"
80.122.222.62 - - [12/May/2020:10:54:17 +0200] "GET /js/ProduktGrp.js HTTP/1.1" 200 1569 "http://renault.activities.at/10201442" "Mozilla/5.0 (Windows NT 10.0; WOW64; Trident/7.0; rv:11.0) like Gecko"
80.122.222.62 - - [12/May/2020:10:54:17 +0200] "GET /loadthumbnail.php?id=10203255 HTTP/1.1" 200 137 "http://renault.activities.at/10201442" "Mozilla/5.0 (Windows NT 10.0; WOW64; Trident/7.0; rv:11.0) like Gecko"
80.122.222.62 - - [12/May/2020:10:54:17 +0200] "GET /loadthumbnail.php?id=10203276 HTTP/1.1" 200 75 "http://renault.activities.at/10201442" "Mozilla/5.0 (Windows NT 10.0; WOW64; Trident/7.0; rv:11.0) like Gecko"
80.122.222.62 - - [12/May/2020:10:54:17 +0200] "GET /loadthumbnail.php?id=12174362&width=113 HTTP/1.1" 200 5477 "http://renault.activities.at/10201442" "Mozilla/5.0 (Windows NT 10.0; WOW64; Trident/7.0; rv:11.0) like Gecko"
80.122.222.62 - - [12/May/2020:10:54:17 +0200] "GET /loadthumbnail.php?id=12174359&width=113 HTTP/1.1" 200 6046 "http://renault.activities.at/10201442" "Mozilla/5.0 (Windows NT 10.0; WOW64; Trident/7.0; rv:11.0) like Gecko"
80.122.222.62 - - [12/May/2020:10:54:17 +0200] "GET /loadthumbnail.php?id=12174361&width=113 HTTP/1.1" 200 5896 "http://renault.activities.at/10201442" "Mozilla/5.0 (Windows NT 10.0; WOW64; Trident/7.0; rv:11.0) like Gecko"
80.122.222.62 - - [12/May/2020:10:54:17 +0200] "GET /loadthumbnail.php?id=12174360&width=113 HTTP/1.1" 200 5892 "http://renault.activities.at/10201442" "Mozilla/5.0 (Windows NT 10.0; WOW64; Trident/7.0; rv:11.0) like Gecko"
80.122.222.62 - - [12/May/2020:10:54:17 +0200] "GET /images/sub_title_bg.jpg HTTP/1.1" 200 314 "http://renault.activities.at/10201442" "Mozilla/5.0 (Windows NT 10.0; WOW64; Trident/7.0; rv:11.0) like Gecko"
80.122.222.62 - - [12/May/2020:10:54:17 +0200] "GET /images/pager_bg.gif HTTP/1.1" 200 150 "http://renault.activities.at/10201442" "Mozilla/5.0 (Windows NT 10.0; WOW64; Trident/7.0; rv:11.0) like Gecko"
80.122.222.62 - - [12/May/2020:10:54:17 +0200] "GET /images/vista-up.gif HTTP/1.1" 200 131 "http://renault.activities.at/10201442" "Mozilla/5.0 (Windows NT 10.0; WOW64; Trident/7.0; rv:11.0) like Gecko"
80.122.222.62 - - [12/May/2020:10:54:17 +0200] "GET /images/vista-dn.gif HTTP/1.1" 200 128 "http://renault.activities.at/10201442" "Mozilla/5.0 (Windows NT 10.0; WOW64; Trident/7.0; rv:11.0) like Gecko"
80.122.222.62 - - [12/May/2020:10:54:17 +0200] "GET /images/validation_advice_bg.gif HTTP/1.1" 200 134 "http://renault.activities.at/10201442" "Mozilla/5.0 (Windows NT 10.0; WOW64; Trident/7.0; rv:11.0) like Gecko"
80.122.222.62 - - [12/May/2020:10:54:17 +0200] "GET /loadthumbnail.php?id=12174322&width=113 HTTP/1.1" 200 6394 "http://renault.activities.at/10201442" "Mozilla/5.0 (Windows NT 10.0; WOW64; Trident/7.0; rv:11.0) like Gecko"
80.122.222.62 - - [12/May/2020:10:54:17 +0200] "GET /loadthumbnail.php?id=12174358&width=113 HTTP/1.1" 200 6569 "http://renault.activities.at/10201442" "Mozilla/5.0 (Windows NT 10.0; WOW64; Trident/7.0; rv:11.0) like Gecko"
80.122.222.62 - - [12/May/2020:10:54:17 +0200] "GET /loadthumbnail.php?id=12174329&width=113 HTTP/1.1" 200 6284 "http://renault.activities.at/10201442" "Mozilla/5.0 (Windows NT 10.0; WOW64; Trident/7.0; rv:11.0) like Gecko"
80.122.222.62 - - [12/May/2020:10:54:17 +0200] "GET /loadthumbnail.php?id=12174324&width=113 HTTP/1.1" 200 6193 "http://renault.activities.at/10201442" "Mozilla/5.0 (Windows NT 10.0; WOW64; Trident/7.0; rv:11.0) like Gecko"
80.122.222.62 - - [12/May/2020:10:54:17 +0200] "GET /loadthumbnail.php?id=12174370&width=113 HTTP/1.1" 200 6060 "http://renault.activities.at/10201442" "Mozilla/5.0 (Windows NT 10.0; WOW64; Trident/7.0; rv:11.0) like Gecko"
80.122.222.62 - - [12/May/2020:10:54:17 +0200] "GET /loadthumbnail.php?id=12174357&width=113 HTTP/1.1" 200 5961 "http://renault.activities.at/10201442" "Mozilla/5.0 (Windows NT 10.0; WOW64; Trident/7.0; rv:11.0) like Gecko"
80.122.222.62 - - [12/May/2020:10:54:18 +0200] "GET /loadthumbnail.php?id=12174346&width=113 HTTP/1.1" 200 5866 "http://renault.activities.at/10201442" "Mozilla/5.0 (Windows NT 10.0; WOW64; Trident/7.0; rv:11.0) like Gecko"
80.122.222.62 - - [12/May/2020:10:54:18 +0200] "GET /loadthumbnail.php?id=12174345&width=113 HTTP/1.1" 200 5757 "http://renault.activities.at/10201442" "Mozilla/5.0 (Windows NT 10.0; WOW64; Trident/7.0; rv:11.0) like Gecko"
80.122.222.62 - - [12/May/2020:10:54:18 +0200] "GET /loadthumbnail.php?id=12174323&width=113 HTTP/1.1" 200 6446 "http://renault.activities.at/10201442" "Mozilla/5.0 (Windows NT 10.0; WOW64; Trident/7.0; rv:11.0) like Gecko"
80.122.222.62 - - [12/May/2020:10:54:18 +0200] "GET /loadthumbnail.php?id=12174374&width=113 HTTP/1.1" 200 6146 "http://renault.activities.at/10201442" "Mozilla/5.0 (Windows NT 10.0; WOW64; Trident/7.0; rv:11.0) like Gecko"
80.122.222.62 - - [12/May/2020:10:54:18 +0200] "GET /loadthumbnail.php?id=12174325&width=113 HTTP/1.1" 200 6300 "http://renault.activities.at/10201442" "Mozilla/5.0 (Windows NT 10.0; WOW64; Trident/7.0; rv:11.0) like Gecko"
80.122.222.62 - - [12/May/2020:10:54:18 +0200] "GET /10201442 HTTP/1.1" 200 8659 "http://renault.activities.at/10201442" "Mozilla/5.0 (Windows NT 10.0; WOW64; Trident/7.0; rv:11.0) like Gecko"
83.219.165.34 - - [12/May/2020:10:54:25 +0200] "GET /reload?ser=1589273665756 HTTP/1.1" 200 28 "http://renault.activities.at/result?searchterm=true&search=captur+brosch%FCre" "Mozilla/5.0 (Windows NT 10.0; WOW64; Trident/7.0; MALC; rv:11.0) like Gecko"
80.122.221.194 - - [12/May/2020:10:54:34 +0200] "GET /reload?ser=1589273674411 HTTP/1.1" 200 28 "http://renault.activities.at/cart" "Mozilla/5.0 (Windows NT 10.0; Win64; x64) AppleWebKit/537.36 (KHTML, like Gecko) Chrome/70.0.3538.102 Safari/537.36 Edge/18.18363"
212.152.246.129 - - [12/May/2020:10:54:37 +0200] "GET /reload?ser=1589273676986 HTTP/1.1" 200 28 "http://renault.activities.at/success" "Mozilla/5.0 (Windows NT 10.0; WOW64; Trident/7.0; rv:11.0) like Gecko"
80.122.222.62 - - [12/May/2020:10:54:35 +0200] "GET /10260250 HTTP/1.1" 200 8814 "http://renault.activities.at/10201442" "Mozilla/5.0 (Windows NT 10.0; WOW64; Trident/7.0; rv:11.0) like Gecko"
80.122.222.62 - - [12/May/2020:10:54:38 +0200] "GET /10260250 HTTP/1.1" 200 8814 "http://renault.activities.at/10201442" "Mozilla/5.0 (Windows NT 10.0; WOW64; Trident/7.0; rv:11.0) like Gecko"
80.122.222.62 - - [12/May/2020:10:54:40 +0200] "GET /loadthumbnail.php?id=12037190&width=113 HTTP/1.1" 200 19857 "http://renault.activities.at/10260250" "Mozilla/5.0 (Windows NT 10.0; WOW64; Trident/7.0; rv:11.0) like Gecko"
80.122.222.62 - - [12/May/2020:10:54:40 +0200] "GET /loadthumbnail.php?id=12138224&width=113 HTTP/1.1" 200 3427 "http://renault.activities.at/10260250" "Mozilla/5.0 (Windows NT 10.0; WOW64; Trident/7.0; rv:11.0) like Gecko"
80.122.222.62 - - [12/May/2020:10:54:40 +0200] "GET /loadthumbnail.php?id=11976076&width=113 HTTP/1.1" 200 17152 "http://renault.activities.at/10260250" "Mozilla/5.0 (Windows NT 10.0; WOW64; Trident/7.0; rv:11.0) like Gecko"
80.122.222.62 - - [12/May/2020:10:54:40 +0200] "GET /loadthumbnail.php?id=12122446&width=113 HTTP/1.1" 200 3706 "http://renault.activities.at/10260250" "Mozilla/5.0 (Windows NT 10.0; WOW64; Trident/7.0; rv:11.0) like Gecko"
80.122.222.62 - - [12/May/2020:10:54:40 +0200] "GET /loadthumbnail.php?id=12047627&width=113 HTTP/1.1" 200 3640 "http://renault.activities.at/10260250" "Mozilla/5.0 (Windows NT 10.0; WOW64; Trident/7.0; rv:11.0) like Gecko"
80.122.222.62 - - [12/May/2020:10:54:40 +0200] "GET /loadthumbnail.php?id=11793250&width=113 HTTP/1.1" 200 23647 "http://renault.activities.at/10260250" "Mozilla/5.0 (Windows NT 10.0; WOW64; Trident/7.0; rv:11.0) like Gecko"
80.122.222.62 - - [12/May/2020:10:54:41 +0200] "GET /loadthumbnail.php?id=12153811&width=113 HTTP/1.1" 200 2537 "http://renault.activities.at/10260250" "Mozilla/5.0 (Windows NT 10.0; WOW64; Trident/7.0; rv:11.0) like Gecko"
80.122.222.62 - - [12/May/2020:10:54:41 +0200] "GET /loadthumbnail.php?id=12115542&width=113 HTTP/1.1" 200 6084 "http://renault.activities.at/10260250" "Mozilla/5.0 (Windows NT 10.0; WOW64; Trident/7.0; rv:11.0) like Gecko"
80.122.222.62 - - [12/May/2020:10:54:41 +0200] "GET /loadthumbnail.php?id=11976088&width=113 HTTP/1.1" 200 23388 "http://renault.activities.at/10260250" "Mozilla/5.0 (Windows NT 10.0; WOW64; Trident/7.0; rv:11.0) like Gecko"
80.122.222.62 - - [12/May/2020:10:54:41 +0200] "GET /loadthumbnail.php?id=11976092&width=113 HTTP/1.1" 200 22943 "http://renault.activities.at/10260250" "Mozilla/5.0 (Windows NT 10.0; WOW64; Trident/7.0; rv:11.0) like Gecko"
80.122.222.62 - - [12/May/2020:10:54:41 +0200] "GET /loadthumbnail.php?id=11564187&width=113 HTTP/1.1" 200 22491 "http://renault.activities.at/10260250" "Mozilla/5.0 (Windows NT 10.0; WOW64; Trident/7.0; rv:11.0) like Gecko"
80.122.222.62 - - [12/May/2020:10:54:41 +0200] "GET /loadthumbnail.php?id=11475295&width=113 HTTP/1.1" 200 17922 "http://renault.activities.at/10260250" "Mozilla/5.0 (Windows NT 10.0; WOW64; Trident/7.0; rv:11.0) like Gecko"
80.122.222.62 - - [12/May/2020:10:54:41 +0200] "GET /loadthumbnail.php?id=12064393&width=113 HTTP/1.1" 200 2870 "http://renault.activities.at/10260250" "Mozilla/5.0 (Windows NT 10.0; WOW64; Trident/7.0; rv:11.0) like Gecko"
80.122.222.62 - - [12/May/2020:10:54:41 +0200] "GET /loadthumbnail.php?id=11878139&width=113 HTTP/1.1" 200 19930 "http://renault.activities.at/10260250" "Mozilla/5.0 (Windows NT 10.0; WOW64; Trident/7.0; rv:11.0) like Gecko"
80.122.222.62 - - [12/May/2020:10:54:41 +0200] "GET /loadthumbnail.php?id=11760072&width=113 HTTP/1.1" 200 22371 "http://renault.activities.at/10260250" "Mozilla/5.0 (Windows NT 10.0; WOW64; Trident/7.0; rv:11.0) like Gecko"
91.112.65.210 - - [12/May/2020:10:54:45 +0200] "GET /reload?ser=1589273685251 HTTP/1.1" 200 28 "http://renault.activities.at/success" "Mozilla/5.0 (Windows NT 10.0; WOW64; Trident/7.0; rv:11.0) like Gecko"
138.21.12.28 - - [12/May/2020:10:54:49 +0200] "GET /reload?ser=1589273689355 HTTP/1.1" 200 28 "http://renault.2web.at/account" "Mozilla/5.0 (Windows NT 10.0; WOW64; Trident/7.0; Touch; rv:11.0) like Gecko"
80.122.222.62 - - [12/May/2020:10:54:56 +0200] "GET /10260250?dir=DESC&mode=grid&order=name&limit=15&page=2 HTTP/1.1" 200 8882 "http://renault.activities.at/10260250" "Mozilla/5.0 (Windows NT 10.0; WOW64; Trident/7.0; rv:11.0) like Gecko"
80.122.222.62 - - [12/May/2020:10:54:59 +0200] "GET /loadthumbnail.php?id=10203275 HTTP/1.1" 200 85 "http://renault.activities.at/10260250?dir=DESC&mode=grid&order=name&limit=15&page=2" "Mozilla/5.0 (Windows NT 10.0; WOW64; Trident/7.0; rv:11.0) like Gecko"
80.122.222.62 - - [12/May/2020:10:54:59 +0200] "GET /loadthumbnail.php?id=12010039&width=113 HTTP/1.1" 200 19412 "http://renault.activities.at/10260250?dir=DESC&mode=grid&order=name&limit=15&page=2" "Mozilla/5.0 (Windows NT 10.0; WOW64; Trident/7.0; rv:11.0) like Gecko"
80.122.222.62 - - [12/May/2020:10:54:59 +0200] "GET /loadthumbnail.php?id=12153814&width=113 HTTP/1.1" 200 3262 "http://renault.activities.at/10260250?dir=DESC&mode=grid&order=name&limit=15&page=2" "Mozilla/5.0 (Windows NT 10.0; WOW64; Trident/7.0; rv:11.0) like Gecko"
80.122.222.62 - - [12/May/2020:10:54:59 +0200] "GET /loadthumbnail.php?id=12133302&width=113 HTTP/1.1" 200 2715 "http://renault.activities.at/10260250?dir=DESC&mode=grid&order=name&limit=15&page=2" "Mozilla/5.0 (Windows NT 10.0; WOW64; Trident/7.0; rv:11.0) like Gecko"
80.122.222.62 - - [12/May/2020:10:54:59 +0200] "GET /loadthumbnail.php?id=12064387&width=113 HTTP/1.1" 200 3233 "http://renault.activities.at/10260250?dir=DESC&mode=grid&order=name&limit=15&page=2" "Mozilla/5.0 (Windows NT 10.0; WOW64; Trident/7.0; rv:11.0) like Gecko"
80.122.222.62 - - [12/May/2020:10:54:59 +0200] "GET /loadthumbnail.php?id=12230337&width=113 HTTP/1.1" 200 2209 "http://renault.activities.at/10260250?dir=DESC&mode=grid&order=name&limit=15&page=2" "Mozilla/5.0 (Windows NT 10.0; WOW64; Trident/7.0; rv:11.0) like Gecko"
80.122.222.62 - - [12/May/2020:10:54:59 +0200] "GET /loadthumbnail.php?id=12230318&width=113 HTTP/1.1" 200 2255 "http://renault.activities.at/10260250?dir=DESC&mode=grid&order=name&limit=15&page=2" "Mozilla/5.0 (Windows NT 10.0; WOW64; Trident/7.0; rv:11.0) like Gecko"
80.122.222.62 - - [12/May/2020:10:54:59 +0200] "GET /loadthumbnail.php?id=12130670&width=113 HTTP/1.1" 200 8989 "http://renault.activities.at/10260250?dir=DESC&mode=grid&order=name&limit=15&page=2" "Mozilla/5.0 (Windows NT 10.0; WOW64; Trident/7.0; rv:11.0) like Gecko"
80.122.222.62 - - [12/May/2020:10:54:59 +0200] "GET /loadthumbnail.php?id=12197903&width=113 HTTP/1.1" 200 30608 "http://renault.activities.at/10260250?dir=DESC&mode=grid&order=name&limit=15&page=2" "Mozilla/5.0 (Windows NT 10.0; WOW64; Trident/7.0; rv:11.0) like Gecko"
80.122.222.62 - - [12/May/2020:10:54:59 +0200] "GET /loadthumbnail.php?id=12010091&width=113 HTTP/1.1" 200 18044 "http://renault.activities.at/10260250?dir=DESC&mode=grid&order=name&limit=15&page=2" "Mozilla/5.0 (Windows NT 10.0; WOW64; Trident/7.0; rv:11.0) like Gecko"
80.122.222.62 - - [12/May/2020:10:54:59 +0200] "GET /loadthumbnail.php?id=12094749&width=113 HTTP/1.1" 200 15117 "http://renault.activities.at/10260250?dir=DESC&mode=grid&order=name&limit=15&page=2" "Mozilla/5.0 (Windows NT 10.0; WOW64; Trident/7.0; rv:11.0) like Gecko"
80.122.222.62 - - [12/May/2020:10:54:59 +0200] "GET /loadthumbnail.php?id=12130660&width=113 HTTP/1.1" 200 9098 "http://renault.activities.at/10260250?dir=DESC&mode=grid&order=name&limit=15&page=2" "Mozilla/5.0 (Windows NT 10.0; WOW64; Trident/7.0; rv:11.0) like Gecko"
80.122.222.62 - - [12/May/2020:10:54:59 +0200] "GET /loadthumbnail.php?id=11146700&width=113 HTTP/1.1" 200 1415 "http://renault.activities.at/10260250?dir=DESC&mode=grid&order=name&limit=15&page=2" "Mozilla/5.0 (Windows NT 10.0; WOW64; Trident/7.0; rv:11.0) like Gecko"
80.122.222.62 - - [12/May/2020:10:54:59 +0200] "GET /loadthumbnail.php?id=11532883&width=113 HTTP/1.1" 200 35124 "http://renault.activities.at/10260250?dir=DESC&mode=grid&order=name&limit=15&page=2" "Mozilla/5.0 (Windows NT 10.0; WOW64; Trident/7.0; rv:11.0) like Gecko"
80.122.222.62 - - [12/May/2020:10:54:59 +0200] "GET /loadthumbnail.php?id=11108158&width=113 HTTP/1.1" 200 1545 "http://renault.activities.at/10260250?dir=DESC&mode=grid&order=name&limit=15&page=2" "Mozilla/5.0 (Windows NT 10.0; WOW64; Trident/7.0; rv:11.0) like Gecko"
80.122.222.62 - - [12/May/2020:10:54:59 +0200] "GET /loadthumbnail.php?id=11721290&width=113 HTTP/1.1" 200 1179 "http://renault.activities.at/10260250?dir=DESC&mode=grid&order=name&limit=15&page=2" "Mozilla/5.0 (Windows NT 10.0; WOW64; Trident/7.0; rv:11.0) like Gecko"
80.122.222.62 - - [12/May/2020:10:55:14 +0200] "GET /10260250?dir=DESC&mode=grid&order=name&limit=15&page=3 HTTP/1.1" 200 8890 "http://renault.activities.at/10260250?dir=DESC&mode=grid&order=name&limit=15&page=2" "Mozilla/5.0 (Windows NT 10.0; WOW64; Trident/7.0; rv:11.0) like Gecko"
80.122.222.62 - - [12/May/2020:10:55:17 +0200] "GET /loadthumbnail.php?id=11308855&width=113 HTTP/1.1" 200 4521 "http://renault.activities.at/10260250?dir=DESC&mode=grid&order=name&limit=15&page=3" "Mozilla/5.0 (Windows NT 10.0; WOW64; Trident/7.0; rv:11.0) like Gecko"
80.122.222.62 - - [12/May/2020:10:55:17 +0200] "GET /loadthumbnail.php?id=12088443&width=113 HTTP/1.1" 200 7201 "http://renault.activities.at/10260250?dir=DESC&mode=grid&order=name&limit=15&page=3" "Mozilla/5.0 (Windows NT 10.0; WOW64; Trident/7.0; rv:11.0) like Gecko"
80.122.222.62 - - [12/May/2020:10:55:17 +0200] "GET /loadthumbnail.php?id=12094811&width=113 HTTP/1.1" 200 27912 "http://renault.activities.at/10260250?dir=DESC&mode=grid&order=name&limit=15&page=3" "Mozilla/5.0 (Windows NT 10.0; WOW64; Trident/7.0; rv:11.0) like Gecko"
80.122.222.62 - - [12/May/2020:10:55:17 +0200] "GET /loadthumbnail.php?id=11270805&width=113 HTTP/1.1" 200 5169 "http://renault.activities.at/10260250?dir=DESC&mode=grid&order=name&limit=15&page=3" "Mozilla/5.0 (Windows NT 10.0; WOW64; Trident/7.0; rv:11.0) like Gecko"
80.122.222.62 - - [12/May/2020:10:55:17 +0200] "GET /loadthumbnail.php?id=12051174&width=113 HTTP/1.1" 200 2873 "http://renault.activities.at/10260250?dir=DESC&mode=grid&order=name&limit=15&page=3" "Mozilla/5.0 (Windows NT 10.0; WOW64; Trident/7.0; rv:11.0) like Gecko"
80.122.222.62 - - [12/May/2020:10:55:17 +0200] "GET /loadthumbnail.php?id=11094463&width=113 HTTP/1.1" 200 2237 "http://renault.activities.at/10260250?dir=DESC&mode=grid&order=name&limit=15&page=3" "Mozilla/5.0 (Windows NT 10.0; WOW64; Trident/7.0; rv:11.0) like Gecko"
80.122.222.62 - - [12/May/2020:10:55:18 +0200] "GET /loadthumbnail.php?id=12010045&width=113 HTTP/1.1" 200 22094 "http://renault.activities.at/10260250?dir=DESC&mode=grid&order=name&limit=15&page=3" "Mozilla/5.0 (Windows NT 10.0; WOW64; Trident/7.0; rv:11.0) like Gecko"
80.122.222.62 - - [12/May/2020:10:55:18 +0200] "GET /loadthumbnail.php?id=12025504&width=113 HTTP/1.1" 200 19297 "http://renault.activities.at/10260250?dir=DESC&mode=grid&order=name&limit=15&page=3" "Mozilla/5.0 (Windows NT 10.0; WOW64; Trident/7.0; rv:11.0) like Gecko"
80.122.222.62 - - [12/May/2020:10:55:18 +0200] "GET /loadthumbnail.php?id=11500416&width=113 HTTP/1.1" 200 21073 "http://renault.activities.at/10260250?dir=DESC&mode=grid&order=name&limit=15&page=3" "Mozilla/5.0 (Windows NT 10.0; WOW64; Trident/7.0; rv:11.0) like Gecko"
80.122.222.62 - - [12/May/2020:10:55:18 +0200] "GET /loadthumbnail.php?id=11500398&width=113 HTTP/1.1" 200 21704 "http://renault.activities.at/10260250?dir=DESC&mode=grid&order=name&limit=15&page=3" "Mozilla/5.0 (Windows NT 10.0; WOW64; Trident/7.0; rv:11.0) like Gecko"
80.122.222.62 - - [12/May/2020:10:55:18 +0200] "GET /loadthumbnail.php?id=11693093&width=113 HTTP/1.1" 200 6219 "http://renault.activities.at/10260250?dir=DESC&mode=grid&order=name&limit=15&page=3" "Mozilla/5.0 (Windows NT 10.0; WOW64; Trident/7.0; rv:11.0) like Gecko"
80.122.222.62 - - [12/May/2020:10:55:18 +0200] "GET /loadthumbnail.php?id=11504934&width=113 HTTP/1.1" 200 34212 "http://renault.activities.at/10260250?dir=DESC&mode=grid&order=name&limit=15&page=3" "Mozilla/5.0 (Windows NT 10.0; WOW64; Trident/7.0; rv:11.0) like Gecko"
80.122.222.62 - - [12/May/2020:10:55:18 +0200] "GET /loadthumbnail.php?id=10633817&width=113 HTTP/1.1" 200 2614 "http://renault.activities.at/10260250?dir=DESC&mode=grid&order=name&limit=15&page=3" "Mozilla/5.0 (Windows NT 10.0; WOW64; Trident/7.0; rv:11.0) like Gecko"
80.122.222.62 - - [12/May/2020:10:55:18 +0200] "GET /loadthumbnail.php?id=11342066&width=113 HTTP/1.1" 200 28015 "http://renault.activities.at/10260250?dir=DESC&mode=grid&order=name&limit=15&page=3" "Mozilla/5.0 (Windows NT 10.0; WOW64; Trident/7.0; rv:11.0) like Gecko"
80.122.222.62 - - [12/May/2020:10:55:18 +0200] "GET /loadthumbnail.php?id=11089820&width=113 HTTP/1.1" 200 2212 "http://renault.activities.at/10260250?dir=DESC&mode=grid&order=name&limit=15&page=3" "Mozilla/5.0 (Windows NT 10.0; WOW64; Trident/7.0; rv:11.0) like Gecko"
83.219.165.34 - - [12/May/2020:10:55:26 +0200] "GET /reload?ser=1589273726709 HTTP/1.1" 200 28 "http://renault.activities.at/result?searchterm=true&search=captur+brosch%FCre" "Mozilla/5.0 (Windows NT 10.0; WOW64; Trident/7.0; MALC; rv:11.0) like Gecko"
80.122.221.194 - - [12/May/2020:10:55:35 +0200] "GET /reload?ser=1589273735414 HTTP/1.1" 200 28 "http://renault.activities.at/cart" "Mozilla/5.0 (Windows NT 10.0; Win64; x64) AppleWebKit/537.36 (KHTML, like Gecko) Chrome/70.0.3538.102 Safari/537.36 Edge/18.18363"
212.152.246.129 - - [12/May/2020:10:55:38 +0200] "GET /reload?ser=1589273738558 HTTP/1.1" 200 28 "http://renault.activities.at/success" "Mozilla/5.0 (Windows NT 10.0; WOW64; Trident/7.0; rv:11.0) like Gecko"
91.112.65.210 - - [12/May/2020:10:55:46 +0200] "GET /reload?ser=1589273746175 HTTP/1.1" 200 28 "http://renault.activities.at/success" "Mozilla/5.0 (Windows NT 10.0; WOW64; Trident/7.0; rv:11.0) like Gecko"
138.21.12.28 - - [12/May/2020:10:55:50 +0200] "GET /reload?ser=1589273750395 HTTP/1.1" 200 28 "http://renault.2web.at/account" "Mozilla/5.0 (Windows NT 10.0; WOW64; Trident/7.0; Touch; rv:11.0) like Gecko"
80.122.222.62 - - [12/May/2020:10:55:51 +0200] "GET /10260250?dir=DESC&mode=grid&order=name&limit=15&page=2 HTTP/1.1" 200 8882 "http://renault.activities.at/10260250" "Mozilla/5.0 (Windows NT 10.0; WOW64; Trident/7.0; rv:11.0) like Gecko"
80.122.222.62 - - [12/May/2020:10:55:53 +0200] "GET /10260250 HTTP/1.1" 200 8814 "http://renault.activities.at/10201442" "Mozilla/5.0 (Windows NT 10.0; WOW64; Trident/7.0; rv:11.0) like Gecko"
80.122.222.62 - - [12/May/2020:10:55:58 +0200] "GET /10201442 HTTP/1.1" 200 8659 "http://renault.activities.at/10201442" "Mozilla/5.0 (Windows NT 10.0; WOW64; Trident/7.0; rv:11.0) like Gecko"
80.122.222.62 - - [12/May/2020:10:56:07 +0200] "GET /10201442?cat=10201634 HTTP/1.1" 200 8759 "http://renault.activities.at/10201442" "Mozilla/5.0 (Windows NT 10.0; WOW64; Trident/7.0; rv:11.0) like Gecko"
80.122.222.62 - - [12/May/2020:10:56:11 +0200] "GET /loadthumbnail.php?id=10201939&width=15&height=15 HTTP/1.1" 200 201 "http://renault.activities.at/10201442?cat=10201634" "Mozilla/5.0 (Windows NT 10.0; WOW64; Trident/7.0; rv:11.0) like Gecko"
83.219.165.34 - - [12/May/2020:10:56:27 +0200] "GET /reload?ser=1589273787673 HTTP/1.1" 200 28 "http://renault.activities.at/result?searchterm=true&search=captur+brosch%FCre" "Mozilla/5.0 (Windows NT 10.0; WOW64; Trident/7.0; MALC; rv:11.0) like Gecko"
80.122.222.62 - - [12/May/2020:10:56:28 +0200] "GET /10201442 HTTP/1.1" 200 8659 "http://renault.activities.at/10201442" "Mozilla/5.0 (Windows NT 10.0; WOW64; Trident/7.0; rv:11.0) like Gecko"
80.122.221.194 - - [12/May/2020:10:56:36 +0200] "GET /reload?ser=1589273796406 HTTP/1.1" 200 28 "http://renault.activities.at/cart" "Mozilla/5.0 (Windows NT 10.0; Win64; x64) AppleWebKit/537.36 (KHTML, like Gecko) Chrome/70.0.3538.102 Safari/537.36 Edge/18.18363"
80.122.222.62 - - [12/May/2020:10:56:36 +0200] "GET /10201442?cat=10260003 HTTP/1.1" 200 9058 "http://renault.activities.at/10201442" "Mozilla/5.0 (Windows NT 10.0; WOW64; Trident/7.0; rv:11.0) like Gecko"
80.122.222.62 - - [12/May/2020:10:56:40 +0200] "GET /loadthumbnail.php?id=10203650&width=113 HTTP/1.1" 200 2741 "http://renault.activities.at/10201442?cat=10260003" "Mozilla/5.0 (Windows NT 10.0; WOW64; Trident/7.0; rv:11.0) like Gecko"
80.122.222.62 - - [12/May/2020:10:56:40 +0200] "GET /loadthumbnail.php?id=11075492&width=113 HTTP/1.1" 200 2349 "http://renault.activities.at/10201442?cat=10260003" "Mozilla/5.0 (Windows NT 10.0; WOW64; Trident/7.0; rv:11.0) like Gecko"
80.122.222.62 - - [12/May/2020:10:56:40 +0200] "GET /loadthumbnail.php?id=10260877&width=113 HTTP/1.1" 200 1170 "http://renault.activities.at/10201442?cat=10260003" "Mozilla/5.0 (Windows NT 10.0; WOW64; Trident/7.0; rv:11.0) like Gecko"
80.122.222.62 - - [12/May/2020:10:56:40 +0200] "GET /loadthumbnail.php?id=10746885&width=113 HTTP/1.1" 200 3633 "http://renault.activities.at/10201442?cat=10260003" "Mozilla/5.0 (Windows NT 10.0; WOW64; Trident/7.0; rv:11.0) like Gecko"
80.122.222.62 - - [12/May/2020:10:56:40 +0200] "GET /loadthumbnail.php?id=11036127&width=113 HTTP/1.1" 200 1099 "http://renault.activities.at/10201442?cat=10260003" "Mozilla/5.0 (Windows NT 10.0; WOW64; Trident/7.0; rv:11.0) like Gecko"
80.122.222.62 - - [12/May/2020:10:56:40 +0200] "GET /loadthumbnail.php?id=10958231&width=113 HTTP/1.1" 200 26171 "http://renault.activities.at/10201442?cat=10260003" "Mozilla/5.0 (Windows NT 10.0; WOW64; Trident/7.0; rv:11.0) like Gecko"
212.152.246.129 - - [12/May/2020:10:56:39 +0200] "GET /reload?ser=1589273799729 HTTP/1.1" 200 28 "http://renault.activities.at/success" "Mozilla/5.0 (Windows NT 10.0; WOW64; Trident/7.0; rv:11.0) like Gecko"
80.122.222.62 - - [12/May/2020:10:56:40 +0200] "GET /loadthumbnail.php?id=11036339&width=113 HTTP/1.1" 200 1330 "http://renault.activities.at/10201442?cat=10260003" "Mozilla/5.0 (Windows NT 10.0; WOW64; Trident/7.0; rv:11.0) like Gecko"
80.122.222.62 - - [12/May/2020:10:56:40 +0200] "GET /loadthumbnail.php?id=11255648&width=113 HTTP/1.1" 200 1285 "http://renault.activities.at/10201442?cat=10260003" "Mozilla/5.0 (Windows NT 10.0; WOW64; Trident/7.0; rv:11.0) like Gecko"
80.122.222.62 - - [12/May/2020:10:56:40 +0200] "GET /loadthumbnail.php?id=10260863&width=113 HTTP/1.1" 200 1170 "http://renault.activities.at/10201442?cat=10260003" "Mozilla/5.0 (Windows NT 10.0; WOW64; Trident/7.0; rv:11.0) like Gecko"
91.112.65.210 - - [12/May/2020:10:56:47 +0200] "GET /reload?ser=1589273807138 HTTP/1.1" 200 28 "http://renault.activities.at/success" "Mozilla/5.0 (Windows NT 10.0; WOW64; Trident/7.0; rv:11.0) like Gecko"
138.21.12.28 - - [12/May/2020:10:56:51 +0200] "GET /reload?ser=1589273811423 HTTP/1.1" 200 28 "http://renault.2web.at/account" "Mozilla/5.0 (Windows NT 10.0; WOW64; Trident/7.0; Touch; rv:11.0) like Gecko"
80.122.222.62 - - [12/May/2020:10:56:49 +0200] "GET /10201442?dir=DESC&mode=grid&order=name&limit=15&page=2&cat=10260003 HTTP/1.1" 200 8844 "http://renault.activities.at/10201442?cat=10260003" "Mozilla/5.0 (Windows NT 10.0; WOW64; Trident/7.0; rv:11.0) like Gecko"
80.122.222.62 - - [12/May/2020:10:56:53 +0200] "GET /loadthumbnail.php?id=11036124&width=113 HTTP/1.1" 200 1328 "http://renault.activities.at/10201442?dir=DESC&mode=grid&order=name&limit=15&page=2&cat=10260003" "Mozilla/5.0 (Windows NT 10.0; WOW64; Trident/7.0; rv:11.0) like Gecko"
80.122.222.62 - - [12/May/2020:10:56:53 +0200] "GET /loadthumbnail.php?id=10260861&width=113 HTTP/1.1" 200 1170 "http://renault.activities.at/10201442?dir=DESC&mode=grid&order=name&limit=15&page=2&cat=10260003" "Mozilla/5.0 (Windows NT 10.0; WOW64; Trident/7.0; rv:11.0) like Gecko"
80.122.222.62 - - [12/May/2020:10:56:53 +0200] "GET /loadthumbnail.php?id=11885850&width=113 HTTP/1.1" 200 1552 "http://renault.activities.at/10201442?dir=DESC&mode=grid&order=name&limit=15&page=2&cat=10260003" "Mozilla/5.0 (Windows NT 10.0; WOW64; Trident/7.0; rv:11.0) like Gecko"
80.122.222.62 - - [12/May/2020:10:56:53 +0200] "GET /loadthumbnail.php?id=10260875&width=113 HTTP/1.1" 200 1170 "http://renault.activities.at/10201442?dir=DESC&mode=grid&order=name&limit=15&page=2&cat=10260003" "Mozilla/5.0 (Windows NT 10.0; WOW64; Trident/7.0; rv:11.0) like Gecko"
80.122.222.62 - - [12/May/2020:10:56:53 +0200] "GET /loadthumbnail.php?id=11885851&width=113 HTTP/1.1" 200 1576 "http://renault.activities.at/10201442?dir=DESC&mode=grid&order=name&limit=15&page=2&cat=10260003" "Mozilla/5.0 (Windows NT 10.0; WOW64; Trident/7.0; rv:11.0) like Gecko"
80.122.222.62 - - [12/May/2020:10:56:53 +0200] "GET /loadthumbnail.php?id=11036126&width=113 HTTP/1.1" 200 1377 "http://renault.activities.at/10201442?dir=DESC&mode=grid&order=name&limit=15&page=2&cat=10260003" "Mozilla/5.0 (Windows NT 10.0; WOW64; Trident/7.0; rv:11.0) like Gecko"
80.122.222.62 - - [12/May/2020:10:56:53 +0200] "GET /loadthumbnail.php?id=10915886&width=113 HTTP/1.1" 200 1376 "http://renault.activities.at/10201442?dir=DESC&mode=grid&order=name&limit=15&page=2&cat=10260003" "Mozilla/5.0 (Windows NT 10.0; WOW64; Trident/7.0; rv:11.0) like Gecko"
80.122.222.62 - - [12/May/2020:10:56:53 +0200] "GET /loadthumbnail.php?id=10915652&width=113 HTTP/1.1" 200 1387 "http://renault.activities.at/10201442?dir=DESC&mode=grid&order=name&limit=15&page=2&cat=10260003" "Mozilla/5.0 (Windows NT 10.0; WOW64; Trident/7.0; rv:11.0) like Gecko"
80.122.222.62 - - [12/May/2020:10:56:53 +0200] "GET /loadthumbnail.php?id=10260890&width=113 HTTP/1.1" 200 1170 "http://renault.activities.at/10201442?dir=DESC&mode=grid&order=name&limit=15&page=2&cat=10260003" "Mozilla/5.0 (Windows NT 10.0; WOW64; Trident/7.0; rv:11.0) like Gecko"
80.122.222.62 - - [12/May/2020:10:56:53 +0200] "GET /loadthumbnail.php?id=10919466&width=113 HTTP/1.1" 200 1477 "http://renault.activities.at/10201442?dir=DESC&mode=grid&order=name&limit=15&page=2&cat=10260003" "Mozilla/5.0 (Windows NT 10.0; WOW64; Trident/7.0; rv:11.0) like Gecko"
80.122.222.62 - - [12/May/2020:10:56:53 +0200] "GET /loadthumbnail.php?id=11243081&width=113 HTTP/1.1" 200 1218 "http://renault.activities.at/10201442?dir=DESC&mode=grid&order=name&limit=15&page=2&cat=10260003" "Mozilla/5.0 (Windows NT 10.0; WOW64; Trident/7.0; rv:11.0) like Gecko"
80.122.222.62 - - [12/May/2020:10:56:58 +0200] "GET /10201442?cat=10260003 HTTP/1.1" 200 9058 "http://renault.activities.at/10201442" "Mozilla/5.0 (Windows NT 10.0; WOW64; Trident/7.0; rv:11.0) like Gecko"
80.122.222.62 - - [12/May/2020:10:57:02 +0200] "GET /10201442 HTTP/1.1" 200 8659 "http://renault.activities.at/10201442" "Mozilla/5.0 (Windows NT 10.0; WOW64; Trident/7.0; rv:11.0) like Gecko"
80.122.222.62 - - [12/May/2020:10:57:07 +0200] "GET /10201442?cat=10201633 HTTP/1.1" 200 9106 "http://renault.activities.at/10201442" "Mozilla/5.0 (Windows NT 10.0; WOW64; Trident/7.0; rv:11.0) like Gecko"
80.122.222.62 - - [12/May/2020:10:57:11 +0200] "GET /loadthumbnail.php?id=11194750&width=113 HTTP/1.1" 200 2347 "http://renault.activities.at/10201442?cat=10201633" "Mozilla/5.0 (Windows NT 10.0; WOW64; Trident/7.0; rv:11.0) like Gecko"
80.122.222.62 - - [12/May/2020:10:57:11 +0200] "GET /loadthumbnail.php?id=11121996&width=113 HTTP/1.1" 200 2215 "http://renault.activities.at/10201442?cat=10201633" "Mozilla/5.0 (Windows NT 10.0; WOW64; Trident/7.0; rv:11.0) like Gecko"
80.122.222.62 - - [12/May/2020:10:57:11 +0200] "GET /loadthumbnail.php?id=10460287&width=113 HTTP/1.1" 200 2135 "http://renault.activities.at/10201442?cat=10201633" "Mozilla/5.0 (Windows NT 10.0; WOW64; Trident/7.0; rv:11.0) like Gecko"
80.122.222.62 - - [12/May/2020:10:57:11 +0200] "GET /loadthumbnail.php?id=11431080&width=113 HTTP/1.1" 200 3991 "http://renault.activities.at/10201442?cat=10201633" "Mozilla/5.0 (Windows NT 10.0; WOW64; Trident/7.0; rv:11.0) like Gecko"
80.122.222.62 - - [12/May/2020:10:57:11 +0200] "GET /loadthumbnail.php?id=11434114&width=113 HTTP/1.1" 200 4564 "http://renault.activities.at/10201442?cat=10201633" "Mozilla/5.0 (Windows NT 10.0; WOW64; Trident/7.0; rv:11.0) like Gecko"
80.122.222.62 - - [12/May/2020:10:57:27 +0200] "GET /10201442 HTTP/1.1" 200 8659 "http://renault.activities.at/10201442" "Mozilla/5.0 (Windows NT 10.0; WOW64; Trident/7.0; rv:11.0) like Gecko"
83.219.165.34 - - [12/May/2020:10:57:28 +0200] "GET /reload?ser=1589273848634 HTTP/1.1" 200 28 "http://renault.activities.at/result?searchterm=true&search=captur+brosch%FCre" "Mozilla/5.0 (Windows NT 10.0; WOW64; Trident/7.0; MALC; rv:11.0) like Gecko"
80.122.221.194 - - [12/May/2020:10:57:37 +0200] "GET /reload?ser=1589273857407 HTTP/1.1" 200 28 "http://renault.activities.at/cart" "Mozilla/5.0 (Windows NT 10.0; Win64; x64) AppleWebKit/537.36 (KHTML, like Gecko) Chrome/70.0.3538.102 Safari/537.36 Edge/18.18363"
212.152.246.129 - - [12/May/2020:10:57:40 +0200] "GET /reload?ser=1589273860777 HTTP/1.1" 200 28 "http://renault.activities.at/success" "Mozilla/5.0 (Windows NT 10.0; WOW64; Trident/7.0; rv:11.0) like Gecko"
91.112.65.210 - - [12/May/2020:10:57:48 +0200] "GET /reload?ser=1589273868064 HTTP/1.1" 200 28 "http://renault.activities.at/success" "Mozilla/5.0 (Windows NT 10.0; WOW64; Trident/7.0; rv:11.0) like Gecko"
138.21.12.28 - - [12/May/2020:10:57:52 +0200] "GET /reload?ser=1589273872445 HTTP/1.1" 200 28 "http://renault.2web.at/account" "Mozilla/5.0 (Windows NT 10.0; WOW64; Trident/7.0; Touch; rv:11.0) like Gecko"
80.122.222.62 - - [12/May/2020:10:57:50 +0200] "GET /10201442?cat=10260004 HTTP/1.1" 200 7367 "http://renault.activities.at/10201442" "Mozilla/5.0 (Windows NT 10.0; WOW64; Trident/7.0; rv:11.0) like Gecko"
80.122.222.62 - - [12/May/2020:10:57:53 +0200] "GET /loadthumbnail.php?id=10562347&width=113 HTTP/1.1" 200 4993 "http://renault.activities.at/10201442?cat=10260004" "Mozilla/5.0 (Windows NT 10.0; WOW64; Trident/7.0; rv:11.0) like Gecko"
80.122.222.62 - - [12/May/2020:10:57:53 +0200] "GET /loadthumbnail.php?id=10562346&width=113 HTTP/1.1" 200 5314 "http://renault.activities.at/10201442?cat=10260004" "Mozilla/5.0 (Windows NT 10.0; WOW64; Trident/7.0; rv:11.0) like Gecko"
80.122.222.62 - - [12/May/2020:10:57:58 +0200] "GET /10201442 HTTP/1.1" 200 8659 "http://renault.activities.at/10201442" "Mozilla/5.0 (Windows NT 10.0; WOW64; Trident/7.0; rv:11.0) like Gecko"
80.122.222.62 - - [12/May/2020:10:58:01 +0200] "GET /10201442?cat=10260003 HTTP/1.1" 200 9058 "http://renault.activities.at/10201442" "Mozilla/5.0 (Windows NT 10.0; WOW64; Trident/7.0; rv:11.0) like Gecko"
80.122.222.62 - - [12/May/2020:10:58:10 +0200] "GET /10201442 HTTP/1.1" 200 8659 "http://renault.activities.at/10201442" "Mozilla/5.0 (Windows NT 10.0; WOW64; Trident/7.0; rv:11.0) like Gecko"
80.122.222.62 - - [12/May/2020:10:58:15 +0200] "GET /10201442?cat=10201637 HTTP/1.1" 200 8763 "http://renault.activities.at/10201442" "Mozilla/5.0 (Windows NT 10.0; WOW64; Trident/7.0; rv:11.0) like Gecko"
80.122.222.62 - - [12/May/2020:10:58:18 +0200] "GET /loadthumbnail.php?id=11967857&width=113 HTTP/1.1" 200 2260 "http://renault.activities.at/10201442?cat=10201637" "Mozilla/5.0 (Windows NT 10.0; WOW64; Trident/7.0; rv:11.0) like Gecko"
80.122.222.62 - - [12/May/2020:10:58:18 +0200] "GET /loadthumbnail.php?id=11760052&width=113 HTTP/1.1" 200 1991 "http://renault.activities.at/10201442?cat=10201637" "Mozilla/5.0 (Windows NT 10.0; WOW64; Trident/7.0; rv:11.0) like Gecko"
80.122.222.62 - - [12/May/2020:10:58:18 +0200] "GET /loadthumbnail.php?id=12198625&width=113 HTTP/1.1" 200 1975 "http://renault.activities.at/10201442?cat=10201637" "Mozilla/5.0 (Windows NT 10.0; WOW64; Trident/7.0; rv:11.0) like Gecko"
80.122.222.62 - - [12/May/2020:10:58:18 +0200] "GET /loadthumbnail.php?id=12198633&width=113 HTTP/1.1" 200 1975 "http://renault.activities.at/10201442?cat=10201637" "Mozilla/5.0 (Windows NT 10.0; WOW64; Trident/7.0; rv:11.0) like Gecko"
80.122.222.62 - - [12/May/2020:10:58:18 +0200] "GET /loadthumbnail.php?id=11181189&width=113 HTTP/1.1" 200 1888 "http://renault.activities.at/10201442?cat=10201637" "Mozilla/5.0 (Windows NT 10.0; WOW64; Trident/7.0; rv:11.0) like Gecko"
80.122.222.62 - - [12/May/2020:10:58:18 +0200] "GET /loadthumbnail.php?id=12198629&width=113 HTTP/1.1" 200 1975 "http://renault.activities.at/10201442?cat=10201637" "Mozilla/5.0 (Windows NT 10.0; WOW64; Trident/7.0; rv:11.0) like Gecko"
80.122.222.62 - - [12/May/2020:10:58:18 +0200] "GET /loadthumbnail.php?id=11181180&width=113 HTTP/1.1" 200 1834 "http://renault.activities.at/10201442?cat=10201637" "Mozilla/5.0 (Windows NT 10.0; WOW64; Trident/7.0; rv:11.0) like Gecko"
80.122.222.62 - - [12/May/2020:10:58:18 +0200] "GET /loadthumbnail.php?id=11181185&width=113 HTTP/1.1" 200 1532 "http://renault.activities.at/10201442?cat=10201637" "Mozilla/5.0 (Windows NT 10.0; WOW64; Trident/7.0; rv:11.0) like Gecko"
80.122.222.62 - - [12/May/2020:10:58:18 +0200] "GET /loadthumbnail.php?id=11181187&width=113 HTTP/1.1" 200 1532 "http://renault.activities.at/10201442?cat=10201637" "Mozilla/5.0 (Windows NT 10.0; WOW64; Trident/7.0; rv:11.0) like Gecko"
80.122.222.62 - - [12/May/2020:10:58:18 +0200] "GET /loadthumbnail.php?id=11181178&width=113 HTTP/1.1" 200 1834 "http://renault.activities.at/10201442?cat=10201637" "Mozilla/5.0 (Windows NT 10.0; WOW64; Trident/7.0; rv:11.0) like Gecko"
80.122.222.62 - - [12/May/2020:10:58:18 +0200] "GET /loadthumbnail.php?id=11186502&width=113 HTTP/1.1" 200 2016 "http://renault.activities.at/10201442?cat=10201637" "Mozilla/5.0 (Windows NT 10.0; WOW64; Trident/7.0; rv:11.0) like Gecko"
80.122.222.62 - - [12/May/2020:10:58:25 +0200] "GET /10201442?dir=DESC&mode=grid&order=name&limit=15&page=2&cat=10201637 HTTP/1.1" 200 8773 "http://renault.activities.at/10201442?cat=10201637" "Mozilla/5.0 (Windows NT 10.0; WOW64; Trident/7.0; rv:11.0) like Gecko"
80.122.222.62 - - [12/May/2020:10:58:28 +0200] "GET /loadthumbnail.php?id=11195848&width=113 HTTP/1.1" 200 2016 "http://renault.activities.at/10201442?dir=DESC&mode=grid&order=name&limit=15&page=2&cat=10201637" "Mozilla/5.0 (Windows NT 10.0; WOW64; Trident/7.0; rv:11.0) like Gecko"
80.122.222.62 - - [12/May/2020:10:58:28 +0200] "GET /loadthumbnail.php?id=11186498&width=113 HTTP/1.1" 200 2016 "http://renault.activities.at/10201442?dir=DESC&mode=grid&order=name&limit=15&page=2&cat=10201637" "Mozilla/5.0 (Windows NT 10.0; WOW64; Trident/7.0; rv:11.0) like Gecko"
80.122.222.62 - - [12/May/2020:10:58:28 +0200] "GET /loadthumbnail.php?id=11186518&width=113 HTTP/1.1" 200 1516 "http://renault.activities.at/10201442?dir=DESC&mode=grid&order=name&limit=15&page=2&cat=10201637" "Mozilla/5.0 (Windows NT 10.0; WOW64; Trident/7.0; rv:11.0) like Gecko"
80.122.222.62 - - [12/May/2020:10:58:28 +0200] "GET /loadthumbnail.php?id=11186505&width=113 HTTP/1.1" 200 1516 "http://renault.activities.at/10201442?dir=DESC&mode=grid&order=name&limit=15&page=2&cat=10201637" "Mozilla/5.0 (Windows NT 10.0; WOW64; Trident/7.0; rv:11.0) like Gecko"
80.122.222.62 - - [12/May/2020:10:58:28 +0200] "GET /loadthumbnail.php?id=11183285&width=113 HTTP/1.1" 200 1898 "http://renault.activities.at/10201442?dir=DESC&mode=grid&order=name&limit=15&page=2&cat=10201637" "Mozilla/5.0 (Windows NT 10.0; WOW64; Trident/7.0; rv:11.0) like Gecko"
80.122.222.62 - - [12/May/2020:10:58:28 +0200] "GET /loadthumbnail.php?id=11137061&width=113 HTTP/1.1" 200 2095 "http://renault.activities.at/10201442?dir=DESC&mode=grid&order=name&limit=15&page=2&cat=10201637" "Mozilla/5.0 (Windows NT 10.0; WOW64; Trident/7.0; rv:11.0) like Gecko"
80.122.222.62 - - [12/May/2020:10:58:29 +0200] "GET /loadthumbnail.php?id=11339764&width=113 HTTP/1.1" 200 2128 "http://renault.activities.at/10201442?dir=DESC&mode=grid&order=name&limit=15&page=2&cat=10201637" "Mozilla/5.0 (Windows NT 10.0; WOW64; Trident/7.0; rv:11.0) like Gecko"
80.122.222.62 - - [12/May/2020:10:58:29 +0200] "GET /loadthumbnail.php?id=11181207&width=113 HTTP/1.1" 200 1279 "http://renault.activities.at/10201442?dir=DESC&mode=grid&order=name&limit=15&page=2&cat=10201637" "Mozilla/5.0 (Windows NT 10.0; WOW64; Trident/7.0; rv:11.0) like Gecko"
80.122.222.62 - - [12/May/2020:10:58:29 +0200] "GET /loadthumbnail.php?id=11195908&width=113 HTTP/1.1" 200 1279 "http://renault.activities.at/10201442?dir=DESC&mode=grid&order=name&limit=15&page=2&cat=10201637" "Mozilla/5.0 (Windows NT 10.0; WOW64; Trident/7.0; rv:11.0) like Gecko"
80.122.222.62 - - [12/May/2020:10:58:29 +0200] "GET /loadthumbnail.php?id=11181227&width=113 HTTP/1.1" 200 1322 "http://renault.activities.at/10201442?dir=DESC&mode=grid&order=name&limit=15&page=2&cat=10201637" "Mozilla/5.0 (Windows NT 10.0; WOW64; Trident/7.0; rv:11.0) like Gecko"
80.122.222.62 - - [12/May/2020:10:58:29 +0200] "GET /loadthumbnail.php?id=11339768&width=113 HTTP/1.1" 200 2128 "http://renault.activities.at/10201442?dir=DESC&mode=grid&order=name&limit=15&page=2&cat=10201637" "Mozilla/5.0 (Windows NT 10.0; WOW64; Trident/7.0; rv:11.0) like Gecko"
80.122.222.62 - - [12/May/2020:10:58:29 +0200] "GET /loadthumbnail.php?id=11181201&width=113 HTTP/1.1" 200 1279 "http://renault.activities.at/10201442?dir=DESC&mode=grid&order=name&limit=15&page=2&cat=10201637" "Mozilla/5.0 (Windows NT 10.0; WOW64; Trident/7.0; rv:11.0) like Gecko"
80.122.222.62 - - [12/May/2020:10:58:29 +0200] "GET /loadthumbnail.php?id=11194725&width=113 HTTP/1.1" 200 1322 "http://renault.activities.at/10201442?dir=DESC&mode=grid&order=name&limit=15&page=2&cat=10201637" "Mozilla/5.0 (Windows NT 10.0; WOW64; Trident/7.0; rv:11.0) like Gecko"
83.219.165.34 - - [12/May/2020:10:58:29 +0200] "GET /reload?ser=1589273909572 HTTP/1.1" 200 28 "http://renault.activities.at/result?searchterm=true&search=captur+brosch%FCre" "Mozilla/5.0 (Windows NT 10.0; WOW64; Trident/7.0; MALC; rv:11.0) like Gecko"
80.122.222.62 - - [12/May/2020:10:58:34 +0200] "GET /10201442?dir=DESC&mode=grid&order=name&limit=15&page=3&cat=10201637 HTTP/1.1" 200 8849 "http://renault.activities.at/10201442?dir=DESC&mode=grid&order=name&limit=15&page=2&cat=10201637" "Mozilla/5.0 (Windows NT 10.0; WOW64; Trident/7.0; rv:11.0) like Gecko"
80.122.222.62 - - [12/May/2020:10:58:37 +0200] "GET /loadthumbnail.php?id=11181225&width=113 HTTP/1.1" 200 1322 "http://renault.activities.at/10201442?dir=DESC&mode=grid&order=name&limit=15&page=3&cat=10201637" "Mozilla/5.0 (Windows NT 10.0; WOW64; Trident/7.0; rv:11.0) like Gecko"
80.122.222.62 - - [12/May/2020:10:58:37 +0200] "GET /loadthumbnail.php?id=11181199&width=113 HTTP/1.1" 200 1829 "http://renault.activities.at/10201442?dir=DESC&mode=grid&order=name&limit=15&page=3&cat=10201637" "Mozilla/5.0 (Windows NT 10.0; WOW64; Trident/7.0; rv:11.0) like Gecko"
80.122.222.62 - - [12/May/2020:10:58:37 +0200] "GET /loadthumbnail.php?id=11308371&width=113 HTTP/1.1" 200 1939 "http://renault.activities.at/10201442?dir=DESC&mode=grid&order=name&limit=15&page=3&cat=10201637" "Mozilla/5.0 (Windows NT 10.0; WOW64; Trident/7.0; rv:11.0) like Gecko"
80.122.222.62 - - [12/May/2020:10:58:37 +0200] "GET /loadthumbnail.php?id=11194700&width=113 HTTP/1.1" 200 1829 "http://renault.activities.at/10201442?dir=DESC&mode=grid&order=name&limit=15&page=3&cat=10201637" "Mozilla/5.0 (Windows NT 10.0; WOW64; Trident/7.0; rv:11.0) like Gecko"
80.122.222.62 - - [12/May/2020:10:58:37 +0200] "GET /loadthumbnail.php?id=11181197&width=113 HTTP/1.1" 200 1829 "http://renault.activities.at/10201442?dir=DESC&mode=grid&order=name&limit=15&page=3&cat=10201637" "Mozilla/5.0 (Windows NT 10.0; WOW64; Trident/7.0; rv:11.0) like Gecko"
80.122.222.62 - - [12/May/2020:10:58:37 +0200] "GET /loadthumbnail.php?id=11308367&width=113 HTTP/1.1" 200 1939 "http://renault.activities.at/10201442?dir=DESC&mode=grid&order=name&limit=15&page=3&cat=10201637" "Mozilla/5.0 (Windows NT 10.0; WOW64; Trident/7.0; rv:11.0) like Gecko"
80.122.222.62 - - [12/May/2020:10:58:37 +0200] "GET /loadthumbnail.php?id=11186469&width=113 HTTP/1.1" 200 1278 "http://renault.activities.at/10201442?dir=DESC&mode=grid&order=name&limit=15&page=3&cat=10201637" "Mozilla/5.0 (Windows NT 10.0; WOW64; Trident/7.0; rv:11.0) like Gecko"
80.122.222.62 - - [12/May/2020:10:58:37 +0200] "GET /loadthumbnail.php?id=11186457&width=113 HTTP/1.1" 200 1278 "http://renault.activities.at/10201442?dir=DESC&mode=grid&order=name&limit=15&page=3&cat=10201637" "Mozilla/5.0 (Windows NT 10.0; WOW64; Trident/7.0; rv:11.0) like Gecko"
80.122.222.62 - - [12/May/2020:10:58:37 +0200] "GET /loadthumbnail.php?id=11181237&width=113 HTTP/1.1" 200 1156 "http://renault.activities.at/10201442?dir=DESC&mode=grid&order=name&limit=15&page=3&cat=10201637" "Mozilla/5.0 (Windows NT 10.0; WOW64; Trident/7.0; rv:11.0) like Gecko"
80.122.222.62 - - [12/May/2020:10:58:37 +0200] "GET /loadthumbnail.php?id=11195851&width=113 HTTP/1.1" 200 1156 "http://renault.activities.at/10201442?dir=DESC&mode=grid&order=name&limit=15&page=3&cat=10201637" "Mozilla/5.0 (Windows NT 10.0; WOW64; Trident/7.0; rv:11.0) like Gecko"
80.122.222.62 - - [12/May/2020:10:58:37 +0200] "GET /loadthumbnail.php?id=11181235&width=113 HTTP/1.1" 200 1156 "http://renault.activities.at/10201442?dir=DESC&mode=grid&order=name&limit=15&page=3&cat=10201637" "Mozilla/5.0 (Windows NT 10.0; WOW64; Trident/7.0; rv:11.0) like Gecko"
80.122.222.62 - - [12/May/2020:10:58:37 +0200] "GET /loadthumbnail.php?id=11194717&width=113 HTTP/1.1" 200 1278 "http://renault.activities.at/10201442?dir=DESC&mode=grid&order=name&limit=15&page=3&cat=10201637" "Mozilla/5.0 (Windows NT 10.0; WOW64; Trident/7.0; rv:11.0) like Gecko"
80.122.222.62 - - [12/May/2020:10:58:37 +0200] "GET /loadthumbnail.php?id=11186495&width=113 HTTP/1.1" 200 1974 "http://renault.activities.at/10201442?dir=DESC&mode=grid&order=name&limit=15&page=3&cat=10201637" "Mozilla/5.0 (Windows NT 10.0; WOW64; Trident/7.0; rv:11.0) like Gecko"
80.122.222.62 - - [12/May/2020:10:58:37 +0200] "GET /loadthumbnail.php?id=11186483&width=113 HTTP/1.1" 200 1974 "http://renault.activities.at/10201442?dir=DESC&mode=grid&order=name&limit=15&page=3&cat=10201637" "Mozilla/5.0 (Windows NT 10.0; WOW64; Trident/7.0; rv:11.0) like Gecko"
80.122.221.194 - - [12/May/2020:10:58:38 +0200] "GET /reload?ser=1589273918417 HTTP/1.1" 200 28 "http://renault.activities.at/cart" "Mozilla/5.0 (Windows NT 10.0; Win64; x64) AppleWebKit/537.36 (KHTML, like Gecko) Chrome/70.0.3538.102 Safari/537.36 Edge/18.18363"
212.152.246.129 - - [12/May/2020:10:58:42 +0200] "GET /reload?ser=1589273921744 HTTP/1.1" 200 28 "http://renault.activities.at/success" "Mozilla/5.0 (Windows NT 10.0; WOW64; Trident/7.0; rv:11.0) like Gecko"
80.122.222.62 - - [12/May/2020:10:58:41 +0200] "GET /10201442?dir=DESC&mode=grid&order=name&limit=15&page=4&cat=10201637 HTTP/1.1" 200 8785 "http://renault.activities.at/10201442?dir=DESC&mode=grid&order=name&limit=15&page=3&cat=10201637" "Mozilla/5.0 (Windows NT 10.0; WOW64; Trident/7.0; rv:11.0) like Gecko"
80.122.222.62 - - [12/May/2020:10:58:44 +0200] "GET /loadthumbnail.php?id=11181233&width=113 HTTP/1.1" 200 1353 "http://renault.activities.at/10201442?dir=DESC&mode=grid&order=name&limit=15&page=4&cat=10201637" "Mozilla/5.0 (Windows NT 10.0; WOW64; Trident/7.0; rv:11.0) like Gecko"
80.122.222.62 - - [12/May/2020:10:58:45 +0200] "GET /loadthumbnail.php?id=12094698&width=113 HTTP/1.1" 200 1921 "http://renault.activities.at/10201442?dir=DESC&mode=grid&order=name&limit=15&page=4&cat=10201637" "Mozilla/5.0 (Windows NT 10.0; WOW64; Trident/7.0; rv:11.0) like Gecko"
80.122.222.62 - - [12/May/2020:10:58:45 +0200] "GET /loadthumbnail.php?id=11181219&width=113 HTTP/1.1" 200 2121 "http://renault.activities.at/10201442?dir=DESC&mode=grid&order=name&limit=15&page=4&cat=10201637" "Mozilla/5.0 (Windows NT 10.0; WOW64; Trident/7.0; rv:11.0) like Gecko"
80.122.222.62 - - [12/May/2020:10:58:45 +0200] "GET /loadthumbnail.php?id=11181230&width=113 HTTP/1.1" 200 1353 "http://renault.activities.at/10201442?dir=DESC&mode=grid&order=name&limit=15&page=4&cat=10201637" "Mozilla/5.0 (Windows NT 10.0; WOW64; Trident/7.0; rv:11.0) like Gecko"
80.122.222.62 - - [12/May/2020:10:58:45 +0200] "GET /loadthumbnail.php?id=12094699&width=113 HTTP/1.1" 200 1921 "http://renault.activities.at/10201442?dir=DESC&mode=grid&order=name&limit=15&page=4&cat=10201637" "Mozilla/5.0 (Windows NT 10.0; WOW64; Trident/7.0; rv:11.0) like Gecko"
80.122.222.62 - - [12/May/2020:10:58:45 +0200] "GET /loadthumbnail.php?id=11194732&width=113 HTTP/1.1" 200 1353 "http://renault.activities.at/10201442?dir=DESC&mode=grid&order=name&limit=15&page=4&cat=10201637" "Mozilla/5.0 (Windows NT 10.0; WOW64; Trident/7.0; rv:11.0) like Gecko"
