80.122.221.194 - - [12/May/2020:10:12:53 +0200] "GET /reload?ser=1589271173416 HTTP/1.1" 200 28 "http://renault.activities.at/cart" "Mozilla/5.0 (Windows NT 10.0; Win64; x64) AppleWebKit/537.36 (KHTML, like Gecko) Chrome/70.0.3538.102 Safari/537.36 Edge/18.18363"
91.112.65.210 - - [12/May/2020:10:13:06 +0200] "GET /reload?ser=1589271186260 HTTP/1.1" 200 28 "http://renault.activities.at/success" "Mozilla/5.0 (Windows NT 10.0; WOW64; Trident/7.0; rv:11.0) like Gecko"
138.21.12.28 - - [12/May/2020:10:13:06 +0200] "GET /reload?ser=1589271186664 HTTP/1.1" 200 28 "http://renault.2web.at/account" "Mozilla/5.0 (Windows NT 10.0; WOW64; Trident/7.0; Touch; rv:11.0) like Gecko"
83.219.165.34 - - [12/May/2020:10:13:46 +0200] "GET /reload?ser=1589271226946 HTTP/1.1" 200 28 "http://renault.activities.at/result?searchterm=true&search=captur+brosch%FCre" "Mozilla/5.0 (Windows NT 10.0; WOW64; Trident/7.0; MALC; rv:11.0) like Gecko"
212.152.246.129 - - [12/May/2020:10:13:51 +0200] "GET /reload?ser=1589271231766 HTTP/1.1" 200 28 "http://renault.activities.at/result?searchterm=true&search=stift" "Mozilla/5.0 (Windows NT 10.0; WOW64; Trident/7.0; rv:11.0) like Gecko"
80.122.221.194 - - [12/May/2020:10:13:54 +0200] "GET /reload?ser=1589271234410 HTTP/1.1" 200 28 "http://renault.activities.at/cart" "Mozilla/5.0 (Windows NT 10.0; Win64; x64) AppleWebKit/537.36 (KHTML, like Gecko) Chrome/70.0.3538.102 Safari/537.36 Edge/18.18363"
91.112.65.210 - - [12/May/2020:10:14:07 +0200] "GET /reload?ser=1589271247201 HTTP/1.1" 200 28 "http://renault.activities.at/success" "Mozilla/5.0 (Windows NT 10.0; WOW64; Trident/7.0; rv:11.0) like Gecko"
138.21.12.28 - - [12/May/2020:10:14:07 +0200] "GET /reload?ser=1589271247715 HTTP/1.1" 200 28 "http://renault.2web.at/account" "Mozilla/5.0 (Windows NT 10.0; WOW64; Trident/7.0; Touch; rv:11.0) like Gecko"
83.219.165.34 - - [12/May/2020:10:14:47 +0200] "GET /reload?ser=1589271287902 HTTP/1.1" 200 28 "http://renault.activities.at/result?searchterm=true&search=captur+brosch%FCre" "Mozilla/5.0 (Windows NT 10.0; WOW64; Trident/7.0; MALC; rv:11.0) like Gecko"
212.152.246.129 - - [12/May/2020:10:14:52 +0200] "GET /reload?ser=1589271292778 HTTP/1.1" 200 28 "http://renault.activities.at/result?searchterm=true&search=stift" "Mozilla/5.0 (Windows NT 10.0; WOW64; Trident/7.0; rv:11.0) like Gecko"
80.122.221.194 - - [12/May/2020:10:14:55 +0200] "GET /reload?ser=1589271295411 HTTP/1.1" 200 28 "http://renault.activities.at/cart" "Mozilla/5.0 (Windows NT 10.0; Win64; x64) AppleWebKit/537.36 (KHTML, like Gecko) Chrome/70.0.3538.102 Safari/537.36 Edge/18.18363"
91.112.65.210 - - [12/May/2020:10:15:08 +0200] "GET /reload?ser=1589271308171 HTTP/1.1" 200 28 "http://renault.activities.at/success" "Mozilla/5.0 (Windows NT 10.0; WOW64; Trident/7.0; rv:11.0) like Gecko"
138.21.12.28 - - [12/May/2020:10:15:08 +0200] "GET /reload?ser=1589271308793 HTTP/1.1" 200 28 "http://renault.2web.at/account" "Mozilla/5.0 (Windows NT 10.0; WOW64; Trident/7.0; Touch; rv:11.0) like Gecko"
83.219.165.34 - - [12/May/2020:10:15:48 +0200] "GET /reload?ser=1589271348859 HTTP/1.1" 200 28 "http://renault.activities.at/result?searchterm=true&search=captur+brosch%FCre" "Mozilla/5.0 (Windows NT 10.0; WOW64; Trident/7.0; MALC; rv:11.0) like Gecko"
212.152.246.129 - - [12/May/2020:10:15:54 +0200] "GET /reload?ser=1589271353776 HTTP/1.1" 200 28 "http://renault.activities.at/result?searchterm=true&search=stift" "Mozilla/5.0 (Windows NT 10.0; WOW64; Trident/7.0; rv:11.0) like Gecko"
80.122.221.194 - - [12/May/2020:10:15:56 +0200] "GET /reload?ser=1589271356412 HTTP/1.1" 200 28 "http://renault.activities.at/cart" "Mozilla/5.0 (Windows NT 10.0; Win64; x64) AppleWebKit/537.36 (KHTML, like Gecko) Chrome/70.0.3538.102 Safari/537.36 Edge/18.18363"
91.112.65.210 - - [12/May/2020:10:16:09 +0200] "GET /reload?ser=1589271369100 HTTP/1.1" 200 28 "http://renault.activities.at/success" "Mozilla/5.0 (Windows NT 10.0; WOW64; Trident/7.0; rv:11.0) like Gecko"
138.21.12.28 - - [12/May/2020:10:16:09 +0200] "GET /reload?ser=1589271369901 HTTP/1.1" 200 28 "http://renault.2web.at/account" "Mozilla/5.0 (Windows NT 10.0; WOW64; Trident/7.0; Touch; rv:11.0) like Gecko"
83.219.165.34 - - [12/May/2020:10:16:49 +0200] "GET /reload?ser=1589271409800 HTTP/1.1" 200 28 "http://renault.activities.at/result?searchterm=true&search=captur+brosch%FCre" "Mozilla/5.0 (Windows NT 10.0; WOW64; Trident/7.0; MALC; rv:11.0) like Gecko"
212.152.246.129 - - [12/May/2020:10:16:55 +0200] "GET /reload?ser=1589271415180 HTTP/1.1" 200 28 "http://renault.activities.at/result?searchterm=true&search=stift" "Mozilla/5.0 (Windows NT 10.0; WOW64; Trident/7.0; rv:11.0) like Gecko"
80.122.221.194 - - [12/May/2020:10:16:57 +0200] "GET /reload?ser=1589271417402 HTTP/1.1" 200 28 "http://renault.activities.at/cart" "Mozilla/5.0 (Windows NT 10.0; Win64; x64) AppleWebKit/537.36 (KHTML, like Gecko) Chrome/70.0.3538.102 Safari/537.36 Edge/18.18363"
91.112.65.210 - - [12/May/2020:10:17:10 +0200] "GET /reload?ser=1589271430033 HTTP/1.1" 200 28 "http://renault.activities.at/success" "Mozilla/5.0 (Windows NT 10.0; WOW64; Trident/7.0; rv:11.0) like Gecko"
138.21.12.28 - - [12/May/2020:10:17:11 +0200] "GET /reload?ser=1589271430899 HTTP/1.1" 200 28 "http://renault.2web.at/account" "Mozilla/5.0 (Windows NT 10.0; WOW64; Trident/7.0; Touch; rv:11.0) like Gecko"
83.219.165.34 - - [12/May/2020:10:17:50 +0200] "GET /reload?ser=1589271470737 HTTP/1.1" 200 28 "http://renault.activities.at/result?searchterm=true&search=captur+brosch%FCre" "Mozilla/5.0 (Windows NT 10.0; WOW64; Trident/7.0; MALC; rv:11.0) like Gecko"
212.152.246.129 - - [12/May/2020:10:17:56 +0200] "GET /reload?ser=1589271476165 HTTP/1.1" 200 28 "http://renault.activities.at/result?searchterm=true&search=stift" "Mozilla/5.0 (Windows NT 10.0; WOW64; Trident/7.0; rv:11.0) like Gecko"
80.122.221.194 - - [12/May/2020:10:17:58 +0200] "GET /reload?ser=1589271478406 HTTP/1.1" 200 28 "http://renault.activities.at/cart" "Mozilla/5.0 (Windows NT 10.0; Win64; x64) AppleWebKit/537.36 (KHTML, like Gecko) Chrome/70.0.3538.102 Safari/537.36 Edge/18.18363"
91.112.65.210 - - [12/May/2020:10:18:11 +0200] "GET /reload?ser=1589271490993 HTTP/1.1" 200 28 "http://renault.activities.at/success" "Mozilla/5.0 (Windows NT 10.0; WOW64; Trident/7.0; rv:11.0) like Gecko"
138.21.12.28 - - [12/May/2020:10:18:12 +0200] "GET /reload?ser=1589271491930 HTTP/1.1" 200 28 "http://renault.2web.at/account" "Mozilla/5.0 (Windows NT 10.0; WOW64; Trident/7.0; Touch; rv:11.0) like Gecko"
83.219.165.34 - - [12/May/2020:10:18:51 +0200] "GET /reload?ser=1589271531679 HTTP/1.1" 200 28 "http://renault.activities.at/result?searchterm=true&search=captur+brosch%FCre" "Mozilla/5.0 (Windows NT 10.0; WOW64; Trident/7.0; MALC; rv:11.0) like Gecko"
212.152.246.129 - - [12/May/2020:10:18:57 +0200] "GET /reload?ser=1589271537179 HTTP/1.1" 200 28 "http://renault.activities.at/result?searchterm=true&search=stift" "Mozilla/5.0 (Windows NT 10.0; WOW64; Trident/7.0; rv:11.0) like Gecko"
80.122.221.194 - - [12/May/2020:10:18:59 +0200] "GET /reload?ser=1589271539413 HTTP/1.1" 200 28 "http://renault.activities.at/cart" "Mozilla/5.0 (Windows NT 10.0; Win64; x64) AppleWebKit/537.36 (KHTML, like Gecko) Chrome/70.0.3538.102 Safari/537.36 Edge/18.18363"
91.112.65.210 - - [12/May/2020:10:19:11 +0200] "GET /reload?ser=1589271551928 HTTP/1.1" 200 28 "http://renault.activities.at/success" "Mozilla/5.0 (Windows NT 10.0; WOW64; Trident/7.0; rv:11.0) like Gecko"
138.21.12.28 - - [12/May/2020:10:19:13 +0200] "GET /reload?ser=1589271552968 HTTP/1.1" 200 28 "http://renault.2web.at/account" "Mozilla/5.0 (Windows NT 10.0; WOW64; Trident/7.0; Touch; rv:11.0) like Gecko"
83.219.165.34 - - [12/May/2020:10:19:52 +0200] "GET /reload?ser=1589271592631 HTTP/1.1" 200 28 "http://renault.activities.at/result?searchterm=true&search=captur+brosch%FCre" "Mozilla/5.0 (Windows NT 10.0; WOW64; Trident/7.0; MALC; rv:11.0) like Gecko"
212.152.246.129 - - [12/May/2020:10:19:58 +0200] "GET /reload?ser=1589271598197 HTTP/1.1" 200 28 "http://renault.activities.at/result?searchterm=true&search=stift" "Mozilla/5.0 (Windows NT 10.0; WOW64; Trident/7.0; rv:11.0) like Gecko"
80.122.221.194 - - [12/May/2020:10:20:00 +0200] "GET /reload?ser=1589271600404 HTTP/1.1" 200 28 "http://renault.activities.at/cart" "Mozilla/5.0 (Windows NT 10.0; Win64; x64) AppleWebKit/537.36 (KHTML, like Gecko) Chrome/70.0.3538.102 Safari/537.36 Edge/18.18363"
91.112.65.210 - - [12/May/2020:10:20:12 +0200] "GET /reload?ser=1589271612858 HTTP/1.1" 200 28 "http://renault.activities.at/success" "Mozilla/5.0 (Windows NT 10.0; WOW64; Trident/7.0; rv:11.0) like Gecko"
138.21.12.28 - - [12/May/2020:10:20:14 +0200] "GET /reload?ser=1589271613964 HTTP/1.1" 200 28 "http://renault.2web.at/account" "Mozilla/5.0 (Windows NT 10.0; WOW64; Trident/7.0; Touch; rv:11.0) like Gecko"
83.219.165.34 - - [12/May/2020:10:20:53 +0200] "GET /reload?ser=1589271653556 HTTP/1.1" 200 28 "http://renault.activities.at/result?searchterm=true&search=captur+brosch%FCre" "Mozilla/5.0 (Windows NT 10.0; WOW64; Trident/7.0; MALC; rv:11.0) like Gecko"
212.152.246.129 - - [12/May/2020:10:20:59 +0200] "GET /reload?ser=1589271659135 HTTP/1.1" 200 28 "http://renault.activities.at/result?searchterm=true&search=stift" "Mozilla/5.0 (Windows NT 10.0; WOW64; Trident/7.0; rv:11.0) like Gecko"
80.122.221.194 - - [12/May/2020:10:21:01 +0200] "GET /reload?ser=1589271661403 HTTP/1.1" 200 28 "http://renault.activities.at/cart" "Mozilla/5.0 (Windows NT 10.0; Win64; x64) AppleWebKit/537.36 (KHTML, like Gecko) Chrome/70.0.3538.102 Safari/537.36 Edge/18.18363"
91.112.65.210 - - [12/May/2020:10:21:13 +0200] "GET /reload?ser=1589271673843 HTTP/1.1" 200 28 "http://renault.activities.at/success" "Mozilla/5.0 (Windows NT 10.0; WOW64; Trident/7.0; rv:11.0) like Gecko"
138.21.12.28 - - [12/May/2020:10:21:15 +0200] "GET /reload?ser=1589271675013 HTTP/1.1" 200 28 "http://renault.2web.at/account" "Mozilla/5.0 (Windows NT 10.0; WOW64; Trident/7.0; Touch; rv:11.0) like Gecko"
83.219.165.34 - - [12/May/2020:10:21:54 +0200] "GET /reload?ser=1589271714481 HTTP/1.1" 200 28 "http://renault.activities.at/result?searchterm=true&search=captur+brosch%FCre" "Mozilla/5.0 (Windows NT 10.0; WOW64; Trident/7.0; MALC; rv:11.0) like Gecko"
212.152.246.129 - - [12/May/2020:10:22:01 +0200] "GET /reload?ser=1589271720149 HTTP/1.1" 200 28 "http://renault.activities.at/result?searchterm=true&search=stift" "Mozilla/5.0 (Windows NT 10.0; WOW64; Trident/7.0; rv:11.0) like Gecko"
80.122.221.194 - - [12/May/2020:10:22:02 +0200] "GET /reload?ser=1589271722411 HTTP/1.1" 200 28 "http://renault.activities.at/cart" "Mozilla/5.0 (Windows NT 10.0; Win64; x64) AppleWebKit/537.36 (KHTML, like Gecko) Chrome/70.0.3538.102 Safari/537.36 Edge/18.18363"
91.112.65.210 - - [12/May/2020:10:22:14 +0200] "GET /reload?ser=1589271734774 HTTP/1.1" 200 28 "http://renault.activities.at/success" "Mozilla/5.0 (Windows NT 10.0; WOW64; Trident/7.0; rv:11.0) like Gecko"
138.21.12.28 - - [12/May/2020:10:22:16 +0200] "GET /reload?ser=1589271736015 HTTP/1.1" 200 28 "http://renault.2web.at/account" "Mozilla/5.0 (Windows NT 10.0; WOW64; Trident/7.0; Touch; rv:11.0) like Gecko"
83.219.165.34 - - [12/May/2020:10:22:54 +0200] "GET /reload?ser=1589271775458 HTTP/1.1" 200 28 "http://renault.activities.at/result?searchterm=true&search=captur+brosch%FCre" "Mozilla/5.0 (Windows NT 10.0; WOW64; Trident/7.0; MALC; rv:11.0) like Gecko"
80.122.221.194 - - [12/May/2020:10:23:03 +0200] "GET /reload?ser=1589271783413 HTTP/1.1" 200 28 "http://renault.activities.at/cart" "Mozilla/5.0 (Windows NT 10.0; Win64; x64) AppleWebKit/537.36 (KHTML, like Gecko) Chrome/70.0.3538.102 Safari/537.36 Edge/18.18363"
212.152.246.129 - - [12/May/2020:10:23:03 +0200] "GET /reload?ser=1589271782638 HTTP/1.1" 200 28 "http://renault.activities.at/result?searchterm=true&search=stift" "Mozilla/5.0 (Windows NT 10.0; WOW64; Trident/7.0; rv:11.0) like Gecko"
91.112.65.210 - - [12/May/2020:10:23:15 +0200] "GET /reload?ser=1589271795712 HTTP/1.1" 200 28 "http://renault.activities.at/success" "Mozilla/5.0 (Windows NT 10.0; WOW64; Trident/7.0; rv:11.0) like Gecko"
138.21.12.28 - - [12/May/2020:10:23:17 +0200] "GET /reload?ser=1589271797021 HTTP/1.1" 200 28 "http://renault.2web.at/account" "Mozilla/5.0 (Windows NT 10.0; WOW64; Trident/7.0; Touch; rv:11.0) like Gecko"
83.219.165.34 - - [12/May/2020:10:23:55 +0200] "GET /reload?ser=1589271836409 HTTP/1.1" 200 28 "http://renault.activities.at/result?searchterm=true&search=captur+brosch%FCre" "Mozilla/5.0 (Windows NT 10.0; WOW64; Trident/7.0; MALC; rv:11.0) like Gecko"
80.122.221.194 - - [12/May/2020:10:24:04 +0200] "GET /reload?ser=1589271844411 HTTP/1.1" 200 28 "http://renault.activities.at/cart" "Mozilla/5.0 (Windows NT 10.0; Win64; x64) AppleWebKit/537.36 (KHTML, like Gecko) Chrome/70.0.3538.102 Safari/537.36 Edge/18.18363"
212.152.246.129 - - [12/May/2020:10:24:04 +0200] "GET /reload?ser=1589271844208 HTTP/1.1" 200 28 "http://renault.activities.at/result?searchterm=true&search=stift" "Mozilla/5.0 (Windows NT 10.0; WOW64; Trident/7.0; rv:11.0) like Gecko"
91.112.65.210 - - [12/May/2020:10:24:16 +0200] "GET /reload?ser=1589271856652 HTTP/1.1" 200 28 "http://renault.activities.at/success" "Mozilla/5.0 (Windows NT 10.0; WOW64; Trident/7.0; rv:11.0) like Gecko"
138.21.12.28 - - [12/May/2020:10:24:18 +0200] "GET /reload?ser=1589271858101 HTTP/1.1" 200 28 "http://renault.2web.at/account" "Mozilla/5.0 (Windows NT 10.0; WOW64; Trident/7.0; Touch; rv:11.0) like Gecko"
83.219.165.34 - - [12/May/2020:10:24:56 +0200] "GET /reload?ser=1589271897356 HTTP/1.1" 200 28 "http://renault.activities.at/result?searchterm=true&search=captur+brosch%FCre" "Mozilla/5.0 (Windows NT 10.0; WOW64; Trident/7.0; MALC; rv:11.0) like Gecko"
80.122.221.194 - - [12/May/2020:10:25:05 +0200] "GET /reload?ser=1589271905407 HTTP/1.1" 200 28 "http://renault.activities.at/cart" "Mozilla/5.0 (Windows NT 10.0; Win64; x64) AppleWebKit/537.36 (KHTML, like Gecko) Chrome/70.0.3538.102 Safari/537.36 Edge/18.18363"
212.152.246.129 - - [12/May/2020:10:25:06 +0200] "GET /reload?ser=1589271905772 HTTP/1.1" 200 28 "http://renault.activities.at/result?searchterm=true&search=stift" "Mozilla/5.0 (Windows NT 10.0; WOW64; Trident/7.0; rv:11.0) like Gecko"
91.112.65.210 - - [12/May/2020:10:25:17 +0200] "GET /reload?ser=1589271917576 HTTP/1.1" 200 28 "http://renault.activities.at/success" "Mozilla/5.0 (Windows NT 10.0; WOW64; Trident/7.0; rv:11.0) like Gecko"
138.21.12.28 - - [12/May/2020:10:25:19 +0200] "GET /reload?ser=1589271919140 HTTP/1.1" 200 28 "http://renault.2web.at/account" "Mozilla/5.0 (Windows NT 10.0; WOW64; Trident/7.0; Touch; rv:11.0) like Gecko"
83.219.165.34 - - [12/May/2020:10:25:57 +0200] "GET /reload?ser=1589271958273 HTTP/1.1" 200 28 "http://renault.activities.at/result?searchterm=true&search=captur+brosch%FCre" "Mozilla/5.0 (Windows NT 10.0; WOW64; Trident/7.0; MALC; rv:11.0) like Gecko"
80.122.221.194 - - [12/May/2020:10:26:06 +0200] "GET /reload?ser=1589271966410 HTTP/1.1" 200 28 "http://renault.activities.at/cart" "Mozilla/5.0 (Windows NT 10.0; Win64; x64) AppleWebKit/537.36 (KHTML, like Gecko) Chrome/70.0.3538.102 Safari/537.36 Edge/18.18363"
212.152.246.129 - - [12/May/2020:10:26:08 +0200] "GET /reload?ser=1589271967212 HTTP/1.1" 200 28 "http://renault.activities.at/result?searchterm=true&search=stift" "Mozilla/5.0 (Windows NT 10.0; WOW64; Trident/7.0; rv:11.0) like Gecko"
91.112.65.210 - - [12/May/2020:10:26:18 +0200] "GET /reload?ser=1589271978524 HTTP/1.1" 200 28 "http://renault.activities.at/success" "Mozilla/5.0 (Windows NT 10.0; WOW64; Trident/7.0; rv:11.0) like Gecko"
138.21.12.28 - - [12/May/2020:10:26:20 +0200] "GET /reload?ser=1589271980239 HTTP/1.1" 200 28 "http://renault.2web.at/account" "Mozilla/5.0 (Windows NT 10.0; WOW64; Trident/7.0; Touch; rv:11.0) like Gecko"
83.219.165.34 - - [12/May/2020:10:26:58 +0200] "GET /reload?ser=1589272019219 HTTP/1.1" 200 28 "http://renault.activities.at/result?searchterm=true&search=captur+brosch%FCre" "Mozilla/5.0 (Windows NT 10.0; WOW64; Trident/7.0; MALC; rv:11.0) like Gecko"
80.122.221.194 - - [12/May/2020:10:27:07 +0200] "GET /reload?ser=1589272027411 HTTP/1.1" 200 28 "http://renault.activities.at/cart" "Mozilla/5.0 (Windows NT 10.0; Win64; x64) AppleWebKit/537.36 (KHTML, like Gecko) Chrome/70.0.3538.102 Safari/537.36 Edge/18.18363"
212.152.246.129 - - [12/May/2020:10:27:09 +0200] "GET /reload?ser=1589272029004 HTTP/1.1" 200 28 "http://renault.activities.at/result?searchterm=true&search=stift" "Mozilla/5.0 (Windows NT 10.0; WOW64; Trident/7.0; rv:11.0) like Gecko"
91.112.65.210 - - [12/May/2020:10:27:19 +0200] "GET /reload?ser=1589272039478 HTTP/1.1" 200 28 "http://renault.activities.at/success" "Mozilla/5.0 (Windows NT 10.0; WOW64; Trident/7.0; rv:11.0) like Gecko"
138.21.12.28 - - [12/May/2020:10:27:21 +0200] "GET /reload?ser=1589272041285 HTTP/1.1" 200 28 "http://renault.2web.at/account" "Mozilla/5.0 (Windows NT 10.0; WOW64; Trident/7.0; Touch; rv:11.0) like Gecko"
83.219.165.34 - - [12/May/2020:10:27:59 +0200] "GET /reload?ser=1589272080185 HTTP/1.1" 200 28 "http://renault.activities.at/result?searchterm=true&search=captur+brosch%FCre" "Mozilla/5.0 (Windows NT 10.0; WOW64; Trident/7.0; MALC; rv:11.0) like Gecko"
80.122.221.194 - - [12/May/2020:10:28:08 +0200] "GET /reload?ser=1589272088408 HTTP/1.1" 200 28 "http://renault.activities.at/cart" "Mozilla/5.0 (Windows NT 10.0; Win64; x64) AppleWebKit/537.36 (KHTML, like Gecko) Chrome/70.0.3538.102 Safari/537.36 Edge/18.18363"
212.152.246.129 - - [12/May/2020:10:28:10 +0200] "GET /reload?ser=1589272090202 HTTP/1.1" 200 28 "http://renault.activities.at/result?searchterm=true&search=stift" "Mozilla/5.0 (Windows NT 10.0; WOW64; Trident/7.0; rv:11.0) like Gecko"
91.112.65.210 - - [12/May/2020:10:28:20 +0200] "GET /reload?ser=1589272100441 HTTP/1.1" 200 28 "http://renault.activities.at/success" "Mozilla/5.0 (Windows NT 10.0; WOW64; Trident/7.0; rv:11.0) like Gecko"
138.21.12.28 - - [12/May/2020:10:28:22 +0200] "GET /reload?ser=1589272102353 HTTP/1.1" 200 28 "http://renault.2web.at/account" "Mozilla/5.0 (Windows NT 10.0; WOW64; Trident/7.0; Touch; rv:11.0) like Gecko"
83.219.165.34 - - [12/May/2020:10:29:00 +0200] "GET /reload?ser=1589272141101 HTTP/1.1" 200 28 "http://renault.activities.at/result?searchterm=true&search=captur+brosch%FCre" "Mozilla/5.0 (Windows NT 10.0; WOW64; Trident/7.0; MALC; rv:11.0) like Gecko"
80.122.221.194 - - [12/May/2020:10:29:09 +0200] "GET /reload?ser=1589272149416 HTTP/1.1" 200 28 "http://renault.activities.at/cart" "Mozilla/5.0 (Windows NT 10.0; Win64; x64) AppleWebKit/537.36 (KHTML, like Gecko) Chrome/70.0.3538.102 Safari/537.36 Edge/18.18363"
212.152.246.129 - - [12/May/2020:10:29:11 +0200] "GET /reload?ser=1589272151208 HTTP/1.1" 200 28 "http://renault.activities.at/result?searchterm=true&search=stift" "Mozilla/5.0 (Windows NT 10.0; WOW64; Trident/7.0; rv:11.0) like Gecko"
91.112.65.210 - - [12/May/2020:10:29:21 +0200] "GET /reload?ser=1589272161394 HTTP/1.1" 200 28 "http://renault.activities.at/success" "Mozilla/5.0 (Windows NT 10.0; WOW64; Trident/7.0; rv:11.0) like Gecko"
138.21.12.28 - - [12/May/2020:10:29:23 +0200] "GET /reload?ser=1589272163386 HTTP/1.1" 200 28 "http://renault.2web.at/account" "Mozilla/5.0 (Windows NT 10.0; WOW64; Trident/7.0; Touch; rv:11.0) like Gecko"
83.219.165.34 - - [12/May/2020:10:30:01 +0200] "GET /reload?ser=1589272202075 HTTP/1.1" 200 28 "http://renault.activities.at/result?searchterm=true&search=captur+brosch%FCre" "Mozilla/5.0 (Windows NT 10.0; WOW64; Trident/7.0; MALC; rv:11.0) like Gecko"
80.122.221.194 - - [12/May/2020:10:30:10 +0200] "GET /reload?ser=1589272210413 HTTP/1.1" 200 28 "http://renault.activities.at/cart" "Mozilla/5.0 (Windows NT 10.0; Win64; x64) AppleWebKit/537.36 (KHTML, like Gecko) Chrome/70.0.3538.102 Safari/537.36 Edge/18.18363"
212.152.246.129 - - [12/May/2020:10:30:13 +0200] "GET /reload?ser=1589272212612 HTTP/1.1" 200 28 "http://renault.activities.at/result?searchterm=true&search=stift" "Mozilla/5.0 (Windows NT 10.0; WOW64; Trident/7.0; rv:11.0) like Gecko"
91.112.65.210 - - [12/May/2020:10:30:22 +0200] "GET /reload?ser=1589272222332 HTTP/1.1" 200 28 "http://renault.activities.at/success" "Mozilla/5.0 (Windows NT 10.0; WOW64; Trident/7.0; rv:11.0) like Gecko"
138.21.12.28 - - [12/May/2020:10:30:24 +0200] "GET /reload?ser=1589272224402 HTTP/1.1" 200 28 "http://renault.2web.at/account" "Mozilla/5.0 (Windows NT 10.0; WOW64; Trident/7.0; Touch; rv:11.0) like Gecko"
83.219.165.34 - - [12/May/2020:10:31:02 +0200] "GET /reload?ser=1589272263001 HTTP/1.1" 200 28 "http://renault.activities.at/result?searchterm=true&search=captur+brosch%FCre" "Mozilla/5.0 (Windows NT 10.0; WOW64; Trident/7.0; MALC; rv:11.0) like Gecko"
80.122.221.194 - - [12/May/2020:10:31:11 +0200] "GET /reload?ser=1589272271415 HTTP/1.1" 200 28 "http://renault.activities.at/cart" "Mozilla/5.0 (Windows NT 10.0; Win64; x64) AppleWebKit/537.36 (KHTML, like Gecko) Chrome/70.0.3538.102 Safari/537.36 Edge/18.18363"
212.152.246.129 - - [12/May/2020:10:31:14 +0200] "GET /reload?ser=1589272274039 HTTP/1.1" 200 28 "http://renault.activities.at/result?searchterm=true&search=stift" "Mozilla/5.0 (Windows NT 10.0; WOW64; Trident/7.0; rv:11.0) like Gecko"
91.112.65.210 - - [12/May/2020:10:31:23 +0200] "GET /reload?ser=1589272283288 HTTP/1.1" 200 28 "http://renault.activities.at/success" "Mozilla/5.0 (Windows NT 10.0; WOW64; Trident/7.0; rv:11.0) like Gecko"
138.21.12.28 - - [12/May/2020:10:31:25 +0200] "GET /reload?ser=1589272285420 HTTP/1.1" 200 28 "http://renault.2web.at/account" "Mozilla/5.0 (Windows NT 10.0; WOW64; Trident/7.0; Touch; rv:11.0) like Gecko"
83.219.165.34 - - [12/May/2020:10:32:03 +0200] "GET /reload?ser=1589272323950 HTTP/1.1" 200 28 "http://renault.activities.at/result?searchterm=true&search=captur+brosch%FCre" "Mozilla/5.0 (Windows NT 10.0; WOW64; Trident/7.0; MALC; rv:11.0) like Gecko"
80.122.221.194 - - [12/May/2020:10:32:12 +0200] "GET /reload?ser=1589272332406 HTTP/1.1" 200 28 "http://renault.activities.at/cart" "Mozilla/5.0 (Windows NT 10.0; Win64; x64) AppleWebKit/537.36 (KHTML, like Gecko) Chrome/70.0.3538.102 Safari/537.36 Edge/18.18363"
212.152.246.129 - - [12/May/2020:10:32:15 +0200] "GET /reload?ser=1589272335519 HTTP/1.1" 200 28 "http://renault.activities.at/result?searchterm=true&search=stift" "Mozilla/5.0 (Windows NT 10.0; WOW64; Trident/7.0; rv:11.0) like Gecko"
91.112.65.210 - - [12/May/2020:10:32:24 +0200] "GET /reload?ser=1589272344256 HTTP/1.1" 200 28 "http://renault.activities.at/success" "Mozilla/5.0 (Windows NT 10.0; WOW64; Trident/7.0; rv:11.0) like Gecko"
138.21.12.28 - - [12/May/2020:10:32:26 +0200] "GET /reload?ser=1589272346476 HTTP/1.1" 200 28 "http://renault.2web.at/account" "Mozilla/5.0 (Windows NT 10.0; WOW64; Trident/7.0; Touch; rv:11.0) like Gecko"
213.153.47.173 - - [12/May/2020:10:32:50 +0200] "GET /layout.php HTTP/1.1" 200 1558 "-" "Mozilla/5.0 (Windows NT 10.0; Win64; x64) AppleWebKit/537.36 (KHTML, like Gecko) Chrome/81.0.4044.129 Safari/537.36 OPR/68.0.3618.63"
213.153.47.173 - - [12/May/2020:10:32:51 +0200] "GET /images/favicon.ico HTTP/1.1" 404 305 "-" "Mozilla/5.0 (Windows NT 10.0; Win64; x64) AppleWebKit/537.36 (KHTML, like Gecko) Chrome/81.0.4044.129 Safari/537.36 OPR/68.0.3618.63"
83.219.165.34 - - [12/May/2020:10:33:04 +0200] "GET /reload?ser=1589272384935 HTTP/1.1" 200 28 "http://renault.activities.at/result?searchterm=true&search=captur+brosch%FCre" "Mozilla/5.0 (Windows NT 10.0; WOW64; Trident/7.0; MALC; rv:11.0) like Gecko"
80.122.221.194 - - [12/May/2020:10:33:13 +0200] "GET /reload?ser=1589272393408 HTTP/1.1" 200 28 "http://renault.activities.at/cart" "Mozilla/5.0 (Windows NT 10.0; Win64; x64) AppleWebKit/537.36 (KHTML, like Gecko) Chrome/70.0.3538.102 Safari/537.36 Edge/18.18363"
212.152.246.129 - - [12/May/2020:10:33:17 +0200] "GET /reload?ser=1589272396880 HTTP/1.1" 200 28 "http://renault.activities.at/result?searchterm=true&search=stift" "Mozilla/5.0 (Windows NT 10.0; WOW64; Trident/7.0; rv:11.0) like Gecko"
91.112.65.210 - - [12/May/2020:10:33:25 +0200] "GET /reload?ser=1589272405202 HTTP/1.1" 200 28 "http://renault.activities.at/success" "Mozilla/5.0 (Windows NT 10.0; WOW64; Trident/7.0; rv:11.0) like Gecko"
138.21.12.28 - - [12/May/2020:10:33:27 +0200] "GET /reload?ser=1589272407522 HTTP/1.1" 200 28 "http://renault.2web.at/account" "Mozilla/5.0 (Windows NT 10.0; WOW64; Trident/7.0; Touch; rv:11.0) like Gecko"
83.219.165.34 - - [12/May/2020:10:34:05 +0200] "GET /reload?ser=1589272445860 HTTP/1.1" 200 28 "http://renault.activities.at/result?searchterm=true&search=captur+brosch%FCre" "Mozilla/5.0 (Windows NT 10.0; WOW64; Trident/7.0; MALC; rv:11.0) like Gecko"
80.122.221.194 - - [12/May/2020:10:34:14 +0200] "GET /reload?ser=1589272454412 HTTP/1.1" 200 28 "http://renault.activities.at/cart" "Mozilla/5.0 (Windows NT 10.0; Win64; x64) AppleWebKit/537.36 (KHTML, like Gecko) Chrome/70.0.3538.102 Safari/537.36 Edge/18.18363"
212.152.246.129 - - [12/May/2020:10:34:18 +0200] "GET /reload?ser=1589272458140 HTTP/1.1" 200 28 "http://renault.activities.at/result?searchterm=true&search=stift" "Mozilla/5.0 (Windows NT 10.0; WOW64; Trident/7.0; rv:11.0) like Gecko"
91.112.65.210 - - [12/May/2020:10:34:26 +0200] "GET /reload?ser=1589272466159 HTTP/1.1" 200 28 "http://renault.activities.at/success" "Mozilla/5.0 (Windows NT 10.0; WOW64; Trident/7.0; rv:11.0) like Gecko"
138.21.12.28 - - [12/May/2020:10:34:28 +0200] "GET /reload?ser=1589272468528 HTTP/1.1" 200 28 "http://renault.2web.at/account" "Mozilla/5.0 (Windows NT 10.0; WOW64; Trident/7.0; Touch; rv:11.0) like Gecko"
83.219.165.34 - - [12/May/2020:10:35:06 +0200] "GET /reload?ser=1589272506811 HTTP/1.1" 200 28 "http://renault.activities.at/result?searchterm=true&search=captur+brosch%FCre" "Mozilla/5.0 (Windows NT 10.0; WOW64; Trident/7.0; MALC; rv:11.0) like Gecko"
80.122.221.194 - - [12/May/2020:10:35:15 +0200] "GET /reload?ser=1589272515418 HTTP/1.1" 200 28 "http://renault.activities.at/cart" "Mozilla/5.0 (Windows NT 10.0; Win64; x64) AppleWebKit/537.36 (KHTML, like Gecko) Chrome/70.0.3538.102 Safari/537.36 Edge/18.18363"
212.152.246.129 - - [12/May/2020:10:35:20 +0200] "GET /reload?ser=1589272519553 HTTP/1.1" 200 28 "http://renault.activities.at/result?searchterm=true&search=stift" "Mozilla/5.0 (Windows NT 10.0; WOW64; Trident/7.0; rv:11.0) like Gecko"
91.112.65.210 - - [12/May/2020:10:35:27 +0200] "GET /reload?ser=1589272527120 HTTP/1.1" 200 28 "http://renault.activities.at/success" "Mozilla/5.0 (Windows NT 10.0; WOW64; Trident/7.0; rv:11.0) like Gecko"
138.21.12.28 - - [12/May/2020:10:35:29 +0200] "GET /reload?ser=1589272529636 HTTP/1.1" 200 28 "http://renault.2web.at/account" "Mozilla/5.0 (Windows NT 10.0; WOW64; Trident/7.0; Touch; rv:11.0) like Gecko"
83.219.165.34 - - [12/May/2020:10:36:07 +0200] "GET /reload?ser=1589272567770 HTTP/1.1" 200 28 "http://renault.activities.at/result?searchterm=true&search=captur+brosch%FCre" "Mozilla/5.0 (Windows NT 10.0; WOW64; Trident/7.0; MALC; rv:11.0) like Gecko"
80.122.221.194 - - [12/May/2020:10:36:16 +0200] "GET /reload?ser=1589272576405 HTTP/1.1" 200 28 "http://renault.activities.at/cart" "Mozilla/5.0 (Windows NT 10.0; Win64; x64) AppleWebKit/537.36 (KHTML, like Gecko) Chrome/70.0.3538.102 Safari/537.36 Edge/18.18363"
212.152.246.129 - - [12/May/2020:10:36:22 +0200] "GET /reload?ser=1589272581923 HTTP/1.1" 200 28 "http://renault.activities.at/result?searchterm=true&search=stift" "Mozilla/5.0 (Windows NT 10.0; WOW64; Trident/7.0; rv:11.0) like Gecko"
91.112.65.210 - - [12/May/2020:10:36:28 +0200] "GET /reload?ser=1589272588058 HTTP/1.1" 200 28 "http://renault.activities.at/success" "Mozilla/5.0 (Windows NT 10.0; WOW64; Trident/7.0; rv:11.0) like Gecko"
138.21.12.28 - - [12/May/2020:10:36:30 +0200] "GET /reload?ser=1589272590669 HTTP/1.1" 200 28 "http://renault.2web.at/account" "Mozilla/5.0 (Windows NT 10.0; WOW64; Trident/7.0; Touch; rv:11.0) like Gecko"
83.219.165.34 - - [12/May/2020:10:37:08 +0200] "GET /reload?ser=1589272628742 HTTP/1.1" 200 28 "http://renault.activities.at/result?searchterm=true&search=captur+brosch%FCre" "Mozilla/5.0 (Windows NT 10.0; WOW64; Trident/7.0; MALC; rv:11.0) like Gecko"
80.122.221.194 - - [12/May/2020:10:37:17 +0200] "GET /reload?ser=1589272637412 HTTP/1.1" 200 28 "http://renault.activities.at/cart" "Mozilla/5.0 (Windows NT 10.0; Win64; x64) AppleWebKit/537.36 (KHTML, like Gecko) Chrome/70.0.3538.102 Safari/537.36 Edge/18.18363"
212.152.246.129 - - [12/May/2020:10:37:23 +0200] "GET /reload?ser=1589272643401 HTTP/1.1" 200 28 "http://renault.activities.at/result?searchterm=true&search=stift" "Mozilla/5.0 (Windows NT 10.0; WOW64; Trident/7.0; rv:11.0) like Gecko"
91.112.65.210 - - [12/May/2020:10:37:29 +0200] "GET /reload?ser=1589272649020 HTTP/1.1" 200 28 "http://renault.activities.at/success" "Mozilla/5.0 (Windows NT 10.0; WOW64; Trident/7.0; rv:11.0) like Gecko"
138.21.12.28 - - [12/May/2020:10:37:31 +0200] "GET /reload?ser=1589272651734 HTTP/1.1" 200 28 "http://renault.2web.at/account" "Mozilla/5.0 (Windows NT 10.0; WOW64; Trident/7.0; Touch; rv:11.0) like Gecko"
83.219.165.34 - - [12/May/2020:10:38:10 +0200] "GET /reload?ser=1589272690531 HTTP/1.1" 200 28 "http://renault.activities.at/result?searchterm=true&search=captur+brosch%FCre" "Mozilla/5.0 (Windows NT 10.0; WOW64; Trident/7.0; MALC; rv:11.0) like Gecko"
80.122.221.194 - - [12/May/2020:10:38:18 +0200] "GET /reload?ser=1589272698417 HTTP/1.1" 200 28 "http://renault.activities.at/cart" "Mozilla/5.0 (Windows NT 10.0; Win64; x64) AppleWebKit/537.36 (KHTML, like Gecko) Chrome/70.0.3538.102 Safari/537.36 Edge/18.18363"
212.152.246.129 - - [12/May/2020:10:38:25 +0200] "GET /reload?ser=1589272704998 HTTP/1.1" 200 28 "http://renault.activities.at/result?searchterm=true&search=stift" "Mozilla/5.0 (Windows NT 10.0; WOW64; Trident/7.0; rv:11.0) like Gecko"
91.112.65.210 - - [12/May/2020:10:38:29 +0200] "GET /reload?ser=1589272709971 HTTP/1.1" 200 28 "http://renault.activities.at/success" "Mozilla/5.0 (Windows NT 10.0; WOW64; Trident/7.0; rv:11.0) like Gecko"
138.21.12.28 - - [12/May/2020:10:38:32 +0200] "GET /reload?ser=1589272712761 HTTP/1.1" 200 28 "http://renault.2web.at/account" "Mozilla/5.0 (Windows NT 10.0; WOW64; Trident/7.0; Touch; rv:11.0) like Gecko"
80.123.225.38 - - [12/May/2020:10:38:59 +0200] "GET /login HTTP/1.1" 200 2085 "-" "Mozilla/5.0 (Windows NT 6.1; WOW64; Trident/7.0; rv:11.0) like Gecko"
80.123.225.38 - - [12/May/2020:10:39:00 +0200] "GET /loadthumbnail.php?id=11127982 HTTP/1.1" 200 399614 "http://renault.activities.at/login" "Mozilla/5.0 (Windows NT 6.1; WOW64; Trident/7.0; rv:11.0) like Gecko"
80.123.225.38 - - [12/May/2020:10:39:00 +0200] "GET /images/favicon.ico HTTP/1.1" 404 305 "-" "Mozilla/5.0 (Windows NT 6.1; WOW64; Trident/7.0; rv:11.0) like Gecko"
80.123.225.38 - - [12/May/2020:10:39:08 +0200] "POST /login HTTP/1.1" 302 140 "http://renault.activities.at/login" "Mozilla/5.0 (Windows NT 6.1; WOW64; Trident/7.0; rv:11.0) like Gecko"
83.219.165.34 - - [12/May/2020:10:39:11 +0200] "GET /reload?ser=1589272751496 HTTP/1.1" 200 28 "http://renault.activities.at/result?searchterm=true&search=captur+brosch%FCre" "Mozilla/5.0 (Windows NT 10.0; WOW64; Trident/7.0; MALC; rv:11.0) like Gecko"
80.123.225.38 - - [12/May/2020:10:39:10 +0200] "GET /account HTTP/1.1" 200 6059 "http://renault.activities.at/login" "Mozilla/5.0 (Windows NT 6.1; WOW64; Trident/7.0; rv:11.0) like Gecko"
80.123.225.38 - - [12/May/2020:10:39:13 +0200] "GET /loadthumbnail.php?id=12215095&width=50&height=50 HTTP/1.1" 200 1130 "http://renault.activities.at/account" "Mozilla/5.0 (Windows NT 6.1; WOW64; Trident/7.0; rv:11.0) like Gecko"
80.123.225.38 - - [12/May/2020:10:39:13 +0200] "GET /loadthumbnail.php?id=12215109&width=50&height=50 HTTP/1.1" 200 1281 "http://renault.activities.at/account" "Mozilla/5.0 (Windows NT 6.1; WOW64; Trident/7.0; rv:11.0) like Gecko"
80.123.225.38 - - [12/May/2020:10:39:13 +0200] "GET /loadthumbnail.php?id=12215130&width=50&height=50 HTTP/1.1" 200 929 "http://renault.activities.at/account" "Mozilla/5.0 (Windows NT 6.1; WOW64; Trident/7.0; rv:11.0) like Gecko"
80.123.225.38 - - [12/May/2020:10:39:14 +0200] "GET /images/favicon.ico HTTP/1.1" 404 305 "-" "Mozilla/5.0 (Windows NT 6.1; WOW64; Trident/7.0; rv:11.0) like Gecko"
80.123.225.38 - - [12/May/2020:10:39:14 +0200] "GET /favicon.ico HTTP/1.1" 200 3250 "-" "Mozilla/5.0 (Windows NT 6.1; WOW64; Trident/7.0; rv:11.0) like Gecko"
80.123.225.38 - - [12/May/2020:10:39:16 +0200] "POST /axjaxrequest?mode=suggest HTTP/1.1" 200 21 "http://renault.activities.at/account" "Mozilla/5.0 (Windows NT 6.1; WOW64; Trident/7.0; rv:11.0) like Gecko"
80.123.225.38 - - [12/May/2020:10:39:18 +0200] "POST /axjaxrequest?mode=suggest HTTP/1.1" 200 116 "http://renault.activities.at/account" "Mozilla/5.0 (Windows NT 6.1; WOW64; Trident/7.0; rv:11.0) like Gecko"
80.122.221.194 - - [12/May/2020:10:39:19 +0200] "GET /reload?ser=1589272759404 HTTP/1.1" 200 28 "http://renault.activities.at/cart" "Mozilla/5.0 (Windows NT 10.0; Win64; x64) AppleWebKit/537.36 (KHTML, like Gecko) Chrome/70.0.3538.102 Safari/537.36 Edge/18.18363"
80.123.225.38 - - [12/May/2020:10:39:19 +0200] "GET /result?searchterm=true&search=LKW HTTP/1.1" 200 4679 "http://renault.activities.at/account" "Mozilla/5.0 (Windows NT 6.1; WOW64; Trident/7.0; rv:11.0) like Gecko"
80.123.225.38 - - [12/May/2020:10:39:21 +0200] "GET /favicon.ico HTTP/1.1" 200 3250 "-" "Mozilla/5.0 (Windows NT 6.1; WOW64; Trident/7.0; rv:11.0) like Gecko"
80.123.225.38 - - [12/May/2020:10:39:19 +0200] "POST /axjaxrequest?mode=suggest HTTP/1.1" 200 21 "http://renault.activities.at/account" "Mozilla/5.0 (Windows NT 6.1; WOW64; Trident/7.0; rv:11.0) like Gecko"
80.123.225.38 - - [12/May/2020:10:39:24 +0200] "POST /axjaxrequest?mode=suggest HTTP/1.1" 200 708 "http://renault.activities.at/result?searchterm=true&search=LKW" "Mozilla/5.0 (Windows NT 6.1; WOW64; Trident/7.0; rv:11.0) like Gecko"
212.152.246.129 - - [12/May/2020:10:39:26 +0200] "GET /reload?ser=1589272766378 HTTP/1.1" 200 28 "http://renault.activities.at/result?searchterm=true&search=stift" "Mozilla/5.0 (Windows NT 10.0; WOW64; Trident/7.0; rv:11.0) like Gecko"
80.123.225.38 - - [12/May/2020:10:39:25 +0200] "POST /axjaxrequest?mode=suggest HTTP/1.1" 200 708 "http://renault.activities.at/result?searchterm=true&search=LKW" "Mozilla/5.0 (Windows NT 6.1; WOW64; Trident/7.0; rv:11.0) like Gecko"
80.123.225.38 - - [12/May/2020:10:39:26 +0200] "GET /result?searchterm=true&search=Kleber+ HTTP/1.1" 200 8478 "http://renault.activities.at/result?searchterm=true&search=LKW" "Mozilla/5.0 (Windows NT 6.1; WOW64; Trident/7.0; rv:11.0) like Gecko"
80.123.225.38 - - [12/May/2020:10:39:31 +0200] "GET /loadthumbnail.php?id=10203276 HTTP/1.1" 200 75 "http://renault.activities.at/result?searchterm=true&search=Kleber+" "Mozilla/5.0 (Windows NT 6.1; WOW64; Trident/7.0; rv:11.0) like Gecko"
80.123.225.38 - - [12/May/2020:10:39:31 +0200] "GET /loadthumbnail.php?id=10203255 HTTP/1.1" 200 137 "http://renault.activities.at/result?searchterm=true&search=Kleber+" "Mozilla/5.0 (Windows NT 6.1; WOW64; Trident/7.0; rv:11.0) like Gecko"
80.123.225.38 - - [12/May/2020:10:39:31 +0200] "GET /loadthumbnail.php?id=11423691&width=113 HTTP/1.1" 200 6071 "http://renault.activities.at/result?searchterm=true&search=Kleber+" "Mozilla/5.0 (Windows NT 6.1; WOW64; Trident/7.0; rv:11.0) like Gecko"
80.123.225.38 - - [12/May/2020:10:39:31 +0200] "GET /loadthumbnail.php?id=10203650&width=113 HTTP/1.1" 200 2741 "http://renault.activities.at/result?searchterm=true&search=Kleber+" "Mozilla/5.0 (Windows NT 6.1; WOW64; Trident/7.0; rv:11.0) like Gecko"
80.123.225.38 - - [12/May/2020:10:39:31 +0200] "GET /loadthumbnail.php?id=10272696&width=113 HTTP/1.1" 200 6494 "http://renault.activities.at/result?searchterm=true&search=Kleber+" "Mozilla/5.0 (Windows NT 6.1; WOW64; Trident/7.0; rv:11.0) like Gecko"
80.123.225.38 - - [12/May/2020:10:39:31 +0200] "GET /loadthumbnail.php?id=11760052&width=113 HTTP/1.1" 200 1991 "http://renault.activities.at/result?searchterm=true&search=Kleber+" "Mozilla/5.0 (Windows NT 6.1; WOW64; Trident/7.0; rv:11.0) like Gecko"
80.123.225.38 - - [12/May/2020:10:39:31 +0200] "GET /loadthumbnail.php?id=12198629&width=113 HTTP/1.1" 200 1975 "http://renault.activities.at/result?searchterm=true&search=Kleber+" "Mozilla/5.0 (Windows NT 6.1; WOW64; Trident/7.0; rv:11.0) like Gecko"
80.123.225.38 - - [12/May/2020:10:39:31 +0200] "GET /loadthumbnail.php?id=12198625&width=113 HTTP/1.1" 200 1975 "http://renault.activities.at/result?searchterm=true&search=Kleber+" "Mozilla/5.0 (Windows NT 6.1; WOW64; Trident/7.0; rv:11.0) like Gecko"
80.123.225.38 - - [12/May/2020:10:39:31 +0200] "GET /loadthumbnail.php?id=11181187&width=113 HTTP/1.1" 200 1532 "http://renault.activities.at/result?searchterm=true&search=Kleber+" "Mozilla/5.0 (Windows NT 6.1; WOW64; Trident/7.0; rv:11.0) like Gecko"
80.123.225.38 - - [12/May/2020:10:39:31 +0200] "GET /loadthumbnail.php?id=11181185&width=113 HTTP/1.1" 200 1532 "http://renault.activities.at/result?searchterm=true&search=Kleber+" "Mozilla/5.0 (Windows NT 6.1; WOW64; Trident/7.0; rv:11.0) like Gecko"
80.123.225.38 - - [12/May/2020:10:39:31 +0200] "GET /loadthumbnail.php?id=11181189&width=113 HTTP/1.1" 200 1888 "http://renault.activities.at/result?searchterm=true&search=Kleber+" "Mozilla/5.0 (Windows NT 6.1; WOW64; Trident/7.0; rv:11.0) like Gecko"
80.123.225.38 - - [12/May/2020:10:39:31 +0200] "GET /loadthumbnail.php?id=12198633&width=113 HTTP/1.1" 200 1975 "http://renault.activities.at/result?searchterm=true&search=Kleber+" "Mozilla/5.0 (Windows NT 6.1; WOW64; Trident/7.0; rv:11.0) like Gecko"
91.112.65.210 - - [12/May/2020:10:39:30 +0200] "GET /reload?ser=1589272770924 HTTP/1.1" 200 28 "http://renault.activities.at/success" "Mozilla/5.0 (Windows NT 10.0; WOW64; Trident/7.0; rv:11.0) like Gecko"
80.123.225.38 - - [12/May/2020:10:39:30 +0200] "POST /axjaxrequest?mode=suggest HTTP/1.1" 200 114 "http://renault.activities.at/result?searchterm=true&search=LKW" "Mozilla/5.0 (Windows NT 6.1; WOW64; Trident/7.0; rv:11.0) like Gecko"
138.21.12.28 - - [12/May/2020:10:39:33 +0200] "GET /reload?ser=1589272773801 HTTP/1.1" 200 28 "http://renault.2web.at/account" "Mozilla/5.0 (Windows NT 10.0; WOW64; Trident/7.0; Touch; rv:11.0) like Gecko"
80.123.225.38 - - [12/May/2020:10:39:31 +0200] "GET /result?searchterm=true&search=Kleber HTTP/1.1" 200 8478 "http://renault.activities.at/result?searchterm=true&search=Kleber+" "Mozilla/5.0 (Windows NT 6.1; WOW64; Trident/7.0; rv:11.0) like Gecko"
80.123.225.38 - - [12/May/2020:10:39:35 +0200] "GET /loadthumbnail.php?id=12198625&width=113 HTTP/1.1" 200 1975 "http://renault.activities.at/result?searchterm=true&search=Kleber" "Mozilla/5.0 (Windows NT 6.1; WOW64; Trident/7.0; rv:11.0) like Gecko"
80.123.225.38 - - [12/May/2020:10:39:35 +0200] "GET /loadthumbnail.php?id=12198629&width=113 HTTP/1.1" 200 1975 "http://renault.activities.at/result?searchterm=true&search=Kleber" "Mozilla/5.0 (Windows NT 6.1; WOW64; Trident/7.0; rv:11.0) like Gecko"
80.123.225.38 - - [12/May/2020:10:39:35 +0200] "GET /loadthumbnail.php?id=11181189&width=113 HTTP/1.1" 200 1888 "http://renault.activities.at/result?searchterm=true&search=Kleber" "Mozilla/5.0 (Windows NT 6.1; WOW64; Trident/7.0; rv:11.0) like Gecko"
80.123.225.38 - - [12/May/2020:10:39:35 +0200] "GET /loadthumbnail.php?id=12198633&width=113 HTTP/1.1" 200 1975 "http://renault.activities.at/result?searchterm=true&search=Kleber" "Mozilla/5.0 (Windows NT 6.1; WOW64; Trident/7.0; rv:11.0) like Gecko"
80.123.225.38 - - [12/May/2020:10:39:35 +0200] "GET /loadthumbnail.php?id=11181185&width=113 HTTP/1.1" 200 1532 "http://renault.activities.at/result?searchterm=true&search=Kleber" "Mozilla/5.0 (Windows NT 6.1; WOW64; Trident/7.0; rv:11.0) like Gecko"
80.123.225.38 - - [12/May/2020:10:39:35 +0200] "GET /loadthumbnail.php?id=11181187&width=113 HTTP/1.1" 200 1532 "http://renault.activities.at/result?searchterm=true&search=Kleber" "Mozilla/5.0 (Windows NT 6.1; WOW64; Trident/7.0; rv:11.0) like Gecko"
80.123.225.38 - - [12/May/2020:10:39:35 +0200] "GET /loadthumbnail.php?id=11181180&width=113 HTTP/1.1" 200 1834 "http://renault.activities.at/result?searchterm=true&search=Kleber" "Mozilla/5.0 (Windows NT 6.1; WOW64; Trident/7.0; rv:11.0) like Gecko"
80.123.225.38 - - [12/May/2020:10:39:35 +0200] "GET /loadthumbnail.php?id=11181178&width=113 HTTP/1.1" 200 1834 "http://renault.activities.at/result?searchterm=true&search=Kleber" "Mozilla/5.0 (Windows NT 6.1; WOW64; Trident/7.0; rv:11.0) like Gecko"
80.123.225.38 - - [12/May/2020:10:39:35 +0200] "GET /loadthumbnail.php?id=11186502&width=113 HTTP/1.1" 200 2016 "http://renault.activities.at/result?searchterm=true&search=Kleber" "Mozilla/5.0 (Windows NT 6.1; WOW64; Trident/7.0; rv:11.0) like Gecko"
80.123.225.38 - - [12/May/2020:10:39:39 +0200] "POST /axjaxrequest?mode=suggest HTTP/1.1" 200 144 "http://renault.activities.at/result?searchterm=true&search=Kleber" "Mozilla/5.0 (Windows NT 6.1; WOW64; Trident/7.0; rv:11.0) like Gecko"
80.123.225.38 - - [12/May/2020:10:39:40 +0200] "GET /result?searchterm=true&search=vorf%FChrwagenkleber HTTP/1.1" 200 8467 "http://renault.activities.at/result?searchterm=true&search=Kleber" "Mozilla/5.0 (Windows NT 6.1; WOW64; Trident/7.0; rv:11.0) like Gecko"
80.123.225.38 - - [12/May/2020:10:39:41 +0200] "POST /axjaxrequest?mode=suggest HTTP/1.1" 200 130 "http://renault.activities.at/result?searchterm=true&search=Kleber" "Mozilla/5.0 (Windows NT 6.1; WOW64; Trident/7.0; rv:11.0) like Gecko"
80.123.225.38 - - [12/May/2020:10:39:42 +0200] "GET /result?searchterm=true&search=vorf%FChrwagenkleber HTTP/1.1" 200 8467 "http://renault.activities.at/result?searchterm=true&search=Kleber" "Mozilla/5.0 (Windows NT 6.1; WOW64; Trident/7.0; rv:11.0) like Gecko"
80.123.225.38 - - [12/May/2020:10:39:47 +0200] "GET /loadthumbnail.php?id=11186498&width=113 HTTP/1.1" 200 2016 "http://renault.activities.at/result?searchterm=true&search=vorf%FChrwagenkleber" "Mozilla/5.0 (Windows NT 6.1; WOW64; Trident/7.0; rv:11.0) like Gecko"
80.123.225.38 - - [12/May/2020:10:39:47 +0200] "GET /loadthumbnail.php?id=11195848&width=113 HTTP/1.1" 200 2016 "http://renault.activities.at/result?searchterm=true&search=vorf%FChrwagenkleber" "Mozilla/5.0 (Windows NT 6.1; WOW64; Trident/7.0; rv:11.0) like Gecko"
80.123.225.38 - - [12/May/2020:10:39:52 +0200] "GET /result?dir=DESC&mode=grid&order=name&limit=50&search=vorf\xfchrwagenkleber HTTP/1.1" 200 12742 "http://renault.activities.at/result?searchterm=true&search=vorf%FChrwagenkleber" "Mozilla/5.0 (Windows NT 6.1; WOW64; Trident/7.0; rv:11.0) like Gecko"
80.123.225.38 - - [12/May/2020:10:39:58 +0200] "GET /loadthumbnail.php?id=11186518&width=113 HTTP/1.1" 200 1516 "http://renault.activities.at/result?dir=DESC&mode=grid&order=name&limit=50&search=vorf%C3%BChrwagenkleber" "Mozilla/5.0 (Windows NT 6.1; WOW64; Trident/7.0; rv:11.0) like Gecko"
80.123.225.38 - - [12/May/2020:10:39:58 +0200] "GET /loadthumbnail.php?id=11186505&width=113 HTTP/1.1" 200 1516 "http://renault.activities.at/result?dir=DESC&mode=grid&order=name&limit=50&search=vorf%C3%BChrwagenkleber" "Mozilla/5.0 (Windows NT 6.1; WOW64; Trident/7.0; rv:11.0) like Gecko"
80.123.225.38 - - [12/May/2020:10:39:58 +0200] "GET /loadthumbnail.php?id=11339768&width=113 HTTP/1.1" 200 2128 "http://renault.activities.at/result?dir=DESC&mode=grid&order=name&limit=50&search=vorf%C3%BChrwagenkleber" "Mozilla/5.0 (Windows NT 6.1; WOW64; Trident/7.0; rv:11.0) like Gecko"
80.123.225.38 - - [12/May/2020:10:39:58 +0200] "GET /loadthumbnail.php?id=11137061&width=113 HTTP/1.1" 200 2095 "http://renault.activities.at/result?dir=DESC&mode=grid&order=name&limit=50&search=vorf%C3%BChrwagenkleber" "Mozilla/5.0 (Windows NT 6.1; WOW64; Trident/7.0; rv:11.0) like Gecko"
80.123.225.38 - - [12/May/2020:10:39:58 +0200] "GET /loadthumbnail.php?id=11339764&width=113 HTTP/1.1" 200 2128 "http://renault.activities.at/result?dir=DESC&mode=grid&order=name&limit=50&search=vorf%C3%BChrwagenkleber" "Mozilla/5.0 (Windows NT 6.1; WOW64; Trident/7.0; rv:11.0) like Gecko"
80.123.225.38 - - [12/May/2020:10:39:58 +0200] "GET /loadthumbnail.php?id=11183285&width=113 HTTP/1.1" 200 1898 "http://renault.activities.at/result?dir=DESC&mode=grid&order=name&limit=50&search=vorf%C3%BChrwagenkleber" "Mozilla/5.0 (Windows NT 6.1; WOW64; Trident/7.0; rv:11.0) like Gecko"
80.123.225.38 - - [12/May/2020:10:39:59 +0200] "GET /loadthumbnail.php?id=11181207&width=113 HTTP/1.1" 200 1279 "http://renault.activities.at/result?dir=DESC&mode=grid&order=name&limit=50&search=vorf%C3%BChrwagenkleber" "Mozilla/5.0 (Windows NT 6.1; WOW64; Trident/7.0; rv:11.0) like Gecko"
80.123.225.38 - - [12/May/2020:10:39:59 +0200] "GET /loadthumbnail.php?id=11181201&width=113 HTTP/1.1" 200 1279 "http://renault.activities.at/result?dir=DESC&mode=grid&order=name&limit=50&search=vorf%C3%BChrwagenkleber" "Mozilla/5.0 (Windows NT 6.1; WOW64; Trident/7.0; rv:11.0) like Gecko"
80.123.225.38 - - [12/May/2020:10:39:59 +0200] "GET /loadthumbnail.php?id=11181225&width=113 HTTP/1.1" 200 1322 "http://renault.activities.at/result?dir=DESC&mode=grid&order=name&limit=50&search=vorf%C3%BChrwagenkleber" "Mozilla/5.0 (Windows NT 6.1; WOW64; Trident/7.0; rv:11.0) like Gecko"
80.123.225.38 - - [12/May/2020:10:39:59 +0200] "GET /loadthumbnail.php?id=11194725&width=113 HTTP/1.1" 200 1322 "http://renault.activities.at/result?dir=DESC&mode=grid&order=name&limit=50&search=vorf%C3%BChrwagenkleber" "Mozilla/5.0 (Windows NT 6.1; WOW64; Trident/7.0; rv:11.0) like Gecko"
80.123.225.38 - - [12/May/2020:10:39:59 +0200] "GET /loadthumbnail.php?id=11195908&width=113 HTTP/1.1" 200 1279 "http://renault.activities.at/result?dir=DESC&mode=grid&order=name&limit=50&search=vorf%C3%BChrwagenkleber" "Mozilla/5.0 (Windows NT 6.1; WOW64; Trident/7.0; rv:11.0) like Gecko"
80.123.225.38 - - [12/May/2020:10:39:59 +0200] "GET /loadthumbnail.php?id=11181227&width=113 HTTP/1.1" 200 1322 "http://renault.activities.at/result?dir=DESC&mode=grid&order=name&limit=50&search=vorf%C3%BChrwagenkleber" "Mozilla/5.0 (Windows NT 6.1; WOW64; Trident/7.0; rv:11.0) like Gecko"
80.123.225.38 - - [12/May/2020:10:39:59 +0200] "GET /loadthumbnail.php?id=11308367&width=113 HTTP/1.1" 200 1939 "http://renault.activities.at/result?dir=DESC&mode=grid&order=name&limit=50&search=vorf%C3%BChrwagenkleber" "Mozilla/5.0 (Windows NT 6.1; WOW64; Trident/7.0; rv:11.0) like Gecko"
80.123.225.38 - - [12/May/2020:10:39:59 +0200] "GET /loadthumbnail.php?id=11308371&width=113 HTTP/1.1" 200 1939 "http://renault.activities.at/result?dir=DESC&mode=grid&order=name&limit=50&search=vorf%C3%BChrwagenkleber" "Mozilla/5.0 (Windows NT 6.1; WOW64; Trident/7.0; rv:11.0) like Gecko"
80.123.225.38 - - [12/May/2020:10:39:59 +0200] "GET /loadthumbnail.php?id=11194700&width=113 HTTP/1.1" 200 1829 "http://renault.activities.at/result?dir=DESC&mode=grid&order=name&limit=50&search=vorf%C3%BChrwagenkleber" "Mozilla/5.0 (Windows NT 6.1; WOW64; Trident/7.0; rv:11.0) like Gecko"
80.123.225.38 - - [12/May/2020:10:39:59 +0200] "GET /loadthumbnail.php?id=11181199&width=113 HTTP/1.1" 200 1829 "http://renault.activities.at/result?dir=DESC&mode=grid&order=name&limit=50&search=vorf%C3%BChrwagenkleber" "Mozilla/5.0 (Windows NT 6.1; WOW64; Trident/7.0; rv:11.0) like Gecko"
80.123.225.38 - - [12/May/2020:10:39:59 +0200] "GET /loadthumbnail.php?id=11186469&width=113 HTTP/1.1" 200 1278 "http://renault.activities.at/result?dir=DESC&mode=grid&order=name&limit=50&search=vorf%C3%BChrwagenkleber" "Mozilla/5.0 (Windows NT 6.1; WOW64; Trident/7.0; rv:11.0) like Gecko"
80.123.225.38 - - [12/May/2020:10:39:59 +0200] "GET /loadthumbnail.php?id=11181197&width=113 HTTP/1.1" 200 1829 "http://renault.activities.at/result?dir=DESC&mode=grid&order=name&limit=50&search=vorf%C3%BChrwagenkleber" "Mozilla/5.0 (Windows NT 6.1; WOW64; Trident/7.0; rv:11.0) like Gecko"
80.123.225.38 - - [12/May/2020:10:39:59 +0200] "GET /loadthumbnail.php?id=11186457&width=113 HTTP/1.1" 200 1278 "http://renault.activities.at/result?dir=DESC&mode=grid&order=name&limit=50&search=vorf%C3%BChrwagenkleber" "Mozilla/5.0 (Windows NT 6.1; WOW64; Trident/7.0; rv:11.0) like Gecko"
80.123.225.38 - - [12/May/2020:10:39:59 +0200] "GET /loadthumbnail.php?id=11194717&width=113 HTTP/1.1" 200 1278 "http://renault.activities.at/result?dir=DESC&mode=grid&order=name&limit=50&search=vorf%C3%BChrwagenkleber" "Mozilla/5.0 (Windows NT 6.1; WOW64; Trident/7.0; rv:11.0) like Gecko"
80.123.225.38 - - [12/May/2020:10:39:59 +0200] "GET /loadthumbnail.php?id=11181237&width=113 HTTP/1.1" 200 1156 "http://renault.activities.at/result?dir=DESC&mode=grid&order=name&limit=50&search=vorf%C3%BChrwagenkleber" "Mozilla/5.0 (Windows NT 6.1; WOW64; Trident/7.0; rv:11.0) like Gecko"
80.123.225.38 - - [12/May/2020:10:39:59 +0200] "GET /loadthumbnail.php?id=11195851&width=113 HTTP/1.1" 200 1156 "http://renault.activities.at/result?dir=DESC&mode=grid&order=name&limit=50&search=vorf%C3%BChrwagenkleber" "Mozilla/5.0 (Windows NT 6.1; WOW64; Trident/7.0; rv:11.0) like Gecko"
80.123.225.38 - - [12/May/2020:10:39:59 +0200] "GET /loadthumbnail.php?id=11181235&width=113 HTTP/1.1" 200 1156 "http://renault.activities.at/result?dir=DESC&mode=grid&order=name&limit=50&search=vorf%C3%BChrwagenkleber" "Mozilla/5.0 (Windows NT 6.1; WOW64; Trident/7.0; rv:11.0) like Gecko"
80.123.225.38 - - [12/May/2020:10:39:59 +0200] "GET /loadthumbnail.php?id=11186495&width=113 HTTP/1.1" 200 1974 "http://renault.activities.at/result?dir=DESC&mode=grid&order=name&limit=50&search=vorf%C3%BChrwagenkleber" "Mozilla/5.0 (Windows NT 6.1; WOW64; Trident/7.0; rv:11.0) like Gecko"
80.123.225.38 - - [12/May/2020:10:39:59 +0200] "GET /loadthumbnail.php?id=11186483&width=113 HTTP/1.1" 200 1974 "http://renault.activities.at/result?dir=DESC&mode=grid&order=name&limit=50&search=vorf%C3%BChrwagenkleber" "Mozilla/5.0 (Windows NT 6.1; WOW64; Trident/7.0; rv:11.0) like Gecko"
