213.153.47.173 - - [14/May/2020:15:13:55 +0200] "GET /reload?ser=1589462035560 HTTP/1.1" 200 28 "http://renault.activities.at/10260260" "Mozilla/5.0 (Windows NT 10.0; Win64; x64) AppleWebKit/537.36 (KHTML, like Gecko) Chrome/81.0.4044.129 Safari/537.36 OPR/68.0.3618.63"
80.123.225.38 - - [14/May/2020:15:14:05 +0200] "GET /reload?ser=1589462045409 HTTP/1.1" 200 28 "http://renault.activities.at/result?searchterm=true&search=bl%E4tter" "Mozilla/5.0 (Windows NT 10.0; WOW64; Trident/7.0; rv:11.0) like Gecko"
80.123.225.38 - - [14/May/2020:15:14:29 +0200] "GET / HTTP/1.1" 200 3365 "-" "Mozilla/5.0 (Windows NT 10.0; Win64; x64) AppleWebKit/537.36 (KHTML, like Gecko) Chrome/81.0.4044.138 Safari/537.36"
80.123.225.38 - - [14/May/2020:15:14:31 +0200] "GET /js/default.js HTTP/1.1" 200 14698 "http://renault.activities.at/" "Mozilla/5.0 (Windows NT 10.0; Win64; x64) AppleWebKit/537.36 (KHTML, like Gecko) Chrome/81.0.4044.138 Safari/537.36"
80.123.225.38 - - [14/May/2020:15:14:31 +0200] "GET /css/reset.css HTTP/1.1" 200 1356 "http://renault.activities.at/" "Mozilla/5.0 (Windows NT 10.0; Win64; x64) AppleWebKit/537.36 (KHTML, like Gecko) Chrome/81.0.4044.138 Safari/537.36"
80.123.225.38 - - [14/May/2020:15:14:31 +0200] "GET /css/clears.css HTTP/1.1" 200 851 "http://renault.activities.at/" "Mozilla/5.0 (Windows NT 10.0; Win64; x64) AppleWebKit/537.36 (KHTML, like Gecko) Chrome/81.0.4044.138 Safari/537.36"
80.123.225.38 - - [14/May/2020:15:14:31 +0200] "GET /css/styles.css HTTP/1.1" 200 14664 "http://renault.activities.at/" "Mozilla/5.0 (Windows NT 10.0; Win64; x64) AppleWebKit/537.36 (KHTML, like Gecko) Chrome/81.0.4044.138 Safari/537.36"
80.123.225.38 - - [14/May/2020:15:14:31 +0200] "GET /js/checkout.css HTTP/1.1" 200 359 "http://renault.activities.at/" "Mozilla/5.0 (Windows NT 10.0; Win64; x64) AppleWebKit/537.36 (KHTML, like Gecko) Chrome/81.0.4044.138 Safari/537.36"
80.123.225.38 - - [14/May/2020:15:14:31 +0200] "GET /css/prototip.css HTTP/1.1" 200 968 "http://renault.activities.at/" "Mozilla/5.0 (Windows NT 10.0; Win64; x64) AppleWebKit/537.36 (KHTML, like Gecko) Chrome/81.0.4044.138 Safari/537.36"
80.123.225.38 - - [14/May/2020:15:14:31 +0200] "GET /css/themes/default.css HTTP/1.1" 200 769 "http://renault.activities.at/" "Mozilla/5.0 (Windows NT 10.0; Win64; x64) AppleWebKit/537.36 (KHTML, like Gecko) Chrome/81.0.4044.138 Safari/537.36"
80.123.225.38 - - [14/May/2020:15:14:31 +0200] "GET /css/themes/alphacube.css HTTP/1.1" 200 743 "http://renault.activities.at/" "Mozilla/5.0 (Windows NT 10.0; Win64; x64) AppleWebKit/537.36 (KHTML, like Gecko) Chrome/81.0.4044.138 Safari/537.36"
80.123.225.38 - - [14/May/2020:15:14:31 +0200] "GET /js/flashdetection.js HTTP/1.1" 200 1059 "http://renault.activities.at/" "Mozilla/5.0 (Windows NT 10.0; Win64; x64) AppleWebKit/537.36 (KHTML, like Gecko) Chrome/81.0.4044.138 Safari/537.36"
80.123.225.38 - - [14/May/2020:15:14:31 +0200] "GET /js/index.php?c=auto&f=,prototype/prototype.js,prototype/validation.js,scriptaculous/builder.js,scriptaculous/effects.js,scriptaculous/dragdrop.js,scriptaculous/controls.js,scriptaculous/slider.js,varien/js.js,varien/form.js,varien/menu.js,mage/translate.js,mage/cookies.js,varien/product.js,spinner/SpinnerControl.jsmin.js,prototype/window.js,prototype/window_ext.js HTTP/1.1" 200 94182 "http://renault.activities.at/" "Mozilla/5.0 (Windows NT 10.0; Win64; x64) AppleWebKit/537.36 (KHTML, like Gecko) Chrome/81.0.4044.138 Safari/537.36"
80.123.225.38 - - [14/May/2020:15:14:31 +0200] "GET /images/main_block_border.gif HTTP/1.1" 200 43 "http://renault.activities.at/css/styles.css" "Mozilla/5.0 (Windows NT 10.0; Win64; x64) AppleWebKit/537.36 (KHTML, like Gecko) Chrome/81.0.4044.138 Safari/537.36"
80.123.225.38 - - [14/May/2020:15:14:31 +0200] "GET /images/main_block_corner_left_bot.gif HTTP/1.1" 200 159 "http://renault.activities.at/css/styles.css" "Mozilla/5.0 (Windows NT 10.0; Win64; x64) AppleWebKit/537.36 (KHTML, like Gecko) Chrome/81.0.4044.138 Safari/537.36"
80.123.225.38 - - [14/May/2020:15:14:31 +0200] "GET /images/main_block_corner_right_bot.gif HTTP/1.1" 200 158 "http://renault.activities.at/css/styles.css" "Mozilla/5.0 (Windows NT 10.0; Win64; x64) AppleWebKit/537.36 (KHTML, like Gecko) Chrome/81.0.4044.138 Safari/537.36"
80.123.225.38 - - [14/May/2020:15:14:31 +0200] "GET /images/header_block_border.gif HTTP/1.1" 200 43 "http://renault.activities.at/css/styles.css" "Mozilla/5.0 (Windows NT 10.0; Win64; x64) AppleWebKit/537.36 (KHTML, like Gecko) Chrome/81.0.4044.138 Safari/537.36"
80.123.225.38 - - [14/May/2020:15:14:31 +0200] "GET /images/header_block_corner_left_top.gif HTTP/1.1" 200 160 "http://renault.activities.at/css/styles.css" "Mozilla/5.0 (Windows NT 10.0; Win64; x64) AppleWebKit/537.36 (KHTML, like Gecko) Chrome/81.0.4044.138 Safari/537.36"
80.123.225.38 - - [14/May/2020:15:14:31 +0200] "GET /css/print.css HTTP/1.1" 200 543 "http://renault.activities.at/" "Mozilla/5.0 (Windows NT 10.0; Win64; x64) AppleWebKit/537.36 (KHTML, like Gecko) Chrome/81.0.4044.138 Safari/537.36"
80.123.225.38 - - [14/May/2020:15:14:31 +0200] "GET /images/header_block_corner_right_top.gif HTTP/1.1" 200 160 "http://renault.activities.at/css/styles.css" "Mozilla/5.0 (Windows NT 10.0; Win64; x64) AppleWebKit/537.36 (KHTML, like Gecko) Chrome/81.0.4044.138 Safari/537.36"
80.123.225.38 - - [14/May/2020:15:14:31 +0200] "GET /images/main_block_corner_left_top.gif HTTP/1.1" 200 159 "http://renault.activities.at/css/styles.css" "Mozilla/5.0 (Windows NT 10.0; Win64; x64) AppleWebKit/537.36 (KHTML, like Gecko) Chrome/81.0.4044.138 Safari/537.36"
80.123.225.38 - - [14/May/2020:15:14:31 +0200] "GET /images/main_block_corner_right_top.gif HTTP/1.1" 200 159 "http://renault.activities.at/css/styles.css" "Mozilla/5.0 (Windows NT 10.0; Win64; x64) AppleWebKit/537.36 (KHTML, like Gecko) Chrome/81.0.4044.138 Safari/537.36"
80.123.225.38 - - [14/May/2020:15:14:31 +0200] "GET /images/title_border.jpg HTTP/1.1" 200 304 "http://renault.activities.at/css/styles.css" "Mozilla/5.0 (Windows NT 10.0; Win64; x64) AppleWebKit/537.36 (KHTML, like Gecko) Chrome/81.0.4044.138 Safari/537.36"
80.123.225.38 - - [14/May/2020:15:14:31 +0200] "GET /images/title_border_top.jpg HTTP/1.1" 200 336 "http://renault.activities.at/css/styles.css" "Mozilla/5.0 (Windows NT 10.0; Win64; x64) AppleWebKit/537.36 (KHTML, like Gecko) Chrome/81.0.4044.138 Safari/537.36"
80.123.225.38 - - [14/May/2020:15:14:31 +0200] "GET /images/title_corner_left_top.jpg HTTP/1.1" 200 372 "http://renault.activities.at/css/styles.css" "Mozilla/5.0 (Windows NT 10.0; Win64; x64) AppleWebKit/537.36 (KHTML, like Gecko) Chrome/81.0.4044.138 Safari/537.36"
80.123.225.38 - - [14/May/2020:15:14:31 +0200] "GET /images/title_corner_right_top.jpg HTTP/1.1" 200 389 "http://renault.activities.at/css/styles.css" "Mozilla/5.0 (Windows NT 10.0; Win64; x64) AppleWebKit/537.36 (KHTML, like Gecko) Chrome/81.0.4044.138 Safari/537.36"
80.123.225.38 - - [14/May/2020:15:14:31 +0200] "GET /loadthumbnail.php?id=11127982 HTTP/1.1" 200 399614 "http://renault.activities.at/" "Mozilla/5.0 (Windows NT 10.0; Win64; x64) AppleWebKit/537.36 (KHTML, like Gecko) Chrome/81.0.4044.138 Safari/537.36"
80.123.225.38 - - [14/May/2020:15:14:32 +0200] "GET /images/favicon.ico HTTP/1.1" 404 305 "http://renault.activities.at/" "Mozilla/5.0 (Windows NT 10.0; Win64; x64) AppleWebKit/537.36 (KHTML, like Gecko) Chrome/81.0.4044.138 Safari/537.36"
62.99.209.66 - - [14/May/2020:15:14:39 +0200] "GET /reload?ser=1589462079113 HTTP/1.1" 200 28 "http://renault.activities.at/checkout" "Mozilla/5.0 (Windows NT 10.0; WOW64; Trident/7.0; rv:11.0) like Gecko"
213.153.47.173 - - [14/May/2020:15:14:56 +0200] "GET /reload?ser=1589462096526 HTTP/1.1" 200 28 "http://renault.activities.at/10260260" "Mozilla/5.0 (Windows NT 10.0; Win64; x64) AppleWebKit/537.36 (KHTML, like Gecko) Chrome/81.0.4044.129 Safari/537.36 OPR/68.0.3618.63"
62.99.209.66 - - [14/May/2020:15:14:54 +0200] "POST /docheckout HTTP/1.1" 200 68 "http://renault.activities.at/checkout" "Mozilla/5.0 (Windows NT 10.0; WOW64; Trident/7.0; rv:11.0) like Gecko"
62.99.209.66 - - [14/May/2020:15:14:57 +0200] "GET /success HTTP/1.1" 200 3778 "http://renault.activities.at/checkout" "Mozilla/5.0 (Windows NT 10.0; WOW64; Trident/7.0; rv:11.0) like Gecko"
62.99.209.66 - - [14/May/2020:15:14:59 +0200] "GET /js/default.js HTTP/1.1" 304 - "http://renault.activities.at/success" "Mozilla/5.0 (Windows NT 10.0; WOW64; Trident/7.0; rv:11.0) like Gecko"
62.99.209.66 - - [14/May/2020:15:14:59 +0200] "GET /css/reset.css HTTP/1.1" 304 - "http://renault.activities.at/success" "Mozilla/5.0 (Windows NT 10.0; WOW64; Trident/7.0; rv:11.0) like Gecko"
62.99.209.66 - - [14/May/2020:15:14:59 +0200] "GET /css/styles.css HTTP/1.1" 304 - "http://renault.activities.at/success" "Mozilla/5.0 (Windows NT 10.0; WOW64; Trident/7.0; rv:11.0) like Gecko"
62.99.209.66 - - [14/May/2020:15:14:59 +0200] "GET /css/clears.css HTTP/1.1" 304 - "http://renault.activities.at/success" "Mozilla/5.0 (Windows NT 10.0; WOW64; Trident/7.0; rv:11.0) like Gecko"
62.99.209.66 - - [14/May/2020:15:14:59 +0200] "GET /css/print.css HTTP/1.1" 304 - "http://renault.activities.at/success" "Mozilla/5.0 (Windows NT 10.0; WOW64; Trident/7.0; rv:11.0) like Gecko"
62.99.209.66 - - [14/May/2020:15:14:59 +0200] "GET /js/checkout.css HTTP/1.1" 304 - "http://renault.activities.at/success" "Mozilla/5.0 (Windows NT 10.0; WOW64; Trident/7.0; rv:11.0) like Gecko"
62.99.209.66 - - [14/May/2020:15:14:59 +0200] "GET /css/prototip.css HTTP/1.1" 304 - "http://renault.activities.at/success" "Mozilla/5.0 (Windows NT 10.0; WOW64; Trident/7.0; rv:11.0) like Gecko"
62.99.209.66 - - [14/May/2020:15:14:59 +0200] "GET /css/themes/default.css HTTP/1.1" 304 - "http://renault.activities.at/success" "Mozilla/5.0 (Windows NT 10.0; WOW64; Trident/7.0; rv:11.0) like Gecko"
62.99.209.66 - - [14/May/2020:15:14:59 +0200] "GET /css/themes/alphacube.css HTTP/1.1" 304 - "http://renault.activities.at/success" "Mozilla/5.0 (Windows NT 10.0; WOW64; Trident/7.0; rv:11.0) like Gecko"
62.99.209.66 - - [14/May/2020:15:14:59 +0200] "GET /images/header_block_corner_left_top.gif HTTP/1.1" 304 - "http://renault.activities.at/success" "Mozilla/5.0 (Windows NT 10.0; WOW64; Trident/7.0; rv:11.0) like Gecko"
62.99.209.66 - - [14/May/2020:15:14:59 +0200] "GET /images/header_block_corner_right_top.gif HTTP/1.1" 304 - "http://renault.activities.at/success" "Mozilla/5.0 (Windows NT 10.0; WOW64; Trident/7.0; rv:11.0) like Gecko"
62.99.209.66 - - [14/May/2020:15:14:59 +0200] "GET /images/search_bg.gif HTTP/1.1" 304 - "http://renault.activities.at/success" "Mozilla/5.0 (Windows NT 10.0; WOW64; Trident/7.0; rv:11.0) like Gecko"
62.99.209.66 - - [14/May/2020:15:14:59 +0200] "GET /images/header_block_border.gif HTTP/1.1" 304 - "http://renault.activities.at/success" "Mozilla/5.0 (Windows NT 10.0; WOW64; Trident/7.0; rv:11.0) like Gecko"
62.99.209.66 - - [14/May/2020:15:14:59 +0200] "GET /images/main_block_corner_right_top.gif HTTP/1.1" 304 - "http://renault.activities.at/success" "Mozilla/5.0 (Windows NT 10.0; WOW64; Trident/7.0; rv:11.0) like Gecko"
62.99.209.66 - - [14/May/2020:15:14:59 +0200] "GET /images/nav_divider.gif HTTP/1.1" 304 - "http://renault.activities.at/success" "Mozilla/5.0 (Windows NT 10.0; WOW64; Trident/7.0; rv:11.0) like Gecko"
62.99.209.66 - - [14/May/2020:15:15:00 +0200] "GET /images/footer_divider.gif HTTP/1.1" 304 - "http://renault.activities.at/success" "Mozilla/5.0 (Windows NT 10.0; WOW64; Trident/7.0; rv:11.0) like Gecko"
62.99.209.66 - - [14/May/2020:15:15:00 +0200] "GET /images/main_block_border.gif HTTP/1.1" 304 - "http://renault.activities.at/success" "Mozilla/5.0 (Windows NT 10.0; WOW64; Trident/7.0; rv:11.0) like Gecko"
62.99.209.66 - - [14/May/2020:15:15:00 +0200] "GET /images/title_border.jpg HTTP/1.1" 304 - "http://renault.activities.at/success" "Mozilla/5.0 (Windows NT 10.0; WOW64; Trident/7.0; rv:11.0) like Gecko"
62.99.209.66 - - [14/May/2020:15:15:00 +0200] "GET /images/main_block_corner_right_bot.gif HTTP/1.1" 304 - "http://renault.activities.at/success" "Mozilla/5.0 (Windows NT 10.0; WOW64; Trident/7.0; rv:11.0) like Gecko"
62.99.209.66 - - [14/May/2020:15:15:00 +0200] "GET /images/menu_button_bg.jpg HTTP/1.1" 304 - "http://renault.activities.at/success" "Mozilla/5.0 (Windows NT 10.0; WOW64; Trident/7.0; rv:11.0) like Gecko"
62.99.209.66 - - [14/May/2020:15:15:00 +0200] "GET /images/title_border_top.jpg HTTP/1.1" 304 - "http://renault.activities.at/success" "Mozilla/5.0 (Windows NT 10.0; WOW64; Trident/7.0; rv:11.0) like Gecko"
62.99.209.66 - - [14/May/2020:15:15:00 +0200] "GET /images/title_corner_left_top.jpg HTTP/1.1" 304 - "http://renault.activities.at/success" "Mozilla/5.0 (Windows NT 10.0; WOW64; Trident/7.0; rv:11.0) like Gecko"
62.99.209.66 - - [14/May/2020:15:15:00 +0200] "GET /images/button_left_bg.gif HTTP/1.1" 304 - "http://renault.activities.at/success" "Mozilla/5.0 (Windows NT 10.0; WOW64; Trident/7.0; rv:11.0) like Gecko"
62.99.209.66 - - [14/May/2020:15:15:00 +0200] "GET /images/menu_divider.gif HTTP/1.1" 304 - "http://renault.activities.at/success" "Mozilla/5.0 (Windows NT 10.0; WOW64; Trident/7.0; rv:11.0) like Gecko"
62.99.209.66 - - [14/May/2020:15:15:00 +0200] "GET /images/main_block_corner_left_bot.gif HTTP/1.1" 304 - "http://renault.activities.at/success" "Mozilla/5.0 (Windows NT 10.0; WOW64; Trident/7.0; rv:11.0) like Gecko"
62.99.209.66 - - [14/May/2020:15:15:00 +0200] "GET /images/main_block_corner_left_top.gif HTTP/1.1" 304 - "http://renault.activities.at/success" "Mozilla/5.0 (Windows NT 10.0; WOW64; Trident/7.0; rv:11.0) like Gecko"
62.99.209.66 - - [14/May/2020:15:15:00 +0200] "GET /images/title_corner_right_top.jpg HTTP/1.1" 304 - "http://renault.activities.at/success" "Mozilla/5.0 (Windows NT 10.0; WOW64; Trident/7.0; rv:11.0) like Gecko"
62.99.209.66 - - [14/May/2020:15:15:00 +0200] "GET /images/top_links_divider.gif HTTP/1.1" 304 - "http://renault.activities.at/success" "Mozilla/5.0 (Windows NT 10.0; WOW64; Trident/7.0; rv:11.0) like Gecko"
80.123.225.38 - - [14/May/2020:15:15:06 +0200] "GET /reload?ser=1589462106423 HTTP/1.1" 200 28 "http://renault.activities.at/result?searchterm=true&search=bl%E4tter" "Mozilla/5.0 (Windows NT 10.0; WOW64; Trident/7.0; rv:11.0) like Gecko"
62.99.209.66 - - [14/May/2020:15:15:11 +0200] "GET /logout HTTP/1.1" 302 140 "http://renault.activities.at/success" "Mozilla/5.0 (Windows NT 10.0; WOW64; Trident/7.0; rv:11.0) like Gecko"
62.99.209.66 - - [14/May/2020:15:15:12 +0200] "GET /logout HTTP/1.1" 200 1583 "http://renault.activities.at/success" "Mozilla/5.0 (Windows NT 10.0; WOW64; Trident/7.0; rv:11.0) like Gecko"
62.99.209.66 - - [14/May/2020:15:15:13 +0200] "GET /js/default.js HTTP/1.1" 304 - "http://renault.activities.at/logout" "Mozilla/5.0 (Windows NT 10.0; WOW64; Trident/7.0; rv:11.0) like Gecko"
62.99.209.66 - - [14/May/2020:15:15:13 +0200] "GET /css/reset.css HTTP/1.1" 304 - "http://renault.activities.at/logout" "Mozilla/5.0 (Windows NT 10.0; WOW64; Trident/7.0; rv:11.0) like Gecko"
62.99.209.66 - - [14/May/2020:15:15:13 +0200] "GET /css/styles.css HTTP/1.1" 304 - "http://renault.activities.at/logout" "Mozilla/5.0 (Windows NT 10.0; WOW64; Trident/7.0; rv:11.0) like Gecko"
62.99.209.66 - - [14/May/2020:15:15:13 +0200] "GET /css/clears.css HTTP/1.1" 304 - "http://renault.activities.at/logout" "Mozilla/5.0 (Windows NT 10.0; WOW64; Trident/7.0; rv:11.0) like Gecko"
62.99.209.66 - - [14/May/2020:15:15:13 +0200] "GET /js/checkout.css HTTP/1.1" 304 - "http://renault.activities.at/logout" "Mozilla/5.0 (Windows NT 10.0; WOW64; Trident/7.0; rv:11.0) like Gecko"
62.99.209.66 - - [14/May/2020:15:15:13 +0200] "GET /css/print.css HTTP/1.1" 304 - "http://renault.activities.at/logout" "Mozilla/5.0 (Windows NT 10.0; WOW64; Trident/7.0; rv:11.0) like Gecko"
62.99.209.66 - - [14/May/2020:15:15:13 +0200] "GET /css/prototip.css HTTP/1.1" 304 - "http://renault.activities.at/logout" "Mozilla/5.0 (Windows NT 10.0; WOW64; Trident/7.0; rv:11.0) like Gecko"
62.99.209.66 - - [14/May/2020:15:15:13 +0200] "GET /css/themes/default.css HTTP/1.1" 304 - "http://renault.activities.at/logout" "Mozilla/5.0 (Windows NT 10.0; WOW64; Trident/7.0; rv:11.0) like Gecko"
62.99.209.66 - - [14/May/2020:15:15:13 +0200] "GET /css/themes/alphacube.css HTTP/1.1" 304 - "http://renault.activities.at/logout" "Mozilla/5.0 (Windows NT 10.0; WOW64; Trident/7.0; rv:11.0) like Gecko"
62.99.209.66 - - [14/May/2020:15:15:13 +0200] "GET /images/title_border.jpg HTTP/1.1" 304 - "http://renault.activities.at/logout" "Mozilla/5.0 (Windows NT 10.0; WOW64; Trident/7.0; rv:11.0) like Gecko"
62.99.209.66 - - [14/May/2020:15:15:13 +0200] "GET /images/header_block_corner_right_top.gif HTTP/1.1" 304 - "http://renault.activities.at/logout" "Mozilla/5.0 (Windows NT 10.0; WOW64; Trident/7.0; rv:11.0) like Gecko"
62.99.209.66 - - [14/May/2020:15:15:13 +0200] "GET /images/title_corner_right_top.jpg HTTP/1.1" 304 - "http://renault.activities.at/logout" "Mozilla/5.0 (Windows NT 10.0; WOW64; Trident/7.0; rv:11.0) like Gecko"
62.99.209.66 - - [14/May/2020:15:15:13 +0200] "GET /images/main_block_corner_left_top.gif HTTP/1.1" 304 - "http://renault.activities.at/logout" "Mozilla/5.0 (Windows NT 10.0; WOW64; Trident/7.0; rv:11.0) like Gecko"
62.99.209.66 - - [14/May/2020:15:15:13 +0200] "GET /images/main_block_corner_right_top.gif HTTP/1.1" 304 - "http://renault.activities.at/logout" "Mozilla/5.0 (Windows NT 10.0; WOW64; Trident/7.0; rv:11.0) like Gecko"
62.99.209.66 - - [14/May/2020:15:15:13 +0200] "GET /images/title_border_top.jpg HTTP/1.1" 304 - "http://renault.activities.at/logout" "Mozilla/5.0 (Windows NT 10.0; WOW64; Trident/7.0; rv:11.0) like Gecko"
62.99.209.66 - - [14/May/2020:15:15:13 +0200] "GET /images/main_block_border.gif HTTP/1.1" 304 - "http://renault.activities.at/logout" "Mozilla/5.0 (Windows NT 10.0; WOW64; Trident/7.0; rv:11.0) like Gecko"
62.99.209.66 - - [14/May/2020:15:15:13 +0200] "GET /images/main_block_corner_right_bot.gif HTTP/1.1" 304 - "http://renault.activities.at/logout" "Mozilla/5.0 (Windows NT 10.0; WOW64; Trident/7.0; rv:11.0) like Gecko"
62.99.209.66 - - [14/May/2020:15:15:13 +0200] "GET /images/header_block_border.gif HTTP/1.1" 304 - "http://renault.activities.at/logout" "Mozilla/5.0 (Windows NT 10.0; WOW64; Trident/7.0; rv:11.0) like Gecko"
62.99.209.66 - - [14/May/2020:15:15:13 +0200] "GET /images/main_block_corner_left_bot.gif HTTP/1.1" 304 - "http://renault.activities.at/logout" "Mozilla/5.0 (Windows NT 10.0; WOW64; Trident/7.0; rv:11.0) like Gecko"
62.99.209.66 - - [14/May/2020:15:15:13 +0200] "GET /images/header_block_corner_left_top.gif HTTP/1.1" 304 - "http://renault.activities.at/logout" "Mozilla/5.0 (Windows NT 10.0; WOW64; Trident/7.0; rv:11.0) like Gecko"
62.99.209.66 - - [14/May/2020:15:15:13 +0200] "GET /images/title_corner_left_top.jpg HTTP/1.1" 304 - "http://renault.activities.at/logout" "Mozilla/5.0 (Windows NT 10.0; WOW64; Trident/7.0; rv:11.0) like Gecko"
62.99.209.66 - - [14/May/2020:15:15:18 +0200] "GET / HTTP/1.1" 200 3365 "http://renault.activities.at/logout" "Mozilla/5.0 (Windows NT 10.0; WOW64; Trident/7.0; rv:11.0) like Gecko"
62.99.209.66 - - [14/May/2020:15:15:19 +0200] "GET /js/default.js HTTP/1.1" 304 - "http://renault.activities.at/" "Mozilla/5.0 (Windows NT 10.0; WOW64; Trident/7.0; rv:11.0) like Gecko"
62.99.209.66 - - [14/May/2020:15:15:19 +0200] "GET /js/flashdetection.js HTTP/1.1" 304 - "http://renault.activities.at/" "Mozilla/5.0 (Windows NT 10.0; WOW64; Trident/7.0; rv:11.0) like Gecko"
62.99.209.66 - - [14/May/2020:15:15:19 +0200] "GET /css/reset.css HTTP/1.1" 304 - "http://renault.activities.at/" "Mozilla/5.0 (Windows NT 10.0; WOW64; Trident/7.0; rv:11.0) like Gecko"
62.99.209.66 - - [14/May/2020:15:15:19 +0200] "GET /css/styles.css HTTP/1.1" 304 - "http://renault.activities.at/" "Mozilla/5.0 (Windows NT 10.0; WOW64; Trident/7.0; rv:11.0) like Gecko"
62.99.209.66 - - [14/May/2020:15:15:19 +0200] "GET /css/clears.css HTTP/1.1" 304 - "http://renault.activities.at/" "Mozilla/5.0 (Windows NT 10.0; WOW64; Trident/7.0; rv:11.0) like Gecko"
62.99.209.66 - - [14/May/2020:15:15:19 +0200] "GET /css/print.css HTTP/1.1" 304 - "http://renault.activities.at/" "Mozilla/5.0 (Windows NT 10.0; WOW64; Trident/7.0; rv:11.0) like Gecko"
62.99.209.66 - - [14/May/2020:15:15:19 +0200] "GET /js/checkout.css HTTP/1.1" 304 - "http://renault.activities.at/" "Mozilla/5.0 (Windows NT 10.0; WOW64; Trident/7.0; rv:11.0) like Gecko"
62.99.209.66 - - [14/May/2020:15:15:19 +0200] "GET /css/prototip.css HTTP/1.1" 304 - "http://renault.activities.at/" "Mozilla/5.0 (Windows NT 10.0; WOW64; Trident/7.0; rv:11.0) like Gecko"
62.99.209.66 - - [14/May/2020:15:15:19 +0200] "GET /css/themes/default.css HTTP/1.1" 304 - "http://renault.activities.at/" "Mozilla/5.0 (Windows NT 10.0; WOW64; Trident/7.0; rv:11.0) like Gecko"
62.99.209.66 - - [14/May/2020:15:15:19 +0200] "GET /css/themes/alphacube.css HTTP/1.1" 304 - "http://renault.activities.at/" "Mozilla/5.0 (Windows NT 10.0; WOW64; Trident/7.0; rv:11.0) like Gecko"
62.99.209.66 - - [14/May/2020:15:15:19 +0200] "GET /images/main_block_border.gif HTTP/1.1" 304 - "http://renault.activities.at/" "Mozilla/5.0 (Windows NT 10.0; WOW64; Trident/7.0; rv:11.0) like Gecko"
62.99.209.66 - - [14/May/2020:15:15:19 +0200] "GET /images/main_block_corner_left_bot.gif HTTP/1.1" 304 - "http://renault.activities.at/" "Mozilla/5.0 (Windows NT 10.0; WOW64; Trident/7.0; rv:11.0) like Gecko"
62.99.209.66 - - [14/May/2020:15:15:19 +0200] "GET /images/main_block_corner_right_bot.gif HTTP/1.1" 304 - "http://renault.activities.at/" "Mozilla/5.0 (Windows NT 10.0; WOW64; Trident/7.0; rv:11.0) like Gecko"
62.99.209.66 - - [14/May/2020:15:15:19 +0200] "GET /images/header_block_border.gif HTTP/1.1" 304 - "http://renault.activities.at/" "Mozilla/5.0 (Windows NT 10.0; WOW64; Trident/7.0; rv:11.0) like Gecko"
62.99.209.66 - - [14/May/2020:15:15:19 +0200] "GET /images/header_block_corner_left_top.gif HTTP/1.1" 304 - "http://renault.activities.at/" "Mozilla/5.0 (Windows NT 10.0; WOW64; Trident/7.0; rv:11.0) like Gecko"
62.99.209.66 - - [14/May/2020:15:15:19 +0200] "GET /images/header_block_corner_right_top.gif HTTP/1.1" 304 - "http://renault.activities.at/" "Mozilla/5.0 (Windows NT 10.0; WOW64; Trident/7.0; rv:11.0) like Gecko"
62.99.209.66 - - [14/May/2020:15:15:19 +0200] "GET /images/main_block_corner_left_top.gif HTTP/1.1" 304 - "http://renault.activities.at/" "Mozilla/5.0 (Windows NT 10.0; WOW64; Trident/7.0; rv:11.0) like Gecko"
62.99.209.66 - - [14/May/2020:15:15:19 +0200] "GET /images/main_block_corner_right_top.gif HTTP/1.1" 304 - "http://renault.activities.at/" "Mozilla/5.0 (Windows NT 10.0; WOW64; Trident/7.0; rv:11.0) like Gecko"
62.99.209.66 - - [14/May/2020:15:15:19 +0200] "GET /images/title_border_top.jpg HTTP/1.1" 304 - "http://renault.activities.at/" "Mozilla/5.0 (Windows NT 10.0; WOW64; Trident/7.0; rv:11.0) like Gecko"
62.99.209.66 - - [14/May/2020:15:15:19 +0200] "GET /images/title_border.jpg HTTP/1.1" 304 - "http://renault.activities.at/" "Mozilla/5.0 (Windows NT 10.0; WOW64; Trident/7.0; rv:11.0) like Gecko"
62.99.209.66 - - [14/May/2020:15:15:19 +0200] "GET /images/title_corner_right_top.jpg HTTP/1.1" 304 - "http://renault.activities.at/" "Mozilla/5.0 (Windows NT 10.0; WOW64; Trident/7.0; rv:11.0) like Gecko"
62.99.209.66 - - [14/May/2020:15:15:19 +0200] "GET /images/title_corner_left_top.jpg HTTP/1.1" 304 - "http://renault.activities.at/" "Mozilla/5.0 (Windows NT 10.0; WOW64; Trident/7.0; rv:11.0) like Gecko"
213.153.47.173 - - [14/May/2020:15:15:57 +0200] "GET /reload?ser=1589462157553 HTTP/1.1" 200 28 "http://renault.activities.at/10260260" "Mozilla/5.0 (Windows NT 10.0; Win64; x64) AppleWebKit/537.36 (KHTML, like Gecko) Chrome/81.0.4044.129 Safari/537.36 OPR/68.0.3618.63"
80.123.225.38 - - [14/May/2020:15:16:07 +0200] "GET /reload?ser=1589462167383 HTTP/1.1" 200 28 "http://renault.activities.at/result?searchterm=true&search=bl%E4tter" "Mozilla/5.0 (Windows NT 10.0; WOW64; Trident/7.0; rv:11.0) like Gecko"
213.153.47.173 - - [14/May/2020:15:16:58 +0200] "GET /reload?ser=1589462218519 HTTP/1.1" 200 28 "http://renault.activities.at/10260260" "Mozilla/5.0 (Windows NT 10.0; Win64; x64) AppleWebKit/537.36 (KHTML, like Gecko) Chrome/81.0.4044.129 Safari/537.36 OPR/68.0.3618.63"
80.123.225.38 - - [14/May/2020:15:17:08 +0200] "GET /reload?ser=1589462228384 HTTP/1.1" 200 28 "http://renault.activities.at/result?searchterm=true&search=bl%E4tter" "Mozilla/5.0 (Windows NT 10.0; WOW64; Trident/7.0; rv:11.0) like Gecko"
213.153.47.173 - - [14/May/2020:15:17:59 +0200] "GET /reload?ser=1589462279521 HTTP/1.1" 200 28 "http://renault.activities.at/10260260" "Mozilla/5.0 (Windows NT 10.0; Win64; x64) AppleWebKit/537.36 (KHTML, like Gecko) Chrome/81.0.4044.129 Safari/537.36 OPR/68.0.3618.63"
80.123.225.38 - - [14/May/2020:15:18:09 +0200] "GET /reload?ser=1589462289399 HTTP/1.1" 200 28 "http://renault.activities.at/result?searchterm=true&search=bl%E4tter" "Mozilla/5.0 (Windows NT 10.0; WOW64; Trident/7.0; rv:11.0) like Gecko"
213.153.47.173 - - [14/May/2020:15:19:00 +0200] "GET /reload?ser=1589462340475 HTTP/1.1" 200 28 "http://renault.activities.at/10260260" "Mozilla/5.0 (Windows NT 10.0; Win64; x64) AppleWebKit/537.36 (KHTML, like Gecko) Chrome/81.0.4044.129 Safari/537.36 OPR/68.0.3618.63"
80.123.225.38 - - [14/May/2020:15:19:10 +0200] "GET /reload?ser=1589462350409 HTTP/1.1" 200 28 "http://renault.activities.at/result?searchterm=true&search=bl%E4tter" "Mozilla/5.0 (Windows NT 10.0; WOW64; Trident/7.0; rv:11.0) like Gecko"
213.153.47.173 - - [14/May/2020:15:20:01 +0200] "GET /reload?ser=1589462401435 HTTP/1.1" 200 28 "http://renault.activities.at/10260260" "Mozilla/5.0 (Windows NT 10.0; Win64; x64) AppleWebKit/537.36 (KHTML, like Gecko) Chrome/81.0.4044.129 Safari/537.36 OPR/68.0.3618.63"
80.123.225.38 - - [14/May/2020:15:20:11 +0200] "GET /reload?ser=1589462411429 HTTP/1.1" 200 28 "http://renault.activities.at/result?searchterm=true&search=bl%E4tter" "Mozilla/5.0 (Windows NT 10.0; WOW64; Trident/7.0; rv:11.0) like Gecko"
213.153.47.173 - - [14/May/2020:15:21:02 +0200] "GET /reload?ser=1589462462404 HTTP/1.1" 200 28 "http://renault.activities.at/10260260" "Mozilla/5.0 (Windows NT 10.0; Win64; x64) AppleWebKit/537.36 (KHTML, like Gecko) Chrome/81.0.4044.129 Safari/537.36 OPR/68.0.3618.63"
80.123.225.38 - - [14/May/2020:15:21:12 +0200] "GET /reload?ser=1589462472409 HTTP/1.1" 200 28 "http://renault.activities.at/result?searchterm=true&search=bl%E4tter" "Mozilla/5.0 (Windows NT 10.0; WOW64; Trident/7.0; rv:11.0) like Gecko"
213.153.47.173 - - [14/May/2020:15:22:03 +0200] "GET /reload?ser=1589462523391 HTTP/1.1" 200 28 "http://renault.activities.at/10260260" "Mozilla/5.0 (Windows NT 10.0; Win64; x64) AppleWebKit/537.36 (KHTML, like Gecko) Chrome/81.0.4044.129 Safari/537.36 OPR/68.0.3618.63"
80.123.225.38 - - [14/May/2020:15:22:13 +0200] "GET /reload?ser=1589462533420 HTTP/1.1" 200 28 "http://renault.activities.at/result?searchterm=true&search=bl%E4tter" "Mozilla/5.0 (Windows NT 10.0; WOW64; Trident/7.0; rv:11.0) like Gecko"
213.153.47.173 - - [14/May/2020:15:23:04 +0200] "GET /reload?ser=1589462584343 HTTP/1.1" 200 28 "http://renault.activities.at/10260260" "Mozilla/5.0 (Windows NT 10.0; Win64; x64) AppleWebKit/537.36 (KHTML, like Gecko) Chrome/81.0.4044.129 Safari/537.36 OPR/68.0.3618.63"
80.123.225.38 - - [14/May/2020:15:23:14 +0200] "GET /reload?ser=1589462594399 HTTP/1.1" 200 28 "http://renault.activities.at/result?searchterm=true&search=bl%E4tter" "Mozilla/5.0 (Windows NT 10.0; WOW64; Trident/7.0; rv:11.0) like Gecko"
213.153.47.173 - - [14/May/2020:15:24:05 +0200] "GET /reload?ser=1589462645321 HTTP/1.1" 200 28 "http://renault.activities.at/10260260" "Mozilla/5.0 (Windows NT 10.0; Win64; x64) AppleWebKit/537.36 (KHTML, like Gecko) Chrome/81.0.4044.129 Safari/537.36 OPR/68.0.3618.63"
80.123.225.38 - - [14/May/2020:15:24:15 +0200] "GET /reload?ser=1589462655398 HTTP/1.1" 200 28 "http://renault.activities.at/result?searchterm=true&search=bl%E4tter" "Mozilla/5.0 (Windows NT 10.0; WOW64; Trident/7.0; rv:11.0) like Gecko"
213.153.47.173 - - [14/May/2020:15:25:06 +0200] "GET /reload?ser=1589462706297 HTTP/1.1" 200 28 "http://renault.activities.at/10260260" "Mozilla/5.0 (Windows NT 10.0; Win64; x64) AppleWebKit/537.36 (KHTML, like Gecko) Chrome/81.0.4044.129 Safari/537.36 OPR/68.0.3618.63"
80.123.225.38 - - [14/May/2020:15:25:16 +0200] "GET /reload?ser=1589462716419 HTTP/1.1" 200 28 "http://renault.activities.at/result?searchterm=true&search=bl%E4tter" "Mozilla/5.0 (Windows NT 10.0; WOW64; Trident/7.0; rv:11.0) like Gecko"
213.153.47.173 - - [14/May/2020:15:26:07 +0200] "GET /reload?ser=1589462767259 HTTP/1.1" 200 28 "http://renault.activities.at/10260260" "Mozilla/5.0 (Windows NT 10.0; Win64; x64) AppleWebKit/537.36 (KHTML, like Gecko) Chrome/81.0.4044.129 Safari/537.36 OPR/68.0.3618.63"
80.123.225.38 - - [14/May/2020:15:26:17 +0200] "GET /reload?ser=1589462777409 HTTP/1.1" 200 28 "http://renault.activities.at/result?searchterm=true&search=bl%E4tter" "Mozilla/5.0 (Windows NT 10.0; WOW64; Trident/7.0; rv:11.0) like Gecko"
213.153.47.173 - - [14/May/2020:15:27:08 +0200] "GET /reload?ser=1589462828246 HTTP/1.1" 200 28 "http://renault.activities.at/10260260" "Mozilla/5.0 (Windows NT 10.0; Win64; x64) AppleWebKit/537.36 (KHTML, like Gecko) Chrome/81.0.4044.129 Safari/537.36 OPR/68.0.3618.63"
80.123.225.38 - - [14/May/2020:15:27:18 +0200] "GET /reload?ser=1589462838408 HTTP/1.1" 200 28 "http://renault.activities.at/result?searchterm=true&search=bl%E4tter" "Mozilla/5.0 (Windows NT 10.0; WOW64; Trident/7.0; rv:11.0) like Gecko"
213.153.47.173 - - [14/May/2020:15:28:09 +0200] "GET /reload?ser=1589462889227 HTTP/1.1" 200 28 "http://renault.activities.at/10260260" "Mozilla/5.0 (Windows NT 10.0; Win64; x64) AppleWebKit/537.36 (KHTML, like Gecko) Chrome/81.0.4044.129 Safari/537.36 OPR/68.0.3618.63"
80.123.225.38 - - [14/May/2020:15:28:19 +0200] "GET /reload?ser=1589462899408 HTTP/1.1" 200 28 "http://renault.activities.at/result?searchterm=true&search=bl%E4tter" "Mozilla/5.0 (Windows NT 10.0; WOW64; Trident/7.0; rv:11.0) like Gecko"
46.229.168.161 - - [14/May/2020:15:28:52 +0200] "GET /robots.txt HTTP/1.1" 404 300 "-" "Mozilla/5.0 (compatible; SemrushBot/6~bl; +http://www.semrush.com/bot.html)"
46.229.168.132 - - [14/May/2020:15:28:52 +0200] "GET / HTTP/1.1" 200 3365 "-" "Mozilla/5.0 (compatible; SemrushBot/6~bl; +http://www.semrush.com/bot.html)"
213.153.47.173 - - [14/May/2020:15:29:10 +0200] "GET /reload?ser=1589462950185 HTTP/1.1" 200 28 "http://renault.activities.at/10260260" "Mozilla/5.0 (Windows NT 10.0; Win64; x64) AppleWebKit/537.36 (KHTML, like Gecko) Chrome/81.0.4044.129 Safari/537.36 OPR/68.0.3618.63"
80.123.225.38 - - [14/May/2020:15:29:20 +0200] "GET /reload?ser=1589462960449 HTTP/1.1" 200 28 "http://renault.activities.at/result?searchterm=true&search=bl%E4tter" "Mozilla/5.0 (Windows NT 10.0; WOW64; Trident/7.0; rv:11.0) like Gecko"
213.153.47.173 - - [14/May/2020:15:30:11 +0200] "GET /reload?ser=1589463011153 HTTP/1.1" 200 28 "http://renault.activities.at/10260260" "Mozilla/5.0 (Windows NT 10.0; Win64; x64) AppleWebKit/537.36 (KHTML, like Gecko) Chrome/81.0.4044.129 Safari/537.36 OPR/68.0.3618.63"
80.123.225.38 - - [14/May/2020:15:30:21 +0200] "GET /reload?ser=1589463021469 HTTP/1.1" 200 28 "http://renault.activities.at/result?searchterm=true&search=bl%E4tter" "Mozilla/5.0 (Windows NT 10.0; WOW64; Trident/7.0; rv:11.0) like Gecko"
213.153.47.173 - - [14/May/2020:15:31:12 +0200] "GET /reload?ser=1589463072139 HTTP/1.1" 200 28 "http://renault.activities.at/10260260" "Mozilla/5.0 (Windows NT 10.0; Win64; x64) AppleWebKit/537.36 (KHTML, like Gecko) Chrome/81.0.4044.129 Safari/537.36 OPR/68.0.3618.63"
80.123.225.38 - - [14/May/2020:15:31:22 +0200] "GET /reload?ser=1589463082457 HTTP/1.1" 200 28 "http://renault.activities.at/result?searchterm=true&search=bl%E4tter" "Mozilla/5.0 (Windows NT 10.0; WOW64; Trident/7.0; rv:11.0) like Gecko"
213.153.47.173 - - [14/May/2020:15:32:13 +0200] "GET /reload?ser=1589463133142 HTTP/1.1" 200 28 "http://renault.activities.at/10260260" "Mozilla/5.0 (Windows NT 10.0; Win64; x64) AppleWebKit/537.36 (KHTML, like Gecko) Chrome/81.0.4044.129 Safari/537.36 OPR/68.0.3618.63"
80.123.225.38 - - [14/May/2020:15:32:23 +0200] "GET /reload?ser=1589463143499 HTTP/1.1" 200 28 "http://renault.activities.at/result?searchterm=true&search=bl%E4tter" "Mozilla/5.0 (Windows NT 10.0; WOW64; Trident/7.0; rv:11.0) like Gecko"
213.153.47.173 - - [14/May/2020:15:33:14 +0200] "GET /reload?ser=1589463194100 HTTP/1.1" 200 28 "http://renault.activities.at/10260260" "Mozilla/5.0 (Windows NT 10.0; Win64; x64) AppleWebKit/537.36 (KHTML, like Gecko) Chrome/81.0.4044.129 Safari/537.36 OPR/68.0.3618.63"
80.123.225.38 - - [14/May/2020:15:33:24 +0200] "GET /reload?ser=1589463204489 HTTP/1.1" 200 28 "http://renault.activities.at/result?searchterm=true&search=bl%E4tter" "Mozilla/5.0 (Windows NT 10.0; WOW64; Trident/7.0; rv:11.0) like Gecko"
213.153.47.173 - - [14/May/2020:15:34:15 +0200] "GET /reload?ser=1589463255055 HTTP/1.1" 200 28 "http://renault.activities.at/10260260" "Mozilla/5.0 (Windows NT 10.0; Win64; x64) AppleWebKit/537.36 (KHTML, like Gecko) Chrome/81.0.4044.129 Safari/537.36 OPR/68.0.3618.63"
80.123.225.38 - - [14/May/2020:15:34:25 +0200] "GET /reload?ser=1589463265519 HTTP/1.1" 200 28 "http://renault.activities.at/result?searchterm=true&search=bl%E4tter" "Mozilla/5.0 (Windows NT 10.0; WOW64; Trident/7.0; rv:11.0) like Gecko"
213.153.47.173 - - [14/May/2020:15:35:16 +0200] "GET /reload?ser=1589463316027 HTTP/1.1" 200 28 "http://renault.activities.at/10260260" "Mozilla/5.0 (Windows NT 10.0; Win64; x64) AppleWebKit/537.36 (KHTML, like Gecko) Chrome/81.0.4044.129 Safari/537.36 OPR/68.0.3618.63"
80.123.225.38 - - [14/May/2020:15:35:26 +0200] "GET /reload?ser=1589463326506 HTTP/1.1" 200 28 "http://renault.activities.at/result?searchterm=true&search=bl%E4tter" "Mozilla/5.0 (Windows NT 10.0; WOW64; Trident/7.0; rv:11.0) like Gecko"
213.153.47.173 - - [14/May/2020:15:36:17 +0200] "GET /reload?ser=1589463377003 HTTP/1.1" 200 28 "http://renault.activities.at/10260260" "Mozilla/5.0 (Windows NT 10.0; Win64; x64) AppleWebKit/537.36 (KHTML, like Gecko) Chrome/81.0.4044.129 Safari/537.36 OPR/68.0.3618.63"
80.123.225.38 - - [14/May/2020:15:36:27 +0200] "GET /reload?ser=1589463387499 HTTP/1.1" 200 28 "http://renault.activities.at/result?searchterm=true&search=bl%E4tter" "Mozilla/5.0 (Windows NT 10.0; WOW64; Trident/7.0; rv:11.0) like Gecko"
213.153.47.173 - - [14/May/2020:15:37:17 +0200] "GET /reload?ser=1589463437970 HTTP/1.1" 200 28 "http://renault.activities.at/10260260" "Mozilla/5.0 (Windows NT 10.0; Win64; x64) AppleWebKit/537.36 (KHTML, like Gecko) Chrome/81.0.4044.129 Safari/537.36 OPR/68.0.3618.63"
80.123.225.38 - - [14/May/2020:15:37:28 +0200] "GET /reload?ser=1589463448515 HTTP/1.1" 200 28 "http://renault.activities.at/result?searchterm=true&search=bl%E4tter" "Mozilla/5.0 (Windows NT 10.0; WOW64; Trident/7.0; rv:11.0) like Gecko"
213.153.47.173 - - [14/May/2020:15:38:18 +0200] "GET /reload?ser=1589463498908 HTTP/1.1" 200 28 "http://renault.activities.at/10260260" "Mozilla/5.0 (Windows NT 10.0; Win64; x64) AppleWebKit/537.36 (KHTML, like Gecko) Chrome/81.0.4044.129 Safari/537.36 OPR/68.0.3618.63"
80.123.225.38 - - [14/May/2020:15:38:29 +0200] "GET /reload?ser=1589463509524 HTTP/1.1" 200 28 "http://renault.activities.at/result?searchterm=true&search=bl%E4tter" "Mozilla/5.0 (Windows NT 10.0; WOW64; Trident/7.0; rv:11.0) like Gecko"
213.153.47.173 - - [14/May/2020:15:39:19 +0200] "GET /reload?ser=1589463559877 HTTP/1.1" 200 28 "http://renault.activities.at/10260260" "Mozilla/5.0 (Windows NT 10.0; Win64; x64) AppleWebKit/537.36 (KHTML, like Gecko) Chrome/81.0.4044.129 Safari/537.36 OPR/68.0.3618.63"
80.123.225.38 - - [14/May/2020:15:39:30 +0200] "GET /reload?ser=1589463570526 HTTP/1.1" 200 28 "http://renault.activities.at/result?searchterm=true&search=bl%E4tter" "Mozilla/5.0 (Windows NT 10.0; WOW64; Trident/7.0; rv:11.0) like Gecko"
213.153.47.173 - - [14/May/2020:15:40:20 +0200] "GET /reload?ser=1589463620845 HTTP/1.1" 200 28 "http://renault.activities.at/10260260" "Mozilla/5.0 (Windows NT 10.0; Win64; x64) AppleWebKit/537.36 (KHTML, like Gecko) Chrome/81.0.4044.129 Safari/537.36 OPR/68.0.3618.63"
80.123.225.38 - - [14/May/2020:15:40:31 +0200] "GET /reload?ser=1589463631523 HTTP/1.1" 200 28 "http://renault.activities.at/result?searchterm=true&search=bl%E4tter" "Mozilla/5.0 (Windows NT 10.0; WOW64; Trident/7.0; rv:11.0) like Gecko"
213.153.47.173 - - [14/May/2020:15:41:21 +0200] "GET /reload?ser=1589463681815 HTTP/1.1" 200 28 "http://renault.activities.at/10260260" "Mozilla/5.0 (Windows NT 10.0; Win64; x64) AppleWebKit/537.36 (KHTML, like Gecko) Chrome/81.0.4044.129 Safari/537.36 OPR/68.0.3618.63"
80.123.225.38 - - [14/May/2020:15:41:32 +0200] "GET /reload?ser=1589463692554 HTTP/1.1" 200 28 "http://renault.activities.at/result?searchterm=true&search=bl%E4tter" "Mozilla/5.0 (Windows NT 10.0; WOW64; Trident/7.0; rv:11.0) like Gecko"
213.153.47.173 - - [14/May/2020:15:42:22 +0200] "GET /reload?ser=1589463742757 HTTP/1.1" 200 28 "http://renault.activities.at/10260260" "Mozilla/5.0 (Windows NT 10.0; Win64; x64) AppleWebKit/537.36 (KHTML, like Gecko) Chrome/81.0.4044.129 Safari/537.36 OPR/68.0.3618.63"
80.123.225.38 - - [14/May/2020:15:42:33 +0200] "GET /reload?ser=1589463753538 HTTP/1.1" 200 28 "http://renault.activities.at/result?searchterm=true&search=bl%E4tter" "Mozilla/5.0 (Windows NT 10.0; WOW64; Trident/7.0; rv:11.0) like Gecko"
213.153.47.173 - - [14/May/2020:15:43:23 +0200] "GET /reload?ser=1589463803756 HTTP/1.1" 200 28 "http://renault.activities.at/10260260" "Mozilla/5.0 (Windows NT 10.0; Win64; x64) AppleWebKit/537.36 (KHTML, like Gecko) Chrome/81.0.4044.129 Safari/537.36 OPR/68.0.3618.63"
80.123.225.38 - - [14/May/2020:15:43:34 +0200] "GET /reload?ser=1589463814523 HTTP/1.1" 200 28 "http://renault.activities.at/result?searchterm=true&search=bl%E4tter" "Mozilla/5.0 (Windows NT 10.0; WOW64; Trident/7.0; rv:11.0) like Gecko"
213.153.47.173 - - [14/May/2020:15:44:24 +0200] "GET /reload?ser=1589463864723 HTTP/1.1" 200 28 "http://renault.activities.at/10260260" "Mozilla/5.0 (Windows NT 10.0; Win64; x64) AppleWebKit/537.36 (KHTML, like Gecko) Chrome/81.0.4044.129 Safari/537.36 OPR/68.0.3618.63"
80.123.225.38 - - [14/May/2020:15:44:35 +0200] "GET /reload?ser=1589463875522 HTTP/1.1" 200 28 "http://renault.activities.at/result?searchterm=true&search=bl%E4tter" "Mozilla/5.0 (Windows NT 10.0; WOW64; Trident/7.0; rv:11.0) like Gecko"
213.153.47.173 - - [14/May/2020:15:45:25 +0200] "GET /reload?ser=1589463925705 HTTP/1.1" 200 28 "http://renault.activities.at/10260260" "Mozilla/5.0 (Windows NT 10.0; Win64; x64) AppleWebKit/537.36 (KHTML, like Gecko) Chrome/81.0.4044.129 Safari/537.36 OPR/68.0.3618.63"
80.123.225.38 - - [14/May/2020:15:45:36 +0200] "GET /reload?ser=1589463936539 HTTP/1.1" 200 28 "http://renault.activities.at/result?searchterm=true&search=bl%E4tter" "Mozilla/5.0 (Windows NT 10.0; WOW64; Trident/7.0; rv:11.0) like Gecko"
213.153.47.173 - - [14/May/2020:15:46:26 +0200] "GET /reload?ser=1589463986683 HTTP/1.1" 200 28 "http://renault.activities.at/10260260" "Mozilla/5.0 (Windows NT 10.0; Win64; x64) AppleWebKit/537.36 (KHTML, like Gecko) Chrome/81.0.4044.129 Safari/537.36 OPR/68.0.3618.63"
80.123.225.38 - - [14/May/2020:15:46:37 +0200] "GET /reload?ser=1589463997553 HTTP/1.1" 200 28 "http://renault.activities.at/result?searchterm=true&search=bl%E4tter" "Mozilla/5.0 (Windows NT 10.0; WOW64; Trident/7.0; rv:11.0) like Gecko"
213.153.47.173 - - [14/May/2020:15:47:27 +0200] "GET /reload?ser=1589464047635 HTTP/1.1" 200 28 "http://renault.activities.at/10260260" "Mozilla/5.0 (Windows NT 10.0; Win64; x64) AppleWebKit/537.36 (KHTML, like Gecko) Chrome/81.0.4044.129 Safari/537.36 OPR/68.0.3618.63"
80.123.225.38 - - [14/May/2020:15:47:39 +0200] "GET /reload?ser=1589464058522 HTTP/1.1" 200 28 "http://renault.activities.at/result?searchterm=true&search=bl%E4tter" "Mozilla/5.0 (Windows NT 10.0; WOW64; Trident/7.0; rv:11.0) like Gecko"
213.153.47.173 - - [14/May/2020:15:48:28 +0200] "GET /reload?ser=1589464108635 HTTP/1.1" 200 28 "http://renault.activities.at/10260260" "Mozilla/5.0 (Windows NT 10.0; Win64; x64) AppleWebKit/537.36 (KHTML, like Gecko) Chrome/81.0.4044.129 Safari/537.36 OPR/68.0.3618.63"
80.123.225.38 - - [14/May/2020:15:48:40 +0200] "GET /reload?ser=1589464120606 HTTP/1.1" 200 28 "http://renault.activities.at/result?searchterm=true&search=bl%E4tter" "Mozilla/5.0 (Windows NT 10.0; WOW64; Trident/7.0; rv:11.0) like Gecko"
213.153.47.173 - - [14/May/2020:15:49:29 +0200] "GET /reload?ser=1589464169620 HTTP/1.1" 200 28 "http://renault.activities.at/10260260" "Mozilla/5.0 (Windows NT 10.0; Win64; x64) AppleWebKit/537.36 (KHTML, like Gecko) Chrome/81.0.4044.129 Safari/537.36 OPR/68.0.3618.63"
80.123.225.38 - - [14/May/2020:15:49:41 +0200] "GET /reload?ser=1589464181608 HTTP/1.1" 200 28 "http://renault.activities.at/result?searchterm=true&search=bl%E4tter" "Mozilla/5.0 (Windows NT 10.0; WOW64; Trident/7.0; rv:11.0) like Gecko"
213.153.47.173 - - [14/May/2020:15:50:30 +0200] "GET /reload?ser=1589464230604 HTTP/1.1" 200 28 "http://renault.activities.at/10260260" "Mozilla/5.0 (Windows NT 10.0; Win64; x64) AppleWebKit/537.36 (KHTML, like Gecko) Chrome/81.0.4044.129 Safari/537.36 OPR/68.0.3618.63"
80.123.225.38 - - [14/May/2020:15:50:42 +0200] "GET /reload?ser=1589464242607 HTTP/1.1" 200 28 "http://renault.activities.at/result?searchterm=true&search=bl%E4tter" "Mozilla/5.0 (Windows NT 10.0; WOW64; Trident/7.0; rv:11.0) like Gecko"
213.153.47.173 - - [14/May/2020:15:51:31 +0200] "GET /reload?ser=1589464291569 HTTP/1.1" 200 28 "http://renault.activities.at/10260260" "Mozilla/5.0 (Windows NT 10.0; Win64; x64) AppleWebKit/537.36 (KHTML, like Gecko) Chrome/81.0.4044.129 Safari/537.36 OPR/68.0.3618.63"
80.123.225.38 - - [14/May/2020:15:51:43 +0200] "GET /reload?ser=1589464303606 HTTP/1.1" 200 28 "http://renault.activities.at/result?searchterm=true&search=bl%E4tter" "Mozilla/5.0 (Windows NT 10.0; WOW64; Trident/7.0; rv:11.0) like Gecko"
213.153.47.173 - - [14/May/2020:15:52:32 +0200] "GET /reload?ser=1589464352552 HTTP/1.1" 200 28 "http://renault.activities.at/10260260" "Mozilla/5.0 (Windows NT 10.0; Win64; x64) AppleWebKit/537.36 (KHTML, like Gecko) Chrome/81.0.4044.129 Safari/537.36 OPR/68.0.3618.63"
80.123.225.38 - - [14/May/2020:15:52:44 +0200] "GET /reload?ser=1589464364639 HTTP/1.1" 200 28 "http://renault.activities.at/result?searchterm=true&search=bl%E4tter" "Mozilla/5.0 (Windows NT 10.0; WOW64; Trident/7.0; rv:11.0) like Gecko"
213.153.47.173 - - [14/May/2020:15:53:33 +0200] "GET /reload?ser=1589464413523 HTTP/1.1" 200 28 "http://renault.activities.at/10260260" "Mozilla/5.0 (Windows NT 10.0; Win64; x64) AppleWebKit/537.36 (KHTML, like Gecko) Chrome/81.0.4044.129 Safari/537.36 OPR/68.0.3618.63"
80.123.225.38 - - [14/May/2020:15:53:45 +0200] "GET /reload?ser=1589464425652 HTTP/1.1" 200 28 "http://renault.activities.at/result?searchterm=true&search=bl%E4tter" "Mozilla/5.0 (Windows NT 10.0; WOW64; Trident/7.0; rv:11.0) like Gecko"
213.153.47.173 - - [14/May/2020:15:54:34 +0200] "GET /reload?ser=1589464474484 HTTP/1.1" 200 28 "http://renault.activities.at/10260260" "Mozilla/5.0 (Windows NT 10.0; Win64; x64) AppleWebKit/537.36 (KHTML, like Gecko) Chrome/81.0.4044.129 Safari/537.36 OPR/68.0.3618.63"
80.123.225.38 - - [14/May/2020:15:54:46 +0200] "GET /reload?ser=1589464486670 HTTP/1.1" 200 28 "http://renault.activities.at/result?searchterm=true&search=bl%E4tter" "Mozilla/5.0 (Windows NT 10.0; WOW64; Trident/7.0; rv:11.0) like Gecko"
213.153.47.173 - - [14/May/2020:15:55:35 +0200] "GET /reload?ser=1589464535473 HTTP/1.1" 200 28 "http://renault.activities.at/10260260" "Mozilla/5.0 (Windows NT 10.0; Win64; x64) AppleWebKit/537.36 (KHTML, like Gecko) Chrome/81.0.4044.129 Safari/537.36 OPR/68.0.3618.63"
80.123.225.38 - - [14/May/2020:15:55:47 +0200] "GET /reload?ser=1589464547657 HTTP/1.1" 200 28 "http://renault.activities.at/result?searchterm=true&search=bl%E4tter" "Mozilla/5.0 (Windows NT 10.0; WOW64; Trident/7.0; rv:11.0) like Gecko"
213.153.47.173 - - [14/May/2020:15:56:36 +0200] "GET /reload?ser=1589464596409 HTTP/1.1" 200 28 "http://renault.activities.at/10260260" "Mozilla/5.0 (Windows NT 10.0; Win64; x64) AppleWebKit/537.36 (KHTML, like Gecko) Chrome/81.0.4044.129 Safari/537.36 OPR/68.0.3618.63"
80.123.225.38 - - [14/May/2020:15:56:48 +0200] "GET /reload?ser=1589464608657 HTTP/1.1" 200 28 "http://renault.activities.at/result?searchterm=true&search=bl%E4tter" "Mozilla/5.0 (Windows NT 10.0; WOW64; Trident/7.0; rv:11.0) like Gecko"
213.153.47.173 - - [14/May/2020:15:57:37 +0200] "GET /reload?ser=1589464657383 HTTP/1.1" 200 28 "http://renault.activities.at/10260260" "Mozilla/5.0 (Windows NT 10.0; Win64; x64) AppleWebKit/537.36 (KHTML, like Gecko) Chrome/81.0.4044.129 Safari/537.36 OPR/68.0.3618.63"
80.123.225.38 - - [14/May/2020:15:57:49 +0200] "GET /reload?ser=1589464669670 HTTP/1.1" 200 28 "http://renault.activities.at/result?searchterm=true&search=bl%E4tter" "Mozilla/5.0 (Windows NT 10.0; WOW64; Trident/7.0; rv:11.0) like Gecko"
213.153.47.173 - - [14/May/2020:15:58:38 +0200] "GET /reload?ser=1589464718367 HTTP/1.1" 200 28 "http://renault.activities.at/10260260" "Mozilla/5.0 (Windows NT 10.0; Win64; x64) AppleWebKit/537.36 (KHTML, like Gecko) Chrome/81.0.4044.129 Safari/537.36 OPR/68.0.3618.63"
80.123.225.38 - - [14/May/2020:15:58:50 +0200] "GET /reload?ser=1589464730668 HTTP/1.1" 200 28 "http://renault.activities.at/result?searchterm=true&search=bl%E4tter" "Mozilla/5.0 (Windows NT 10.0; WOW64; Trident/7.0; rv:11.0) like Gecko"
213.153.47.173 - - [14/May/2020:15:59:39 +0200] "GET /reload?ser=1589464779364 HTTP/1.1" 200 28 "http://renault.activities.at/10260260" "Mozilla/5.0 (Windows NT 10.0; Win64; x64) AppleWebKit/537.36 (KHTML, like Gecko) Chrome/81.0.4044.129 Safari/537.36 OPR/68.0.3618.63"
80.123.225.38 - - [14/May/2020:15:59:51 +0200] "GET /reload?ser=1589464791708 HTTP/1.1" 200 28 "http://renault.activities.at/result?searchterm=true&search=bl%E4tter" "Mozilla/5.0 (Windows NT 10.0; WOW64; Trident/7.0; rv:11.0) like Gecko"
213.153.47.173 - - [14/May/2020:16:00:40 +0200] "GET /reload?ser=1589464840326 HTTP/1.1" 200 28 "http://renault.activities.at/10260260" "Mozilla/5.0 (Windows NT 10.0; Win64; x64) AppleWebKit/537.36 (KHTML, like Gecko) Chrome/81.0.4044.129 Safari/537.36 OPR/68.0.3618.63"
80.123.225.38 - - [14/May/2020:16:00:52 +0200] "GET /reload?ser=1589464852706 HTTP/1.1" 200 28 "http://renault.activities.at/result?searchterm=true&search=bl%E4tter" "Mozilla/5.0 (Windows NT 10.0; WOW64; Trident/7.0; rv:11.0) like Gecko"
213.153.47.173 - - [14/May/2020:16:01:41 +0200] "GET /reload?ser=1589464901287 HTTP/1.1" 200 28 "http://renault.activities.at/10260260" "Mozilla/5.0 (Windows NT 10.0; Win64; x64) AppleWebKit/537.36 (KHTML, like Gecko) Chrome/81.0.4044.129 Safari/537.36 OPR/68.0.3618.63"
80.123.225.38 - - [14/May/2020:16:01:53 +0200] "GET /reload?ser=1589464913690 HTTP/1.1" 200 28 "http://renault.activities.at/result?searchterm=true&search=bl%E4tter" "Mozilla/5.0 (Windows NT 10.0; WOW64; Trident/7.0; rv:11.0) like Gecko"
213.153.47.173 - - [14/May/2020:16:02:42 +0200] "GET /reload?ser=1589464962251 HTTP/1.1" 200 28 "http://renault.activities.at/10260260" "Mozilla/5.0 (Windows NT 10.0; Win64; x64) AppleWebKit/537.36 (KHTML, like Gecko) Chrome/81.0.4044.129 Safari/537.36 OPR/68.0.3618.63"
80.123.225.38 - - [14/May/2020:16:02:54 +0200] "GET /reload?ser=1589464974687 HTTP/1.1" 200 28 "http://renault.activities.at/result?searchterm=true&search=bl%E4tter" "Mozilla/5.0 (Windows NT 10.0; WOW64; Trident/7.0; rv:11.0) like Gecko"
213.153.47.173 - - [14/May/2020:16:03:43 +0200] "GET /reload?ser=1589465023224 HTTP/1.1" 200 28 "http://renault.activities.at/10260260" "Mozilla/5.0 (Windows NT 10.0; Win64; x64) AppleWebKit/537.36 (KHTML, like Gecko) Chrome/81.0.4044.129 Safari/537.36 OPR/68.0.3618.63"
80.123.225.38 - - [14/May/2020:16:03:55 +0200] "GET /reload?ser=1589465035650 HTTP/1.1" 200 28 "http://renault.activities.at/result?searchterm=true&search=bl%E4tter" "Mozilla/5.0 (Windows NT 10.0; WOW64; Trident/7.0; rv:11.0) like Gecko"
213.153.47.173 - - [14/May/2020:16:04:44 +0200] "GET /reload?ser=1589465084210 HTTP/1.1" 200 28 "http://renault.activities.at/10260260" "Mozilla/5.0 (Windows NT 10.0; Win64; x64) AppleWebKit/537.36 (KHTML, like Gecko) Chrome/81.0.4044.129 Safari/537.36 OPR/68.0.3618.63"
80.123.225.38 - - [14/May/2020:16:04:56 +0200] "GET /reload?ser=1589465096651 HTTP/1.1" 200 28 "http://renault.activities.at/result?searchterm=true&search=bl%E4tter" "Mozilla/5.0 (Windows NT 10.0; WOW64; Trident/7.0; rv:11.0) like Gecko"
213.153.47.173 - - [14/May/2020:16:05:45 +0200] "GET /reload?ser=1589465145185 HTTP/1.1" 200 28 "http://renault.activities.at/10260260" "Mozilla/5.0 (Windows NT 10.0; Win64; x64) AppleWebKit/537.36 (KHTML, like Gecko) Chrome/81.0.4044.129 Safari/537.36 OPR/68.0.3618.63"
80.123.225.38 - - [14/May/2020:16:05:57 +0200] "GET /reload?ser=1589465157650 HTTP/1.1" 200 28 "http://renault.activities.at/result?searchterm=true&search=bl%E4tter" "Mozilla/5.0 (Windows NT 10.0; WOW64; Trident/7.0; rv:11.0) like Gecko"
213.153.47.173 - - [14/May/2020:16:06:46 +0200] "GET /reload?ser=1589465206154 HTTP/1.1" 200 28 "http://renault.activities.at/10260260" "Mozilla/5.0 (Windows NT 10.0; Win64; x64) AppleWebKit/537.36 (KHTML, like Gecko) Chrome/81.0.4044.129 Safari/537.36 OPR/68.0.3618.63"
80.123.225.38 - - [14/May/2020:16:06:58 +0200] "GET /reload?ser=1589465218635 HTTP/1.1" 200 28 "http://renault.activities.at/result?searchterm=true&search=bl%E4tter" "Mozilla/5.0 (Windows NT 10.0; WOW64; Trident/7.0; rv:11.0) like Gecko"
