213.153.47.173 - - [14/May/2020:16:07:47 +0200] "GET /reload?ser=1589465267121 HTTP/1.1" 200 28 "http://renault.activities.at/10260260" "Mozilla/5.0 (Windows NT 10.0; Win64; x64) AppleWebKit/537.36 (KHTML, like Gecko) Chrome/81.0.4044.129 Safari/537.36 OPR/68.0.3618.63"
80.123.225.38 - - [14/May/2020:16:07:59 +0200] "GET /reload?ser=1589465279635 HTTP/1.1" 200 28 "http://renault.activities.at/result?searchterm=true&search=bl%E4tter" "Mozilla/5.0 (Windows NT 10.0; WOW64; Trident/7.0; rv:11.0) like Gecko"
213.153.47.173 - - [14/May/2020:16:08:48 +0200] "GET /reload?ser=1589465328089 HTTP/1.1" 200 28 "http://renault.activities.at/10260260" "Mozilla/5.0 (Windows NT 10.0; Win64; x64) AppleWebKit/537.36 (KHTML, like Gecko) Chrome/81.0.4044.129 Safari/537.36 OPR/68.0.3618.63"
80.123.225.38 - - [14/May/2020:16:09:00 +0200] "GET /reload?ser=1589465340652 HTTP/1.1" 200 28 "http://renault.activities.at/result?searchterm=true&search=bl%E4tter" "Mozilla/5.0 (Windows NT 10.0; WOW64; Trident/7.0; rv:11.0) like Gecko"
213.153.47.173 - - [14/May/2020:16:09:49 +0200] "GET /reload?ser=1589465389070 HTTP/1.1" 200 28 "http://renault.activities.at/10260260" "Mozilla/5.0 (Windows NT 10.0; Win64; x64) AppleWebKit/537.36 (KHTML, like Gecko) Chrome/81.0.4044.129 Safari/537.36 OPR/68.0.3618.63"
80.123.225.38 - - [14/May/2020:16:10:01 +0200] "GET /reload?ser=1589465401699 HTTP/1.1" 200 28 "http://renault.activities.at/result?searchterm=true&search=bl%E4tter" "Mozilla/5.0 (Windows NT 10.0; WOW64; Trident/7.0; rv:11.0) like Gecko"
213.153.47.173 - - [14/May/2020:16:10:50 +0200] "GET /reload?ser=1589465450029 HTTP/1.1" 200 28 "http://renault.activities.at/10260260" "Mozilla/5.0 (Windows NT 10.0; Win64; x64) AppleWebKit/537.36 (KHTML, like Gecko) Chrome/81.0.4044.129 Safari/537.36 OPR/68.0.3618.63"
80.123.225.38 - - [14/May/2020:16:11:02 +0200] "GET /reload?ser=1589465462682 HTTP/1.1" 200 28 "http://renault.activities.at/result?searchterm=true&search=bl%E4tter" "Mozilla/5.0 (Windows NT 10.0; WOW64; Trident/7.0; rv:11.0) like Gecko"
213.153.47.173 - - [14/May/2020:16:11:51 +0200] "GET /reload?ser=1589465510986 HTTP/1.1" 200 28 "http://renault.activities.at/10260260" "Mozilla/5.0 (Windows NT 10.0; Win64; x64) AppleWebKit/537.36 (KHTML, like Gecko) Chrome/81.0.4044.129 Safari/537.36 OPR/68.0.3618.63"
80.123.225.38 - - [14/May/2020:16:12:03 +0200] "GET /reload?ser=1589465523685 HTTP/1.1" 200 28 "http://renault.activities.at/result?searchterm=true&search=bl%E4tter" "Mozilla/5.0 (Windows NT 10.0; WOW64; Trident/7.0; rv:11.0) like Gecko"
213.153.47.173 - - [14/May/2020:16:12:51 +0200] "GET /reload?ser=1589465571956 HTTP/1.1" 200 28 "http://renault.activities.at/10260260" "Mozilla/5.0 (Windows NT 10.0; Win64; x64) AppleWebKit/537.36 (KHTML, like Gecko) Chrome/81.0.4044.129 Safari/537.36 OPR/68.0.3618.63"
80.123.225.38 - - [14/May/2020:16:13:04 +0200] "GET /reload?ser=1589465584648 HTTP/1.1" 200 28 "http://renault.activities.at/result?searchterm=true&search=bl%E4tter" "Mozilla/5.0 (Windows NT 10.0; WOW64; Trident/7.0; rv:11.0) like Gecko"
213.153.47.173 - - [14/May/2020:16:13:52 +0200] "GET /reload?ser=1589465632924 HTTP/1.1" 200 28 "http://renault.activities.at/10260260" "Mozilla/5.0 (Windows NT 10.0; Win64; x64) AppleWebKit/537.36 (KHTML, like Gecko) Chrome/81.0.4044.129 Safari/537.36 OPR/68.0.3618.63"
80.123.225.38 - - [14/May/2020:16:14:05 +0200] "GET /reload?ser=1589465645669 HTTP/1.1" 200 28 "http://renault.activities.at/result?searchterm=true&search=bl%E4tter" "Mozilla/5.0 (Windows NT 10.0; WOW64; Trident/7.0; rv:11.0) like Gecko"
213.153.47.173 - - [14/May/2020:16:14:53 +0200] "GET /reload?ser=1589465693922 HTTP/1.1" 200 28 "http://renault.activities.at/10260260" "Mozilla/5.0 (Windows NT 10.0; Win64; x64) AppleWebKit/537.36 (KHTML, like Gecko) Chrome/81.0.4044.129 Safari/537.36 OPR/68.0.3618.63"
80.123.225.38 - - [14/May/2020:16:15:07 +0200] "GET /reload?ser=1589465706685 HTTP/1.1" 200 28 "http://renault.activities.at/result?searchterm=true&search=bl%E4tter" "Mozilla/5.0 (Windows NT 10.0; WOW64; Trident/7.0; rv:11.0) like Gecko"
213.153.47.173 - - [14/May/2020:16:15:54 +0200] "GET /reload?ser=1589465754915 HTTP/1.1" 200 28 "http://renault.activities.at/10260260" "Mozilla/5.0 (Windows NT 10.0; Win64; x64) AppleWebKit/537.36 (KHTML, like Gecko) Chrome/81.0.4044.129 Safari/537.36 OPR/68.0.3618.63"
80.123.225.38 - - [14/May/2020:16:16:08 +0200] "GET /reload?ser=1589465768291 HTTP/1.1" 200 28 "http://renault.activities.at/result?searchterm=true&search=bl%E4tter" "Mozilla/5.0 (Windows NT 10.0; WOW64; Trident/7.0; rv:11.0) like Gecko"
213.153.47.173 - - [14/May/2020:16:16:55 +0200] "GET /reload?ser=1589465815896 HTTP/1.1" 200 28 "http://renault.activities.at/10260260" "Mozilla/5.0 (Windows NT 10.0; Win64; x64) AppleWebKit/537.36 (KHTML, like Gecko) Chrome/81.0.4044.129 Safari/537.36 OPR/68.0.3618.63"
80.123.225.38 - - [14/May/2020:16:17:09 +0200] "GET /reload?ser=1589465829305 HTTP/1.1" 200 28 "http://renault.activities.at/result?searchterm=true&search=bl%E4tter" "Mozilla/5.0 (Windows NT 10.0; WOW64; Trident/7.0; rv:11.0) like Gecko"
213.153.47.173 - - [14/May/2020:16:17:56 +0200] "GET /reload?ser=1589465876865 HTTP/1.1" 200 28 "http://renault.activities.at/10260260" "Mozilla/5.0 (Windows NT 10.0; Win64; x64) AppleWebKit/537.36 (KHTML, like Gecko) Chrome/81.0.4044.129 Safari/537.36 OPR/68.0.3618.63"
80.123.225.38 - - [14/May/2020:16:18:10 +0200] "GET /reload?ser=1589465890333 HTTP/1.1" 200 28 "http://renault.activities.at/result?searchterm=true&search=bl%E4tter" "Mozilla/5.0 (Windows NT 10.0; WOW64; Trident/7.0; rv:11.0) like Gecko"
213.153.47.173 - - [14/May/2020:16:18:57 +0200] "GET /reload?ser=1589465937842 HTTP/1.1" 200 28 "http://renault.activities.at/10260260" "Mozilla/5.0 (Windows NT 10.0; Win64; x64) AppleWebKit/537.36 (KHTML, like Gecko) Chrome/81.0.4044.129 Safari/537.36 OPR/68.0.3618.63"
80.123.225.38 - - [14/May/2020:16:19:11 +0200] "GET /reload?ser=1589465951336 HTTP/1.1" 200 28 "http://renault.activities.at/result?searchterm=true&search=bl%E4tter" "Mozilla/5.0 (Windows NT 10.0; WOW64; Trident/7.0; rv:11.0) like Gecko"
213.153.47.173 - - [14/May/2020:16:19:58 +0200] "GET /reload?ser=1589465998792 HTTP/1.1" 200 28 "http://renault.activities.at/10260260" "Mozilla/5.0 (Windows NT 10.0; Win64; x64) AppleWebKit/537.36 (KHTML, like Gecko) Chrome/81.0.4044.129 Safari/537.36 OPR/68.0.3618.63"
80.123.225.38 - - [14/May/2020:16:20:12 +0200] "GET /reload?ser=1589466012363 HTTP/1.1" 200 28 "http://renault.activities.at/result?searchterm=true&search=bl%E4tter" "Mozilla/5.0 (Windows NT 10.0; WOW64; Trident/7.0; rv:11.0) like Gecko"
213.153.47.173 - - [14/May/2020:16:20:59 +0200] "GET /reload?ser=1589466059750 HTTP/1.1" 200 28 "http://renault.activities.at/10260260" "Mozilla/5.0 (Windows NT 10.0; Win64; x64) AppleWebKit/537.36 (KHTML, like Gecko) Chrome/81.0.4044.129 Safari/537.36 OPR/68.0.3618.63"
80.123.225.38 - - [14/May/2020:16:21:13 +0200] "GET /reload?ser=1589466073364 HTTP/1.1" 200 28 "http://renault.activities.at/result?searchterm=true&search=bl%E4tter" "Mozilla/5.0 (Windows NT 10.0; WOW64; Trident/7.0; rv:11.0) like Gecko"
213.153.47.173 - - [14/May/2020:16:22:00 +0200] "GET /reload?ser=1589466120715 HTTP/1.1" 200 28 "http://renault.activities.at/10260260" "Mozilla/5.0 (Windows NT 10.0; Win64; x64) AppleWebKit/537.36 (KHTML, like Gecko) Chrome/81.0.4044.129 Safari/537.36 OPR/68.0.3618.63"
80.123.225.38 - - [14/May/2020:16:22:14 +0200] "GET /reload?ser=1589466134386 HTTP/1.1" 200 28 "http://renault.activities.at/result?searchterm=true&search=bl%E4tter" "Mozilla/5.0 (Windows NT 10.0; WOW64; Trident/7.0; rv:11.0) like Gecko"
213.153.47.173 - - [14/May/2020:16:23:01 +0200] "GET /reload?ser=1589466181655 HTTP/1.1" 200 28 "http://renault.activities.at/10260260" "Mozilla/5.0 (Windows NT 10.0; Win64; x64) AppleWebKit/537.36 (KHTML, like Gecko) Chrome/81.0.4044.129 Safari/537.36 OPR/68.0.3618.63"
80.123.225.38 - - [14/May/2020:16:23:15 +0200] "GET /reload?ser=1589466195363 HTTP/1.1" 200 28 "http://renault.activities.at/result?searchterm=true&search=bl%E4tter" "Mozilla/5.0 (Windows NT 10.0; WOW64; Trident/7.0; rv:11.0) like Gecko"
213.153.47.173 - - [14/May/2020:16:24:02 +0200] "GET /reload?ser=1589466242626 HTTP/1.1" 200 28 "http://renault.activities.at/10260260" "Mozilla/5.0 (Windows NT 10.0; Win64; x64) AppleWebKit/537.36 (KHTML, like Gecko) Chrome/81.0.4044.129 Safari/537.36 OPR/68.0.3618.63"
80.123.225.38 - - [14/May/2020:16:24:16 +0200] "GET /reload?ser=1589466256346 HTTP/1.1" 200 28 "http://renault.activities.at/result?searchterm=true&search=bl%E4tter" "Mozilla/5.0 (Windows NT 10.0; WOW64; Trident/7.0; rv:11.0) like Gecko"
213.153.47.173 - - [14/May/2020:16:25:03 +0200] "GET /reload?ser=1589466303597 HTTP/1.1" 200 28 "http://renault.activities.at/10260260" "Mozilla/5.0 (Windows NT 10.0; Win64; x64) AppleWebKit/537.36 (KHTML, like Gecko) Chrome/81.0.4044.129 Safari/537.36 OPR/68.0.3618.63"
80.123.225.38 - - [14/May/2020:16:25:17 +0200] "GET /reload?ser=1589466317331 HTTP/1.1" 200 28 "http://renault.activities.at/result?searchterm=true&search=bl%E4tter" "Mozilla/5.0 (Windows NT 10.0; WOW64; Trident/7.0; rv:11.0) like Gecko"
213.153.47.173 - - [14/May/2020:16:26:04 +0200] "GET /reload?ser=1589466364551 HTTP/1.1" 200 28 "http://renault.activities.at/10260260" "Mozilla/5.0 (Windows NT 10.0; Win64; x64) AppleWebKit/537.36 (KHTML, like Gecko) Chrome/81.0.4044.129 Safari/537.36 OPR/68.0.3618.63"
80.123.225.38 - - [14/May/2020:16:26:18 +0200] "GET /reload?ser=1589466378330 HTTP/1.1" 200 28 "http://renault.activities.at/result?searchterm=true&search=bl%E4tter" "Mozilla/5.0 (Windows NT 10.0; WOW64; Trident/7.0; rv:11.0) like Gecko"
213.153.47.173 - - [14/May/2020:16:27:05 +0200] "GET /reload?ser=1589466425508 HTTP/1.1" 200 28 "http://renault.activities.at/10260260" "Mozilla/5.0 (Windows NT 10.0; Win64; x64) AppleWebKit/537.36 (KHTML, like Gecko) Chrome/81.0.4044.129 Safari/537.36 OPR/68.0.3618.63"
80.123.225.38 - - [14/May/2020:16:27:19 +0200] "GET /reload?ser=1589466439307 HTTP/1.1" 200 28 "http://renault.activities.at/result?searchterm=true&search=bl%E4tter" "Mozilla/5.0 (Windows NT 10.0; WOW64; Trident/7.0; rv:11.0) like Gecko"
213.153.47.173 - - [14/May/2020:16:28:06 +0200] "GET /reload?ser=1589466486484 HTTP/1.1" 200 28 "http://renault.activities.at/10260260" "Mozilla/5.0 (Windows NT 10.0; Win64; x64) AppleWebKit/537.36 (KHTML, like Gecko) Chrome/81.0.4044.129 Safari/537.36 OPR/68.0.3618.63"
80.123.225.38 - - [14/May/2020:16:28:20 +0200] "GET /reload?ser=1589466500323 HTTP/1.1" 200 28 "http://renault.activities.at/result?searchterm=true&search=bl%E4tter" "Mozilla/5.0 (Windows NT 10.0; WOW64; Trident/7.0; rv:11.0) like Gecko"
213.153.47.173 - - [14/May/2020:16:29:07 +0200] "GET /reload?ser=1589466547473 HTTP/1.1" 200 28 "http://renault.activities.at/10260260" "Mozilla/5.0 (Windows NT 10.0; Win64; x64) AppleWebKit/537.36 (KHTML, like Gecko) Chrome/81.0.4044.129 Safari/537.36 OPR/68.0.3618.63"
80.123.225.38 - - [14/May/2020:16:29:21 +0200] "GET /reload?ser=1589466561331 HTTP/1.1" 200 28 "http://renault.activities.at/result?searchterm=true&search=bl%E4tter" "Mozilla/5.0 (Windows NT 10.0; WOW64; Trident/7.0; rv:11.0) like Gecko"
213.153.47.173 - - [14/May/2020:16:30:08 +0200] "GET /reload?ser=1589466608484 HTTP/1.1" 200 28 "http://renault.activities.at/10260260" "Mozilla/5.0 (Windows NT 10.0; Win64; x64) AppleWebKit/537.36 (KHTML, like Gecko) Chrome/81.0.4044.129 Safari/537.36 OPR/68.0.3618.63"
80.123.225.38 - - [14/May/2020:16:30:22 +0200] "GET /reload?ser=1589466622348 HTTP/1.1" 200 28 "http://renault.activities.at/result?searchterm=true&search=bl%E4tter" "Mozilla/5.0 (Windows NT 10.0; WOW64; Trident/7.0; rv:11.0) like Gecko"
213.153.47.173 - - [14/May/2020:16:31:09 +0200] "GET /reload?ser=1589466669487 HTTP/1.1" 200 28 "http://renault.activities.at/10260260" "Mozilla/5.0 (Windows NT 10.0; Win64; x64) AppleWebKit/537.36 (KHTML, like Gecko) Chrome/81.0.4044.129 Safari/537.36 OPR/68.0.3618.63"
80.123.225.38 - - [14/May/2020:16:31:23 +0200] "GET /reload?ser=1589466683332 HTTP/1.1" 200 28 "http://renault.activities.at/result?searchterm=true&search=bl%E4tter" "Mozilla/5.0 (Windows NT 10.0; WOW64; Trident/7.0; rv:11.0) like Gecko"
213.153.47.173 - - [14/May/2020:16:32:10 +0200] "GET /reload?ser=1589466730425 HTTP/1.1" 200 28 "http://renault.activities.at/10260260" "Mozilla/5.0 (Windows NT 10.0; Win64; x64) AppleWebKit/537.36 (KHTML, like Gecko) Chrome/81.0.4044.129 Safari/537.36 OPR/68.0.3618.63"
80.123.225.38 - - [14/May/2020:16:32:24 +0200] "GET /reload?ser=1589466744346 HTTP/1.1" 200 28 "http://renault.activities.at/result?searchterm=true&search=bl%E4tter" "Mozilla/5.0 (Windows NT 10.0; WOW64; Trident/7.0; rv:11.0) like Gecko"
213.153.47.173 - - [14/May/2020:16:33:11 +0200] "GET /reload?ser=1589466791401 HTTP/1.1" 200 28 "http://renault.activities.at/10260260" "Mozilla/5.0 (Windows NT 10.0; Win64; x64) AppleWebKit/537.36 (KHTML, like Gecko) Chrome/81.0.4044.129 Safari/537.36 OPR/68.0.3618.63"
80.123.225.38 - - [14/May/2020:16:33:25 +0200] "GET /reload?ser=1589466805347 HTTP/1.1" 200 28 "http://renault.activities.at/result?searchterm=true&search=bl%E4tter" "Mozilla/5.0 (Windows NT 10.0; WOW64; Trident/7.0; rv:11.0) like Gecko"
213.153.47.173 - - [14/May/2020:16:34:12 +0200] "GET /reload?ser=1589466852384 HTTP/1.1" 200 28 "http://renault.activities.at/10260260" "Mozilla/5.0 (Windows NT 10.0; Win64; x64) AppleWebKit/537.36 (KHTML, like Gecko) Chrome/81.0.4044.129 Safari/537.36 OPR/68.0.3618.63"
80.123.225.38 - - [14/May/2020:16:34:26 +0200] "GET /reload?ser=1589466866349 HTTP/1.1" 200 28 "http://renault.activities.at/result?searchterm=true&search=bl%E4tter" "Mozilla/5.0 (Windows NT 10.0; WOW64; Trident/7.0; rv:11.0) like Gecko"
213.153.47.173 - - [14/May/2020:16:35:13 +0200] "GET /reload?ser=1589466913339 HTTP/1.1" 200 28 "http://renault.activities.at/10260260" "Mozilla/5.0 (Windows NT 10.0; Win64; x64) AppleWebKit/537.36 (KHTML, like Gecko) Chrome/81.0.4044.129 Safari/537.36 OPR/68.0.3618.63"
80.123.225.38 - - [14/May/2020:16:35:27 +0200] "GET /reload?ser=1589466927378 HTTP/1.1" 200 28 "http://renault.activities.at/result?searchterm=true&search=bl%E4tter" "Mozilla/5.0 (Windows NT 10.0; WOW64; Trident/7.0; rv:11.0) like Gecko"
213.153.47.173 - - [14/May/2020:16:36:14 +0200] "GET /reload?ser=1589466974297 HTTP/1.1" 200 28 "http://renault.activities.at/10260260" "Mozilla/5.0 (Windows NT 10.0; Win64; x64) AppleWebKit/537.36 (KHTML, like Gecko) Chrome/81.0.4044.129 Safari/537.36 OPR/68.0.3618.63"
80.123.225.38 - - [14/May/2020:16:36:28 +0200] "GET /reload?ser=1589466988363 HTTP/1.1" 200 28 "http://renault.activities.at/result?searchterm=true&search=bl%E4tter" "Mozilla/5.0 (Windows NT 10.0; WOW64; Trident/7.0; rv:11.0) like Gecko"
213.153.47.173 - - [14/May/2020:16:37:15 +0200] "GET /reload?ser=1589467035287 HTTP/1.1" 200 28 "http://renault.activities.at/10260260" "Mozilla/5.0 (Windows NT 10.0; Win64; x64) AppleWebKit/537.36 (KHTML, like Gecko) Chrome/81.0.4044.129 Safari/537.36 OPR/68.0.3618.63"
80.123.225.38 - - [14/May/2020:16:37:29 +0200] "GET /reload?ser=1589467049342 HTTP/1.1" 200 28 "http://renault.activities.at/result?searchterm=true&search=bl%E4tter" "Mozilla/5.0 (Windows NT 10.0; WOW64; Trident/7.0; rv:11.0) like Gecko"
213.153.47.173 - - [14/May/2020:16:38:16 +0200] "GET /reload?ser=1589467096255 HTTP/1.1" 200 28 "http://renault.activities.at/10260260" "Mozilla/5.0 (Windows NT 10.0; Win64; x64) AppleWebKit/537.36 (KHTML, like Gecko) Chrome/81.0.4044.129 Safari/537.36 OPR/68.0.3618.63"
80.123.225.38 - - [14/May/2020:16:38:30 +0200] "GET /reload?ser=1589467110332 HTTP/1.1" 200 28 "http://renault.activities.at/result?searchterm=true&search=bl%E4tter" "Mozilla/5.0 (Windows NT 10.0; WOW64; Trident/7.0; rv:11.0) like Gecko"
213.153.47.173 - - [14/May/2020:16:39:17 +0200] "GET /reload?ser=1589467157218 HTTP/1.1" 200 28 "http://renault.activities.at/10260260" "Mozilla/5.0 (Windows NT 10.0; Win64; x64) AppleWebKit/537.36 (KHTML, like Gecko) Chrome/81.0.4044.129 Safari/537.36 OPR/68.0.3618.63"
80.123.225.38 - - [14/May/2020:16:39:31 +0200] "GET /reload?ser=1589467171324 HTTP/1.1" 200 28 "http://renault.activities.at/result?searchterm=true&search=bl%E4tter" "Mozilla/5.0 (Windows NT 10.0; WOW64; Trident/7.0; rv:11.0) like Gecko"
213.153.47.173 - - [14/May/2020:16:40:18 +0200] "GET /reload?ser=1589467218195 HTTP/1.1" 200 28 "http://renault.activities.at/10260260" "Mozilla/5.0 (Windows NT 10.0; Win64; x64) AppleWebKit/537.36 (KHTML, like Gecko) Chrome/81.0.4044.129 Safari/537.36 OPR/68.0.3618.63"
80.123.225.38 - - [14/May/2020:16:40:32 +0200] "GET /reload?ser=1589467232343 HTTP/1.1" 200 28 "http://renault.activities.at/result?searchterm=true&search=bl%E4tter" "Mozilla/5.0 (Windows NT 10.0; WOW64; Trident/7.0; rv:11.0) like Gecko"
213.153.47.173 - - [14/May/2020:16:41:19 +0200] "GET /reload?ser=1589467279185 HTTP/1.1" 200 28 "http://renault.activities.at/10260260" "Mozilla/5.0 (Windows NT 10.0; Win64; x64) AppleWebKit/537.36 (KHTML, like Gecko) Chrome/81.0.4044.129 Safari/537.36 OPR/68.0.3618.63"
80.123.225.38 - - [14/May/2020:16:41:33 +0200] "GET /reload?ser=1589467293323 HTTP/1.1" 200 28 "http://renault.activities.at/result?searchterm=true&search=bl%E4tter" "Mozilla/5.0 (Windows NT 10.0; WOW64; Trident/7.0; rv:11.0) like Gecko"
213.153.47.173 - - [14/May/2020:16:42:20 +0200] "GET /reload?ser=1589467340155 HTTP/1.1" 200 28 "http://renault.activities.at/10260260" "Mozilla/5.0 (Windows NT 10.0; Win64; x64) AppleWebKit/537.36 (KHTML, like Gecko) Chrome/81.0.4044.129 Safari/537.36 OPR/68.0.3618.63"
80.123.225.38 - - [14/May/2020:16:42:34 +0200] "GET /reload?ser=1589467354324 HTTP/1.1" 200 28 "http://renault.activities.at/result?searchterm=true&search=bl%E4tter" "Mozilla/5.0 (Windows NT 10.0; WOW64; Trident/7.0; rv:11.0) like Gecko"
213.153.47.173 - - [14/May/2020:16:43:21 +0200] "GET /reload?ser=1589467401095 HTTP/1.1" 200 28 "http://renault.activities.at/10260260" "Mozilla/5.0 (Windows NT 10.0; Win64; x64) AppleWebKit/537.36 (KHTML, like Gecko) Chrome/81.0.4044.129 Safari/537.36 OPR/68.0.3618.63"
80.123.225.38 - - [14/May/2020:16:43:35 +0200] "GET /reload?ser=1589467415341 HTTP/1.1" 200 28 "http://renault.activities.at/result?searchterm=true&search=bl%E4tter" "Mozilla/5.0 (Windows NT 10.0; WOW64; Trident/7.0; rv:11.0) like Gecko"
213.153.47.173 - - [14/May/2020:16:44:22 +0200] "GET /reload?ser=1589467462051 HTTP/1.1" 200 28 "http://renault.activities.at/10260260" "Mozilla/5.0 (Windows NT 10.0; Win64; x64) AppleWebKit/537.36 (KHTML, like Gecko) Chrome/81.0.4044.129 Safari/537.36 OPR/68.0.3618.63"
80.123.225.38 - - [14/May/2020:16:44:36 +0200] "GET /reload?ser=1589467476374 HTTP/1.1" 200 28 "http://renault.activities.at/result?searchterm=true&search=bl%E4tter" "Mozilla/5.0 (Windows NT 10.0; WOW64; Trident/7.0; rv:11.0) like Gecko"
213.153.47.173 - - [14/May/2020:16:45:23 +0200] "GET /reload?ser=1589467523039 HTTP/1.1" 200 28 "http://renault.activities.at/10260260" "Mozilla/5.0 (Windows NT 10.0; Win64; x64) AppleWebKit/537.36 (KHTML, like Gecko) Chrome/81.0.4044.129 Safari/537.36 OPR/68.0.3618.63"
80.123.225.38 - - [14/May/2020:16:45:37 +0200] "GET /reload?ser=1589467537327 HTTP/1.1" 200 28 "http://renault.activities.at/result?searchterm=true&search=bl%E4tter" "Mozilla/5.0 (Windows NT 10.0; WOW64; Trident/7.0; rv:11.0) like Gecko"
213.153.47.173 - - [14/May/2020:16:46:24 +0200] "GET /reload?ser=1589467583993 HTTP/1.1" 200 28 "http://renault.activities.at/10260260" "Mozilla/5.0 (Windows NT 10.0; Win64; x64) AppleWebKit/537.36 (KHTML, like Gecko) Chrome/81.0.4044.129 Safari/537.36 OPR/68.0.3618.63"
80.123.225.38 - - [14/May/2020:16:46:38 +0200] "GET /reload?ser=1589467598327 HTTP/1.1" 200 28 "http://renault.activities.at/result?searchterm=true&search=bl%E4tter" "Mozilla/5.0 (Windows NT 10.0; WOW64; Trident/7.0; rv:11.0) like Gecko"
213.153.47.173 - - [14/May/2020:16:47:24 +0200] "GET /reload?ser=1589467644944 HTTP/1.1" 200 28 "http://renault.activities.at/10260260" "Mozilla/5.0 (Windows NT 10.0; Win64; x64) AppleWebKit/537.36 (KHTML, like Gecko) Chrome/81.0.4044.129 Safari/537.36 OPR/68.0.3618.63"
80.123.225.38 - - [14/May/2020:16:47:39 +0200] "GET /reload?ser=1589467659337 HTTP/1.1" 200 28 "http://renault.activities.at/result?searchterm=true&search=bl%E4tter" "Mozilla/5.0 (Windows NT 10.0; WOW64; Trident/7.0; rv:11.0) like Gecko"
213.153.47.173 - - [14/May/2020:16:48:25 +0200] "GET /reload?ser=1589467705902 HTTP/1.1" 200 28 "http://renault.activities.at/10260260" "Mozilla/5.0 (Windows NT 10.0; Win64; x64) AppleWebKit/537.36 (KHTML, like Gecko) Chrome/81.0.4044.129 Safari/537.36 OPR/68.0.3618.63"
80.123.225.38 - - [14/May/2020:16:48:40 +0200] "GET /reload?ser=1589467720314 HTTP/1.1" 200 28 "http://renault.activities.at/result?searchterm=true&search=bl%E4tter" "Mozilla/5.0 (Windows NT 10.0; WOW64; Trident/7.0; rv:11.0) like Gecko"
213.153.47.173 - - [14/May/2020:16:49:26 +0200] "GET /reload?ser=1589467766869 HTTP/1.1" 200 28 "http://renault.activities.at/10260260" "Mozilla/5.0 (Windows NT 10.0; Win64; x64) AppleWebKit/537.36 (KHTML, like Gecko) Chrome/81.0.4044.129 Safari/537.36 OPR/68.0.3618.63"
80.123.225.38 - - [14/May/2020:16:49:41 +0200] "GET /reload?ser=1589467781322 HTTP/1.1" 200 28 "http://renault.activities.at/result?searchterm=true&search=bl%E4tter" "Mozilla/5.0 (Windows NT 10.0; WOW64; Trident/7.0; rv:11.0) like Gecko"
213.153.47.173 - - [14/May/2020:16:50:27 +0200] "GET /reload?ser=1589467827871 HTTP/1.1" 200 28 "http://renault.activities.at/10260260" "Mozilla/5.0 (Windows NT 10.0; Win64; x64) AppleWebKit/537.36 (KHTML, like Gecko) Chrome/81.0.4044.129 Safari/537.36 OPR/68.0.3618.63"
80.123.225.38 - - [14/May/2020:16:50:42 +0200] "GET /reload?ser=1589467842312 HTTP/1.1" 200 28 "http://renault.activities.at/result?searchterm=true&search=bl%E4tter" "Mozilla/5.0 (Windows NT 10.0; WOW64; Trident/7.0; rv:11.0) like Gecko"
213.153.47.173 - - [14/May/2020:16:51:28 +0200] "GET /reload?ser=1589467888832 HTTP/1.1" 200 28 "http://renault.activities.at/10260260" "Mozilla/5.0 (Windows NT 10.0; Win64; x64) AppleWebKit/537.36 (KHTML, like Gecko) Chrome/81.0.4044.129 Safari/537.36 OPR/68.0.3618.63"
80.123.225.38 - - [14/May/2020:16:51:43 +0200] "GET /reload?ser=1589467903342 HTTP/1.1" 200 28 "http://renault.activities.at/result?searchterm=true&search=bl%E4tter" "Mozilla/5.0 (Windows NT 10.0; WOW64; Trident/7.0; rv:11.0) like Gecko"
213.153.47.173 - - [14/May/2020:16:52:29 +0200] "GET /reload?ser=1589467949804 HTTP/1.1" 200 28 "http://renault.activities.at/10260260" "Mozilla/5.0 (Windows NT 10.0; Win64; x64) AppleWebKit/537.36 (KHTML, like Gecko) Chrome/81.0.4044.129 Safari/537.36 OPR/68.0.3618.63"
80.123.225.38 - - [14/May/2020:16:52:44 +0200] "GET /reload?ser=1589467964338 HTTP/1.1" 200 28 "http://renault.activities.at/result?searchterm=true&search=bl%E4tter" "Mozilla/5.0 (Windows NT 10.0; WOW64; Trident/7.0; rv:11.0) like Gecko"
157.55.39.0 - - [14/May/2020:16:53:13 +0200] "GET /robots.txt HTTP/1.1" 404 300 "-" "Mozilla/5.0 (compatible; bingbot/2.0; +http://www.bing.com/bingbot.htm)"
213.153.47.173 - - [14/May/2020:16:53:30 +0200] "GET /reload?ser=1589468010763 HTTP/1.1" 200 28 "http://renault.activities.at/10260260" "Mozilla/5.0 (Windows NT 10.0; Win64; x64) AppleWebKit/537.36 (KHTML, like Gecko) Chrome/81.0.4044.129 Safari/537.36 OPR/68.0.3618.63"
80.123.225.38 - - [14/May/2020:16:53:45 +0200] "GET /reload?ser=1589468025324 HTTP/1.1" 200 28 "http://renault.activities.at/result?searchterm=true&search=bl%E4tter" "Mozilla/5.0 (Windows NT 10.0; WOW64; Trident/7.0; rv:11.0) like Gecko"
213.153.47.173 - - [14/May/2020:16:54:31 +0200] "GET /reload?ser=1589468071719 HTTP/1.1" 200 28 "http://renault.activities.at/10260260" "Mozilla/5.0 (Windows NT 10.0; Win64; x64) AppleWebKit/537.36 (KHTML, like Gecko) Chrome/81.0.4044.129 Safari/537.36 OPR/68.0.3618.63"
80.123.225.38 - - [14/May/2020:16:54:45 +0200] "GET /reload?ser=1589468086309 HTTP/1.1" 200 28 "http://renault.activities.at/result?searchterm=true&search=bl%E4tter" "Mozilla/5.0 (Windows NT 10.0; WOW64; Trident/7.0; rv:11.0) like Gecko"
213.153.47.173 - - [14/May/2020:16:55:32 +0200] "GET /reload?ser=1589468132702 HTTP/1.1" 200 28 "http://renault.activities.at/10260260" "Mozilla/5.0 (Windows NT 10.0; Win64; x64) AppleWebKit/537.36 (KHTML, like Gecko) Chrome/81.0.4044.129 Safari/537.36 OPR/68.0.3618.63"
80.123.225.38 - - [14/May/2020:16:55:46 +0200] "GET /reload?ser=1589468147287 HTTP/1.1" 200 28 "http://renault.activities.at/result?searchterm=true&search=bl%E4tter" "Mozilla/5.0 (Windows NT 10.0; WOW64; Trident/7.0; rv:11.0) like Gecko"
213.153.47.173 - - [14/May/2020:16:56:33 +0200] "GET /reload?ser=1589468193681 HTTP/1.1" 200 28 "http://renault.activities.at/10260260" "Mozilla/5.0 (Windows NT 10.0; Win64; x64) AppleWebKit/537.36 (KHTML, like Gecko) Chrome/81.0.4044.129 Safari/537.36 OPR/68.0.3618.63"
80.123.225.38 - - [14/May/2020:16:56:47 +0200] "GET /reload?ser=1589468208300 HTTP/1.1" 200 28 "http://renault.activities.at/result?searchterm=true&search=bl%E4tter" "Mozilla/5.0 (Windows NT 10.0; WOW64; Trident/7.0; rv:11.0) like Gecko"
213.153.47.173 - - [14/May/2020:16:57:34 +0200] "GET /reload?ser=1589468254657 HTTP/1.1" 200 28 "http://renault.activities.at/10260260" "Mozilla/5.0 (Windows NT 10.0; Win64; x64) AppleWebKit/537.36 (KHTML, like Gecko) Chrome/81.0.4044.129 Safari/537.36 OPR/68.0.3618.63"
80.123.225.38 - - [14/May/2020:16:57:49 +0200] "GET /reload?ser=1589468269303 HTTP/1.1" 200 28 "http://renault.activities.at/result?searchterm=true&search=bl%E4tter" "Mozilla/5.0 (Windows NT 10.0; WOW64; Trident/7.0; rv:11.0) like Gecko"
213.153.47.173 - - [14/May/2020:16:58:35 +0200] "GET /reload?ser=1589468315620 HTTP/1.1" 200 28 "http://renault.activities.at/10260260" "Mozilla/5.0 (Windows NT 10.0; Win64; x64) AppleWebKit/537.36 (KHTML, like Gecko) Chrome/81.0.4044.129 Safari/537.36 OPR/68.0.3618.63"
80.123.225.38 - - [14/May/2020:16:58:49 +0200] "GET /reload?ser=1589468330304 HTTP/1.1" 200 28 "http://renault.activities.at/result?searchterm=true&search=bl%E4tter" "Mozilla/5.0 (Windows NT 10.0; WOW64; Trident/7.0; rv:11.0) like Gecko"
80.123.225.38 - - [14/May/2020:16:59:50 +0200] "GET /reload?ser=1589468391289 HTTP/1.1" 200 28 "http://renault.activities.at/result?searchterm=true&search=bl%E4tter" "Mozilla/5.0 (Windows NT 10.0; WOW64; Trident/7.0; rv:11.0) like Gecko"
80.123.225.38 - - [14/May/2020:17:00:51 +0200] "GET /reload?ser=1589468452308 HTTP/1.1" 200 28 "http://renault.activities.at/result?searchterm=true&search=bl%E4tter" "Mozilla/5.0 (Windows NT 10.0; WOW64; Trident/7.0; rv:11.0) like Gecko"
80.123.225.38 - - [14/May/2020:17:01:52 +0200] "GET /reload?ser=1589468513312 HTTP/1.1" 200 28 "http://renault.activities.at/result?searchterm=true&search=bl%E4tter" "Mozilla/5.0 (Windows NT 10.0; WOW64; Trident/7.0; rv:11.0) like Gecko"
80.123.225.38 - - [14/May/2020:17:02:54 +0200] "GET /reload?ser=1589468574318 HTTP/1.1" 200 28 "http://renault.activities.at/result?searchterm=true&search=bl%E4tter" "Mozilla/5.0 (Windows NT 10.0; WOW64; Trident/7.0; rv:11.0) like Gecko"
80.123.225.38 - - [14/May/2020:17:03:54 +0200] "GET /reload?ser=1589468635323 HTTP/1.1" 200 28 "http://renault.activities.at/result?searchterm=true&search=bl%E4tter" "Mozilla/5.0 (Windows NT 10.0; WOW64; Trident/7.0; rv:11.0) like Gecko"
40.77.167.170 - - [14/May/2020:17:04:13 +0200] "GET /layout.php HTTP/1.1" 200 1558 "-" "Mozilla/5.0 (compatible; bingbot/2.0; +http://www.bing.com/bingbot.htm)"
80.123.225.38 - - [14/May/2020:17:04:55 +0200] "GET /reload?ser=1589468696304 HTTP/1.1" 200 28 "http://renault.activities.at/result?searchterm=true&search=bl%E4tter" "Mozilla/5.0 (Windows NT 10.0; WOW64; Trident/7.0; rv:11.0) like Gecko"
80.123.225.38 - - [14/May/2020:17:05:56 +0200] "GET /reload?ser=1589468757277 HTTP/1.1" 200 28 "http://renault.activities.at/result?searchterm=true&search=bl%E4tter" "Mozilla/5.0 (Windows NT 10.0; WOW64; Trident/7.0; rv:11.0) like Gecko"
80.123.225.38 - - [14/May/2020:17:06:57 +0200] "GET /reload?ser=1589468818305 HTTP/1.1" 200 28 "http://renault.activities.at/result?searchterm=true&search=bl%E4tter" "Mozilla/5.0 (Windows NT 10.0; WOW64; Trident/7.0; rv:11.0) like Gecko"
80.123.225.38 - - [14/May/2020:17:07:58 +0200] "GET /reload?ser=1589468879321 HTTP/1.1" 200 28 "http://renault.activities.at/result?searchterm=true&search=bl%E4tter" "Mozilla/5.0 (Windows NT 10.0; WOW64; Trident/7.0; rv:11.0) like Gecko"
80.123.225.38 - - [14/May/2020:17:09:00 +0200] "GET /reload?ser=1589468940359 HTTP/1.1" 200 28 "http://renault.activities.at/result?searchterm=true&search=bl%E4tter" "Mozilla/5.0 (Windows NT 10.0; WOW64; Trident/7.0; rv:11.0) like Gecko"
80.123.225.38 - - [14/May/2020:17:10:01 +0200] "GET /reload?ser=1589469001337 HTTP/1.1" 200 28 "http://renault.activities.at/result?searchterm=true&search=bl%E4tter" "Mozilla/5.0 (Windows NT 10.0; WOW64; Trident/7.0; rv:11.0) like Gecko"
80.123.225.38 - - [14/May/2020:17:11:01 +0200] "GET /reload?ser=1589469062353 HTTP/1.1" 200 28 "http://renault.activities.at/result?searchterm=true&search=bl%E4tter" "Mozilla/5.0 (Windows NT 10.0; WOW64; Trident/7.0; rv:11.0) like Gecko"
80.123.225.38 - - [14/May/2020:17:12:03 +0200] "GET /reload?ser=1589469123368 HTTP/1.1" 200 28 "http://renault.activities.at/result?searchterm=true&search=bl%E4tter" "Mozilla/5.0 (Windows NT 10.0; WOW64; Trident/7.0; rv:11.0) like Gecko"
80.123.225.38 - - [14/May/2020:17:13:03 +0200] "GET /reload?ser=1589469184336 HTTP/1.1" 200 28 "http://renault.activities.at/result?searchterm=true&search=bl%E4tter" "Mozilla/5.0 (Windows NT 10.0; WOW64; Trident/7.0; rv:11.0) like Gecko"
80.123.225.38 - - [14/May/2020:17:14:04 +0200] "GET /reload?ser=1589469245312 HTTP/1.1" 200 28 "http://renault.activities.at/result?searchterm=true&search=bl%E4tter" "Mozilla/5.0 (Windows NT 10.0; WOW64; Trident/7.0; rv:11.0) like Gecko"
80.123.225.38 - - [14/May/2020:17:15:05 +0200] "GET /reload?ser=1589469306333 HTTP/1.1" 200 28 "http://renault.activities.at/result?searchterm=true&search=bl%E4tter" "Mozilla/5.0 (Windows NT 10.0; WOW64; Trident/7.0; rv:11.0) like Gecko"
80.123.225.38 - - [14/May/2020:17:16:06 +0200] "GET /reload?ser=1589469367316 HTTP/1.1" 200 28 "http://renault.activities.at/result?searchterm=true&search=bl%E4tter" "Mozilla/5.0 (Windows NT 10.0; WOW64; Trident/7.0; rv:11.0) like Gecko"
40.77.167.104 - - [14/May/2020:18:27:31 +0200] "GET /10201442?cat=10260003 HTTP/1.1" 302 150 "-" "Mozilla/5.0 (compatible; bingbot/2.0; +http://www.bing.com/bingbot.htm)"
40.77.167.104 - - [14/May/2020:18:27:34 +0200] "GET /login?required=true HTTP/1.1" 200 2085 "-" "Mozilla/5.0 (compatible; bingbot/2.0; +http://www.bing.com/bingbot.htm)"
40.77.167.72 - - [14/May/2020:19:50:34 +0200] "GET /10260003?dir=DESC&mode=grid&order=name&limit=15&page=2&cat=10260300 HTTP/1.1" 200 6321 "-" "Mozilla/5.0 (compatible; bingbot/2.0; +http://www.bing.com/bingbot.htm)"
40.77.167.72 - - [14/May/2020:20:24:03 +0200] "GET / HTTP/1.1" 200 3365 "-" "Mozilla/5.0 (compatible; bingbot/2.0; +http://www.bing.com/bingbot.htm)"
207.46.13.126 - - [14/May/2020:20:51:44 +0200] "GET /sitemap.xml.gz HTTP/1.1" 200 1558 "-" "Mozilla/5.0 (compatible; bingbot/2.0; +http://www.bing.com/bingbot.htm)"
207.46.13.35 - - [14/May/2020:21:40:09 +0200] "GET /10260003?cat=10260286 HTTP/1.1" 200 3783 "-" "Mozilla/5.0 (compatible; bingbot/2.0; +http://www.bing.com/bingbot.htm)"
207.46.13.11 - - [14/May/2020:21:40:33 +0200] "GET /js/prototip.js HTTP/1.1" 200 4588 "-" "Mozilla/5.0 (compatible; bingbot/2.0; +http://www.bing.com/bingbot.htm)"
207.46.13.11 - - [14/May/2020:21:40:33 +0200] "GET /loadthumbnail.php?id=11127982 HTTP/1.1" 200 399614 "-" "Mozilla/5.0 (compatible; bingbot/2.0; +http://www.bing.com/bingbot.htm)"
207.46.13.126 - - [14/May/2020:21:40:43 +0200] "GET /loadthumbnail.php?id=12197903&width=113 HTTP/1.1" 200 30608 "-" "Mozilla/5.0 (compatible; bingbot/2.0; +http://www.bing.com/bingbot.htm)"
157.55.39.65 - - [14/May/2020:21:40:52 +0200] "GET /robots.txt HTTP/1.1" 404 300 "-" "Mozilla/5.0 (compatible; bingbot/2.0; +http://www.bing.com/bingbot.htm)"
157.55.39.65 - - [14/May/2020:21:40:52 +0200] "GET /loadthumbnail.php?id=10201939&width=15&height=15 HTTP/1.1" 200 201 "-" "Mozilla/5.0 (compatible; bingbot/2.0; +http://www.bing.com/bingbot.htm)"
157.55.39.65 - - [14/May/2020:21:40:53 +0200] "GET /loadthumbnail.php?id=10203255 HTTP/1.1" 200 137 "-" "Mozilla/5.0 (compatible; bingbot/2.0; +http://www.bing.com/bingbot.htm)"
157.55.39.65 - - [14/May/2020:21:40:53 +0200] "GET /loadthumbnail.php?id=11423838&width=113 HTTP/1.1" 200 2865 "-" "Mozilla/5.0 (compatible; bingbot/2.0; +http://www.bing.com/bingbot.htm)"
207.46.13.126 - - [14/May/2020:22:41:43 +0200] "GET /loadthumbnail.php?id=12197903&width=113 HTTP/1.1" 200 30608 "-" "Mozilla/5.0 (compatible; bingbot/2.0; +http://www.bing.com/bingbot.htm)"
157.55.39.65 - - [14/May/2020:23:34:23 +0200] "GET /10260003?mode=list&cat=10260284 HTTP/1.1" 200 3839 "-" "Mozilla/5.0 (compatible; bingbot/2.0; +http://www.bing.com/bingbot.htm)"
40.77.167.69 - - [15/May/2020:01:26:27 +0200] "GET /10260004?dir=DESC&mode=list&order=name&limit=10&detail=10538263 HTTP/1.1" 200 3721 "-" "Mozilla/5.0 (compatible; bingbot/2.0; +http://www.bing.com/bingbot.htm)"