138.21.12.25 - - [27/May/2020:13:49:01 +0200] "GET /images/pager_bg.gif HTTP/1.1" 304 - "http://renault.2web.at/result?searchterm=true&search=kleber" "Mozilla/5.0 (Windows NT 10.0; WOW64; Trident/7.0; Touch; rv:11.0) like Gecko"
138.21.12.25 - - [27/May/2020:13:49:01 +0200] "GET /images/vista-up.gif HTTP/1.1" 304 - "http://renault.2web.at/result?searchterm=true&search=kleber" "Mozilla/5.0 (Windows NT 10.0; WOW64; Trident/7.0; Touch; rv:11.0) like Gecko"
138.21.12.25 - - [27/May/2020:13:49:01 +0200] "GET /images/button_bg.gif HTTP/1.1" 304 - "http://renault.2web.at/result?searchterm=true&search=kleber" "Mozilla/5.0 (Windows NT 10.0; WOW64; Trident/7.0; Touch; rv:11.0) like Gecko"
138.21.12.25 - - [27/May/2020:13:49:01 +0200] "GET /images/sidebar_title_border.gif HTTP/1.1" 304 - "http://renault.2web.at/result?searchterm=true&search=kleber" "Mozilla/5.0 (Windows NT 10.0; WOW64; Trident/7.0; Touch; rv:11.0) like Gecko"
138.21.12.25 - - [27/May/2020:13:49:01 +0200] "GET /images/title_corner_right_top.jpg HTTP/1.1" 304 - "http://renault.2web.at/result?searchterm=true&search=kleber" "Mozilla/5.0 (Windows NT 10.0; WOW64; Trident/7.0; Touch; rv:11.0) like Gecko"
138.21.12.25 - - [27/May/2020:13:49:01 +0200] "GET /images/button_right_bg.gif HTTP/1.1" 304 - "http://renault.2web.at/result?searchterm=true&search=kleber" "Mozilla/5.0 (Windows NT 10.0; WOW64; Trident/7.0; Touch; rv:11.0) like Gecko"
138.21.12.25 - - [27/May/2020:13:49:01 +0200] "GET /images/title_border_top.jpg HTTP/1.1" 304 - "http://renault.2web.at/result?searchterm=true&search=kleber" "Mozilla/5.0 (Windows NT 10.0; WOW64; Trident/7.0; Touch; rv:11.0) like Gecko"
138.21.12.25 - - [27/May/2020:13:49:01 +0200] "GET /images/title_corner_left_top.jpg HTTP/1.1" 304 - "http://renault.2web.at/result?searchterm=true&search=kleber" "Mozilla/5.0 (Windows NT 10.0; WOW64; Trident/7.0; Touch; rv:11.0) like Gecko"
138.21.12.25 - - [27/May/2020:13:49:01 +0200] "GET /images/title_border.jpg HTTP/1.1" 304 - "http://renault.2web.at/result?searchterm=true&search=kleber" "Mozilla/5.0 (Windows NT 10.0; WOW64; Trident/7.0; Touch; rv:11.0) like Gecko"
138.21.12.25 - - [27/May/2020:13:49:01 +0200] "GET /images/sidebar_title_border_top.gif HTTP/1.1" 304 - "http://renault.2web.at/result?searchterm=true&search=kleber" "Mozilla/5.0 (Windows NT 10.0; WOW64; Trident/7.0; Touch; rv:11.0) like Gecko"
138.21.12.25 - - [27/May/2020:13:49:01 +0200] "GET /images/sidebar_title_corner_right_top.gif HTTP/1.1" 304 - "http://renault.2web.at/result?searchterm=true&search=kleber" "Mozilla/5.0 (Windows NT 10.0; WOW64; Trident/7.0; Touch; rv:11.0) like Gecko"
138.21.12.25 - - [27/May/2020:13:49:01 +0200] "GET /images/menu_divider.gif HTTP/1.1" 304 - "http://renault.2web.at/result?searchterm=true&search=kleber" "Mozilla/5.0 (Windows NT 10.0; WOW64; Trident/7.0; Touch; rv:11.0) like Gecko"
138.21.12.25 - - [27/May/2020:13:49:01 +0200] "GET /images/nav_divider.gif HTTP/1.1" 304 - "http://renault.2web.at/result?searchterm=true&search=kleber" "Mozilla/5.0 (Windows NT 10.0; WOW64; Trident/7.0; Touch; rv:11.0) like Gecko"
138.21.12.25 - - [27/May/2020:13:49:01 +0200] "GET /images/sidebar_title_corner_left_top.gif HTTP/1.1" 304 - "http://renault.2web.at/result?searchterm=true&search=kleber" "Mozilla/5.0 (Windows NT 10.0; WOW64; Trident/7.0; Touch; rv:11.0) like Gecko"
138.21.12.25 - - [27/May/2020:13:49:01 +0200] "GET /images/button_left_bg.gif HTTP/1.1" 304 - "http://renault.2web.at/result?searchterm=true&search=kleber" "Mozilla/5.0 (Windows NT 10.0; WOW64; Trident/7.0; Touch; rv:11.0) like Gecko"
138.21.12.25 - - [27/May/2020:13:49:01 +0200] "GET /loadthumbnail.php?id=11127982 HTTP/1.1" 200 399614 "http://renault.2web.at/result?searchterm=true&search=kleber" "Mozilla/5.0 (Windows NT 10.0; WOW64; Trident/7.0; Touch; rv:11.0) like Gecko"
138.21.12.25 - - [27/May/2020:13:49:02 +0200] "GET /images/top_links_divider.gif HTTP/1.1" 304 - "http://renault.2web.at/result?searchterm=true&search=kleber" "Mozilla/5.0 (Windows NT 10.0; WOW64; Trident/7.0; Touch; rv:11.0) like Gecko"
138.21.12.25 - - [27/May/2020:13:49:02 +0200] "GET /images/menu_button_bg.jpg HTTP/1.1" 304 - "http://renault.2web.at/result?searchterm=true&search=kleber" "Mozilla/5.0 (Windows NT 10.0; WOW64; Trident/7.0; Touch; rv:11.0) like Gecko"
138.21.12.25 - - [27/May/2020:13:49:02 +0200] "GET /images/validation_advice_bg.gif HTTP/1.1" 304 - "http://renault.2web.at/result?searchterm=true&search=kleber" "Mozilla/5.0 (Windows NT 10.0; WOW64; Trident/7.0; Touch; rv:11.0) like Gecko"
138.21.12.25 - - [27/May/2020:13:49:02 +0200] "GET /images/vista-dn.gif HTTP/1.1" 304 - "http://renault.2web.at/result?searchterm=true&search=kleber" "Mozilla/5.0 (Windows NT 10.0; WOW64; Trident/7.0; Touch; rv:11.0) like Gecko"
138.21.12.25 - - [27/May/2020:13:49:02 +0200] "GET /images/footer_divider.gif HTTP/1.1" 304 - "http://renault.2web.at/result?searchterm=true&search=kleber" "Mozilla/5.0 (Windows NT 10.0; WOW64; Trident/7.0; Touch; rv:11.0) like Gecko"
138.21.12.25 - - [27/May/2020:13:49:07 +0200] "GET /result?dir=DESC&mode=grid&order=name&limit=15&page=4&search=kleber HTTP/1.1" 200 11430 "http://renault.2web.at/result?searchterm=true&search=kleber" "Mozilla/5.0 (Windows NT 10.0; WOW64; Trident/7.0; Touch; rv:11.0) like Gecko"
138.21.12.25 - - [27/May/2020:13:49:10 +0200] "GET /loadthumbnail.php?id=11181233&width=113 HTTP/1.1" 200 1353 "http://renault.2web.at/result?dir=DESC&mode=grid&order=name&limit=15&page=4&search=kleber" "Mozilla/5.0 (Windows NT 10.0; WOW64; Trident/7.0; Touch; rv:11.0) like Gecko"
138.21.12.25 - - [27/May/2020:13:49:10 +0200] "GET /loadthumbnail.php?id=11181221&width=113 HTTP/1.1" 200 1171 "http://renault.2web.at/result?dir=DESC&mode=grid&order=name&limit=15&page=4&search=kleber" "Mozilla/5.0 (Windows NT 10.0; WOW64; Trident/7.0; Touch; rv:11.0) like Gecko"
138.21.12.25 - - [27/May/2020:13:49:10 +0200] "GET /loadthumbnail.php?id=11194732&width=113 HTTP/1.1" 200 1353 "http://renault.2web.at/result?dir=DESC&mode=grid&order=name&limit=15&page=4&search=kleber" "Mozilla/5.0 (Windows NT 10.0; WOW64; Trident/7.0; Touch; rv:11.0) like Gecko"
138.21.12.25 - - [27/May/2020:13:49:10 +0200] "GET /loadthumbnail.php?id=10203275 HTTP/1.1" 200 85 "http://renault.2web.at/result?dir=DESC&mode=grid&order=name&limit=15&page=4&search=kleber" "Mozilla/5.0 (Windows NT 10.0; WOW64; Trident/7.0; Touch; rv:11.0) like Gecko"
138.21.12.25 - - [27/May/2020:13:49:10 +0200] "GET /loadthumbnail.php?id=11194713&width=113 HTTP/1.1" 200 1171 "http://renault.2web.at/result?dir=DESC&mode=grid&order=name&limit=15&page=4&search=kleber" "Mozilla/5.0 (Windows NT 10.0; WOW64; Trident/7.0; Touch; rv:11.0) like Gecko"
138.21.12.25 - - [27/May/2020:13:49:10 +0200] "GET /loadthumbnail.php?id=11181168&width=113 HTTP/1.1" 200 847 "http://renault.2web.at/result?dir=DESC&mode=grid&order=name&limit=15&page=4&search=kleber" "Mozilla/5.0 (Windows NT 10.0; WOW64; Trident/7.0; Touch; rv:11.0) like Gecko"
138.21.12.25 - - [27/May/2020:13:49:10 +0200] "GET /loadthumbnail.php?id=11181219&width=113 HTTP/1.1" 200 2121 "http://renault.2web.at/result?dir=DESC&mode=grid&order=name&limit=15&page=4&search=kleber" "Mozilla/5.0 (Windows NT 10.0; WOW64; Trident/7.0; Touch; rv:11.0) like Gecko"
138.21.12.25 - - [27/May/2020:13:49:10 +0200] "GET /loadthumbnail.php?id=11181230&width=113 HTTP/1.1" 200 1353 "http://renault.2web.at/result?dir=DESC&mode=grid&order=name&limit=15&page=4&search=kleber" "Mozilla/5.0 (Windows NT 10.0; WOW64; Trident/7.0; Touch; rv:11.0) like Gecko"
138.21.12.25 - - [27/May/2020:13:49:10 +0200] "GET /loadthumbnail.php?id=11181213&width=113 HTTP/1.1" 200 2121 "http://renault.2web.at/result?dir=DESC&mode=grid&order=name&limit=15&page=4&search=kleber" "Mozilla/5.0 (Windows NT 10.0; WOW64; Trident/7.0; Touch; rv:11.0) like Gecko"
138.21.12.25 - - [27/May/2020:13:49:10 +0200] "GET /loadthumbnail.php?id=12094699&width=113 HTTP/1.1" 200 1921 "http://renault.2web.at/result?dir=DESC&mode=grid&order=name&limit=15&page=4&search=kleber" "Mozilla/5.0 (Windows NT 10.0; WOW64; Trident/7.0; Touch; rv:11.0) like Gecko"
138.21.12.25 - - [27/May/2020:13:49:10 +0200] "GET /loadthumbnail.php?id=12094698&width=113 HTTP/1.1" 200 1921 "http://renault.2web.at/result?dir=DESC&mode=grid&order=name&limit=15&page=4&search=kleber" "Mozilla/5.0 (Windows NT 10.0; WOW64; Trident/7.0; Touch; rv:11.0) like Gecko"
138.21.12.25 - - [27/May/2020:13:49:10 +0200] "GET /loadthumbnail.php?id=11181223&width=113 HTTP/1.1" 200 1171 "http://renault.2web.at/result?dir=DESC&mode=grid&order=name&limit=15&page=4&search=kleber" "Mozilla/5.0 (Windows NT 10.0; WOW64; Trident/7.0; Touch; rv:11.0) like Gecko"
138.21.12.25 - - [27/May/2020:13:49:11 +0200] "GET /loadthumbnail.php?id=11181166&width=113 HTTP/1.1" 200 847 "http://renault.2web.at/result?dir=DESC&mode=grid&order=name&limit=15&page=4&search=kleber" "Mozilla/5.0 (Windows NT 10.0; WOW64; Trident/7.0; Touch; rv:11.0) like Gecko"
83.219.165.34 - - [27/May/2020:13:49:32 +0200] "GET /reload?ser=1590580172315 HTTP/1.1" 200 28 "http://renault.activities.at/result?searchterm=true&search=helly" "Mozilla/5.0 (Windows NT 10.0; WOW64; Trident/7.0; rv:11.0) like Gecko"
194.166.200.75 - - [27/May/2020:13:49:35 +0200] "GET /reload?ser=1590580175041 HTTP/1.1" 200 28 "http://renault.activities.at/12230111" "Mozilla/5.0 (Windows NT 10.0; Win64; x64) AppleWebKit/537.36 (KHTML, like Gecko) Chrome/83.0.4103.61 Safari/537.36"
138.21.12.25 - - [27/May/2020:13:50:11 +0200] "GET /reload?ser=1590580211496 HTTP/1.1" 200 28 "http://renault.2web.at/result?dir=DESC&mode=grid&order=name&limit=15&page=4&search=kleber" "Mozilla/5.0 (Windows NT 10.0; WOW64; Trident/7.0; Touch; rv:11.0) like Gecko"
83.219.165.34 - - [27/May/2020:13:50:33 +0200] "GET /reload?ser=1590580233271 HTTP/1.1" 200 28 "http://renault.activities.at/result?searchterm=true&search=helly" "Mozilla/5.0 (Windows NT 10.0; WOW64; Trident/7.0; rv:11.0) like Gecko"
194.166.200.75 - - [27/May/2020:13:50:36 +0200] "GET /reload?ser=1590580236042 HTTP/1.1" 200 28 "http://renault.activities.at/12230111" "Mozilla/5.0 (Windows NT 10.0; Win64; x64) AppleWebKit/537.36 (KHTML, like Gecko) Chrome/83.0.4103.61 Safari/537.36"
138.21.12.25 - - [27/May/2020:13:51:12 +0200] "GET /reload?ser=1590580272555 HTTP/1.1" 200 28 "http://renault.2web.at/result?dir=DESC&mode=grid&order=name&limit=15&page=4&search=kleber" "Mozilla/5.0 (Windows NT 10.0; WOW64; Trident/7.0; Touch; rv:11.0) like Gecko"
83.219.165.34 - - [27/May/2020:13:51:34 +0200] "GET /reload?ser=1590580294231 HTTP/1.1" 200 28 "http://renault.activities.at/result?searchterm=true&search=helly" "Mozilla/5.0 (Windows NT 10.0; WOW64; Trident/7.0; rv:11.0) like Gecko"
194.166.200.75 - - [27/May/2020:13:51:37 +0200] "GET /reload?ser=1590580297041 HTTP/1.1" 200 28 "http://renault.activities.at/12230111" "Mozilla/5.0 (Windows NT 10.0; Win64; x64) AppleWebKit/537.36 (KHTML, like Gecko) Chrome/83.0.4103.61 Safari/537.36"
138.21.12.25 - - [27/May/2020:13:52:13 +0200] "GET /reload?ser=1590580333651 HTTP/1.1" 200 28 "http://renault.2web.at/result?dir=DESC&mode=grid&order=name&limit=15&page=4&search=kleber" "Mozilla/5.0 (Windows NT 10.0; WOW64; Trident/7.0; Touch; rv:11.0) like Gecko"
83.219.165.34 - - [27/May/2020:13:52:35 +0200] "GET /reload?ser=1590580355202 HTTP/1.1" 200 28 "http://renault.activities.at/result?searchterm=true&search=helly" "Mozilla/5.0 (Windows NT 10.0; WOW64; Trident/7.0; rv:11.0) like Gecko"
194.166.200.75 - - [27/May/2020:13:52:38 +0200] "GET /reload?ser=1590580358042 HTTP/1.1" 200 28 "http://renault.activities.at/12230111" "Mozilla/5.0 (Windows NT 10.0; Win64; x64) AppleWebKit/537.36 (KHTML, like Gecko) Chrome/83.0.4103.61 Safari/537.36"
138.21.12.25 - - [27/May/2020:13:53:14 +0200] "GET /reload?ser=1590580394668 HTTP/1.1" 200 28 "http://renault.2web.at/result?dir=DESC&mode=grid&order=name&limit=15&page=4&search=kleber" "Mozilla/5.0 (Windows NT 10.0; WOW64; Trident/7.0; Touch; rv:11.0) like Gecko"
83.219.165.34 - - [27/May/2020:13:53:36 +0200] "GET /reload?ser=1590580416144 HTTP/1.1" 200 28 "http://renault.activities.at/result?searchterm=true&search=helly" "Mozilla/5.0 (Windows NT 10.0; WOW64; Trident/7.0; rv:11.0) like Gecko"
194.166.200.75 - - [27/May/2020:13:53:39 +0200] "GET /reload?ser=1590580419041 HTTP/1.1" 200 28 "http://renault.activities.at/12230111" "Mozilla/5.0 (Windows NT 10.0; Win64; x64) AppleWebKit/537.36 (KHTML, like Gecko) Chrome/83.0.4103.61 Safari/537.36"
138.21.12.25 - - [27/May/2020:13:54:15 +0200] "GET /reload?ser=1590580455745 HTTP/1.1" 200 28 "http://renault.2web.at/result?dir=DESC&mode=grid&order=name&limit=15&page=4&search=kleber" "Mozilla/5.0 (Windows NT 10.0; WOW64; Trident/7.0; Touch; rv:11.0) like Gecko"
83.219.165.34 - - [27/May/2020:13:54:37 +0200] "GET /reload?ser=1590580477093 HTTP/1.1" 200 28 "http://renault.activities.at/result?searchterm=true&search=helly" "Mozilla/5.0 (Windows NT 10.0; WOW64; Trident/7.0; rv:11.0) like Gecko"
194.166.200.75 - - [27/May/2020:13:54:40 +0200] "GET /reload?ser=1590580480041 HTTP/1.1" 200 28 "http://renault.activities.at/12230111" "Mozilla/5.0 (Windows NT 10.0; Win64; x64) AppleWebKit/537.36 (KHTML, like Gecko) Chrome/83.0.4103.61 Safari/537.36"
138.21.12.25 - - [27/May/2020:13:55:16 +0200] "GET /reload?ser=1590580516819 HTTP/1.1" 200 28 "http://renault.2web.at/result?dir=DESC&mode=grid&order=name&limit=15&page=4&search=kleber" "Mozilla/5.0 (Windows NT 10.0; WOW64; Trident/7.0; Touch; rv:11.0) like Gecko"
83.219.165.34 - - [27/May/2020:13:55:38 +0200] "GET /reload?ser=1590580538052 HTTP/1.1" 200 28 "http://renault.activities.at/result?searchterm=true&search=helly" "Mozilla/5.0 (Windows NT 10.0; WOW64; Trident/7.0; rv:11.0) like Gecko"
194.166.200.75 - - [27/May/2020:13:55:41 +0200] "GET /reload?ser=1590580541041 HTTP/1.1" 200 28 "http://renault.activities.at/12230111" "Mozilla/5.0 (Windows NT 10.0; Win64; x64) AppleWebKit/537.36 (KHTML, like Gecko) Chrome/83.0.4103.61 Safari/537.36"
138.21.12.25 - - [27/May/2020:13:56:17 +0200] "GET /reload?ser=1590580577840 HTTP/1.1" 200 28 "http://renault.2web.at/result?dir=DESC&mode=grid&order=name&limit=15&page=4&search=kleber" "Mozilla/5.0 (Windows NT 10.0; WOW64; Trident/7.0; Touch; rv:11.0) like Gecko"
83.219.165.34 - - [27/May/2020:13:56:39 +0200] "GET /reload?ser=1590580599019 HTTP/1.1" 200 28 "http://renault.activities.at/result?searchterm=true&search=helly" "Mozilla/5.0 (Windows NT 10.0; WOW64; Trident/7.0; rv:11.0) like Gecko"
194.166.200.75 - - [27/May/2020:13:56:42 +0200] "GET /reload?ser=1590580602040 HTTP/1.1" 200 28 "http://renault.activities.at/12230111" "Mozilla/5.0 (Windows NT 10.0; Win64; x64) AppleWebKit/537.36 (KHTML, like Gecko) Chrome/83.0.4103.61 Safari/537.36"
138.21.12.25 - - [27/May/2020:13:57:19 +0200] "GET /reload?ser=1590580638877 HTTP/1.1" 200 28 "http://renault.2web.at/result?dir=DESC&mode=grid&order=name&limit=15&page=4&search=kleber" "Mozilla/5.0 (Windows NT 10.0; WOW64; Trident/7.0; Touch; rv:11.0) like Gecko"
83.219.165.34 - - [27/May/2020:13:57:40 +0200] "GET /reload?ser=1590580659995 HTTP/1.1" 200 28 "http://renault.activities.at/result?searchterm=true&search=helly" "Mozilla/5.0 (Windows NT 10.0; WOW64; Trident/7.0; rv:11.0) like Gecko"
194.166.200.75 - - [27/May/2020:13:57:43 +0200] "GET /reload?ser=1590580663042 HTTP/1.1" 200 28 "http://renault.activities.at/12230111" "Mozilla/5.0 (Windows NT 10.0; Win64; x64) AppleWebKit/537.36 (KHTML, like Gecko) Chrome/83.0.4103.61 Safari/537.36"
83.219.165.34 - - [27/May/2020:13:57:47 +0200] "GET /logout HTTP/1.1" 302 140 "http://renault.activities.at/result?searchterm=true&search=helly" "Mozilla/5.0 (Windows NT 10.0; WOW64; Trident/7.0; rv:11.0) like Gecko"
83.219.165.34 - - [27/May/2020:13:57:48 +0200] "GET /logout HTTP/1.1" 200 1583 "http://renault.activities.at/result?searchterm=true&search=helly" "Mozilla/5.0 (Windows NT 10.0; WOW64; Trident/7.0; rv:11.0) like Gecko"
83.219.165.34 - - [27/May/2020:13:57:49 +0200] "GET /js/default.js HTTP/1.1" 304 - "http://renault.activities.at/logout" "Mozilla/5.0 (Windows NT 10.0; WOW64; Trident/7.0; rv:11.0) like Gecko"
83.219.165.34 - - [27/May/2020:13:57:49 +0200] "GET /css/reset.css HTTP/1.1" 304 - "http://renault.activities.at/logout" "Mozilla/5.0 (Windows NT 10.0; WOW64; Trident/7.0; rv:11.0) like Gecko"
83.219.165.34 - - [27/May/2020:13:57:49 +0200] "GET /css/styles.css HTTP/1.1" 304 - "http://renault.activities.at/logout" "Mozilla/5.0 (Windows NT 10.0; WOW64; Trident/7.0; rv:11.0) like Gecko"
83.219.165.34 - - [27/May/2020:13:57:49 +0200] "GET /css/clears.css HTTP/1.1" 304 - "http://renault.activities.at/logout" "Mozilla/5.0 (Windows NT 10.0; WOW64; Trident/7.0; rv:11.0) like Gecko"
83.219.165.34 - - [27/May/2020:13:57:49 +0200] "GET /css/print.css HTTP/1.1" 304 - "http://renault.activities.at/logout" "Mozilla/5.0 (Windows NT 10.0; WOW64; Trident/7.0; rv:11.0) like Gecko"
83.219.165.34 - - [27/May/2020:13:57:49 +0200] "GET /js/checkout.css HTTP/1.1" 304 - "http://renault.activities.at/logout" "Mozilla/5.0 (Windows NT 10.0; WOW64; Trident/7.0; rv:11.0) like Gecko"
83.219.165.34 - - [27/May/2020:13:57:49 +0200] "GET /css/prototip.css HTTP/1.1" 304 - "http://renault.activities.at/logout" "Mozilla/5.0 (Windows NT 10.0; WOW64; Trident/7.0; rv:11.0) like Gecko"
83.219.165.34 - - [27/May/2020:13:57:49 +0200] "GET /css/themes/default.css HTTP/1.1" 304 - "http://renault.activities.at/logout" "Mozilla/5.0 (Windows NT 10.0; WOW64; Trident/7.0; rv:11.0) like Gecko"
83.219.165.34 - - [27/May/2020:13:57:49 +0200] "GET /css/themes/alphacube.css HTTP/1.1" 304 - "http://renault.activities.at/logout" "Mozilla/5.0 (Windows NT 10.0; WOW64; Trident/7.0; rv:11.0) like Gecko"
83.219.165.34 - - [27/May/2020:13:57:49 +0200] "GET /images/title_corner_left_top.jpg HTTP/1.1" 304 - "http://renault.activities.at/logout" "Mozilla/5.0 (Windows NT 10.0; WOW64; Trident/7.0; rv:11.0) like Gecko"
83.219.165.34 - - [27/May/2020:13:57:49 +0200] "GET /images/main_block_corner_left_bot.gif HTTP/1.1" 304 - "http://renault.activities.at/logout" "Mozilla/5.0 (Windows NT 10.0; WOW64; Trident/7.0; rv:11.0) like Gecko"
83.219.165.34 - - [27/May/2020:13:57:49 +0200] "GET /images/main_block_corner_right_bot.gif HTTP/1.1" 304 - "http://renault.activities.at/logout" "Mozilla/5.0 (Windows NT 10.0; WOW64; Trident/7.0; rv:11.0) like Gecko"
83.219.165.34 - - [27/May/2020:13:57:49 +0200] "GET /images/main_block_corner_right_top.gif HTTP/1.1" 304 - "http://renault.activities.at/logout" "Mozilla/5.0 (Windows NT 10.0; WOW64; Trident/7.0; rv:11.0) like Gecko"
83.219.165.34 - - [27/May/2020:13:57:49 +0200] "GET /images/title_corner_right_top.jpg HTTP/1.1" 304 - "http://renault.activities.at/logout" "Mozilla/5.0 (Windows NT 10.0; WOW64; Trident/7.0; rv:11.0) like Gecko"
83.219.165.34 - - [27/May/2020:13:57:49 +0200] "GET /images/title_border.jpg HTTP/1.1" 304 - "http://renault.activities.at/logout" "Mozilla/5.0 (Windows NT 10.0; WOW64; Trident/7.0; rv:11.0) like Gecko"
83.219.165.34 - - [27/May/2020:13:57:49 +0200] "GET /images/main_block_corner_left_top.gif HTTP/1.1" 304 - "http://renault.activities.at/logout" "Mozilla/5.0 (Windows NT 10.0; WOW64; Trident/7.0; rv:11.0) like Gecko"
83.219.165.34 - - [27/May/2020:13:57:49 +0200] "GET /images/header_block_corner_left_top.gif HTTP/1.1" 304 - "http://renault.activities.at/logout" "Mozilla/5.0 (Windows NT 10.0; WOW64; Trident/7.0; rv:11.0) like Gecko"
83.219.165.34 - - [27/May/2020:13:57:49 +0200] "GET /images/header_block_corner_right_top.gif HTTP/1.1" 304 - "http://renault.activities.at/logout" "Mozilla/5.0 (Windows NT 10.0; WOW64; Trident/7.0; rv:11.0) like Gecko"
83.219.165.34 - - [27/May/2020:13:57:49 +0200] "GET /images/header_block_border.gif HTTP/1.1" 304 - "http://renault.activities.at/logout" "Mozilla/5.0 (Windows NT 10.0; WOW64; Trident/7.0; rv:11.0) like Gecko"
83.219.165.34 - - [27/May/2020:13:57:49 +0200] "GET /images/title_border_top.jpg HTTP/1.1" 304 - "http://renault.activities.at/logout" "Mozilla/5.0 (Windows NT 10.0; WOW64; Trident/7.0; rv:11.0) like Gecko"
83.219.165.34 - - [27/May/2020:13:57:49 +0200] "GET /images/main_block_border.gif HTTP/1.1" 304 - "http://renault.activities.at/logout" "Mozilla/5.0 (Windows NT 10.0; WOW64; Trident/7.0; rv:11.0) like Gecko"
138.21.12.25 - - [27/May/2020:13:58:20 +0200] "GET /reload?ser=1590580699923 HTTP/1.1" 200 28 "http://renault.2web.at/result?dir=DESC&mode=grid&order=name&limit=15&page=4&search=kleber" "Mozilla/5.0 (Windows NT 10.0; WOW64; Trident/7.0; Touch; rv:11.0) like Gecko"
194.166.200.75 - - [27/May/2020:13:58:44 +0200] "GET /reload?ser=1590580724040 HTTP/1.1" 200 28 "http://renault.activities.at/12230111" "Mozilla/5.0 (Windows NT 10.0; Win64; x64) AppleWebKit/537.36 (KHTML, like Gecko) Chrome/83.0.4103.61 Safari/537.36"
138.21.12.25 - - [27/May/2020:13:59:21 +0200] "GET /reload?ser=1590580760965 HTTP/1.1" 200 28 "http://renault.2web.at/result?dir=DESC&mode=grid&order=name&limit=15&page=4&search=kleber" "Mozilla/5.0 (Windows NT 10.0; WOW64; Trident/7.0; Touch; rv:11.0) like Gecko"
194.166.200.75 - - [27/May/2020:13:59:45 +0200] "GET /reload?ser=1590580785041 HTTP/1.1" 200 28 "http://renault.activities.at/12230111" "Mozilla/5.0 (Windows NT 10.0; Win64; x64) AppleWebKit/537.36 (KHTML, like Gecko) Chrome/83.0.4103.61 Safari/537.36"
138.21.12.25 - - [27/May/2020:14:00:22 +0200] "GET /reload?ser=1590580822059 HTTP/1.1" 200 28 "http://renault.2web.at/result?dir=DESC&mode=grid&order=name&limit=15&page=4&search=kleber" "Mozilla/5.0 (Windows NT 10.0; WOW64; Trident/7.0; Touch; rv:11.0) like Gecko"
194.166.200.75 - - [27/May/2020:14:00:46 +0200] "GET /reload?ser=1590580846040 HTTP/1.1" 200 28 "http://renault.activities.at/12230111" "Mozilla/5.0 (Windows NT 10.0; Win64; x64) AppleWebKit/537.36 (KHTML, like Gecko) Chrome/83.0.4103.61 Safari/537.36"
138.21.12.25 - - [27/May/2020:14:01:23 +0200] "GET /reload?ser=1590580883114 HTTP/1.1" 200 28 "http://renault.2web.at/result?dir=DESC&mode=grid&order=name&limit=15&page=4&search=kleber" "Mozilla/5.0 (Windows NT 10.0; WOW64; Trident/7.0; Touch; rv:11.0) like Gecko"
194.166.200.75 - - [27/May/2020:14:01:47 +0200] "GET /reload?ser=1590580907041 HTTP/1.1" 200 28 "http://renault.activities.at/12230111" "Mozilla/5.0 (Windows NT 10.0; Win64; x64) AppleWebKit/537.36 (KHTML, like Gecko) Chrome/83.0.4103.61 Safari/537.36"
138.21.12.25 - - [27/May/2020:14:02:24 +0200] "GET /reload?ser=1590580944160 HTTP/1.1" 200 28 "http://renault.2web.at/result?dir=DESC&mode=grid&order=name&limit=15&page=4&search=kleber" "Mozilla/5.0 (Windows NT 10.0; WOW64; Trident/7.0; Touch; rv:11.0) like Gecko"
194.166.200.75 - - [27/May/2020:14:02:49 +0200] "GET /reload?ser=1590580969042 HTTP/1.1" 200 28 "http://renault.activities.at/12230111" "Mozilla/5.0 (Windows NT 10.0; Win64; x64) AppleWebKit/537.36 (KHTML, like Gecko) Chrome/83.0.4103.61 Safari/537.36"
138.21.12.25 - - [27/May/2020:14:03:25 +0200] "GET /reload?ser=1590581005233 HTTP/1.1" 200 28 "http://renault.2web.at/result?dir=DESC&mode=grid&order=name&limit=15&page=4&search=kleber" "Mozilla/5.0 (Windows NT 10.0; WOW64; Trident/7.0; Touch; rv:11.0) like Gecko"
194.166.200.75 - - [27/May/2020:14:03:50 +0200] "GET /reload?ser=1590581030041 HTTP/1.1" 200 28 "http://renault.activities.at/12230111" "Mozilla/5.0 (Windows NT 10.0; Win64; x64) AppleWebKit/537.36 (KHTML, like Gecko) Chrome/83.0.4103.61 Safari/537.36"
138.21.12.25 - - [27/May/2020:14:04:26 +0200] "GET /reload?ser=1590581066283 HTTP/1.1" 200 28 "http://renault.2web.at/result?dir=DESC&mode=grid&order=name&limit=15&page=4&search=kleber" "Mozilla/5.0 (Windows NT 10.0; WOW64; Trident/7.0; Touch; rv:11.0) like Gecko"
194.166.200.75 - - [27/May/2020:14:04:52 +0200] "GET /reload?ser=1590581092040 HTTP/1.1" 200 28 "http://renault.activities.at/12230111" "Mozilla/5.0 (Windows NT 10.0; Win64; x64) AppleWebKit/537.36 (KHTML, like Gecko) Chrome/83.0.4103.61 Safari/537.36"
138.21.12.25 - - [27/May/2020:14:05:27 +0200] "GET /reload?ser=1590581127342 HTTP/1.1" 200 28 "http://renault.2web.at/result?dir=DESC&mode=grid&order=name&limit=15&page=4&search=kleber" "Mozilla/5.0 (Windows NT 10.0; WOW64; Trident/7.0; Touch; rv:11.0) like Gecko"
194.166.200.75 - - [27/May/2020:14:05:53 +0200] "GET /reload?ser=1590581153041 HTTP/1.1" 200 28 "http://renault.activities.at/12230111" "Mozilla/5.0 (Windows NT 10.0; Win64; x64) AppleWebKit/537.36 (KHTML, like Gecko) Chrome/83.0.4103.61 Safari/537.36"
138.21.12.25 - - [27/May/2020:14:06:28 +0200] "GET /reload?ser=1590581188442 HTTP/1.1" 200 28 "http://renault.2web.at/result?dir=DESC&mode=grid&order=name&limit=15&page=4&search=kleber" "Mozilla/5.0 (Windows NT 10.0; WOW64; Trident/7.0; Touch; rv:11.0) like Gecko"
194.166.200.75 - - [27/May/2020:14:06:55 +0200] "GET /reload?ser=1590581215041 HTTP/1.1" 200 28 "http://renault.activities.at/12230111" "Mozilla/5.0 (Windows NT 10.0; Win64; x64) AppleWebKit/537.36 (KHTML, like Gecko) Chrome/83.0.4103.61 Safari/537.36"
138.21.12.25 - - [27/May/2020:14:07:29 +0200] "GET /reload?ser=1590581249562 HTTP/1.1" 200 28 "http://renault.2web.at/result?dir=DESC&mode=grid&order=name&limit=15&page=4&search=kleber" "Mozilla/5.0 (Windows NT 10.0; WOW64; Trident/7.0; Touch; rv:11.0) like Gecko"
194.166.200.75 - - [27/May/2020:14:07:56 +0200] "GET /reload?ser=1590581276041 HTTP/1.1" 200 28 "http://renault.activities.at/12230111" "Mozilla/5.0 (Windows NT 10.0; Win64; x64) AppleWebKit/537.36 (KHTML, like Gecko) Chrome/83.0.4103.61 Safari/537.36"
138.21.12.25 - - [27/May/2020:14:08:30 +0200] "GET /reload?ser=1590581310649 HTTP/1.1" 200 28 "http://renault.2web.at/result?dir=DESC&mode=grid&order=name&limit=15&page=4&search=kleber" "Mozilla/5.0 (Windows NT 10.0; WOW64; Trident/7.0; Touch; rv:11.0) like Gecko"
194.166.200.75 - - [27/May/2020:14:08:57 +0200] "GET /reload?ser=1590581337041 HTTP/1.1" 200 28 "http://renault.activities.at/12230111" "Mozilla/5.0 (Windows NT 10.0; Win64; x64) AppleWebKit/537.36 (KHTML, like Gecko) Chrome/83.0.4103.61 Safari/537.36"
138.21.12.25 - - [27/May/2020:14:09:31 +0200] "GET /reload?ser=1590581371721 HTTP/1.1" 200 28 "http://renault.2web.at/result?dir=DESC&mode=grid&order=name&limit=15&page=4&search=kleber" "Mozilla/5.0 (Windows NT 10.0; WOW64; Trident/7.0; Touch; rv:11.0) like Gecko"
194.166.200.75 - - [27/May/2020:14:09:58 +0200] "GET /reload?ser=1590581398040 HTTP/1.1" 200 28 "http://renault.activities.at/12230111" "Mozilla/5.0 (Windows NT 10.0; Win64; x64) AppleWebKit/537.36 (KHTML, like Gecko) Chrome/83.0.4103.61 Safari/537.36"
138.21.12.25 - - [27/May/2020:14:10:32 +0200] "GET /reload?ser=1590581432800 HTTP/1.1" 200 28 "http://renault.2web.at/result?dir=DESC&mode=grid&order=name&limit=15&page=4&search=kleber" "Mozilla/5.0 (Windows NT 10.0; WOW64; Trident/7.0; Touch; rv:11.0) like Gecko"
194.166.200.75 - - [27/May/2020:14:10:59 +0200] "GET /reload?ser=1590581459041 HTTP/1.1" 200 28 "http://renault.activities.at/12230111" "Mozilla/5.0 (Windows NT 10.0; Win64; x64) AppleWebKit/537.36 (KHTML, like Gecko) Chrome/83.0.4103.61 Safari/537.36"
138.21.12.25 - - [27/May/2020:14:11:34 +0200] "GET /reload?ser=1590581493890 HTTP/1.1" 200 28 "http://renault.2web.at/result?dir=DESC&mode=grid&order=name&limit=15&page=4&search=kleber" "Mozilla/5.0 (Windows NT 10.0; WOW64; Trident/7.0; Touch; rv:11.0) like Gecko"
194.166.200.75 - - [27/May/2020:14:12:01 +0200] "GET /reload?ser=1590581521042 HTTP/1.1" 200 28 "http://renault.activities.at/12230111" "Mozilla/5.0 (Windows NT 10.0; Win64; x64) AppleWebKit/537.36 (KHTML, like Gecko) Chrome/83.0.4103.61 Safari/537.36"
138.21.12.25 - - [27/May/2020:14:12:35 +0200] "GET /reload?ser=1590581554947 HTTP/1.1" 200 28 "http://renault.2web.at/result?dir=DESC&mode=grid&order=name&limit=15&page=4&search=kleber" "Mozilla/5.0 (Windows NT 10.0; WOW64; Trident/7.0; Touch; rv:11.0) like Gecko"
194.166.200.75 - - [27/May/2020:14:13:02 +0200] "GET /reload?ser=1590581582041 HTTP/1.1" 200 28 "http://renault.activities.at/12230111" "Mozilla/5.0 (Windows NT 10.0; Win64; x64) AppleWebKit/537.36 (KHTML, like Gecko) Chrome/83.0.4103.61 Safari/537.36"
138.21.12.25 - - [27/May/2020:14:13:36 +0200] "GET /reload?ser=1590581616004 HTTP/1.1" 200 28 "http://renault.2web.at/result?dir=DESC&mode=grid&order=name&limit=15&page=4&search=kleber" "Mozilla/5.0 (Windows NT 10.0; WOW64; Trident/7.0; Touch; rv:11.0) like Gecko"
194.166.200.75 - - [27/May/2020:14:14:04 +0200] "GET /reload?ser=1590581644041 HTTP/1.1" 200 28 "http://renault.activities.at/12230111" "Mozilla/5.0 (Windows NT 10.0; Win64; x64) AppleWebKit/537.36 (KHTML, like Gecko) Chrome/83.0.4103.61 Safari/537.36"
138.21.12.25 - - [27/May/2020:14:14:37 +0200] "GET /reload?ser=1590581677072 HTTP/1.1" 200 28 "http://renault.2web.at/result?dir=DESC&mode=grid&order=name&limit=15&page=4&search=kleber" "Mozilla/5.0 (Windows NT 10.0; WOW64; Trident/7.0; Touch; rv:11.0) like Gecko"
194.166.200.75 - - [27/May/2020:14:15:05 +0200] "GET /reload?ser=1590581705042 HTTP/1.1" 200 28 "http://renault.activities.at/12230111" "Mozilla/5.0 (Windows NT 10.0; Win64; x64) AppleWebKit/537.36 (KHTML, like Gecko) Chrome/83.0.4103.61 Safari/537.36"
138.21.12.25 - - [27/May/2020:14:15:38 +0200] "GET /reload?ser=1590581738110 HTTP/1.1" 200 28 "http://renault.2web.at/result?dir=DESC&mode=grid&order=name&limit=15&page=4&search=kleber" "Mozilla/5.0 (Windows NT 10.0; WOW64; Trident/7.0; Touch; rv:11.0) like Gecko"
194.166.200.75 - - [27/May/2020:14:16:06 +0200] "GET /reload?ser=1590581766041 HTTP/1.1" 200 28 "http://renault.activities.at/12230111" "Mozilla/5.0 (Windows NT 10.0; Win64; x64) AppleWebKit/537.36 (KHTML, like Gecko) Chrome/83.0.4103.61 Safari/537.36"
138.21.12.25 - - [27/May/2020:14:16:39 +0200] "GET /reload?ser=1590581799169 HTTP/1.1" 200 28 "http://renault.2web.at/result?dir=DESC&mode=grid&order=name&limit=15&page=4&search=kleber" "Mozilla/5.0 (Windows NT 10.0; WOW64; Trident/7.0; Touch; rv:11.0) like Gecko"
194.166.200.75 - - [27/May/2020:14:17:07 +0200] "GET /reload?ser=1590581827041 HTTP/1.1" 200 28 "http://renault.activities.at/12230111" "Mozilla/5.0 (Windows NT 10.0; Win64; x64) AppleWebKit/537.36 (KHTML, like Gecko) Chrome/83.0.4103.61 Safari/537.36"
138.21.12.25 - - [27/May/2020:14:17:40 +0200] "GET /reload?ser=1590581860215 HTTP/1.1" 200 28 "http://renault.2web.at/result?dir=DESC&mode=grid&order=name&limit=15&page=4&search=kleber" "Mozilla/5.0 (Windows NT 10.0; WOW64; Trident/7.0; Touch; rv:11.0) like Gecko"
194.166.200.75 - - [27/May/2020:14:18:09 +0200] "GET /reload?ser=1590581889040 HTTP/1.1" 200 28 "http://renault.activities.at/12230111" "Mozilla/5.0 (Windows NT 10.0; Win64; x64) AppleWebKit/537.36 (KHTML, like Gecko) Chrome/83.0.4103.61 Safari/537.36"
138.21.12.25 - - [27/May/2020:14:18:41 +0200] "GET /reload?ser=1590581921318 HTTP/1.1" 200 28 "http://renault.2web.at/result?dir=DESC&mode=grid&order=name&limit=15&page=4&search=kleber" "Mozilla/5.0 (Windows NT 10.0; WOW64; Trident/7.0; Touch; rv:11.0) like Gecko"
194.166.200.75 - - [27/May/2020:14:19:10 +0200] "GET /reload?ser=1590581950041 HTTP/1.1" 200 28 "http://renault.activities.at/12230111" "Mozilla/5.0 (Windows NT 10.0; Win64; x64) AppleWebKit/537.36 (KHTML, like Gecko) Chrome/83.0.4103.61 Safari/537.36"
138.21.12.25 - - [27/May/2020:14:19:42 +0200] "GET /reload?ser=1590581982390 HTTP/1.1" 200 28 "http://renault.2web.at/result?dir=DESC&mode=grid&order=name&limit=15&page=4&search=kleber" "Mozilla/5.0 (Windows NT 10.0; WOW64; Trident/7.0; Touch; rv:11.0) like Gecko"
194.166.200.75 - - [27/May/2020:14:20:11 +0200] "GET /reload?ser=1590582011041 HTTP/1.1" 200 28 "http://renault.activities.at/12230111" "Mozilla/5.0 (Windows NT 10.0; Win64; x64) AppleWebKit/537.36 (KHTML, like Gecko) Chrome/83.0.4103.61 Safari/537.36"
138.21.12.25 - - [27/May/2020:14:20:43 +0200] "GET /reload?ser=1590582043497 HTTP/1.1" 200 28 "http://renault.2web.at/result?dir=DESC&mode=grid&order=name&limit=15&page=4&search=kleber" "Mozilla/5.0 (Windows NT 10.0; WOW64; Trident/7.0; Touch; rv:11.0) like Gecko"
194.166.200.75 - - [27/May/2020:14:21:12 +0200] "GET /reload?ser=1590582072041 HTTP/1.1" 200 28 "http://renault.activities.at/12230111" "Mozilla/5.0 (Windows NT 10.0; Win64; x64) AppleWebKit/537.36 (KHTML, like Gecko) Chrome/83.0.4103.61 Safari/537.36"
138.21.12.25 - - [27/May/2020:14:21:44 +0200] "GET /reload?ser=1590582104531 HTTP/1.1" 200 28 "http://renault.2web.at/result?dir=DESC&mode=grid&order=name&limit=15&page=4&search=kleber" "Mozilla/5.0 (Windows NT 10.0; WOW64; Trident/7.0; Touch; rv:11.0) like Gecko"
194.166.200.75 - - [27/May/2020:14:22:14 +0200] "GET /reload?ser=1590582134040 HTTP/1.1" 200 28 "http://renault.activities.at/12230111" "Mozilla/5.0 (Windows NT 10.0; Win64; x64) AppleWebKit/537.36 (KHTML, like Gecko) Chrome/83.0.4103.61 Safari/537.36"
138.21.12.25 - - [27/May/2020:14:22:46 +0200] "GET /reload?ser=1590582166220 HTTP/1.1" 200 28 "http://renault.2web.at/result?dir=DESC&mode=grid&order=name&limit=15&page=4&search=kleber" "Mozilla/5.0 (Windows NT 10.0; WOW64; Trident/7.0; Touch; rv:11.0) like Gecko"
194.166.200.75 - - [27/May/2020:14:23:16 +0200] "GET /reload?ser=1590582196040 HTTP/1.1" 200 28 "http://renault.activities.at/12230111" "Mozilla/5.0 (Windows NT 10.0; Win64; x64) AppleWebKit/537.36 (KHTML, like Gecko) Chrome/83.0.4103.61 Safari/537.36"
138.21.12.25 - - [27/May/2020:14:23:47 +0200] "GET /reload?ser=1590582227251 HTTP/1.1" 200 28 "http://renault.2web.at/result?dir=DESC&mode=grid&order=name&limit=15&page=4&search=kleber" "Mozilla/5.0 (Windows NT 10.0; WOW64; Trident/7.0; Touch; rv:11.0) like Gecko"
194.166.200.75 - - [27/May/2020:14:24:18 +0200] "GET /reload?ser=1590582258041 HTTP/1.1" 200 28 "http://renault.activities.at/12230111" "Mozilla/5.0 (Windows NT 10.0; Win64; x64) AppleWebKit/537.36 (KHTML, like Gecko) Chrome/83.0.4103.61 Safari/537.36"
138.21.12.25 - - [27/May/2020:14:24:48 +0200] "GET /reload?ser=1590582288298 HTTP/1.1" 200 28 "http://renault.2web.at/result?dir=DESC&mode=grid&order=name&limit=15&page=4&search=kleber" "Mozilla/5.0 (Windows NT 10.0; WOW64; Trident/7.0; Touch; rv:11.0) like Gecko"
194.166.200.75 - - [27/May/2020:14:25:19 +0200] "GET /reload?ser=1590582319041 HTTP/1.1" 200 28 "http://renault.activities.at/12230111" "Mozilla/5.0 (Windows NT 10.0; Win64; x64) AppleWebKit/537.36 (KHTML, like Gecko) Chrome/83.0.4103.61 Safari/537.36"
138.21.12.25 - - [27/May/2020:14:25:49 +0200] "GET /reload?ser=1590582349356 HTTP/1.1" 200 28 "http://renault.2web.at/result?dir=DESC&mode=grid&order=name&limit=15&page=4&search=kleber" "Mozilla/5.0 (Windows NT 10.0; WOW64; Trident/7.0; Touch; rv:11.0) like Gecko"
194.166.200.75 - - [27/May/2020:14:26:20 +0200] "GET /reload?ser=1590582380042 HTTP/1.1" 200 28 "http://renault.activities.at/12230111" "Mozilla/5.0 (Windows NT 10.0; Win64; x64) AppleWebKit/537.36 (KHTML, like Gecko) Chrome/83.0.4103.61 Safari/537.36"
138.21.12.25 - - [27/May/2020:14:26:50 +0200] "GET /reload?ser=1590582410433 HTTP/1.1" 200 28 "http://renault.2web.at/result?dir=DESC&mode=grid&order=name&limit=15&page=4&search=kleber" "Mozilla/5.0 (Windows NT 10.0; WOW64; Trident/7.0; Touch; rv:11.0) like Gecko"
194.166.200.75 - - [27/May/2020:14:27:21 +0200] "GET /reload?ser=1590582441041 HTTP/1.1" 200 28 "http://renault.activities.at/12230111" "Mozilla/5.0 (Windows NT 10.0; Win64; x64) AppleWebKit/537.36 (KHTML, like Gecko) Chrome/83.0.4103.61 Safari/537.36"
138.21.12.25 - - [27/May/2020:14:27:51 +0200] "GET /reload?ser=1590582471516 HTTP/1.1" 200 28 "http://renault.2web.at/result?dir=DESC&mode=grid&order=name&limit=15&page=4&search=kleber" "Mozilla/5.0 (Windows NT 10.0; WOW64; Trident/7.0; Touch; rv:11.0) like Gecko"
194.166.200.75 - - [27/May/2020:14:28:22 +0200] "GET /reload?ser=1590582502042 HTTP/1.1" 200 28 "http://renault.activities.at/12230111" "Mozilla/5.0 (Windows NT 10.0; Win64; x64) AppleWebKit/537.36 (KHTML, like Gecko) Chrome/83.0.4103.61 Safari/537.36"
138.21.12.25 - - [27/May/2020:14:28:52 +0200] "GET /reload?ser=1590582532618 HTTP/1.1" 200 28 "http://renault.2web.at/result?dir=DESC&mode=grid&order=name&limit=15&page=4&search=kleber" "Mozilla/5.0 (Windows NT 10.0; WOW64; Trident/7.0; Touch; rv:11.0) like Gecko"
194.166.200.75 - - [27/May/2020:14:29:24 +0200] "GET /reload?ser=1590582564040 HTTP/1.1" 200 28 "http://renault.activities.at/12230111" "Mozilla/5.0 (Windows NT 10.0; Win64; x64) AppleWebKit/537.36 (KHTML, like Gecko) Chrome/83.0.4103.61 Safari/537.36"
138.21.12.25 - - [27/May/2020:14:29:53 +0200] "GET /reload?ser=1590582593686 HTTP/1.1" 200 28 "http://renault.2web.at/result?dir=DESC&mode=grid&order=name&limit=15&page=4&search=kleber" "Mozilla/5.0 (Windows NT 10.0; WOW64; Trident/7.0; Touch; rv:11.0) like Gecko"
194.166.200.75 - - [27/May/2020:14:30:25 +0200] "GET /reload?ser=1590582625041 HTTP/1.1" 200 28 "http://renault.activities.at/12230111" "Mozilla/5.0 (Windows NT 10.0; Win64; x64) AppleWebKit/537.36 (KHTML, like Gecko) Chrome/83.0.4103.61 Safari/537.36"
138.21.12.25 - - [27/May/2020:14:30:55 +0200] "GET /reload?ser=1590582654793 HTTP/1.1" 200 28 "http://renault.2web.at/result?dir=DESC&mode=grid&order=name&limit=15&page=4&search=kleber" "Mozilla/5.0 (Windows NT 10.0; WOW64; Trident/7.0; Touch; rv:11.0) like Gecko"
194.166.200.75 - - [27/May/2020:14:31:26 +0200] "GET /reload?ser=1590582686041 HTTP/1.1" 200 28 "http://renault.activities.at/12230111" "Mozilla/5.0 (Windows NT 10.0; Win64; x64) AppleWebKit/537.36 (KHTML, like Gecko) Chrome/83.0.4103.61 Safari/537.36"
138.21.12.25 - - [27/May/2020:14:31:56 +0200] "GET /reload?ser=1590582716715 HTTP/1.1" 200 28 "http://renault.2web.at/result?dir=DESC&mode=grid&order=name&limit=15&page=4&search=kleber" "Mozilla/5.0 (Windows NT 10.0; WOW64; Trident/7.0; Touch; rv:11.0) like Gecko"
194.166.200.75 - - [27/May/2020:14:32:27 +0200] "GET /reload?ser=1590582747040 HTTP/1.1" 200 28 "http://renault.activities.at/12230111" "Mozilla/5.0 (Windows NT 10.0; Win64; x64) AppleWebKit/537.36 (KHTML, like Gecko) Chrome/83.0.4103.61 Safari/537.36"
138.21.12.25 - - [27/May/2020:14:32:57 +0200] "GET /reload?ser=1590582777752 HTTP/1.1" 200 28 "http://renault.2web.at/result?dir=DESC&mode=grid&order=name&limit=15&page=4&search=kleber" "Mozilla/5.0 (Windows NT 10.0; WOW64; Trident/7.0; Touch; rv:11.0) like Gecko"
194.166.200.75 - - [27/May/2020:14:33:28 +0200] "GET /reload?ser=1590582808040 HTTP/1.1" 200 28 "http://renault.activities.at/12230111" "Mozilla/5.0 (Windows NT 10.0; Win64; x64) AppleWebKit/537.36 (KHTML, like Gecko) Chrome/83.0.4103.61 Safari/537.36"
138.21.12.25 - - [27/May/2020:14:33:58 +0200] "GET /reload?ser=1590582838796 HTTP/1.1" 200 28 "http://renault.2web.at/result?dir=DESC&mode=grid&order=name&limit=15&page=4&search=kleber" "Mozilla/5.0 (Windows NT 10.0; WOW64; Trident/7.0; Touch; rv:11.0) like Gecko"
194.166.200.75 - - [27/May/2020:14:34:30 +0200] "GET /reload?ser=1590582870041 HTTP/1.1" 200 28 "http://renault.activities.at/12230111" "Mozilla/5.0 (Windows NT 10.0; Win64; x64) AppleWebKit/537.36 (KHTML, like Gecko) Chrome/83.0.4103.61 Safari/537.36"
138.21.12.25 - - [27/May/2020:14:35:00 +0200] "GET /reload?ser=1590582900747 HTTP/1.1" 200 28 "http://renault.2web.at/result?dir=DESC&mode=grid&order=name&limit=15&page=4&search=kleber" "Mozilla/5.0 (Windows NT 10.0; WOW64; Trident/7.0; Touch; rv:11.0) like Gecko"
194.166.200.75 - - [27/May/2020:14:35:31 +0200] "GET /reload?ser=1590582931041 HTTP/1.1" 200 28 "http://renault.activities.at/12230111" "Mozilla/5.0 (Windows NT 10.0; Win64; x64) AppleWebKit/537.36 (KHTML, like Gecko) Chrome/83.0.4103.61 Safari/537.36"
138.21.12.25 - - [27/May/2020:14:36:01 +0200] "GET /reload?ser=1590582961774 HTTP/1.1" 200 28 "http://renault.2web.at/result?dir=DESC&mode=grid&order=name&limit=15&page=4&search=kleber" "Mozilla/5.0 (Windows NT 10.0; WOW64; Trident/7.0; Touch; rv:11.0) like Gecko"
194.166.200.75 - - [27/May/2020:14:36:32 +0200] "GET /reload?ser=1590582992041 HTTP/1.1" 200 28 "http://renault.activities.at/12230111" "Mozilla/5.0 (Windows NT 10.0; Win64; x64) AppleWebKit/537.36 (KHTML, like Gecko) Chrome/83.0.4103.61 Safari/537.36"
138.21.12.25 - - [27/May/2020:14:37:03 +0200] "GET /reload?ser=1590583022831 HTTP/1.1" 200 28 "http://renault.2web.at/result?dir=DESC&mode=grid&order=name&limit=15&page=4&search=kleber" "Mozilla/5.0 (Windows NT 10.0; WOW64; Trident/7.0; Touch; rv:11.0) like Gecko"
194.166.200.75 - - [27/May/2020:14:37:33 +0200] "GET /reload?ser=1590583053041 HTTP/1.1" 200 28 "http://renault.activities.at/12230111" "Mozilla/5.0 (Windows NT 10.0; Win64; x64) AppleWebKit/537.36 (KHTML, like Gecko) Chrome/83.0.4103.61 Safari/537.36"
138.21.12.25 - - [27/May/2020:14:38:05 +0200] "GET /reload?ser=1590583085294 HTTP/1.1" 200 28 "http://renault.2web.at/result?dir=DESC&mode=grid&order=name&limit=15&page=4&search=kleber" "Mozilla/5.0 (Windows NT 10.0; WOW64; Trident/7.0; Touch; rv:11.0) like Gecko"
194.166.200.75 - - [27/May/2020:14:38:34 +0200] "GET /reload?ser=1590583114041 HTTP/1.1" 200 28 "http://renault.activities.at/12230111" "Mozilla/5.0 (Windows NT 10.0; Win64; x64) AppleWebKit/537.36 (KHTML, like Gecko) Chrome/83.0.4103.61 Safari/537.36"
138.21.12.25 - - [27/May/2020:14:39:06 +0200] "GET /reload?ser=1590583146329 HTTP/1.1" 200 28 "http://renault.2web.at/result?dir=DESC&mode=grid&order=name&limit=15&page=4&search=kleber" "Mozilla/5.0 (Windows NT 10.0; WOW64; Trident/7.0; Touch; rv:11.0) like Gecko"
194.166.200.75 - - [27/May/2020:14:39:35 +0200] "GET /reload?ser=1590583175042 HTTP/1.1" 200 28 "http://renault.activities.at/12230111" "Mozilla/5.0 (Windows NT 10.0; Win64; x64) AppleWebKit/537.36 (KHTML, like Gecko) Chrome/83.0.4103.61 Safari/537.36"
138.21.12.25 - - [27/May/2020:14:40:07 +0200] "GET /reload?ser=1590583207401 HTTP/1.1" 200 28 "http://renault.2web.at/result?dir=DESC&mode=grid&order=name&limit=15&page=4&search=kleber" "Mozilla/5.0 (Windows NT 10.0; WOW64; Trident/7.0; Touch; rv:11.0) like Gecko"
194.166.200.75 - - [27/May/2020:14:40:36 +0200] "GET /reload?ser=1590583236041 HTTP/1.1" 200 28 "http://renault.activities.at/12230111" "Mozilla/5.0 (Windows NT 10.0; Win64; x64) AppleWebKit/537.36 (KHTML, like Gecko) Chrome/83.0.4103.61 Safari/537.36"
138.21.12.25 - - [27/May/2020:14:41:09 +0200] "GET /reload?ser=1590583268983 HTTP/1.1" 200 28 "http://renault.2web.at/result?dir=DESC&mode=grid&order=name&limit=15&page=4&search=kleber" "Mozilla/5.0 (Windows NT 10.0; WOW64; Trident/7.0; Touch; rv:11.0) like Gecko"
194.166.200.75 - - [27/May/2020:14:41:38 +0200] "GET /reload?ser=1590583298041 HTTP/1.1" 200 28 "http://renault.activities.at/12230111" "Mozilla/5.0 (Windows NT 10.0; Win64; x64) AppleWebKit/537.36 (KHTML, like Gecko) Chrome/83.0.4103.61 Safari/537.36"
138.21.12.25 - - [27/May/2020:14:42:10 +0200] "GET /reload?ser=1590583330016 HTTP/1.1" 200 28 "http://renault.2web.at/result?dir=DESC&mode=grid&order=name&limit=15&page=4&search=kleber" "Mozilla/5.0 (Windows NT 10.0; WOW64; Trident/7.0; Touch; rv:11.0) like Gecko"
194.166.200.75 - - [27/May/2020:14:42:39 +0200] "GET /reload?ser=1590583359040 HTTP/1.1" 200 28 "http://renault.activities.at/12230111" "Mozilla/5.0 (Windows NT 10.0; Win64; x64) AppleWebKit/537.36 (KHTML, like Gecko) Chrome/83.0.4103.61 Safari/537.36"
138.21.12.25 - - [27/May/2020:14:43:11 +0200] "GET /reload?ser=1590583391071 HTTP/1.1" 200 28 "http://renault.2web.at/result?dir=DESC&mode=grid&order=name&limit=15&page=4&search=kleber" "Mozilla/5.0 (Windows NT 10.0; WOW64; Trident/7.0; Touch; rv:11.0) like Gecko"
194.166.200.75 - - [27/May/2020:14:43:40 +0200] "GET /reload?ser=1590583420041 HTTP/1.1" 200 28 "http://renault.activities.at/12230111" "Mozilla/5.0 (Windows NT 10.0; Win64; x64) AppleWebKit/537.36 (KHTML, like Gecko) Chrome/83.0.4103.61 Safari/537.36"
138.21.12.25 - - [27/May/2020:14:44:13 +0200] "GET /reload?ser=1590583453091 HTTP/1.1" 200 28 "http://renault.2web.at/result?dir=DESC&mode=grid&order=name&limit=15&page=4&search=kleber" "Mozilla/5.0 (Windows NT 10.0; WOW64; Trident/7.0; Touch; rv:11.0) like Gecko"
194.166.200.75 - - [27/May/2020:14:44:41 +0200] "GET /reload?ser=1590583481041 HTTP/1.1" 200 28 "http://renault.activities.at/12230111" "Mozilla/5.0 (Windows NT 10.0; Win64; x64) AppleWebKit/537.36 (KHTML, like Gecko) Chrome/83.0.4103.61 Safari/537.36"
138.21.12.25 - - [27/May/2020:14:45:14 +0200] "GET /reload?ser=1590583514196 HTTP/1.1" 200 28 "http://renault.2web.at/result?dir=DESC&mode=grid&order=name&limit=15&page=4&search=kleber" "Mozilla/5.0 (Windows NT 10.0; WOW64; Trident/7.0; Touch; rv:11.0) like Gecko"
194.166.200.75 - - [27/May/2020:14:45:42 +0200] "GET /reload?ser=1590583542042 HTTP/1.1" 200 28 "http://renault.activities.at/12230111" "Mozilla/5.0 (Windows NT 10.0; Win64; x64) AppleWebKit/537.36 (KHTML, like Gecko) Chrome/83.0.4103.61 Safari/537.36"
138.21.12.25 - - [27/May/2020:14:46:15 +0200] "GET /reload?ser=1590583575287 HTTP/1.1" 200 28 "http://renault.2web.at/result?dir=DESC&mode=grid&order=name&limit=15&page=4&search=kleber" "Mozilla/5.0 (Windows NT 10.0; WOW64; Trident/7.0; Touch; rv:11.0) like Gecko"
194.166.200.75 - - [27/May/2020:14:46:43 +0200] "GET /reload?ser=1590583603040 HTTP/1.1" 200 28 "http://renault.activities.at/12230111" "Mozilla/5.0 (Windows NT 10.0; Win64; x64) AppleWebKit/537.36 (KHTML, like Gecko) Chrome/83.0.4103.61 Safari/537.36"
138.21.12.25 - - [27/May/2020:14:47:17 +0200] "GET /reload?ser=1590583637392 HTTP/1.1" 200 28 "http://renault.2web.at/result?dir=DESC&mode=grid&order=name&limit=15&page=4&search=kleber" "Mozilla/5.0 (Windows NT 10.0; WOW64; Trident/7.0; Touch; rv:11.0) like Gecko"
194.166.200.75 - - [27/May/2020:14:47:44 +0200] "GET /reload?ser=1590583664041 HTTP/1.1" 200 28 "http://renault.activities.at/12230111" "Mozilla/5.0 (Windows NT 10.0; Win64; x64) AppleWebKit/537.36 (KHTML, like Gecko) Chrome/83.0.4103.61 Safari/537.36"
138.21.12.25 - - [27/May/2020:14:48:18 +0200] "GET /reload?ser=1590583698439 HTTP/1.1" 200 28 "http://renault.2web.at/result?dir=DESC&mode=grid&order=name&limit=15&page=4&search=kleber" "Mozilla/5.0 (Windows NT 10.0; WOW64; Trident/7.0; Touch; rv:11.0) like Gecko"
194.166.200.75 - - [27/May/2020:14:48:45 +0200] "GET /reload?ser=1590583725042 HTTP/1.1" 200 28 "http://renault.activities.at/12230111" "Mozilla/5.0 (Windows NT 10.0; Win64; x64) AppleWebKit/537.36 (KHTML, like Gecko) Chrome/83.0.4103.61 Safari/537.36"
138.21.12.25 - - [27/May/2020:14:49:19 +0200] "GET /reload?ser=1590583759512 HTTP/1.1" 200 28 "http://renault.2web.at/result?dir=DESC&mode=grid&order=name&limit=15&page=4&search=kleber" "Mozilla/5.0 (Windows NT 10.0; WOW64; Trident/7.0; Touch; rv:11.0) like Gecko"
194.166.200.75 - - [27/May/2020:14:49:47 +0200] "GET /reload?ser=1590583787041 HTTP/1.1" 200 28 "http://renault.activities.at/12230111" "Mozilla/5.0 (Windows NT 10.0; Win64; x64) AppleWebKit/537.36 (KHTML, like Gecko) Chrome/83.0.4103.61 Safari/537.36"
138.21.12.25 - - [27/May/2020:14:50:20 +0200] "GET /reload?ser=1590583820677 HTTP/1.1" 200 28 "http://renault.2web.at/result?dir=DESC&mode=grid&order=name&limit=15&page=4&search=kleber" "Mozilla/5.0 (Windows NT 10.0; WOW64; Trident/7.0; Touch; rv:11.0) like Gecko"
194.166.200.75 - - [27/May/2020:14:50:48 +0200] "GET /reload?ser=1590583848041 HTTP/1.1" 200 28 "http://renault.activities.at/12230111" "Mozilla/5.0 (Windows NT 10.0; Win64; x64) AppleWebKit/537.36 (KHTML, like Gecko) Chrome/83.0.4103.61 Safari/537.36"
138.21.12.25 - - [27/May/2020:14:51:21 +0200] "GET /reload?ser=1590583881754 HTTP/1.1" 200 28 "http://renault.2web.at/result?dir=DESC&mode=grid&order=name&limit=15&page=4&search=kleber" "Mozilla/5.0 (Windows NT 10.0; WOW64; Trident/7.0; Touch; rv:11.0) like Gecko"
194.166.200.75 - - [27/May/2020:14:51:49 +0200] "GET /reload?ser=1590583909041 HTTP/1.1" 200 28 "http://renault.activities.at/12230111" "Mozilla/5.0 (Windows NT 10.0; Win64; x64) AppleWebKit/537.36 (KHTML, like Gecko) Chrome/83.0.4103.61 Safari/537.36"
138.21.12.25 - - [27/May/2020:14:52:22 +0200] "GET /reload?ser=1590583942840 HTTP/1.1" 200 28 "http://renault.2web.at/result?dir=DESC&mode=grid&order=name&limit=15&page=4&search=kleber" "Mozilla/5.0 (Windows NT 10.0; WOW64; Trident/7.0; Touch; rv:11.0) like Gecko"
194.166.200.75 - - [27/May/2020:14:52:51 +0200] "GET /reload?ser=1590583971040 HTTP/1.1" 200 28 "http://renault.activities.at/12230111" "Mozilla/5.0 (Windows NT 10.0; Win64; x64) AppleWebKit/537.36 (KHTML, like Gecko) Chrome/83.0.4103.61 Safari/537.36"
138.21.12.25 - - [27/May/2020:14:53:24 +0200] "GET /reload?ser=1590584003892 HTTP/1.1" 200 28 "http://renault.2web.at/result?dir=DESC&mode=grid&order=name&limit=15&page=4&search=kleber" "Mozilla/5.0 (Windows NT 10.0; WOW64; Trident/7.0; Touch; rv:11.0) like Gecko"
194.166.200.75 - - [27/May/2020:14:53:53 +0200] "GET /reload?ser=1590584033041 HTTP/1.1" 200 28 "http://renault.activities.at/12230111" "Mozilla/5.0 (Windows NT 10.0; Win64; x64) AppleWebKit/537.36 (KHTML, like Gecko) Chrome/83.0.4103.61 Safari/537.36"
138.21.12.25 - - [27/May/2020:14:54:25 +0200] "GET /reload?ser=1590584064942 HTTP/1.1" 200 28 "http://renault.2web.at/result?dir=DESC&mode=grid&order=name&limit=15&page=4&search=kleber" "Mozilla/5.0 (Windows NT 10.0; WOW64; Trident/7.0; Touch; rv:11.0) like Gecko"
194.166.200.75 - - [27/May/2020:14:54:54 +0200] "GET /reload?ser=1590584094041 HTTP/1.1" 200 28 "http://renault.activities.at/12230111" "Mozilla/5.0 (Windows NT 10.0; Win64; x64) AppleWebKit/537.36 (KHTML, like Gecko) Chrome/83.0.4103.61 Safari/537.36"
194.166.200.75 - - [27/May/2020:14:55:55 +0200] "GET /reload?ser=1590584155040 HTTP/1.1" 200 28 "http://renault.activities.at/12230111" "Mozilla/5.0 (Windows NT 10.0; Win64; x64) AppleWebKit/537.36 (KHTML, like Gecko) Chrome/83.0.4103.61 Safari/537.36"
194.166.200.75 - - [27/May/2020:14:56:57 +0200] "GET /reload?ser=1590584217040 HTTP/1.1" 200 28 "http://renault.activities.at/12230111" "Mozilla/5.0 (Windows NT 10.0; Win64; x64) AppleWebKit/537.36 (KHTML, like Gecko) Chrome/83.0.4103.61 Safari/537.36"
194.166.200.75 - - [27/May/2020:14:57:59 +0200] "GET /reload?ser=1590584279041 HTTP/1.1" 200 28 "http://renault.activities.at/12230111" "Mozilla/5.0 (Windows NT 10.0; Win64; x64) AppleWebKit/537.36 (KHTML, like Gecko) Chrome/83.0.4103.61 Safari/537.36"
