138.21.12.21 - - [03/Jun/2020:17:13:22 +0200] "GET /reload?ser=1591197202523 HTTP/1.1" 200 28 "http://renault.2web.at/result?searchterm=true&search=motorraumaufh%E4nger" "Mozilla/5.0 (Windows NT 10.0; WOW64; Trident/7.0; Touch; rv:11.0) like Gecko"
212.89.176.40 - - [03/Jun/2020:17:13:46 +0200] "GET /reload?ser=1591197219930 HTTP/1.1" 200 28 "http://renault.activities.at/success" "Mozilla/5.0 (Windows NT 6.1; WOW64; Trident/7.0; rv:11.0) like Gecko"
138.21.12.21 - - [03/Jun/2020:17:14:23 +0200] "GET /reload?ser=1591197263666 HTTP/1.1" 200 28 "http://renault.2web.at/result?searchterm=true&search=motorraumaufh%E4nger" "Mozilla/5.0 (Windows NT 10.0; WOW64; Trident/7.0; Touch; rv:11.0) like Gecko"
212.89.176.40 - - [03/Jun/2020:17:14:47 +0200] "GET /reload?ser=1591197280927 HTTP/1.1" 200 28 "http://renault.activities.at/success" "Mozilla/5.0 (Windows NT 6.1; WOW64; Trident/7.0; rv:11.0) like Gecko"
138.21.12.21 - - [03/Jun/2020:17:15:25 +0200] "GET /reload?ser=1591197324837 HTTP/1.1" 200 28 "http://renault.2web.at/result?searchterm=true&search=motorraumaufh%E4nger" "Mozilla/5.0 (Windows NT 10.0; WOW64; Trident/7.0; Touch; rv:11.0) like Gecko"
212.89.176.40 - - [03/Jun/2020:17:15:48 +0200] "GET /reload?ser=1591197341908 HTTP/1.1" 200 28 "http://renault.activities.at/success" "Mozilla/5.0 (Windows NT 6.1; WOW64; Trident/7.0; rv:11.0) like Gecko"
138.21.12.21 - - [03/Jun/2020:17:16:26 +0200] "GET /reload?ser=1591197386013 HTTP/1.1" 200 28 "http://renault.2web.at/result?searchterm=true&search=motorraumaufh%E4nger" "Mozilla/5.0 (Windows NT 10.0; WOW64; Trident/7.0; Touch; rv:11.0) like Gecko"
212.89.176.40 - - [03/Jun/2020:17:16:49 +0200] "GET /reload?ser=1591197402857 HTTP/1.1" 200 28 "http://renault.activities.at/success" "Mozilla/5.0 (Windows NT 6.1; WOW64; Trident/7.0; rv:11.0) like Gecko"
138.21.12.21 - - [03/Jun/2020:17:17:27 +0200] "GET /reload?ser=1591197447094 HTTP/1.1" 200 28 "http://renault.2web.at/result?searchterm=true&search=motorraumaufh%E4nger" "Mozilla/5.0 (Windows NT 10.0; WOW64; Trident/7.0; Touch; rv:11.0) like Gecko"
212.89.176.40 - - [03/Jun/2020:17:17:50 +0200] "GET /reload?ser=1591197463815 HTTP/1.1" 200 28 "http://renault.activities.at/success" "Mozilla/5.0 (Windows NT 6.1; WOW64; Trident/7.0; rv:11.0) like Gecko"
138.21.12.21 - - [03/Jun/2020:17:18:29 +0200] "GET /reload?ser=1591197508459 HTTP/1.1" 200 28 "http://renault.2web.at/result?searchterm=true&search=motorraumaufh%E4nger" "Mozilla/5.0 (Windows NT 10.0; WOW64; Trident/7.0; Touch; rv:11.0) like Gecko"
212.89.176.40 - - [03/Jun/2020:17:18:51 +0200] "GET /reload?ser=1591197524759 HTTP/1.1" 200 28 "http://renault.activities.at/success" "Mozilla/5.0 (Windows NT 6.1; WOW64; Trident/7.0; rv:11.0) like Gecko"
138.21.12.21 - - [03/Jun/2020:17:19:30 +0200] "GET /reload?ser=1591197570390 HTTP/1.1" 200 28 "http://renault.2web.at/result?searchterm=true&search=motorraumaufh%E4nger" "Mozilla/5.0 (Windows NT 10.0; WOW64; Trident/7.0; Touch; rv:11.0) like Gecko"
212.89.176.40 - - [03/Jun/2020:17:19:52 +0200] "GET /reload?ser=1591197585745 HTTP/1.1" 200 28 "http://renault.activities.at/success" "Mozilla/5.0 (Windows NT 6.1; WOW64; Trident/7.0; rv:11.0) like Gecko"
138.21.12.21 - - [03/Jun/2020:17:20:32 +0200] "GET /reload?ser=1591197631846 HTTP/1.1" 200 28 "http://renault.2web.at/result?searchterm=true&search=motorraumaufh%E4nger" "Mozilla/5.0 (Windows NT 10.0; WOW64; Trident/7.0; Touch; rv:11.0) like Gecko"
212.89.176.40 - - [03/Jun/2020:17:20:53 +0200] "GET /reload?ser=1591197646690 HTTP/1.1" 200 28 "http://renault.activities.at/success" "Mozilla/5.0 (Windows NT 6.1; WOW64; Trident/7.0; rv:11.0) like Gecko"
138.21.12.21 - - [03/Jun/2020:17:21:33 +0200] "GET /reload?ser=1591197693389 HTTP/1.1" 200 28 "http://renault.2web.at/result?searchterm=true&search=motorraumaufh%E4nger" "Mozilla/5.0 (Windows NT 10.0; WOW64; Trident/7.0; Touch; rv:11.0) like Gecko"
212.89.176.40 - - [03/Jun/2020:17:21:54 +0200] "GET /reload?ser=1591197707635 HTTP/1.1" 200 28 "http://renault.activities.at/success" "Mozilla/5.0 (Windows NT 6.1; WOW64; Trident/7.0; rv:11.0) like Gecko"
138.21.12.21 - - [03/Jun/2020:17:22:34 +0200] "GET /reload?ser=1591197754686 HTTP/1.1" 200 28 "http://renault.2web.at/result?searchterm=true&search=motorraumaufh%E4nger" "Mozilla/5.0 (Windows NT 10.0; WOW64; Trident/7.0; Touch; rv:11.0) like Gecko"
212.89.176.40 - - [03/Jun/2020:17:22:55 +0200] "GET /reload?ser=1591197768624 HTTP/1.1" 200 28 "http://renault.activities.at/success" "Mozilla/5.0 (Windows NT 6.1; WOW64; Trident/7.0; rv:11.0) like Gecko"
138.21.12.21 - - [03/Jun/2020:17:23:36 +0200] "GET /reload?ser=1591197815863 HTTP/1.1" 200 28 "http://renault.2web.at/result?searchterm=true&search=motorraumaufh%E4nger" "Mozilla/5.0 (Windows NT 10.0; WOW64; Trident/7.0; Touch; rv:11.0) like Gecko"
212.89.176.40 - - [03/Jun/2020:17:23:56 +0200] "GET /reload?ser=1591197829580 HTTP/1.1" 200 28 "http://renault.activities.at/success" "Mozilla/5.0 (Windows NT 6.1; WOW64; Trident/7.0; rv:11.0) like Gecko"
138.21.12.21 - - [03/Jun/2020:17:24:37 +0200] "GET /reload?ser=1591197877165 HTTP/1.1" 200 28 "http://renault.2web.at/result?searchterm=true&search=motorraumaufh%E4nger" "Mozilla/5.0 (Windows NT 10.0; WOW64; Trident/7.0; Touch; rv:11.0) like Gecko"
212.89.176.40 - - [03/Jun/2020:17:24:57 +0200] "GET /reload?ser=1591197890525 HTTP/1.1" 200 28 "http://renault.activities.at/success" "Mozilla/5.0 (Windows NT 6.1; WOW64; Trident/7.0; rv:11.0) like Gecko"
138.21.12.21 - - [03/Jun/2020:17:25:38 +0200] "GET /reload?ser=1591197938655 HTTP/1.1" 200 28 "http://renault.2web.at/result?searchterm=true&search=motorraumaufh%E4nger" "Mozilla/5.0 (Windows NT 10.0; WOW64; Trident/7.0; Touch; rv:11.0) like Gecko"
212.89.176.40 - - [03/Jun/2020:17:25:58 +0200] "GET /reload?ser=1591197951464 HTTP/1.1" 200 28 "http://renault.activities.at/success" "Mozilla/5.0 (Windows NT 6.1; WOW64; Trident/7.0; rv:11.0) like Gecko"
138.21.12.21 - - [03/Jun/2020:17:26:08 +0200] "GET /logout HTTP/1.1" 302 136 "http://renault.2web.at/result?searchterm=true&search=motorraumaufh%E4nger" "Mozilla/5.0 (Windows NT 10.0; WOW64; Trident/7.0; Touch; rv:11.0) like Gecko"
138.21.12.21 - - [03/Jun/2020:17:26:10 +0200] "GET /logout HTTP/1.1" 200 1592 "http://renault.2web.at/result?searchterm=true&search=motorraumaufh%E4nger" "Mozilla/5.0 (Windows NT 10.0; WOW64; Trident/7.0; Touch; rv:11.0) like Gecko"
212.89.176.40 - - [03/Jun/2020:17:26:59 +0200] "GET /reload?ser=1591198012448 HTTP/1.1" 200 28 "http://renault.activities.at/success" "Mozilla/5.0 (Windows NT 6.1; WOW64; Trident/7.0; rv:11.0) like Gecko"
212.89.176.40 - - [03/Jun/2020:17:28:00 +0200] "GET /reload?ser=1591198073421 HTTP/1.1" 200 28 "http://renault.activities.at/success" "Mozilla/5.0 (Windows NT 6.1; WOW64; Trident/7.0; rv:11.0) like Gecko"
212.89.176.40 - - [03/Jun/2020:17:29:01 +0200] "GET /reload?ser=1591198134369 HTTP/1.1" 200 28 "http://renault.activities.at/success" "Mozilla/5.0 (Windows NT 6.1; WOW64; Trident/7.0; rv:11.0) like Gecko"
212.89.176.40 - - [03/Jun/2020:17:30:01 +0200] "GET /reload?ser=1591198195350 HTTP/1.1" 200 28 "http://renault.activities.at/success" "Mozilla/5.0 (Windows NT 6.1; WOW64; Trident/7.0; rv:11.0) like Gecko"
212.89.176.40 - - [03/Jun/2020:17:31:02 +0200] "GET /reload?ser=1591198256324 HTTP/1.1" 200 28 "http://renault.activities.at/success" "Mozilla/5.0 (Windows NT 6.1; WOW64; Trident/7.0; rv:11.0) like Gecko"
212.89.176.40 - - [03/Jun/2020:17:32:03 +0200] "GET /reload?ser=1591198317288 HTTP/1.1" 200 28 "http://renault.activities.at/success" "Mozilla/5.0 (Windows NT 6.1; WOW64; Trident/7.0; rv:11.0) like Gecko"
212.89.176.40 - - [03/Jun/2020:17:33:04 +0200] "GET /reload?ser=1591198378268 HTTP/1.1" 200 28 "http://renault.activities.at/success" "Mozilla/5.0 (Windows NT 6.1; WOW64; Trident/7.0; rv:11.0) like Gecko"
212.89.176.40 - - [03/Jun/2020:17:34:05 +0200] "GET /reload?ser=1591198439231 HTTP/1.1" 200 28 "http://renault.activities.at/success" "Mozilla/5.0 (Windows NT 6.1; WOW64; Trident/7.0; rv:11.0) like Gecko"
212.89.176.40 - - [03/Jun/2020:17:35:06 +0200] "GET /reload?ser=1591198500205 HTTP/1.1" 200 28 "http://renault.activities.at/success" "Mozilla/5.0 (Windows NT 6.1; WOW64; Trident/7.0; rv:11.0) like Gecko"
212.89.176.40 - - [03/Jun/2020:17:36:07 +0200] "GET /reload?ser=1591198561176 HTTP/1.1" 200 28 "http://renault.activities.at/success" "Mozilla/5.0 (Windows NT 6.1; WOW64; Trident/7.0; rv:11.0) like Gecko"
212.89.176.40 - - [03/Jun/2020:17:37:08 +0200] "GET /reload?ser=1591198622138 HTTP/1.1" 200 28 "http://renault.activities.at/success" "Mozilla/5.0 (Windows NT 6.1; WOW64; Trident/7.0; rv:11.0) like Gecko"
212.89.176.40 - - [03/Jun/2020:17:38:09 +0200] "GET /reload?ser=1591198683129 HTTP/1.1" 200 28 "http://renault.activities.at/success" "Mozilla/5.0 (Windows NT 6.1; WOW64; Trident/7.0; rv:11.0) like Gecko"
212.89.176.40 - - [03/Jun/2020:17:39:10 +0200] "GET /reload?ser=1591198744099 HTTP/1.1" 200 28 "http://renault.activities.at/success" "Mozilla/5.0 (Windows NT 6.1; WOW64; Trident/7.0; rv:11.0) like Gecko"
212.89.176.40 - - [03/Jun/2020:17:40:11 +0200] "GET /reload?ser=1591198805042 HTTP/1.1" 200 28 "http://renault.activities.at/success" "Mozilla/5.0 (Windows NT 6.1; WOW64; Trident/7.0; rv:11.0) like Gecko"
212.89.176.40 - - [03/Jun/2020:17:41:12 +0200] "GET /reload?ser=1591198866011 HTTP/1.1" 200 28 "http://renault.activities.at/success" "Mozilla/5.0 (Windows NT 6.1; WOW64; Trident/7.0; rv:11.0) like Gecko"
212.89.176.40 - - [03/Jun/2020:17:42:13 +0200] "GET /reload?ser=1591198926983 HTTP/1.1" 200 28 "http://renault.activities.at/success" "Mozilla/5.0 (Windows NT 6.1; WOW64; Trident/7.0; rv:11.0) like Gecko"
212.89.176.40 - - [03/Jun/2020:17:43:14 +0200] "GET /reload?ser=1591198987968 HTTP/1.1" 200 28 "http://renault.activities.at/success" "Mozilla/5.0 (Windows NT 6.1; WOW64; Trident/7.0; rv:11.0) like Gecko"
212.89.176.40 - - [03/Jun/2020:17:44:15 +0200] "GET /reload?ser=1591199048915 HTTP/1.1" 200 28 "http://renault.activities.at/success" "Mozilla/5.0 (Windows NT 6.1; WOW64; Trident/7.0; rv:11.0) like Gecko"
212.89.176.40 - - [03/Jun/2020:17:45:16 +0200] "GET /reload?ser=1591199109859 HTTP/1.1" 200 28 "http://renault.activities.at/success" "Mozilla/5.0 (Windows NT 6.1; WOW64; Trident/7.0; rv:11.0) like Gecko"
212.89.176.40 - - [03/Jun/2020:17:46:17 +0200] "GET /reload?ser=1591199170806 HTTP/1.1" 200 28 "http://renault.activities.at/success" "Mozilla/5.0 (Windows NT 6.1; WOW64; Trident/7.0; rv:11.0) like Gecko"
212.89.176.40 - - [03/Jun/2020:17:47:18 +0200] "GET /reload?ser=1591199231770 HTTP/1.1" 200 28 "http://renault.activities.at/success" "Mozilla/5.0 (Windows NT 6.1; WOW64; Trident/7.0; rv:11.0) like Gecko"
212.89.176.40 - - [03/Jun/2020:17:48:19 +0200] "GET /reload?ser=1591199292748 HTTP/1.1" 200 28 "http://renault.activities.at/success" "Mozilla/5.0 (Windows NT 6.1; WOW64; Trident/7.0; rv:11.0) like Gecko"
212.89.176.40 - - [03/Jun/2020:17:49:20 +0200] "GET /reload?ser=1591199353717 HTTP/1.1" 200 28 "http://renault.activities.at/success" "Mozilla/5.0 (Windows NT 6.1; WOW64; Trident/7.0; rv:11.0) like Gecko"
212.89.176.40 - - [03/Jun/2020:17:50:21 +0200] "GET /reload?ser=1591199414685 HTTP/1.1" 200 28 "http://renault.activities.at/success" "Mozilla/5.0 (Windows NT 6.1; WOW64; Trident/7.0; rv:11.0) like Gecko"
212.89.176.40 - - [03/Jun/2020:17:51:22 +0200] "GET /reload?ser=1591199475651 HTTP/1.1" 200 28 "http://renault.activities.at/success" "Mozilla/5.0 (Windows NT 6.1; WOW64; Trident/7.0; rv:11.0) like Gecko"
212.89.176.40 - - [03/Jun/2020:17:52:23 +0200] "GET /reload?ser=1591199536598 HTTP/1.1" 200 28 "http://renault.activities.at/success" "Mozilla/5.0 (Windows NT 6.1; WOW64; Trident/7.0; rv:11.0) like Gecko"
212.89.176.40 - - [03/Jun/2020:17:53:24 +0200] "GET /reload?ser=1591199597544 HTTP/1.1" 200 28 "http://renault.activities.at/success" "Mozilla/5.0 (Windows NT 6.1; WOW64; Trident/7.0; rv:11.0) like Gecko"
212.89.176.40 - - [03/Jun/2020:17:54:25 +0200] "GET /reload?ser=1591199658523 HTTP/1.1" 200 28 "http://renault.activities.at/success" "Mozilla/5.0 (Windows NT 6.1; WOW64; Trident/7.0; rv:11.0) like Gecko"
212.89.176.40 - - [03/Jun/2020:17:55:26 +0200] "GET /reload?ser=1591199719489 HTTP/1.1" 200 28 "http://renault.activities.at/success" "Mozilla/5.0 (Windows NT 6.1; WOW64; Trident/7.0; rv:11.0) like Gecko"
212.89.176.40 - - [03/Jun/2020:17:56:27 +0200] "GET /reload?ser=1591199780458 HTTP/1.1" 200 28 "http://renault.activities.at/success" "Mozilla/5.0 (Windows NT 6.1; WOW64; Trident/7.0; rv:11.0) like Gecko"
212.89.176.40 - - [03/Jun/2020:17:57:28 +0200] "GET /reload?ser=1591199841421 HTTP/1.1" 200 28 "http://renault.activities.at/success" "Mozilla/5.0 (Windows NT 6.1; WOW64; Trident/7.0; rv:11.0) like Gecko"
212.89.176.40 - - [03/Jun/2020:17:58:29 +0200] "GET /reload?ser=1591199902393 HTTP/1.1" 200 28 "http://renault.activities.at/success" "Mozilla/5.0 (Windows NT 6.1; WOW64; Trident/7.0; rv:11.0) like Gecko"
212.89.176.40 - - [03/Jun/2020:17:59:30 +0200] "GET /reload?ser=1591199963338 HTTP/1.1" 200 28 "http://renault.activities.at/success" "Mozilla/5.0 (Windows NT 6.1; WOW64; Trident/7.0; rv:11.0) like Gecko"
212.89.176.40 - - [03/Jun/2020:18:00:30 +0200] "GET /reload?ser=1591200024319 HTTP/1.1" 200 28 "http://renault.activities.at/success" "Mozilla/5.0 (Windows NT 6.1; WOW64; Trident/7.0; rv:11.0) like Gecko"
212.89.176.40 - - [03/Jun/2020:18:01:31 +0200] "GET /reload?ser=1591200085284 HTTP/1.1" 200 28 "http://renault.activities.at/success" "Mozilla/5.0 (Windows NT 6.1; WOW64; Trident/7.0; rv:11.0) like Gecko"
212.89.176.40 - - [03/Jun/2020:18:02:32 +0200] "GET /reload?ser=1591200146260 HTTP/1.1" 200 28 "http://renault.activities.at/success" "Mozilla/5.0 (Windows NT 6.1; WOW64; Trident/7.0; rv:11.0) like Gecko"
212.89.176.40 - - [03/Jun/2020:18:03:33 +0200] "GET /reload?ser=1591200207238 HTTP/1.1" 200 28 "http://renault.activities.at/success" "Mozilla/5.0 (Windows NT 6.1; WOW64; Trident/7.0; rv:11.0) like Gecko"
212.89.176.40 - - [03/Jun/2020:18:04:34 +0200] "GET /reload?ser=1591200268197 HTTP/1.1" 200 28 "http://renault.activities.at/success" "Mozilla/5.0 (Windows NT 6.1; WOW64; Trident/7.0; rv:11.0) like Gecko"
212.89.176.40 - - [03/Jun/2020:18:05:35 +0200] "GET /reload?ser=1591200329160 HTTP/1.1" 200 28 "http://renault.activities.at/success" "Mozilla/5.0 (Windows NT 6.1; WOW64; Trident/7.0; rv:11.0) like Gecko"
212.89.176.40 - - [03/Jun/2020:18:06:36 +0200] "GET /reload?ser=1591200390125 HTTP/1.1" 200 28 "http://renault.activities.at/success" "Mozilla/5.0 (Windows NT 6.1; WOW64; Trident/7.0; rv:11.0) like Gecko"
212.89.176.40 - - [03/Jun/2020:18:07:37 +0200] "GET /reload?ser=1591200451093 HTTP/1.1" 200 28 "http://renault.activities.at/success" "Mozilla/5.0 (Windows NT 6.1; WOW64; Trident/7.0; rv:11.0) like Gecko"
212.89.176.40 - - [03/Jun/2020:18:08:38 +0200] "GET /reload?ser=1591200512060 HTTP/1.1" 200 28 "http://renault.activities.at/success" "Mozilla/5.0 (Windows NT 6.1; WOW64; Trident/7.0; rv:11.0) like Gecko"
178.154.200.114 - - [03/Jun/2020:18:08:51 +0200] "GET /robots.txt HTTP/1.1" 404 372 "-" "Mozilla/5.0 (compatible; YandexBot/3.0; +http://yandex.com/bots)"
178.154.200.114 - - [03/Jun/2020:18:08:55 +0200] "GET /10260003?dir=ASC&mode=list&order=name&limit=10&detail=717726 HTTP/1.1" 200 3634 "-" "Mozilla/5.0 (compatible; YandexBot/3.0; +http://yandex.com/bots)"
212.89.176.40 - - [03/Jun/2020:18:09:39 +0200] "GET /reload?ser=1591200573008 HTTP/1.1" 200 28 "http://renault.activities.at/success" "Mozilla/5.0 (Windows NT 6.1; WOW64; Trident/7.0; rv:11.0) like Gecko"
212.89.176.40 - - [03/Jun/2020:18:10:40 +0200] "GET /reload?ser=1591200633960 HTTP/1.1" 200 28 "http://renault.activities.at/success" "Mozilla/5.0 (Windows NT 6.1; WOW64; Trident/7.0; rv:11.0) like Gecko"
212.89.176.40 - - [03/Jun/2020:18:11:41 +0200] "GET /reload?ser=1591200694927 HTTP/1.1" 200 28 "http://renault.activities.at/success" "Mozilla/5.0 (Windows NT 6.1; WOW64; Trident/7.0; rv:11.0) like Gecko"
212.89.176.40 - - [03/Jun/2020:18:12:42 +0200] "GET /reload?ser=1591200755918 HTTP/1.1" 200 28 "http://renault.activities.at/success" "Mozilla/5.0 (Windows NT 6.1; WOW64; Trident/7.0; rv:11.0) like Gecko"
212.89.176.40 - - [03/Jun/2020:18:13:43 +0200] "GET /reload?ser=1591200816854 HTTP/1.1" 200 28 "http://renault.activities.at/success" "Mozilla/5.0 (Windows NT 6.1; WOW64; Trident/7.0; rv:11.0) like Gecko"
212.89.176.40 - - [03/Jun/2020:18:14:44 +0200] "GET /reload?ser=1591200877825 HTTP/1.1" 200 28 "http://renault.activities.at/success" "Mozilla/5.0 (Windows NT 6.1; WOW64; Trident/7.0; rv:11.0) like Gecko"
212.89.176.40 - - [03/Jun/2020:18:15:45 +0200] "GET /reload?ser=1591200938790 HTTP/1.1" 200 28 "http://renault.activities.at/success" "Mozilla/5.0 (Windows NT 6.1; WOW64; Trident/7.0; rv:11.0) like Gecko"
212.89.176.40 - - [03/Jun/2020:18:16:46 +0200] "GET /reload?ser=1591200999743 HTTP/1.1" 200 28 "http://renault.activities.at/success" "Mozilla/5.0 (Windows NT 6.1; WOW64; Trident/7.0; rv:11.0) like Gecko"
66.249.64.145 - - [03/Jun/2020:18:17:18 +0200] "GET /robots.txt HTTP/1.1" 404 300 "-" "Mozilla/5.0 (compatible; Googlebot/2.1; +http://www.google.com/bot.html)"
66.249.64.147 - - [03/Jun/2020:18:17:18 +0200] "GET / HTTP/1.1" 200 3344 "-" "Mozilla/5.0 (compatible; Googlebot/2.1; +http://www.google.com/bot.html)"
212.89.176.40 - - [03/Jun/2020:18:17:47 +0200] "GET /reload?ser=1591201060704 HTTP/1.1" 200 28 "http://renault.activities.at/success" "Mozilla/5.0 (Windows NT 6.1; WOW64; Trident/7.0; rv:11.0) like Gecko"
212.89.176.40 - - [03/Jun/2020:18:18:48 +0200] "GET /reload?ser=1591201121647 HTTP/1.1" 200 28 "http://renault.activities.at/success" "Mozilla/5.0 (Windows NT 6.1; WOW64; Trident/7.0; rv:11.0) like Gecko"
212.89.176.40 - - [03/Jun/2020:18:19:49 +0200] "GET /reload?ser=1591201182614 HTTP/1.1" 200 28 "http://renault.activities.at/success" "Mozilla/5.0 (Windows NT 6.1; WOW64; Trident/7.0; rv:11.0) like Gecko"
212.89.176.40 - - [03/Jun/2020:18:20:50 +0200] "GET /reload?ser=1591201243556 HTTP/1.1" 200 28 "http://renault.activities.at/success" "Mozilla/5.0 (Windows NT 6.1; WOW64; Trident/7.0; rv:11.0) like Gecko"
212.89.176.40 - - [03/Jun/2020:18:21:51 +0200] "GET /reload?ser=1591201304510 HTTP/1.1" 200 28 "http://renault.activities.at/success" "Mozilla/5.0 (Windows NT 6.1; WOW64; Trident/7.0; rv:11.0) like Gecko"
212.89.176.40 - - [03/Jun/2020:18:22:52 +0200] "GET /reload?ser=1591201365455 HTTP/1.1" 200 28 "http://renault.activities.at/success" "Mozilla/5.0 (Windows NT 6.1; WOW64; Trident/7.0; rv:11.0) like Gecko"
212.89.176.40 - - [03/Jun/2020:18:23:53 +0200] "GET /reload?ser=1591201426399 HTTP/1.1" 200 28 "http://renault.activities.at/success" "Mozilla/5.0 (Windows NT 6.1; WOW64; Trident/7.0; rv:11.0) like Gecko"
212.89.176.40 - - [03/Jun/2020:18:24:54 +0200] "GET /reload?ser=1591201487394 HTTP/1.1" 200 28 "http://renault.activities.at/success" "Mozilla/5.0 (Windows NT 6.1; WOW64; Trident/7.0; rv:11.0) like Gecko"
212.89.176.40 - - [03/Jun/2020:18:25:55 +0200] "GET /reload?ser=1591201548375 HTTP/1.1" 200 28 "http://renault.activities.at/success" "Mozilla/5.0 (Windows NT 6.1; WOW64; Trident/7.0; rv:11.0) like Gecko"
212.89.176.40 - - [03/Jun/2020:18:26:56 +0200] "GET /reload?ser=1591201609336 HTTP/1.1" 200 28 "http://renault.activities.at/success" "Mozilla/5.0 (Windows NT 6.1; WOW64; Trident/7.0; rv:11.0) like Gecko"
207.46.13.111 - - [03/Jun/2020:18:47:50 +0200] "GET /10260004?dir=DESC&mode=list&order=name&limit=10&detail=715554 HTTP/1.1" 200 3282 "-" "Mozilla/5.0 (compatible; bingbot/2.0; +http://www.bing.com/bingbot.htm)"
207.46.13.111 - - [03/Jun/2020:18:47:53 +0200] "GET /account HTTP/1.1" 302 150 "-" "Mozilla/5.0 (compatible; bingbot/2.0; +http://www.bing.com/bingbot.htm)"
207.46.13.111 - - [03/Jun/2020:18:47:54 +0200] "GET /login?required=true HTTP/1.1" 200 2085 "-" "Mozilla/5.0 (compatible; bingbot/2.0; +http://www.bing.com/bingbot.htm)"
66.249.64.143 - - [03/Jun/2020:20:27:59 +0200] "GET / HTTP/1.1" 200 3344 "-" "Mozilla/5.0 (Linux; Android 6.0.1; Nexus 5X Build/MMB29P) AppleWebKit/537.36 (KHTML, like Gecko) Chrome/80.0.3987.92 Mobile Safari/537.36 (compatible; Googlebot/2.1; +http://www.google.com/bot.html)"
157.55.39.244 - - [03/Jun/2020:21:23:25 +0200] "GET /10260004?mode=list HTTP/1.1" 200 5770 "-" "Mozilla/5.0 (compatible; bingbot/2.0; +http://www.bing.com/bingbot.htm)"
207.46.13.111 - - [03/Jun/2020:21:25:20 +0200] "GET /loadthumbnail.php?id=12244843&width=113 HTTP/1.1" 200 6390 "-" "Mozilla/5.0 (compatible; bingbot/2.0; +http://www.bing.com/bingbot.htm)"
157.55.39.244 - - [03/Jun/2020:21:25:24 +0200] "GET /css/print.css HTTP/1.1" 200 543 "-" "Mozilla/5.0 (compatible; bingbot/2.0; +http://www.bing.com/bingbot.htm)"
40.77.188.65 - - [03/Jun/2020:22:24:43 +0200] "GET /loadthumbnail.php?id=12244847&width=113 HTTP/1.1" 200 5880 "-" "Mozilla/5.0 (Windows NT 6.1; WOW64) AppleWebKit/534+ (KHTML, like Gecko) BingPreview/1.0b"
40.77.188.65 - - [03/Jun/2020:22:24:43 +0200] "GET /loadthumbnail.php?id=12244851&width=113 HTTP/1.1" 200 2860 "-" "Mozilla/5.0 (Windows NT 6.1; WOW64) AppleWebKit/534+ (KHTML, like Gecko) BingPreview/1.0b"
40.77.188.65 - - [03/Jun/2020:22:24:43 +0200] "GET /loadthumbnail.php?id=12244856&width=113 HTTP/1.1" 200 5636 "-" "Mozilla/5.0 (Windows NT 6.1; WOW64) AppleWebKit/534+ (KHTML, like Gecko) BingPreview/1.0b"
207.46.13.111 - - [03/Jun/2020:22:42:31 +0200] "GET /10260257 HTTP/1.1" 302 150 "-" "Mozilla/5.0 (compatible; bingbot/2.0; +http://www.bing.com/bingbot.htm)"
207.46.13.111 - - [03/Jun/2020:22:42:35 +0200] "GET /login?required=true HTTP/1.1" 200 2085 "-" "Mozilla/5.0 (compatible; bingbot/2.0; +http://www.bing.com/bingbot.htm)"