212.152.158.195 - - [03/Jun/2020:15:47:12 +0200] "GET /reload?ser=1591192032318 HTTP/1.1" 200 28 "http://renault.activities.at/account" "Mozilla/5.0 (Windows NT 10.0; Win64; x64) AppleWebKit/537.36 (KHTML, like Gecko) Chrome/83.0.4103.61 Safari/537.36"
212.89.176.40 - - [03/Jun/2020:15:47:16 +0200] "GET /reload?ser=1591192029426 HTTP/1.1" 200 28 "http://renault.activities.at/success" "Mozilla/5.0 (Windows NT 6.1; WOW64; Trident/7.0; rv:11.0) like Gecko"
138.21.12.21 - - [03/Jun/2020:15:47:29 +0200] "GET /reload?ser=1591192049608 HTTP/1.1" 200 28 "http://renault.2web.at/result?searchterm=true&search=motorraumaufh%E4nger" "Mozilla/5.0 (Windows NT 10.0; WOW64; Trident/7.0; Touch; rv:11.0) like Gecko"
212.152.158.195 - - [03/Jun/2020:15:48:14 +0200] "GET /reload?ser=1591192094318 HTTP/1.1" 200 28 "http://renault.activities.at/account" "Mozilla/5.0 (Windows NT 10.0; Win64; x64) AppleWebKit/537.36 (KHTML, like Gecko) Chrome/83.0.4103.61 Safari/537.36"
212.89.176.40 - - [03/Jun/2020:15:48:16 +0200] "GET /reload?ser=1591192090387 HTTP/1.1" 200 28 "http://renault.activities.at/success" "Mozilla/5.0 (Windows NT 6.1; WOW64; Trident/7.0; rv:11.0) like Gecko"
138.21.12.21 - - [03/Jun/2020:15:48:30 +0200] "GET /reload?ser=1591192110753 HTTP/1.1" 200 28 "http://renault.2web.at/result?searchterm=true&search=motorraumaufh%E4nger" "Mozilla/5.0 (Windows NT 10.0; WOW64; Trident/7.0; Touch; rv:11.0) like Gecko"
212.152.158.195 - - [03/Jun/2020:15:49:15 +0200] "GET /reload?ser=1591192155321 HTTP/1.1" 200 28 "http://renault.activities.at/account" "Mozilla/5.0 (Windows NT 10.0; Win64; x64) AppleWebKit/537.36 (KHTML, like Gecko) Chrome/83.0.4103.61 Safari/537.36"
212.89.176.40 - - [03/Jun/2020:15:49:17 +0200] "GET /reload?ser=1591192151339 HTTP/1.1" 200 28 "http://renault.activities.at/success" "Mozilla/5.0 (Windows NT 6.1; WOW64; Trident/7.0; rv:11.0) like Gecko"
138.21.12.21 - - [03/Jun/2020:15:49:32 +0200] "GET /reload?ser=1591192171917 HTTP/1.1" 200 28 "http://renault.2web.at/result?searchterm=true&search=motorraumaufh%E4nger" "Mozilla/5.0 (Windows NT 10.0; WOW64; Trident/7.0; Touch; rv:11.0) like Gecko"
212.152.158.195 - - [03/Jun/2020:15:50:16 +0200] "GET /reload?ser=1591192216325 HTTP/1.1" 200 28 "http://renault.activities.at/account" "Mozilla/5.0 (Windows NT 10.0; Win64; x64) AppleWebKit/537.36 (KHTML, like Gecko) Chrome/83.0.4103.61 Safari/537.36"
212.89.176.40 - - [03/Jun/2020:15:50:18 +0200] "GET /reload?ser=1591192212310 HTTP/1.1" 200 28 "http://renault.activities.at/success" "Mozilla/5.0 (Windows NT 6.1; WOW64; Trident/7.0; rv:11.0) like Gecko"
138.21.12.21 - - [03/Jun/2020:15:50:33 +0200] "GET /reload?ser=1591192233084 HTTP/1.1" 200 28 "http://renault.2web.at/result?searchterm=true&search=motorraumaufh%E4nger" "Mozilla/5.0 (Windows NT 10.0; WOW64; Trident/7.0; Touch; rv:11.0) like Gecko"
212.152.158.195 - - [03/Jun/2020:15:51:18 +0200] "GET /reload?ser=1591192278328 HTTP/1.1" 200 28 "http://renault.activities.at/account" "Mozilla/5.0 (Windows NT 10.0; Win64; x64) AppleWebKit/537.36 (KHTML, like Gecko) Chrome/83.0.4103.61 Safari/537.36"
212.89.176.40 - - [03/Jun/2020:15:51:19 +0200] "GET /reload?ser=1591192273268 HTTP/1.1" 200 28 "http://renault.activities.at/success" "Mozilla/5.0 (Windows NT 6.1; WOW64; Trident/7.0; rv:11.0) like Gecko"
138.21.12.21 - - [03/Jun/2020:15:51:34 +0200] "GET /reload?ser=1591192294273 HTTP/1.1" 200 28 "http://renault.2web.at/result?searchterm=true&search=motorraumaufh%E4nger" "Mozilla/5.0 (Windows NT 10.0; WOW64; Trident/7.0; Touch; rv:11.0) like Gecko"
212.152.158.195 - - [03/Jun/2020:15:52:19 +0200] "GET /reload?ser=1591192339331 HTTP/1.1" 200 28 "http://renault.activities.at/account" "Mozilla/5.0 (Windows NT 10.0; Win64; x64) AppleWebKit/537.36 (KHTML, like Gecko) Chrome/83.0.4103.61 Safari/537.36"
212.89.176.40 - - [03/Jun/2020:15:52:20 +0200] "GET /reload?ser=1591192334268 HTTP/1.1" 200 28 "http://renault.activities.at/success" "Mozilla/5.0 (Windows NT 6.1; WOW64; Trident/7.0; rv:11.0) like Gecko"
138.21.12.21 - - [03/Jun/2020:15:52:35 +0200] "GET /reload?ser=1591192355457 HTTP/1.1" 200 28 "http://renault.2web.at/result?searchterm=true&search=motorraumaufh%E4nger" "Mozilla/5.0 (Windows NT 10.0; WOW64; Trident/7.0; Touch; rv:11.0) like Gecko"
212.152.158.195 - - [03/Jun/2020:15:53:21 +0200] "GET /reload?ser=1591192401336 HTTP/1.1" 200 28 "http://renault.activities.at/account" "Mozilla/5.0 (Windows NT 10.0; Win64; x64) AppleWebKit/537.36 (KHTML, like Gecko) Chrome/83.0.4103.61 Safari/537.36"
212.89.176.40 - - [03/Jun/2020:15:53:21 +0200] "GET /reload?ser=1591192395234 HTTP/1.1" 200 28 "http://renault.activities.at/success" "Mozilla/5.0 (Windows NT 6.1; WOW64; Trident/7.0; rv:11.0) like Gecko"
138.21.12.21 - - [03/Jun/2020:15:53:36 +0200] "GET /reload?ser=1591192416621 HTTP/1.1" 200 28 "http://renault.2web.at/result?searchterm=true&search=motorraumaufh%E4nger" "Mozilla/5.0 (Windows NT 10.0; WOW64; Trident/7.0; Touch; rv:11.0) like Gecko"
212.89.176.40 - - [03/Jun/2020:15:54:22 +0200] "GET /reload?ser=1591192456187 HTTP/1.1" 200 28 "http://renault.activities.at/success" "Mozilla/5.0 (Windows NT 6.1; WOW64; Trident/7.0; rv:11.0) like Gecko"
212.152.158.195 - - [03/Jun/2020:15:54:23 +0200] "GET /reload?ser=1591192463336 HTTP/1.1" 200 28 "http://renault.activities.at/account" "Mozilla/5.0 (Windows NT 10.0; Win64; x64) AppleWebKit/537.36 (KHTML, like Gecko) Chrome/83.0.4103.61 Safari/537.36"
138.21.12.21 - - [03/Jun/2020:15:54:37 +0200] "GET /reload?ser=1591192477775 HTTP/1.1" 200 28 "http://renault.2web.at/result?searchterm=true&search=motorraumaufh%E4nger" "Mozilla/5.0 (Windows NT 10.0; WOW64; Trident/7.0; Touch; rv:11.0) like Gecko"
212.89.176.40 - - [03/Jun/2020:15:55:23 +0200] "GET /reload?ser=1591192517136 HTTP/1.1" 200 28 "http://renault.activities.at/success" "Mozilla/5.0 (Windows NT 6.1; WOW64; Trident/7.0; rv:11.0) like Gecko"
212.152.158.195 - - [03/Jun/2020:15:55:25 +0200] "GET /reload?ser=1591192525337 HTTP/1.1" 200 28 "http://renault.activities.at/account" "Mozilla/5.0 (Windows NT 10.0; Win64; x64) AppleWebKit/537.36 (KHTML, like Gecko) Chrome/83.0.4103.61 Safari/537.36"
138.21.12.21 - - [03/Jun/2020:15:55:39 +0200] "GET /reload?ser=1591192538899 HTTP/1.1" 200 28 "http://renault.2web.at/result?searchterm=true&search=motorraumaufh%E4nger" "Mozilla/5.0 (Windows NT 10.0; WOW64; Trident/7.0; Touch; rv:11.0) like Gecko"
212.89.176.40 - - [03/Jun/2020:15:56:24 +0200] "GET /reload?ser=1591192578065 HTTP/1.1" 200 28 "http://renault.activities.at/success" "Mozilla/5.0 (Windows NT 6.1; WOW64; Trident/7.0; rv:11.0) like Gecko"
212.152.158.195 - - [03/Jun/2020:15:56:26 +0200] "GET /reload?ser=1591192586338 HTTP/1.1" 200 28 "http://renault.activities.at/account" "Mozilla/5.0 (Windows NT 10.0; Win64; x64) AppleWebKit/537.36 (KHTML, like Gecko) Chrome/83.0.4103.61 Safari/537.36"
138.21.12.21 - - [03/Jun/2020:15:56:40 +0200] "GET /reload?ser=1591192600049 HTTP/1.1" 200 28 "http://renault.2web.at/result?searchterm=true&search=motorraumaufh%E4nger" "Mozilla/5.0 (Windows NT 10.0; WOW64; Trident/7.0; Touch; rv:11.0) like Gecko"
212.89.176.40 - - [03/Jun/2020:15:57:25 +0200] "GET /reload?ser=1591192639047 HTTP/1.1" 200 28 "http://renault.activities.at/success" "Mozilla/5.0 (Windows NT 6.1; WOW64; Trident/7.0; rv:11.0) like Gecko"
212.152.158.195 - - [03/Jun/2020:15:57:27 +0200] "GET /reload?ser=1591192647340 HTTP/1.1" 200 28 "http://renault.activities.at/account" "Mozilla/5.0 (Windows NT 10.0; Win64; x64) AppleWebKit/537.36 (KHTML, like Gecko) Chrome/83.0.4103.61 Safari/537.36"
138.21.12.21 - - [03/Jun/2020:15:57:41 +0200] "GET /reload?ser=1591192661187 HTTP/1.1" 200 28 "http://renault.2web.at/result?searchterm=true&search=motorraumaufh%E4nger" "Mozilla/5.0 (Windows NT 10.0; WOW64; Trident/7.0; Touch; rv:11.0) like Gecko"
212.89.176.40 - - [03/Jun/2020:15:58:26 +0200] "GET /reload?ser=1591192699998 HTTP/1.1" 200 28 "http://renault.activities.at/success" "Mozilla/5.0 (Windows NT 6.1; WOW64; Trident/7.0; rv:11.0) like Gecko"
212.152.158.195 - - [03/Jun/2020:15:58:28 +0200] "GET /reload?ser=1591192708341 HTTP/1.1" 200 28 "http://renault.activities.at/account" "Mozilla/5.0 (Windows NT 10.0; Win64; x64) AppleWebKit/537.36 (KHTML, like Gecko) Chrome/83.0.4103.61 Safari/537.36"
138.21.12.21 - - [03/Jun/2020:15:58:42 +0200] "GET /reload?ser=1591192722332 HTTP/1.1" 200 28 "http://renault.2web.at/result?searchterm=true&search=motorraumaufh%E4nger" "Mozilla/5.0 (Windows NT 10.0; WOW64; Trident/7.0; Touch; rv:11.0) like Gecko"
212.89.176.40 - - [03/Jun/2020:15:59:27 +0200] "GET /reload?ser=1591192760953 HTTP/1.1" 200 28 "http://renault.activities.at/success" "Mozilla/5.0 (Windows NT 6.1; WOW64; Trident/7.0; rv:11.0) like Gecko"
212.152.158.195 - - [03/Jun/2020:15:59:29 +0200] "GET /reload?ser=1591192769342 HTTP/1.1" 200 28 "http://renault.activities.at/account" "Mozilla/5.0 (Windows NT 10.0; Win64; x64) AppleWebKit/537.36 (KHTML, like Gecko) Chrome/83.0.4103.61 Safari/537.36"
138.21.12.21 - - [03/Jun/2020:15:59:43 +0200] "GET /reload?ser=1591192783528 HTTP/1.1" 200 28 "http://renault.2web.at/result?searchterm=true&search=motorraumaufh%E4nger" "Mozilla/5.0 (Windows NT 10.0; WOW64; Trident/7.0; Touch; rv:11.0) like Gecko"
80.122.46.22 - - [03/Jun/2020:15:59:52 +0200] "GET / HTTP/1.1" 200 3344 "-" "Mozilla/5.0 (Windows NT 10.0; WOW64; Trident/7.0; rv:11.0) like Gecko"
80.122.46.22 - - [03/Jun/2020:15:59:53 +0200] "GET /js/flashdetection.js HTTP/1.1" 200 1059 "http://renault.activities.at/" "Mozilla/5.0 (Windows NT 10.0; WOW64; Trident/7.0; rv:11.0) like Gecko"
80.122.46.22 - - [03/Jun/2020:15:59:53 +0200] "GET /css/reset.css HTTP/1.1" 200 1356 "http://renault.activities.at/" "Mozilla/5.0 (Windows NT 10.0; WOW64; Trident/7.0; rv:11.0) like Gecko"
80.122.46.22 - - [03/Jun/2020:15:59:53 +0200] "GET /css/clears.css HTTP/1.1" 200 851 "http://renault.activities.at/" "Mozilla/5.0 (Windows NT 10.0; WOW64; Trident/7.0; rv:11.0) like Gecko"
80.122.46.22 - - [03/Jun/2020:15:59:53 +0200] "GET /js/default.js HTTP/1.1" 200 14698 "http://renault.activities.at/" "Mozilla/5.0 (Windows NT 10.0; WOW64; Trident/7.0; rv:11.0) like Gecko"
80.122.46.22 - - [03/Jun/2020:15:59:53 +0200] "GET /css/styles.css HTTP/1.1" 200 14664 "http://renault.activities.at/" "Mozilla/5.0 (Windows NT 10.0; WOW64; Trident/7.0; rv:11.0) like Gecko"
80.122.46.22 - - [03/Jun/2020:15:59:53 +0200] "GET /css/print.css HTTP/1.1" 200 543 "http://renault.activities.at/" "Mozilla/5.0 (Windows NT 10.0; WOW64; Trident/7.0; rv:11.0) like Gecko"
80.122.46.22 - - [03/Jun/2020:15:59:53 +0200] "GET /js/checkout.css HTTP/1.1" 200 359 "http://renault.activities.at/" "Mozilla/5.0 (Windows NT 10.0; WOW64; Trident/7.0; rv:11.0) like Gecko"
80.122.46.22 - - [03/Jun/2020:15:59:53 +0200] "GET /css/prototip.css HTTP/1.1" 200 968 "http://renault.activities.at/" "Mozilla/5.0 (Windows NT 10.0; WOW64; Trident/7.0; rv:11.0) like Gecko"
80.122.46.22 - - [03/Jun/2020:15:59:53 +0200] "GET /css/themes/alphacube.css HTTP/1.1" 200 743 "http://renault.activities.at/" "Mozilla/5.0 (Windows NT 10.0; WOW64; Trident/7.0; rv:11.0) like Gecko"
80.122.46.22 - - [03/Jun/2020:15:59:53 +0200] "GET /css/themes/default.css HTTP/1.1" 200 769 "http://renault.activities.at/" "Mozilla/5.0 (Windows NT 10.0; WOW64; Trident/7.0; rv:11.0) like Gecko"
80.122.46.22 - - [03/Jun/2020:15:59:53 +0200] "GET /js/index.php?c=auto&f=,prototype/prototype.js,prototype/validation.js,scriptaculous/builder.js,scriptaculous/effects.js,scriptaculous/dragdrop.js,scriptaculous/controls.js,scriptaculous/slider.js,varien/js.js,varien/form.js,varien/menu.js,mage/translate.js,mage/cookies.js,varien/product.js,spinner/SpinnerControl.jsmin.js,prototype/window.js,prototype/window_ext.js HTTP/1.1" 200 94182 "http://renault.activities.at/" "Mozilla/5.0 (Windows NT 10.0; WOW64; Trident/7.0; rv:11.0) like Gecko"
80.122.46.22 - - [03/Jun/2020:15:59:53 +0200] "GET /images/main_block_corner_left_top.gif HTTP/1.1" 200 159 "http://renault.activities.at/" "Mozilla/5.0 (Windows NT 10.0; WOW64; Trident/7.0; rv:11.0) like Gecko"
80.122.46.22 - - [03/Jun/2020:15:59:53 +0200] "GET /images/header_block_corner_right_top.gif HTTP/1.1" 200 160 "http://renault.activities.at/" "Mozilla/5.0 (Windows NT 10.0; WOW64; Trident/7.0; rv:11.0) like Gecko"
80.122.46.22 - - [03/Jun/2020:15:59:53 +0200] "GET /images/main_block_border.gif HTTP/1.1" 200 43 "http://renault.activities.at/" "Mozilla/5.0 (Windows NT 10.0; WOW64; Trident/7.0; rv:11.0) like Gecko"
80.122.46.22 - - [03/Jun/2020:15:59:53 +0200] "GET /images/main_block_corner_left_bot.gif HTTP/1.1" 200 159 "http://renault.activities.at/" "Mozilla/5.0 (Windows NT 10.0; WOW64; Trident/7.0; rv:11.0) like Gecko"
80.122.46.22 - - [03/Jun/2020:15:59:53 +0200] "GET /images/header_block_border.gif HTTP/1.1" 200 43 "http://renault.activities.at/" "Mozilla/5.0 (Windows NT 10.0; WOW64; Trident/7.0; rv:11.0) like Gecko"
80.122.46.22 - - [03/Jun/2020:15:59:53 +0200] "GET /images/main_block_corner_right_bot.gif HTTP/1.1" 200 158 "http://renault.activities.at/" "Mozilla/5.0 (Windows NT 10.0; WOW64; Trident/7.0; rv:11.0) like Gecko"
80.122.46.22 - - [03/Jun/2020:15:59:53 +0200] "GET /images/header_block_corner_left_top.gif HTTP/1.1" 200 160 "http://renault.activities.at/" "Mozilla/5.0 (Windows NT 10.0; WOW64; Trident/7.0; rv:11.0) like Gecko"
80.122.46.22 - - [03/Jun/2020:15:59:53 +0200] "GET /images/main_block_corner_right_top.gif HTTP/1.1" 200 159 "http://renault.activities.at/" "Mozilla/5.0 (Windows NT 10.0; WOW64; Trident/7.0; rv:11.0) like Gecko"
80.122.46.22 - - [03/Jun/2020:15:59:53 +0200] "GET /images/title_border.jpg HTTP/1.1" 200 304 "http://renault.activities.at/" "Mozilla/5.0 (Windows NT 10.0; WOW64; Trident/7.0; rv:11.0) like Gecko"
80.122.46.22 - - [03/Jun/2020:15:59:53 +0200] "GET /images/title_border_top.jpg HTTP/1.1" 200 336 "http://renault.activities.at/" "Mozilla/5.0 (Windows NT 10.0; WOW64; Trident/7.0; rv:11.0) like Gecko"
80.122.46.22 - - [03/Jun/2020:15:59:53 +0200] "GET /images/title_corner_left_top.jpg HTTP/1.1" 200 372 "http://renault.activities.at/" "Mozilla/5.0 (Windows NT 10.0; WOW64; Trident/7.0; rv:11.0) like Gecko"
80.122.46.22 - - [03/Jun/2020:15:59:53 +0200] "GET /images/title_corner_right_top.jpg HTTP/1.1" 200 389 "http://renault.activities.at/" "Mozilla/5.0 (Windows NT 10.0; WOW64; Trident/7.0; rv:11.0) like Gecko"
80.122.46.22 - - [03/Jun/2020:15:59:53 +0200] "GET /images/favicon.ico HTTP/1.1" 404 305 "-" "Mozilla/5.0 (Windows NT 10.0; Win64; x64; Trident/7.0; rv:11.0) like Gecko"
80.122.46.22 - - [03/Jun/2020:15:59:53 +0200] "GET /loadthumbnail.php?id=11127982 HTTP/1.1" 200 399614 "http://renault.activities.at/" "Mozilla/5.0 (Windows NT 10.0; WOW64; Trident/7.0; rv:11.0) like Gecko"
212.89.176.40 - - [03/Jun/2020:16:00:28 +0200] "GET /reload?ser=1591192821943 HTTP/1.1" 200 28 "http://renault.activities.at/success" "Mozilla/5.0 (Windows NT 6.1; WOW64; Trident/7.0; rv:11.0) like Gecko"
212.152.158.195 - - [03/Jun/2020:16:00:30 +0200] "GET /reload?ser=1591192830342 HTTP/1.1" 200 28 "http://renault.activities.at/account" "Mozilla/5.0 (Windows NT 10.0; Win64; x64) AppleWebKit/537.36 (KHTML, like Gecko) Chrome/83.0.4103.61 Safari/537.36"
138.21.12.21 - - [03/Jun/2020:16:00:44 +0200] "GET /reload?ser=1591192844713 HTTP/1.1" 200 28 "http://renault.2web.at/result?searchterm=true&search=motorraumaufh%E4nger" "Mozilla/5.0 (Windows NT 10.0; WOW64; Trident/7.0; Touch; rv:11.0) like Gecko"
212.89.176.40 - - [03/Jun/2020:16:01:29 +0200] "GET /reload?ser=1591192882875 HTTP/1.1" 200 28 "http://renault.activities.at/success" "Mozilla/5.0 (Windows NT 6.1; WOW64; Trident/7.0; rv:11.0) like Gecko"
212.152.158.195 - - [03/Jun/2020:16:01:31 +0200] "GET /reload?ser=1591192891343 HTTP/1.1" 200 28 "http://renault.activities.at/account" "Mozilla/5.0 (Windows NT 10.0; Win64; x64) AppleWebKit/537.36 (KHTML, like Gecko) Chrome/83.0.4103.61 Safari/537.36"
138.21.12.21 - - [03/Jun/2020:16:01:46 +0200] "GET /reload?ser=1591192905822 HTTP/1.1" 200 28 "http://renault.2web.at/result?searchterm=true&search=motorraumaufh%E4nger" "Mozilla/5.0 (Windows NT 10.0; WOW64; Trident/7.0; Touch; rv:11.0) like Gecko"
212.89.176.40 - - [03/Jun/2020:16:02:30 +0200] "GET /reload?ser=1591192943846 HTTP/1.1" 200 28 "http://renault.activities.at/success" "Mozilla/5.0 (Windows NT 6.1; WOW64; Trident/7.0; rv:11.0) like Gecko"
212.152.158.195 - - [03/Jun/2020:16:02:32 +0200] "GET /reload?ser=1591192952343 HTTP/1.1" 200 28 "http://renault.activities.at/account" "Mozilla/5.0 (Windows NT 10.0; Win64; x64) AppleWebKit/537.36 (KHTML, like Gecko) Chrome/83.0.4103.61 Safari/537.36"
138.21.12.21 - - [03/Jun/2020:16:02:47 +0200] "GET /reload?ser=1591192966962 HTTP/1.1" 200 28 "http://renault.2web.at/result?searchterm=true&search=motorraumaufh%E4nger" "Mozilla/5.0 (Windows NT 10.0; WOW64; Trident/7.0; Touch; rv:11.0) like Gecko"
212.89.176.40 - - [03/Jun/2020:16:03:31 +0200] "GET /reload?ser=1591193004813 HTTP/1.1" 200 28 "http://renault.activities.at/success" "Mozilla/5.0 (Windows NT 6.1; WOW64; Trident/7.0; rv:11.0) like Gecko"
138.21.12.21 - - [03/Jun/2020:16:03:48 +0200] "GET /reload?ser=1591193028134 HTTP/1.1" 200 28 "http://renault.2web.at/result?searchterm=true&search=motorraumaufh%E4nger" "Mozilla/5.0 (Windows NT 10.0; WOW64; Trident/7.0; Touch; rv:11.0) like Gecko"
212.89.176.40 - - [03/Jun/2020:16:04:32 +0200] "GET /reload?ser=1591193065806 HTTP/1.1" 200 28 "http://renault.activities.at/success" "Mozilla/5.0 (Windows NT 6.1; WOW64; Trident/7.0; rv:11.0) like Gecko"
138.21.12.21 - - [03/Jun/2020:16:04:49 +0200] "GET /reload?ser=1591193089318 HTTP/1.1" 200 28 "http://renault.2web.at/result?searchterm=true&search=motorraumaufh%E4nger" "Mozilla/5.0 (Windows NT 10.0; WOW64; Trident/7.0; Touch; rv:11.0) like Gecko"
212.89.176.40 - - [03/Jun/2020:16:05:33 +0200] "GET /reload?ser=1591193126756 HTTP/1.1" 200 28 "http://renault.activities.at/success" "Mozilla/5.0 (Windows NT 6.1; WOW64; Trident/7.0; rv:11.0) like Gecko"
138.21.12.21 - - [03/Jun/2020:16:05:50 +0200] "GET /reload?ser=1591193150377 HTTP/1.1" 200 28 "http://renault.2web.at/result?searchterm=true&search=motorraumaufh%E4nger" "Mozilla/5.0 (Windows NT 10.0; WOW64; Trident/7.0; Touch; rv:11.0) like Gecko"
212.89.176.40 - - [03/Jun/2020:16:06:34 +0200] "GET /reload?ser=1591193187692 HTTP/1.1" 200 28 "http://renault.activities.at/success" "Mozilla/5.0 (Windows NT 6.1; WOW64; Trident/7.0; rv:11.0) like Gecko"
138.21.12.21 - - [03/Jun/2020:16:06:51 +0200] "GET /reload?ser=1591193211499 HTTP/1.1" 200 28 "http://renault.2web.at/result?searchterm=true&search=motorraumaufh%E4nger" "Mozilla/5.0 (Windows NT 10.0; WOW64; Trident/7.0; Touch; rv:11.0) like Gecko"
212.89.176.40 - - [03/Jun/2020:16:07:35 +0200] "GET /reload?ser=1591193248671 HTTP/1.1" 200 28 "http://renault.activities.at/success" "Mozilla/5.0 (Windows NT 6.1; WOW64; Trident/7.0; rv:11.0) like Gecko"
138.21.12.21 - - [03/Jun/2020:16:07:52 +0200] "GET /reload?ser=1591193272671 HTTP/1.1" 200 28 "http://renault.2web.at/result?searchterm=true&search=motorraumaufh%E4nger" "Mozilla/5.0 (Windows NT 10.0; WOW64; Trident/7.0; Touch; rv:11.0) like Gecko"
212.89.176.40 - - [03/Jun/2020:16:08:36 +0200] "GET /reload?ser=1591193309603 HTTP/1.1" 200 28 "http://renault.activities.at/success" "Mozilla/5.0 (Windows NT 6.1; WOW64; Trident/7.0; rv:11.0) like Gecko"
138.21.12.21 - - [03/Jun/2020:16:08:54 +0200] "GET /reload?ser=1591193333849 HTTP/1.1" 200 28 "http://renault.2web.at/result?searchterm=true&search=motorraumaufh%E4nger" "Mozilla/5.0 (Windows NT 10.0; WOW64; Trident/7.0; Touch; rv:11.0) like Gecko"
212.89.176.40 - - [03/Jun/2020:16:09:37 +0200] "GET /reload?ser=1591193370562 HTTP/1.1" 200 28 "http://renault.activities.at/success" "Mozilla/5.0 (Windows NT 6.1; WOW64; Trident/7.0; rv:11.0) like Gecko"
138.21.12.21 - - [03/Jun/2020:16:09:55 +0200] "GET /reload?ser=1591193395010 HTTP/1.1" 200 28 "http://renault.2web.at/result?searchterm=true&search=motorraumaufh%E4nger" "Mozilla/5.0 (Windows NT 10.0; WOW64; Trident/7.0; Touch; rv:11.0) like Gecko"
212.89.176.40 - - [03/Jun/2020:16:10:38 +0200] "GET /reload?ser=1591193431525 HTTP/1.1" 200 28 "http://renault.activities.at/success" "Mozilla/5.0 (Windows NT 6.1; WOW64; Trident/7.0; rv:11.0) like Gecko"
138.21.12.21 - - [03/Jun/2020:16:10:56 +0200] "GET /reload?ser=1591193456178 HTTP/1.1" 200 28 "http://renault.2web.at/result?searchterm=true&search=motorraumaufh%E4nger" "Mozilla/5.0 (Windows NT 10.0; WOW64; Trident/7.0; Touch; rv:11.0) like Gecko"
212.89.176.40 - - [03/Jun/2020:16:11:39 +0200] "GET /reload?ser=1591193492484 HTTP/1.1" 200 28 "http://renault.activities.at/success" "Mozilla/5.0 (Windows NT 6.1; WOW64; Trident/7.0; rv:11.0) like Gecko"
138.21.12.21 - - [03/Jun/2020:16:11:57 +0200] "GET /reload?ser=1591193517361 HTTP/1.1" 200 28 "http://renault.2web.at/result?searchterm=true&search=motorraumaufh%E4nger" "Mozilla/5.0 (Windows NT 10.0; WOW64; Trident/7.0; Touch; rv:11.0) like Gecko"
212.89.176.40 - - [03/Jun/2020:16:12:40 +0200] "GET /reload?ser=1591193553417 HTTP/1.1" 200 28 "http://renault.activities.at/success" "Mozilla/5.0 (Windows NT 6.1; WOW64; Trident/7.0; rv:11.0) like Gecko"
138.21.12.21 - - [03/Jun/2020:16:12:58 +0200] "GET /reload?ser=1591193578566 HTTP/1.1" 200 28 "http://renault.2web.at/result?searchterm=true&search=motorraumaufh%E4nger" "Mozilla/5.0 (Windows NT 10.0; WOW64; Trident/7.0; Touch; rv:11.0) like Gecko"
212.89.176.40 - - [03/Jun/2020:16:13:40 +0200] "GET /reload?ser=1591193614369 HTTP/1.1" 200 28 "http://renault.activities.at/success" "Mozilla/5.0 (Windows NT 6.1; WOW64; Trident/7.0; rv:11.0) like Gecko"
138.21.12.21 - - [03/Jun/2020:16:13:59 +0200] "GET /reload?ser=1591193639754 HTTP/1.1" 200 28 "http://renault.2web.at/result?searchterm=true&search=motorraumaufh%E4nger" "Mozilla/5.0 (Windows NT 10.0; WOW64; Trident/7.0; Touch; rv:11.0) like Gecko"
212.89.176.40 - - [03/Jun/2020:16:14:41 +0200] "GET /reload?ser=1591193675304 HTTP/1.1" 200 28 "http://renault.activities.at/success" "Mozilla/5.0 (Windows NT 6.1; WOW64; Trident/7.0; rv:11.0) like Gecko"
138.21.12.21 - - [03/Jun/2020:16:15:01 +0200] "GET /reload?ser=1591193700960 HTTP/1.1" 200 28 "http://renault.2web.at/result?searchterm=true&search=motorraumaufh%E4nger" "Mozilla/5.0 (Windows NT 10.0; WOW64; Trident/7.0; Touch; rv:11.0) like Gecko"
212.89.176.40 - - [03/Jun/2020:16:15:42 +0200] "GET /reload?ser=1591193736291 HTTP/1.1" 200 28 "http://renault.activities.at/success" "Mozilla/5.0 (Windows NT 6.1; WOW64; Trident/7.0; rv:11.0) like Gecko"
138.21.12.21 - - [03/Jun/2020:16:16:02 +0200] "GET /reload?ser=1591193762191 HTTP/1.1" 200 28 "http://renault.2web.at/result?searchterm=true&search=motorraumaufh%E4nger" "Mozilla/5.0 (Windows NT 10.0; WOW64; Trident/7.0; Touch; rv:11.0) like Gecko"
212.89.176.40 - - [03/Jun/2020:16:16:43 +0200] "GET /reload?ser=1591193797276 HTTP/1.1" 200 28 "http://renault.activities.at/success" "Mozilla/5.0 (Windows NT 6.1; WOW64; Trident/7.0; rv:11.0) like Gecko"
138.21.12.21 - - [03/Jun/2020:16:17:03 +0200] "GET /reload?ser=1591193823275 HTTP/1.1" 200 28 "http://renault.2web.at/result?searchterm=true&search=motorraumaufh%E4nger" "Mozilla/5.0 (Windows NT 10.0; WOW64; Trident/7.0; Touch; rv:11.0) like Gecko"
212.89.176.40 - - [03/Jun/2020:16:17:44 +0200] "GET /reload?ser=1591193858248 HTTP/1.1" 200 28 "http://renault.activities.at/success" "Mozilla/5.0 (Windows NT 6.1; WOW64; Trident/7.0; rv:11.0) like Gecko"
138.21.12.21 - - [03/Jun/2020:16:18:04 +0200] "GET /reload?ser=1591193884412 HTTP/1.1" 200 28 "http://renault.2web.at/result?searchterm=true&search=motorraumaufh%E4nger" "Mozilla/5.0 (Windows NT 10.0; WOW64; Trident/7.0; Touch; rv:11.0) like Gecko"
212.89.176.40 - - [03/Jun/2020:16:18:45 +0200] "GET /reload?ser=1591193919205 HTTP/1.1" 200 28 "http://renault.activities.at/success" "Mozilla/5.0 (Windows NT 6.1; WOW64; Trident/7.0; rv:11.0) like Gecko"
138.21.12.21 - - [03/Jun/2020:16:19:05 +0200] "GET /reload?ser=1591193945707 HTTP/1.1" 200 28 "http://renault.2web.at/result?searchterm=true&search=motorraumaufh%E4nger" "Mozilla/5.0 (Windows NT 10.0; WOW64; Trident/7.0; Touch; rv:11.0) like Gecko"
212.89.176.40 - - [03/Jun/2020:16:19:46 +0200] "GET /reload?ser=1591193980170 HTTP/1.1" 200 28 "http://renault.activities.at/success" "Mozilla/5.0 (Windows NT 6.1; WOW64; Trident/7.0; rv:11.0) like Gecko"
138.21.12.21 - - [03/Jun/2020:16:20:07 +0200] "GET /reload?ser=1591194007235 HTTP/1.1" 200 28 "http://renault.2web.at/result?searchterm=true&search=motorraumaufh%E4nger" "Mozilla/5.0 (Windows NT 10.0; WOW64; Trident/7.0; Touch; rv:11.0) like Gecko"
40.77.191.23 - - [03/Jun/2020:16:20:35 +0200] "GET /loadthumbnail.php?id=10201939&width=15&height=15 HTTP/1.1" 200 218 "-" "Mozilla/5.0 (Windows NT 6.1; WOW64) AppleWebKit/534+ (KHTML, like Gecko) BingPreview/1.0b"
40.77.189.1 - - [03/Jun/2020:16:20:38 +0200] "GET /loadthumbnail.php?id=11885851&width=113 HTTP/1.1" 200 1703 "-" "Mozilla/5.0 (Windows NT 6.1; WOW64) AppleWebKit/534+ (KHTML, like Gecko) BingPreview/1.0b"
40.77.189.173 - - [03/Jun/2020:16:20:40 +0200] "GET /loadthumbnail.php?id=10919466&width=113 HTTP/1.1" 200 1633 "-" "Mozilla/5.0 (Windows NT 6.1; WOW64) AppleWebKit/534+ (KHTML, like Gecko) BingPreview/1.0b"
40.77.188.18 - - [03/Jun/2020:16:20:41 +0200] "GET /loadthumbnail.php?id=10260890&width=113 HTTP/1.1" 200 1400 "-" "Mozilla/5.0 (Windows NT 6.1; WOW64) AppleWebKit/534+ (KHTML, like Gecko) BingPreview/1.0b"
40.77.189.52 - - [03/Jun/2020:16:20:41 +0200] "GET /loadthumbnail.php?id=11243081&width=113 HTTP/1.1" 200 1415 "-" "Mozilla/5.0 (Windows NT 6.1; WOW64) AppleWebKit/534+ (KHTML, like Gecko) BingPreview/1.0b"
40.77.188.241 - - [03/Jun/2020:16:20:41 +0200] "GET /loadthumbnail.php?id=11141133&width=113 HTTP/1.1" 200 1260 "-" "Mozilla/5.0 (Windows NT 6.1; WOW64) AppleWebKit/534+ (KHTML, like Gecko) BingPreview/1.0b"
40.77.190.27 - - [03/Jun/2020:16:20:42 +0200] "GET /loadthumbnail.php?id=10995605&width=113 HTTP/1.1" 200 1431 "-" "Mozilla/5.0 (Windows NT 6.1; WOW64) AppleWebKit/534+ (KHTML, like Gecko) BingPreview/1.0b"
212.89.176.40 - - [03/Jun/2020:16:20:47 +0200] "GET /reload?ser=1591194041124 HTTP/1.1" 200 28 "http://renault.activities.at/success" "Mozilla/5.0 (Windows NT 6.1; WOW64; Trident/7.0; rv:11.0) like Gecko"
138.21.12.21 - - [03/Jun/2020:16:21:08 +0200] "GET /reload?ser=1591194068433 HTTP/1.1" 200 28 "http://renault.2web.at/result?searchterm=true&search=motorraumaufh%E4nger" "Mozilla/5.0 (Windows NT 10.0; WOW64; Trident/7.0; Touch; rv:11.0) like Gecko"
212.89.176.40 - - [03/Jun/2020:16:21:48 +0200] "GET /reload?ser=1591194102054 HTTP/1.1" 200 28 "http://renault.activities.at/success" "Mozilla/5.0 (Windows NT 6.1; WOW64; Trident/7.0; rv:11.0) like Gecko"
138.21.12.21 - - [03/Jun/2020:16:22:10 +0200] "GET /reload?ser=1591194129934 HTTP/1.1" 200 28 "http://renault.2web.at/result?searchterm=true&search=motorraumaufh%E4nger" "Mozilla/5.0 (Windows NT 10.0; WOW64; Trident/7.0; Touch; rv:11.0) like Gecko"
212.89.176.40 - - [03/Jun/2020:16:22:49 +0200] "GET /reload?ser=1591194163013 HTTP/1.1" 200 28 "http://renault.activities.at/success" "Mozilla/5.0 (Windows NT 6.1; WOW64; Trident/7.0; rv:11.0) like Gecko"
138.21.12.21 - - [03/Jun/2020:16:23:11 +0200] "GET /reload?ser=1591194191469 HTTP/1.1" 200 28 "http://renault.2web.at/result?searchterm=true&search=motorraumaufh%E4nger" "Mozilla/5.0 (Windows NT 10.0; WOW64; Trident/7.0; Touch; rv:11.0) like Gecko"
212.89.176.40 - - [03/Jun/2020:16:23:50 +0200] "GET /reload?ser=1591194223979 HTTP/1.1" 200 28 "http://renault.activities.at/success" "Mozilla/5.0 (Windows NT 6.1; WOW64; Trident/7.0; rv:11.0) like Gecko"
138.21.12.21 - - [03/Jun/2020:16:24:12 +0200] "GET /reload?ser=1591194252549 HTTP/1.1" 200 28 "http://renault.2web.at/result?searchterm=true&search=motorraumaufh%E4nger" "Mozilla/5.0 (Windows NT 10.0; WOW64; Trident/7.0; Touch; rv:11.0) like Gecko"
212.89.176.40 - - [03/Jun/2020:16:24:51 +0200] "GET /reload?ser=1591194284928 HTTP/1.1" 200 28 "http://renault.activities.at/success" "Mozilla/5.0 (Windows NT 6.1; WOW64; Trident/7.0; rv:11.0) like Gecko"
138.21.12.21 - - [03/Jun/2020:16:25:14 +0200] "GET /reload?ser=1591194314079 HTTP/1.1" 200 28 "http://renault.2web.at/result?searchterm=true&search=motorraumaufh%E4nger" "Mozilla/5.0 (Windows NT 10.0; WOW64; Trident/7.0; Touch; rv:11.0) like Gecko"
212.89.176.40 - - [03/Jun/2020:16:25:52 +0200] "GET /reload?ser=1591194345885 HTTP/1.1" 200 28 "http://renault.activities.at/success" "Mozilla/5.0 (Windows NT 6.1; WOW64; Trident/7.0; rv:11.0) like Gecko"
138.21.12.21 - - [03/Jun/2020:16:26:15 +0200] "GET /reload?ser=1591194375200 HTTP/1.1" 200 28 "http://renault.2web.at/result?searchterm=true&search=motorraumaufh%E4nger" "Mozilla/5.0 (Windows NT 10.0; WOW64; Trident/7.0; Touch; rv:11.0) like Gecko"
212.89.176.40 - - [03/Jun/2020:16:26:53 +0200] "GET /reload?ser=1591194406851 HTTP/1.1" 200 28 "http://renault.activities.at/success" "Mozilla/5.0 (Windows NT 6.1; WOW64; Trident/7.0; rv:11.0) like Gecko"
138.21.12.21 - - [03/Jun/2020:16:27:16 +0200] "GET /reload?ser=1591194436580 HTTP/1.1" 200 28 "http://renault.2web.at/result?searchterm=true&search=motorraumaufh%E4nger" "Mozilla/5.0 (Windows NT 10.0; WOW64; Trident/7.0; Touch; rv:11.0) like Gecko"
212.89.176.40 - - [03/Jun/2020:16:27:54 +0200] "GET /reload?ser=1591194467823 HTTP/1.1" 200 28 "http://renault.activities.at/success" "Mozilla/5.0 (Windows NT 6.1; WOW64; Trident/7.0; rv:11.0) like Gecko"
138.21.12.21 - - [03/Jun/2020:16:28:18 +0200] "GET /reload?ser=1591194497822 HTTP/1.1" 200 28 "http://renault.2web.at/result?searchterm=true&search=motorraumaufh%E4nger" "Mozilla/5.0 (Windows NT 10.0; WOW64; Trident/7.0; Touch; rv:11.0) like Gecko"
212.89.176.40 - - [03/Jun/2020:16:28:55 +0200] "GET /reload?ser=1591194528807 HTTP/1.1" 200 28 "http://renault.activities.at/success" "Mozilla/5.0 (Windows NT 6.1; WOW64; Trident/7.0; rv:11.0) like Gecko"
138.21.12.21 - - [03/Jun/2020:16:29:19 +0200] "GET /reload?ser=1591194559314 HTTP/1.1" 200 28 "http://renault.2web.at/result?searchterm=true&search=motorraumaufh%E4nger" "Mozilla/5.0 (Windows NT 10.0; WOW64; Trident/7.0; Touch; rv:11.0) like Gecko"
212.89.176.40 - - [03/Jun/2020:16:29:56 +0200] "GET /reload?ser=1591194589786 HTTP/1.1" 200 28 "http://renault.activities.at/success" "Mozilla/5.0 (Windows NT 6.1; WOW64; Trident/7.0; rv:11.0) like Gecko"
138.21.12.21 - - [03/Jun/2020:16:30:21 +0200] "GET /reload?ser=1591194621499 HTTP/1.1" 200 28 "http://renault.2web.at/result?searchterm=true&search=motorraumaufh%E4nger" "Mozilla/5.0 (Windows NT 10.0; WOW64; Trident/7.0; Touch; rv:11.0) like Gecko"
212.89.176.40 - - [03/Jun/2020:16:30:57 +0200] "GET /reload?ser=1591194650740 HTTP/1.1" 200 28 "http://renault.activities.at/success" "Mozilla/5.0 (Windows NT 6.1; WOW64; Trident/7.0; rv:11.0) like Gecko"
138.21.12.21 - - [03/Jun/2020:16:31:23 +0200] "GET /reload?ser=1591194682906 HTTP/1.1" 200 28 "http://renault.2web.at/result?searchterm=true&search=motorraumaufh%E4nger" "Mozilla/5.0 (Windows NT 10.0; WOW64; Trident/7.0; Touch; rv:11.0) like Gecko"
212.89.176.40 - - [03/Jun/2020:16:31:58 +0200] "GET /reload?ser=1591194711703 HTTP/1.1" 200 28 "http://renault.activities.at/success" "Mozilla/5.0 (Windows NT 6.1; WOW64; Trident/7.0; rv:11.0) like Gecko"
138.21.12.21 - - [03/Jun/2020:16:32:24 +0200] "GET /reload?ser=1591194744453 HTTP/1.1" 200 28 "http://renault.2web.at/result?searchterm=true&search=motorraumaufh%E4nger" "Mozilla/5.0 (Windows NT 10.0; WOW64; Trident/7.0; Touch; rv:11.0) like Gecko"
212.89.176.40 - - [03/Jun/2020:16:32:59 +0200] "GET /reload?ser=1591194772659 HTTP/1.1" 200 28 "http://renault.activities.at/success" "Mozilla/5.0 (Windows NT 6.1; WOW64; Trident/7.0; rv:11.0) like Gecko"
138.21.12.21 - - [03/Jun/2020:16:33:26 +0200] "GET /reload?ser=1591194805597 HTTP/1.1" 200 28 "http://renault.2web.at/result?searchterm=true&search=motorraumaufh%E4nger" "Mozilla/5.0 (Windows NT 10.0; WOW64; Trident/7.0; Touch; rv:11.0) like Gecko"
212.89.176.40 - - [03/Jun/2020:16:34:00 +0200] "GET /reload?ser=1591194833616 HTTP/1.1" 200 28 "http://renault.activities.at/success" "Mozilla/5.0 (Windows NT 6.1; WOW64; Trident/7.0; rv:11.0) like Gecko"
138.21.12.21 - - [03/Jun/2020:16:34:27 +0200] "GET /reload?ser=1591194867025 HTTP/1.1" 200 28 "http://renault.2web.at/result?searchterm=true&search=motorraumaufh%E4nger" "Mozilla/5.0 (Windows NT 10.0; WOW64; Trident/7.0; Touch; rv:11.0) like Gecko"
212.89.176.40 - - [03/Jun/2020:16:35:01 +0200] "GET /reload?ser=1591194894566 HTTP/1.1" 200 28 "http://renault.activities.at/success" "Mozilla/5.0 (Windows NT 6.1; WOW64; Trident/7.0; rv:11.0) like Gecko"
138.21.12.21 - - [03/Jun/2020:16:35:28 +0200] "GET /reload?ser=1591194928666 HTTP/1.1" 200 28 "http://renault.2web.at/result?searchterm=true&search=motorraumaufh%E4nger" "Mozilla/5.0 (Windows NT 10.0; WOW64; Trident/7.0; Touch; rv:11.0) like Gecko"
212.89.176.40 - - [03/Jun/2020:16:36:02 +0200] "GET /reload?ser=1591194955518 HTTP/1.1" 200 28 "http://renault.activities.at/success" "Mozilla/5.0 (Windows NT 6.1; WOW64; Trident/7.0; rv:11.0) like Gecko"
138.21.12.21 - - [03/Jun/2020:16:36:30 +0200] "GET /reload?ser=1591194989766 HTTP/1.1" 200 28 "http://renault.2web.at/result?searchterm=true&search=motorraumaufh%E4nger" "Mozilla/5.0 (Windows NT 10.0; WOW64; Trident/7.0; Touch; rv:11.0) like Gecko"
212.89.176.40 - - [03/Jun/2020:16:37:03 +0200] "GET /reload?ser=1591195016489 HTTP/1.1" 200 28 "http://renault.activities.at/success" "Mozilla/5.0 (Windows NT 6.1; WOW64; Trident/7.0; rv:11.0) like Gecko"
138.21.12.21 - - [03/Jun/2020:16:37:31 +0200] "GET /reload?ser=1591195051598 HTTP/1.1" 200 28 "http://renault.2web.at/result?searchterm=true&search=motorraumaufh%E4nger" "Mozilla/5.0 (Windows NT 10.0; WOW64; Trident/7.0; Touch; rv:11.0) like Gecko"
212.89.176.40 - - [03/Jun/2020:16:38:04 +0200] "GET /reload?ser=1591195077484 HTTP/1.1" 200 28 "http://renault.activities.at/success" "Mozilla/5.0 (Windows NT 6.1; WOW64; Trident/7.0; rv:11.0) like Gecko"
138.21.12.21 - - [03/Jun/2020:16:38:33 +0200] "GET /reload?ser=1591195113614 HTTP/1.1" 200 28 "http://renault.2web.at/result?searchterm=true&search=motorraumaufh%E4nger" "Mozilla/5.0 (Windows NT 10.0; WOW64; Trident/7.0; Touch; rv:11.0) like Gecko"
212.89.176.40 - - [03/Jun/2020:16:39:05 +0200] "GET /reload?ser=1591195138454 HTTP/1.1" 200 28 "http://renault.activities.at/success" "Mozilla/5.0 (Windows NT 6.1; WOW64; Trident/7.0; rv:11.0) like Gecko"
138.21.12.21 - - [03/Jun/2020:16:39:34 +0200] "GET /reload?ser=1591195174788 HTTP/1.1" 200 28 "http://renault.2web.at/result?searchterm=true&search=motorraumaufh%E4nger" "Mozilla/5.0 (Windows NT 10.0; WOW64; Trident/7.0; Touch; rv:11.0) like Gecko"
212.89.176.40 - - [03/Jun/2020:16:40:06 +0200] "GET /reload?ser=1591195199424 HTTP/1.1" 200 28 "http://renault.activities.at/success" "Mozilla/5.0 (Windows NT 6.1; WOW64; Trident/7.0; rv:11.0) like Gecko"
138.21.12.21 - - [03/Jun/2020:16:40:36 +0200] "GET /reload?ser=1591195235874 HTTP/1.1" 200 28 "http://renault.2web.at/result?searchterm=true&search=motorraumaufh%E4nger" "Mozilla/5.0 (Windows NT 10.0; WOW64; Trident/7.0; Touch; rv:11.0) like Gecko"
212.89.176.40 - - [03/Jun/2020:16:41:07 +0200] "GET /reload?ser=1591195260395 HTTP/1.1" 200 28 "http://renault.activities.at/success" "Mozilla/5.0 (Windows NT 6.1; WOW64; Trident/7.0; rv:11.0) like Gecko"
138.21.12.21 - - [03/Jun/2020:16:41:37 +0200] "GET /reload?ser=1591195297504 HTTP/1.1" 200 28 "http://renault.2web.at/result?searchterm=true&search=motorraumaufh%E4nger" "Mozilla/5.0 (Windows NT 10.0; WOW64; Trident/7.0; Touch; rv:11.0) like Gecko"
212.89.176.40 - - [03/Jun/2020:16:42:07 +0200] "GET /reload?ser=1591195321355 HTTP/1.1" 200 28 "http://renault.activities.at/success" "Mozilla/5.0 (Windows NT 6.1; WOW64; Trident/7.0; rv:11.0) like Gecko"
138.21.12.21 - - [03/Jun/2020:16:42:38 +0200] "GET /reload?ser=1591195358659 HTTP/1.1" 200 28 "http://renault.2web.at/result?searchterm=true&search=motorraumaufh%E4nger" "Mozilla/5.0 (Windows NT 10.0; WOW64; Trident/7.0; Touch; rv:11.0) like Gecko"
212.89.176.40 - - [03/Jun/2020:16:43:08 +0200] "GET /reload?ser=1591195382289 HTTP/1.1" 200 28 "http://renault.activities.at/success" "Mozilla/5.0 (Windows NT 6.1; WOW64; Trident/7.0; rv:11.0) like Gecko"
138.21.12.21 - - [03/Jun/2020:16:43:40 +0200] "GET /reload?ser=1591195419984 HTTP/1.1" 200 28 "http://renault.2web.at/result?searchterm=true&search=motorraumaufh%E4nger" "Mozilla/5.0 (Windows NT 10.0; WOW64; Trident/7.0; Touch; rv:11.0) like Gecko"
212.89.176.40 - - [03/Jun/2020:16:44:09 +0200] "GET /reload?ser=1591195443243 HTTP/1.1" 200 28 "http://renault.activities.at/success" "Mozilla/5.0 (Windows NT 6.1; WOW64; Trident/7.0; rv:11.0) like Gecko"
138.21.12.21 - - [03/Jun/2020:16:44:41 +0200] "GET /reload?ser=1591195481503 HTTP/1.1" 200 28 "http://renault.2web.at/result?searchterm=true&search=motorraumaufh%E4nger" "Mozilla/5.0 (Windows NT 10.0; WOW64; Trident/7.0; Touch; rv:11.0) like Gecko"
212.89.176.40 - - [03/Jun/2020:16:45:10 +0200] "GET /reload?ser=1591195504210 HTTP/1.1" 200 28 "http://renault.activities.at/success" "Mozilla/5.0 (Windows NT 6.1; WOW64; Trident/7.0; rv:11.0) like Gecko"
138.21.12.21 - - [03/Jun/2020:16:45:43 +0200] "GET /reload?ser=1591195542939 HTTP/1.1" 200 28 "http://renault.2web.at/result?searchterm=true&search=motorraumaufh%E4nger" "Mozilla/5.0 (Windows NT 10.0; WOW64; Trident/7.0; Touch; rv:11.0) like Gecko"
212.89.176.40 - - [03/Jun/2020:16:46:11 +0200] "GET /reload?ser=1591195565157 HTTP/1.1" 200 28 "http://renault.activities.at/success" "Mozilla/5.0 (Windows NT 6.1; WOW64; Trident/7.0; rv:11.0) like Gecko"
138.21.12.21 - - [03/Jun/2020:16:46:44 +0200] "GET /reload?ser=1591195604723 HTTP/1.1" 200 28 "http://renault.2web.at/result?searchterm=true&search=motorraumaufh%E4nger" "Mozilla/5.0 (Windows NT 10.0; WOW64; Trident/7.0; Touch; rv:11.0) like Gecko"
212.89.176.40 - - [03/Jun/2020:16:47:12 +0200] "GET /reload?ser=1591195626104 HTTP/1.1" 200 28 "http://renault.activities.at/success" "Mozilla/5.0 (Windows NT 6.1; WOW64; Trident/7.0; rv:11.0) like Gecko"
138.21.12.21 - - [03/Jun/2020:16:47:46 +0200] "GET /reload?ser=1591195666025 HTTP/1.1" 200 28 "http://renault.2web.at/result?searchterm=true&search=motorraumaufh%E4nger" "Mozilla/5.0 (Windows NT 10.0; WOW64; Trident/7.0; Touch; rv:11.0) like Gecko"
212.89.176.40 - - [03/Jun/2020:16:48:13 +0200] "GET /reload?ser=1591195687048 HTTP/1.1" 200 28 "http://renault.activities.at/success" "Mozilla/5.0 (Windows NT 6.1; WOW64; Trident/7.0; rv:11.0) like Gecko"
138.21.12.21 - - [03/Jun/2020:16:48:47 +0200] "GET /reload?ser=1591195727219 HTTP/1.1" 200 28 "http://renault.2web.at/result?searchterm=true&search=motorraumaufh%E4nger" "Mozilla/5.0 (Windows NT 10.0; WOW64; Trident/7.0; Touch; rv:11.0) like Gecko"
212.89.176.40 - - [03/Jun/2020:16:49:14 +0200] "GET /reload?ser=1591195748001 HTTP/1.1" 200 28 "http://renault.activities.at/success" "Mozilla/5.0 (Windows NT 6.1; WOW64; Trident/7.0; rv:11.0) like Gecko"
138.21.12.21 - - [03/Jun/2020:16:49:48 +0200] "GET /reload?ser=1591195788577 HTTP/1.1" 200 28 "http://renault.2web.at/result?searchterm=true&search=motorraumaufh%E4nger" "Mozilla/5.0 (Windows NT 10.0; WOW64; Trident/7.0; Touch; rv:11.0) like Gecko"
212.89.176.40 - - [03/Jun/2020:16:50:16 +0200] "GET /reload?ser=1591195808940 HTTP/1.1" 200 28 "http://renault.activities.at/success" "Mozilla/5.0 (Windows NT 6.1; WOW64; Trident/7.0; rv:11.0) like Gecko"
138.21.12.21 - - [03/Jun/2020:16:50:51 +0200] "GET /reload?ser=1591195849849 HTTP/1.1" 200 28 "http://renault.2web.at/result?searchterm=true&search=motorraumaufh%E4nger" "Mozilla/5.0 (Windows NT 10.0; WOW64; Trident/7.0; Touch; rv:11.0) like Gecko"
212.89.176.40 - - [03/Jun/2020:16:51:18 +0200] "GET /reload?ser=1591195870857 HTTP/1.1" 200 28 "http://renault.activities.at/success" "Mozilla/5.0 (Windows NT 6.1; WOW64; Trident/7.0; rv:11.0) like Gecko"
138.21.12.21 - - [03/Jun/2020:16:51:52 +0200] "GET /reload?ser=1591195912468 HTTP/1.1" 200 28 "http://renault.2web.at/result?searchterm=true&search=motorraumaufh%E4nger" "Mozilla/5.0 (Windows NT 10.0; WOW64; Trident/7.0; Touch; rv:11.0) like Gecko"
212.89.176.40 - - [03/Jun/2020:16:52:21 +0200] "GET /reload?ser=1591195933738 HTTP/1.1" 200 28 "http://renault.activities.at/success" "Mozilla/5.0 (Windows NT 6.1; WOW64; Trident/7.0; rv:11.0) like Gecko"
138.21.12.21 - - [03/Jun/2020:16:52:54 +0200] "GET /reload?ser=1591195973979 HTTP/1.1" 200 28 "http://renault.2web.at/result?searchterm=true&search=motorraumaufh%E4nger" "Mozilla/5.0 (Windows NT 10.0; WOW64; Trident/7.0; Touch; rv:11.0) like Gecko"
212.89.176.40 - - [03/Jun/2020:16:53:27 +0200] "GET /reload?ser=1591196000770 HTTP/1.1" 200 28 "http://renault.activities.at/success" "Mozilla/5.0 (Windows NT 6.1; WOW64; Trident/7.0; rv:11.0) like Gecko"
138.21.12.21 - - [03/Jun/2020:16:53:55 +0200] "GET /reload?ser=1591196035055 HTTP/1.1" 200 28 "http://renault.2web.at/result?searchterm=true&search=motorraumaufh%E4nger" "Mozilla/5.0 (Windows NT 10.0; WOW64; Trident/7.0; Touch; rv:11.0) like Gecko"
212.89.176.40 - - [03/Jun/2020:16:54:28 +0200] "GET /reload?ser=1591196061713 HTTP/1.1" 200 28 "http://renault.activities.at/success" "Mozilla/5.0 (Windows NT 6.1; WOW64; Trident/7.0; rv:11.0) like Gecko"
138.21.12.21 - - [03/Jun/2020:16:54:56 +0200] "GET /reload?ser=1591196096163 HTTP/1.1" 200 28 "http://renault.2web.at/result?searchterm=true&search=motorraumaufh%E4nger" "Mozilla/5.0 (Windows NT 10.0; WOW64; Trident/7.0; Touch; rv:11.0) like Gecko"
212.89.176.40 - - [03/Jun/2020:16:55:29 +0200] "GET /reload?ser=1591196122663 HTTP/1.1" 200 28 "http://renault.activities.at/success" "Mozilla/5.0 (Windows NT 6.1; WOW64; Trident/7.0; rv:11.0) like Gecko"
138.21.12.21 - - [03/Jun/2020:16:55:57 +0200] "GET /reload?ser=1591196157234 HTTP/1.1" 200 28 "http://renault.2web.at/result?searchterm=true&search=motorraumaufh%E4nger" "Mozilla/5.0 (Windows NT 10.0; WOW64; Trident/7.0; Touch; rv:11.0) like Gecko"
212.89.176.40 - - [03/Jun/2020:16:56:30 +0200] "GET /reload?ser=1591196183600 HTTP/1.1" 200 28 "http://renault.activities.at/success" "Mozilla/5.0 (Windows NT 6.1; WOW64; Trident/7.0; rv:11.0) like Gecko"
138.21.12.21 - - [03/Jun/2020:16:56:58 +0200] "GET /reload?ser=1591196218408 HTTP/1.1" 200 28 "http://renault.2web.at/result?searchterm=true&search=motorraumaufh%E4nger" "Mozilla/5.0 (Windows NT 10.0; WOW64; Trident/7.0; Touch; rv:11.0) like Gecko"
213.153.47.173 - - [03/Jun/2020:16:57:28 +0200] "GET /layout.php HTTP/1.1" 200 1558 "-" "Mozilla/5.0 (Windows NT 10.0; Win64; x64) AppleWebKit/537.36 (KHTML, like Gecko) Chrome/81.0.4044.138 Safari/537.36 OPR/68.0.3618.125"
213.153.47.173 - - [03/Jun/2020:16:57:29 +0200] "GET /images/favicon.ico HTTP/1.1" 404 305 "-" "Mozilla/5.0 (Windows NT 10.0; Win64; x64) AppleWebKit/537.36 (KHTML, like Gecko) Chrome/81.0.4044.138 Safari/537.36 OPR/68.0.3618.125"
212.89.176.40 - - [03/Jun/2020:16:57:31 +0200] "GET /reload?ser=1591196244571 HTTP/1.1" 200 28 "http://renault.activities.at/success" "Mozilla/5.0 (Windows NT 6.1; WOW64; Trident/7.0; rv:11.0) like Gecko"
138.21.12.21 - - [03/Jun/2020:16:58:00 +0200] "GET /reload?ser=1591196280223 HTTP/1.1" 200 28 "http://renault.2web.at/result?searchterm=true&search=motorraumaufh%E4nger" "Mozilla/5.0 (Windows NT 10.0; WOW64; Trident/7.0; Touch; rv:11.0) like Gecko"
212.89.176.40 - - [03/Jun/2020:16:58:32 +0200] "GET /reload?ser=1591196305532 HTTP/1.1" 200 28 "http://renault.activities.at/success" "Mozilla/5.0 (Windows NT 6.1; WOW64; Trident/7.0; rv:11.0) like Gecko"
138.21.12.21 - - [03/Jun/2020:16:59:01 +0200] "GET /reload?ser=1591196341472 HTTP/1.1" 200 28 "http://renault.2web.at/result?searchterm=true&search=motorraumaufh%E4nger" "Mozilla/5.0 (Windows NT 10.0; WOW64; Trident/7.0; Touch; rv:11.0) like Gecko"
212.89.176.40 - - [03/Jun/2020:16:59:33 +0200] "GET /reload?ser=1591196366477 HTTP/1.1" 200 28 "http://renault.activities.at/success" "Mozilla/5.0 (Windows NT 6.1; WOW64; Trident/7.0; rv:11.0) like Gecko"
138.21.12.21 - - [03/Jun/2020:17:00:03 +0200] "GET /reload?ser=1591196402924 HTTP/1.1" 200 28 "http://renault.2web.at/result?searchterm=true&search=motorraumaufh%E4nger" "Mozilla/5.0 (Windows NT 10.0; WOW64; Trident/7.0; Touch; rv:11.0) like Gecko"
212.89.176.40 - - [03/Jun/2020:17:00:34 +0200] "GET /reload?ser=1591196427414 HTTP/1.1" 200 28 "http://renault.activities.at/success" "Mozilla/5.0 (Windows NT 6.1; WOW64; Trident/7.0; rv:11.0) like Gecko"
138.21.12.21 - - [03/Jun/2020:17:01:05 +0200] "GET /reload?ser=1591196465345 HTTP/1.1" 200 28 "http://renault.2web.at/result?searchterm=true&search=motorraumaufh%E4nger" "Mozilla/5.0 (Windows NT 10.0; WOW64; Trident/7.0; Touch; rv:11.0) like Gecko"
212.89.176.40 - - [03/Jun/2020:17:01:35 +0200] "GET /reload?ser=1591196488361 HTTP/1.1" 200 28 "http://renault.activities.at/success" "Mozilla/5.0 (Windows NT 6.1; WOW64; Trident/7.0; rv:11.0) like Gecko"
138.21.12.21 - - [03/Jun/2020:17:02:06 +0200] "GET /reload?ser=1591196526472 HTTP/1.1" 200 28 "http://renault.2web.at/result?searchterm=true&search=motorraumaufh%E4nger" "Mozilla/5.0 (Windows NT 10.0; WOW64; Trident/7.0; Touch; rv:11.0) like Gecko"
212.89.176.40 - - [03/Jun/2020:17:02:35 +0200] "GET /reload?ser=1591196549332 HTTP/1.1" 200 28 "http://renault.activities.at/success" "Mozilla/5.0 (Windows NT 6.1; WOW64; Trident/7.0; rv:11.0) like Gecko"
138.21.12.21 - - [03/Jun/2020:17:03:07 +0200] "GET /reload?ser=1591196587827 HTTP/1.1" 200 28 "http://renault.2web.at/result?searchterm=true&search=motorraumaufh%E4nger" "Mozilla/5.0 (Windows NT 10.0; WOW64; Trident/7.0; Touch; rv:11.0) like Gecko"
212.89.176.40 - - [03/Jun/2020:17:03:36 +0200] "GET /reload?ser=1591196610315 HTTP/1.1" 200 28 "http://renault.activities.at/success" "Mozilla/5.0 (Windows NT 6.1; WOW64; Trident/7.0; rv:11.0) like Gecko"
138.21.12.21 - - [03/Jun/2020:17:04:09 +0200] "GET /reload?ser=1591196649054 HTTP/1.1" 200 28 "http://renault.2web.at/result?searchterm=true&search=motorraumaufh%E4nger" "Mozilla/5.0 (Windows NT 10.0; WOW64; Trident/7.0; Touch; rv:11.0) like Gecko"
212.89.176.40 - - [03/Jun/2020:17:04:37 +0200] "GET /reload?ser=1591196671259 HTTP/1.1" 200 28 "http://renault.activities.at/success" "Mozilla/5.0 (Windows NT 6.1; WOW64; Trident/7.0; rv:11.0) like Gecko"
138.21.12.21 - - [03/Jun/2020:17:05:12 +0200] "GET /reload?ser=1591196711968 HTTP/1.1" 200 28 "http://renault.2web.at/result?searchterm=true&search=motorraumaufh%E4nger" "Mozilla/5.0 (Windows NT 10.0; WOW64; Trident/7.0; Touch; rv:11.0) like Gecko"
212.89.176.40 - - [03/Jun/2020:17:05:38 +0200] "GET /reload?ser=1591196732191 HTTP/1.1" 200 28 "http://renault.activities.at/success" "Mozilla/5.0 (Windows NT 6.1; WOW64; Trident/7.0; rv:11.0) like Gecko"
138.21.12.21 - - [03/Jun/2020:17:06:13 +0200] "GET /reload?ser=1591196773268 HTTP/1.1" 200 28 "http://renault.2web.at/result?searchterm=true&search=motorraumaufh%E4nger" "Mozilla/5.0 (Windows NT 10.0; WOW64; Trident/7.0; Touch; rv:11.0) like Gecko"
212.89.176.40 - - [03/Jun/2020:17:06:39 +0200] "GET /reload?ser=1591196793152 HTTP/1.1" 200 28 "http://renault.activities.at/success" "Mozilla/5.0 (Windows NT 6.1; WOW64; Trident/7.0; rv:11.0) like Gecko"
138.21.12.21 - - [03/Jun/2020:17:07:14 +0200] "GET /reload?ser=1591196834427 HTTP/1.1" 200 28 "http://renault.2web.at/result?searchterm=true&search=motorraumaufh%E4nger" "Mozilla/5.0 (Windows NT 10.0; WOW64; Trident/7.0; Touch; rv:11.0) like Gecko"
212.89.176.40 - - [03/Jun/2020:17:07:40 +0200] "GET /reload?ser=1591196854095 HTTP/1.1" 200 28 "http://renault.activities.at/success" "Mozilla/5.0 (Windows NT 6.1; WOW64; Trident/7.0; rv:11.0) like Gecko"
138.21.12.21 - - [03/Jun/2020:17:08:16 +0200] "GET /reload?ser=1591196895681 HTTP/1.1" 200 28 "http://renault.2web.at/result?searchterm=true&search=motorraumaufh%E4nger" "Mozilla/5.0 (Windows NT 10.0; WOW64; Trident/7.0; Touch; rv:11.0) like Gecko"
212.89.176.40 - - [03/Jun/2020:17:08:41 +0200] "GET /reload?ser=1591196915074 HTTP/1.1" 200 28 "http://renault.activities.at/success" "Mozilla/5.0 (Windows NT 6.1; WOW64; Trident/7.0; rv:11.0) like Gecko"
138.21.12.21 - - [03/Jun/2020:17:09:17 +0200] "GET /reload?ser=1591196957419 HTTP/1.1" 200 28 "http://renault.2web.at/result?searchterm=true&search=motorraumaufh%E4nger" "Mozilla/5.0 (Windows NT 10.0; WOW64; Trident/7.0; Touch; rv:11.0) like Gecko"
212.89.176.40 - - [03/Jun/2020:17:09:42 +0200] "GET /reload?ser=1591196976016 HTTP/1.1" 200 28 "http://renault.activities.at/success" "Mozilla/5.0 (Windows NT 6.1; WOW64; Trident/7.0; rv:11.0) like Gecko"
138.21.12.21 - - [03/Jun/2020:17:10:18 +0200] "GET /reload?ser=1591197018511 HTTP/1.1" 200 28 "http://renault.2web.at/result?searchterm=true&search=motorraumaufh%E4nger" "Mozilla/5.0 (Windows NT 10.0; WOW64; Trident/7.0; Touch; rv:11.0) like Gecko"
212.89.176.40 - - [03/Jun/2020:17:10:43 +0200] "GET /reload?ser=1591197036975 HTTP/1.1" 200 28 "http://renault.activities.at/success" "Mozilla/5.0 (Windows NT 6.1; WOW64; Trident/7.0; rv:11.0) like Gecko"
138.21.12.21 - - [03/Jun/2020:17:11:20 +0200] "GET /reload?ser=1591197079945 HTTP/1.1" 200 28 "http://renault.2web.at/result?searchterm=true&search=motorraumaufh%E4nger" "Mozilla/5.0 (Windows NT 10.0; WOW64; Trident/7.0; Touch; rv:11.0) like Gecko"
212.89.176.40 - - [03/Jun/2020:17:11:44 +0200] "GET /reload?ser=1591197097960 HTTP/1.1" 200 28 "http://renault.activities.at/success" "Mozilla/5.0 (Windows NT 6.1; WOW64; Trident/7.0; rv:11.0) like Gecko"
138.21.12.21 - - [03/Jun/2020:17:12:21 +0200] "GET /reload?ser=1591197141375 HTTP/1.1" 200 28 "http://renault.2web.at/result?searchterm=true&search=motorraumaufh%E4nger" "Mozilla/5.0 (Windows NT 10.0; WOW64; Trident/7.0; Touch; rv:11.0) like Gecko"
212.89.176.40 - - [03/Jun/2020:17:12:45 +0200] "GET /reload?ser=1591197158950 HTTP/1.1" 200 28 "http://renault.activities.at/success" "Mozilla/5.0 (Windows NT 6.1; WOW64; Trident/7.0; rv:11.0) like Gecko"
