212.89.176.40 - - [04/Jun/2020:08:10:00 +0200] "GET /images/main_block_corner_left_top.gif HTTP/1.1" 304 - "http://renault.activities.at/result?searchterm=true&search=mobilit%E4t" "Mozilla/5.0 (Windows NT 10.0; WOW64; Trident/7.0; rv:11.0) like Gecko"
212.89.176.40 - - [04/Jun/2020:08:10:00 +0200] "GET /images/main_block_border.gif HTTP/1.1" 304 - "http://renault.activities.at/result?searchterm=true&search=mobilit%E4t" "Mozilla/5.0 (Windows NT 10.0; WOW64; Trident/7.0; rv:11.0) like Gecko"
212.89.176.40 - - [04/Jun/2020:08:10:00 +0200] "GET /images/main_block_corner_left_bot.gif HTTP/1.1" 304 - "http://renault.activities.at/result?searchterm=true&search=mobilit%E4t" "Mozilla/5.0 (Windows NT 10.0; WOW64; Trident/7.0; rv:11.0) like Gecko"
212.89.176.40 - - [04/Jun/2020:08:10:00 +0200] "GET /images/header_block_corner_left_top.gif HTTP/1.1" 304 - "http://renault.activities.at/result?searchterm=true&search=mobilit%E4t" "Mozilla/5.0 (Windows NT 10.0; WOW64; Trident/7.0; rv:11.0) like Gecko"
212.89.176.40 - - [04/Jun/2020:08:10:00 +0200] "GET /images/header_block_corner_right_top.gif HTTP/1.1" 304 - "http://renault.activities.at/result?searchterm=true&search=mobilit%E4t" "Mozilla/5.0 (Windows NT 10.0; WOW64; Trident/7.0; rv:11.0) like Gecko"
212.89.176.40 - - [04/Jun/2020:08:10:00 +0200] "GET /images/search_bg.gif HTTP/1.1" 304 - "http://renault.activities.at/result?searchterm=true&search=mobilit%E4t" "Mozilla/5.0 (Windows NT 10.0; WOW64; Trident/7.0; rv:11.0) like Gecko"
212.89.176.40 - - [04/Jun/2020:08:10:00 +0200] "GET /images/vista-dn.gif HTTP/1.1" 304 - "http://renault.activities.at/result?searchterm=true&search=mobilit%E4t" "Mozilla/5.0 (Windows NT 10.0; WOW64; Trident/7.0; rv:11.0) like Gecko"
212.89.176.40 - - [04/Jun/2020:08:10:00 +0200] "GET /images/main_block_corner_right_top.gif HTTP/1.1" 304 - "http://renault.activities.at/result?searchterm=true&search=mobilit%E4t" "Mozilla/5.0 (Windows NT 10.0; WOW64; Trident/7.0; rv:11.0) like Gecko"
212.89.176.40 - - [04/Jun/2020:08:10:00 +0200] "GET /images/button_bg.gif HTTP/1.1" 304 - "http://renault.activities.at/result?searchterm=true&search=mobilit%E4t" "Mozilla/5.0 (Windows NT 10.0; WOW64; Trident/7.0; rv:11.0) like Gecko"
212.89.176.40 - - [04/Jun/2020:08:10:00 +0200] "GET /images/main_block_corner_right_bot.gif HTTP/1.1" 304 - "http://renault.activities.at/result?searchterm=true&search=mobilit%E4t" "Mozilla/5.0 (Windows NT 10.0; WOW64; Trident/7.0; rv:11.0) like Gecko"
212.89.176.40 - - [04/Jun/2020:08:10:00 +0200] "GET /images/header_block_border.gif HTTP/1.1" 304 - "http://renault.activities.at/result?searchterm=true&search=mobilit%E4t" "Mozilla/5.0 (Windows NT 10.0; WOW64; Trident/7.0; rv:11.0) like Gecko"
212.89.176.40 - - [04/Jun/2020:08:10:00 +0200] "GET /images/sidebar_title_border_top.gif HTTP/1.1" 304 - "http://renault.activities.at/result?searchterm=true&search=mobilit%E4t" "Mozilla/5.0 (Windows NT 10.0; WOW64; Trident/7.0; rv:11.0) like Gecko"
212.89.176.40 - - [04/Jun/2020:08:10:00 +0200] "GET /images/title_border_top.jpg HTTP/1.1" 304 - "http://renault.activities.at/result?searchterm=true&search=mobilit%E4t" "Mozilla/5.0 (Windows NT 10.0; WOW64; Trident/7.0; rv:11.0) like Gecko"
212.89.176.40 - - [04/Jun/2020:08:10:00 +0200] "GET /images/title_corner_right_top.jpg HTTP/1.1" 304 - "http://renault.activities.at/result?searchterm=true&search=mobilit%E4t" "Mozilla/5.0 (Windows NT 10.0; WOW64; Trident/7.0; rv:11.0) like Gecko"
212.89.176.40 - - [04/Jun/2020:08:10:00 +0200] "GET /images/sidebar_title_corner_left_top.gif HTTP/1.1" 304 - "http://renault.activities.at/result?searchterm=true&search=mobilit%E4t" "Mozilla/5.0 (Windows NT 10.0; WOW64; Trident/7.0; rv:11.0) like Gecko"
212.89.176.40 - - [04/Jun/2020:08:10:00 +0200] "GET /images/title_border.jpg HTTP/1.1" 304 - "http://renault.activities.at/result?searchterm=true&search=mobilit%E4t" "Mozilla/5.0 (Windows NT 10.0; WOW64; Trident/7.0; rv:11.0) like Gecko"
212.89.176.40 - - [04/Jun/2020:08:10:00 +0200] "GET /images/vista-up.gif HTTP/1.1" 304 - "http://renault.activities.at/result?searchterm=true&search=mobilit%E4t" "Mozilla/5.0 (Windows NT 10.0; WOW64; Trident/7.0; rv:11.0) like Gecko"
212.89.176.40 - - [04/Jun/2020:08:10:00 +0200] "GET /images/title_corner_left_top.jpg HTTP/1.1" 304 - "http://renault.activities.at/result?searchterm=true&search=mobilit%E4t" "Mozilla/5.0 (Windows NT 10.0; WOW64; Trident/7.0; rv:11.0) like Gecko"
212.89.176.40 - - [04/Jun/2020:08:10:00 +0200] "GET /images/pager_bg.gif HTTP/1.1" 304 - "http://renault.activities.at/result?searchterm=true&search=mobilit%E4t" "Mozilla/5.0 (Windows NT 10.0; WOW64; Trident/7.0; rv:11.0) like Gecko"
212.89.176.40 - - [04/Jun/2020:08:10:00 +0200] "GET /images/button_right_bg.gif HTTP/1.1" 304 - "http://renault.activities.at/result?searchterm=true&search=mobilit%E4t" "Mozilla/5.0 (Windows NT 10.0; WOW64; Trident/7.0; rv:11.0) like Gecko"
212.89.176.40 - - [04/Jun/2020:08:10:00 +0200] "GET /images/nav_divider.gif HTTP/1.1" 304 - "http://renault.activities.at/result?searchterm=true&search=mobilit%E4t" "Mozilla/5.0 (Windows NT 10.0; WOW64; Trident/7.0; rv:11.0) like Gecko"
212.89.176.40 - - [04/Jun/2020:08:10:00 +0200] "GET /images/sidebar_title_corner_right_top.gif HTTP/1.1" 304 - "http://renault.activities.at/result?searchterm=true&search=mobilit%E4t" "Mozilla/5.0 (Windows NT 10.0; WOW64; Trident/7.0; rv:11.0) like Gecko"
212.89.176.40 - - [04/Jun/2020:08:10:00 +0200] "GET /images/footer_divider.gif HTTP/1.1" 304 - "http://renault.activities.at/result?searchterm=true&search=mobilit%E4t" "Mozilla/5.0 (Windows NT 10.0; WOW64; Trident/7.0; rv:11.0) like Gecko"
212.89.176.40 - - [04/Jun/2020:08:10:00 +0200] "GET /images/success_msg_icon.gif HTTP/1.1" 304 - "http://renault.activities.at/result?searchterm=true&search=mobilit%E4t" "Mozilla/5.0 (Windows NT 10.0; WOW64; Trident/7.0; rv:11.0) like Gecko"
212.89.176.40 - - [04/Jun/2020:08:10:00 +0200] "GET /images/sidebar_title_border.gif HTTP/1.1" 304 - "http://renault.activities.at/result?searchterm=true&search=mobilit%E4t" "Mozilla/5.0 (Windows NT 10.0; WOW64; Trident/7.0; rv:11.0) like Gecko"
212.89.176.40 - - [04/Jun/2020:08:10:00 +0200] "GET /images/top_links_divider.gif HTTP/1.1" 304 - "http://renault.activities.at/result?searchterm=true&search=mobilit%E4t" "Mozilla/5.0 (Windows NT 10.0; WOW64; Trident/7.0; rv:11.0) like Gecko"
212.89.176.40 - - [04/Jun/2020:08:10:00 +0200] "GET /images/menu_divider.gif HTTP/1.1" 304 - "http://renault.activities.at/result?searchterm=true&search=mobilit%E4t" "Mozilla/5.0 (Windows NT 10.0; WOW64; Trident/7.0; rv:11.0) like Gecko"
212.89.176.40 - - [04/Jun/2020:08:10:00 +0200] "GET /images/button_left_bg.gif HTTP/1.1" 304 - "http://renault.activities.at/result?searchterm=true&search=mobilit%E4t" "Mozilla/5.0 (Windows NT 10.0; WOW64; Trident/7.0; rv:11.0) like Gecko"
212.89.176.40 - - [04/Jun/2020:08:10:00 +0200] "GET /images/menu_button_bg.jpg HTTP/1.1" 304 - "http://renault.activities.at/result?searchterm=true&search=mobilit%E4t" "Mozilla/5.0 (Windows NT 10.0; WOW64; Trident/7.0; rv:11.0) like Gecko"
212.89.176.40 - - [04/Jun/2020:08:10:00 +0200] "GET /images/validation_advice_bg.gif HTTP/1.1" 304 - "http://renault.activities.at/result?searchterm=true&search=mobilit%E4t" "Mozilla/5.0 (Windows NT 10.0; WOW64; Trident/7.0; rv:11.0) like Gecko"
193.194.132.27 - - [04/Jun/2020:08:10:41 +0200] "GET /reload?ser=1591251041566 HTTP/1.1" 200 28 "http://renault.2web.at/account?loadrequest=true" "Mozilla/5.0 (Windows NT 10.0; WOW64; Trident/7.0; Touch; rv:11.0) like Gecko"
212.89.176.40 - - [04/Jun/2020:08:10:44 +0200] "GET /checkout HTTP/1.1" 200 10259 "http://renault.activities.at/result?searchterm=true&search=mobilit%E4t" "Mozilla/5.0 (Windows NT 10.0; WOW64; Trident/7.0; rv:11.0) like Gecko"
212.89.176.40 - - [04/Jun/2020:08:10:49 +0200] "GET /js/default.js HTTP/1.1" 304 - "http://renault.activities.at/checkout" "Mozilla/5.0 (Windows NT 10.0; WOW64; Trident/7.0; rv:11.0) like Gecko"
212.89.176.40 - - [04/Jun/2020:08:10:49 +0200] "GET /css/clears.css HTTP/1.1" 304 - "http://renault.activities.at/checkout" "Mozilla/5.0 (Windows NT 10.0; WOW64; Trident/7.0; rv:11.0) like Gecko"
212.89.176.40 - - [04/Jun/2020:08:10:49 +0200] "GET /css/reset.css HTTP/1.1" 304 - "http://renault.activities.at/checkout" "Mozilla/5.0 (Windows NT 10.0; WOW64; Trident/7.0; rv:11.0) like Gecko"
212.89.176.40 - - [04/Jun/2020:08:10:49 +0200] "GET /css/styles.css HTTP/1.1" 304 - "http://renault.activities.at/checkout" "Mozilla/5.0 (Windows NT 10.0; WOW64; Trident/7.0; rv:11.0) like Gecko"
212.89.176.40 - - [04/Jun/2020:08:10:49 +0200] "GET /css/print.css HTTP/1.1" 304 - "http://renault.activities.at/checkout" "Mozilla/5.0 (Windows NT 10.0; WOW64; Trident/7.0; rv:11.0) like Gecko"
212.89.176.40 - - [04/Jun/2020:08:10:49 +0200] "GET /css/prototip.css HTTP/1.1" 304 - "http://renault.activities.at/checkout" "Mozilla/5.0 (Windows NT 10.0; WOW64; Trident/7.0; rv:11.0) like Gecko"
212.89.176.40 - - [04/Jun/2020:08:10:49 +0200] "GET /js/checkout.css HTTP/1.1" 304 - "http://renault.activities.at/checkout" "Mozilla/5.0 (Windows NT 10.0; WOW64; Trident/7.0; rv:11.0) like Gecko"
212.89.176.40 - - [04/Jun/2020:08:10:49 +0200] "GET /css/themes/alphacube.css HTTP/1.1" 304 - "http://renault.activities.at/checkout" "Mozilla/5.0 (Windows NT 10.0; WOW64; Trident/7.0; rv:11.0) like Gecko"
212.89.176.40 - - [04/Jun/2020:08:10:49 +0200] "GET /js/checkout2.js HTTP/1.1" 304 - "http://renault.activities.at/checkout" "Mozilla/5.0 (Windows NT 10.0; WOW64; Trident/7.0; rv:11.0) like Gecko"
212.89.176.40 - - [04/Jun/2020:08:10:49 +0200] "GET /css/themes/default.css HTTP/1.1" 304 - "http://renault.activities.at/checkout" "Mozilla/5.0 (Windows NT 10.0; WOW64; Trident/7.0; rv:11.0) like Gecko"
212.89.176.40 - - [04/Jun/2020:08:10:49 +0200] "GET /images/ajax_loading.gif HTTP/1.1" 304 - "http://renault.activities.at/checkout" "Mozilla/5.0 (Windows NT 10.0; WOW64; Trident/7.0; rv:11.0) like Gecko"
212.89.176.40 - - [04/Jun/2020:08:10:49 +0200] "GET /images/main_block_corner_left_bot.gif HTTP/1.1" 304 - "http://renault.activities.at/checkout" "Mozilla/5.0 (Windows NT 10.0; WOW64; Trident/7.0; rv:11.0) like Gecko"
212.89.176.40 - - [04/Jun/2020:08:10:49 +0200] "GET /images/header_block_border.gif HTTP/1.1" 304 - "http://renault.activities.at/checkout" "Mozilla/5.0 (Windows NT 10.0; WOW64; Trident/7.0; rv:11.0) like Gecko"
212.89.176.40 - - [04/Jun/2020:08:10:49 +0200] "GET /images/main_block_corner_left_top.gif HTTP/1.1" 304 - "http://renault.activities.at/checkout" "Mozilla/5.0 (Windows NT 10.0; WOW64; Trident/7.0; rv:11.0) like Gecko"
212.89.176.40 - - [04/Jun/2020:08:10:49 +0200] "GET /images/main_block_border.gif HTTP/1.1" 304 - "http://renault.activities.at/checkout" "Mozilla/5.0 (Windows NT 10.0; WOW64; Trident/7.0; rv:11.0) like Gecko"
212.89.176.40 - - [04/Jun/2020:08:10:49 +0200] "GET /images/main_block_corner_right_bot.gif HTTP/1.1" 304 - "http://renault.activities.at/checkout" "Mozilla/5.0 (Windows NT 10.0; WOW64; Trident/7.0; rv:11.0) like Gecko"
212.89.176.40 - - [04/Jun/2020:08:10:49 +0200] "GET /images/main_block_corner_right_top.gif HTTP/1.1" 304 - "http://renault.activities.at/checkout" "Mozilla/5.0 (Windows NT 10.0; WOW64; Trident/7.0; rv:11.0) like Gecko"
212.89.176.40 - - [04/Jun/2020:08:10:49 +0200] "GET /images/search_bg.gif HTTP/1.1" 304 - "http://renault.activities.at/checkout" "Mozilla/5.0 (Windows NT 10.0; WOW64; Trident/7.0; rv:11.0) like Gecko"
212.89.176.40 - - [04/Jun/2020:08:10:49 +0200] "GET /images/header_block_corner_right_top.gif HTTP/1.1" 304 - "http://renault.activities.at/checkout" "Mozilla/5.0 (Windows NT 10.0; WOW64; Trident/7.0; rv:11.0) like Gecko"
212.89.176.40 - - [04/Jun/2020:08:10:49 +0200] "GET /images/menu_button_bg.jpg HTTP/1.1" 304 - "http://renault.activities.at/checkout" "Mozilla/5.0 (Windows NT 10.0; WOW64; Trident/7.0; rv:11.0) like Gecko"
212.89.176.40 - - [04/Jun/2020:08:10:49 +0200] "GET /images/checkout_border_top.gif HTTP/1.1" 304 - "http://renault.activities.at/checkout" "Mozilla/5.0 (Windows NT 10.0; WOW64; Trident/7.0; rv:11.0) like Gecko"
212.89.176.40 - - [04/Jun/2020:08:10:49 +0200] "GET /images/header_block_corner_left_top.gif HTTP/1.1" 304 - "http://renault.activities.at/checkout" "Mozilla/5.0 (Windows NT 10.0; WOW64; Trident/7.0; rv:11.0) like Gecko"
212.89.176.40 - - [04/Jun/2020:08:10:49 +0200] "GET /images/nav_divider.gif HTTP/1.1" 304 - "http://renault.activities.at/checkout" "Mozilla/5.0 (Windows NT 10.0; WOW64; Trident/7.0; rv:11.0) like Gecko"
212.89.176.40 - - [04/Jun/2020:08:10:49 +0200] "GET /images/sidebar_title_corner_left_top.gif HTTP/1.1" 304 - "http://renault.activities.at/checkout" "Mozilla/5.0 (Windows NT 10.0; WOW64; Trident/7.0; rv:11.0) like Gecko"
212.89.176.40 - - [04/Jun/2020:08:10:49 +0200] "GET /images/footer_divider.gif HTTP/1.1" 304 - "http://renault.activities.at/checkout" "Mozilla/5.0 (Windows NT 10.0; WOW64; Trident/7.0; rv:11.0) like Gecko"
212.89.176.40 - - [04/Jun/2020:08:10:49 +0200] "GET /images/step_marker.gif HTTP/1.1" 304 - "http://renault.activities.at/checkout" "Mozilla/5.0 (Windows NT 10.0; WOW64; Trident/7.0; rv:11.0) like Gecko"
212.89.176.40 - - [04/Jun/2020:08:10:49 +0200] "GET /images/sidebar_title_corner_right_top.gif HTTP/1.1" 304 - "http://renault.activities.at/checkout" "Mozilla/5.0 (Windows NT 10.0; WOW64; Trident/7.0; rv:11.0) like Gecko"
212.89.176.40 - - [04/Jun/2020:08:10:49 +0200] "GET /loadthumbnail.php?id=10201939 HTTP/1.1" 200 201 "http://renault.activities.at/checkout" "Mozilla/5.0 (Windows NT 10.0; WOW64; Trident/7.0; rv:11.0) like Gecko"
212.89.176.40 - - [04/Jun/2020:08:10:49 +0200] "GET /images/step_bg.jpg HTTP/1.1" 304 - "http://renault.activities.at/checkout" "Mozilla/5.0 (Windows NT 10.0; WOW64; Trident/7.0; rv:11.0) like Gecko"
212.89.176.40 - - [04/Jun/2020:08:10:49 +0200] "GET /images/sidebar_title_border.gif HTTP/1.1" 304 - "http://renault.activities.at/checkout" "Mozilla/5.0 (Windows NT 10.0; WOW64; Trident/7.0; rv:11.0) like Gecko"
212.89.176.40 - - [04/Jun/2020:08:10:49 +0200] "GET /images/checkout_border.gif HTTP/1.1" 304 - "http://renault.activities.at/checkout" "Mozilla/5.0 (Windows NT 10.0; WOW64; Trident/7.0; rv:11.0) like Gecko"
212.89.176.40 - - [04/Jun/2020:08:10:49 +0200] "GET /loadthumbnail.php?id=10202698 HTTP/1.1" 200 16686 "http://renault.activities.at/checkout" "Mozilla/5.0 (Windows NT 10.0; WOW64; Trident/7.0; rv:11.0) like Gecko"
212.89.176.40 - - [04/Jun/2020:08:10:49 +0200] "GET /images/menu_divider.gif HTTP/1.1" 304 - "http://renault.activities.at/checkout" "Mozilla/5.0 (Windows NT 10.0; WOW64; Trident/7.0; rv:11.0) like Gecko"
212.89.176.40 - - [04/Jun/2020:08:10:49 +0200] "GET /images/top_links_divider.gif HTTP/1.1" 304 - "http://renault.activities.at/checkout" "Mozilla/5.0 (Windows NT 10.0; WOW64; Trident/7.0; rv:11.0) like Gecko"
212.89.176.40 - - [04/Jun/2020:08:10:49 +0200] "GET /images/sidebar_title_border_top.gif HTTP/1.1" 304 - "http://renault.activities.at/checkout" "Mozilla/5.0 (Windows NT 10.0; WOW64; Trident/7.0; rv:11.0) like Gecko"
212.89.176.40 - - [04/Jun/2020:08:10:49 +0200] "GET /images/button_right_bg.gif HTTP/1.1" 304 - "http://renault.activities.at/checkout" "Mozilla/5.0 (Windows NT 10.0; WOW64; Trident/7.0; rv:11.0) like Gecko"
212.89.176.40 - - [04/Jun/2020:08:10:49 +0200] "GET /images/button_left_bg.gif HTTP/1.1" 304 - "http://renault.activities.at/checkout" "Mozilla/5.0 (Windows NT 10.0; WOW64; Trident/7.0; rv:11.0) like Gecko"
212.89.176.40 - - [04/Jun/2020:08:10:49 +0200] "GET /images/button_bg.gif HTTP/1.1" 304 - "http://renault.activities.at/checkout" "Mozilla/5.0 (Windows NT 10.0; WOW64; Trident/7.0; rv:11.0) like Gecko"
212.89.176.40 - - [04/Jun/2020:08:10:51 +0200] "POST /docheckout HTTP/1.1" 200 448 "http://renault.activities.at/checkout" "Mozilla/5.0 (Windows NT 10.0; WOW64; Trident/7.0; rv:11.0) like Gecko"
212.89.176.40 - - [04/Jun/2020:08:10:55 +0200] "POST /docheckout HTTP/1.1" 200 590 "http://renault.activities.at/checkout" "Mozilla/5.0 (Windows NT 10.0; WOW64; Trident/7.0; rv:11.0) like Gecko"
212.89.176.40 - - [04/Jun/2020:08:10:56 +0200] "GET /images/error_msg_icon.gif HTTP/1.1" 304 - "http://renault.activities.at/checkout" "Mozilla/5.0 (Windows NT 10.0; WOW64; Trident/7.0; rv:11.0) like Gecko"
212.89.176.40 - - [04/Jun/2020:08:10:56 +0200] "POST /docheckout HTTP/1.1" 200 68 "http://renault.activities.at/checkout" "Mozilla/5.0 (Windows NT 10.0; WOW64; Trident/7.0; rv:11.0) like Gecko"
212.89.176.40 - - [04/Jun/2020:08:11:01 +0200] "POST /docheckout HTTP/1.1" 200 81 "http://renault.activities.at/checkout" "Mozilla/5.0 (Windows NT 10.0; WOW64; Trident/7.0; rv:11.0) like Gecko"
212.89.176.40 - - [04/Jun/2020:08:11:01 +0200] "GET /success HTTP/1.1" 200 3794 "http://renault.activities.at/checkout" "Mozilla/5.0 (Windows NT 10.0; WOW64; Trident/7.0; rv:11.0) like Gecko"
212.89.176.40 - - [04/Jun/2020:08:11:02 +0200] "GET /cart?datachange=true HTTP/1.1" 200 3774 "http://renault.activities.at/checkout" "Mozilla/5.0 (Windows NT 10.0; WOW64; Trident/7.0; rv:11.0) like Gecko"
212.89.176.40 - - [04/Jun/2020:08:11:04 +0200] "GET /css/styles.css HTTP/1.1" 304 - "http://renault.activities.at/cart?datachange=true" "Mozilla/5.0 (Windows NT 10.0; WOW64; Trident/7.0; rv:11.0) like Gecko"
212.89.176.40 - - [04/Jun/2020:08:11:04 +0200] "GET /js/default.js HTTP/1.1" 304 - "http://renault.activities.at/cart?datachange=true" "Mozilla/5.0 (Windows NT 10.0; WOW64; Trident/7.0; rv:11.0) like Gecko"
212.89.176.40 - - [04/Jun/2020:08:11:04 +0200] "GET /css/reset.css HTTP/1.1" 304 - "http://renault.activities.at/cart?datachange=true" "Mozilla/5.0 (Windows NT 10.0; WOW64; Trident/7.0; rv:11.0) like Gecko"
212.89.176.40 - - [04/Jun/2020:08:11:05 +0200] "GET /css/clears.css HTTP/1.1" 304 - "http://renault.activities.at/cart?datachange=true" "Mozilla/5.0 (Windows NT 10.0; WOW64; Trident/7.0; rv:11.0) like Gecko"
212.89.176.40 - - [04/Jun/2020:08:11:05 +0200] "GET /css/print.css HTTP/1.1" 304 - "http://renault.activities.at/cart?datachange=true" "Mozilla/5.0 (Windows NT 10.0; WOW64; Trident/7.0; rv:11.0) like Gecko"
212.89.176.40 - - [04/Jun/2020:08:11:05 +0200] "GET /js/checkout.css HTTP/1.1" 304 - "http://renault.activities.at/cart?datachange=true" "Mozilla/5.0 (Windows NT 10.0; WOW64; Trident/7.0; rv:11.0) like Gecko"
212.89.176.40 - - [04/Jun/2020:08:11:05 +0200] "GET /css/prototip.css HTTP/1.1" 304 - "http://renault.activities.at/cart?datachange=true" "Mozilla/5.0 (Windows NT 10.0; WOW64; Trident/7.0; rv:11.0) like Gecko"
212.89.176.40 - - [04/Jun/2020:08:11:05 +0200] "GET /css/themes/alphacube.css HTTP/1.1" 304 - "http://renault.activities.at/cart?datachange=true" "Mozilla/5.0 (Windows NT 10.0; WOW64; Trident/7.0; rv:11.0) like Gecko"
212.89.176.40 - - [04/Jun/2020:08:11:05 +0200] "GET /css/themes/default.css HTTP/1.1" 304 - "http://renault.activities.at/cart?datachange=true" "Mozilla/5.0 (Windows NT 10.0; WOW64; Trident/7.0; rv:11.0) like Gecko"
212.89.176.40 - - [04/Jun/2020:08:11:05 +0200] "GET /js/ProduktGrp.js HTTP/1.1" 304 - "http://renault.activities.at/cart?datachange=true" "Mozilla/5.0 (Windows NT 10.0; WOW64; Trident/7.0; rv:11.0) like Gecko"
212.89.176.40 - - [04/Jun/2020:08:11:05 +0200] "GET /images/header_block_border.gif HTTP/1.1" 304 - "http://renault.activities.at/cart?datachange=true" "Mozilla/5.0 (Windows NT 10.0; WOW64; Trident/7.0; rv:11.0) like Gecko"
212.89.176.40 - - [04/Jun/2020:08:11:05 +0200] "GET /images/search_bg.gif HTTP/1.1" 304 - "http://renault.activities.at/cart?datachange=true" "Mozilla/5.0 (Windows NT 10.0; WOW64; Trident/7.0; rv:11.0) like Gecko"
212.89.176.40 - - [04/Jun/2020:08:11:05 +0200] "GET /images/header_block_corner_right_top.gif HTTP/1.1" 304 - "http://renault.activities.at/cart?datachange=true" "Mozilla/5.0 (Windows NT 10.0; WOW64; Trident/7.0; rv:11.0) like Gecko"
212.89.176.40 - - [04/Jun/2020:08:11:05 +0200] "GET /images/header_block_corner_left_top.gif HTTP/1.1" 304 - "http://renault.activities.at/cart?datachange=true" "Mozilla/5.0 (Windows NT 10.0; WOW64; Trident/7.0; rv:11.0) like Gecko"
212.89.176.40 - - [04/Jun/2020:08:11:05 +0200] "GET /images/menu_button_bg.jpg HTTP/1.1" 304 - "http://renault.activities.at/cart?datachange=true" "Mozilla/5.0 (Windows NT 10.0; WOW64; Trident/7.0; rv:11.0) like Gecko"
212.89.176.40 - - [04/Jun/2020:08:11:05 +0200] "GET /images/main_block_border.gif HTTP/1.1" 304 - "http://renault.activities.at/cart?datachange=true" "Mozilla/5.0 (Windows NT 10.0; WOW64; Trident/7.0; rv:11.0) like Gecko"
212.89.176.40 - - [04/Jun/2020:08:11:05 +0200] "GET /images/menu_divider.gif HTTP/1.1" 304 - "http://renault.activities.at/cart?datachange=true" "Mozilla/5.0 (Windows NT 10.0; WOW64; Trident/7.0; rv:11.0) like Gecko"
212.89.176.40 - - [04/Jun/2020:08:11:05 +0200] "GET /images/main_block_corner_left_top.gif HTTP/1.1" 304 - "http://renault.activities.at/cart?datachange=true" "Mozilla/5.0 (Windows NT 10.0; WOW64; Trident/7.0; rv:11.0) like Gecko"
212.89.176.40 - - [04/Jun/2020:08:11:05 +0200] "GET /images/nav_divider.gif HTTP/1.1" 304 - "http://renault.activities.at/cart?datachange=true" "Mozilla/5.0 (Windows NT 10.0; WOW64; Trident/7.0; rv:11.0) like Gecko"
212.89.176.40 - - [04/Jun/2020:08:11:05 +0200] "GET /images/button_left_bg.gif HTTP/1.1" 304 - "http://renault.activities.at/cart?datachange=true" "Mozilla/5.0 (Windows NT 10.0; WOW64; Trident/7.0; rv:11.0) like Gecko"
212.89.176.40 - - [04/Jun/2020:08:11:05 +0200] "GET /images/title_corner_right_top.jpg HTTP/1.1" 304 - "http://renault.activities.at/cart?datachange=true" "Mozilla/5.0 (Windows NT 10.0; WOW64; Trident/7.0; rv:11.0) like Gecko"
212.89.176.40 - - [04/Jun/2020:08:11:05 +0200] "GET /images/main_block_corner_right_bot.gif HTTP/1.1" 304 - "http://renault.activities.at/cart?datachange=true" "Mozilla/5.0 (Windows NT 10.0; WOW64; Trident/7.0; rv:11.0) like Gecko"
212.89.176.40 - - [04/Jun/2020:08:11:05 +0200] "GET /images/main_block_corner_left_bot.gif HTTP/1.1" 304 - "http://renault.activities.at/cart?datachange=true" "Mozilla/5.0 (Windows NT 10.0; WOW64; Trident/7.0; rv:11.0) like Gecko"
212.89.176.40 - - [04/Jun/2020:08:11:05 +0200] "GET /images/top_links_divider.gif HTTP/1.1" 304 - "http://renault.activities.at/cart?datachange=true" "Mozilla/5.0 (Windows NT 10.0; WOW64; Trident/7.0; rv:11.0) like Gecko"
212.89.176.40 - - [04/Jun/2020:08:11:05 +0200] "GET /images/main_block_corner_right_top.gif HTTP/1.1" 304 - "http://renault.activities.at/cart?datachange=true" "Mozilla/5.0 (Windows NT 10.0; WOW64; Trident/7.0; rv:11.0) like Gecko"
212.89.176.40 - - [04/Jun/2020:08:11:05 +0200] "GET /images/title_border.jpg HTTP/1.1" 304 - "http://renault.activities.at/cart?datachange=true" "Mozilla/5.0 (Windows NT 10.0; WOW64; Trident/7.0; rv:11.0) like Gecko"
212.89.176.40 - - [04/Jun/2020:08:11:05 +0200] "GET /images/footer_divider.gif HTTP/1.1" 304 - "http://renault.activities.at/cart?datachange=true" "Mozilla/5.0 (Windows NT 10.0; WOW64; Trident/7.0; rv:11.0) like Gecko"
212.89.176.40 - - [04/Jun/2020:08:11:05 +0200] "GET /images/title_corner_left_top.jpg HTTP/1.1" 304 - "http://renault.activities.at/cart?datachange=true" "Mozilla/5.0 (Windows NT 10.0; WOW64; Trident/7.0; rv:11.0) like Gecko"
212.89.176.40 - - [04/Jun/2020:08:11:05 +0200] "GET /images/title_border_top.jpg HTTP/1.1" 304 - "http://renault.activities.at/cart?datachange=true" "Mozilla/5.0 (Windows NT 10.0; WOW64; Trident/7.0; rv:11.0) like Gecko"
193.194.132.27 - - [04/Jun/2020:08:11:42 +0200] "GET /reload?ser=1591251102677 HTTP/1.1" 200 28 "http://renault.2web.at/account?loadrequest=true" "Mozilla/5.0 (Windows NT 10.0; WOW64; Trident/7.0; Touch; rv:11.0) like Gecko"
212.89.176.40 - - [04/Jun/2020:08:12:05 +0200] "GET /reload?ser=1591251115211 HTTP/1.1" 200 28 "http://renault.activities.at/cart?datachange=true" "Mozilla/5.0 (Windows NT 10.0; WOW64; Trident/7.0; rv:11.0) like Gecko"
193.194.132.27 - - [04/Jun/2020:08:12:43 +0200] "GET /reload?ser=1591251163715 HTTP/1.1" 200 28 "http://renault.2web.at/account?loadrequest=true" "Mozilla/5.0 (Windows NT 10.0; WOW64; Trident/7.0; Touch; rv:11.0) like Gecko"
212.89.176.40 - - [04/Jun/2020:08:13:06 +0200] "GET /reload?ser=1591251176149 HTTP/1.1" 200 28 "http://renault.activities.at/cart?datachange=true" "Mozilla/5.0 (Windows NT 10.0; WOW64; Trident/7.0; rv:11.0) like Gecko"
193.194.132.27 - - [04/Jun/2020:08:13:44 +0200] "GET /reload?ser=1591251224823 HTTP/1.1" 200 28 "http://renault.2web.at/account?loadrequest=true" "Mozilla/5.0 (Windows NT 10.0; WOW64; Trident/7.0; Touch; rv:11.0) like Gecko"
212.89.176.40 - - [04/Jun/2020:08:14:07 +0200] "GET /reload?ser=1591251237119 HTTP/1.1" 200 28 "http://renault.activities.at/cart?datachange=true" "Mozilla/5.0 (Windows NT 10.0; WOW64; Trident/7.0; rv:11.0) like Gecko"
193.194.132.27 - - [04/Jun/2020:08:14:46 +0200] "GET /reload?ser=1591251285888 HTTP/1.1" 200 28 "http://renault.2web.at/account?loadrequest=true" "Mozilla/5.0 (Windows NT 10.0; WOW64; Trident/7.0; Touch; rv:11.0) like Gecko"
213.153.47.173 - - [04/Jun/2020:08:15:02 +0200] "GET /layout.php HTTP/1.1" 200 1558 "-" "Mozilla/5.0 (Windows NT 10.0; Win64; x64) AppleWebKit/537.36 (KHTML, like Gecko) Chrome/81.0.4044.138 Safari/537.36 OPR/68.0.3618.125"
213.153.47.173 - - [04/Jun/2020:08:15:03 +0200] "GET /images/favicon.ico HTTP/1.1" 404 305 "-" "Mozilla/5.0 (Windows NT 10.0; Win64; x64) AppleWebKit/537.36 (KHTML, like Gecko) Chrome/81.0.4044.138 Safari/537.36 OPR/68.0.3618.125"
212.89.176.40 - - [04/Jun/2020:08:15:08 +0200] "GET /reload?ser=1591251298089 HTTP/1.1" 200 28 "http://renault.activities.at/cart?datachange=true" "Mozilla/5.0 (Windows NT 10.0; WOW64; Trident/7.0; rv:11.0) like Gecko"
193.194.132.27 - - [04/Jun/2020:08:15:47 +0200] "GET /reload?ser=1591251346981 HTTP/1.1" 200 28 "http://renault.2web.at/account?loadrequest=true" "Mozilla/5.0 (Windows NT 10.0; WOW64; Trident/7.0; Touch; rv:11.0) like Gecko"
212.89.176.40 - - [04/Jun/2020:08:16:09 +0200] "GET /reload?ser=1591251359028 HTTP/1.1" 200 28 "http://renault.activities.at/cart?datachange=true" "Mozilla/5.0 (Windows NT 10.0; WOW64; Trident/7.0; rv:11.0) like Gecko"
193.194.132.27 - - [04/Jun/2020:08:16:48 +0200] "GET /reload?ser=1591251408010 HTTP/1.1" 200 28 "http://renault.2web.at/account?loadrequest=true" "Mozilla/5.0 (Windows NT 10.0; WOW64; Trident/7.0; Touch; rv:11.0) like Gecko"
212.89.176.40 - - [04/Jun/2020:08:17:10 +0200] "GET /reload?ser=1591251420010 HTTP/1.1" 200 28 "http://renault.activities.at/cart?datachange=true" "Mozilla/5.0 (Windows NT 10.0; WOW64; Trident/7.0; rv:11.0) like Gecko"
193.194.132.27 - - [04/Jun/2020:08:17:49 +0200] "GET /reload?ser=1591251469051 HTTP/1.1" 200 28 "http://renault.2web.at/account?loadrequest=true" "Mozilla/5.0 (Windows NT 10.0; WOW64; Trident/7.0; Touch; rv:11.0) like Gecko"
212.89.176.40 - - [04/Jun/2020:08:18:10 +0200] "GET /reload?ser=1591251480966 HTTP/1.1" 200 28 "http://renault.activities.at/cart?datachange=true" "Mozilla/5.0 (Windows NT 10.0; WOW64; Trident/7.0; rv:11.0) like Gecko"
193.194.132.27 - - [04/Jun/2020:08:18:50 +0200] "GET /reload?ser=1591251530084 HTTP/1.1" 200 28 "http://renault.2web.at/account?loadrequest=true" "Mozilla/5.0 (Windows NT 10.0; WOW64; Trident/7.0; Touch; rv:11.0) like Gecko"
212.89.176.40 - - [04/Jun/2020:08:19:11 +0200] "GET /reload?ser=1591251541915 HTTP/1.1" 200 28 "http://renault.activities.at/cart?datachange=true" "Mozilla/5.0 (Windows NT 10.0; WOW64; Trident/7.0; rv:11.0) like Gecko"
193.194.132.27 - - [04/Jun/2020:08:19:51 +0200] "GET /reload?ser=1591251591157 HTTP/1.1" 200 28 "http://renault.2web.at/account?loadrequest=true" "Mozilla/5.0 (Windows NT 10.0; WOW64; Trident/7.0; Touch; rv:11.0) like Gecko"
212.89.176.40 - - [04/Jun/2020:08:20:12 +0200] "GET /reload?ser=1591251602853 HTTP/1.1" 200 28 "http://renault.activities.at/cart?datachange=true" "Mozilla/5.0 (Windows NT 10.0; WOW64; Trident/7.0; rv:11.0) like Gecko"
193.194.132.27 - - [04/Jun/2020:08:20:52 +0200] "GET /reload?ser=1591251652244 HTTP/1.1" 200 28 "http://renault.2web.at/account?loadrequest=true" "Mozilla/5.0 (Windows NT 10.0; WOW64; Trident/7.0; Touch; rv:11.0) like Gecko"
212.89.176.40 - - [04/Jun/2020:08:21:13 +0200] "GET /reload?ser=1591251663819 HTTP/1.1" 200 28 "http://renault.activities.at/cart?datachange=true" "Mozilla/5.0 (Windows NT 10.0; WOW64; Trident/7.0; rv:11.0) like Gecko"
193.194.132.27 - - [04/Jun/2020:08:21:53 +0200] "GET /reload?ser=1591251713301 HTTP/1.1" 200 28 "http://renault.2web.at/account?loadrequest=true" "Mozilla/5.0 (Windows NT 10.0; WOW64; Trident/7.0; Touch; rv:11.0) like Gecko"
212.89.176.40 - - [04/Jun/2020:08:22:14 +0200] "GET /reload?ser=1591251724795 HTTP/1.1" 200 28 "http://renault.activities.at/cart?datachange=true" "Mozilla/5.0 (Windows NT 10.0; WOW64; Trident/7.0; rv:11.0) like Gecko"
193.194.132.27 - - [04/Jun/2020:08:22:54 +0200] "GET /reload?ser=1591251774348 HTTP/1.1" 200 28 "http://renault.2web.at/account?loadrequest=true" "Mozilla/5.0 (Windows NT 10.0; WOW64; Trident/7.0; Touch; rv:11.0) like Gecko"
212.89.176.40 - - [04/Jun/2020:08:23:15 +0200] "GET /reload?ser=1591251785775 HTTP/1.1" 200 28 "http://renault.activities.at/cart?datachange=true" "Mozilla/5.0 (Windows NT 10.0; WOW64; Trident/7.0; rv:11.0) like Gecko"
193.194.132.27 - - [04/Jun/2020:08:23:55 +0200] "GET /reload?ser=1591251835347 HTTP/1.1" 200 28 "http://renault.2web.at/account?loadrequest=true" "Mozilla/5.0 (Windows NT 10.0; WOW64; Trident/7.0; Touch; rv:11.0) like Gecko"
212.89.176.40 - - [04/Jun/2020:08:24:16 +0200] "GET /reload?ser=1591251846735 HTTP/1.1" 200 28 "http://renault.activities.at/cart?datachange=true" "Mozilla/5.0 (Windows NT 10.0; WOW64; Trident/7.0; rv:11.0) like Gecko"
193.194.132.27 - - [04/Jun/2020:08:24:56 +0200] "GET /reload?ser=1591251896422 HTTP/1.1" 200 28 "http://renault.2web.at/account?loadrequest=true" "Mozilla/5.0 (Windows NT 10.0; WOW64; Trident/7.0; Touch; rv:11.0) like Gecko"
212.89.176.40 - - [04/Jun/2020:08:25:17 +0200] "GET /reload?ser=1591251907689 HTTP/1.1" 200 28 "http://renault.activities.at/cart?datachange=true" "Mozilla/5.0 (Windows NT 10.0; WOW64; Trident/7.0; rv:11.0) like Gecko"
193.194.132.27 - - [04/Jun/2020:08:25:57 +0200] "GET /reload?ser=1591251957560 HTTP/1.1" 200 28 "http://renault.2web.at/account?loadrequest=true" "Mozilla/5.0 (Windows NT 10.0; WOW64; Trident/7.0; Touch; rv:11.0) like Gecko"
212.89.176.40 - - [04/Jun/2020:08:26:18 +0200] "GET /reload?ser=1591251968634 HTTP/1.1" 200 28 "http://renault.activities.at/cart?datachange=true" "Mozilla/5.0 (Windows NT 10.0; WOW64; Trident/7.0; rv:11.0) like Gecko"
193.194.132.27 - - [04/Jun/2020:08:26:58 +0200] "GET /reload?ser=1591252018590 HTTP/1.1" 200 28 "http://renault.2web.at/account?loadrequest=true" "Mozilla/5.0 (Windows NT 10.0; WOW64; Trident/7.0; Touch; rv:11.0) like Gecko"
212.89.176.40 - - [04/Jun/2020:08:27:19 +0200] "GET /reload?ser=1591252029633 HTTP/1.1" 200 28 "http://renault.activities.at/cart?datachange=true" "Mozilla/5.0 (Windows NT 10.0; WOW64; Trident/7.0; rv:11.0) like Gecko"
193.194.132.27 - - [04/Jun/2020:08:27:59 +0200] "GET /reload?ser=1591252079626 HTTP/1.1" 200 28 "http://renault.2web.at/account?loadrequest=true" "Mozilla/5.0 (Windows NT 10.0; WOW64; Trident/7.0; Touch; rv:11.0) like Gecko"
212.89.176.40 - - [04/Jun/2020:08:28:20 +0200] "GET /reload?ser=1591252090634 HTTP/1.1" 200 28 "http://renault.activities.at/cart?datachange=true" "Mozilla/5.0 (Windows NT 10.0; WOW64; Trident/7.0; rv:11.0) like Gecko"
193.194.132.27 - - [04/Jun/2020:08:29:00 +0200] "GET /reload?ser=1591252140648 HTTP/1.1" 200 28 "http://renault.2web.at/account?loadrequest=true" "Mozilla/5.0 (Windows NT 10.0; WOW64; Trident/7.0; Touch; rv:11.0) like Gecko"
212.89.176.40 - - [04/Jun/2020:08:29:21 +0200] "GET /reload?ser=1591252151620 HTTP/1.1" 200 28 "http://renault.activities.at/cart?datachange=true" "Mozilla/5.0 (Windows NT 10.0; WOW64; Trident/7.0; rv:11.0) like Gecko"
193.194.132.27 - - [04/Jun/2020:08:30:01 +0200] "GET /reload?ser=1591252201707 HTTP/1.1" 200 28 "http://renault.2web.at/account?loadrequest=true" "Mozilla/5.0 (Windows NT 10.0; WOW64; Trident/7.0; Touch; rv:11.0) like Gecko"
212.89.176.40 - - [04/Jun/2020:08:30:22 +0200] "GET /reload?ser=1591252212611 HTTP/1.1" 200 28 "http://renault.activities.at/cart?datachange=true" "Mozilla/5.0 (Windows NT 10.0; WOW64; Trident/7.0; rv:11.0) like Gecko"
193.194.132.27 - - [04/Jun/2020:08:31:02 +0200] "GET /reload?ser=1591252262757 HTTP/1.1" 200 28 "http://renault.2web.at/account?loadrequest=true" "Mozilla/5.0 (Windows NT 10.0; WOW64; Trident/7.0; Touch; rv:11.0) like Gecko"
212.89.176.40 - - [04/Jun/2020:08:31:23 +0200] "GET /reload?ser=1591252273597 HTTP/1.1" 200 28 "http://renault.activities.at/cart?datachange=true" "Mozilla/5.0 (Windows NT 10.0; WOW64; Trident/7.0; rv:11.0) like Gecko"
193.194.132.27 - - [04/Jun/2020:08:32:03 +0200] "GET /reload?ser=1591252323800 HTTP/1.1" 200 28 "http://renault.2web.at/account?loadrequest=true" "Mozilla/5.0 (Windows NT 10.0; WOW64; Trident/7.0; Touch; rv:11.0) like Gecko"
212.89.176.40 - - [04/Jun/2020:08:32:24 +0200] "GET /reload?ser=1591252334605 HTTP/1.1" 200 28 "http://renault.activities.at/cart?datachange=true" "Mozilla/5.0 (Windows NT 10.0; WOW64; Trident/7.0; rv:11.0) like Gecko"
193.194.132.27 - - [04/Jun/2020:08:33:05 +0200] "GET /reload?ser=1591252384851 HTTP/1.1" 200 28 "http://renault.2web.at/account?loadrequest=true" "Mozilla/5.0 (Windows NT 10.0; WOW64; Trident/7.0; Touch; rv:11.0) like Gecko"
212.89.176.40 - - [04/Jun/2020:08:33:25 +0200] "GET /reload?ser=1591252395586 HTTP/1.1" 200 28 "http://renault.activities.at/cart?datachange=true" "Mozilla/5.0 (Windows NT 10.0; WOW64; Trident/7.0; rv:11.0) like Gecko"
193.194.132.27 - - [04/Jun/2020:08:34:06 +0200] "GET /reload?ser=1591252445986 HTTP/1.1" 200 28 "http://renault.2web.at/account?loadrequest=true" "Mozilla/5.0 (Windows NT 10.0; WOW64; Trident/7.0; Touch; rv:11.0) like Gecko"
212.89.176.40 - - [04/Jun/2020:08:34:26 +0200] "GET /reload?ser=1591252456535 HTTP/1.1" 200 28 "http://renault.activities.at/cart?datachange=true" "Mozilla/5.0 (Windows NT 10.0; WOW64; Trident/7.0; rv:11.0) like Gecko"
193.194.132.27 - - [04/Jun/2020:08:35:07 +0200] "GET /reload?ser=1591252507023 HTTP/1.1" 200 28 "http://renault.2web.at/account?loadrequest=true" "Mozilla/5.0 (Windows NT 10.0; WOW64; Trident/7.0; Touch; rv:11.0) like Gecko"
212.89.176.40 - - [04/Jun/2020:08:35:27 +0200] "GET /reload?ser=1591252517462 HTTP/1.1" 200 28 "http://renault.activities.at/cart?datachange=true" "Mozilla/5.0 (Windows NT 10.0; WOW64; Trident/7.0; rv:11.0) like Gecko"
193.194.132.27 - - [04/Jun/2020:08:36:08 +0200] "GET /reload?ser=1591252568060 HTTP/1.1" 200 28 "http://renault.2web.at/account?loadrequest=true" "Mozilla/5.0 (Windows NT 10.0; WOW64; Trident/7.0; Touch; rv:11.0) like Gecko"
212.89.176.40 - - [04/Jun/2020:08:36:28 +0200] "GET /reload?ser=1591252578416 HTTP/1.1" 200 28 "http://renault.activities.at/cart?datachange=true" "Mozilla/5.0 (Windows NT 10.0; WOW64; Trident/7.0; rv:11.0) like Gecko"
193.194.132.27 - - [04/Jun/2020:08:37:09 +0200] "GET /reload?ser=1591252629128 HTTP/1.1" 200 28 "http://renault.2web.at/account?loadrequest=true" "Mozilla/5.0 (Windows NT 10.0; WOW64; Trident/7.0; Touch; rv:11.0) like Gecko"
212.89.176.40 - - [04/Jun/2020:08:37:29 +0200] "GET /reload?ser=1591252639387 HTTP/1.1" 200 28 "http://renault.activities.at/cart?datachange=true" "Mozilla/5.0 (Windows NT 10.0; WOW64; Trident/7.0; rv:11.0) like Gecko"
138.21.12.23 - - [04/Jun/2020:08:38:10 +0200] "GET /reload?ser=1591252690159 HTTP/1.1" 200 28 "http://renault.2web.at/account?loadrequest=true" "Mozilla/5.0 (Windows NT 10.0; WOW64; Trident/7.0; Touch; rv:11.0) like Gecko"
212.89.176.40 - - [04/Jun/2020:08:38:30 +0200] "GET /reload?ser=1591252700344 HTTP/1.1" 200 28 "http://renault.activities.at/cart?datachange=true" "Mozilla/5.0 (Windows NT 10.0; WOW64; Trident/7.0; rv:11.0) like Gecko"
138.21.12.23 - - [04/Jun/2020:08:39:11 +0200] "GET /reload?ser=1591252751297 HTTP/1.1" 200 28 "http://renault.2web.at/account?loadrequest=true" "Mozilla/5.0 (Windows NT 10.0; WOW64; Trident/7.0; Touch; rv:11.0) like Gecko"
212.89.176.40 - - [04/Jun/2020:08:39:31 +0200] "GET /reload?ser=1591252761314 HTTP/1.1" 200 28 "http://renault.activities.at/cart?datachange=true" "Mozilla/5.0 (Windows NT 10.0; WOW64; Trident/7.0; rv:11.0) like Gecko"
138.21.12.23 - - [04/Jun/2020:08:40:12 +0200] "GET /reload?ser=1591252812366 HTTP/1.1" 200 28 "http://renault.2web.at/account?loadrequest=true" "Mozilla/5.0 (Windows NT 10.0; WOW64; Trident/7.0; Touch; rv:11.0) like Gecko"
212.89.176.40 - - [04/Jun/2020:08:40:32 +0200] "GET /reload?ser=1591252822269 HTTP/1.1" 200 28 "http://renault.activities.at/cart?datachange=true" "Mozilla/5.0 (Windows NT 10.0; WOW64; Trident/7.0; rv:11.0) like Gecko"
138.21.12.23 - - [04/Jun/2020:08:41:13 +0200] "GET /reload?ser=1591252873370 HTTP/1.1" 200 28 "http://renault.2web.at/account?loadrequest=true" "Mozilla/5.0 (Windows NT 10.0; WOW64; Trident/7.0; Touch; rv:11.0) like Gecko"
212.89.176.40 - - [04/Jun/2020:08:41:33 +0200] "GET /reload?ser=1591252883208 HTTP/1.1" 200 28 "http://renault.activities.at/cart?datachange=true" "Mozilla/5.0 (Windows NT 10.0; WOW64; Trident/7.0; rv:11.0) like Gecko"
138.21.12.23 - - [04/Jun/2020:08:42:14 +0200] "GET /reload?ser=1591252934393 HTTP/1.1" 200 28 "http://renault.2web.at/account?loadrequest=true" "Mozilla/5.0 (Windows NT 10.0; WOW64; Trident/7.0; Touch; rv:11.0) like Gecko"
212.89.176.40 - - [04/Jun/2020:08:42:34 +0200] "GET /reload?ser=1591252944193 HTTP/1.1" 200 28 "http://renault.activities.at/cart?datachange=true" "Mozilla/5.0 (Windows NT 10.0; WOW64; Trident/7.0; rv:11.0) like Gecko"
138.21.12.23 - - [04/Jun/2020:08:43:15 +0200] "GET /reload?ser=1591252995427 HTTP/1.1" 200 28 "http://renault.2web.at/account?loadrequest=true" "Mozilla/5.0 (Windows NT 10.0; WOW64; Trident/7.0; Touch; rv:11.0) like Gecko"
212.89.176.40 - - [04/Jun/2020:08:43:35 +0200] "GET /reload?ser=1591253005188 HTTP/1.1" 200 28 "http://renault.activities.at/cart?datachange=true" "Mozilla/5.0 (Windows NT 10.0; WOW64; Trident/7.0; rv:11.0) like Gecko"
138.21.12.23 - - [04/Jun/2020:08:44:16 +0200] "GET /reload?ser=1591253056499 HTTP/1.1" 200 28 "http://renault.2web.at/account?loadrequest=true" "Mozilla/5.0 (Windows NT 10.0; WOW64; Trident/7.0; Touch; rv:11.0) like Gecko"
138.21.12.23 - - [04/Jun/2020:08:45:17 +0200] "GET /reload?ser=1591253117512 HTTP/1.1" 200 28 "http://renault.2web.at/account?loadrequest=true" "Mozilla/5.0 (Windows NT 10.0; WOW64; Trident/7.0; Touch; rv:11.0) like Gecko"
138.21.12.23 - - [04/Jun/2020:08:46:18 +0200] "GET /reload?ser=1591253178540 HTTP/1.1" 200 28 "http://renault.2web.at/account?loadrequest=true" "Mozilla/5.0 (Windows NT 10.0; WOW64; Trident/7.0; Touch; rv:11.0) like Gecko"
138.21.12.23 - - [04/Jun/2020:08:47:19 +0200] "GET /reload?ser=1591253239565 HTTP/1.1" 200 28 "http://renault.2web.at/account?loadrequest=true" "Mozilla/5.0 (Windows NT 10.0; WOW64; Trident/7.0; Touch; rv:11.0) like Gecko"
138.21.12.23 - - [04/Jun/2020:08:48:20 +0200] "GET /reload?ser=1591253300619 HTTP/1.1" 200 28 "http://renault.2web.at/account?loadrequest=true" "Mozilla/5.0 (Windows NT 10.0; WOW64; Trident/7.0; Touch; rv:11.0) like Gecko"
138.21.12.23 - - [04/Jun/2020:08:49:21 +0200] "GET /reload?ser=1591253361664 HTTP/1.1" 200 28 "http://renault.2web.at/account?loadrequest=true" "Mozilla/5.0 (Windows NT 10.0; WOW64; Trident/7.0; Touch; rv:11.0) like Gecko"
138.21.12.23 - - [04/Jun/2020:08:50:22 +0200] "GET /reload?ser=1591253422718 HTTP/1.1" 200 28 "http://renault.2web.at/account?loadrequest=true" "Mozilla/5.0 (Windows NT 10.0; WOW64; Trident/7.0; Touch; rv:11.0) like Gecko"
138.21.12.23 - - [04/Jun/2020:08:51:23 +0200] "GET /reload?ser=1591253483784 HTTP/1.1" 200 28 "http://renault.2web.at/account?loadrequest=true" "Mozilla/5.0 (Windows NT 10.0; WOW64; Trident/7.0; Touch; rv:11.0) like Gecko"
138.21.12.23 - - [04/Jun/2020:08:52:24 +0200] "GET /reload?ser=1591253544855 HTTP/1.1" 200 28 "http://renault.2web.at/account?loadrequest=true" "Mozilla/5.0 (Windows NT 10.0; WOW64; Trident/7.0; Touch; rv:11.0) like Gecko"
138.21.12.23 - - [04/Jun/2020:08:53:26 +0200] "GET /reload?ser=1591253605898 HTTP/1.1" 200 28 "http://renault.2web.at/account?loadrequest=true" "Mozilla/5.0 (Windows NT 10.0; WOW64; Trident/7.0; Touch; rv:11.0) like Gecko"
138.21.12.23 - - [04/Jun/2020:08:54:27 +0200] "GET /reload?ser=1591253666937 HTTP/1.1" 200 28 "http://renault.2web.at/account?loadrequest=true" "Mozilla/5.0 (Windows NT 10.0; WOW64; Trident/7.0; Touch; rv:11.0) like Gecko"
138.21.12.23 - - [04/Jun/2020:08:55:28 +0200] "GET /reload?ser=1591253727978 HTTP/1.1" 200 28 "http://renault.2web.at/account?loadrequest=true" "Mozilla/5.0 (Windows NT 10.0; WOW64; Trident/7.0; Touch; rv:11.0) like Gecko"
138.21.12.23 - - [04/Jun/2020:08:56:29 +0200] "GET /reload?ser=1591253789013 HTTP/1.1" 200 28 "http://renault.2web.at/account?loadrequest=true" "Mozilla/5.0 (Windows NT 10.0; WOW64; Trident/7.0; Touch; rv:11.0) like Gecko"
138.21.12.23 - - [04/Jun/2020:08:57:30 +0200] "GET /reload?ser=1591253850062 HTTP/1.1" 200 28 "http://renault.2web.at/account?loadrequest=true" "Mozilla/5.0 (Windows NT 10.0; WOW64; Trident/7.0; Touch; rv:11.0) like Gecko"
138.21.12.23 - - [04/Jun/2020:08:58:31 +0200] "GET /reload?ser=1591253911135 HTTP/1.1" 200 28 "http://renault.2web.at/account?loadrequest=true" "Mozilla/5.0 (Windows NT 10.0; WOW64; Trident/7.0; Touch; rv:11.0) like Gecko"
138.21.12.23 - - [04/Jun/2020:08:59:32 +0200] "GET /reload?ser=1591253972163 HTTP/1.1" 200 28 "http://renault.2web.at/account?loadrequest=true" "Mozilla/5.0 (Windows NT 10.0; WOW64; Trident/7.0; Touch; rv:11.0) like Gecko"
138.21.12.23 - - [04/Jun/2020:09:00:33 +0200] "GET /reload?ser=1591254033193 HTTP/1.1" 200 28 "http://renault.2web.at/account?loadrequest=true" "Mozilla/5.0 (Windows NT 10.0; WOW64; Trident/7.0; Touch; rv:11.0) like Gecko"
138.21.12.23 - - [04/Jun/2020:09:01:34 +0200] "GET /reload?ser=1591254094255 HTTP/1.1" 200 28 "http://renault.2web.at/account?loadrequest=true" "Mozilla/5.0 (Windows NT 10.0; WOW64; Trident/7.0; Touch; rv:11.0) like Gecko"
138.21.12.23 - - [04/Jun/2020:09:02:35 +0200] "GET /reload?ser=1591254155312 HTTP/1.1" 200 28 "http://renault.2web.at/account?loadrequest=true" "Mozilla/5.0 (Windows NT 10.0; WOW64; Trident/7.0; Touch; rv:11.0) like Gecko"
138.21.12.23 - - [04/Jun/2020:09:03:36 +0200] "GET /reload?ser=1591254216340 HTTP/1.1" 200 28 "http://renault.2web.at/account?loadrequest=true" "Mozilla/5.0 (Windows NT 10.0; WOW64; Trident/7.0; Touch; rv:11.0) like Gecko"
138.21.12.23 - - [04/Jun/2020:09:04:37 +0200] "GET /reload?ser=1591254277382 HTTP/1.1" 200 28 "http://renault.2web.at/account?loadrequest=true" "Mozilla/5.0 (Windows NT 10.0; WOW64; Trident/7.0; Touch; rv:11.0) like Gecko"
138.21.12.23 - - [04/Jun/2020:09:05:38 +0200] "GET /reload?ser=1591254338451 HTTP/1.1" 200 28 "http://renault.2web.at/account?loadrequest=true" "Mozilla/5.0 (Windows NT 10.0; WOW64; Trident/7.0; Touch; rv:11.0) like Gecko"
207.46.13.111 - - [04/Jun/2020:09:05:47 +0200] "GET / HTTP/1.1" 200 3344 "-" "Mozilla/5.0 (compatible; bingbot/2.0; +http://www.bing.com/bingbot.htm)"
138.21.12.23 - - [04/Jun/2020:09:06:39 +0200] "GET /reload?ser=1591254399531 HTTP/1.1" 200 28 "http://renault.2web.at/account?loadrequest=true" "Mozilla/5.0 (Windows NT 10.0; WOW64; Trident/7.0; Touch; rv:11.0) like Gecko"
138.21.12.23 - - [04/Jun/2020:09:07:40 +0200] "GET /reload?ser=1591254460582 HTTP/1.1" 200 28 "http://renault.2web.at/account?loadrequest=true" "Mozilla/5.0 (Windows NT 10.0; WOW64; Trident/7.0; Touch; rv:11.0) like Gecko"
138.21.12.23 - - [04/Jun/2020:09:08:41 +0200] "GET /reload?ser=1591254521629 HTTP/1.1" 200 28 "http://renault.2web.at/account?loadrequest=true" "Mozilla/5.0 (Windows NT 10.0; WOW64; Trident/7.0; Touch; rv:11.0) like Gecko"
138.21.12.23 - - [04/Jun/2020:09:09:42 +0200] "GET /reload?ser=1591254582674 HTTP/1.1" 200 28 "http://renault.2web.at/account?loadrequest=true" "Mozilla/5.0 (Windows NT 10.0; WOW64; Trident/7.0; Touch; rv:11.0) like Gecko"
207.46.13.111 - - [04/Jun/2020:09:10:33 +0200] "GET /10260257 HTTP/1.1" 302 150 "-" "Mozilla/5.0 (compatible; bingbot/2.0; +http://www.bing.com/bingbot.htm)"
207.46.13.111 - - [04/Jun/2020:09:10:37 +0200] "GET /login?required=true HTTP/1.1" 200 2085 "-" "Mozilla/5.0 (compatible; bingbot/2.0; +http://www.bing.com/bingbot.htm)"
138.21.12.23 - - [04/Jun/2020:09:10:43 +0200] "GET /reload?ser=1591254643739 HTTP/1.1" 200 28 "http://renault.2web.at/account?loadrequest=true" "Mozilla/5.0 (Windows NT 10.0; WOW64; Trident/7.0; Touch; rv:11.0) like Gecko"
138.21.12.23 - - [04/Jun/2020:09:11:44 +0200] "GET /reload?ser=1591254704772 HTTP/1.1" 200 28 "http://renault.2web.at/account?loadrequest=true" "Mozilla/5.0 (Windows NT 10.0; WOW64; Trident/7.0; Touch; rv:11.0) like Gecko"
138.21.12.23 - - [04/Jun/2020:09:12:45 +0200] "GET /reload?ser=1591254765809 HTTP/1.1" 200 28 "http://renault.2web.at/account?loadrequest=true" "Mozilla/5.0 (Windows NT 10.0; WOW64; Trident/7.0; Touch; rv:11.0) like Gecko"
138.21.12.23 - - [04/Jun/2020:09:13:47 +0200] "GET /reload?ser=1591254826886 HTTP/1.1" 200 28 "http://renault.2web.at/account?loadrequest=true" "Mozilla/5.0 (Windows NT 10.0; WOW64; Trident/7.0; Touch; rv:11.0) like Gecko"
138.21.12.23 - - [04/Jun/2020:09:14:48 +0200] "GET /reload?ser=1591254887924 HTTP/1.1" 200 28 "http://renault.2web.at/account?loadrequest=true" "Mozilla/5.0 (Windows NT 10.0; WOW64; Trident/7.0; Touch; rv:11.0) like Gecko"
138.21.12.23 - - [04/Jun/2020:09:15:49 +0200] "GET /reload?ser=1591254948982 HTTP/1.1" 200 28 "http://renault.2web.at/account?loadrequest=true" "Mozilla/5.0 (Windows NT 10.0; WOW64; Trident/7.0; Touch; rv:11.0) like Gecko"
138.21.12.23 - - [04/Jun/2020:09:16:50 +0200] "GET /reload?ser=1591255010051 HTTP/1.1" 200 28 "http://renault.2web.at/account?loadrequest=true" "Mozilla/5.0 (Windows NT 10.0; WOW64; Trident/7.0; Touch; rv:11.0) like Gecko"
138.21.12.23 - - [04/Jun/2020:09:17:51 +0200] "GET /reload?ser=1591255071175 HTTP/1.1" 200 28 "http://renault.2web.at/account?loadrequest=true" "Mozilla/5.0 (Windows NT 10.0; WOW64; Trident/7.0; Touch; rv:11.0) like Gecko"
138.21.12.23 - - [04/Jun/2020:09:18:52 +0200] "GET /reload?ser=1591255132208 HTTP/1.1" 200 28 "http://renault.2web.at/account?loadrequest=true" "Mozilla/5.0 (Windows NT 10.0; WOW64; Trident/7.0; Touch; rv:11.0) like Gecko"
138.21.12.23 - - [04/Jun/2020:09:19:53 +0200] "GET /reload?ser=1591255193255 HTTP/1.1" 200 28 "http://renault.2web.at/account?loadrequest=true" "Mozilla/5.0 (Windows NT 10.0; WOW64; Trident/7.0; Touch; rv:11.0) like Gecko"
138.21.12.23 - - [04/Jun/2020:09:20:54 +0200] "GET /reload?ser=1591255254297 HTTP/1.1" 200 28 "http://renault.2web.at/account?loadrequest=true" "Mozilla/5.0 (Windows NT 10.0; WOW64; Trident/7.0; Touch; rv:11.0) like Gecko"
138.21.12.23 - - [04/Jun/2020:09:21:55 +0200] "GET /reload?ser=1591255315344 HTTP/1.1" 200 28 "http://renault.2web.at/account?loadrequest=true" "Mozilla/5.0 (Windows NT 10.0; WOW64; Trident/7.0; Touch; rv:11.0) like Gecko"
138.21.12.23 - - [04/Jun/2020:09:22:56 +0200] "GET /reload?ser=1591255376400 HTTP/1.1" 200 28 "http://renault.2web.at/account?loadrequest=true" "Mozilla/5.0 (Windows NT 10.0; WOW64; Trident/7.0; Touch; rv:11.0) like Gecko"
138.21.12.23 - - [04/Jun/2020:09:23:57 +0200] "GET /reload?ser=1591255437450 HTTP/1.1" 200 28 "http://renault.2web.at/account?loadrequest=true" "Mozilla/5.0 (Windows NT 10.0; WOW64; Trident/7.0; Touch; rv:11.0) like Gecko"
138.21.12.23 - - [04/Jun/2020:09:24:58 +0200] "GET /reload?ser=1591255498503 HTTP/1.1" 200 28 "http://renault.2web.at/account?loadrequest=true" "Mozilla/5.0 (Windows NT 10.0; WOW64; Trident/7.0; Touch; rv:11.0) like Gecko"
138.21.12.23 - - [04/Jun/2020:09:25:59 +0200] "GET /reload?ser=1591255559551 HTTP/1.1" 200 28 "http://renault.2web.at/account?loadrequest=true" "Mozilla/5.0 (Windows NT 10.0; WOW64; Trident/7.0; Touch; rv:11.0) like Gecko"
138.21.12.23 - - [04/Jun/2020:09:27:00 +0200] "GET /reload?ser=1591255620623 HTTP/1.1" 200 28 "http://renault.2web.at/account?loadrequest=true" "Mozilla/5.0 (Windows NT 10.0; WOW64; Trident/7.0; Touch; rv:11.0) like Gecko"
138.21.12.23 - - [04/Jun/2020:09:28:01 +0200] "GET /reload?ser=1591255681684 HTTP/1.1" 200 28 "http://renault.2web.at/account?loadrequest=true" "Mozilla/5.0 (Windows NT 10.0; WOW64; Trident/7.0; Touch; rv:11.0) like Gecko"
138.21.12.23 - - [04/Jun/2020:09:29:02 +0200] "GET /reload?ser=1591255742755 HTTP/1.1" 200 28 "http://renault.2web.at/account?loadrequest=true" "Mozilla/5.0 (Windows NT 10.0; WOW64; Trident/7.0; Touch; rv:11.0) like Gecko"
138.21.12.23 - - [04/Jun/2020:09:30:03 +0200] "GET /reload?ser=1591255803815 HTTP/1.1" 200 28 "http://renault.2web.at/account?loadrequest=true" "Mozilla/5.0 (Windows NT 10.0; WOW64; Trident/7.0; Touch; rv:11.0) like Gecko"
138.21.12.23 - - [04/Jun/2020:09:31:04 +0200] "GET /reload?ser=1591255864867 HTTP/1.1" 200 28 "http://renault.2web.at/account?loadrequest=true" "Mozilla/5.0 (Windows NT 10.0; WOW64; Trident/7.0; Touch; rv:11.0) like Gecko"
138.21.12.23 - - [04/Jun/2020:09:32:06 +0200] "GET /reload?ser=1591255925925 HTTP/1.1" 200 28 "http://renault.2web.at/account?loadrequest=true" "Mozilla/5.0 (Windows NT 10.0; WOW64; Trident/7.0; Touch; rv:11.0) like Gecko"
138.21.12.23 - - [04/Jun/2020:09:33:07 +0200] "GET /reload?ser=1591255986982 HTTP/1.1" 200 28 "http://renault.2web.at/account?loadrequest=true" "Mozilla/5.0 (Windows NT 10.0; WOW64; Trident/7.0; Touch; rv:11.0) like Gecko"
138.21.12.23 - - [04/Jun/2020:09:34:08 +0200] "GET /reload?ser=1591256048017 HTTP/1.1" 200 28 "http://renault.2web.at/account?loadrequest=true" "Mozilla/5.0 (Windows NT 10.0; WOW64; Trident/7.0; Touch; rv:11.0) like Gecko"
138.21.12.23 - - [04/Jun/2020:09:35:09 +0200] "GET /reload?ser=1591256109109 HTTP/1.1" 200 28 "http://renault.2web.at/account?loadrequest=true" "Mozilla/5.0 (Windows NT 10.0; WOW64; Trident/7.0; Touch; rv:11.0) like Gecko"
