91.113.144.26 - - [04/Jun/2020:15:44:27 +0200] "GET /images/title_border_top.jpg HTTP/1.1" 304 - "http://renault.activities.at/12245326" "Mozilla/5.0 (Windows NT 6.3; WOW64; Trident/7.0; rv:11.0) like Gecko"
91.113.144.26 - - [04/Jun/2020:15:44:27 +0200] "GET /images/title_corner_left_top.jpg HTTP/1.1" 304 - "http://renault.activities.at/12245326" "Mozilla/5.0 (Windows NT 6.3; WOW64; Trident/7.0; rv:11.0) like Gecko"
91.113.144.26 - - [04/Jun/2020:15:44:27 +0200] "GET /images/title_corner_right_top.jpg HTTP/1.1" 304 - "http://renault.activities.at/12245326" "Mozilla/5.0 (Windows NT 6.3; WOW64; Trident/7.0; rv:11.0) like Gecko"
91.113.144.26 - - [04/Jun/2020:15:44:27 +0200] "GET /images/footer_divider.gif HTTP/1.1" 304 - "http://renault.activities.at/12245326" "Mozilla/5.0 (Windows NT 6.3; WOW64; Trident/7.0; rv:11.0) like Gecko"
80.120.5.131 - - [04/Jun/2020:15:44:27 +0200] "GET /reload?ser=1591278267465 HTTP/1.1" 200 2 "http://renault.activities.at/login" "Mozilla/5.0 (Windows NT 10.0; WOW64) AppleWebKit/537.36 (KHTML, like Gecko) Chrome/83.0.4103.61 Safari/537.36"
193.194.132.26 - - [04/Jun/2020:15:44:32 +0200] "GET /reload?ser=1591278272239 HTTP/1.1" 200 28 "http://renault.activities.at/result?searchterm=true&search=verk%E4uferbrosch%FCre" "Mozilla/5.0 (Windows NT 10.0; Win64; x64) AppleWebKit/537.36 (KHTML, like Gecko) Chrome/83.0.4103.61 Safari/537.36"
185.58.53.32 - - [04/Jun/2020:15:45:26 +0200] "GET /reload?ser=1591278326603 HTTP/1.1" 200 28 "http://renault.activities.at/orders" "Mozilla/5.0 (Windows NT 10.0; Win64; x64) AppleWebKit/537.36 (KHTML, like Gecko) Chrome/83.0.4103.97 Safari/537.36"
91.113.144.26 - - [04/Jun/2020:15:45:27 +0200] "GET /reload?ser=1591278327176 HTTP/1.1" 200 28 "http://renault.activities.at/12245326" "Mozilla/5.0 (Windows NT 6.3; WOW64; Trident/7.0; rv:11.0) like Gecko"
80.120.5.131 - - [04/Jun/2020:15:45:28 +0200] "GET /reload?ser=1591278328140 HTTP/1.1" 200 2 "http://renault.activities.at/login" "Mozilla/5.0 (Windows NT 10.0; WOW64) AppleWebKit/537.36 (KHTML, like Gecko) Chrome/83.0.4103.61 Safari/537.36"
193.194.132.26 - - [04/Jun/2020:15:45:34 +0200] "GET /reload?ser=1591278334239 HTTP/1.1" 200 28 "http://renault.activities.at/result?searchterm=true&search=verk%E4uferbrosch%FCre" "Mozilla/5.0 (Windows NT 10.0; Win64; x64) AppleWebKit/537.36 (KHTML, like Gecko) Chrome/83.0.4103.61 Safari/537.36"
185.58.53.32 - - [04/Jun/2020:15:46:27 +0200] "GET /reload?ser=1591278387604 HTTP/1.1" 200 28 "http://renault.activities.at/orders" "Mozilla/5.0 (Windows NT 10.0; Win64; x64) AppleWebKit/537.36 (KHTML, like Gecko) Chrome/83.0.4103.97 Safari/537.36"
91.113.144.26 - - [04/Jun/2020:15:46:28 +0200] "GET /reload?ser=1591278388168 HTTP/1.1" 200 28 "http://renault.activities.at/12245326" "Mozilla/5.0 (Windows NT 6.3; WOW64; Trident/7.0; rv:11.0) like Gecko"
80.120.5.131 - - [04/Jun/2020:15:46:28 +0200] "GET /reload?ser=1591278388813 HTTP/1.1" 200 2 "http://renault.activities.at/login" "Mozilla/5.0 (Windows NT 10.0; WOW64) AppleWebKit/537.36 (KHTML, like Gecko) Chrome/83.0.4103.61 Safari/537.36"
193.194.132.26 - - [04/Jun/2020:15:46:36 +0200] "GET /reload?ser=1591278396238 HTTP/1.1" 200 28 "http://renault.activities.at/result?searchterm=true&search=verk%E4uferbrosch%FCre" "Mozilla/5.0 (Windows NT 10.0; Win64; x64) AppleWebKit/537.36 (KHTML, like Gecko) Chrome/83.0.4103.61 Safari/537.36"
185.58.53.32 - - [04/Jun/2020:15:47:28 +0200] "GET /reload?ser=1591278448603 HTTP/1.1" 200 28 "http://renault.activities.at/orders" "Mozilla/5.0 (Windows NT 10.0; Win64; x64) AppleWebKit/537.36 (KHTML, like Gecko) Chrome/83.0.4103.97 Safari/537.36"
91.113.144.26 - - [04/Jun/2020:15:47:29 +0200] "GET /reload?ser=1591278449120 HTTP/1.1" 200 28 "http://renault.activities.at/12245326" "Mozilla/5.0 (Windows NT 6.3; WOW64; Trident/7.0; rv:11.0) like Gecko"
80.120.5.131 - - [04/Jun/2020:15:47:29 +0200] "GET /reload?ser=1591278449465 HTTP/1.1" 200 2 "http://renault.activities.at/login" "Mozilla/5.0 (Windows NT 10.0; WOW64) AppleWebKit/537.36 (KHTML, like Gecko) Chrome/83.0.4103.61 Safari/537.36"
193.194.132.26 - - [04/Jun/2020:15:47:38 +0200] "GET /reload?ser=1591278458242 HTTP/1.1" 200 28 "http://renault.activities.at/result?searchterm=true&search=verk%E4uferbrosch%FCre" "Mozilla/5.0 (Windows NT 10.0; Win64; x64) AppleWebKit/537.36 (KHTML, like Gecko) Chrome/83.0.4103.61 Safari/537.36"
185.58.53.32 - - [04/Jun/2020:15:48:29 +0200] "GET /reload?ser=1591278509603 HTTP/1.1" 200 28 "http://renault.activities.at/orders" "Mozilla/5.0 (Windows NT 10.0; Win64; x64) AppleWebKit/537.36 (KHTML, like Gecko) Chrome/83.0.4103.97 Safari/537.36"
80.120.5.131 - - [04/Jun/2020:15:48:30 +0200] "GET /reload?ser=1591278510145 HTTP/1.1" 200 2 "http://renault.activities.at/login" "Mozilla/5.0 (Windows NT 10.0; WOW64) AppleWebKit/537.36 (KHTML, like Gecko) Chrome/83.0.4103.61 Safari/537.36"
91.113.144.26 - - [04/Jun/2020:15:48:30 +0200] "GET /reload?ser=1591278510104 HTTP/1.1" 200 28 "http://renault.activities.at/12245326" "Mozilla/5.0 (Windows NT 6.3; WOW64; Trident/7.0; rv:11.0) like Gecko"
193.194.132.26 - - [04/Jun/2020:15:48:40 +0200] "GET /reload?ser=1591278520228 HTTP/1.1" 200 28 "http://renault.activities.at/result?searchterm=true&search=verk%E4uferbrosch%FCre" "Mozilla/5.0 (Windows NT 10.0; Win64; x64) AppleWebKit/537.36 (KHTML, like Gecko) Chrome/83.0.4103.61 Safari/537.36"
185.58.53.32 - - [04/Jun/2020:15:49:30 +0200] "GET /reload?ser=1591278570604 HTTP/1.1" 200 28 "http://renault.activities.at/orders" "Mozilla/5.0 (Windows NT 10.0; Win64; x64) AppleWebKit/537.36 (KHTML, like Gecko) Chrome/83.0.4103.97 Safari/537.36"
80.120.5.131 - - [04/Jun/2020:15:49:30 +0200] "GET /reload?ser=1591278570783 HTTP/1.1" 200 2 "http://renault.activities.at/login" "Mozilla/5.0 (Windows NT 10.0; WOW64) AppleWebKit/537.36 (KHTML, like Gecko) Chrome/83.0.4103.61 Safari/537.36"
91.113.144.26 - - [04/Jun/2020:15:49:31 +0200] "GET /reload?ser=1591278571072 HTTP/1.1" 200 28 "http://renault.activities.at/12245326" "Mozilla/5.0 (Windows NT 6.3; WOW64; Trident/7.0; rv:11.0) like Gecko"
193.194.132.26 - - [04/Jun/2020:15:49:42 +0200] "GET /reload?ser=1591278582240 HTTP/1.1" 200 28 "http://renault.activities.at/result?searchterm=true&search=verk%E4uferbrosch%FCre" "Mozilla/5.0 (Windows NT 10.0; Win64; x64) AppleWebKit/537.36 (KHTML, like Gecko) Chrome/83.0.4103.61 Safari/537.36"
80.120.5.131 - - [04/Jun/2020:15:50:31 +0200] "GET /reload?ser=1591278631439 HTTP/1.1" 200 2 "http://renault.activities.at/login" "Mozilla/5.0 (Windows NT 10.0; WOW64) AppleWebKit/537.36 (KHTML, like Gecko) Chrome/83.0.4103.61 Safari/537.36"
185.58.53.32 - - [04/Jun/2020:15:50:31 +0200] "GET /reload?ser=1591278631604 HTTP/1.1" 200 28 "http://renault.activities.at/orders" "Mozilla/5.0 (Windows NT 10.0; Win64; x64) AppleWebKit/537.36 (KHTML, like Gecko) Chrome/83.0.4103.97 Safari/537.36"
91.113.144.26 - - [04/Jun/2020:15:50:32 +0200] "GET /reload?ser=1591278632024 HTTP/1.1" 200 28 "http://renault.activities.at/12245326" "Mozilla/5.0 (Windows NT 6.3; WOW64; Trident/7.0; rv:11.0) like Gecko"
193.194.132.26 - - [04/Jun/2020:15:50:44 +0200] "GET /reload?ser=1591278644238 HTTP/1.1" 200 28 "http://renault.activities.at/result?searchterm=true&search=verk%E4uferbrosch%FCre" "Mozilla/5.0 (Windows NT 10.0; Win64; x64) AppleWebKit/537.36 (KHTML, like Gecko) Chrome/83.0.4103.61 Safari/537.36"
80.120.5.131 - - [04/Jun/2020:15:51:32 +0200] "GET /reload?ser=1591278692096 HTTP/1.1" 200 2 "http://renault.activities.at/login" "Mozilla/5.0 (Windows NT 10.0; WOW64) AppleWebKit/537.36 (KHTML, like Gecko) Chrome/83.0.4103.61 Safari/537.36"
185.58.53.32 - - [04/Jun/2020:15:51:32 +0200] "GET /reload?ser=1591278692604 HTTP/1.1" 200 28 "http://renault.activities.at/orders" "Mozilla/5.0 (Windows NT 10.0; Win64; x64) AppleWebKit/537.36 (KHTML, like Gecko) Chrome/83.0.4103.97 Safari/537.36"
91.113.144.26 - - [04/Jun/2020:15:51:33 +0200] "GET /reload?ser=1591278692991 HTTP/1.1" 200 28 "http://renault.activities.at/12245326" "Mozilla/5.0 (Windows NT 6.3; WOW64; Trident/7.0; rv:11.0) like Gecko"
193.194.132.26 - - [04/Jun/2020:15:51:46 +0200] "GET /reload?ser=1591278706240 HTTP/1.1" 200 28 "http://renault.activities.at/result?searchterm=true&search=verk%E4uferbrosch%FCre" "Mozilla/5.0 (Windows NT 10.0; Win64; x64) AppleWebKit/537.36 (KHTML, like Gecko) Chrome/83.0.4103.61 Safari/537.36"
80.120.5.131 - - [04/Jun/2020:15:52:32 +0200] "GET /reload?ser=1591278752729 HTTP/1.1" 200 2 "http://renault.activities.at/login" "Mozilla/5.0 (Windows NT 10.0; WOW64) AppleWebKit/537.36 (KHTML, like Gecko) Chrome/83.0.4103.61 Safari/537.36"
185.58.53.32 - - [04/Jun/2020:15:52:33 +0200] "GET /reload?ser=1591278753604 HTTP/1.1" 200 28 "http://renault.activities.at/orders" "Mozilla/5.0 (Windows NT 10.0; Win64; x64) AppleWebKit/537.36 (KHTML, like Gecko) Chrome/83.0.4103.97 Safari/537.36"
91.113.144.26 - - [04/Jun/2020:15:52:33 +0200] "GET /reload?ser=1591278753934 HTTP/1.1" 200 28 "http://renault.activities.at/12245326" "Mozilla/5.0 (Windows NT 6.3; WOW64; Trident/7.0; rv:11.0) like Gecko"
193.194.132.26 - - [04/Jun/2020:15:52:48 +0200] "GET /reload?ser=1591278768248 HTTP/1.1" 200 28 "http://renault.activities.at/result?searchterm=true&search=verk%E4uferbrosch%FCre" "Mozilla/5.0 (Windows NT 10.0; Win64; x64) AppleWebKit/537.36 (KHTML, like Gecko) Chrome/83.0.4103.61 Safari/537.36"
80.120.5.131 - - [04/Jun/2020:15:53:33 +0200] "GET /reload?ser=1591278813446 HTTP/1.1" 200 2 "http://renault.activities.at/login" "Mozilla/5.0 (Windows NT 10.0; WOW64) AppleWebKit/537.36 (KHTML, like Gecko) Chrome/83.0.4103.61 Safari/537.36"
185.58.53.32 - - [04/Jun/2020:15:53:34 +0200] "GET /reload?ser=1591278814604 HTTP/1.1" 200 28 "http://renault.activities.at/orders" "Mozilla/5.0 (Windows NT 10.0; Win64; x64) AppleWebKit/537.36 (KHTML, like Gecko) Chrome/83.0.4103.97 Safari/537.36"
91.113.144.26 - - [04/Jun/2020:15:53:34 +0200] "GET /reload?ser=1591278814908 HTTP/1.1" 200 28 "http://renault.activities.at/12245326" "Mozilla/5.0 (Windows NT 6.3; WOW64; Trident/7.0; rv:11.0) like Gecko"
193.194.132.26 - - [04/Jun/2020:15:53:50 +0200] "GET /reload?ser=1591278830228 HTTP/1.1" 200 28 "http://renault.activities.at/result?searchterm=true&search=verk%E4uferbrosch%FCre" "Mozilla/5.0 (Windows NT 10.0; Win64; x64) AppleWebKit/537.36 (KHTML, like Gecko) Chrome/83.0.4103.61 Safari/537.36"
80.120.5.131 - - [04/Jun/2020:15:54:34 +0200] "GET /reload?ser=1591278874106 HTTP/1.1" 200 2 "http://renault.activities.at/login" "Mozilla/5.0 (Windows NT 10.0; WOW64) AppleWebKit/537.36 (KHTML, like Gecko) Chrome/83.0.4103.61 Safari/537.36"
185.58.53.32 - - [04/Jun/2020:15:54:35 +0200] "GET /reload?ser=1591278875604 HTTP/1.1" 200 28 "http://renault.activities.at/orders" "Mozilla/5.0 (Windows NT 10.0; Win64; x64) AppleWebKit/537.36 (KHTML, like Gecko) Chrome/83.0.4103.97 Safari/537.36"
91.113.144.26 - - [04/Jun/2020:15:54:35 +0200] "GET /reload?ser=1591278875845 HTTP/1.1" 200 28 "http://renault.activities.at/12245326" "Mozilla/5.0 (Windows NT 6.3; WOW64; Trident/7.0; rv:11.0) like Gecko"
193.194.132.26 - - [04/Jun/2020:15:54:52 +0200] "GET /reload?ser=1591278892227 HTTP/1.1" 200 28 "http://renault.activities.at/result?searchterm=true&search=verk%E4uferbrosch%FCre" "Mozilla/5.0 (Windows NT 10.0; Win64; x64) AppleWebKit/537.36 (KHTML, like Gecko) Chrome/83.0.4103.61 Safari/537.36"
80.120.5.131 - - [04/Jun/2020:15:55:34 +0200] "GET /reload?ser=1591278934767 HTTP/1.1" 200 2 "http://renault.activities.at/login" "Mozilla/5.0 (Windows NT 10.0; WOW64) AppleWebKit/537.36 (KHTML, like Gecko) Chrome/83.0.4103.61 Safari/537.36"
185.58.53.32 - - [04/Jun/2020:15:55:36 +0200] "GET /reload?ser=1591278936604 HTTP/1.1" 200 28 "http://renault.activities.at/orders" "Mozilla/5.0 (Windows NT 10.0; Win64; x64) AppleWebKit/537.36 (KHTML, like Gecko) Chrome/83.0.4103.97 Safari/537.36"
91.113.144.26 - - [04/Jun/2020:15:55:36 +0200] "GET /reload?ser=1591278936813 HTTP/1.1" 200 28 "http://renault.activities.at/12245326" "Mozilla/5.0 (Windows NT 6.3; WOW64; Trident/7.0; rv:11.0) like Gecko"
193.194.132.26 - - [04/Jun/2020:15:55:54 +0200] "GET /reload?ser=1591278954228 HTTP/1.1" 200 28 "http://renault.activities.at/result?searchterm=true&search=verk%E4uferbrosch%FCre" "Mozilla/5.0 (Windows NT 10.0; Win64; x64) AppleWebKit/537.36 (KHTML, like Gecko) Chrome/83.0.4103.61 Safari/537.36"
80.120.5.131 - - [04/Jun/2020:15:56:35 +0200] "GET /reload?ser=1591278995434 HTTP/1.1" 200 2 "http://renault.activities.at/login" "Mozilla/5.0 (Windows NT 10.0; WOW64) AppleWebKit/537.36 (KHTML, like Gecko) Chrome/83.0.4103.61 Safari/537.36"
185.58.53.32 - - [04/Jun/2020:15:56:37 +0200] "GET /reload?ser=1591278997604 HTTP/1.1" 200 28 "http://renault.activities.at/orders" "Mozilla/5.0 (Windows NT 10.0; Win64; x64) AppleWebKit/537.36 (KHTML, like Gecko) Chrome/83.0.4103.97 Safari/537.36"
91.113.144.26 - - [04/Jun/2020:15:56:37 +0200] "GET /reload?ser=1591278997812 HTTP/1.1" 200 28 "http://renault.activities.at/12245326" "Mozilla/5.0 (Windows NT 6.3; WOW64; Trident/7.0; rv:11.0) like Gecko"
193.194.132.26 - - [04/Jun/2020:15:56:56 +0200] "GET /reload?ser=1591279016227 HTTP/1.1" 200 28 "http://renault.activities.at/result?searchterm=true&search=verk%E4uferbrosch%FCre" "Mozilla/5.0 (Windows NT 10.0; Win64; x64) AppleWebKit/537.36 (KHTML, like Gecko) Chrome/83.0.4103.61 Safari/537.36"
80.120.5.131 - - [04/Jun/2020:15:57:36 +0200] "GET /reload?ser=1591279056107 HTTP/1.1" 200 2 "http://renault.activities.at/login" "Mozilla/5.0 (Windows NT 10.0; WOW64) AppleWebKit/537.36 (KHTML, like Gecko) Chrome/83.0.4103.61 Safari/537.36"
91.113.144.26 - - [04/Jun/2020:15:57:38 +0200] "GET /reload?ser=1591279058733 HTTP/1.1" 200 28 "http://renault.activities.at/12245326" "Mozilla/5.0 (Windows NT 6.3; WOW64; Trident/7.0; rv:11.0) like Gecko"
185.58.53.32 - - [04/Jun/2020:15:57:39 +0200] "GET /reload?ser=1591279059605 HTTP/1.1" 200 28 "http://renault.activities.at/orders" "Mozilla/5.0 (Windows NT 10.0; Win64; x64) AppleWebKit/537.36 (KHTML, like Gecko) Chrome/83.0.4103.97 Safari/537.36"
193.194.132.26 - - [04/Jun/2020:15:57:58 +0200] "GET /reload?ser=1591279078228 HTTP/1.1" 200 28 "http://renault.activities.at/result?searchterm=true&search=verk%E4uferbrosch%FCre" "Mozilla/5.0 (Windows NT 10.0; Win64; x64) AppleWebKit/537.36 (KHTML, like Gecko) Chrome/83.0.4103.61 Safari/537.36"
80.120.5.131 - - [04/Jun/2020:15:58:36 +0200] "GET /reload?ser=1591279116787 HTTP/1.1" 200 2 "http://renault.activities.at/login" "Mozilla/5.0 (Windows NT 10.0; WOW64) AppleWebKit/537.36 (KHTML, like Gecko) Chrome/83.0.4103.61 Safari/537.36"
91.113.144.26 - - [04/Jun/2020:15:58:39 +0200] "GET /reload?ser=1591279119697 HTTP/1.1" 200 28 "http://renault.activities.at/12245326" "Mozilla/5.0 (Windows NT 6.3; WOW64; Trident/7.0; rv:11.0) like Gecko"
185.58.53.32 - - [04/Jun/2020:15:58:40 +0200] "GET /reload?ser=1591279120605 HTTP/1.1" 200 28 "http://renault.activities.at/orders" "Mozilla/5.0 (Windows NT 10.0; Win64; x64) AppleWebKit/537.36 (KHTML, like Gecko) Chrome/83.0.4103.97 Safari/537.36"
193.194.132.26 - - [04/Jun/2020:15:59:00 +0200] "GET /reload?ser=1591279140228 HTTP/1.1" 200 28 "http://renault.activities.at/result?searchterm=true&search=verk%E4uferbrosch%FCre" "Mozilla/5.0 (Windows NT 10.0; Win64; x64) AppleWebKit/537.36 (KHTML, like Gecko) Chrome/83.0.4103.61 Safari/537.36"
80.120.5.131 - - [04/Jun/2020:15:59:37 +0200] "GET /reload?ser=1591279177456 HTTP/1.1" 200 2 "http://renault.activities.at/login" "Mozilla/5.0 (Windows NT 10.0; WOW64) AppleWebKit/537.36 (KHTML, like Gecko) Chrome/83.0.4103.61 Safari/537.36"
91.113.144.26 - - [04/Jun/2020:15:59:40 +0200] "GET /reload?ser=1591279180665 HTTP/1.1" 200 28 "http://renault.activities.at/12245326" "Mozilla/5.0 (Windows NT 6.3; WOW64; Trident/7.0; rv:11.0) like Gecko"
185.58.53.32 - - [04/Jun/2020:15:59:41 +0200] "GET /reload?ser=1591279181605 HTTP/1.1" 200 28 "http://renault.activities.at/orders" "Mozilla/5.0 (Windows NT 10.0; Win64; x64) AppleWebKit/537.36 (KHTML, like Gecko) Chrome/83.0.4103.97 Safari/537.36"
193.194.132.26 - - [04/Jun/2020:16:00:02 +0200] "GET /reload?ser=1591279202228 HTTP/1.1" 200 28 "http://renault.activities.at/result?searchterm=true&search=verk%E4uferbrosch%FCre" "Mozilla/5.0 (Windows NT 10.0; Win64; x64) AppleWebKit/537.36 (KHTML, like Gecko) Chrome/83.0.4103.61 Safari/537.36"
80.120.5.131 - - [04/Jun/2020:16:00:38 +0200] "GET /reload?ser=1591279238104 HTTP/1.1" 200 2 "http://renault.activities.at/login" "Mozilla/5.0 (Windows NT 10.0; WOW64) AppleWebKit/537.36 (KHTML, like Gecko) Chrome/83.0.4103.61 Safari/537.36"
91.113.144.26 - - [04/Jun/2020:16:00:41 +0200] "GET /reload?ser=1591279241617 HTTP/1.1" 200 28 "http://renault.activities.at/12245326" "Mozilla/5.0 (Windows NT 6.3; WOW64; Trident/7.0; rv:11.0) like Gecko"
185.58.53.32 - - [04/Jun/2020:16:00:42 +0200] "GET /reload?ser=1591279242607 HTTP/1.1" 200 28 "http://renault.activities.at/orders" "Mozilla/5.0 (Windows NT 10.0; Win64; x64) AppleWebKit/537.36 (KHTML, like Gecko) Chrome/83.0.4103.97 Safari/537.36"
193.194.132.26 - - [04/Jun/2020:16:01:04 +0200] "GET /reload?ser=1591279264228 HTTP/1.1" 200 28 "http://renault.activities.at/result?searchterm=true&search=verk%E4uferbrosch%FCre" "Mozilla/5.0 (Windows NT 10.0; Win64; x64) AppleWebKit/537.36 (KHTML, like Gecko) Chrome/83.0.4103.61 Safari/537.36"
80.120.5.131 - - [04/Jun/2020:16:01:38 +0200] "GET /reload?ser=1591279298752 HTTP/1.1" 200 2 "http://renault.activities.at/login" "Mozilla/5.0 (Windows NT 10.0; WOW64) AppleWebKit/537.36 (KHTML, like Gecko) Chrome/83.0.4103.61 Safari/537.36"
91.113.144.26 - - [04/Jun/2020:16:01:42 +0200] "GET /reload?ser=1591279302588 HTTP/1.1" 200 28 "http://renault.activities.at/12245326" "Mozilla/5.0 (Windows NT 6.3; WOW64; Trident/7.0; rv:11.0) like Gecko"
185.58.53.32 - - [04/Jun/2020:16:01:43 +0200] "GET /reload?ser=1591279303606 HTTP/1.1" 200 28 "http://renault.activities.at/orders" "Mozilla/5.0 (Windows NT 10.0; Win64; x64) AppleWebKit/537.36 (KHTML, like Gecko) Chrome/83.0.4103.97 Safari/537.36"
193.194.132.26 - - [04/Jun/2020:16:02:06 +0200] "GET /reload?ser=1591279326227 HTTP/1.1" 200 28 "http://renault.activities.at/result?searchterm=true&search=verk%E4uferbrosch%FCre" "Mozilla/5.0 (Windows NT 10.0; Win64; x64) AppleWebKit/537.36 (KHTML, like Gecko) Chrome/83.0.4103.61 Safari/537.36"
80.120.5.131 - - [04/Jun/2020:16:02:39 +0200] "GET /reload?ser=1591279359401 HTTP/1.1" 200 2 "http://renault.activities.at/login" "Mozilla/5.0 (Windows NT 10.0; WOW64) AppleWebKit/537.36 (KHTML, like Gecko) Chrome/83.0.4103.61 Safari/537.36"
91.113.144.26 - - [04/Jun/2020:16:02:43 +0200] "GET /reload?ser=1591279363577 HTTP/1.1" 200 28 "http://renault.activities.at/12245326" "Mozilla/5.0 (Windows NT 6.3; WOW64; Trident/7.0; rv:11.0) like Gecko"
185.58.53.32 - - [04/Jun/2020:16:02:44 +0200] "GET /reload?ser=1591279364608 HTTP/1.1" 200 28 "http://renault.activities.at/orders" "Mozilla/5.0 (Windows NT 10.0; Win64; x64) AppleWebKit/537.36 (KHTML, like Gecko) Chrome/83.0.4103.97 Safari/537.36"
40.77.202.52 - - [04/Jun/2020:16:03:00 +0200] "GET /css/themes/default.css HTTP/1.1" 200 769 "http://renault.activities.at/layout.php" "Mozilla/5.0 (iPhone; CPU iPhone OS 7_0 like Mac OS X) AppleWebKit/537.51.1 (KHTML, like Gecko) Version/7.0 Mobile/11A465 Safari/9537.53 BingPreview/1.0b"
40.77.202.52 - - [04/Jun/2020:16:03:00 +0200] "GET /js/default.js HTTP/1.1" 200 14698 "http://renault.activities.at/layout.php" "Mozilla/5.0 (iPhone; CPU iPhone OS 7_0 like Mac OS X) AppleWebKit/537.51.1 (KHTML, like Gecko) Version/7.0 Mobile/11A465 Safari/9537.53 BingPreview/1.0b"
40.77.202.52 - - [04/Jun/2020:16:03:01 +0200] "GET /images/main_block_border.gif HTTP/1.1" 200 43 "http://renault.activities.at/css/styles.css" "Mozilla/5.0 (iPhone; CPU iPhone OS 7_0 like Mac OS X) AppleWebKit/537.51.1 (KHTML, like Gecko) Version/7.0 Mobile/11A465 Safari/9537.53 BingPreview/1.0b"
40.77.202.52 - - [04/Jun/2020:16:03:01 +0200] "GET /images/main_block_corner_left_bot.gif HTTP/1.1" 200 159 "http://renault.activities.at/css/styles.css" "Mozilla/5.0 (iPhone; CPU iPhone OS 7_0 like Mac OS X) AppleWebKit/537.51.1 (KHTML, like Gecko) Version/7.0 Mobile/11A465 Safari/9537.53 BingPreview/1.0b"
40.77.202.52 - - [04/Jun/2020:16:03:01 +0200] "GET /images/header_block_border.gif HTTP/1.1" 200 43 "http://renault.activities.at/css/styles.css" "Mozilla/5.0 (iPhone; CPU iPhone OS 7_0 like Mac OS X) AppleWebKit/537.51.1 (KHTML, like Gecko) Version/7.0 Mobile/11A465 Safari/9537.53 BingPreview/1.0b"
40.77.202.52 - - [04/Jun/2020:16:03:01 +0200] "GET /images/header_block_corner_left_top.gif HTTP/1.1" 200 160 "http://renault.activities.at/css/styles.css" "Mozilla/5.0 (iPhone; CPU iPhone OS 7_0 like Mac OS X) AppleWebKit/537.51.1 (KHTML, like Gecko) Version/7.0 Mobile/11A465 Safari/9537.53 BingPreview/1.0b"
40.77.202.52 - - [04/Jun/2020:16:03:01 +0200] "GET /images/main_block_corner_right_bot.gif HTTP/1.1" 200 158 "http://renault.activities.at/css/styles.css" "Mozilla/5.0 (iPhone; CPU iPhone OS 7_0 like Mac OS X) AppleWebKit/537.51.1 (KHTML, like Gecko) Version/7.0 Mobile/11A465 Safari/9537.53 BingPreview/1.0b"
40.77.202.52 - - [04/Jun/2020:16:03:01 +0200] "GET /images/title_border.jpg HTTP/1.1" 200 304 "http://renault.activities.at/css/styles.css" "Mozilla/5.0 (iPhone; CPU iPhone OS 7_0 like Mac OS X) AppleWebKit/537.51.1 (KHTML, like Gecko) Version/7.0 Mobile/11A465 Safari/9537.53 BingPreview/1.0b"
40.77.202.52 - - [04/Jun/2020:16:03:01 +0200] "GET /images/main_block_corner_left_top.gif HTTP/1.1" 200 159 "http://renault.activities.at/css/styles.css" "Mozilla/5.0 (iPhone; CPU iPhone OS 7_0 like Mac OS X) AppleWebKit/537.51.1 (KHTML, like Gecko) Version/7.0 Mobile/11A465 Safari/9537.53 BingPreview/1.0b"
40.77.202.52 - - [04/Jun/2020:16:03:01 +0200] "GET /images/main_block_corner_right_top.gif HTTP/1.1" 200 159 "http://renault.activities.at/css/styles.css" "Mozilla/5.0 (iPhone; CPU iPhone OS 7_0 like Mac OS X) AppleWebKit/537.51.1 (KHTML, like Gecko) Version/7.0 Mobile/11A465 Safari/9537.53 BingPreview/1.0b"
40.77.202.52 - - [04/Jun/2020:16:03:01 +0200] "GET /images/title_corner_left_top.jpg HTTP/1.1" 200 372 "http://renault.activities.at/css/styles.css" "Mozilla/5.0 (iPhone; CPU iPhone OS 7_0 like Mac OS X) AppleWebKit/537.51.1 (KHTML, like Gecko) Version/7.0 Mobile/11A465 Safari/9537.53 BingPreview/1.0b"
40.77.202.52 - - [04/Jun/2020:16:03:01 +0200] "GET /images/header_block_corner_right_top.gif HTTP/1.1" 200 160 "http://renault.activities.at/css/styles.css" "Mozilla/5.0 (iPhone; CPU iPhone OS 7_0 like Mac OS X) AppleWebKit/537.51.1 (KHTML, like Gecko) Version/7.0 Mobile/11A465 Safari/9537.53 BingPreview/1.0b"
40.77.202.52 - - [04/Jun/2020:16:03:01 +0200] "GET /images/title_border_top.jpg HTTP/1.1" 200 336 "http://renault.activities.at/css/styles.css" "Mozilla/5.0 (iPhone; CPU iPhone OS 7_0 like Mac OS X) AppleWebKit/537.51.1 (KHTML, like Gecko) Version/7.0 Mobile/11A465 Safari/9537.53 BingPreview/1.0b"
40.77.202.52 - - [04/Jun/2020:16:03:01 +0200] "GET /images/title_corner_right_top.jpg HTTP/1.1" 200 389 "http://renault.activities.at/css/styles.css" "Mozilla/5.0 (iPhone; CPU iPhone OS 7_0 like Mac OS X) AppleWebKit/537.51.1 (KHTML, like Gecko) Version/7.0 Mobile/11A465 Safari/9537.53 BingPreview/1.0b"
40.77.202.52 - - [04/Jun/2020:16:03:01 +0200] "GET /css/print.css HTTP/1.1" 200 543 "http://renault.activities.at/layout.php" "Mozilla/5.0 (iPhone; CPU iPhone OS 7_0 like Mac OS X) AppleWebKit/537.51.1 (KHTML, like Gecko) Version/7.0 Mobile/11A465 Safari/9537.53 BingPreview/1.0b"
40.77.202.52 - - [04/Jun/2020:16:03:01 +0200] "GET /loadthumbnail.php?id=11127982 HTTP/1.1" 200 399614 "http://renault.activities.at/layout.php" "Mozilla/5.0 (iPhone; CPU iPhone OS 7_0 like Mac OS X) AppleWebKit/537.51.1 (KHTML, like Gecko) Version/7.0 Mobile/11A465 Safari/9537.53 BingPreview/1.0b"
193.194.132.26 - - [04/Jun/2020:16:03:08 +0200] "GET /reload?ser=1591279388228 HTTP/1.1" 200 28 "http://renault.activities.at/result?searchterm=true&search=verk%E4uferbrosch%FCre" "Mozilla/5.0 (Windows NT 10.0; Win64; x64) AppleWebKit/537.36 (KHTML, like Gecko) Chrome/83.0.4103.61 Safari/537.36"
80.120.5.131 - - [04/Jun/2020:16:03:40 +0200] "GET /reload?ser=1591279420114 HTTP/1.1" 200 2 "http://renault.activities.at/login" "Mozilla/5.0 (Windows NT 10.0; WOW64) AppleWebKit/537.36 (KHTML, like Gecko) Chrome/83.0.4103.61 Safari/537.36"
91.113.144.26 - - [04/Jun/2020:16:03:44 +0200] "GET /reload?ser=1591279424545 HTTP/1.1" 200 28 "http://renault.activities.at/12245326" "Mozilla/5.0 (Windows NT 6.3; WOW64; Trident/7.0; rv:11.0) like Gecko"
207.46.13.48 - - [04/Jun/2020:16:03:46 +0200] "GET /robots.txt HTTP/1.1" 404 300 "-" "Mozilla/5.0 (compatible; bingbot/2.0; +http://www.bing.com/bingbot.htm)"
185.58.53.32 - - [04/Jun/2020:16:03:45 +0200] "GET /reload?ser=1591279425609 HTTP/1.1" 200 28 "http://renault.activities.at/orders" "Mozilla/5.0 (Windows NT 10.0; Win64; x64) AppleWebKit/537.36 (KHTML, like Gecko) Chrome/83.0.4103.97 Safari/537.36"
193.194.132.26 - - [04/Jun/2020:16:04:10 +0200] "GET /reload?ser=1591279450227 HTTP/1.1" 200 28 "http://renault.activities.at/result?searchterm=true&search=verk%E4uferbrosch%FCre" "Mozilla/5.0 (Windows NT 10.0; Win64; x64) AppleWebKit/537.36 (KHTML, like Gecko) Chrome/83.0.4103.61 Safari/537.36"
80.120.5.131 - - [04/Jun/2020:16:04:40 +0200] "GET /reload?ser=1591279480749 HTTP/1.1" 200 2 "http://renault.activities.at/login" "Mozilla/5.0 (Windows NT 10.0; WOW64) AppleWebKit/537.36 (KHTML, like Gecko) Chrome/83.0.4103.61 Safari/537.36"
91.113.144.26 - - [04/Jun/2020:16:04:45 +0200] "GET /reload?ser=1591279485512 HTTP/1.1" 200 28 "http://renault.activities.at/12245326" "Mozilla/5.0 (Windows NT 6.3; WOW64; Trident/7.0; rv:11.0) like Gecko"
185.58.53.32 - - [04/Jun/2020:16:04:46 +0200] "GET /reload?ser=1591279486608 HTTP/1.1" 200 28 "http://renault.activities.at/orders" "Mozilla/5.0 (Windows NT 10.0; Win64; x64) AppleWebKit/537.36 (KHTML, like Gecko) Chrome/83.0.4103.97 Safari/537.36"
193.194.132.26 - - [04/Jun/2020:16:05:12 +0200] "GET /reload?ser=1591279512227 HTTP/1.1" 200 28 "http://renault.activities.at/result?searchterm=true&search=verk%E4uferbrosch%FCre" "Mozilla/5.0 (Windows NT 10.0; Win64; x64) AppleWebKit/537.36 (KHTML, like Gecko) Chrome/83.0.4103.61 Safari/537.36"
80.120.5.131 - - [04/Jun/2020:16:05:41 +0200] "GET /reload?ser=1591279541398 HTTP/1.1" 200 2 "http://renault.activities.at/login" "Mozilla/5.0 (Windows NT 10.0; WOW64) AppleWebKit/537.36 (KHTML, like Gecko) Chrome/83.0.4103.61 Safari/537.36"
91.113.144.26 - - [04/Jun/2020:16:05:46 +0200] "GET /reload?ser=1591279546471 HTTP/1.1" 200 28 "http://renault.activities.at/12245326" "Mozilla/5.0 (Windows NT 6.3; WOW64; Trident/7.0; rv:11.0) like Gecko"
185.58.53.32 - - [04/Jun/2020:16:05:47 +0200] "GET /reload?ser=1591279547609 HTTP/1.1" 200 28 "http://renault.activities.at/orders" "Mozilla/5.0 (Windows NT 10.0; Win64; x64) AppleWebKit/537.36 (KHTML, like Gecko) Chrome/83.0.4103.97 Safari/537.36"
193.194.132.26 - - [04/Jun/2020:16:06:14 +0200] "GET /reload?ser=1591279574227 HTTP/1.1" 200 28 "http://renault.activities.at/result?searchterm=true&search=verk%E4uferbrosch%FCre" "Mozilla/5.0 (Windows NT 10.0; Win64; x64) AppleWebKit/537.36 (KHTML, like Gecko) Chrome/83.0.4103.61 Safari/537.36"
80.120.5.131 - - [04/Jun/2020:16:06:42 +0200] "GET /reload?ser=1591279602047 HTTP/1.1" 200 2 "http://renault.activities.at/login" "Mozilla/5.0 (Windows NT 10.0; WOW64) AppleWebKit/537.36 (KHTML, like Gecko) Chrome/83.0.4103.61 Safari/537.36"
91.113.144.26 - - [04/Jun/2020:16:06:47 +0200] "GET /reload?ser=1591279607458 HTTP/1.1" 200 28 "http://renault.activities.at/12245326" "Mozilla/5.0 (Windows NT 6.3; WOW64; Trident/7.0; rv:11.0) like Gecko"
185.58.53.32 - - [04/Jun/2020:16:06:48 +0200] "GET /reload?ser=1591279608609 HTTP/1.1" 200 28 "http://renault.activities.at/orders" "Mozilla/5.0 (Windows NT 10.0; Win64; x64) AppleWebKit/537.36 (KHTML, like Gecko) Chrome/83.0.4103.97 Safari/537.36"
193.194.132.26 - - [04/Jun/2020:16:07:16 +0200] "GET /reload?ser=1591279636227 HTTP/1.1" 200 28 "http://renault.activities.at/result?searchterm=true&search=verk%E4uferbrosch%FCre" "Mozilla/5.0 (Windows NT 10.0; Win64; x64) AppleWebKit/537.36 (KHTML, like Gecko) Chrome/83.0.4103.61 Safari/537.36"
80.120.5.131 - - [04/Jun/2020:16:07:43 +0200] "GET /reload?ser=1591279663009 HTTP/1.1" 200 2 "http://renault.activities.at/login" "Mozilla/5.0 (Windows NT 10.0; WOW64) AppleWebKit/537.36 (KHTML, like Gecko) Chrome/83.0.4103.61 Safari/537.36"
91.113.144.26 - - [04/Jun/2020:16:07:48 +0200] "GET /reload?ser=1591279668411 HTTP/1.1" 200 28 "http://renault.activities.at/12245326" "Mozilla/5.0 (Windows NT 6.3; WOW64; Trident/7.0; rv:11.0) like Gecko"
185.58.53.32 - - [04/Jun/2020:16:07:49 +0200] "GET /reload?ser=1591279669609 HTTP/1.1" 200 28 "http://renault.activities.at/orders" "Mozilla/5.0 (Windows NT 10.0; Win64; x64) AppleWebKit/537.36 (KHTML, like Gecko) Chrome/83.0.4103.97 Safari/537.36"
193.194.132.26 - - [04/Jun/2020:16:08:18 +0200] "GET /reload?ser=1591279698227 HTTP/1.1" 200 28 "http://renault.activities.at/result?searchterm=true&search=verk%E4uferbrosch%FCre" "Mozilla/5.0 (Windows NT 10.0; Win64; x64) AppleWebKit/537.36 (KHTML, like Gecko) Chrome/83.0.4103.61 Safari/537.36"
80.120.5.131 - - [04/Jun/2020:16:08:44 +0200] "GET /reload?ser=1591279724009 HTTP/1.1" 200 2 "http://renault.activities.at/login" "Mozilla/5.0 (Windows NT 10.0; WOW64) AppleWebKit/537.36 (KHTML, like Gecko) Chrome/83.0.4103.61 Safari/537.36"
91.113.144.26 - - [04/Jun/2020:16:08:49 +0200] "GET /reload?ser=1591279729378 HTTP/1.1" 200 28 "http://renault.activities.at/12245326" "Mozilla/5.0 (Windows NT 6.3; WOW64; Trident/7.0; rv:11.0) like Gecko"
185.58.53.32 - - [04/Jun/2020:16:08:50 +0200] "GET /reload?ser=1591279730609 HTTP/1.1" 200 28 "http://renault.activities.at/orders" "Mozilla/5.0 (Windows NT 10.0; Win64; x64) AppleWebKit/537.36 (KHTML, like Gecko) Chrome/83.0.4103.97 Safari/537.36"
193.194.132.26 - - [04/Jun/2020:16:09:20 +0200] "GET /reload?ser=1591279760240 HTTP/1.1" 200 28 "http://renault.activities.at/result?searchterm=true&search=verk%E4uferbrosch%FCre" "Mozilla/5.0 (Windows NT 10.0; Win64; x64) AppleWebKit/537.36 (KHTML, like Gecko) Chrome/83.0.4103.61 Safari/537.36"
80.120.5.131 - - [04/Jun/2020:16:09:45 +0200] "GET /reload?ser=1591279785009 HTTP/1.1" 200 2 "http://renault.activities.at/login" "Mozilla/5.0 (Windows NT 10.0; WOW64) AppleWebKit/537.36 (KHTML, like Gecko) Chrome/83.0.4103.61 Safari/537.36"
91.113.144.26 - - [04/Jun/2020:16:09:50 +0200] "GET /reload?ser=1591279790346 HTTP/1.1" 200 28 "http://renault.activities.at/12245326" "Mozilla/5.0 (Windows NT 6.3; WOW64; Trident/7.0; rv:11.0) like Gecko"
185.58.53.32 - - [04/Jun/2020:16:09:51 +0200] "GET /reload?ser=1591279791609 HTTP/1.1" 200 28 "http://renault.activities.at/orders" "Mozilla/5.0 (Windows NT 10.0; Win64; x64) AppleWebKit/537.36 (KHTML, like Gecko) Chrome/83.0.4103.97 Safari/537.36"
193.194.132.26 - - [04/Jun/2020:16:10:22 +0200] "GET /reload?ser=1591279822236 HTTP/1.1" 200 28 "http://renault.activities.at/result?searchterm=true&search=verk%E4uferbrosch%FCre" "Mozilla/5.0 (Windows NT 10.0; Win64; x64) AppleWebKit/537.36 (KHTML, like Gecko) Chrome/83.0.4103.61 Safari/537.36"
80.120.5.131 - - [04/Jun/2020:16:10:46 +0200] "GET /reload?ser=1591279846010 HTTP/1.1" 200 2 "http://renault.activities.at/login" "Mozilla/5.0 (Windows NT 10.0; WOW64) AppleWebKit/537.36 (KHTML, like Gecko) Chrome/83.0.4103.61 Safari/537.36"
91.113.144.26 - - [04/Jun/2020:16:10:51 +0200] "GET /reload?ser=1591279851293 HTTP/1.1" 200 28 "http://renault.activities.at/12245326" "Mozilla/5.0 (Windows NT 6.3; WOW64; Trident/7.0; rv:11.0) like Gecko"
185.58.53.32 - - [04/Jun/2020:16:10:52 +0200] "GET /reload?ser=1591279852610 HTTP/1.1" 200 28 "http://renault.activities.at/orders" "Mozilla/5.0 (Windows NT 10.0; Win64; x64) AppleWebKit/537.36 (KHTML, like Gecko) Chrome/83.0.4103.97 Safari/537.36"
193.194.132.26 - - [04/Jun/2020:16:11:24 +0200] "GET /reload?ser=1591279884238 HTTP/1.1" 200 28 "http://renault.activities.at/result?searchterm=true&search=verk%E4uferbrosch%FCre" "Mozilla/5.0 (Windows NT 10.0; Win64; x64) AppleWebKit/537.36 (KHTML, like Gecko) Chrome/83.0.4103.61 Safari/537.36"
80.120.5.131 - - [04/Jun/2020:16:11:47 +0200] "GET /reload?ser=1591279907009 HTTP/1.1" 200 2 "http://renault.activities.at/login" "Mozilla/5.0 (Windows NT 10.0; WOW64) AppleWebKit/537.36 (KHTML, like Gecko) Chrome/83.0.4103.61 Safari/537.36"
185.58.53.32 - - [04/Jun/2020:16:11:53 +0200] "GET /reload?ser=1591279913609 HTTP/1.1" 200 28 "http://renault.activities.at/orders" "Mozilla/5.0 (Windows NT 10.0; Win64; x64) AppleWebKit/537.36 (KHTML, like Gecko) Chrome/83.0.4103.97 Safari/537.36"
193.194.132.26 - - [04/Jun/2020:16:12:26 +0200] "GET /reload?ser=1591279946228 HTTP/1.1" 200 28 "http://renault.activities.at/result?searchterm=true&search=verk%E4uferbrosch%FCre" "Mozilla/5.0 (Windows NT 10.0; Win64; x64) AppleWebKit/537.36 (KHTML, like Gecko) Chrome/83.0.4103.61 Safari/537.36"
80.120.5.131 - - [04/Jun/2020:16:12:48 +0200] "GET /reload?ser=1591279968010 HTTP/1.1" 200 2 "http://renault.activities.at/login" "Mozilla/5.0 (Windows NT 10.0; WOW64) AppleWebKit/537.36 (KHTML, like Gecko) Chrome/83.0.4103.61 Safari/537.36"
185.58.53.32 - - [04/Jun/2020:16:12:54 +0200] "GET /reload?ser=1591279974609 HTTP/1.1" 200 28 "http://renault.activities.at/orders" "Mozilla/5.0 (Windows NT 10.0; Win64; x64) AppleWebKit/537.36 (KHTML, like Gecko) Chrome/83.0.4103.97 Safari/537.36"
193.194.132.26 - - [04/Jun/2020:16:13:28 +0200] "GET /reload?ser=1591280008233 HTTP/1.1" 200 28 "http://renault.activities.at/result?searchterm=true&search=verk%E4uferbrosch%FCre" "Mozilla/5.0 (Windows NT 10.0; Win64; x64) AppleWebKit/537.36 (KHTML, like Gecko) Chrome/83.0.4103.61 Safari/537.36"
80.120.5.131 - - [04/Jun/2020:16:13:49 +0200] "GET /reload?ser=1591280029010 HTTP/1.1" 200 2 "http://renault.activities.at/login" "Mozilla/5.0 (Windows NT 10.0; WOW64) AppleWebKit/537.36 (KHTML, like Gecko) Chrome/83.0.4103.61 Safari/537.36"
185.58.53.32 - - [04/Jun/2020:16:13:55 +0200] "GET /reload?ser=1591280035610 HTTP/1.1" 200 28 "http://renault.activities.at/orders" "Mozilla/5.0 (Windows NT 10.0; Win64; x64) AppleWebKit/537.36 (KHTML, like Gecko) Chrome/83.0.4103.97 Safari/537.36"
193.194.132.26 - - [04/Jun/2020:16:14:30 +0200] "GET /reload?ser=1591280070230 HTTP/1.1" 200 28 "http://renault.activities.at/result?searchterm=true&search=verk%E4uferbrosch%FCre" "Mozilla/5.0 (Windows NT 10.0; Win64; x64) AppleWebKit/537.36 (KHTML, like Gecko) Chrome/83.0.4103.61 Safari/537.36"
80.120.5.131 - - [04/Jun/2020:16:14:50 +0200] "GET /reload?ser=1591280090010 HTTP/1.1" 200 2 "http://renault.activities.at/login" "Mozilla/5.0 (Windows NT 10.0; WOW64) AppleWebKit/537.36 (KHTML, like Gecko) Chrome/83.0.4103.61 Safari/537.36"
185.58.53.32 - - [04/Jun/2020:16:14:56 +0200] "GET /reload?ser=1591280096609 HTTP/1.1" 200 28 "http://renault.activities.at/orders" "Mozilla/5.0 (Windows NT 10.0; Win64; x64) AppleWebKit/537.36 (KHTML, like Gecko) Chrome/83.0.4103.97 Safari/537.36"
193.194.132.26 - - [04/Jun/2020:16:15:32 +0200] "GET /reload?ser=1591280132245 HTTP/1.1" 200 28 "http://renault.activities.at/result?searchterm=true&search=verk%E4uferbrosch%FCre" "Mozilla/5.0 (Windows NT 10.0; Win64; x64) AppleWebKit/537.36 (KHTML, like Gecko) Chrome/83.0.4103.61 Safari/537.36"
80.120.5.131 - - [04/Jun/2020:16:15:51 +0200] "GET /reload?ser=1591280151011 HTTP/1.1" 200 2 "http://renault.activities.at/login" "Mozilla/5.0 (Windows NT 10.0; WOW64) AppleWebKit/537.36 (KHTML, like Gecko) Chrome/83.0.4103.61 Safari/537.36"
185.58.53.32 - - [04/Jun/2020:16:15:57 +0200] "GET /reload?ser=1591280157610 HTTP/1.1" 200 28 "http://renault.activities.at/orders" "Mozilla/5.0 (Windows NT 10.0; Win64; x64) AppleWebKit/537.36 (KHTML, like Gecko) Chrome/83.0.4103.97 Safari/537.36"
193.194.132.26 - - [04/Jun/2020:16:16:34 +0200] "GET /reload?ser=1591280194239 HTTP/1.1" 200 28 "http://renault.activities.at/result?searchterm=true&search=verk%E4uferbrosch%FCre" "Mozilla/5.0 (Windows NT 10.0; Win64; x64) AppleWebKit/537.36 (KHTML, like Gecko) Chrome/83.0.4103.61 Safari/537.36"
80.120.5.131 - - [04/Jun/2020:16:16:52 +0200] "GET /reload?ser=1591280212010 HTTP/1.1" 200 2 "http://renault.activities.at/login" "Mozilla/5.0 (Windows NT 10.0; WOW64) AppleWebKit/537.36 (KHTML, like Gecko) Chrome/83.0.4103.61 Safari/537.36"
185.58.53.32 - - [04/Jun/2020:16:16:58 +0200] "GET /reload?ser=1591280218610 HTTP/1.1" 200 28 "http://renault.activities.at/orders" "Mozilla/5.0 (Windows NT 10.0; Win64; x64) AppleWebKit/537.36 (KHTML, like Gecko) Chrome/83.0.4103.97 Safari/537.36"
193.194.132.26 - - [04/Jun/2020:16:17:36 +0200] "GET /reload?ser=1591280256231 HTTP/1.1" 200 28 "http://renault.activities.at/result?searchterm=true&search=verk%E4uferbrosch%FCre" "Mozilla/5.0 (Windows NT 10.0; Win64; x64) AppleWebKit/537.36 (KHTML, like Gecko) Chrome/83.0.4103.61 Safari/537.36"
80.120.5.131 - - [04/Jun/2020:16:17:53 +0200] "GET /reload?ser=1591280273011 HTTP/1.1" 200 2 "http://renault.activities.at/login" "Mozilla/5.0 (Windows NT 10.0; WOW64) AppleWebKit/537.36 (KHTML, like Gecko) Chrome/83.0.4103.61 Safari/537.36"
185.58.53.32 - - [04/Jun/2020:16:17:59 +0200] "GET /reload?ser=1591280279609 HTTP/1.1" 200 28 "http://renault.activities.at/orders" "Mozilla/5.0 (Windows NT 10.0; Win64; x64) AppleWebKit/537.36 (KHTML, like Gecko) Chrome/83.0.4103.97 Safari/537.36"
193.194.132.26 - - [04/Jun/2020:16:18:38 +0200] "GET /reload?ser=1591280318233 HTTP/1.1" 200 28 "http://renault.activities.at/result?searchterm=true&search=verk%E4uferbrosch%FCre" "Mozilla/5.0 (Windows NT 10.0; Win64; x64) AppleWebKit/537.36 (KHTML, like Gecko) Chrome/83.0.4103.61 Safari/537.36"
80.120.5.131 - - [04/Jun/2020:16:18:54 +0200] "GET /reload?ser=1591280334011 HTTP/1.1" 200 2 "http://renault.activities.at/login" "Mozilla/5.0 (Windows NT 10.0; WOW64) AppleWebKit/537.36 (KHTML, like Gecko) Chrome/83.0.4103.61 Safari/537.36"
185.58.53.32 - - [04/Jun/2020:16:19:00 +0200] "GET /reload?ser=1591280340610 HTTP/1.1" 200 28 "http://renault.activities.at/orders" "Mozilla/5.0 (Windows NT 10.0; Win64; x64) AppleWebKit/537.36 (KHTML, like Gecko) Chrome/83.0.4103.97 Safari/537.36"
193.194.132.26 - - [04/Jun/2020:16:19:40 +0200] "GET /reload?ser=1591280380220 HTTP/1.1" 200 28 "http://renault.activities.at/result?searchterm=true&search=verk%E4uferbrosch%FCre" "Mozilla/5.0 (Windows NT 10.0; Win64; x64) AppleWebKit/537.36 (KHTML, like Gecko) Chrome/83.0.4103.61 Safari/537.36"
80.120.5.131 - - [04/Jun/2020:16:19:55 +0200] "GET /reload?ser=1591280395011 HTTP/1.1" 200 2 "http://renault.activities.at/login" "Mozilla/5.0 (Windows NT 10.0; WOW64) AppleWebKit/537.36 (KHTML, like Gecko) Chrome/83.0.4103.61 Safari/537.36"
185.58.53.32 - - [04/Jun/2020:16:20:01 +0200] "GET /reload?ser=1591280401610 HTTP/1.1" 200 28 "http://renault.activities.at/orders" "Mozilla/5.0 (Windows NT 10.0; Win64; x64) AppleWebKit/537.36 (KHTML, like Gecko) Chrome/83.0.4103.97 Safari/537.36"
193.194.132.26 - - [04/Jun/2020:16:20:42 +0200] "GET /reload?ser=1591280442231 HTTP/1.1" 200 28 "http://renault.activities.at/result?searchterm=true&search=verk%E4uferbrosch%FCre" "Mozilla/5.0 (Windows NT 10.0; Win64; x64) AppleWebKit/537.36 (KHTML, like Gecko) Chrome/83.0.4103.61 Safari/537.36"
80.120.5.131 - - [04/Jun/2020:16:20:56 +0200] "GET /reload?ser=1591280456011 HTTP/1.1" 200 2 "http://renault.activities.at/login" "Mozilla/5.0 (Windows NT 10.0; WOW64) AppleWebKit/537.36 (KHTML, like Gecko) Chrome/83.0.4103.61 Safari/537.36"
185.58.53.32 - - [04/Jun/2020:16:21:02 +0200] "GET /reload?ser=1591280462610 HTTP/1.1" 200 28 "http://renault.activities.at/orders" "Mozilla/5.0 (Windows NT 10.0; Win64; x64) AppleWebKit/537.36 (KHTML, like Gecko) Chrome/83.0.4103.97 Safari/537.36"
193.194.132.26 - - [04/Jun/2020:16:21:44 +0200] "GET /reload?ser=1591280504229 HTTP/1.1" 200 28 "http://renault.activities.at/result?searchterm=true&search=verk%E4uferbrosch%FCre" "Mozilla/5.0 (Windows NT 10.0; Win64; x64) AppleWebKit/537.36 (KHTML, like Gecko) Chrome/83.0.4103.61 Safari/537.36"
80.120.5.131 - - [04/Jun/2020:16:21:57 +0200] "GET /reload?ser=1591280517012 HTTP/1.1" 200 2 "http://renault.activities.at/login" "Mozilla/5.0 (Windows NT 10.0; WOW64) AppleWebKit/537.36 (KHTML, like Gecko) Chrome/83.0.4103.61 Safari/537.36"
185.58.53.32 - - [04/Jun/2020:16:22:03 +0200] "GET /reload?ser=1591280523609 HTTP/1.1" 200 28 "http://renault.activities.at/orders" "Mozilla/5.0 (Windows NT 10.0; Win64; x64) AppleWebKit/537.36 (KHTML, like Gecko) Chrome/83.0.4103.97 Safari/537.36"
193.194.132.26 - - [04/Jun/2020:16:22:46 +0200] "GET /reload?ser=1591280566234 HTTP/1.1" 200 28 "http://renault.activities.at/result?searchterm=true&search=verk%E4uferbrosch%FCre" "Mozilla/5.0 (Windows NT 10.0; Win64; x64) AppleWebKit/537.36 (KHTML, like Gecko) Chrome/83.0.4103.61 Safari/537.36"
80.120.5.131 - - [04/Jun/2020:16:22:58 +0200] "GET /reload?ser=1591280578012 HTTP/1.1" 200 2 "http://renault.activities.at/login" "Mozilla/5.0 (Windows NT 10.0; WOW64) AppleWebKit/537.36 (KHTML, like Gecko) Chrome/83.0.4103.61 Safari/537.36"
185.58.53.32 - - [04/Jun/2020:16:23:04 +0200] "GET /reload?ser=1591280584610 HTTP/1.1" 200 28 "http://renault.activities.at/orders" "Mozilla/5.0 (Windows NT 10.0; Win64; x64) AppleWebKit/537.36 (KHTML, like Gecko) Chrome/83.0.4103.97 Safari/537.36"
193.194.132.26 - - [04/Jun/2020:16:23:48 +0200] "GET /reload?ser=1591280628236 HTTP/1.1" 200 28 "http://renault.activities.at/result?searchterm=true&search=verk%E4uferbrosch%FCre" "Mozilla/5.0 (Windows NT 10.0; Win64; x64) AppleWebKit/537.36 (KHTML, like Gecko) Chrome/83.0.4103.61 Safari/537.36"
80.120.5.131 - - [04/Jun/2020:16:23:59 +0200] "GET /reload?ser=1591280639013 HTTP/1.1" 200 2 "http://renault.activities.at/login" "Mozilla/5.0 (Windows NT 10.0; WOW64) AppleWebKit/537.36 (KHTML, like Gecko) Chrome/83.0.4103.61 Safari/537.36"
185.58.53.32 - - [04/Jun/2020:16:24:05 +0200] "GET /reload?ser=1591280645610 HTTP/1.1" 200 28 "http://renault.activities.at/orders" "Mozilla/5.0 (Windows NT 10.0; Win64; x64) AppleWebKit/537.36 (KHTML, like Gecko) Chrome/83.0.4103.97 Safari/537.36"
193.194.132.26 - - [04/Jun/2020:16:24:50 +0200] "GET /reload?ser=1591280690218 HTTP/1.1" 200 28 "http://renault.activities.at/result?searchterm=true&search=verk%E4uferbrosch%FCre" "Mozilla/5.0 (Windows NT 10.0; Win64; x64) AppleWebKit/537.36 (KHTML, like Gecko) Chrome/83.0.4103.61 Safari/537.36"
80.120.5.131 - - [04/Jun/2020:16:25:00 +0200] "GET /reload?ser=1591280700012 HTTP/1.1" 200 2 "http://renault.activities.at/login" "Mozilla/5.0 (Windows NT 10.0; WOW64) AppleWebKit/537.36 (KHTML, like Gecko) Chrome/83.0.4103.61 Safari/537.36"
185.58.53.32 - - [04/Jun/2020:16:25:06 +0200] "GET /reload?ser=1591280706610 HTTP/1.1" 200 28 "http://renault.activities.at/orders" "Mozilla/5.0 (Windows NT 10.0; Win64; x64) AppleWebKit/537.36 (KHTML, like Gecko) Chrome/83.0.4103.97 Safari/537.36"
193.194.132.26 - - [04/Jun/2020:16:25:52 +0200] "GET /reload?ser=1591280752227 HTTP/1.1" 200 28 "http://renault.activities.at/result?searchterm=true&search=verk%E4uferbrosch%FCre" "Mozilla/5.0 (Windows NT 10.0; Win64; x64) AppleWebKit/537.36 (KHTML, like Gecko) Chrome/83.0.4103.61 Safari/537.36"
80.120.5.131 - - [04/Jun/2020:16:26:01 +0200] "GET /reload?ser=1591280761013 HTTP/1.1" 200 2 "http://renault.activities.at/login" "Mozilla/5.0 (Windows NT 10.0; WOW64) AppleWebKit/537.36 (KHTML, like Gecko) Chrome/83.0.4103.61 Safari/537.36"
185.58.53.32 - - [04/Jun/2020:16:26:07 +0200] "GET /reload?ser=1591280767609 HTTP/1.1" 200 28 "http://renault.activities.at/orders" "Mozilla/5.0 (Windows NT 10.0; Win64; x64) AppleWebKit/537.36 (KHTML, like Gecko) Chrome/83.0.4103.97 Safari/537.36"
193.194.132.26 - - [04/Jun/2020:16:26:54 +0200] "GET /reload?ser=1591280814227 HTTP/1.1" 200 28 "http://renault.activities.at/result?searchterm=true&search=verk%E4uferbrosch%FCre" "Mozilla/5.0 (Windows NT 10.0; Win64; x64) AppleWebKit/537.36 (KHTML, like Gecko) Chrome/83.0.4103.61 Safari/537.36"
80.120.5.131 - - [04/Jun/2020:16:27:02 +0200] "GET /reload?ser=1591280822013 HTTP/1.1" 200 2 "http://renault.activities.at/login" "Mozilla/5.0 (Windows NT 10.0; WOW64) AppleWebKit/537.36 (KHTML, like Gecko) Chrome/83.0.4103.61 Safari/537.36"
185.58.53.32 - - [04/Jun/2020:16:27:08 +0200] "GET /reload?ser=1591280828611 HTTP/1.1" 200 28 "http://renault.activities.at/orders" "Mozilla/5.0 (Windows NT 10.0; Win64; x64) AppleWebKit/537.36 (KHTML, like Gecko) Chrome/83.0.4103.97 Safari/537.36"
193.194.132.26 - - [04/Jun/2020:16:27:56 +0200] "GET /reload?ser=1591280876229 HTTP/1.1" 200 28 "http://renault.activities.at/result?searchterm=true&search=verk%E4uferbrosch%FCre" "Mozilla/5.0 (Windows NT 10.0; Win64; x64) AppleWebKit/537.36 (KHTML, like Gecko) Chrome/83.0.4103.61 Safari/537.36"
80.120.5.131 - - [04/Jun/2020:16:28:03 +0200] "GET /reload?ser=1591280883014 HTTP/1.1" 200 2 "http://renault.activities.at/login" "Mozilla/5.0 (Windows NT 10.0; WOW64) AppleWebKit/537.36 (KHTML, like Gecko) Chrome/83.0.4103.61 Safari/537.36"
185.58.53.32 - - [04/Jun/2020:16:28:09 +0200] "GET /reload?ser=1591280889610 HTTP/1.1" 200 28 "http://renault.activities.at/orders" "Mozilla/5.0 (Windows NT 10.0; Win64; x64) AppleWebKit/537.36 (KHTML, like Gecko) Chrome/83.0.4103.97 Safari/537.36"
193.194.132.26 - - [04/Jun/2020:16:28:58 +0200] "GET /reload?ser=1591280938225 HTTP/1.1" 200 28 "http://renault.activities.at/result?searchterm=true&search=verk%E4uferbrosch%FCre" "Mozilla/5.0 (Windows NT 10.0; Win64; x64) AppleWebKit/537.36 (KHTML, like Gecko) Chrome/83.0.4103.61 Safari/537.36"
80.120.5.131 - - [04/Jun/2020:16:29:04 +0200] "GET /reload?ser=1591280944013 HTTP/1.1" 200 2 "http://renault.activities.at/login" "Mozilla/5.0 (Windows NT 10.0; WOW64) AppleWebKit/537.36 (KHTML, like Gecko) Chrome/83.0.4103.61 Safari/537.36"
185.58.53.32 - - [04/Jun/2020:16:29:10 +0200] "GET /reload?ser=1591280950610 HTTP/1.1" 200 28 "http://renault.activities.at/orders" "Mozilla/5.0 (Windows NT 10.0; Win64; x64) AppleWebKit/537.36 (KHTML, like Gecko) Chrome/83.0.4103.97 Safari/537.36"
193.194.132.26 - - [04/Jun/2020:16:30:00 +0200] "GET /reload?ser=1591281000225 HTTP/1.1" 200 28 "http://renault.activities.at/result?searchterm=true&search=verk%E4uferbrosch%FCre" "Mozilla/5.0 (Windows NT 10.0; Win64; x64) AppleWebKit/537.36 (KHTML, like Gecko) Chrome/83.0.4103.61 Safari/537.36"
80.120.5.131 - - [04/Jun/2020:16:30:05 +0200] "GET /reload?ser=1591281005013 HTTP/1.1" 200 2 "http://renault.activities.at/login" "Mozilla/5.0 (Windows NT 10.0; WOW64) AppleWebKit/537.36 (KHTML, like Gecko) Chrome/83.0.4103.61 Safari/537.36"
185.58.53.32 - - [04/Jun/2020:16:30:11 +0200] "GET /reload?ser=1591281011610 HTTP/1.1" 200 28 "http://renault.activities.at/orders" "Mozilla/5.0 (Windows NT 10.0; Win64; x64) AppleWebKit/537.36 (KHTML, like Gecko) Chrome/83.0.4103.97 Safari/537.36"
193.194.132.26 - - [04/Jun/2020:16:31:02 +0200] "GET /reload?ser=1591281062214 HTTP/1.1" 200 28 "http://renault.activities.at/result?searchterm=true&search=verk%E4uferbrosch%FCre" "Mozilla/5.0 (Windows NT 10.0; Win64; x64) AppleWebKit/537.36 (KHTML, like Gecko) Chrome/83.0.4103.61 Safari/537.36"
185.58.53.32 - - [04/Jun/2020:16:31:12 +0200] "GET /reload?ser=1591281072610 HTTP/1.1" 200 28 "http://renault.activities.at/orders" "Mozilla/5.0 (Windows NT 10.0; Win64; x64) AppleWebKit/537.36 (KHTML, like Gecko) Chrome/83.0.4103.97 Safari/537.36"
193.194.132.26 - - [04/Jun/2020:16:32:04 +0200] "GET /reload?ser=1591281124226 HTTP/1.1" 200 28 "http://renault.activities.at/result?searchterm=true&search=verk%E4uferbrosch%FCre" "Mozilla/5.0 (Windows NT 10.0; Win64; x64) AppleWebKit/537.36 (KHTML, like Gecko) Chrome/83.0.4103.61 Safari/537.36"
185.58.53.32 - - [04/Jun/2020:16:32:13 +0200] "GET /reload?ser=1591281133610 HTTP/1.1" 200 28 "http://renault.activities.at/orders" "Mozilla/5.0 (Windows NT 10.0; Win64; x64) AppleWebKit/537.36 (KHTML, like Gecko) Chrome/83.0.4103.97 Safari/537.36"
193.194.132.26 - - [04/Jun/2020:16:33:06 +0200] "GET /reload?ser=1591281186224 HTTP/1.1" 200 28 "http://renault.activities.at/result?searchterm=true&search=verk%E4uferbrosch%FCre" "Mozilla/5.0 (Windows NT 10.0; Win64; x64) AppleWebKit/537.36 (KHTML, like Gecko) Chrome/83.0.4103.61 Safari/537.36"
185.58.53.32 - - [04/Jun/2020:16:33:14 +0200] "GET /reload?ser=1591281194612 HTTP/1.1" 200 28 "http://renault.activities.at/orders" "Mozilla/5.0 (Windows NT 10.0; Win64; x64) AppleWebKit/537.36 (KHTML, like Gecko) Chrome/83.0.4103.97 Safari/537.36"
193.194.132.26 - - [04/Jun/2020:16:34:08 +0200] "GET /reload?ser=1591281248223 HTTP/1.1" 200 28 "http://renault.activities.at/result?searchterm=true&search=verk%E4uferbrosch%FCre" "Mozilla/5.0 (Windows NT 10.0; Win64; x64) AppleWebKit/537.36 (KHTML, like Gecko) Chrome/83.0.4103.61 Safari/537.36"
185.58.53.32 - - [04/Jun/2020:16:34:15 +0200] "GET /reload?ser=1591281255612 HTTP/1.1" 200 28 "http://renault.activities.at/orders" "Mozilla/5.0 (Windows NT 10.0; Win64; x64) AppleWebKit/537.36 (KHTML, like Gecko) Chrome/83.0.4103.97 Safari/537.36"
193.194.132.26 - - [04/Jun/2020:16:35:10 +0200] "GET /reload?ser=1591281310222 HTTP/1.1" 200 28 "http://renault.activities.at/result?searchterm=true&search=verk%E4uferbrosch%FCre" "Mozilla/5.0 (Windows NT 10.0; Win64; x64) AppleWebKit/537.36 (KHTML, like Gecko) Chrome/83.0.4103.61 Safari/537.36"
185.58.53.32 - - [04/Jun/2020:16:35:16 +0200] "GET /reload?ser=1591281316612 HTTP/1.1" 200 28 "http://renault.activities.at/orders" "Mozilla/5.0 (Windows NT 10.0; Win64; x64) AppleWebKit/537.36 (KHTML, like Gecko) Chrome/83.0.4103.97 Safari/537.36"
193.194.132.26 - - [04/Jun/2020:16:36:12 +0200] "GET /reload?ser=1591281372221 HTTP/1.1" 200 28 "http://renault.activities.at/result?searchterm=true&search=verk%E4uferbrosch%FCre" "Mozilla/5.0 (Windows NT 10.0; Win64; x64) AppleWebKit/537.36 (KHTML, like Gecko) Chrome/83.0.4103.61 Safari/537.36"
