212.186.238.50 - - [22/Jun/2020:16:13:31 +0200] "GET /css/prototip.css HTTP/1.1" 200 968 "http://renault.activities.at/12244841?print=true" "Mozilla/5.0 (Windows NT 10.0; Win64; x64; rv:77.0) Gecko/20100101 Firefox/77.0"
212.186.238.50 - - [22/Jun/2020:16:13:31 +0200] "GET /js/magiczoom/magiczoom.css HTTP/1.1" 200 1210 "http://renault.activities.at/12244841?print=true" "Mozilla/5.0 (Windows NT 10.0; Win64; x64; rv:77.0) Gecko/20100101 Firefox/77.0"
212.186.238.50 - - [22/Jun/2020:16:13:31 +0200] "GET /js/Produkt.js HTTP/1.1" 200 852 "http://renault.activities.at/12244841?print=true" "Mozilla/5.0 (Windows NT 10.0; Win64; x64; rv:77.0) Gecko/20100101 Firefox/77.0"
212.186.238.50 - - [22/Jun/2020:16:13:31 +0200] "GET /js/magiczoom/magiczoom.js HTTP/1.1" 200 26397 "http://renault.activities.at/12244841?print=true" "Mozilla/5.0 (Windows NT 10.0; Win64; x64; rv:77.0) Gecko/20100101 Firefox/77.0"
212.186.238.50 - - [22/Jun/2020:16:13:31 +0200] "GET /loadthumbnail.php?id=12244843&width=250 HTTP/1.1" 200 33322 "http://renault.activities.at/12244841?print=true" "Mozilla/5.0 (Windows NT 10.0; Win64; x64; rv:77.0) Gecko/20100101 Firefox/77.0"
212.186.238.50 - - [22/Jun/2020:16:13:31 +0200] "GET /loadthumbnail.php?id=12244843&width=900&height=900 HTTP/1.1" 200 355027 "http://renault.activities.at/12244841?print=true" "Mozilla/5.0 (Windows NT 10.0; Win64; x64; rv:77.0) Gecko/20100101 Firefox/77.0"
212.186.238.50 - - [22/Jun/2020:16:13:32 +0200] "GET /loadthumbnail.php?id=12244843&width=250 HTTP/1.1" 200 33322 "http://renault.activities.at/12244841?print=true" "Mozilla/5.0 (Windows NT 10.0; Win64; x64; rv:77.0) Gecko/20100101 Firefox/77.0"
212.186.238.50 - - [22/Jun/2020:16:13:32 +0200] "GET /js/magiczoom/graphics/hint.gif HTTP/1.1" 200 73 "http://renault.activities.at/js/magiczoom/magiczoom.css" "Mozilla/5.0 (Windows NT 10.0; Win64; x64; rv:77.0) Gecko/20100101 Firefox/77.0"
88.116.10.164 - - [22/Jun/2020:16:13:34 +0200] "GET /reload?ser=1592835214291 HTTP/1.1" 200 28 "http://renault.activities.at/result?searchterm=true&search=ver5" "Mozilla/5.0 (Windows NT 10.0; WOW64; Trident/7.0; rv:11.0) like Gecko"
212.152.158.195 - - [22/Jun/2020:16:13:49 +0200] "GET /reload?ser=1592835229921 HTTP/1.1" 200 28 "http://renault.activities.at/success" "Mozilla/5.0 (Windows NT 10.0; Win64; x64) AppleWebKit/537.36 (KHTML, like Gecko) Chrome/83.0.4103.106 Safari/537.36"
212.186.238.50 - - [22/Jun/2020:16:14:05 +0200] "GET /reload?ser=1592835245821 HTTP/1.1" 200 28 "http://renault.activities.at/result?searchterm=true&search=Gebrauchtwagen" "Mozilla/5.0 (Windows NT 10.0; Win64; x64; rv:77.0) Gecko/20100101 Firefox/77.0"
212.186.238.50 - - [22/Jun/2020:16:14:08 +0200] "GET /logout HTTP/1.1" 302 140 "http://renault.activities.at/result?searchterm=true&search=Gebrauchtwagen" "Mozilla/5.0 (Windows NT 10.0; Win64; x64; rv:77.0) Gecko/20100101 Firefox/77.0"
212.186.238.50 - - [22/Jun/2020:16:14:09 +0200] "GET /logout HTTP/1.1" 200 1583 "http://renault.activities.at/result?searchterm=true&search=Gebrauchtwagen" "Mozilla/5.0 (Windows NT 10.0; Win64; x64; rv:77.0) Gecko/20100101 Firefox/77.0"
212.186.238.50 - - [22/Jun/2020:16:14:10 +0200] "GET /css/prototip.css HTTP/1.1" 200 968 "http://renault.activities.at/logout" "Mozilla/5.0 (Windows NT 10.0; Win64; x64; rv:77.0) Gecko/20100101 Firefox/77.0"
212.186.238.50 - - [22/Jun/2020:16:14:10 +0200] "GET /css/themes/default.css HTTP/1.1" 200 769 "http://renault.activities.at/logout" "Mozilla/5.0 (Windows NT 10.0; Win64; x64; rv:77.0) Gecko/20100101 Firefox/77.0"
212.186.238.50 - - [22/Jun/2020:16:14:10 +0200] "GET /css/themes/alphacube.css HTTP/1.1" 200 743 "http://renault.activities.at/logout" "Mozilla/5.0 (Windows NT 10.0; Win64; x64; rv:77.0) Gecko/20100101 Firefox/77.0"
212.186.238.50 - - [22/Jun/2020:16:14:10 +0200] "GET /loadthumbnail.php?id=11127982 HTTP/1.1" 200 399614 "http://renault.activities.at/logout" "Mozilla/5.0 (Windows NT 10.0; Win64; x64; rv:77.0) Gecko/20100101 Firefox/77.0"
88.116.10.164 - - [22/Jun/2020:16:14:35 +0200] "GET /reload?ser=1592835275247 HTTP/1.1" 200 28 "http://renault.activities.at/result?searchterm=true&search=ver5" "Mozilla/5.0 (Windows NT 10.0; WOW64; Trident/7.0; rv:11.0) like Gecko"
212.152.158.195 - - [22/Jun/2020:16:14:50 +0200] "GET /reload?ser=1592835290919 HTTP/1.1" 200 28 "http://renault.activities.at/success" "Mozilla/5.0 (Windows NT 10.0; Win64; x64) AppleWebKit/537.36 (KHTML, like Gecko) Chrome/83.0.4103.106 Safari/537.36"
88.116.10.164 - - [22/Jun/2020:16:15:36 +0200] "GET /reload?ser=1592835336231 HTTP/1.1" 200 28 "http://renault.activities.at/result?searchterm=true&search=ver5" "Mozilla/5.0 (Windows NT 10.0; WOW64; Trident/7.0; rv:11.0) like Gecko"
212.152.158.195 - - [22/Jun/2020:16:15:51 +0200] "GET /reload?ser=1592835351914 HTTP/1.1" 200 28 "http://renault.activities.at/success" "Mozilla/5.0 (Windows NT 10.0; Win64; x64) AppleWebKit/537.36 (KHTML, like Gecko) Chrome/83.0.4103.106 Safari/537.36"
88.116.10.164 - - [22/Jun/2020:16:16:37 +0200] "GET /reload?ser=1592835397229 HTTP/1.1" 200 28 "http://renault.activities.at/result?searchterm=true&search=ver5" "Mozilla/5.0 (Windows NT 10.0; WOW64; Trident/7.0; rv:11.0) like Gecko"
212.152.158.195 - - [22/Jun/2020:16:16:52 +0200] "GET /reload?ser=1592835412913 HTTP/1.1" 200 28 "http://renault.activities.at/success" "Mozilla/5.0 (Windows NT 10.0; Win64; x64) AppleWebKit/537.36 (KHTML, like Gecko) Chrome/83.0.4103.106 Safari/537.36"
88.116.10.164 - - [22/Jun/2020:16:17:38 +0200] "GET /reload?ser=1592835458223 HTTP/1.1" 200 28 "http://renault.activities.at/result?searchterm=true&search=ver5" "Mozilla/5.0 (Windows NT 10.0; WOW64; Trident/7.0; rv:11.0) like Gecko"
212.152.158.195 - - [22/Jun/2020:16:17:53 +0200] "GET /reload?ser=1592835473911 HTTP/1.1" 200 28 "http://renault.activities.at/success" "Mozilla/5.0 (Windows NT 10.0; Win64; x64) AppleWebKit/537.36 (KHTML, like Gecko) Chrome/83.0.4103.106 Safari/537.36"
88.116.10.164 - - [22/Jun/2020:16:18:39 +0200] "GET /reload?ser=1592835519219 HTTP/1.1" 200 28 "http://renault.activities.at/result?searchterm=true&search=ver5" "Mozilla/5.0 (Windows NT 10.0; WOW64; Trident/7.0; rv:11.0) like Gecko"
212.152.158.195 - - [22/Jun/2020:16:18:54 +0200] "GET /reload?ser=1592835534910 HTTP/1.1" 200 28 "http://renault.activities.at/success" "Mozilla/5.0 (Windows NT 10.0; Win64; x64) AppleWebKit/537.36 (KHTML, like Gecko) Chrome/83.0.4103.106 Safari/537.36"
88.116.10.164 - - [22/Jun/2020:16:19:40 +0200] "GET /reload?ser=1592835580212 HTTP/1.1" 200 28 "http://renault.activities.at/result?searchterm=true&search=ver5" "Mozilla/5.0 (Windows NT 10.0; WOW64; Trident/7.0; rv:11.0) like Gecko"
212.152.158.195 - - [22/Jun/2020:16:19:55 +0200] "GET /reload?ser=1592835595908 HTTP/1.1" 200 28 "http://renault.activities.at/success" "Mozilla/5.0 (Windows NT 10.0; Win64; x64) AppleWebKit/537.36 (KHTML, like Gecko) Chrome/83.0.4103.106 Safari/537.36"
88.116.10.164 - - [22/Jun/2020:16:20:41 +0200] "GET /reload?ser=1592835641177 HTTP/1.1" 200 28 "http://renault.activities.at/result?searchterm=true&search=ver5" "Mozilla/5.0 (Windows NT 10.0; WOW64; Trident/7.0; rv:11.0) like Gecko"
212.152.158.195 - - [22/Jun/2020:16:20:56 +0200] "GET /reload?ser=1592835656907 HTTP/1.1" 200 28 "http://renault.activities.at/success" "Mozilla/5.0 (Windows NT 10.0; Win64; x64) AppleWebKit/537.36 (KHTML, like Gecko) Chrome/83.0.4103.106 Safari/537.36"
88.116.10.164 - - [22/Jun/2020:16:21:42 +0200] "GET /reload?ser=1592835702137 HTTP/1.1" 200 28 "http://renault.activities.at/result?searchterm=true&search=ver5" "Mozilla/5.0 (Windows NT 10.0; WOW64; Trident/7.0; rv:11.0) like Gecko"
212.152.158.195 - - [22/Jun/2020:16:21:57 +0200] "GET /reload?ser=1592835717905 HTTP/1.1" 200 28 "http://renault.activities.at/success" "Mozilla/5.0 (Windows NT 10.0; Win64; x64) AppleWebKit/537.36 (KHTML, like Gecko) Chrome/83.0.4103.106 Safari/537.36"
88.116.10.164 - - [22/Jun/2020:16:22:43 +0200] "GET /reload?ser=1592835763137 HTTP/1.1" 200 28 "http://renault.activities.at/result?searchterm=true&search=ver5" "Mozilla/5.0 (Windows NT 10.0; WOW64; Trident/7.0; rv:11.0) like Gecko"
212.152.158.195 - - [22/Jun/2020:16:22:58 +0200] "GET /reload?ser=1592835778906 HTTP/1.1" 200 28 "http://renault.activities.at/success" "Mozilla/5.0 (Windows NT 10.0; Win64; x64) AppleWebKit/537.36 (KHTML, like Gecko) Chrome/83.0.4103.106 Safari/537.36"
88.116.10.164 - - [22/Jun/2020:16:23:44 +0200] "GET /reload?ser=1592835824112 HTTP/1.1" 200 28 "http://renault.activities.at/result?searchterm=true&search=ver5" "Mozilla/5.0 (Windows NT 10.0; WOW64; Trident/7.0; rv:11.0) like Gecko"
212.152.158.195 - - [22/Jun/2020:16:23:59 +0200] "GET /reload?ser=1592835839904 HTTP/1.1" 200 28 "http://renault.activities.at/success" "Mozilla/5.0 (Windows NT 10.0; Win64; x64) AppleWebKit/537.36 (KHTML, like Gecko) Chrome/83.0.4103.106 Safari/537.36"
88.116.10.164 - - [22/Jun/2020:16:24:45 +0200] "GET /reload?ser=1592835885074 HTTP/1.1" 200 28 "http://renault.activities.at/result?searchterm=true&search=ver5" "Mozilla/5.0 (Windows NT 10.0; WOW64; Trident/7.0; rv:11.0) like Gecko"
212.152.158.195 - - [22/Jun/2020:16:25:00 +0200] "GET /reload?ser=1592835900906 HTTP/1.1" 200 28 "http://renault.activities.at/success" "Mozilla/5.0 (Windows NT 10.0; Win64; x64) AppleWebKit/537.36 (KHTML, like Gecko) Chrome/83.0.4103.106 Safari/537.36"
88.116.10.164 - - [22/Jun/2020:16:25:46 +0200] "GET /reload?ser=1592835946060 HTTP/1.1" 200 28 "http://renault.activities.at/result?searchterm=true&search=ver5" "Mozilla/5.0 (Windows NT 10.0; WOW64; Trident/7.0; rv:11.0) like Gecko"
88.116.10.164 - - [22/Jun/2020:16:26:47 +0200] "GET /reload?ser=1592836007031 HTTP/1.1" 200 28 "http://renault.activities.at/result?searchterm=true&search=ver5" "Mozilla/5.0 (Windows NT 10.0; WOW64; Trident/7.0; rv:11.0) like Gecko"
88.116.10.164 - - [22/Jun/2020:16:27:48 +0200] "GET /reload?ser=1592836068028 HTTP/1.1" 200 28 "http://renault.activities.at/result?searchterm=true&search=ver5" "Mozilla/5.0 (Windows NT 10.0; WOW64; Trident/7.0; rv:11.0) like Gecko"
66.249.64.143 - - [22/Jun/2020:16:28:44 +0200] "GET /images/favicon.ico HTTP/1.1" 404 305 "-" "Googlebot-Image/1.0"
88.116.10.164 - - [22/Jun/2020:16:28:49 +0200] "GET /reload?ser=1592836129033 HTTP/1.1" 200 28 "http://renault.activities.at/result?searchterm=true&search=ver5" "Mozilla/5.0 (Windows NT 10.0; WOW64; Trident/7.0; rv:11.0) like Gecko"
88.116.10.164 - - [22/Jun/2020:16:29:50 +0200] "GET /reload?ser=1592836190015 HTTP/1.1" 200 28 "http://renault.activities.at/result?searchterm=true&search=ver5" "Mozilla/5.0 (Windows NT 10.0; WOW64; Trident/7.0; rv:11.0) like Gecko"
88.116.10.164 - - [22/Jun/2020:16:30:51 +0200] "GET /reload?ser=1592836250997 HTTP/1.1" 200 28 "http://renault.activities.at/result?searchterm=true&search=ver5" "Mozilla/5.0 (Windows NT 10.0; WOW64; Trident/7.0; rv:11.0) like Gecko"
88.116.10.164 - - [22/Jun/2020:16:31:52 +0200] "GET /reload?ser=1592836312007 HTTP/1.1" 200 28 "http://renault.activities.at/result?searchterm=true&search=ver5" "Mozilla/5.0 (Windows NT 10.0; WOW64; Trident/7.0; rv:11.0) like Gecko"
88.116.10.164 - - [22/Jun/2020:16:32:53 +0200] "GET /reload?ser=1592836373025 HTTP/1.1" 200 28 "http://renault.activities.at/result?searchterm=true&search=ver5" "Mozilla/5.0 (Windows NT 10.0; WOW64; Trident/7.0; rv:11.0) like Gecko"
88.116.10.164 - - [22/Jun/2020:16:33:54 +0200] "GET /reload?ser=1592836434016 HTTP/1.1" 200 28 "http://renault.activities.at/result?searchterm=true&search=ver5" "Mozilla/5.0 (Windows NT 10.0; WOW64; Trident/7.0; rv:11.0) like Gecko"
88.116.10.164 - - [22/Jun/2020:16:34:55 +0200] "GET /reload?ser=1592836495022 HTTP/1.1" 200 28 "http://renault.activities.at/result?searchterm=true&search=ver5" "Mozilla/5.0 (Windows NT 10.0; WOW64; Trident/7.0; rv:11.0) like Gecko"
88.116.10.164 - - [22/Jun/2020:16:35:56 +0200] "GET /reload?ser=1592836556020 HTTP/1.1" 200 28 "http://renault.activities.at/result?searchterm=true&search=ver5" "Mozilla/5.0 (Windows NT 10.0; WOW64; Trident/7.0; rv:11.0) like Gecko"
88.116.10.164 - - [22/Jun/2020:16:36:57 +0200] "GET /reload?ser=1592836617010 HTTP/1.1" 200 28 "http://renault.activities.at/result?searchterm=true&search=ver5" "Mozilla/5.0 (Windows NT 10.0; WOW64; Trident/7.0; rv:11.0) like Gecko"
88.116.10.164 - - [22/Jun/2020:16:37:58 +0200] "GET /reload?ser=1592836677984 HTTP/1.1" 200 28 "http://renault.activities.at/result?searchterm=true&search=ver5" "Mozilla/5.0 (Windows NT 10.0; WOW64; Trident/7.0; rv:11.0) like Gecko"
88.116.10.164 - - [22/Jun/2020:16:38:59 +0200] "GET /reload?ser=1592836738988 HTTP/1.1" 200 28 "http://renault.activities.at/result?searchterm=true&search=ver5" "Mozilla/5.0 (Windows NT 10.0; WOW64; Trident/7.0; rv:11.0) like Gecko"
88.116.10.164 - - [22/Jun/2020:16:40:00 +0200] "GET /reload?ser=1592836799981 HTTP/1.1" 200 28 "http://renault.activities.at/result?searchterm=true&search=ver5" "Mozilla/5.0 (Windows NT 10.0; WOW64; Trident/7.0; rv:11.0) like Gecko"
88.116.10.164 - - [22/Jun/2020:16:41:01 +0200] "GET /reload?ser=1592836860955 HTTP/1.1" 200 28 "http://renault.activities.at/result?searchterm=true&search=ver5" "Mozilla/5.0 (Windows NT 10.0; WOW64; Trident/7.0; rv:11.0) like Gecko"
88.116.10.164 - - [22/Jun/2020:16:42:02 +0200] "GET /reload?ser=1592836921938 HTTP/1.1" 200 28 "http://renault.activities.at/result?searchterm=true&search=ver5" "Mozilla/5.0 (Windows NT 10.0; WOW64; Trident/7.0; rv:11.0) like Gecko"
88.116.10.164 - - [22/Jun/2020:16:43:03 +0200] "GET /reload?ser=1592836982945 HTTP/1.1" 200 28 "http://renault.activities.at/result?searchterm=true&search=ver5" "Mozilla/5.0 (Windows NT 10.0; WOW64; Trident/7.0; rv:11.0) like Gecko"
88.116.10.164 - - [22/Jun/2020:16:44:04 +0200] "GET /reload?ser=1592837043935 HTTP/1.1" 200 28 "http://renault.activities.at/result?searchterm=true&search=ver5" "Mozilla/5.0 (Windows NT 10.0; WOW64; Trident/7.0; rv:11.0) like Gecko"
88.116.10.164 - - [22/Jun/2020:16:45:05 +0200] "GET /reload?ser=1592837104927 HTTP/1.1" 200 28 "http://renault.activities.at/result?searchterm=true&search=ver5" "Mozilla/5.0 (Windows NT 10.0; WOW64; Trident/7.0; rv:11.0) like Gecko"
88.116.10.164 - - [22/Jun/2020:16:46:06 +0200] "GET /reload?ser=1592837165914 HTTP/1.1" 200 28 "http://renault.activities.at/result?searchterm=true&search=ver5" "Mozilla/5.0 (Windows NT 10.0; WOW64; Trident/7.0; rv:11.0) like Gecko"
194.166.102.252 - - [22/Jun/2020:16:53:37 +0200] "GET / HTTP/1.1" 200 3273 "https://www.google.at/" "Mozilla/5.0 (iPhone; CPU iPhone OS 13_5_1 like Mac OS X) AppleWebKit/605.1.15 (KHTML, like Gecko) Version/13.1.1 Mobile/15E148 Safari/604.1"
194.166.102.252 - - [22/Jun/2020:16:53:38 +0200] "GET /js/default.js HTTP/1.1" 200 14698 "http://renault.activities.at/" "Mozilla/5.0 (iPhone; CPU iPhone OS 13_5_1 like Mac OS X) AppleWebKit/605.1.15 (KHTML, like Gecko) Version/13.1.1 Mobile/15E148 Safari/604.1"
194.166.102.252 - - [22/Jun/2020:16:53:38 +0200] "GET /js/flashdetection.js HTTP/1.1" 200 1059 "http://renault.activities.at/" "Mozilla/5.0 (iPhone; CPU iPhone OS 13_5_1 like Mac OS X) AppleWebKit/605.1.15 (KHTML, like Gecko) Version/13.1.1 Mobile/15E148 Safari/604.1"
194.166.102.252 - - [22/Jun/2020:16:53:38 +0200] "GET /css/reset.css HTTP/1.1" 200 1356 "http://renault.activities.at/" "Mozilla/5.0 (iPhone; CPU iPhone OS 13_5_1 like Mac OS X) AppleWebKit/605.1.15 (KHTML, like Gecko) Version/13.1.1 Mobile/15E148 Safari/604.1"
194.166.102.252 - - [22/Jun/2020:16:53:38 +0200] "GET /css/styles.css HTTP/1.1" 200 14664 "http://renault.activities.at/" "Mozilla/5.0 (iPhone; CPU iPhone OS 13_5_1 like Mac OS X) AppleWebKit/605.1.15 (KHTML, like Gecko) Version/13.1.1 Mobile/15E148 Safari/604.1"
194.166.102.252 - - [22/Jun/2020:16:53:38 +0200] "GET /css/clears.css HTTP/1.1" 200 851 "http://renault.activities.at/" "Mozilla/5.0 (iPhone; CPU iPhone OS 13_5_1 like Mac OS X) AppleWebKit/605.1.15 (KHTML, like Gecko) Version/13.1.1 Mobile/15E148 Safari/604.1"
194.166.102.252 - - [22/Jun/2020:16:53:38 +0200] "GET /js/checkout.css HTTP/1.1" 200 359 "http://renault.activities.at/" "Mozilla/5.0 (iPhone; CPU iPhone OS 13_5_1 like Mac OS X) AppleWebKit/605.1.15 (KHTML, like Gecko) Version/13.1.1 Mobile/15E148 Safari/604.1"
194.166.102.252 - - [22/Jun/2020:16:53:38 +0200] "GET /css/prototip.css HTTP/1.1" 200 968 "http://renault.activities.at/" "Mozilla/5.0 (iPhone; CPU iPhone OS 13_5_1 like Mac OS X) AppleWebKit/605.1.15 (KHTML, like Gecko) Version/13.1.1 Mobile/15E148 Safari/604.1"
194.166.102.252 - - [22/Jun/2020:16:53:38 +0200] "GET /css/themes/default.css HTTP/1.1" 200 769 "http://renault.activities.at/" "Mozilla/5.0 (iPhone; CPU iPhone OS 13_5_1 like Mac OS X) AppleWebKit/605.1.15 (KHTML, like Gecko) Version/13.1.1 Mobile/15E148 Safari/604.1"
194.166.102.252 - - [22/Jun/2020:16:53:38 +0200] "GET /css/themes/alphacube.css HTTP/1.1" 200 743 "http://renault.activities.at/" "Mozilla/5.0 (iPhone; CPU iPhone OS 13_5_1 like Mac OS X) AppleWebKit/605.1.15 (KHTML, like Gecko) Version/13.1.1 Mobile/15E148 Safari/604.1"
194.166.102.252 - - [22/Jun/2020:16:53:38 +0200] "GET /js/index.php?c=auto&f=,prototype/prototype.js,prototype/validation.js,scriptaculous/builder.js,scriptaculous/effects.js,scriptaculous/dragdrop.js,scriptaculous/controls.js,scriptaculous/slider.js,varien/js.js,varien/form.js,varien/menu.js,mage/translate.js,mage/cookies.js,varien/product.js,spinner/SpinnerControl.jsmin.js,prototype/window.js,prototype/window_ext.js HTTP/1.1" 200 94182 "http://renault.activities.at/" "Mozilla/5.0 (iPhone; CPU iPhone OS 13_5_1 like Mac OS X) AppleWebKit/605.1.15 (KHTML, like Gecko) Version/13.1.1 Mobile/15E148 Safari/604.1"
194.166.102.252 - - [22/Jun/2020:16:53:38 +0200] "GET /css/print.css HTTP/1.1" 200 543 "http://renault.activities.at/" "Mozilla/5.0 (iPhone; CPU iPhone OS 13_5_1 like Mac OS X) AppleWebKit/605.1.15 (KHTML, like Gecko) Version/13.1.1 Mobile/15E148 Safari/604.1"
194.166.102.252 - - [22/Jun/2020:16:53:38 +0200] "GET /images/main_block_border.gif HTTP/1.1" 200 43 "http://renault.activities.at/" "Mozilla/5.0 (iPhone; CPU iPhone OS 13_5_1 like Mac OS X) AppleWebKit/605.1.15 (KHTML, like Gecko) Version/13.1.1 Mobile/15E148 Safari/604.1"
194.166.102.252 - - [22/Jun/2020:16:53:38 +0200] "GET /images/main_block_corner_left_bot.gif HTTP/1.1" 200 159 "http://renault.activities.at/" "Mozilla/5.0 (iPhone; CPU iPhone OS 13_5_1 like Mac OS X) AppleWebKit/605.1.15 (KHTML, like Gecko) Version/13.1.1 Mobile/15E148 Safari/604.1"
194.166.102.252 - - [22/Jun/2020:16:53:38 +0200] "GET /images/main_block_corner_right_bot.gif HTTP/1.1" 200 158 "http://renault.activities.at/" "Mozilla/5.0 (iPhone; CPU iPhone OS 13_5_1 like Mac OS X) AppleWebKit/605.1.15 (KHTML, like Gecko) Version/13.1.1 Mobile/15E148 Safari/604.1"
194.166.102.252 - - [22/Jun/2020:16:53:38 +0200] "GET /images/header_block_border.gif HTTP/1.1" 200 43 "http://renault.activities.at/" "Mozilla/5.0 (iPhone; CPU iPhone OS 13_5_1 like Mac OS X) AppleWebKit/605.1.15 (KHTML, like Gecko) Version/13.1.1 Mobile/15E148 Safari/604.1"
194.166.102.252 - - [22/Jun/2020:16:53:38 +0200] "GET /images/header_block_corner_left_top.gif HTTP/1.1" 200 160 "http://renault.activities.at/" "Mozilla/5.0 (iPhone; CPU iPhone OS 13_5_1 like Mac OS X) AppleWebKit/605.1.15 (KHTML, like Gecko) Version/13.1.1 Mobile/15E148 Safari/604.1"
194.166.102.252 - - [22/Jun/2020:16:53:38 +0200] "GET /images/header_block_corner_right_top.gif HTTP/1.1" 200 160 "http://renault.activities.at/" "Mozilla/5.0 (iPhone; CPU iPhone OS 13_5_1 like Mac OS X) AppleWebKit/605.1.15 (KHTML, like Gecko) Version/13.1.1 Mobile/15E148 Safari/604.1"
194.166.102.252 - - [22/Jun/2020:16:53:38 +0200] "GET /images/main_block_corner_left_top.gif HTTP/1.1" 200 159 "http://renault.activities.at/" "Mozilla/5.0 (iPhone; CPU iPhone OS 13_5_1 like Mac OS X) AppleWebKit/605.1.15 (KHTML, like Gecko) Version/13.1.1 Mobile/15E148 Safari/604.1"
194.166.102.252 - - [22/Jun/2020:16:53:38 +0200] "GET /images/main_block_corner_right_top.gif HTTP/1.1" 200 159 "http://renault.activities.at/" "Mozilla/5.0 (iPhone; CPU iPhone OS 13_5_1 like Mac OS X) AppleWebKit/605.1.15 (KHTML, like Gecko) Version/13.1.1 Mobile/15E148 Safari/604.1"
194.166.102.252 - - [22/Jun/2020:16:53:38 +0200] "GET /images/title_border.jpg HTTP/1.1" 200 304 "http://renault.activities.at/" "Mozilla/5.0 (iPhone; CPU iPhone OS 13_5_1 like Mac OS X) AppleWebKit/605.1.15 (KHTML, like Gecko) Version/13.1.1 Mobile/15E148 Safari/604.1"
194.166.102.252 - - [22/Jun/2020:16:53:38 +0200] "GET /images/title_border_top.jpg HTTP/1.1" 200 336 "http://renault.activities.at/" "Mozilla/5.0 (iPhone; CPU iPhone OS 13_5_1 like Mac OS X) AppleWebKit/605.1.15 (KHTML, like Gecko) Version/13.1.1 Mobile/15E148 Safari/604.1"
194.166.102.252 - - [22/Jun/2020:16:53:38 +0200] "GET /images/title_corner_left_top.jpg HTTP/1.1" 200 372 "http://renault.activities.at/" "Mozilla/5.0 (iPhone; CPU iPhone OS 13_5_1 like Mac OS X) AppleWebKit/605.1.15 (KHTML, like Gecko) Version/13.1.1 Mobile/15E148 Safari/604.1"
194.166.102.252 - - [22/Jun/2020:16:53:38 +0200] "GET /images/title_corner_right_top.jpg HTTP/1.1" 200 389 "http://renault.activities.at/" "Mozilla/5.0 (iPhone; CPU iPhone OS 13_5_1 like Mac OS X) AppleWebKit/605.1.15 (KHTML, like Gecko) Version/13.1.1 Mobile/15E148 Safari/604.1"
194.166.102.252 - - [22/Jun/2020:16:53:38 +0200] "GET /loadthumbnail.php?id=11127982 HTTP/1.1" 200 399614 "http://renault.activities.at/" "Mozilla/5.0 (iPhone; CPU iPhone OS 13_5_1 like Mac OS X) AppleWebKit/605.1.15 (KHTML, like Gecko) Version/13.1.1 Mobile/15E148 Safari/604.1"
194.166.102.252 - - [22/Jun/2020:16:53:42 +0200] "GET /images/favicon.ico HTTP/1.1" 404 305 "http://renault.activities.at/" "Mozilla/5.0 (iPhone; CPU iPhone OS 13_5_1 like Mac OS X) AppleWebKit/605.1.15 (KHTML, like Gecko) Version/13.1.1 Mobile/15E148 Safari/604.1"
88.116.50.238 - - [22/Jun/2020:17:38:47 +0200] "GET /account HTTP/1.1" 302 150 "-" "Mozilla/5.0 (Windows NT 10.0; Win64; x64) AppleWebKit/537.36 (KHTML, like Gecko) Chrome/83.0.4103.106 Safari/537.36"
88.116.50.238 - - [22/Jun/2020:17:38:48 +0200] "GET /login?required=true HTTP/1.1" 200 2085 "-" "Mozilla/5.0 (Windows NT 10.0; Win64; x64) AppleWebKit/537.36 (KHTML, like Gecko) Chrome/83.0.4103.106 Safari/537.36"
18.237.215.68 - - [22/Jun/2020:17:40:45 +0200] "GET /account HTTP/1.1" 302 163 "-" "Mozilla/5.0 (Windows NT 6.1; Win64; x64) AppleWebKit/537.36 (KHTML, like Gecko) Chrome/72.0.3626.109 Safari/537.36"
18.237.215.68 - - [22/Jun/2020:17:40:46 +0200] "GET /login?required=true HTTP/1.1" 200 7269 "-" "Mozilla/5.0 (Windows NT 6.1; Win64; x64) AppleWebKit/537.36 (KHTML, like Gecko) Chrome/72.0.3626.109 Safari/537.36"
207.46.13.7 - - [22/Jun/2020:21:27:47 +0200] "GET /10260003?cat=10260300 HTTP/1.1" 200 6360 "-" "Mozilla/5.0 (compatible; bingbot/2.0; +http://www.bing.com/bingbot.htm)"
207.46.13.198 - - [22/Jun/2020:22:57:55 +0200] "GET /10260003?dir=DESC&mode=list&order=name&limit=10&detail=11059213 HTTP/1.1" 200 3334 "-" "Mozilla/5.0 (compatible; bingbot/2.0; +http://www.bing.com/bingbot.htm)"
207.46.13.93 - - [23/Jun/2020:00:29:02 +0200] "GET /10227785?mode=list HTTP/1.1" 200 3839 "-" "Mozilla/5.0 (compatible; bingbot/2.0; +http://www.bing.com/bingbot.htm)"
157.55.39.160 - - [23/Jun/2020:01:51:53 +0200] "GET /login HTTP/1.1" 200 2085 "-" "Mozilla/5.0 (compatible; bingbot/2.0; +http://www.bing.com/bingbot.htm)"