91.113.144.26 - - [09/Jul/2020:09:43:06 +0200] "GET /images/nav_divider.gif HTTP/1.1" 304 - "http://renault.activities.at/result?searchterm=true&search=twingo" "Mozilla/5.0 (Windows NT 6.3; WOW64; Trident/7.0; rv:11.0) like Gecko"
91.113.144.26 - - [09/Jul/2020:09:43:06 +0200] "GET /images/button_left_bg.gif HTTP/1.1" 304 - "http://renault.activities.at/result?searchterm=true&search=twingo" "Mozilla/5.0 (Windows NT 6.3; WOW64; Trident/7.0; rv:11.0) like Gecko"
91.113.144.26 - - [09/Jul/2020:09:43:06 +0200] "GET /images/button_bg.gif HTTP/1.1" 304 - "http://renault.activities.at/result?searchterm=true&search=twingo" "Mozilla/5.0 (Windows NT 6.3; WOW64; Trident/7.0; rv:11.0) like Gecko"
91.113.144.26 - - [09/Jul/2020:09:43:06 +0200] "GET /images/sidebar_title_border_top.gif HTTP/1.1" 304 - "http://renault.activities.at/result?searchterm=true&search=twingo" "Mozilla/5.0 (Windows NT 6.3; WOW64; Trident/7.0; rv:11.0) like Gecko"
91.113.144.26 - - [09/Jul/2020:09:43:06 +0200] "GET /images/menu_button_bg.jpg HTTP/1.1" 304 - "http://renault.activities.at/result?searchterm=true&search=twingo" "Mozilla/5.0 (Windows NT 6.3; WOW64; Trident/7.0; rv:11.0) like Gecko"
91.113.144.26 - - [09/Jul/2020:09:43:06 +0200] "GET /images/title_border.jpg HTTP/1.1" 304 - "http://renault.activities.at/result?searchterm=true&search=twingo" "Mozilla/5.0 (Windows NT 6.3; WOW64; Trident/7.0; rv:11.0) like Gecko"
91.113.144.26 - - [09/Jul/2020:09:43:06 +0200] "GET /images/title_corner_right_top.jpg HTTP/1.1" 304 - "http://renault.activities.at/result?searchterm=true&search=twingo" "Mozilla/5.0 (Windows NT 6.3; WOW64; Trident/7.0; rv:11.0) like Gecko"
91.113.144.26 - - [09/Jul/2020:09:43:06 +0200] "GET /images/pager_bg.gif HTTP/1.1" 304 - "http://renault.activities.at/result?searchterm=true&search=twingo" "Mozilla/5.0 (Windows NT 6.3; WOW64; Trident/7.0; rv:11.0) like Gecko"
212.152.229.244 - - [09/Jul/2020:09:43:05 +0200] "GET /reload?ser=1594280585122 HTTP/1.1" 200 28 "http://renault.activities.at/checkout" "Mozilla/5.0 (Windows NT 10.0; Win64; x64) AppleWebKit/537.36 (KHTML, like Gecko) Chrome/83.0.4103.116 Safari/537.36"
93.83.167.218 - - [09/Jul/2020:09:43:37 +0200] "GET /reload?ser=1594280617714 HTTP/1.1" 200 28 "http://renault.activities.at/login" "Mozilla/5.0 (Windows NT 6.3; WOW64; Trident/7.0; rv:11.0) like Gecko"
91.113.144.26 - - [09/Jul/2020:09:44:06 +0200] "GET /reload?ser=1594280646495 HTTP/1.1" 200 28 "http://renault.activities.at/result?searchterm=true&search=twingo" "Mozilla/5.0 (Windows NT 6.3; WOW64; Trident/7.0; rv:11.0) like Gecko"
212.152.229.244 - - [09/Jul/2020:09:44:06 +0200] "GET /reload?ser=1594280646105 HTTP/1.1" 200 28 "http://renault.activities.at/checkout" "Mozilla/5.0 (Windows NT 10.0; Win64; x64) AppleWebKit/537.36 (KHTML, like Gecko) Chrome/83.0.4103.116 Safari/537.36"
93.83.167.218 - - [09/Jul/2020:09:44:38 +0200] "GET /reload?ser=1594280678365 HTTP/1.1" 200 28 "http://renault.activities.at/login" "Mozilla/5.0 (Windows NT 6.3; WOW64; Trident/7.0; rv:11.0) like Gecko"
91.113.144.26 - - [09/Jul/2020:09:45:07 +0200] "GET /reload?ser=1594280707516 HTTP/1.1" 200 28 "http://renault.activities.at/result?searchterm=true&search=twingo" "Mozilla/5.0 (Windows NT 6.3; WOW64; Trident/7.0; rv:11.0) like Gecko"
212.152.229.244 - - [09/Jul/2020:09:45:07 +0200] "GET /reload?ser=1594280707106 HTTP/1.1" 200 28 "http://renault.activities.at/checkout" "Mozilla/5.0 (Windows NT 10.0; Win64; x64) AppleWebKit/537.36 (KHTML, like Gecko) Chrome/83.0.4103.116 Safari/537.36"
93.83.167.218 - - [09/Jul/2020:09:45:39 +0200] "GET /reload?ser=1594280739015 HTTP/1.1" 200 28 "http://renault.activities.at/login" "Mozilla/5.0 (Windows NT 6.3; WOW64; Trident/7.0; rv:11.0) like Gecko"
91.113.144.26 - - [09/Jul/2020:09:46:08 +0200] "GET /reload?ser=1594280768520 HTTP/1.1" 200 28 "http://renault.activities.at/result?searchterm=true&search=twingo" "Mozilla/5.0 (Windows NT 6.3; WOW64; Trident/7.0; rv:11.0) like Gecko"
212.152.229.244 - - [09/Jul/2020:09:46:08 +0200] "GET /reload?ser=1594280768096 HTTP/1.1" 200 28 "http://renault.activities.at/checkout" "Mozilla/5.0 (Windows NT 10.0; Win64; x64) AppleWebKit/537.36 (KHTML, like Gecko) Chrome/83.0.4103.116 Safari/537.36"
93.83.167.218 - - [09/Jul/2020:09:46:39 +0200] "GET /reload?ser=1594280799662 HTTP/1.1" 200 28 "http://renault.activities.at/login" "Mozilla/5.0 (Windows NT 6.3; WOW64; Trident/7.0; rv:11.0) like Gecko"
91.113.144.26 - - [09/Jul/2020:09:47:09 +0200] "GET /reload?ser=1594280829519 HTTP/1.1" 200 28 "http://renault.activities.at/result?searchterm=true&search=twingo" "Mozilla/5.0 (Windows NT 6.3; WOW64; Trident/7.0; rv:11.0) like Gecko"
212.152.229.244 - - [09/Jul/2020:09:47:09 +0200] "GET /reload?ser=1594280829110 HTTP/1.1" 200 28 "http://renault.activities.at/checkout" "Mozilla/5.0 (Windows NT 10.0; Win64; x64) AppleWebKit/537.36 (KHTML, like Gecko) Chrome/83.0.4103.116 Safari/537.36"
93.83.167.218 - - [09/Jul/2020:09:47:40 +0200] "GET /reload?ser=1594280860308 HTTP/1.1" 200 28 "http://renault.activities.at/login" "Mozilla/5.0 (Windows NT 6.3; WOW64; Trident/7.0; rv:11.0) like Gecko"
91.113.144.26 - - [09/Jul/2020:09:48:10 +0200] "GET /reload?ser=1594280890525 HTTP/1.1" 200 28 "http://renault.activities.at/result?searchterm=true&search=twingo" "Mozilla/5.0 (Windows NT 6.3; WOW64; Trident/7.0; rv:11.0) like Gecko"
212.152.229.244 - - [09/Jul/2020:09:48:10 +0200] "GET /reload?ser=1594280890108 HTTP/1.1" 200 28 "http://renault.activities.at/checkout" "Mozilla/5.0 (Windows NT 10.0; Win64; x64) AppleWebKit/537.36 (KHTML, like Gecko) Chrome/83.0.4103.116 Safari/537.36"
93.83.167.218 - - [09/Jul/2020:09:48:40 +0200] "GET /reload?ser=1594280920941 HTTP/1.1" 200 28 "http://renault.activities.at/login" "Mozilla/5.0 (Windows NT 6.3; WOW64; Trident/7.0; rv:11.0) like Gecko"
91.113.144.26 - - [09/Jul/2020:09:49:11 +0200] "GET /reload?ser=1594280951584 HTTP/1.1" 200 28 "http://renault.activities.at/result?searchterm=true&search=twingo" "Mozilla/5.0 (Windows NT 6.3; WOW64; Trident/7.0; rv:11.0) like Gecko"
212.152.229.244 - - [09/Jul/2020:09:49:11 +0200] "GET /reload?ser=1594280951110 HTTP/1.1" 200 28 "http://renault.activities.at/checkout" "Mozilla/5.0 (Windows NT 10.0; Win64; x64) AppleWebKit/537.36 (KHTML, like Gecko) Chrome/83.0.4103.116 Safari/537.36"
40.77.167.147 - - [09/Jul/2020:09:49:12 +0200] "GET /10260004 HTTP/1.1" 200 6261 "-" "Mozilla/5.0 (compatible; bingbot/2.0; +http://www.bing.com/bingbot.htm)"
93.83.167.218 - - [09/Jul/2020:09:49:41 +0200] "GET /reload?ser=1594280981591 HTTP/1.1" 200 28 "http://renault.activities.at/login" "Mozilla/5.0 (Windows NT 6.3; WOW64; Trident/7.0; rv:11.0) like Gecko"
91.113.144.26 - - [09/Jul/2020:09:50:12 +0200] "GET /reload?ser=1594281012546 HTTP/1.1" 200 28 "http://renault.activities.at/result?searchterm=true&search=twingo" "Mozilla/5.0 (Windows NT 6.3; WOW64; Trident/7.0; rv:11.0) like Gecko"
212.152.229.244 - - [09/Jul/2020:09:50:12 +0200] "GET /reload?ser=1594281012109 HTTP/1.1" 200 28 "http://renault.activities.at/checkout" "Mozilla/5.0 (Windows NT 10.0; Win64; x64) AppleWebKit/537.36 (KHTML, like Gecko) Chrome/83.0.4103.116 Safari/537.36"
93.83.167.218 - - [09/Jul/2020:09:50:42 +0200] "GET /reload?ser=1594281042227 HTTP/1.1" 200 28 "http://renault.activities.at/login" "Mozilla/5.0 (Windows NT 6.3; WOW64; Trident/7.0; rv:11.0) like Gecko"
91.113.144.26 - - [09/Jul/2020:09:51:13 +0200] "GET /reload?ser=1594281073486 HTTP/1.1" 200 28 "http://renault.activities.at/result?searchterm=true&search=twingo" "Mozilla/5.0 (Windows NT 6.3; WOW64; Trident/7.0; rv:11.0) like Gecko"
212.152.229.244 - - [09/Jul/2020:09:51:13 +0200] "GET /reload?ser=1594281073107 HTTP/1.1" 200 28 "http://renault.activities.at/checkout" "Mozilla/5.0 (Windows NT 10.0; Win64; x64) AppleWebKit/537.36 (KHTML, like Gecko) Chrome/83.0.4103.116 Safari/537.36"
93.83.167.218 - - [09/Jul/2020:09:51:42 +0200] "GET /reload?ser=1594281102837 HTTP/1.1" 200 28 "http://renault.activities.at/login" "Mozilla/5.0 (Windows NT 6.3; WOW64; Trident/7.0; rv:11.0) like Gecko"
91.113.144.26 - - [09/Jul/2020:09:52:14 +0200] "GET /reload?ser=1594281134442 HTTP/1.1" 200 28 "http://renault.activities.at/result?searchterm=true&search=twingo" "Mozilla/5.0 (Windows NT 6.3; WOW64; Trident/7.0; rv:11.0) like Gecko"
212.152.229.244 - - [09/Jul/2020:09:52:14 +0200] "GET /reload?ser=1594281134106 HTTP/1.1" 200 28 "http://renault.activities.at/checkout" "Mozilla/5.0 (Windows NT 10.0; Win64; x64) AppleWebKit/537.36 (KHTML, like Gecko) Chrome/83.0.4103.116 Safari/537.36"
93.83.167.218 - - [09/Jul/2020:09:52:43 +0200] "GET /reload?ser=1594281163468 HTTP/1.1" 200 28 "http://renault.activities.at/login" "Mozilla/5.0 (Windows NT 6.3; WOW64; Trident/7.0; rv:11.0) like Gecko"
91.113.144.26 - - [09/Jul/2020:09:53:15 +0200] "GET /reload?ser=1594281195380 HTTP/1.1" 200 28 "http://renault.activities.at/result?searchterm=true&search=twingo" "Mozilla/5.0 (Windows NT 6.3; WOW64; Trident/7.0; rv:11.0) like Gecko"
212.152.229.244 - - [09/Jul/2020:09:53:15 +0200] "GET /reload?ser=1594281195104 HTTP/1.1" 200 28 "http://renault.activities.at/checkout" "Mozilla/5.0 (Windows NT 10.0; Win64; x64) AppleWebKit/537.36 (KHTML, like Gecko) Chrome/83.0.4103.116 Safari/537.36"
93.83.167.218 - - [09/Jul/2020:09:53:44 +0200] "GET /reload?ser=1594281224113 HTTP/1.1" 200 28 "http://renault.activities.at/login" "Mozilla/5.0 (Windows NT 6.3; WOW64; Trident/7.0; rv:11.0) like Gecko"
212.152.229.244 - - [09/Jul/2020:09:53:54 +0200] "GET /logout HTTP/1.1" 302 140 "http://renault.activities.at/checkout" "Mozilla/5.0 (Windows NT 10.0; Win64; x64) AppleWebKit/537.36 (KHTML, like Gecko) Chrome/83.0.4103.116 Safari/537.36"
212.152.229.244 - - [09/Jul/2020:09:53:55 +0200] "GET /logout HTTP/1.1" 200 1583 "http://renault.activities.at/checkout" "Mozilla/5.0 (Windows NT 10.0; Win64; x64) AppleWebKit/537.36 (KHTML, like Gecko) Chrome/83.0.4103.116 Safari/537.36"
212.152.229.244 - - [09/Jul/2020:09:54:01 +0200] "GET / HTTP/1.1" 200 3273 "http://renault.activities.at/logout" "Mozilla/5.0 (Windows NT 10.0; Win64; x64) AppleWebKit/537.36 (KHTML, like Gecko) Chrome/83.0.4103.116 Safari/537.36"
91.113.144.26 - - [09/Jul/2020:09:54:16 +0200] "GET /reload?ser=1594281256355 HTTP/1.1" 200 28 "http://renault.activities.at/result?searchterm=true&search=twingo" "Mozilla/5.0 (Windows NT 6.3; WOW64; Trident/7.0; rv:11.0) like Gecko"
93.83.167.218 - - [09/Jul/2020:09:54:44 +0200] "GET /reload?ser=1594281284747 HTTP/1.1" 200 28 "http://renault.activities.at/login" "Mozilla/5.0 (Windows NT 6.3; WOW64; Trident/7.0; rv:11.0) like Gecko"
212.152.229.244 - - [09/Jul/2020:09:55:03 +0200] "GET /reload?ser=1594281303097 HTTP/1.1" 200 28 "http://renault.activities.at/" "Mozilla/5.0 (Windows NT 10.0; Win64; x64) AppleWebKit/537.36 (KHTML, like Gecko) Chrome/83.0.4103.116 Safari/537.36"
91.113.144.26 - - [09/Jul/2020:09:55:17 +0200] "GET /reload?ser=1594281317338 HTTP/1.1" 200 28 "http://renault.activities.at/result?searchterm=true&search=twingo" "Mozilla/5.0 (Windows NT 6.3; WOW64; Trident/7.0; rv:11.0) like Gecko"
93.83.167.218 - - [09/Jul/2020:09:55:45 +0200] "GET /reload?ser=1594281345373 HTTP/1.1" 200 28 "http://renault.activities.at/login" "Mozilla/5.0 (Windows NT 6.3; WOW64; Trident/7.0; rv:11.0) like Gecko"
212.152.229.244 - - [09/Jul/2020:09:56:04 +0200] "GET /reload?ser=1594281364097 HTTP/1.1" 200 28 "http://renault.activities.at/" "Mozilla/5.0 (Windows NT 10.0; Win64; x64) AppleWebKit/537.36 (KHTML, like Gecko) Chrome/83.0.4103.116 Safari/537.36"
91.113.144.26 - - [09/Jul/2020:09:56:18 +0200] "GET /reload?ser=1594281378313 HTTP/1.1" 200 28 "http://renault.activities.at/result?searchterm=true&search=twingo" "Mozilla/5.0 (Windows NT 6.3; WOW64; Trident/7.0; rv:11.0) like Gecko"
93.83.167.218 - - [09/Jul/2020:09:56:46 +0200] "GET /reload?ser=1594281406006 HTTP/1.1" 200 28 "http://renault.activities.at/login" "Mozilla/5.0 (Windows NT 6.3; WOW64; Trident/7.0; rv:11.0) like Gecko"
212.152.229.244 - - [09/Jul/2020:09:57:05 +0200] "GET /reload?ser=1594281425097 HTTP/1.1" 200 28 "http://renault.activities.at/" "Mozilla/5.0 (Windows NT 10.0; Win64; x64) AppleWebKit/537.36 (KHTML, like Gecko) Chrome/83.0.4103.116 Safari/537.36"
91.113.144.26 - - [09/Jul/2020:09:57:19 +0200] "GET /reload?ser=1594281439306 HTTP/1.1" 200 28 "http://renault.activities.at/result?searchterm=true&search=twingo" "Mozilla/5.0 (Windows NT 6.3; WOW64; Trident/7.0; rv:11.0) like Gecko"
93.83.167.218 - - [09/Jul/2020:09:57:46 +0200] "GET /reload?ser=1594281466658 HTTP/1.1" 200 28 "http://renault.activities.at/login" "Mozilla/5.0 (Windows NT 6.3; WOW64; Trident/7.0; rv:11.0) like Gecko"
212.152.229.244 - - [09/Jul/2020:09:58:06 +0200] "GET /reload?ser=1594281486097 HTTP/1.1" 200 28 "http://renault.activities.at/" "Mozilla/5.0 (Windows NT 10.0; Win64; x64) AppleWebKit/537.36 (KHTML, like Gecko) Chrome/83.0.4103.116 Safari/537.36"
91.113.144.26 - - [09/Jul/2020:09:58:20 +0200] "GET /reload?ser=1594281500275 HTTP/1.1" 200 28 "http://renault.activities.at/result?searchterm=true&search=twingo" "Mozilla/5.0 (Windows NT 6.3; WOW64; Trident/7.0; rv:11.0) like Gecko"
212.152.229.244 - - [09/Jul/2020:09:59:08 +0200] "GET /reload?ser=1594281547107 HTTP/1.1" 200 28 "http://renault.activities.at/" "Mozilla/5.0 (Windows NT 10.0; Win64; x64) AppleWebKit/537.36 (KHTML, like Gecko) Chrome/83.0.4103.116 Safari/537.36"
91.113.144.26 - - [09/Jul/2020:09:59:21 +0200] "GET /reload?ser=1594281561236 HTTP/1.1" 200 28 "http://renault.activities.at/result?searchterm=true&search=twingo" "Mozilla/5.0 (Windows NT 6.3; WOW64; Trident/7.0; rv:11.0) like Gecko"
212.152.229.244 - - [09/Jul/2020:10:00:08 +0200] "GET /reload?ser=1594281608097 HTTP/1.1" 200 28 "http://renault.activities.at/" "Mozilla/5.0 (Windows NT 10.0; Win64; x64) AppleWebKit/537.36 (KHTML, like Gecko) Chrome/83.0.4103.116 Safari/537.36"
212.152.229.244 - - [09/Jul/2020:10:01:10 +0200] "GET /reload?ser=1594281669103 HTTP/1.1" 200 28 "http://renault.activities.at/" "Mozilla/5.0 (Windows NT 10.0; Win64; x64) AppleWebKit/537.36 (KHTML, like Gecko) Chrome/83.0.4103.116 Safari/537.36"
77.220.109.61 - - [09/Jul/2020:10:01:19 +0200] "GET / HTTP/1.1" 200 3285 "-" "Mozilla/5.0 (Macintosh; Intel Mac OS X 10_15_5) AppleWebKit/605.1.15 (KHTML, like Gecko) Version/13.1.1 Safari/605.1.15"
77.220.109.61 - - [09/Jul/2020:10:01:20 +0200] "GET /js/flashdetection.js HTTP/1.1" 200 1059 "http://renault.2web.at/" "Mozilla/5.0 (Macintosh; Intel Mac OS X 10_15_5) AppleWebKit/605.1.15 (KHTML, like Gecko) Version/13.1.1 Safari/605.1.15"
77.220.109.61 - - [09/Jul/2020:10:01:20 +0200] "GET /css/reset.css HTTP/1.1" 200 1356 "http://renault.2web.at/" "Mozilla/5.0 (Macintosh; Intel Mac OS X 10_15_5) AppleWebKit/605.1.15 (KHTML, like Gecko) Version/13.1.1 Safari/605.1.15"
77.220.109.61 - - [09/Jul/2020:10:01:20 +0200] "GET /css/clears.css HTTP/1.1" 200 851 "http://renault.2web.at/" "Mozilla/5.0 (Macintosh; Intel Mac OS X 10_15_5) AppleWebKit/605.1.15 (KHTML, like Gecko) Version/13.1.1 Safari/605.1.15"
77.220.109.61 - - [09/Jul/2020:10:01:20 +0200] "GET /js/default.js HTTP/1.1" 200 14698 "http://renault.2web.at/" "Mozilla/5.0 (Macintosh; Intel Mac OS X 10_15_5) AppleWebKit/605.1.15 (KHTML, like Gecko) Version/13.1.1 Safari/605.1.15"
77.220.109.61 - - [09/Jul/2020:10:01:20 +0200] "GET /js/checkout.css HTTP/1.1" 200 359 "http://renault.2web.at/" "Mozilla/5.0 (Macintosh; Intel Mac OS X 10_15_5) AppleWebKit/605.1.15 (KHTML, like Gecko) Version/13.1.1 Safari/605.1.15"
77.220.109.61 - - [09/Jul/2020:10:01:20 +0200] "GET /css/styles.css HTTP/1.1" 200 14664 "http://renault.2web.at/" "Mozilla/5.0 (Macintosh; Intel Mac OS X 10_15_5) AppleWebKit/605.1.15 (KHTML, like Gecko) Version/13.1.1 Safari/605.1.15"
77.220.109.61 - - [09/Jul/2020:10:01:20 +0200] "GET /css/prototip.css HTTP/1.1" 200 968 "http://renault.2web.at/" "Mozilla/5.0 (Macintosh; Intel Mac OS X 10_15_5) AppleWebKit/605.1.15 (KHTML, like Gecko) Version/13.1.1 Safari/605.1.15"
77.220.109.61 - - [09/Jul/2020:10:01:20 +0200] "GET /css/themes/default.css HTTP/1.1" 200 769 "http://renault.2web.at/" "Mozilla/5.0 (Macintosh; Intel Mac OS X 10_15_5) AppleWebKit/605.1.15 (KHTML, like Gecko) Version/13.1.1 Safari/605.1.15"
77.220.109.61 - - [09/Jul/2020:10:01:20 +0200] "GET /css/themes/alphacube.css HTTP/1.1" 200 743 "http://renault.2web.at/" "Mozilla/5.0 (Macintosh; Intel Mac OS X 10_15_5) AppleWebKit/605.1.15 (KHTML, like Gecko) Version/13.1.1 Safari/605.1.15"
77.220.109.61 - - [09/Jul/2020:10:01:20 +0200] "GET /js/index.php?c=auto&f=,prototype/prototype.js,prototype/validation.js,scriptaculous/builder.js,scriptaculous/effects.js,scriptaculous/dragdrop.js,scriptaculous/controls.js,scriptaculous/slider.js,varien/js.js,varien/form.js,varien/menu.js,mage/translate.js,mage/cookies.js,varien/product.js,spinner/SpinnerControl.jsmin.js,prototype/window.js,prototype/window_ext.js HTTP/1.1" 200 94182 "http://renault.2web.at/" "Mozilla/5.0 (Macintosh; Intel Mac OS X 10_15_5) AppleWebKit/605.1.15 (KHTML, like Gecko) Version/13.1.1 Safari/605.1.15"
77.220.109.61 - - [09/Jul/2020:10:01:20 +0200] "GET /css/print.css HTTP/1.1" 200 543 "http://renault.2web.at/" "Mozilla/5.0 (Macintosh; Intel Mac OS X 10_15_5) AppleWebKit/605.1.15 (KHTML, like Gecko) Version/13.1.1 Safari/605.1.15"
77.220.109.61 - - [09/Jul/2020:10:01:20 +0200] "GET /images/main_block_border.gif HTTP/1.1" 200 43 "http://renault.2web.at/" "Mozilla/5.0 (Macintosh; Intel Mac OS X 10_15_5) AppleWebKit/605.1.15 (KHTML, like Gecko) Version/13.1.1 Safari/605.1.15"
77.220.109.61 - - [09/Jul/2020:10:01:20 +0200] "GET /images/main_block_corner_left_bot.gif HTTP/1.1" 200 159 "http://renault.2web.at/" "Mozilla/5.0 (Macintosh; Intel Mac OS X 10_15_5) AppleWebKit/605.1.15 (KHTML, like Gecko) Version/13.1.1 Safari/605.1.15"
77.220.109.61 - - [09/Jul/2020:10:01:20 +0200] "GET /images/main_block_corner_right_bot.gif HTTP/1.1" 200 158 "http://renault.2web.at/" "Mozilla/5.0 (Macintosh; Intel Mac OS X 10_15_5) AppleWebKit/605.1.15 (KHTML, like Gecko) Version/13.1.1 Safari/605.1.15"
77.220.109.61 - - [09/Jul/2020:10:01:20 +0200] "GET /images/header_block_border.gif HTTP/1.1" 200 43 "http://renault.2web.at/" "Mozilla/5.0 (Macintosh; Intel Mac OS X 10_15_5) AppleWebKit/605.1.15 (KHTML, like Gecko) Version/13.1.1 Safari/605.1.15"
77.220.109.61 - - [09/Jul/2020:10:01:20 +0200] "GET /images/header_block_corner_left_top.gif HTTP/1.1" 200 160 "http://renault.2web.at/" "Mozilla/5.0 (Macintosh; Intel Mac OS X 10_15_5) AppleWebKit/605.1.15 (KHTML, like Gecko) Version/13.1.1 Safari/605.1.15"
77.220.109.61 - - [09/Jul/2020:10:01:20 +0200] "GET /images/header_block_corner_right_top.gif HTTP/1.1" 200 160 "http://renault.2web.at/" "Mozilla/5.0 (Macintosh; Intel Mac OS X 10_15_5) AppleWebKit/605.1.15 (KHTML, like Gecko) Version/13.1.1 Safari/605.1.15"
77.220.109.61 - - [09/Jul/2020:10:01:20 +0200] "GET /images/main_block_corner_left_top.gif HTTP/1.1" 200 159 "http://renault.2web.at/" "Mozilla/5.0 (Macintosh; Intel Mac OS X 10_15_5) AppleWebKit/605.1.15 (KHTML, like Gecko) Version/13.1.1 Safari/605.1.15"
77.220.109.61 - - [09/Jul/2020:10:01:20 +0200] "GET /images/main_block_corner_right_top.gif HTTP/1.1" 200 159 "http://renault.2web.at/" "Mozilla/5.0 (Macintosh; Intel Mac OS X 10_15_5) AppleWebKit/605.1.15 (KHTML, like Gecko) Version/13.1.1 Safari/605.1.15"
77.220.109.61 - - [09/Jul/2020:10:01:20 +0200] "GET /images/title_border.jpg HTTP/1.1" 200 304 "http://renault.2web.at/" "Mozilla/5.0 (Macintosh; Intel Mac OS X 10_15_5) AppleWebKit/605.1.15 (KHTML, like Gecko) Version/13.1.1 Safari/605.1.15"
77.220.109.61 - - [09/Jul/2020:10:01:20 +0200] "GET /images/title_border_top.jpg HTTP/1.1" 200 336 "http://renault.2web.at/" "Mozilla/5.0 (Macintosh; Intel Mac OS X 10_15_5) AppleWebKit/605.1.15 (KHTML, like Gecko) Version/13.1.1 Safari/605.1.15"
77.220.109.61 - - [09/Jul/2020:10:01:20 +0200] "GET /images/title_corner_left_top.jpg HTTP/1.1" 200 372 "http://renault.2web.at/" "Mozilla/5.0 (Macintosh; Intel Mac OS X 10_15_5) AppleWebKit/605.1.15 (KHTML, like Gecko) Version/13.1.1 Safari/605.1.15"
77.220.109.61 - - [09/Jul/2020:10:01:20 +0200] "GET /images/title_corner_right_top.jpg HTTP/1.1" 200 389 "http://renault.2web.at/" "Mozilla/5.0 (Macintosh; Intel Mac OS X 10_15_5) AppleWebKit/605.1.15 (KHTML, like Gecko) Version/13.1.1 Safari/605.1.15"
77.220.109.61 - - [09/Jul/2020:10:01:20 +0200] "GET /loadthumbnail.php?id=11127982 HTTP/1.1" 200 399614 "http://renault.2web.at/" "Mozilla/5.0 (Macintosh; Intel Mac OS X 10_15_5) AppleWebKit/605.1.15 (KHTML, like Gecko) Version/13.1.1 Safari/605.1.15"
77.220.109.61 - - [09/Jul/2020:10:01:21 +0200] "GET /images/favicon.ico HTTP/1.1" 404 300 "http://renault.2web.at/" "Mozilla/5.0 (Macintosh; Intel Mac OS X 10_15_5) AppleWebKit/605.1.15 (KHTML, like Gecko) Version/13.1.1 Safari/605.1.15"
77.220.109.61 - - [09/Jul/2020:10:01:23 +0200] "GET /login HTTP/1.1" 200 2095 "http://renault.2web.at/" "Mozilla/5.0 (Macintosh; Intel Mac OS X 10_15_5) AppleWebKit/605.1.15 (KHTML, like Gecko) Version/13.1.1 Safari/605.1.15"
77.220.109.61 - - [09/Jul/2020:10:01:23 +0200] "GET /images/button_left_bg.gif HTTP/1.1" 200 564 "http://renault.2web.at/login" "Mozilla/5.0 (Macintosh; Intel Mac OS X 10_15_5) AppleWebKit/605.1.15 (KHTML, like Gecko) Version/13.1.1 Safari/605.1.15"
77.220.109.61 - - [09/Jul/2020:10:01:23 +0200] "GET /images/button_right_bg.gif HTTP/1.1" 200 561 "http://renault.2web.at/login" "Mozilla/5.0 (Macintosh; Intel Mac OS X 10_15_5) AppleWebKit/605.1.15 (KHTML, like Gecko) Version/13.1.1 Safari/605.1.15"
77.220.109.61 - - [09/Jul/2020:10:01:23 +0200] "GET /images/button_bg.gif HTTP/1.1" 200 151 "http://renault.2web.at/login" "Mozilla/5.0 (Macintosh; Intel Mac OS X 10_15_5) AppleWebKit/605.1.15 (KHTML, like Gecko) Version/13.1.1 Safari/605.1.15"
77.220.109.61 - - [09/Jul/2020:10:01:23 +0200] "GET /images/favicon.ico HTTP/1.1" 404 300 "http://renault.2web.at/login" "Mozilla/5.0 (Macintosh; Intel Mac OS X 10_15_5) AppleWebKit/605.1.15 (KHTML, like Gecko) Version/13.1.1 Safari/605.1.15"
77.220.109.61 - - [09/Jul/2020:10:01:45 +0200] "POST /login HTTP/1.1" 302 137 "http://renault.2web.at/login" "Mozilla/5.0 (Macintosh; Intel Mac OS X 10_15_5) AppleWebKit/605.1.15 (KHTML, like Gecko) Version/13.1.1 Safari/605.1.15"
77.220.109.61 - - [09/Jul/2020:10:01:47 +0200] "GET /account HTTP/1.1" 200 7769 "http://renault.2web.at/login" "Mozilla/5.0 (Macintosh; Intel Mac OS X 10_15_5) AppleWebKit/605.1.15 (KHTML, like Gecko) Version/13.1.1 Safari/605.1.15"
77.220.109.61 - - [09/Jul/2020:10:01:51 +0200] "GET /js/account.js HTTP/1.1" 200 953 "http://renault.2web.at/account" "Mozilla/5.0 (Macintosh; Intel Mac OS X 10_15_5) AppleWebKit/605.1.15 (KHTML, like Gecko) Version/13.1.1 Safari/605.1.15"
77.220.109.61 - - [09/Jul/2020:10:01:51 +0200] "GET /images/ajax_loading.gif HTTP/1.1" 200 1542 "http://renault.2web.at/account" "Mozilla/5.0 (Macintosh; Intel Mac OS X 10_15_5) AppleWebKit/605.1.15 (KHTML, like Gecko) Version/13.1.1 Safari/605.1.15"
77.220.109.61 - - [09/Jul/2020:10:01:51 +0200] "GET /images/top_links_divider.gif HTTP/1.1" 200 44 "http://renault.2web.at/account" "Mozilla/5.0 (Macintosh; Intel Mac OS X 10_15_5) AppleWebKit/605.1.15 (KHTML, like Gecko) Version/13.1.1 Safari/605.1.15"
77.220.109.61 - - [09/Jul/2020:10:01:51 +0200] "GET /images/nav_divider.gif HTTP/1.1" 200 43 "http://renault.2web.at/account" "Mozilla/5.0 (Macintosh; Intel Mac OS X 10_15_5) AppleWebKit/605.1.15 (KHTML, like Gecko) Version/13.1.1 Safari/605.1.15"
77.220.109.61 - - [09/Jul/2020:10:01:51 +0200] "GET /images/menu_button_bg.jpg HTTP/1.1" 200 322 "http://renault.2web.at/account" "Mozilla/5.0 (Macintosh; Intel Mac OS X 10_15_5) AppleWebKit/605.1.15 (KHTML, like Gecko) Version/13.1.1 Safari/605.1.15"
77.220.109.61 - - [09/Jul/2020:10:01:51 +0200] "GET /images/menu_divider.gif HTTP/1.1" 200 176 "http://renault.2web.at/account" "Mozilla/5.0 (Macintosh; Intel Mac OS X 10_15_5) AppleWebKit/605.1.15 (KHTML, like Gecko) Version/13.1.1 Safari/605.1.15"
77.220.109.61 - - [09/Jul/2020:10:01:51 +0200] "GET /images/search_bg.gif HTTP/1.1" 200 1726 "http://renault.2web.at/account" "Mozilla/5.0 (Macintosh; Intel Mac OS X 10_15_5) AppleWebKit/605.1.15 (KHTML, like Gecko) Version/13.1.1 Safari/605.1.15"
77.220.109.61 - - [09/Jul/2020:10:01:51 +0200] "GET /images/sidebar_title_border.gif HTTP/1.1" 200 43 "http://renault.2web.at/account" "Mozilla/5.0 (Macintosh; Intel Mac OS X 10_15_5) AppleWebKit/605.1.15 (KHTML, like Gecko) Version/13.1.1 Safari/605.1.15"
77.220.109.61 - - [09/Jul/2020:10:01:51 +0200] "GET /images/sidebar_title_border_top.gif HTTP/1.1" 200 155 "http://renault.2web.at/account" "Mozilla/5.0 (Macintosh; Intel Mac OS X 10_15_5) AppleWebKit/605.1.15 (KHTML, like Gecko) Version/13.1.1 Safari/605.1.15"
77.220.109.61 - - [09/Jul/2020:10:01:51 +0200] "GET /images/sidebar_title_corner_left_top.gif HTTP/1.1" 200 1124 "http://renault.2web.at/account" "Mozilla/5.0 (Macintosh; Intel Mac OS X 10_15_5) AppleWebKit/605.1.15 (KHTML, like Gecko) Version/13.1.1 Safari/605.1.15"
77.220.109.61 - - [09/Jul/2020:10:01:51 +0200] "GET /images/sidebar_title_corner_right_top.gif HTTP/1.1" 200 383 "http://renault.2web.at/account" "Mozilla/5.0 (Macintosh; Intel Mac OS X 10_15_5) AppleWebKit/605.1.15 (KHTML, like Gecko) Version/13.1.1 Safari/605.1.15"
77.220.109.61 - - [09/Jul/2020:10:01:51 +0200] "GET /images/footer_divider.gif HTTP/1.1" 200 44 "http://renault.2web.at/account" "Mozilla/5.0 (Macintosh; Intel Mac OS X 10_15_5) AppleWebKit/605.1.15 (KHTML, like Gecko) Version/13.1.1 Safari/605.1.15"
77.220.109.61 - - [09/Jul/2020:10:01:51 +0200] "GET /images/reset_bg.gif HTTP/1.1" 200 785 "http://renault.2web.at/account" "Mozilla/5.0 (Macintosh; Intel Mac OS X 10_15_5) AppleWebKit/605.1.15 (KHTML, like Gecko) Version/13.1.1 Safari/605.1.15"
77.220.109.61 - - [09/Jul/2020:10:01:51 +0200] "GET /images/favicon.ico HTTP/1.1" 404 300 "http://renault.2web.at/account" "Mozilla/5.0 (Macintosh; Intel Mac OS X 10_15_5) AppleWebKit/605.1.15 (KHTML, like Gecko) Version/13.1.1 Safari/605.1.15"
212.152.229.244 - - [09/Jul/2020:10:02:11 +0200] "GET /reload?ser=1594281730104 HTTP/1.1" 200 28 "http://renault.activities.at/" "Mozilla/5.0 (Windows NT 10.0; Win64; x64) AppleWebKit/537.36 (KHTML, like Gecko) Chrome/83.0.4103.116 Safari/537.36"
77.220.109.61 - - [09/Jul/2020:10:02:32 +0200] "POST /account HTTP/1.1" 302 137 "http://renault.2web.at/account" "Mozilla/5.0 (Macintosh; Intel Mac OS X 10_15_5) AppleWebKit/605.1.15 (KHTML, like Gecko) Version/13.1.1 Safari/605.1.15"
77.220.109.61 - - [09/Jul/2020:10:02:33 +0200] "GET /account HTTP/1.1" 200 7802 "http://renault.2web.at/account" "Mozilla/5.0 (Macintosh; Intel Mac OS X 10_15_5) AppleWebKit/605.1.15 (KHTML, like Gecko) Version/13.1.1 Safari/605.1.15"
77.220.109.61 - - [09/Jul/2020:10:02:40 +0200] "GET /imprintaddress HTTP/1.1" 200 8517 "http://renault.2web.at/account" "Mozilla/5.0 (Macintosh; Intel Mac OS X 10_15_5) AppleWebKit/605.1.15 (KHTML, like Gecko) Version/13.1.1 Safari/605.1.15"
77.220.109.61 - - [09/Jul/2020:10:02:42 +0200] "GET /images/loading.gif HTTP/1.1" 200 3208 "http://renault.2web.at/imprintaddress" "Mozilla/5.0 (Macintosh; Intel Mac OS X 10_15_5) AppleWebKit/605.1.15 (KHTML, like Gecko) Version/13.1.1 Safari/605.1.15"
77.220.109.61 - - [09/Jul/2020:10:02:42 +0200] "GET /js/prototip.js HTTP/1.1" 200 4588 "http://renault.2web.at/imprintaddress" "Mozilla/5.0 (Macintosh; Intel Mac OS X 10_15_5) AppleWebKit/605.1.15 (KHTML, like Gecko) Version/13.1.1 Safari/605.1.15"
77.220.109.61 - - [09/Jul/2020:10:02:42 +0200] "GET /images/information.gif HTTP/1.1" 200 1025 "http://renault.2web.at/imprintaddress" "Mozilla/5.0 (Macintosh; Intel Mac OS X 10_15_5) AppleWebKit/605.1.15 (KHTML, like Gecko) Version/13.1.1 Safari/605.1.15"
77.220.109.61 - - [09/Jul/2020:10:02:42 +0200] "GET /js/CompanyImprint.js HTTP/1.1" 200 1197 "http://renault.2web.at/imprintaddress" "Mozilla/5.0 (Macintosh; Intel Mac OS X 10_15_5) AppleWebKit/605.1.15 (KHTML, like Gecko) Version/13.1.1 Safari/605.1.15"
77.220.109.61 - - [09/Jul/2020:10:02:42 +0200] "GET /images/favicon.ico HTTP/1.1" 404 300 "http://renault.2web.at/imprintaddress" "Mozilla/5.0 (Macintosh; Intel Mac OS X 10_15_5) AppleWebKit/605.1.15 (KHTML, like Gecko) Version/13.1.1 Safari/605.1.15"
212.152.229.244 - - [09/Jul/2020:10:03:12 +0200] "GET /reload?ser=1594281791110 HTTP/1.1" 200 28 "http://renault.activities.at/" "Mozilla/5.0 (Windows NT 10.0; Win64; x64) AppleWebKit/537.36 (KHTML, like Gecko) Chrome/83.0.4103.116 Safari/537.36"
77.220.109.61 - - [09/Jul/2020:10:03:42 +0200] "GET /reload?ser=1594281822226 HTTP/1.1" 200 28 "http://renault.2web.at/imprintaddress" "Mozilla/5.0 (Macintosh; Intel Mac OS X 10_15_5) AppleWebKit/605.1.15 (KHTML, like Gecko) Version/13.1.1 Safari/605.1.15"
212.152.229.244 - - [09/Jul/2020:10:04:13 +0200] "GET /reload?ser=1594281852101 HTTP/1.1" 200 28 "http://renault.activities.at/" "Mozilla/5.0 (Windows NT 10.0; Win64; x64) AppleWebKit/537.36 (KHTML, like Gecko) Chrome/83.0.4103.116 Safari/537.36"
77.220.109.61 - - [09/Jul/2020:10:04:43 +0200] "GET /reload?ser=1594281883164 HTTP/1.1" 200 28 "http://renault.2web.at/imprintaddress" "Mozilla/5.0 (Macintosh; Intel Mac OS X 10_15_5) AppleWebKit/605.1.15 (KHTML, like Gecko) Version/13.1.1 Safari/605.1.15"
212.152.229.244 - - [09/Jul/2020:10:05:14 +0200] "GET /reload?ser=1594281913100 HTTP/1.1" 200 28 "http://renault.activities.at/" "Mozilla/5.0 (Windows NT 10.0; Win64; x64) AppleWebKit/537.36 (KHTML, like Gecko) Chrome/83.0.4103.116 Safari/537.36"
77.220.109.61 - - [09/Jul/2020:10:05:44 +0200] "GET /reload?ser=1594281944081 HTTP/1.1" 200 28 "http://renault.2web.at/imprintaddress" "Mozilla/5.0 (Macintosh; Intel Mac OS X 10_15_5) AppleWebKit/605.1.15 (KHTML, like Gecko) Version/13.1.1 Safari/605.1.15"
212.152.229.244 - - [09/Jul/2020:10:06:15 +0200] "GET /reload?ser=1594281974098 HTTP/1.1" 200 28 "http://renault.activities.at/" "Mozilla/5.0 (Windows NT 10.0; Win64; x64) AppleWebKit/537.36 (KHTML, like Gecko) Chrome/83.0.4103.116 Safari/537.36"
77.220.109.61 - - [09/Jul/2020:10:06:45 +0200] "GET /reload?ser=1594282005033 HTTP/1.1" 200 28 "http://renault.2web.at/imprintaddress" "Mozilla/5.0 (Macintosh; Intel Mac OS X 10_15_5) AppleWebKit/605.1.15 (KHTML, like Gecko) Version/13.1.1 Safari/605.1.15"
212.152.229.244 - - [09/Jul/2020:10:07:16 +0200] "GET /reload?ser=1594282035097 HTTP/1.1" 200 28 "http://renault.activities.at/" "Mozilla/5.0 (Windows NT 10.0; Win64; x64) AppleWebKit/537.36 (KHTML, like Gecko) Chrome/83.0.4103.116 Safari/537.36"
77.220.109.61 - - [09/Jul/2020:10:07:45 +0200] "GET /reload?ser=1594282065988 HTTP/1.1" 200 28 "http://renault.2web.at/imprintaddress" "Mozilla/5.0 (Macintosh; Intel Mac OS X 10_15_5) AppleWebKit/605.1.15 (KHTML, like Gecko) Version/13.1.1 Safari/605.1.15"
212.152.229.244 - - [09/Jul/2020:10:08:17 +0200] "GET /reload?ser=1594282096111 HTTP/1.1" 200 28 "http://renault.activities.at/" "Mozilla/5.0 (Windows NT 10.0; Win64; x64) AppleWebKit/537.36 (KHTML, like Gecko) Chrome/83.0.4103.116 Safari/537.36"
77.220.109.61 - - [09/Jul/2020:10:08:46 +0200] "GET /reload?ser=1594282126939 HTTP/1.1" 200 28 "http://renault.2web.at/imprintaddress" "Mozilla/5.0 (Macintosh; Intel Mac OS X 10_15_5) AppleWebKit/605.1.15 (KHTML, like Gecko) Version/13.1.1 Safari/605.1.15"
91.113.144.26 - - [09/Jul/2020:10:08:56 +0200] "GET / HTTP/1.1" 200 6253 "-" "Mozilla/5.0 (Windows NT 6.3; WOW64; Trident/7.0; rv:11.0) like Gecko"
91.113.144.26 - - [09/Jul/2020:10:08:58 +0200] "GET /js/flashdetection.js HTTP/1.1" 304 - "http://renault.activities.at/" "Mozilla/5.0 (Windows NT 6.3; WOW64; Trident/7.0; rv:11.0) like Gecko"
91.113.144.26 - - [09/Jul/2020:10:08:58 +0200] "GET /js/default.js HTTP/1.1" 304 - "http://renault.activities.at/" "Mozilla/5.0 (Windows NT 6.3; WOW64; Trident/7.0; rv:11.0) like Gecko"
91.113.144.26 - - [09/Jul/2020:10:08:58 +0200] "GET /css/reset.css HTTP/1.1" 304 - "http://renault.activities.at/" "Mozilla/5.0 (Windows NT 6.3; WOW64; Trident/7.0; rv:11.0) like Gecko"
91.113.144.26 - - [09/Jul/2020:10:08:58 +0200] "GET /css/styles.css HTTP/1.1" 304 - "http://renault.activities.at/" "Mozilla/5.0 (Windows NT 6.3; WOW64; Trident/7.0; rv:11.0) like Gecko"
91.113.144.26 - - [09/Jul/2020:10:08:58 +0200] "GET /js/index.php?c=auto&f=,prototype/prototype.js,prototype/validation.js,scriptaculous/builder.js,scriptaculous/effects.js,scriptaculous/dragdrop.js,scriptaculous/controls.js,scriptaculous/slider.js,varien/js.js,varien/form.js,varien/menu.js,mage/translate.js,mage/cookies.js,varien/product.js,spinner/SpinnerControl.jsmin.js,prototype/window.js,prototype/window_ext.js HTTP/1.1" 304 - "http://renault.activities.at/" "Mozilla/5.0 (Windows NT 6.3; WOW64; Trident/7.0; rv:11.0) like Gecko"
91.113.144.26 - - [09/Jul/2020:10:08:58 +0200] "GET /css/clears.css HTTP/1.1" 304 - "http://renault.activities.at/" "Mozilla/5.0 (Windows NT 6.3; WOW64; Trident/7.0; rv:11.0) like Gecko"
91.113.144.26 - - [09/Jul/2020:10:08:58 +0200] "GET /css/print.css HTTP/1.1" 304 - "http://renault.activities.at/" "Mozilla/5.0 (Windows NT 6.3; WOW64; Trident/7.0; rv:11.0) like Gecko"
91.113.144.26 - - [09/Jul/2020:10:08:58 +0200] "GET /js/checkout.css HTTP/1.1" 304 - "http://renault.activities.at/" "Mozilla/5.0 (Windows NT 6.3; WOW64; Trident/7.0; rv:11.0) like Gecko"
91.113.144.26 - - [09/Jul/2020:10:08:58 +0200] "GET /css/prototip.css HTTP/1.1" 304 - "http://renault.activities.at/" "Mozilla/5.0 (Windows NT 6.3; WOW64; Trident/7.0; rv:11.0) like Gecko"
91.113.144.26 - - [09/Jul/2020:10:08:58 +0200] "GET /css/themes/default.css HTTP/1.1" 304 - "http://renault.activities.at/" "Mozilla/5.0 (Windows NT 6.3; WOW64; Trident/7.0; rv:11.0) like Gecko"
91.113.144.26 - - [09/Jul/2020:10:08:58 +0200] "GET /css/themes/alphacube.css HTTP/1.1" 304 - "http://renault.activities.at/" "Mozilla/5.0 (Windows NT 6.3; WOW64; Trident/7.0; rv:11.0) like Gecko"
91.113.144.26 - - [09/Jul/2020:10:08:58 +0200] "GET /images/header_block_corner_left_top.gif HTTP/1.1" 304 - "http://renault.activities.at/" "Mozilla/5.0 (Windows NT 6.3; WOW64; Trident/7.0; rv:11.0) like Gecko"
91.113.144.26 - - [09/Jul/2020:10:08:58 +0200] "GET /images/header_block_border.gif HTTP/1.1" 304 - "http://renault.activities.at/" "Mozilla/5.0 (Windows NT 6.3; WOW64; Trident/7.0; rv:11.0) like Gecko"
91.113.144.26 - - [09/Jul/2020:10:08:58 +0200] "GET /images/search_bg.gif HTTP/1.1" 304 - "http://renault.activities.at/" "Mozilla/5.0 (Windows NT 6.3; WOW64; Trident/7.0; rv:11.0) like Gecko"
91.113.144.26 - - [09/Jul/2020:10:08:58 +0200] "GET /images/header_block_corner_right_top.gif HTTP/1.1" 304 - "http://renault.activities.at/" "Mozilla/5.0 (Windows NT 6.3; WOW64; Trident/7.0; rv:11.0) like Gecko"
91.113.144.26 - - [09/Jul/2020:10:08:58 +0200] "GET /images/main_block_corner_left_top.gif HTTP/1.1" 304 - "http://renault.activities.at/" "Mozilla/5.0 (Windows NT 6.3; WOW64; Trident/7.0; rv:11.0) like Gecko"
91.113.144.26 - - [09/Jul/2020:10:08:58 +0200] "GET /images/main_block_border.gif HTTP/1.1" 304 - "http://renault.activities.at/" "Mozilla/5.0 (Windows NT 6.3; WOW64; Trident/7.0; rv:11.0) like Gecko"
91.113.144.26 - - [09/Jul/2020:10:08:58 +0200] "GET /images/main_block_corner_right_top.gif HTTP/1.1" 304 - "http://renault.activities.at/" "Mozilla/5.0 (Windows NT 6.3; WOW64; Trident/7.0; rv:11.0) like Gecko"
91.113.144.26 - - [09/Jul/2020:10:08:58 +0200] "GET /images/main_block_corner_left_bot.gif HTTP/1.1" 304 - "http://renault.activities.at/" "Mozilla/5.0 (Windows NT 6.3; WOW64; Trident/7.0; rv:11.0) like Gecko"
91.113.144.26 - - [09/Jul/2020:10:08:58 +0200] "GET /images/main_block_corner_right_bot.gif HTTP/1.1" 304 - "http://renault.activities.at/" "Mozilla/5.0 (Windows NT 6.3; WOW64; Trident/7.0; rv:11.0) like Gecko"
91.113.144.26 - - [09/Jul/2020:10:08:58 +0200] "GET /images/top_links_divider.gif HTTP/1.1" 304 - "http://renault.activities.at/" "Mozilla/5.0 (Windows NT 6.3; WOW64; Trident/7.0; rv:11.0) like Gecko"
91.113.144.26 - - [09/Jul/2020:10:08:58 +0200] "GET /images/nav_divider.gif HTTP/1.1" 304 - "http://renault.activities.at/" "Mozilla/5.0 (Windows NT 6.3; WOW64; Trident/7.0; rv:11.0) like Gecko"
91.113.144.26 - - [09/Jul/2020:10:08:58 +0200] "GET /images/menu_button_bg.jpg HTTP/1.1" 304 - "http://renault.activities.at/" "Mozilla/5.0 (Windows NT 6.3; WOW64; Trident/7.0; rv:11.0) like Gecko"
91.113.144.26 - - [09/Jul/2020:10:08:58 +0200] "GET /images/button_left_bg.gif HTTP/1.1" 304 - "http://renault.activities.at/" "Mozilla/5.0 (Windows NT 6.3; WOW64; Trident/7.0; rv:11.0) like Gecko"
91.113.144.26 - - [09/Jul/2020:10:08:58 +0200] "GET /images/menu_divider.gif HTTP/1.1" 304 - "http://renault.activities.at/" "Mozilla/5.0 (Windows NT 6.3; WOW64; Trident/7.0; rv:11.0) like Gecko"
91.113.144.26 - - [09/Jul/2020:10:08:58 +0200] "GET /images/sidebar_title_border_top.gif HTTP/1.1" 304 - "http://renault.activities.at/" "Mozilla/5.0 (Windows NT 6.3; WOW64; Trident/7.0; rv:11.0) like Gecko"
91.113.144.26 - - [09/Jul/2020:10:08:58 +0200] "GET /images/sidebar_title_border.gif HTTP/1.1" 304 - "http://renault.activities.at/" "Mozilla/5.0 (Windows NT 6.3; WOW64; Trident/7.0; rv:11.0) like Gecko"
91.113.144.26 - - [09/Jul/2020:10:08:58 +0200] "GET /images/sidebar_title_corner_left_top.gif HTTP/1.1" 304 - "http://renault.activities.at/" "Mozilla/5.0 (Windows NT 6.3; WOW64; Trident/7.0; rv:11.0) like Gecko"
91.113.144.26 - - [09/Jul/2020:10:08:58 +0200] "GET /images/sidebar_title_corner_right_top.gif HTTP/1.1" 304 - "http://renault.activities.at/" "Mozilla/5.0 (Windows NT 6.3; WOW64; Trident/7.0; rv:11.0) like Gecko"
91.113.144.26 - - [09/Jul/2020:10:08:58 +0200] "GET /images/button_bg.gif HTTP/1.1" 304 - "http://renault.activities.at/" "Mozilla/5.0 (Windows NT 6.3; WOW64; Trident/7.0; rv:11.0) like Gecko"
91.113.144.26 - - [09/Jul/2020:10:08:58 +0200] "GET /images/button_right_bg.gif HTTP/1.1" 304 - "http://renault.activities.at/" "Mozilla/5.0 (Windows NT 6.3; WOW64; Trident/7.0; rv:11.0) like Gecko"
91.113.144.26 - - [09/Jul/2020:10:08:58 +0200] "GET /images/title_border.jpg HTTP/1.1" 304 - "http://renault.activities.at/" "Mozilla/5.0 (Windows NT 6.3; WOW64; Trident/7.0; rv:11.0) like Gecko"
91.113.144.26 - - [09/Jul/2020:10:08:58 +0200] "GET /images/title_border_top.jpg HTTP/1.1" 304 - "http://renault.activities.at/" "Mozilla/5.0 (Windows NT 6.3; WOW64; Trident/7.0; rv:11.0) like Gecko"
91.113.144.26 - - [09/Jul/2020:10:08:58 +0200] "GET /images/title_corner_left_top.jpg HTTP/1.1" 304 - "http://renault.activities.at/" "Mozilla/5.0 (Windows NT 6.3; WOW64; Trident/7.0; rv:11.0) like Gecko"
91.113.144.26 - - [09/Jul/2020:10:08:58 +0200] "GET /images/title_corner_right_top.jpg HTTP/1.1" 304 - "http://renault.activities.at/" "Mozilla/5.0 (Windows NT 6.3; WOW64; Trident/7.0; rv:11.0) like Gecko"
91.113.144.26 - - [09/Jul/2020:10:08:58 +0200] "GET /images/footer_divider.gif HTTP/1.1" 304 - "http://renault.activities.at/" "Mozilla/5.0 (Windows NT 6.3; WOW64; Trident/7.0; rv:11.0) like Gecko"
91.113.144.26 - - [09/Jul/2020:10:09:01 +0200] "GET /action HTTP/1.1" 200 3921 "http://renault.activities.at/" "Mozilla/5.0 (Windows NT 6.3; WOW64; Trident/7.0; rv:11.0) like Gecko"
91.113.144.26 - - [09/Jul/2020:10:09:03 +0200] "GET /js/default.js HTTP/1.1" 304 - "http://renault.activities.at/action" "Mozilla/5.0 (Windows NT 6.3; WOW64; Trident/7.0; rv:11.0) like Gecko"
91.113.144.26 - - [09/Jul/2020:10:09:03 +0200] "GET /css/reset.css HTTP/1.1" 304 - "http://renault.activities.at/action" "Mozilla/5.0 (Windows NT 6.3; WOW64; Trident/7.0; rv:11.0) like Gecko"
91.113.144.26 - - [09/Jul/2020:10:09:03 +0200] "GET /css/clears.css HTTP/1.1" 304 - "http://renault.activities.at/action" "Mozilla/5.0 (Windows NT 6.3; WOW64; Trident/7.0; rv:11.0) like Gecko"
91.113.144.26 - - [09/Jul/2020:10:09:03 +0200] "GET /css/styles.css HTTP/1.1" 304 - "http://renault.activities.at/action" "Mozilla/5.0 (Windows NT 6.3; WOW64; Trident/7.0; rv:11.0) like Gecko"
91.113.144.26 - - [09/Jul/2020:10:09:03 +0200] "GET /css/print.css HTTP/1.1" 304 - "http://renault.activities.at/action" "Mozilla/5.0 (Windows NT 6.3; WOW64; Trident/7.0; rv:11.0) like Gecko"
91.113.144.26 - - [09/Jul/2020:10:09:03 +0200] "GET /js/index.php?c=auto&f=,prototype/prototype.js,prototype/validation.js,scriptaculous/builder.js,scriptaculous/effects.js,scriptaculous/dragdrop.js,scriptaculous/controls.js,scriptaculous/slider.js,varien/js.js,varien/form.js,varien/menu.js,mage/translate.js,mage/cookies.js,varien/product.js,spinner/SpinnerControl.jsmin.js,prototype/window.js,prototype/window_ext.js HTTP/1.1" 304 - "http://renault.activities.at/action" "Mozilla/5.0 (Windows NT 6.3; WOW64; Trident/7.0; rv:11.0) like Gecko"
91.113.144.26 - - [09/Jul/2020:10:09:03 +0200] "GET /js/checkout.css HTTP/1.1" 304 - "http://renault.activities.at/action" "Mozilla/5.0 (Windows NT 6.3; WOW64; Trident/7.0; rv:11.0) like Gecko"
91.113.144.26 - - [09/Jul/2020:10:09:03 +0200] "GET /css/prototip.css HTTP/1.1" 304 - "http://renault.activities.at/action" "Mozilla/5.0 (Windows NT 6.3; WOW64; Trident/7.0; rv:11.0) like Gecko"
91.113.144.26 - - [09/Jul/2020:10:09:03 +0200] "GET /css/themes/alphacube.css HTTP/1.1" 304 - "http://renault.activities.at/action" "Mozilla/5.0 (Windows NT 6.3; WOW64; Trident/7.0; rv:11.0) like Gecko"
91.113.144.26 - - [09/Jul/2020:10:09:03 +0200] "GET /css/themes/default.css HTTP/1.1" 304 - "http://renault.activities.at/action" "Mozilla/5.0 (Windows NT 6.3; WOW64; Trident/7.0; rv:11.0) like Gecko"
91.113.144.26 - - [09/Jul/2020:10:09:03 +0200] "GET /images/search_bg.gif HTTP/1.1" 304 - "http://renault.activities.at/action" "Mozilla/5.0 (Windows NT 6.3; WOW64; Trident/7.0; rv:11.0) like Gecko"
91.113.144.26 - - [09/Jul/2020:10:09:03 +0200] "GET /images/header_block_corner_right_top.gif HTTP/1.1" 304 - "http://renault.activities.at/action" "Mozilla/5.0 (Windows NT 6.3; WOW64; Trident/7.0; rv:11.0) like Gecko"
91.113.144.26 - - [09/Jul/2020:10:09:03 +0200] "GET /images/header_block_border.gif HTTP/1.1" 304 - "http://renault.activities.at/action" "Mozilla/5.0 (Windows NT 6.3; WOW64; Trident/7.0; rv:11.0) like Gecko"
91.113.144.26 - - [09/Jul/2020:10:09:03 +0200] "GET /images/header_block_corner_left_top.gif HTTP/1.1" 304 - "http://renault.activities.at/action" "Mozilla/5.0 (Windows NT 6.3; WOW64; Trident/7.0; rv:11.0) like Gecko"
91.113.144.26 - - [09/Jul/2020:10:09:03 +0200] "GET /images/note_msg_icon.gif HTTP/1.1" 304 - "http://renault.activities.at/action" "Mozilla/5.0 (Windows NT 6.3; WOW64; Trident/7.0; rv:11.0) like Gecko"
91.113.144.26 - - [09/Jul/2020:10:09:03 +0200] "GET /images/footer_divider.gif HTTP/1.1" 304 - "http://renault.activities.at/action" "Mozilla/5.0 (Windows NT 6.3; WOW64; Trident/7.0; rv:11.0) like Gecko"
91.113.144.26 - - [09/Jul/2020:10:09:03 +0200] "GET /images/sidebar_title_corner_right_top.gif HTTP/1.1" 304 - "http://renault.activities.at/action" "Mozilla/5.0 (Windows NT 6.3; WOW64; Trident/7.0; rv:11.0) like Gecko"
91.113.144.26 - - [09/Jul/2020:10:09:03 +0200] "GET /images/main_block_border.gif HTTP/1.1" 304 - "http://renault.activities.at/action" "Mozilla/5.0 (Windows NT 6.3; WOW64; Trident/7.0; rv:11.0) like Gecko"
91.113.144.26 - - [09/Jul/2020:10:09:03 +0200] "GET /images/main_block_corner_left_bot.gif HTTP/1.1" 304 - "http://renault.activities.at/action" "Mozilla/5.0 (Windows NT 6.3; WOW64; Trident/7.0; rv:11.0) like Gecko"
91.113.144.26 - - [09/Jul/2020:10:09:03 +0200] "GET /images/main_block_corner_right_bot.gif HTTP/1.1" 304 - "http://renault.activities.at/action" "Mozilla/5.0 (Windows NT 6.3; WOW64; Trident/7.0; rv:11.0) like Gecko"
91.113.144.26 - - [09/Jul/2020:10:09:03 +0200] "GET /images/title_border.jpg HTTP/1.1" 304 - "http://renault.activities.at/action" "Mozilla/5.0 (Windows NT 6.3; WOW64; Trident/7.0; rv:11.0) like Gecko"
91.113.144.26 - - [09/Jul/2020:10:09:03 +0200] "GET /images/title_corner_right_top.jpg HTTP/1.1" 304 - "http://renault.activities.at/action" "Mozilla/5.0 (Windows NT 6.3; WOW64; Trident/7.0; rv:11.0) like Gecko"
91.113.144.26 - - [09/Jul/2020:10:09:03 +0200] "GET /images/title_border_top.jpg HTTP/1.1" 304 - "http://renault.activities.at/action" "Mozilla/5.0 (Windows NT 6.3; WOW64; Trident/7.0; rv:11.0) like Gecko"
91.113.144.26 - - [09/Jul/2020:10:09:03 +0200] "GET /images/title_corner_left_top.jpg HTTP/1.1" 304 - "http://renault.activities.at/action" "Mozilla/5.0 (Windows NT 6.3; WOW64; Trident/7.0; rv:11.0) like Gecko"
91.113.144.26 - - [09/Jul/2020:10:09:03 +0200] "GET /images/main_block_corner_right_top.gif HTTP/1.1" 304 - "http://renault.activities.at/action" "Mozilla/5.0 (Windows NT 6.3; WOW64; Trident/7.0; rv:11.0) like Gecko"
91.113.144.26 - - [09/Jul/2020:10:09:03 +0200] "GET /images/menu_divider.gif HTTP/1.1" 304 - "http://renault.activities.at/action" "Mozilla/5.0 (Windows NT 6.3; WOW64; Trident/7.0; rv:11.0) like Gecko"
91.113.144.26 - - [09/Jul/2020:10:09:03 +0200] "GET /images/sidebar_title_border_top.gif HTTP/1.1" 304 - "http://renault.activities.at/action" "Mozilla/5.0 (Windows NT 6.3; WOW64; Trident/7.0; rv:11.0) like Gecko"
91.113.144.26 - - [09/Jul/2020:10:09:03 +0200] "GET /images/sidebar_title_border.gif HTTP/1.1" 304 - "http://renault.activities.at/action" "Mozilla/5.0 (Windows NT 6.3; WOW64; Trident/7.0; rv:11.0) like Gecko"
91.113.144.26 - - [09/Jul/2020:10:09:03 +0200] "GET /images/sidebar_title_corner_left_top.gif HTTP/1.1" 304 - "http://renault.activities.at/action" "Mozilla/5.0 (Windows NT 6.3; WOW64; Trident/7.0; rv:11.0) like Gecko"
91.113.144.26 - - [09/Jul/2020:10:09:03 +0200] "GET /images/button_left_bg.gif HTTP/1.1" 304 - "http://renault.activities.at/action" "Mozilla/5.0 (Windows NT 6.3; WOW64; Trident/7.0; rv:11.0) like Gecko"
91.113.144.26 - - [09/Jul/2020:10:09:03 +0200] "GET /images/top_links_divider.gif HTTP/1.1" 304 - "http://renault.activities.at/action" "Mozilla/5.0 (Windows NT 6.3; WOW64; Trident/7.0; rv:11.0) like Gecko"
91.113.144.26 - - [09/Jul/2020:10:09:03 +0200] "GET /images/main_block_corner_left_top.gif HTTP/1.1" 304 - "http://renault.activities.at/action" "Mozilla/5.0 (Windows NT 6.3; WOW64; Trident/7.0; rv:11.0) like Gecko"
91.113.144.26 - - [09/Jul/2020:10:09:03 +0200] "GET /images/menu_button_bg.jpg HTTP/1.1" 304 - "http://renault.activities.at/action" "Mozilla/5.0 (Windows NT 6.3; WOW64; Trident/7.0; rv:11.0) like Gecko"
91.113.144.26 - - [09/Jul/2020:10:09:03 +0200] "GET /images/nav_divider.gif HTTP/1.1" 304 - "http://renault.activities.at/action" "Mozilla/5.0 (Windows NT 6.3; WOW64; Trident/7.0; rv:11.0) like Gecko"
91.113.144.26 - - [09/Jul/2020:10:09:05 +0200] "GET /10201633 HTTP/1.1" 200 9267 "http://renault.activities.at/action" "Mozilla/5.0 (Windows NT 6.3; WOW64; Trident/7.0; rv:11.0) like Gecko"
91.113.144.26 - - [09/Jul/2020:10:09:07 +0200] "GET /js/default.js HTTP/1.1" 304 - "http://renault.activities.at/10201633" "Mozilla/5.0 (Windows NT 6.3; WOW64; Trident/7.0; rv:11.0) like Gecko"
91.113.144.26 - - [09/Jul/2020:10:09:07 +0200] "GET /js/prototip.js HTTP/1.1" 304 - "http://renault.activities.at/10201633" "Mozilla/5.0 (Windows NT 6.3; WOW64; Trident/7.0; rv:11.0) like Gecko"
91.113.144.26 - - [09/Jul/2020:10:09:07 +0200] "GET /css/styles.css HTTP/1.1" 304 - "http://renault.activities.at/10201633" "Mozilla/5.0 (Windows NT 6.3; WOW64; Trident/7.0; rv:11.0) like Gecko"
91.113.144.26 - - [09/Jul/2020:10:09:07 +0200] "GET /css/reset.css HTTP/1.1" 304 - "http://renault.activities.at/10201633" "Mozilla/5.0 (Windows NT 6.3; WOW64; Trident/7.0; rv:11.0) like Gecko"
91.113.144.26 - - [09/Jul/2020:10:09:07 +0200] "GET /css/clears.css HTTP/1.1" 304 - "http://renault.activities.at/10201633" "Mozilla/5.0 (Windows NT 6.3; WOW64; Trident/7.0; rv:11.0) like Gecko"
91.113.144.26 - - [09/Jul/2020:10:09:07 +0200] "GET /js/index.php?c=auto&f=,prototype/prototype.js,prototype/validation.js,scriptaculous/builder.js,scriptaculous/effects.js,scriptaculous/dragdrop.js,scriptaculous/controls.js,scriptaculous/slider.js,varien/js.js,varien/form.js,varien/menu.js,mage/translate.js,mage/cookies.js,varien/product.js,spinner/SpinnerControl.jsmin.js,prototype/window.js,prototype/window_ext.js HTTP/1.1" 304 - "http://renault.activities.at/10201633" "Mozilla/5.0 (Windows NT 6.3; WOW64; Trident/7.0; rv:11.0) like Gecko"
91.113.144.26 - - [09/Jul/2020:10:09:07 +0200] "GET /css/print.css HTTP/1.1" 304 - "http://renault.activities.at/10201633" "Mozilla/5.0 (Windows NT 6.3; WOW64; Trident/7.0; rv:11.0) like Gecko"
91.113.144.26 - - [09/Jul/2020:10:09:07 +0200] "GET /css/prototip.css HTTP/1.1" 304 - "http://renault.activities.at/10201633" "Mozilla/5.0 (Windows NT 6.3; WOW64; Trident/7.0; rv:11.0) like Gecko"
91.113.144.26 - - [09/Jul/2020:10:09:07 +0200] "GET /js/checkout.css HTTP/1.1" 304 - "http://renault.activities.at/10201633" "Mozilla/5.0 (Windows NT 6.3; WOW64; Trident/7.0; rv:11.0) like Gecko"
91.113.144.26 - - [09/Jul/2020:10:09:07 +0200] "GET /css/themes/alphacube.css HTTP/1.1" 304 - "http://renault.activities.at/10201633" "Mozilla/5.0 (Windows NT 6.3; WOW64; Trident/7.0; rv:11.0) like Gecko"
91.113.144.26 - - [09/Jul/2020:10:09:07 +0200] "GET /css/themes/default.css HTTP/1.1" 304 - "http://renault.activities.at/10201633" "Mozilla/5.0 (Windows NT 6.3; WOW64; Trident/7.0; rv:11.0) like Gecko"
91.113.144.26 - - [09/Jul/2020:10:09:07 +0200] "GET /js/ProduktGrp.js HTTP/1.1" 304 - "http://renault.activities.at/10201633" "Mozilla/5.0 (Windows NT 6.3; WOW64; Trident/7.0; rv:11.0) like Gecko"
91.113.144.26 - - [09/Jul/2020:10:09:07 +0200] "GET /images/loading.gif HTTP/1.1" 304 - "http://renault.activities.at/10201633" "Mozilla/5.0 (Windows NT 6.3; WOW64; Trident/7.0; rv:11.0) like Gecko"
91.113.144.26 - - [09/Jul/2020:10:09:07 +0200] "GET /loadthumbnail.php?id=11121996&width=113 HTTP/1.1" 200 2215 "http://renault.activities.at/10201633" "Mozilla/5.0 (Windows NT 6.3; WOW64; Trident/7.0; rv:11.0) like Gecko"
91.113.144.26 - - [09/Jul/2020:10:09:07 +0200] "GET /loadthumbnail.php?id=11194750&width=113 HTTP/1.1" 200 2347 "http://renault.activities.at/10201633" "Mozilla/5.0 (Windows NT 6.3; WOW64; Trident/7.0; rv:11.0) like Gecko"
