80.123.105.158 - - [09/Jul/2020:11:36:48 +0200] "GET /result?searchterm=true&search=Dacia+Service HTTP/1.1" 200 6994 "http://renault.activities.at/result?searchterm=true&search=Renault+Service" "Mozilla/5.0 (Windows NT 6.1; Win64; x64) AppleWebKit/537.36 (KHTML, like Gecko) Chrome/83.0.4103.116 Safari/537.36"
80.120.5.131 - - [09/Jul/2020:11:37:05 +0200] "GET /reload?ser=1594287425610 HTTP/1.1" 200 28 "http://renault.activities.at/12250101" "Mozilla/5.0 (Windows NT 10.0; Win64; x64) AppleWebKit/537.36 (KHTML, like Gecko) Chrome/83.0.4103.116 Safari/537.36"
80.80.251.48 - - [09/Jul/2020:11:37:32 +0200] "GET /reload?ser=1594287452144 HTTP/1.1" 200 28 "http://renault.activities.at/result?searchterm=true&search=7+Sterne" "Mozilla/5.0 (Windows NT 10.0; Win64; x64) AppleWebKit/537.36 (KHTML, like Gecko) Chrome/83.0.4103.116 Safari/537.36"
212.152.229.244 - - [09/Jul/2020:11:37:46 +0200] "GET /reload?ser=1594287465111 HTTP/1.1" 200 28 "http://renault.activities.at/" "Mozilla/5.0 (Windows NT 10.0; Win64; x64) AppleWebKit/537.36 (KHTML, like Gecko) Chrome/83.0.4103.116 Safari/537.36"
80.123.105.158 - - [09/Jul/2020:11:37:50 +0200] "GET /reload?ser=1594287470852 HTTP/1.1" 200 28 "http://renault.activities.at/result?searchterm=true&search=Dacia+Service" "Mozilla/5.0 (Windows NT 6.1; Win64; x64) AppleWebKit/537.36 (KHTML, like Gecko) Chrome/83.0.4103.116 Safari/537.36"
80.120.5.131 - - [09/Jul/2020:11:38:06 +0200] "GET /reload?ser=1594287486594 HTTP/1.1" 200 28 "http://renault.activities.at/12250101" "Mozilla/5.0 (Windows NT 10.0; Win64; x64) AppleWebKit/537.36 (KHTML, like Gecko) Chrome/83.0.4103.116 Safari/537.36"
80.80.251.48 - - [09/Jul/2020:11:38:34 +0200] "GET /reload?ser=1594287514140 HTTP/1.1" 200 28 "http://renault.activities.at/result?searchterm=true&search=7+Sterne" "Mozilla/5.0 (Windows NT 10.0; Win64; x64) AppleWebKit/537.36 (KHTML, like Gecko) Chrome/83.0.4103.116 Safari/537.36"
212.152.229.244 - - [09/Jul/2020:11:38:47 +0200] "GET /reload?ser=1594287526109 HTTP/1.1" 200 28 "http://renault.activities.at/" "Mozilla/5.0 (Windows NT 10.0; Win64; x64) AppleWebKit/537.36 (KHTML, like Gecko) Chrome/83.0.4103.116 Safari/537.36"
80.123.105.158 - - [09/Jul/2020:11:38:51 +0200] "GET /reload?ser=1594287531797 HTTP/1.1" 200 28 "http://renault.activities.at/result?searchterm=true&search=Dacia+Service" "Mozilla/5.0 (Windows NT 6.1; Win64; x64) AppleWebKit/537.36 (KHTML, like Gecko) Chrome/83.0.4103.116 Safari/537.36"
80.120.5.131 - - [09/Jul/2020:11:39:07 +0200] "GET /reload?ser=1594287547561 HTTP/1.1" 200 28 "http://renault.activities.at/12250101" "Mozilla/5.0 (Windows NT 10.0; Win64; x64) AppleWebKit/537.36 (KHTML, like Gecko) Chrome/83.0.4103.116 Safari/537.36"
80.123.105.158 - - [09/Jul/2020:11:39:07 +0200] "POST /result?searchterm=true&search=Dacia+Service HTTP/1.1" 200 7096 "http://renault.activities.at/result?searchterm=true&search=Dacia+Service" "Mozilla/5.0 (Windows NT 6.1; Win64; x64) AppleWebKit/537.36 (KHTML, like Gecko) Chrome/83.0.4103.116 Safari/537.36"
80.80.251.48 - - [09/Jul/2020:11:39:36 +0200] "GET /reload?ser=1594287576132 HTTP/1.1" 200 28 "http://renault.activities.at/result?searchterm=true&search=7+Sterne" "Mozilla/5.0 (Windows NT 10.0; Win64; x64) AppleWebKit/537.36 (KHTML, like Gecko) Chrome/83.0.4103.116 Safari/537.36"
212.152.229.244 - - [09/Jul/2020:11:39:48 +0200] "GET /reload?ser=1594287587108 HTTP/1.1" 200 28 "http://renault.activities.at/" "Mozilla/5.0 (Windows NT 10.0; Win64; x64) AppleWebKit/537.36 (KHTML, like Gecko) Chrome/83.0.4103.116 Safari/537.36"
80.120.5.131 - - [09/Jul/2020:11:40:08 +0200] "GET /reload?ser=1594287608544 HTTP/1.1" 200 28 "http://renault.activities.at/12250101" "Mozilla/5.0 (Windows NT 10.0; Win64; x64) AppleWebKit/537.36 (KHTML, like Gecko) Chrome/83.0.4103.116 Safari/537.36"
80.123.105.158 - - [09/Jul/2020:11:40:10 +0200] "GET /reload?ser=1594287610441 HTTP/1.1" 200 28 "http://renault.activities.at/result?searchterm=true&search=Dacia+Service" "Mozilla/5.0 (Windows NT 6.1; Win64; x64) AppleWebKit/537.36 (KHTML, like Gecko) Chrome/83.0.4103.116 Safari/537.36"
80.123.105.158 - - [09/Jul/2020:11:40:21 +0200] "POST /result?searchterm=true&search=Dacia+Service HTTP/1.1" 200 7098 "http://renault.activities.at/result?searchterm=true&search=Dacia+Service" "Mozilla/5.0 (Windows NT 6.1; Win64; x64) AppleWebKit/537.36 (KHTML, like Gecko) Chrome/83.0.4103.116 Safari/537.36"
80.123.105.158 - - [09/Jul/2020:11:40:26 +0200] "GET /cart HTTP/1.1" 200 6062 "http://renault.activities.at/result?searchterm=true&search=Dacia+Service" "Mozilla/5.0 (Windows NT 6.1; Win64; x64) AppleWebKit/537.36 (KHTML, like Gecko) Chrome/83.0.4103.116 Safari/537.36"
80.123.105.158 - - [09/Jul/2020:11:40:30 +0200] "GET /loadthumbnail.php?id=10232009&width=16&height=16 HTTP/1.1" 200 700 "http://renault.activities.at/cart" "Mozilla/5.0 (Windows NT 6.1; Win64; x64) AppleWebKit/537.36 (KHTML, like Gecko) Chrome/83.0.4103.116 Safari/537.36"
80.123.105.158 - - [09/Jul/2020:11:40:30 +0200] "GET /loadthumbnail.php?id=11730248&width=100 HTTP/1.1" 200 3924 "http://renault.activities.at/cart" "Mozilla/5.0 (Windows NT 6.1; Win64; x64) AppleWebKit/537.36 (KHTML, like Gecko) Chrome/83.0.4103.116 Safari/537.36"
80.123.105.158 - - [09/Jul/2020:11:40:30 +0200] "GET /loadthumbnail.php?id=12230577&width=100 HTTP/1.1" 200 1227 "http://renault.activities.at/cart" "Mozilla/5.0 (Windows NT 6.1; Win64; x64) AppleWebKit/537.36 (KHTML, like Gecko) Chrome/83.0.4103.116 Safari/537.36"
80.123.105.158 - - [09/Jul/2020:11:40:30 +0200] "GET /loadthumbnail.php?id=11423691&width=100 HTTP/1.1" 200 5075 "http://renault.activities.at/cart" "Mozilla/5.0 (Windows NT 6.1; Win64; x64) AppleWebKit/537.36 (KHTML, like Gecko) Chrome/83.0.4103.116 Safari/537.36"
80.123.105.158 - - [09/Jul/2020:11:40:30 +0200] "GET /loadthumbnail.php?id=12094749&width=100 HTTP/1.1" 200 11995 "http://renault.activities.at/cart" "Mozilla/5.0 (Windows NT 6.1; Win64; x64) AppleWebKit/537.36 (KHTML, like Gecko) Chrome/83.0.4103.116 Safari/537.36"
80.123.105.158 - - [09/Jul/2020:11:40:30 +0200] "GET /loadthumbnail.php?id=11075492&width=100 HTTP/1.1" 200 2117 "http://renault.activities.at/cart" "Mozilla/5.0 (Windows NT 6.1; Win64; x64) AppleWebKit/537.36 (KHTML, like Gecko) Chrome/83.0.4103.116 Safari/537.36"
80.123.105.158 - - [09/Jul/2020:11:40:30 +0200] "GET /loadthumbnail.php?id=12230578&width=100 HTTP/1.1" 200 1375 "http://renault.activities.at/cart" "Mozilla/5.0 (Windows NT 6.1; Win64; x64) AppleWebKit/537.36 (KHTML, like Gecko) Chrome/83.0.4103.116 Safari/537.36"
80.80.251.48 - - [09/Jul/2020:11:40:37 +0200] "GET /reload?ser=1594287637127 HTTP/1.1" 200 28 "http://renault.activities.at/result?searchterm=true&search=7+Sterne" "Mozilla/5.0 (Windows NT 10.0; Win64; x64) AppleWebKit/537.36 (KHTML, like Gecko) Chrome/83.0.4103.116 Safari/537.36"
212.152.229.244 - - [09/Jul/2020:11:40:49 +0200] "GET /reload?ser=1594287648106 HTTP/1.1" 200 28 "http://renault.activities.at/" "Mozilla/5.0 (Windows NT 10.0; Win64; x64) AppleWebKit/537.36 (KHTML, like Gecko) Chrome/83.0.4103.116 Safari/537.36"
80.120.5.131 - - [09/Jul/2020:11:41:09 +0200] "GET /reload?ser=1594287669511 HTTP/1.1" 200 28 "http://renault.activities.at/12250101" "Mozilla/5.0 (Windows NT 10.0; Win64; x64) AppleWebKit/537.36 (KHTML, like Gecko) Chrome/83.0.4103.116 Safari/537.36"
80.123.105.158 - - [09/Jul/2020:11:41:10 +0200] "POST /axjaxrequest?mode=suggest HTTP/1.1" 200 1236 "http://renault.activities.at/cart" "Mozilla/5.0 (Windows NT 6.1; Win64; x64) AppleWebKit/537.36 (KHTML, like Gecko) Chrome/83.0.4103.116 Safari/537.36"
80.123.105.158 - - [09/Jul/2020:11:41:11 +0200] "POST /axjaxrequest?mode=suggest HTTP/1.1" 200 144 "http://renault.activities.at/cart" "Mozilla/5.0 (Windows NT 6.1; Win64; x64) AppleWebKit/537.36 (KHTML, like Gecko) Chrome/83.0.4103.116 Safari/537.36"
80.123.105.158 - - [09/Jul/2020:11:41:12 +0200] "POST /axjaxrequest?mode=suggest HTTP/1.1" 200 127 "http://renault.activities.at/cart" "Mozilla/5.0 (Windows NT 6.1; Win64; x64) AppleWebKit/537.36 (KHTML, like Gecko) Chrome/83.0.4103.116 Safari/537.36"
80.123.105.158 - - [09/Jul/2020:11:41:12 +0200] "POST /axjaxrequest?mode=suggest HTTP/1.1" 200 112 "http://renault.activities.at/cart" "Mozilla/5.0 (Windows NT 6.1; Win64; x64) AppleWebKit/537.36 (KHTML, like Gecko) Chrome/83.0.4103.116 Safari/537.36"
80.123.105.158 - - [09/Jul/2020:11:41:13 +0200] "GET /result?searchterm=true&search=REH143D HTTP/1.1" 200 6536 "http://renault.activities.at/cart" "Mozilla/5.0 (Windows NT 6.1; Win64; x64) AppleWebKit/537.36 (KHTML, like Gecko) Chrome/83.0.4103.116 Safari/537.36"
80.123.105.158 - - [09/Jul/2020:11:41:15 +0200] "GET /result?searchterm=true&search=REH143D HTTP/1.1" 200 6536 "http://renault.activities.at/cart" "Mozilla/5.0 (Windows NT 6.1; Win64; x64) AppleWebKit/537.36 (KHTML, like Gecko) Chrome/83.0.4103.116 Safari/537.36"
80.123.105.158 - - [09/Jul/2020:11:41:28 +0200] "POST /result?searchterm=true&search=REH143D HTTP/1.1" 200 6636 "http://renault.activities.at/result?searchterm=true&search=REH143D" "Mozilla/5.0 (Windows NT 6.1; Win64; x64) AppleWebKit/537.36 (KHTML, like Gecko) Chrome/83.0.4103.116 Safari/537.36"
80.123.105.158 - - [09/Jul/2020:11:41:32 +0200] "GET /cart HTTP/1.1" 200 6186 "http://renault.activities.at/result?searchterm=true&search=REH143D" "Mozilla/5.0 (Windows NT 6.1; Win64; x64) AppleWebKit/537.36 (KHTML, like Gecko) Chrome/83.0.4103.116 Safari/537.36"
80.123.105.158 - - [09/Jul/2020:11:41:35 +0200] "GET /loadthumbnail.php?id=10272696&width=100 HTTP/1.1" 200 5269 "http://renault.activities.at/cart" "Mozilla/5.0 (Windows NT 6.1; Win64; x64) AppleWebKit/537.36 (KHTML, like Gecko) Chrome/83.0.4103.116 Safari/537.36"
80.80.251.48 - - [09/Jul/2020:11:41:39 +0200] "GET /reload?ser=1594287699131 HTTP/1.1" 200 28 "http://renault.activities.at/result?searchterm=true&search=7+Sterne" "Mozilla/5.0 (Windows NT 10.0; Win64; x64) AppleWebKit/537.36 (KHTML, like Gecko) Chrome/83.0.4103.116 Safari/537.36"
212.152.229.244 - - [09/Jul/2020:11:41:50 +0200] "GET /reload?ser=1594287709105 HTTP/1.1" 200 28 "http://renault.activities.at/" "Mozilla/5.0 (Windows NT 10.0; Win64; x64) AppleWebKit/537.36 (KHTML, like Gecko) Chrome/83.0.4103.116 Safari/537.36"
80.120.5.131 - - [09/Jul/2020:11:42:10 +0200] "GET /reload?ser=1594287730477 HTTP/1.1" 200 28 "http://renault.activities.at/12250101" "Mozilla/5.0 (Windows NT 10.0; Win64; x64) AppleWebKit/537.36 (KHTML, like Gecko) Chrome/83.0.4103.116 Safari/537.36"
80.123.105.158 - - [09/Jul/2020:11:42:35 +0200] "GET /reload?ser=1594287755672 HTTP/1.1" 200 28 "http://renault.activities.at/cart" "Mozilla/5.0 (Windows NT 6.1; Win64; x64) AppleWebKit/537.36 (KHTML, like Gecko) Chrome/83.0.4103.116 Safari/537.36"
80.80.251.48 - - [09/Jul/2020:11:42:40 +0200] "GET /reload?ser=1594287760140 HTTP/1.1" 200 28 "http://renault.activities.at/result?searchterm=true&search=7+Sterne" "Mozilla/5.0 (Windows NT 10.0; Win64; x64) AppleWebKit/537.36 (KHTML, like Gecko) Chrome/83.0.4103.116 Safari/537.36"
212.152.229.244 - - [09/Jul/2020:11:42:51 +0200] "GET /reload?ser=1594287770103 HTTP/1.1" 200 28 "http://renault.activities.at/" "Mozilla/5.0 (Windows NT 10.0; Win64; x64) AppleWebKit/537.36 (KHTML, like Gecko) Chrome/83.0.4103.116 Safari/537.36"
80.120.5.131 - - [09/Jul/2020:11:43:11 +0200] "GET /reload?ser=1594287791444 HTTP/1.1" 200 28 "http://renault.activities.at/12250101" "Mozilla/5.0 (Windows NT 10.0; Win64; x64) AppleWebKit/537.36 (KHTML, like Gecko) Chrome/83.0.4103.116 Safari/537.36"
80.123.105.158 - - [09/Jul/2020:11:43:36 +0200] "GET /reload?ser=1594287816606 HTTP/1.1" 200 28 "http://renault.activities.at/cart" "Mozilla/5.0 (Windows NT 6.1; Win64; x64) AppleWebKit/537.36 (KHTML, like Gecko) Chrome/83.0.4103.116 Safari/537.36"
80.80.251.48 - - [09/Jul/2020:11:43:42 +0200] "GET /reload?ser=1594287822140 HTTP/1.1" 200 28 "http://renault.activities.at/result?searchterm=true&search=7+Sterne" "Mozilla/5.0 (Windows NT 10.0; Win64; x64) AppleWebKit/537.36 (KHTML, like Gecko) Chrome/83.0.4103.116 Safari/537.36"
212.152.229.244 - - [09/Jul/2020:11:43:52 +0200] "GET /reload?ser=1594287831102 HTTP/1.1" 200 28 "http://renault.activities.at/" "Mozilla/5.0 (Windows NT 10.0; Win64; x64) AppleWebKit/537.36 (KHTML, like Gecko) Chrome/83.0.4103.116 Safari/537.36"
80.120.5.131 - - [09/Jul/2020:11:44:12 +0200] "GET /reload?ser=1594287852461 HTTP/1.1" 200 28 "http://renault.activities.at/12250101" "Mozilla/5.0 (Windows NT 10.0; Win64; x64) AppleWebKit/537.36 (KHTML, like Gecko) Chrome/83.0.4103.116 Safari/537.36"
80.123.105.158 - - [09/Jul/2020:11:44:37 +0200] "GET /reload?ser=1594287877603 HTTP/1.1" 200 28 "http://renault.activities.at/cart" "Mozilla/5.0 (Windows NT 6.1; Win64; x64) AppleWebKit/537.36 (KHTML, like Gecko) Chrome/83.0.4103.116 Safari/537.36"
80.80.251.48 - - [09/Jul/2020:11:44:44 +0200] "GET /reload?ser=1594287884135 HTTP/1.1" 200 28 "http://renault.activities.at/result?searchterm=true&search=7+Sterne" "Mozilla/5.0 (Windows NT 10.0; Win64; x64) AppleWebKit/537.36 (KHTML, like Gecko) Chrome/83.0.4103.116 Safari/537.36"
212.152.229.244 - - [09/Jul/2020:11:44:53 +0200] "GET /reload?ser=1594287892116 HTTP/1.1" 200 28 "http://renault.activities.at/" "Mozilla/5.0 (Windows NT 10.0; Win64; x64) AppleWebKit/537.36 (KHTML, like Gecko) Chrome/83.0.4103.116 Safari/537.36"
80.120.5.131 - - [09/Jul/2020:11:45:13 +0200] "GET /reload?ser=1594287913444 HTTP/1.1" 200 28 "http://renault.activities.at/12250101" "Mozilla/5.0 (Windows NT 10.0; Win64; x64) AppleWebKit/537.36 (KHTML, like Gecko) Chrome/83.0.4103.116 Safari/537.36"
80.123.105.158 - - [09/Jul/2020:11:45:38 +0200] "GET /reload?ser=1594287938540 HTTP/1.1" 200 28 "http://renault.activities.at/cart" "Mozilla/5.0 (Windows NT 6.1; Win64; x64) AppleWebKit/537.36 (KHTML, like Gecko) Chrome/83.0.4103.116 Safari/537.36"
80.80.251.48 - - [09/Jul/2020:11:45:46 +0200] "GET /reload?ser=1594287946132 HTTP/1.1" 200 28 "http://renault.activities.at/result?searchterm=true&search=7+Sterne" "Mozilla/5.0 (Windows NT 10.0; Win64; x64) AppleWebKit/537.36 (KHTML, like Gecko) Chrome/83.0.4103.116 Safari/537.36"
212.152.229.244 - - [09/Jul/2020:11:45:54 +0200] "GET /reload?ser=1594287953099 HTTP/1.1" 200 28 "http://renault.activities.at/" "Mozilla/5.0 (Windows NT 10.0; Win64; x64) AppleWebKit/537.36 (KHTML, like Gecko) Chrome/83.0.4103.116 Safari/537.36"
80.120.5.131 - - [09/Jul/2020:11:46:14 +0200] "GET /reload?ser=1594287974545 HTTP/1.1" 200 28 "http://renault.activities.at/12250101" "Mozilla/5.0 (Windows NT 10.0; Win64; x64) AppleWebKit/537.36 (KHTML, like Gecko) Chrome/83.0.4103.116 Safari/537.36"
80.123.105.158 - - [09/Jul/2020:11:46:32 +0200] "POST /axjaxrequest?mode=suggest HTTP/1.1" 200 228 "http://renault.activities.at/cart" "Mozilla/5.0 (Windows NT 6.1; Win64; x64) AppleWebKit/537.36 (KHTML, like Gecko) Chrome/83.0.4103.116 Safari/537.36"
80.123.105.158 - - [09/Jul/2020:11:46:33 +0200] "POST /axjaxrequest?mode=suggest HTTP/1.1" 200 205 "http://renault.activities.at/cart" "Mozilla/5.0 (Windows NT 6.1; Win64; x64) AppleWebKit/537.36 (KHTML, like Gecko) Chrome/83.0.4103.116 Safari/537.36"
80.123.105.158 - - [09/Jul/2020:11:46:33 +0200] "POST /axjaxrequest?mode=suggest HTTP/1.1" 200 205 "http://renault.activities.at/cart" "Mozilla/5.0 (Windows NT 6.1; Win64; x64) AppleWebKit/537.36 (KHTML, like Gecko) Chrome/83.0.4103.116 Safari/537.36"
80.123.105.158 - - [09/Jul/2020:11:46:34 +0200] "POST /axjaxrequest?mode=suggest HTTP/1.1" 200 205 "http://renault.activities.at/cart" "Mozilla/5.0 (Windows NT 6.1; Win64; x64) AppleWebKit/537.36 (KHTML, like Gecko) Chrome/83.0.4103.116 Safari/537.36"
80.123.105.158 - - [09/Jul/2020:11:46:38 +0200] "POST /axjaxrequest?mode=suggest HTTP/1.1" 200 21 "http://renault.activities.at/cart" "Mozilla/5.0 (Windows NT 6.1; Win64; x64) AppleWebKit/537.36 (KHTML, like Gecko) Chrome/83.0.4103.116 Safari/537.36"
80.123.105.158 - - [09/Jul/2020:11:46:38 +0200] "POST /axjaxrequest?mode=suggest HTTP/1.1" 200 21 "http://renault.activities.at/cart" "Mozilla/5.0 (Windows NT 6.1; Win64; x64) AppleWebKit/537.36 (KHTML, like Gecko) Chrome/83.0.4103.116 Safari/537.36"
80.123.105.158 - - [09/Jul/2020:11:46:39 +0200] "GET /reload?ser=1594287999515 HTTP/1.1" 200 28 "http://renault.activities.at/cart" "Mozilla/5.0 (Windows NT 6.1; Win64; x64) AppleWebKit/537.36 (KHTML, like Gecko) Chrome/83.0.4103.116 Safari/537.36"
80.123.105.158 - - [09/Jul/2020:11:46:40 +0200] "POST /axjaxrequest?mode=suggest HTTP/1.1" 200 21 "http://renault.activities.at/cart" "Mozilla/5.0 (Windows NT 6.1; Win64; x64) AppleWebKit/537.36 (KHTML, like Gecko) Chrome/83.0.4103.116 Safari/537.36"
80.123.105.158 - - [09/Jul/2020:11:46:41 +0200] "GET /result?searchterm=true&search=Brosch%FCre+Dacia HTTP/1.1" 200 7841 "http://renault.activities.at/cart" "Mozilla/5.0 (Windows NT 6.1; Win64; x64) AppleWebKit/537.36 (KHTML, like Gecko) Chrome/83.0.4103.116 Safari/537.36"
80.123.105.158 - - [09/Jul/2020:11:46:45 +0200] "GET /loadthumbnail.php?id=11877757&width=113 HTTP/1.1" 200 32396 "http://renault.activities.at/result?searchterm=true&search=Brosch%FCre+Dacia" "Mozilla/5.0 (Windows NT 6.1; Win64; x64) AppleWebKit/537.36 (KHTML, like Gecko) Chrome/83.0.4103.116 Safari/537.36"
80.123.105.158 - - [09/Jul/2020:11:46:45 +0200] "GET /loadthumbnail.php?id=12025504&width=113 HTTP/1.1" 200 19297 "http://renault.activities.at/result?searchterm=true&search=Brosch%FCre+Dacia" "Mozilla/5.0 (Windows NT 6.1; Win64; x64) AppleWebKit/537.36 (KHTML, like Gecko) Chrome/83.0.4103.116 Safari/537.36"
80.123.105.158 - - [09/Jul/2020:11:46:45 +0200] "GET /loadthumbnail.php?id=11878139&width=113 HTTP/1.1" 200 19930 "http://renault.activities.at/result?searchterm=true&search=Brosch%FCre+Dacia" "Mozilla/5.0 (Windows NT 6.1; Win64; x64) AppleWebKit/537.36 (KHTML, like Gecko) Chrome/83.0.4103.116 Safari/537.36"
80.123.105.158 - - [09/Jul/2020:11:46:45 +0200] "GET /loadthumbnail.php?id=11798477&width=113 HTTP/1.1" 200 3326 "http://renault.activities.at/result?searchterm=true&search=Brosch%FCre+Dacia" "Mozilla/5.0 (Windows NT 6.1; Win64; x64) AppleWebKit/537.36 (KHTML, like Gecko) Chrome/83.0.4103.116 Safari/537.36"
80.123.105.158 - - [09/Jul/2020:11:46:45 +0200] "GET /loadthumbnail.php?id=12234958&width=113 HTTP/1.1" 200 2519 "http://renault.activities.at/result?searchterm=true&search=Brosch%FCre+Dacia" "Mozilla/5.0 (Windows NT 6.1; Win64; x64) AppleWebKit/537.36 (KHTML, like Gecko) Chrome/83.0.4103.116 Safari/537.36"
80.123.105.158 - - [09/Jul/2020:11:46:45 +0200] "GET /loadthumbnail.php?id=11819635&width=113 HTTP/1.1" 200 3087 "http://renault.activities.at/result?searchterm=true&search=Brosch%FCre+Dacia" "Mozilla/5.0 (Windows NT 6.1; Win64; x64) AppleWebKit/537.36 (KHTML, like Gecko) Chrome/83.0.4103.116 Safari/537.36"
80.123.105.158 - - [09/Jul/2020:11:46:45 +0200] "GET /loadthumbnail.php?id=12237274&width=113 HTTP/1.1" 200 2703 "http://renault.activities.at/result?searchterm=true&search=Brosch%FCre+Dacia" "Mozilla/5.0 (Windows NT 6.1; Win64; x64) AppleWebKit/537.36 (KHTML, like Gecko) Chrome/83.0.4103.116 Safari/537.36"
80.123.105.158 - - [09/Jul/2020:11:46:45 +0200] "GET /loadthumbnail.php?id=12237270&width=113 HTTP/1.1" 200 2874 "http://renault.activities.at/result?searchterm=true&search=Brosch%FCre+Dacia" "Mozilla/5.0 (Windows NT 6.1; Win64; x64) AppleWebKit/537.36 (KHTML, like Gecko) Chrome/83.0.4103.116 Safari/537.36"
80.123.105.158 - - [09/Jul/2020:11:46:45 +0200] "GET /loadthumbnail.php?id=11895725&width=113 HTTP/1.1" 200 2960 "http://renault.activities.at/result?searchterm=true&search=Brosch%FCre+Dacia" "Mozilla/5.0 (Windows NT 6.1; Win64; x64) AppleWebKit/537.36 (KHTML, like Gecko) Chrome/83.0.4103.116 Safari/537.36"
80.80.251.48 - - [09/Jul/2020:11:46:47 +0200] "GET /reload?ser=1594288007128 HTTP/1.1" 200 28 "http://renault.activities.at/result?searchterm=true&search=7+Sterne" "Mozilla/5.0 (Windows NT 10.0; Win64; x64) AppleWebKit/537.36 (KHTML, like Gecko) Chrome/83.0.4103.116 Safari/537.36"
212.152.229.244 - - [09/Jul/2020:11:46:55 +0200] "GET /reload?ser=1594288014097 HTTP/1.1" 200 28 "http://renault.activities.at/" "Mozilla/5.0 (Windows NT 10.0; Win64; x64) AppleWebKit/537.36 (KHTML, like Gecko) Chrome/83.0.4103.116 Safari/537.36"
80.123.105.158 - - [09/Jul/2020:11:47:12 +0200] "POST /result?searchterm=true&search=Brosch%FCre+Dacia HTTP/1.1" 200 7947 "http://renault.activities.at/result?searchterm=true&search=Brosch%FCre+Dacia" "Mozilla/5.0 (Windows NT 6.1; Win64; x64) AppleWebKit/537.36 (KHTML, like Gecko) Chrome/83.0.4103.116 Safari/537.36"
80.120.5.131 - - [09/Jul/2020:11:47:15 +0200] "GET /reload?ser=1594288035627 HTTP/1.1" 200 28 "http://renault.activities.at/12250101" "Mozilla/5.0 (Windows NT 10.0; Win64; x64) AppleWebKit/537.36 (KHTML, like Gecko) Chrome/83.0.4103.116 Safari/537.36"
80.123.105.158 - - [09/Jul/2020:11:47:40 +0200] "POST /axjaxrequest?mode=suggest HTTP/1.1" 200 153 "http://renault.activities.at/result?searchterm=true&search=Brosch%FCre+Dacia" "Mozilla/5.0 (Windows NT 6.1; Win64; x64) AppleWebKit/537.36 (KHTML, like Gecko) Chrome/83.0.4103.116 Safari/537.36"
80.123.105.158 - - [09/Jul/2020:11:47:41 +0200] "POST /axjaxrequest?mode=suggest HTTP/1.1" 200 132 "http://renault.activities.at/result?searchterm=true&search=Brosch%FCre+Dacia" "Mozilla/5.0 (Windows NT 6.1; Win64; x64) AppleWebKit/537.36 (KHTML, like Gecko) Chrome/83.0.4103.116 Safari/537.36"
80.123.105.158 - - [09/Jul/2020:11:47:42 +0200] "POST /axjaxrequest?mode=suggest HTTP/1.1" 200 21 "http://renault.activities.at/result?searchterm=true&search=Brosch%FCre+Dacia" "Mozilla/5.0 (Windows NT 6.1; Win64; x64) AppleWebKit/537.36 (KHTML, like Gecko) Chrome/83.0.4103.116 Safari/537.36"
80.123.105.158 - - [09/Jul/2020:11:47:43 +0200] "POST /axjaxrequest?mode=suggest HTTP/1.1" 200 21 "http://renault.activities.at/result?searchterm=true&search=Brosch%FCre+Dacia" "Mozilla/5.0 (Windows NT 6.1; Win64; x64) AppleWebKit/537.36 (KHTML, like Gecko) Chrome/83.0.4103.116 Safari/537.36"
80.123.105.158 - - [09/Jul/2020:11:47:44 +0200] "GET /result?searchterm=true&search=Dacia+Zubeh%F6r HTTP/1.1" 200 6567 "http://renault.activities.at/result?searchterm=true&search=Brosch%FCre+Dacia" "Mozilla/5.0 (Windows NT 6.1; Win64; x64) AppleWebKit/537.36 (KHTML, like Gecko) Chrome/83.0.4103.116 Safari/537.36"
80.80.251.48 - - [09/Jul/2020:11:47:48 +0200] "GET /reload?ser=1594288068129 HTTP/1.1" 200 28 "http://renault.activities.at/result?searchterm=true&search=7+Sterne" "Mozilla/5.0 (Windows NT 10.0; Win64; x64) AppleWebKit/537.36 (KHTML, like Gecko) Chrome/83.0.4103.116 Safari/537.36"
212.152.229.244 - - [09/Jul/2020:11:47:56 +0200] "GET /reload?ser=1594288075102 HTTP/1.1" 200 28 "http://renault.activities.at/" "Mozilla/5.0 (Windows NT 10.0; Win64; x64) AppleWebKit/537.36 (KHTML, like Gecko) Chrome/83.0.4103.116 Safari/537.36"
80.123.105.158 - - [09/Jul/2020:11:48:00 +0200] "POST /axjaxrequest?mode=suggest HTTP/1.1" 200 111 "http://renault.activities.at/result?searchterm=true&search=Dacia+Zubeh%F6r" "Mozilla/5.0 (Windows NT 6.1; Win64; x64) AppleWebKit/537.36 (KHTML, like Gecko) Chrome/83.0.4103.116 Safari/537.36"
80.123.105.158 - - [09/Jul/2020:11:48:01 +0200] "POST /axjaxrequest?mode=suggest HTTP/1.1" 200 21 "http://renault.activities.at/result?searchterm=true&search=Dacia+Zubeh%F6r" "Mozilla/5.0 (Windows NT 6.1; Win64; x64) AppleWebKit/537.36 (KHTML, like Gecko) Chrome/83.0.4103.116 Safari/537.36"
80.123.105.158 - - [09/Jul/2020:11:48:02 +0200] "POST /axjaxrequest?mode=suggest HTTP/1.1" 200 21 "http://renault.activities.at/result?searchterm=true&search=Dacia+Zubeh%F6r" "Mozilla/5.0 (Windows NT 6.1; Win64; x64) AppleWebKit/537.36 (KHTML, like Gecko) Chrome/83.0.4103.116 Safari/537.36"
80.123.105.158 - - [09/Jul/2020:11:48:03 +0200] "GET /result?searchterm=true&search=Duster+Zubeh%F6r HTTP/1.1" 200 6723 "http://renault.activities.at/result?searchterm=true&search=Dacia+Zubeh%F6r" "Mozilla/5.0 (Windows NT 6.1; Win64; x64) AppleWebKit/537.36 (KHTML, like Gecko) Chrome/83.0.4103.116 Safari/537.36"
80.123.105.158 - - [09/Jul/2020:11:48:05 +0200] "GET /loadthumbnail.php?id=12064393&width=113 HTTP/1.1" 200 2870 "http://renault.activities.at/result?searchterm=true&search=Duster+Zubeh%F6r" "Mozilla/5.0 (Windows NT 6.1; Win64; x64) AppleWebKit/537.36 (KHTML, like Gecko) Chrome/83.0.4103.116 Safari/537.36"
80.120.5.131 - - [09/Jul/2020:11:48:16 +0200] "GET /reload?ser=1594288096594 HTTP/1.1" 200 28 "http://renault.activities.at/12250101" "Mozilla/5.0 (Windows NT 10.0; Win64; x64) AppleWebKit/537.36 (KHTML, like Gecko) Chrome/83.0.4103.116 Safari/537.36"
80.123.105.158 - - [09/Jul/2020:11:48:47 +0200] "POST /result?searchterm=true&search=Duster+Zubeh%F6r HTTP/1.1" 200 6826 "http://renault.activities.at/result?searchterm=true&search=Duster+Zubeh%F6r" "Mozilla/5.0 (Windows NT 6.1; Win64; x64) AppleWebKit/537.36 (KHTML, like Gecko) Chrome/83.0.4103.116 Safari/537.36"
80.80.251.48 - - [09/Jul/2020:11:48:49 +0200] "GET /reload?ser=1594288129125 HTTP/1.1" 200 28 "http://renault.activities.at/result?searchterm=true&search=7+Sterne" "Mozilla/5.0 (Windows NT 10.0; Win64; x64) AppleWebKit/537.36 (KHTML, like Gecko) Chrome/83.0.4103.116 Safari/537.36"
212.152.229.244 - - [09/Jul/2020:11:48:57 +0200] "GET /reload?ser=1594288136100 HTTP/1.1" 200 28 "http://renault.activities.at/" "Mozilla/5.0 (Windows NT 10.0; Win64; x64) AppleWebKit/537.36 (KHTML, like Gecko) Chrome/83.0.4103.116 Safari/537.36"
80.123.105.158 - - [09/Jul/2020:11:48:59 +0200] "POST /result?searchterm=true&search=Duster+Zubeh%F6r HTTP/1.1" 200 6824 "http://renault.activities.at/result?searchterm=true&search=Duster+Zubeh%F6r" "Mozilla/5.0 (Windows NT 6.1; Win64; x64) AppleWebKit/537.36 (KHTML, like Gecko) Chrome/83.0.4103.116 Safari/537.36"
80.123.105.158 - - [09/Jul/2020:11:49:09 +0200] "POST /axjaxrequest?mode=suggest HTTP/1.1" 200 382 "http://renault.activities.at/result?searchterm=true&search=Duster+Zubeh%F6r" "Mozilla/5.0 (Windows NT 6.1; Win64; x64) AppleWebKit/537.36 (KHTML, like Gecko) Chrome/83.0.4103.116 Safari/537.36"
80.123.105.158 - - [09/Jul/2020:11:49:10 +0200] "POST /axjaxrequest?mode=suggest HTTP/1.1" 200 112 "http://renault.activities.at/result?searchterm=true&search=Duster+Zubeh%F6r" "Mozilla/5.0 (Windows NT 6.1; Win64; x64) AppleWebKit/537.36 (KHTML, like Gecko) Chrome/83.0.4103.116 Safari/537.36"
80.123.105.158 - - [09/Jul/2020:11:49:11 +0200] "POST /axjaxrequest?mode=suggest HTTP/1.1" 200 112 "http://renault.activities.at/result?searchterm=true&search=Duster+Zubeh%F6r" "Mozilla/5.0 (Windows NT 6.1; Win64; x64) AppleWebKit/537.36 (KHTML, like Gecko) Chrome/83.0.4103.116 Safari/537.36"
80.123.105.158 - - [09/Jul/2020:11:49:11 +0200] "GET /result?searchterm=true&search=Kadjar HTTP/1.1" 200 9142 "http://renault.activities.at/result?searchterm=true&search=Duster+Zubeh%F6r" "Mozilla/5.0 (Windows NT 6.1; Win64; x64) AppleWebKit/537.36 (KHTML, like Gecko) Chrome/83.0.4103.116 Safari/537.36"
80.120.5.131 - - [09/Jul/2020:11:49:17 +0200] "GET /reload?ser=1594288157544 HTTP/1.1" 200 28 "http://renault.activities.at/12250101" "Mozilla/5.0 (Windows NT 10.0; Win64; x64) AppleWebKit/537.36 (KHTML, like Gecko) Chrome/83.0.4103.116 Safari/537.36"
80.123.105.158 - - [09/Jul/2020:11:49:12 +0200] "GET /result?searchterm=true&search=Kadjar HTTP/1.1" 200 9142 "http://renault.activities.at/result?searchterm=true&search=Duster+Zubeh%F6r" "Mozilla/5.0 (Windows NT 6.1; Win64; x64) AppleWebKit/537.36 (KHTML, like Gecko) Chrome/83.0.4103.116 Safari/537.36"
80.123.105.158 - - [09/Jul/2020:11:49:14 +0200] "GET /result?searchterm=true&search=Kadjar HTTP/1.1" 200 9142 "http://renault.activities.at/result?searchterm=true&search=Duster+Zubeh%F6r" "Mozilla/5.0 (Windows NT 6.1; Win64; x64) AppleWebKit/537.36 (KHTML, like Gecko) Chrome/83.0.4103.116 Safari/537.36"
80.123.105.158 - - [09/Jul/2020:11:49:21 +0200] "GET /loadthumbnail.php?id=11976092&width=113 HTTP/1.1" 200 22943 "http://renault.activities.at/result?searchterm=true&search=Kadjar" "Mozilla/5.0 (Windows NT 6.1; Win64; x64) AppleWebKit/537.36 (KHTML, like Gecko) Chrome/83.0.4103.116 Safari/537.36"
80.123.105.158 - - [09/Jul/2020:11:49:21 +0200] "GET /loadthumbnail.php?id=11927086&width=113 HTTP/1.1" 200 2978 "http://renault.activities.at/result?searchterm=true&search=Kadjar" "Mozilla/5.0 (Windows NT 6.1; Win64; x64) AppleWebKit/537.36 (KHTML, like Gecko) Chrome/83.0.4103.116 Safari/537.36"
80.123.105.158 - - [09/Jul/2020:11:49:21 +0200] "GET /loadthumbnail.php?id=10915652&width=113 HTTP/1.1" 200 1387 "http://renault.activities.at/result?searchterm=true&search=Kadjar" "Mozilla/5.0 (Windows NT 6.1; Win64; x64) AppleWebKit/537.36 (KHTML, like Gecko) Chrome/83.0.4103.116 Safari/537.36"
80.123.105.158 - - [09/Jul/2020:11:49:34 +0200] "GET /result?dir=DESC&mode=grid&order=name&limit=15&page=2&search=Kadjar HTTP/1.1" 200 6778 "http://renault.activities.at/result?searchterm=true&search=Kadjar" "Mozilla/5.0 (Windows NT 6.1; Win64; x64) AppleWebKit/537.36 (KHTML, like Gecko) Chrome/83.0.4103.116 Safari/537.36"
80.123.105.158 - - [09/Jul/2020:11:49:36 +0200] "GET /loadthumbnail.php?id=11967700&width=113 HTTP/1.1" 200 3470 "http://renault.activities.at/result?dir=DESC&mode=grid&order=name&limit=15&page=2&search=Kadjar" "Mozilla/5.0 (Windows NT 6.1; Win64; x64) AppleWebKit/537.36 (KHTML, like Gecko) Chrome/83.0.4103.116 Safari/537.36"
80.123.105.158 - - [09/Jul/2020:11:49:36 +0200] "GET /loadthumbnail.php?id=11031880&width=113 HTTP/1.1" 200 39263 "http://renault.activities.at/result?dir=DESC&mode=grid&order=name&limit=15&page=2&search=Kadjar" "Mozilla/5.0 (Windows NT 6.1; Win64; x64) AppleWebKit/537.36 (KHTML, like Gecko) Chrome/83.0.4103.116 Safari/537.36"
80.80.251.48 - - [09/Jul/2020:11:49:50 +0200] "GET /reload?ser=1594288190124 HTTP/1.1" 200 28 "http://renault.activities.at/result?searchterm=true&search=7+Sterne" "Mozilla/5.0 (Windows NT 10.0; Win64; x64) AppleWebKit/537.36 (KHTML, like Gecko) Chrome/83.0.4103.116 Safari/537.36"
212.152.229.244 - - [09/Jul/2020:11:49:58 +0200] "GET /reload?ser=1594288197099 HTTP/1.1" 200 28 "http://renault.activities.at/" "Mozilla/5.0 (Windows NT 10.0; Win64; x64) AppleWebKit/537.36 (KHTML, like Gecko) Chrome/83.0.4103.116 Safari/537.36"
80.123.105.158 - - [09/Jul/2020:11:50:05 +0200] "POST /result?dir=DESC&mode=grid&order=name&limit=15&page=2&search=Kadjar HTTP/1.1" 200 6880 "http://renault.activities.at/result?dir=DESC&mode=grid&order=name&limit=15&page=2&search=Kadjar" "Mozilla/5.0 (Windows NT 6.1; Win64; x64) AppleWebKit/537.36 (KHTML, like Gecko) Chrome/83.0.4103.116 Safari/537.36"
80.123.105.158 - - [09/Jul/2020:11:50:10 +0200] "GET /cart HTTP/1.1" 200 6765 "http://renault.activities.at/result?dir=DESC&mode=grid&order=name&limit=15&page=2&search=Kadjar" "Mozilla/5.0 (Windows NT 6.1; Win64; x64) AppleWebKit/537.36 (KHTML, like Gecko) Chrome/83.0.4103.116 Safari/537.36"
80.123.105.158 - - [09/Jul/2020:11:50:13 +0200] "GET /loadthumbnail.php?id=11819635&width=100 HTTP/1.1" 200 2628 "http://renault.activities.at/cart" "Mozilla/5.0 (Windows NT 6.1; Win64; x64) AppleWebKit/537.36 (KHTML, like Gecko) Chrome/83.0.4103.116 Safari/537.36"
80.123.105.158 - - [09/Jul/2020:11:50:13 +0200] "GET /loadthumbnail.php?id=12064393&width=100 HTTP/1.1" 200 2381 "http://renault.activities.at/cart" "Mozilla/5.0 (Windows NT 6.1; Win64; x64) AppleWebKit/537.36 (KHTML, like Gecko) Chrome/83.0.4103.116 Safari/537.36"
80.123.105.158 - - [09/Jul/2020:11:50:13 +0200] "GET /loadthumbnail.php?id=11967700&width=100 HTTP/1.1" 200 2847 "http://renault.activities.at/cart" "Mozilla/5.0 (Windows NT 6.1; Win64; x64) AppleWebKit/537.36 (KHTML, like Gecko) Chrome/83.0.4103.116 Safari/537.36"
80.123.105.158 - - [09/Jul/2020:11:50:13 +0200] "GET /loadthumbnail.php?id=12174323&width=100 HTTP/1.1" 200 5214 "http://renault.activities.at/cart" "Mozilla/5.0 (Windows NT 6.1; Win64; x64) AppleWebKit/537.36 (KHTML, like Gecko) Chrome/83.0.4103.116 Safari/537.36"
80.120.5.131 - - [09/Jul/2020:11:50:18 +0200] "GET /reload?ser=1594288218512 HTTP/1.1" 200 28 "http://renault.activities.at/12250101" "Mozilla/5.0 (Windows NT 10.0; Win64; x64) AppleWebKit/537.36 (KHTML, like Gecko) Chrome/83.0.4103.116 Safari/537.36"
80.123.105.158 - - [09/Jul/2020:11:50:31 +0200] "GET /checkout HTTP/1.1" 200 20587 "http://renault.activities.at/cart" "Mozilla/5.0 (Windows NT 6.1; Win64; x64) AppleWebKit/537.36 (KHTML, like Gecko) Chrome/83.0.4103.116 Safari/537.36"
80.123.105.158 - - [09/Jul/2020:11:50:36 +0200] "GET /js/checkout2.js HTTP/1.1" 200 4122 "http://renault.activities.at/checkout" "Mozilla/5.0 (Windows NT 6.1; Win64; x64) AppleWebKit/537.36 (KHTML, like Gecko) Chrome/83.0.4103.116 Safari/537.36"
80.123.105.158 - - [09/Jul/2020:11:50:36 +0200] "GET /loadthumbnail.php?id=10201939 HTTP/1.1" 200 201 "http://renault.activities.at/checkout" "Mozilla/5.0 (Windows NT 6.1; Win64; x64) AppleWebKit/537.36 (KHTML, like Gecko) Chrome/83.0.4103.116 Safari/537.36"
80.123.105.158 - - [09/Jul/2020:11:50:36 +0200] "GET /loadthumbnail.php?id=10202698 HTTP/1.1" 200 16686 "http://renault.activities.at/checkout" "Mozilla/5.0 (Windows NT 6.1; Win64; x64) AppleWebKit/537.36 (KHTML, like Gecko) Chrome/83.0.4103.116 Safari/537.36"
80.123.105.158 - - [09/Jul/2020:11:50:37 +0200] "GET /images/step_bg.jpg HTTP/1.1" 200 319 "http://renault.activities.at/css/styles.css" "Mozilla/5.0 (Windows NT 6.1; Win64; x64) AppleWebKit/537.36 (KHTML, like Gecko) Chrome/83.0.4103.116 Safari/537.36"
80.123.105.158 - - [09/Jul/2020:11:50:37 +0200] "GET /images/checkout_border_top.gif HTTP/1.1" 200 156 "http://renault.activities.at/css/styles.css" "Mozilla/5.0 (Windows NT 6.1; Win64; x64) AppleWebKit/537.36 (KHTML, like Gecko) Chrome/83.0.4103.116 Safari/537.36"
80.123.105.158 - - [09/Jul/2020:11:50:37 +0200] "GET /images/step_marker.gif HTTP/1.1" 200 650 "http://renault.activities.at/css/styles.css" "Mozilla/5.0 (Windows NT 6.1; Win64; x64) AppleWebKit/537.36 (KHTML, like Gecko) Chrome/83.0.4103.116 Safari/537.36"
80.123.105.158 - - [09/Jul/2020:11:50:37 +0200] "GET /images/checkout_border.gif HTTP/1.1" 200 43 "http://renault.activities.at/css/styles.css" "Mozilla/5.0 (Windows NT 6.1; Win64; x64) AppleWebKit/537.36 (KHTML, like Gecko) Chrome/83.0.4103.116 Safari/537.36"
80.80.251.48 - - [09/Jul/2020:11:50:51 +0200] "GET /reload?ser=1594288251132 HTTP/1.1" 200 28 "http://renault.activities.at/result?searchterm=true&search=7+Sterne" "Mozilla/5.0 (Windows NT 10.0; Win64; x64) AppleWebKit/537.36 (KHTML, like Gecko) Chrome/83.0.4103.116 Safari/537.36"
212.152.229.244 - - [09/Jul/2020:11:50:59 +0200] "GET /reload?ser=1594288258097 HTTP/1.1" 200 28 "http://renault.activities.at/" "Mozilla/5.0 (Windows NT 10.0; Win64; x64) AppleWebKit/537.36 (KHTML, like Gecko) Chrome/83.0.4103.116 Safari/537.36"
80.123.105.158 - - [09/Jul/2020:11:51:07 +0200] "POST /docheckout HTTP/1.1" 200 467 "http://renault.activities.at/checkout" "Mozilla/5.0 (Windows NT 6.1; Win64; x64) AppleWebKit/537.36 (KHTML, like Gecko) Chrome/83.0.4103.116 Safari/537.36"
80.123.105.158 - - [09/Jul/2020:11:51:11 +0200] "POST /docheckout HTTP/1.1" 200 1026 "http://renault.activities.at/checkout" "Mozilla/5.0 (Windows NT 6.1; Win64; x64) AppleWebKit/537.36 (KHTML, like Gecko) Chrome/83.0.4103.116 Safari/537.36"
80.123.105.158 - - [09/Jul/2020:11:51:13 +0200] "GET /images/error_msg_icon.gif HTTP/1.1" 200 1013 "http://renault.activities.at/checkout" "Mozilla/5.0 (Windows NT 6.1; Win64; x64) AppleWebKit/537.36 (KHTML, like Gecko) Chrome/83.0.4103.116 Safari/537.36"
80.120.5.131 - - [09/Jul/2020:11:51:19 +0200] "GET /reload?ser=1594288279495 HTTP/1.1" 200 28 "http://renault.activities.at/12250101" "Mozilla/5.0 (Windows NT 10.0; Win64; x64) AppleWebKit/537.36 (KHTML, like Gecko) Chrome/83.0.4103.116 Safari/537.36"
80.123.105.158 - - [09/Jul/2020:11:51:23 +0200] "POST /docheckout HTTP/1.1" 200 68 "http://renault.activities.at/checkout" "Mozilla/5.0 (Windows NT 6.1; Win64; x64) AppleWebKit/537.36 (KHTML, like Gecko) Chrome/83.0.4103.116 Safari/537.36"
80.123.105.158 - - [09/Jul/2020:11:51:27 +0200] "GET /success HTTP/1.1" 200 4047 "http://renault.activities.at/checkout" "Mozilla/5.0 (Windows NT 6.1; Win64; x64) AppleWebKit/537.36 (KHTML, like Gecko) Chrome/83.0.4103.116 Safari/537.36"
80.123.105.158 - - [09/Jul/2020:11:51:41 +0200] "GET /12250756?print=true HTTP/1.1" 200 2456 "http://renault.activities.at/success" "Mozilla/5.0 (Windows NT 6.1; Win64; x64) AppleWebKit/537.36 (KHTML, like Gecko) Chrome/83.0.4103.116 Safari/537.36"
80.80.251.48 - - [09/Jul/2020:11:51:52 +0200] "GET /reload?ser=1594288312138 HTTP/1.1" 200 28 "http://renault.activities.at/result?searchterm=true&search=7+Sterne" "Mozilla/5.0 (Windows NT 10.0; Win64; x64) AppleWebKit/537.36 (KHTML, like Gecko) Chrome/83.0.4103.116 Safari/537.36"
212.152.229.244 - - [09/Jul/2020:11:52:00 +0200] "GET /reload?ser=1594288319127 HTTP/1.1" 200 28 "http://renault.activities.at/" "Mozilla/5.0 (Windows NT 10.0; Win64; x64) AppleWebKit/537.36 (KHTML, like Gecko) Chrome/83.0.4103.116 Safari/537.36"
80.123.105.158 - - [09/Jul/2020:11:52:10 +0200] "GET /12250756 HTTP/1.1" 200 6863 "http://renault.activities.at/success" "Mozilla/5.0 (Windows NT 6.1; Win64; x64) AppleWebKit/537.36 (KHTML, like Gecko) Chrome/83.0.4103.116 Safari/537.36"
80.123.105.158 - - [09/Jul/2020:11:52:13 +0200] "GET /loadthumbnail.php?id=11423691&width=50&height=50 HTTP/1.1" 200 995 "http://renault.activities.at/12250756" "Mozilla/5.0 (Windows NT 6.1; Win64; x64) AppleWebKit/537.36 (KHTML, like Gecko) Chrome/83.0.4103.116 Safari/537.36"
80.123.105.158 - - [09/Jul/2020:11:52:13 +0200] "GET /loadthumbnail.php?id=10272696&width=50&height=50 HTTP/1.1" 200 1124 "http://renault.activities.at/12250756" "Mozilla/5.0 (Windows NT 6.1; Win64; x64) AppleWebKit/537.36 (KHTML, like Gecko) Chrome/83.0.4103.116 Safari/537.36"
80.123.105.158 - - [09/Jul/2020:11:52:13 +0200] "GET /loadthumbnail.php?id=12064393&width=50&height=50 HTTP/1.1" 200 1134 "http://renault.activities.at/12250756" "Mozilla/5.0 (Windows NT 6.1; Win64; x64) AppleWebKit/537.36 (KHTML, like Gecko) Chrome/83.0.4103.116 Safari/537.36"
80.123.105.158 - - [09/Jul/2020:11:52:13 +0200] "GET /loadthumbnail.php?id=11819635&width=50&height=50 HTTP/1.1" 200 1210 "http://renault.activities.at/12250756" "Mozilla/5.0 (Windows NT 6.1; Win64; x64) AppleWebKit/537.36 (KHTML, like Gecko) Chrome/83.0.4103.116 Safari/537.36"
80.123.105.158 - - [09/Jul/2020:11:52:13 +0200] "GET /loadthumbnail.php?id=12174323&width=50&height=50 HTTP/1.1" 200 1374 "http://renault.activities.at/12250756" "Mozilla/5.0 (Windows NT 6.1; Win64; x64) AppleWebKit/537.36 (KHTML, like Gecko) Chrome/83.0.4103.116 Safari/537.36"
80.123.105.158 - - [09/Jul/2020:11:52:13 +0200] "GET /loadthumbnail.php?id=11967700&width=50&height=50 HTTP/1.1" 200 1229 "http://renault.activities.at/12250756" "Mozilla/5.0 (Windows NT 6.1; Win64; x64) AppleWebKit/537.36 (KHTML, like Gecko) Chrome/83.0.4103.116 Safari/537.36"
80.120.5.131 - - [09/Jul/2020:11:52:20 +0200] "GET /reload?ser=1594288340495 HTTP/1.1" 200 28 "http://renault.activities.at/12250101" "Mozilla/5.0 (Windows NT 10.0; Win64; x64) AppleWebKit/537.36 (KHTML, like Gecko) Chrome/83.0.4103.116 Safari/537.36"
80.123.105.158 - - [09/Jul/2020:11:52:27 +0200] "GET /12250756?print=true HTTP/1.1" 200 2456 "http://renault.activities.at/12250756" "Mozilla/5.0 (Windows NT 6.1; Win64; x64) AppleWebKit/537.36 (KHTML, like Gecko) Chrome/83.0.4103.116 Safari/537.36"
80.80.251.48 - - [09/Jul/2020:11:52:54 +0200] "GET /reload?ser=1594288374133 HTTP/1.1" 200 28 "http://renault.activities.at/result?searchterm=true&search=7+Sterne" "Mozilla/5.0 (Windows NT 10.0; Win64; x64) AppleWebKit/537.36 (KHTML, like Gecko) Chrome/83.0.4103.116 Safari/537.36"
212.152.229.244 - - [09/Jul/2020:11:53:01 +0200] "GET /reload?ser=1594288380110 HTTP/1.1" 200 28 "http://renault.activities.at/" "Mozilla/5.0 (Windows NT 10.0; Win64; x64) AppleWebKit/537.36 (KHTML, like Gecko) Chrome/83.0.4103.116 Safari/537.36"
80.123.105.158 - - [09/Jul/2020:11:53:13 +0200] "GET /reload?ser=1594288393507 HTTP/1.1" 200 28 "http://renault.activities.at/12250756" "Mozilla/5.0 (Windows NT 6.1; Win64; x64) AppleWebKit/537.36 (KHTML, like Gecko) Chrome/83.0.4103.116 Safari/537.36"
80.120.5.131 - - [09/Jul/2020:11:53:21 +0200] "GET /reload?ser=1594288401428 HTTP/1.1" 200 28 "http://renault.activities.at/12250101" "Mozilla/5.0 (Windows NT 10.0; Win64; x64) AppleWebKit/537.36 (KHTML, like Gecko) Chrome/83.0.4103.116 Safari/537.36"
80.123.105.158 - - [09/Jul/2020:11:53:22 +0200] "GET /logout HTTP/1.1" 302 140 "http://renault.activities.at/12250756" "Mozilla/5.0 (Windows NT 6.1; Win64; x64) AppleWebKit/537.36 (KHTML, like Gecko) Chrome/83.0.4103.116 Safari/537.36"
80.123.105.158 - - [09/Jul/2020:11:53:23 +0200] "GET /logout HTTP/1.1" 200 1583 "http://renault.activities.at/12250756" "Mozilla/5.0 (Windows NT 6.1; Win64; x64) AppleWebKit/537.36 (KHTML, like Gecko) Chrome/83.0.4103.116 Safari/537.36"
80.123.105.158 - - [09/Jul/2020:11:53:29 +0200] "GET / HTTP/1.1" 200 3273 "http://renault.activities.at/logout" "Mozilla/5.0 (Windows NT 6.1; Win64; x64) AppleWebKit/537.36 (KHTML, like Gecko) Chrome/83.0.4103.116 Safari/537.36"
80.80.251.48 - - [09/Jul/2020:11:53:55 +0200] "GET /reload?ser=1594288435126 HTTP/1.1" 200 28 "http://renault.activities.at/result?searchterm=true&search=7+Sterne" "Mozilla/5.0 (Windows NT 10.0; Win64; x64) AppleWebKit/537.36 (KHTML, like Gecko) Chrome/83.0.4103.116 Safari/537.36"
212.152.229.244 - - [09/Jul/2020:11:54:02 +0200] "GET /reload?ser=1594288441108 HTTP/1.1" 200 28 "http://renault.activities.at/" "Mozilla/5.0 (Windows NT 10.0; Win64; x64) AppleWebKit/537.36 (KHTML, like Gecko) Chrome/83.0.4103.116 Safari/537.36"
80.120.5.131 - - [09/Jul/2020:11:54:22 +0200] "GET /reload?ser=1594288462379 HTTP/1.1" 200 28 "http://renault.activities.at/12250101" "Mozilla/5.0 (Windows NT 10.0; Win64; x64) AppleWebKit/537.36 (KHTML, like Gecko) Chrome/83.0.4103.116 Safari/537.36"
80.80.251.48 - - [09/Jul/2020:11:54:56 +0200] "GET /reload?ser=1594288496131 HTTP/1.1" 200 28 "http://renault.activities.at/result?searchterm=true&search=7+Sterne" "Mozilla/5.0 (Windows NT 10.0; Win64; x64) AppleWebKit/537.36 (KHTML, like Gecko) Chrome/83.0.4103.116 Safari/537.36"
212.152.229.244 - - [09/Jul/2020:11:55:03 +0200] "GET /reload?ser=1594288502107 HTTP/1.1" 200 28 "http://renault.activities.at/" "Mozilla/5.0 (Windows NT 10.0; Win64; x64) AppleWebKit/537.36 (KHTML, like Gecko) Chrome/83.0.4103.116 Safari/537.36"
80.120.5.131 - - [09/Jul/2020:11:55:23 +0200] "GET /reload?ser=1594288523378 HTTP/1.1" 200 28 "http://renault.activities.at/12250101" "Mozilla/5.0 (Windows NT 10.0; Win64; x64) AppleWebKit/537.36 (KHTML, like Gecko) Chrome/83.0.4103.116 Safari/537.36"
80.80.251.48 - - [09/Jul/2020:11:55:58 +0200] "GET /reload?ser=1594288558132 HTTP/1.1" 200 28 "http://renault.activities.at/result?searchterm=true&search=7+Sterne" "Mozilla/5.0 (Windows NT 10.0; Win64; x64) AppleWebKit/537.36 (KHTML, like Gecko) Chrome/83.0.4103.116 Safari/537.36"
212.152.229.244 - - [09/Jul/2020:11:56:04 +0200] "GET /reload?ser=1594288563105 HTTP/1.1" 200 28 "http://renault.activities.at/" "Mozilla/5.0 (Windows NT 10.0; Win64; x64) AppleWebKit/537.36 (KHTML, like Gecko) Chrome/83.0.4103.116 Safari/537.36"
80.120.5.131 - - [09/Jul/2020:11:56:24 +0200] "GET /reload?ser=1594288584362 HTTP/1.1" 200 28 "http://renault.activities.at/12250101" "Mozilla/5.0 (Windows NT 10.0; Win64; x64) AppleWebKit/537.36 (KHTML, like Gecko) Chrome/83.0.4103.116 Safari/537.36"
40.77.167.147 - - [09/Jul/2020:11:56:38 +0200] "GET /10260004 HTTP/1.1" 200 6261 "-" "Mozilla/5.0 (compatible; bingbot/2.0; +http://www.bing.com/bingbot.htm)"
80.80.251.48 - - [09/Jul/2020:11:57:00 +0200] "GET /reload?ser=1594288620133 HTTP/1.1" 200 28 "http://renault.activities.at/result?searchterm=true&search=7+Sterne" "Mozilla/5.0 (Windows NT 10.0; Win64; x64) AppleWebKit/537.36 (KHTML, like Gecko) Chrome/83.0.4103.116 Safari/537.36"
212.152.229.244 - - [09/Jul/2020:11:57:05 +0200] "GET /reload?ser=1594288624104 HTTP/1.1" 200 28 "http://renault.activities.at/" "Mozilla/5.0 (Windows NT 10.0; Win64; x64) AppleWebKit/537.36 (KHTML, like Gecko) Chrome/83.0.4103.116 Safari/537.36"
157.55.39.15 - - [09/Jul/2020:11:57:09 +0200] "GET /robots.txt HTTP/1.1" 404 300 "-" "Mozilla/5.0 (compatible; bingbot/2.0; +http://www.bing.com/bingbot.htm)"
157.55.39.15 - - [09/Jul/2020:11:57:09 +0200] "GET /robots.txt HTTP/1.1" 404 300 "-" "Mozilla/5.0 (compatible; bingbot/2.0; +http://www.bing.com/bingbot.htm)"
80.120.5.131 - - [09/Jul/2020:11:57:25 +0200] "GET /reload?ser=1594288645328 HTTP/1.1" 200 28 "http://renault.activities.at/12250101" "Mozilla/5.0 (Windows NT 10.0; Win64; x64) AppleWebKit/537.36 (KHTML, like Gecko) Chrome/83.0.4103.116 Safari/537.36"
40.77.167.69 - - [09/Jul/2020:11:57:51 +0200] "GET /loadthumbnail.php?id=10201939&width=15&height=15 HTTP/1.1" 200 201 "-" "Mozilla/5.0 (compatible; bingbot/2.0; +http://www.bing.com/bingbot.htm)"
40.77.167.69 - - [09/Jul/2020:11:57:51 +0200] "GET /loadthumbnail.php?id=10203255 HTTP/1.1" 200 137 "-" "Mozilla/5.0 (compatible; bingbot/2.0; +http://www.bing.com/bingbot.htm)"
40.77.167.69 - - [09/Jul/2020:11:57:52 +0200] "GET /loadthumbnail.php?id=10562347&width=113 HTTP/1.1" 200 4993 "-" "Mozilla/5.0 (compatible; bingbot/2.0; +http://www.bing.com/bingbot.htm)"
40.77.167.69 - - [09/Jul/2020:11:57:52 +0200] "GET /loadthumbnail.php?id=12244847&width=113 HTTP/1.1" 200 5903 "-" "Mozilla/5.0 (compatible; bingbot/2.0; +http://www.bing.com/bingbot.htm)"
40.77.167.69 - - [09/Jul/2020:11:57:53 +0200] "GET /loadthumbnail.php?id=12244864&width=113 HTTP/1.1" 200 11050 "-" "Mozilla/5.0 (compatible; bingbot/2.0; +http://www.bing.com/bingbot.htm)"
80.80.251.48 - - [09/Jul/2020:11:58:01 +0200] "GET /reload?ser=1594288681120 HTTP/1.1" 200 28 "http://renault.activities.at/result?searchterm=true&search=7+Sterne" "Mozilla/5.0 (Windows NT 10.0; Win64; x64) AppleWebKit/537.36 (KHTML, like Gecko) Chrome/83.0.4103.116 Safari/537.36"
212.152.229.244 - - [09/Jul/2020:11:58:06 +0200] "GET /reload?ser=1594288685102 HTTP/1.1" 200 28 "http://renault.activities.at/" "Mozilla/5.0 (Windows NT 10.0; Win64; x64) AppleWebKit/537.36 (KHTML, like Gecko) Chrome/83.0.4103.116 Safari/537.36"
80.120.5.131 - - [09/Jul/2020:11:58:26 +0200] "GET /reload?ser=1594288706295 HTTP/1.1" 200 28 "http://renault.activities.at/12250101" "Mozilla/5.0 (Windows NT 10.0; Win64; x64) AppleWebKit/537.36 (KHTML, like Gecko) Chrome/83.0.4103.116 Safari/537.36"
207.46.13.61 - - [09/Jul/2020:11:58:43 +0200] "GET /loadthumbnail.php?id=10203650&width=113 HTTP/1.1" 200 2741 "-" "Mozilla/5.0 (compatible; bingbot/2.0; +http://www.bing.com/bingbot.htm)"
207.46.13.61 - - [09/Jul/2020:11:58:44 +0200] "GET /loadthumbnail.php?id=12244839&width=113 HTTP/1.1" 200 21692 "-" "Mozilla/5.0 (compatible; bingbot/2.0; +http://www.bing.com/bingbot.htm)"
40.77.167.156 - - [09/Jul/2020:11:58:48 +0200] "GET /css/styles.css HTTP/1.1" 200 14664 "-" "Mozilla/5.0 (compatible; bingbot/2.0; +http://www.bing.com/bingbot.htm)"
40.77.167.156 - - [09/Jul/2020:11:58:48 +0200] "GET /js/prototip.js HTTP/1.1" 200 4588 "-" "Mozilla/5.0 (compatible; bingbot/2.0; +http://www.bing.com/bingbot.htm)"
40.77.167.156 - - [09/Jul/2020:11:58:49 +0200] "GET /loadthumbnail.php?id=12244856&width=113 HTTP/1.1" 200 5659 "-" "Mozilla/5.0 (compatible; bingbot/2.0; +http://www.bing.com/bingbot.htm)"
207.46.13.8 - - [09/Jul/2020:11:58:53 +0200] "GET /loadthumbnail.php?id=12244843&width=113 HTTP/1.1" 200 6390 "-" "Mozilla/5.0 (compatible; bingbot/2.0; +http://www.bing.com/bingbot.htm)"
207.46.13.8 - - [09/Jul/2020:11:58:53 +0200] "GET /loadthumbnail.php?id=12244851&width=113 HTTP/1.1" 200 2883 "-" "Mozilla/5.0 (compatible; bingbot/2.0; +http://www.bing.com/bingbot.htm)"
207.46.13.8 - - [09/Jul/2020:11:58:54 +0200] "GET /loadthumbnail.php?id=12244860&width=113 HTTP/1.1" 200 18982 "-" "Mozilla/5.0 (compatible; bingbot/2.0; +http://www.bing.com/bingbot.htm)"
40.77.167.147 - - [09/Jul/2020:11:59:03 +0200] "GET /js/ProduktGrp.js HTTP/1.1" 200 1569 "-" "Mozilla/5.0 (compatible; bingbot/2.0; +http://www.bing.com/bingbot.htm)"
80.80.251.48 - - [09/Jul/2020:11:59:02 +0200] "GET /reload?ser=1594288742120 HTTP/1.1" 200 28 "http://renault.activities.at/result?searchterm=true&search=7+Sterne" "Mozilla/5.0 (Windows NT 10.0; Win64; x64) AppleWebKit/537.36 (KHTML, like Gecko) Chrome/83.0.4103.116 Safari/537.36"
40.77.167.147 - - [09/Jul/2020:11:59:03 +0200] "GET /loadthumbnail.php?id=10562346&width=113 HTTP/1.1" 200 5314 "-" "Mozilla/5.0 (compatible; bingbot/2.0; +http://www.bing.com/bingbot.htm)"
212.152.229.244 - - [09/Jul/2020:11:59:07 +0200] "GET /reload?ser=1594288746101 HTTP/1.1" 200 28 "http://renault.activities.at/" "Mozilla/5.0 (Windows NT 10.0; Win64; x64) AppleWebKit/537.36 (KHTML, like Gecko) Chrome/83.0.4103.116 Safari/537.36"
80.120.5.131 - - [09/Jul/2020:11:59:27 +0200] "GET /reload?ser=1594288767272 HTTP/1.1" 200 28 "http://renault.activities.at/12250101" "Mozilla/5.0 (Windows NT 10.0; Win64; x64) AppleWebKit/537.36 (KHTML, like Gecko) Chrome/83.0.4103.116 Safari/537.36"
80.80.251.48 - - [09/Jul/2020:12:00:03 +0200] "GET /reload?ser=1594288803125 HTTP/1.1" 200 28 "http://renault.activities.at/result?searchterm=true&search=7+Sterne" "Mozilla/5.0 (Windows NT 10.0; Win64; x64) AppleWebKit/537.36 (KHTML, like Gecko) Chrome/83.0.4103.116 Safari/537.36"
212.152.229.244 - - [09/Jul/2020:12:00:08 +0200] "GET /reload?ser=1594288807099 HTTP/1.1" 200 28 "http://renault.activities.at/" "Mozilla/5.0 (Windows NT 10.0; Win64; x64) AppleWebKit/537.36 (KHTML, like Gecko) Chrome/83.0.4103.116 Safari/537.36"
80.120.5.131 - - [09/Jul/2020:12:00:28 +0200] "GET /reload?ser=1594288828261 HTTP/1.1" 200 28 "http://renault.activities.at/12250101" "Mozilla/5.0 (Windows NT 10.0; Win64; x64) AppleWebKit/537.36 (KHTML, like Gecko) Chrome/83.0.4103.116 Safari/537.36"
