80.123.225.38 - - [10/Jul/2020:11:48:21 +0200] "GET /reload?ser=1594374501262 HTTP/1.1" 200 28 "http://renault.activities.at/10260261" "Mozilla/5.0 (Windows NT 10.0; Win64; x64) AppleWebKit/537.36 (KHTML, like Gecko) Chrome/83.0.4103.116 Safari/537.36 Edg/83.0.478.58"
185.22.23.252 - - [10/Jul/2020:11:48:34 +0200] "GET /reload?ser=1594374514731 HTTP/1.1" 200 28 "http://renault.activities.at/result?searchterm=true&search=7+sterne" "Mozilla/5.0 (Windows NT 6.3; WOW64; Trident/7.0; rv:11.0) like Gecko"
138.21.12.24 - - [10/Jul/2020:11:48:37 +0200] "GET /reload?ser=1594374516955 HTTP/1.1" 200 28 "http://renault.2web.at/result?dir=DESC&mode=grid&order=name&limit=15&page=1&search=kleber%20zoe" "Mozilla/5.0 (Windows NT 10.0; Win64; x64) AppleWebKit/537.36 (KHTML, like Gecko) Chrome/83.0.4103.116 Safari/537.36"
80.122.35.214 - - [10/Jul/2020:11:48:48 +0200] "GET /reload?ser=1594374531003 HTTP/1.1" 200 28 "http://renault.2web.at/result?searchterm=true&search=Mobilit%E4t" "Mozilla/5.0 (Windows NT 6.1; Win64; x64) AppleWebKit/537.36 (KHTML, like Gecko) Chrome/83.0.4103.116 Safari/537.36"
80.120.5.131 - - [10/Jul/2020:11:49:22 +0200] "GET /reload?ser=1594374562249 HTTP/1.1" 200 28 "http://renault.activities.at/checkout" "Mozilla/5.0 (Windows NT 10.0; Win64; x64) AppleWebKit/537.36 (KHTML, like Gecko) Chrome/83.0.4103.116 Safari/537.36"
80.123.225.38 - - [10/Jul/2020:11:49:22 +0200] "GET /reload?ser=1594374562262 HTTP/1.1" 200 28 "http://renault.activities.at/10260261" "Mozilla/5.0 (Windows NT 10.0; Win64; x64) AppleWebKit/537.36 (KHTML, like Gecko) Chrome/83.0.4103.116 Safari/537.36 Edg/83.0.478.58"
185.22.23.252 - - [10/Jul/2020:11:49:35 +0200] "GET /reload?ser=1594374575653 HTTP/1.1" 200 28 "http://renault.activities.at/result?searchterm=true&search=7+sterne" "Mozilla/5.0 (Windows NT 6.3; WOW64; Trident/7.0; rv:11.0) like Gecko"
138.21.12.24 - - [10/Jul/2020:11:49:39 +0200] "GET /reload?ser=1594374578955 HTTP/1.1" 200 28 "http://renault.2web.at/result?dir=DESC&mode=grid&order=name&limit=15&page=1&search=kleber%20zoe" "Mozilla/5.0 (Windows NT 10.0; Win64; x64) AppleWebKit/537.36 (KHTML, like Gecko) Chrome/83.0.4103.116 Safari/537.36"
80.122.35.214 - - [10/Jul/2020:11:49:49 +0200] "GET /reload?ser=1594374591952 HTTP/1.1" 200 28 "http://renault.2web.at/result?searchterm=true&search=Mobilit%E4t" "Mozilla/5.0 (Windows NT 6.1; Win64; x64) AppleWebKit/537.36 (KHTML, like Gecko) Chrome/83.0.4103.116 Safari/537.36"
80.120.5.131 - - [10/Jul/2020:11:50:23 +0200] "GET /reload?ser=1594374623250 HTTP/1.1" 200 28 "http://renault.activities.at/checkout" "Mozilla/5.0 (Windows NT 10.0; Win64; x64) AppleWebKit/537.36 (KHTML, like Gecko) Chrome/83.0.4103.116 Safari/537.36"
80.123.225.38 - - [10/Jul/2020:11:50:23 +0200] "GET /reload?ser=1594374623262 HTTP/1.1" 200 28 "http://renault.activities.at/10260261" "Mozilla/5.0 (Windows NT 10.0; Win64; x64) AppleWebKit/537.36 (KHTML, like Gecko) Chrome/83.0.4103.116 Safari/537.36 Edg/83.0.478.58"
185.22.23.252 - - [10/Jul/2020:11:50:36 +0200] "GET /reload?ser=1594374636607 HTTP/1.1" 200 28 "http://renault.activities.at/result?searchterm=true&search=7+sterne" "Mozilla/5.0 (Windows NT 6.3; WOW64; Trident/7.0; rv:11.0) like Gecko"
138.21.12.24 - - [10/Jul/2020:11:50:41 +0200] "GET /reload?ser=1594374640956 HTTP/1.1" 200 28 "http://renault.2web.at/result?dir=DESC&mode=grid&order=name&limit=15&page=1&search=kleber%20zoe" "Mozilla/5.0 (Windows NT 10.0; Win64; x64) AppleWebKit/537.36 (KHTML, like Gecko) Chrome/83.0.4103.116 Safari/537.36"
80.122.35.214 - - [10/Jul/2020:11:50:50 +0200] "GET /reload?ser=1594374652894 HTTP/1.1" 200 28 "http://renault.2web.at/result?searchterm=true&search=Mobilit%E4t" "Mozilla/5.0 (Windows NT 6.1; Win64; x64) AppleWebKit/537.36 (KHTML, like Gecko) Chrome/83.0.4103.116 Safari/537.36"
80.120.5.131 - - [10/Jul/2020:11:51:24 +0200] "GET /reload?ser=1594374684249 HTTP/1.1" 200 28 "http://renault.activities.at/checkout" "Mozilla/5.0 (Windows NT 10.0; Win64; x64) AppleWebKit/537.36 (KHTML, like Gecko) Chrome/83.0.4103.116 Safari/537.36"
80.123.225.38 - - [10/Jul/2020:11:51:24 +0200] "GET /reload?ser=1594374684262 HTTP/1.1" 200 28 "http://renault.activities.at/10260261" "Mozilla/5.0 (Windows NT 10.0; Win64; x64) AppleWebKit/537.36 (KHTML, like Gecko) Chrome/83.0.4103.116 Safari/537.36 Edg/83.0.478.58"
185.22.23.252 - - [10/Jul/2020:11:51:37 +0200] "GET /reload?ser=1594374697549 HTTP/1.1" 200 28 "http://renault.activities.at/result?searchterm=true&search=7+sterne" "Mozilla/5.0 (Windows NT 6.3; WOW64; Trident/7.0; rv:11.0) like Gecko"
138.21.12.24 - - [10/Jul/2020:11:51:43 +0200] "GET /reload?ser=1594374702956 HTTP/1.1" 200 28 "http://renault.2web.at/result?dir=DESC&mode=grid&order=name&limit=15&page=1&search=kleber%20zoe" "Mozilla/5.0 (Windows NT 10.0; Win64; x64) AppleWebKit/537.36 (KHTML, like Gecko) Chrome/83.0.4103.116 Safari/537.36"
80.122.35.214 - - [10/Jul/2020:11:51:51 +0200] "GET /reload?ser=1594374713833 HTTP/1.1" 200 28 "http://renault.2web.at/result?searchterm=true&search=Mobilit%E4t" "Mozilla/5.0 (Windows NT 6.1; Win64; x64) AppleWebKit/537.36 (KHTML, like Gecko) Chrome/83.0.4103.116 Safari/537.36"
80.120.5.131 - - [10/Jul/2020:11:52:25 +0200] "GET /reload?ser=1594374745250 HTTP/1.1" 200 28 "http://renault.activities.at/checkout" "Mozilla/5.0 (Windows NT 10.0; Win64; x64) AppleWebKit/537.36 (KHTML, like Gecko) Chrome/83.0.4103.116 Safari/537.36"
80.123.225.38 - - [10/Jul/2020:11:52:25 +0200] "GET /reload?ser=1594374745262 HTTP/1.1" 200 28 "http://renault.activities.at/10260261" "Mozilla/5.0 (Windows NT 10.0; Win64; x64) AppleWebKit/537.36 (KHTML, like Gecko) Chrome/83.0.4103.116 Safari/537.36 Edg/83.0.478.58"
185.22.23.252 - - [10/Jul/2020:11:52:38 +0200] "GET /reload?ser=1594374758505 HTTP/1.1" 200 28 "http://renault.activities.at/result?searchterm=true&search=7+sterne" "Mozilla/5.0 (Windows NT 6.3; WOW64; Trident/7.0; rv:11.0) like Gecko"
138.21.12.24 - - [10/Jul/2020:11:52:45 +0200] "GET /reload?ser=1594374764958 HTTP/1.1" 200 28 "http://renault.2web.at/result?dir=DESC&mode=grid&order=name&limit=15&page=1&search=kleber%20zoe" "Mozilla/5.0 (Windows NT 10.0; Win64; x64) AppleWebKit/537.36 (KHTML, like Gecko) Chrome/83.0.4103.116 Safari/537.36"
80.122.35.214 - - [10/Jul/2020:11:52:52 +0200] "GET /reload?ser=1594374774784 HTTP/1.1" 200 28 "http://renault.2web.at/result?searchterm=true&search=Mobilit%E4t" "Mozilla/5.0 (Windows NT 6.1; Win64; x64) AppleWebKit/537.36 (KHTML, like Gecko) Chrome/83.0.4103.116 Safari/537.36"
80.120.5.131 - - [10/Jul/2020:11:53:26 +0200] "GET /reload?ser=1594374806249 HTTP/1.1" 200 28 "http://renault.activities.at/checkout" "Mozilla/5.0 (Windows NT 10.0; Win64; x64) AppleWebKit/537.36 (KHTML, like Gecko) Chrome/83.0.4103.116 Safari/537.36"
80.123.225.38 - - [10/Jul/2020:11:53:26 +0200] "GET /reload?ser=1594374806261 HTTP/1.1" 200 28 "http://renault.activities.at/10260261" "Mozilla/5.0 (Windows NT 10.0; Win64; x64) AppleWebKit/537.36 (KHTML, like Gecko) Chrome/83.0.4103.116 Safari/537.36 Edg/83.0.478.58"
185.22.23.252 - - [10/Jul/2020:11:53:39 +0200] "GET /reload?ser=1594374819449 HTTP/1.1" 200 28 "http://renault.activities.at/result?searchterm=true&search=7+sterne" "Mozilla/5.0 (Windows NT 6.3; WOW64; Trident/7.0; rv:11.0) like Gecko"
138.21.12.24 - - [10/Jul/2020:11:53:47 +0200] "GET /reload?ser=1594374826957 HTTP/1.1" 200 28 "http://renault.2web.at/result?dir=DESC&mode=grid&order=name&limit=15&page=1&search=kleber%20zoe" "Mozilla/5.0 (Windows NT 10.0; Win64; x64) AppleWebKit/537.36 (KHTML, like Gecko) Chrome/83.0.4103.116 Safari/537.36"
80.122.35.214 - - [10/Jul/2020:11:53:53 +0200] "GET /reload?ser=1594374835723 HTTP/1.1" 200 28 "http://renault.2web.at/result?searchterm=true&search=Mobilit%E4t" "Mozilla/5.0 (Windows NT 6.1; Win64; x64) AppleWebKit/537.36 (KHTML, like Gecko) Chrome/83.0.4103.116 Safari/537.36"
80.120.5.131 - - [10/Jul/2020:11:54:27 +0200] "GET /reload?ser=1594374867250 HTTP/1.1" 200 28 "http://renault.activities.at/checkout" "Mozilla/5.0 (Windows NT 10.0; Win64; x64) AppleWebKit/537.36 (KHTML, like Gecko) Chrome/83.0.4103.116 Safari/537.36"
80.123.225.38 - - [10/Jul/2020:11:54:27 +0200] "GET /reload?ser=1594374867262 HTTP/1.1" 200 28 "http://renault.activities.at/10260261" "Mozilla/5.0 (Windows NT 10.0; Win64; x64) AppleWebKit/537.36 (KHTML, like Gecko) Chrome/83.0.4103.116 Safari/537.36 Edg/83.0.478.58"
185.22.23.252 - - [10/Jul/2020:11:54:40 +0200] "GET /reload?ser=1594374880370 HTTP/1.1" 200 28 "http://renault.activities.at/result?searchterm=true&search=7+sterne" "Mozilla/5.0 (Windows NT 6.3; WOW64; Trident/7.0; rv:11.0) like Gecko"
138.21.12.24 - - [10/Jul/2020:11:54:49 +0200] "GET /reload?ser=1594374888958 HTTP/1.1" 200 28 "http://renault.2web.at/result?dir=DESC&mode=grid&order=name&limit=15&page=1&search=kleber%20zoe" "Mozilla/5.0 (Windows NT 10.0; Win64; x64) AppleWebKit/537.36 (KHTML, like Gecko) Chrome/83.0.4103.116 Safari/537.36"
80.122.35.214 - - [10/Jul/2020:11:54:54 +0200] "GET /reload?ser=1594374896674 HTTP/1.1" 200 28 "http://renault.2web.at/result?searchterm=true&search=Mobilit%E4t" "Mozilla/5.0 (Windows NT 6.1; Win64; x64) AppleWebKit/537.36 (KHTML, like Gecko) Chrome/83.0.4103.116 Safari/537.36"
80.120.5.131 - - [10/Jul/2020:11:55:28 +0200] "GET /reload?ser=1594374928249 HTTP/1.1" 200 28 "http://renault.activities.at/checkout" "Mozilla/5.0 (Windows NT 10.0; Win64; x64) AppleWebKit/537.36 (KHTML, like Gecko) Chrome/83.0.4103.116 Safari/537.36"
80.123.225.38 - - [10/Jul/2020:11:55:29 +0200] "GET /reload?ser=1594374929262 HTTP/1.1" 200 28 "http://renault.activities.at/10260261" "Mozilla/5.0 (Windows NT 10.0; Win64; x64) AppleWebKit/537.36 (KHTML, like Gecko) Chrome/83.0.4103.116 Safari/537.36 Edg/83.0.478.58"
185.22.23.252 - - [10/Jul/2020:11:55:41 +0200] "GET /reload?ser=1594374941309 HTTP/1.1" 200 28 "http://renault.activities.at/result?searchterm=true&search=7+sterne" "Mozilla/5.0 (Windows NT 6.3; WOW64; Trident/7.0; rv:11.0) like Gecko"
138.21.12.24 - - [10/Jul/2020:11:55:51 +0200] "GET /reload?ser=1594374950958 HTTP/1.1" 200 28 "http://renault.2web.at/result?dir=DESC&mode=grid&order=name&limit=15&page=1&search=kleber%20zoe" "Mozilla/5.0 (Windows NT 10.0; Win64; x64) AppleWebKit/537.36 (KHTML, like Gecko) Chrome/83.0.4103.116 Safari/537.36"
80.122.35.214 - - [10/Jul/2020:11:55:49 +0200] "POST /result?searchterm=true&search=Mobilit%E4t HTTP/1.1" 200 7035 "http://renault.2web.at/result?searchterm=true&search=Mobilit%E4t" "Mozilla/5.0 (Windows NT 6.1; Win64; x64) AppleWebKit/537.36 (KHTML, like Gecko) Chrome/83.0.4103.116 Safari/537.36"
80.122.35.214 - - [10/Jul/2020:11:55:52 +0200] "GET /images/success_msg_icon.gif HTTP/1.1" 200 1024 "http://renault.2web.at/css/styles.css" "Mozilla/5.0 (Windows NT 6.1; Win64; x64) AppleWebKit/537.36 (KHTML, like Gecko) Chrome/83.0.4103.116 Safari/537.36"
80.122.35.214 - - [10/Jul/2020:11:55:59 +0200] "POST /axjaxrequest?mode=suggest HTTP/1.1" 200 111 "http://renault.2web.at/result?searchterm=true&search=Mobilit%E4t" "Mozilla/5.0 (Windows NT 6.1; Win64; x64) AppleWebKit/537.36 (KHTML, like Gecko) Chrome/83.0.4103.116 Safari/537.36"
80.122.35.214 - - [10/Jul/2020:11:56:01 +0200] "GET /result?searchterm=true&search=Twingo+Prospekt HTTP/1.1" 200 6440 "http://renault.2web.at/result?searchterm=true&search=Mobilit%E4t" "Mozilla/5.0 (Windows NT 6.1; Win64; x64) AppleWebKit/537.36 (KHTML, like Gecko) Chrome/83.0.4103.116 Safari/537.36"
80.122.35.214 - - [10/Jul/2020:11:56:02 +0200] "GET /loadthumbnail.php?id=12040647&width=113 HTTP/1.1" 200 3124 "http://renault.2web.at/result?searchterm=true&search=Twingo+Prospekt" "Mozilla/5.0 (Windows NT 6.1; Win64; x64) AppleWebKit/537.36 (KHTML, like Gecko) Chrome/83.0.4103.116 Safari/537.36"
80.122.35.214 - - [10/Jul/2020:11:56:01 +0200] "POST /axjaxrequest?mode=suggest HTTP/1.1" 200 21 "http://renault.2web.at/result?searchterm=true&search=Mobilit%E4t" "Mozilla/5.0 (Windows NT 6.1; Win64; x64) AppleWebKit/537.36 (KHTML, like Gecko) Chrome/83.0.4103.116 Safari/537.36"
80.122.35.214 - - [10/Jul/2020:11:56:06 +0200] "POST /result?searchterm=true&search=Twingo+Prospekt HTTP/1.1" 200 6548 "http://renault.2web.at/result?searchterm=true&search=Twingo+Prospekt" "Mozilla/5.0 (Windows NT 6.1; Win64; x64) AppleWebKit/537.36 (KHTML, like Gecko) Chrome/83.0.4103.116 Safari/537.36"
80.122.35.214 - - [10/Jul/2020:11:56:16 +0200] "POST /axjaxrequest?mode=suggest HTTP/1.1" 200 21 "http://renault.2web.at/result?searchterm=true&search=Twingo+Prospekt" "Mozilla/5.0 (Windows NT 6.1; Win64; x64) AppleWebKit/537.36 (KHTML, like Gecko) Chrome/83.0.4103.116 Safari/537.36"
80.122.35.214 - - [10/Jul/2020:11:56:19 +0200] "POST /axjaxrequest?mode=suggest HTTP/1.1" 200 21 "http://renault.2web.at/result?searchterm=true&search=Twingo+Prospekt" "Mozilla/5.0 (Windows NT 6.1; Win64; x64) AppleWebKit/537.36 (KHTML, like Gecko) Chrome/83.0.4103.116 Safari/537.36"
80.122.35.214 - - [10/Jul/2020:11:56:20 +0200] "GET /result?searchterm=true&search=Captur++Prospekt HTTP/1.1" 200 6443 "http://renault.2web.at/result?searchterm=true&search=Twingo+Prospekt" "Mozilla/5.0 (Windows NT 6.1; Win64; x64) AppleWebKit/537.36 (KHTML, like Gecko) Chrome/83.0.4103.116 Safari/537.36"
80.122.35.214 - - [10/Jul/2020:11:56:22 +0200] "GET /loadthumbnail.php?id=12240443&width=113 HTTP/1.1" 200 3360 "http://renault.2web.at/result?searchterm=true&search=Captur++Prospekt" "Mozilla/5.0 (Windows NT 6.1; Win64; x64) AppleWebKit/537.36 (KHTML, like Gecko) Chrome/83.0.4103.116 Safari/537.36"
80.122.35.214 - - [10/Jul/2020:11:56:20 +0200] "POST /axjaxrequest?mode=suggest HTTP/1.1" 200 21 "http://renault.2web.at/result?searchterm=true&search=Twingo+Prospekt" "Mozilla/5.0 (Windows NT 6.1; Win64; x64) AppleWebKit/537.36 (KHTML, like Gecko) Chrome/83.0.4103.116 Safari/537.36"
80.120.5.131 - - [10/Jul/2020:11:56:29 +0200] "GET /reload?ser=1594374989250 HTTP/1.1" 200 28 "http://renault.activities.at/checkout" "Mozilla/5.0 (Windows NT 10.0; Win64; x64) AppleWebKit/537.36 (KHTML, like Gecko) Chrome/83.0.4103.116 Safari/537.36"
80.122.35.214 - - [10/Jul/2020:11:56:28 +0200] "POST /result?searchterm=true&search=Captur++Prospekt HTTP/1.1" 200 6552 "http://renault.2web.at/result?searchterm=true&search=Captur++Prospekt" "Mozilla/5.0 (Windows NT 6.1; Win64; x64) AppleWebKit/537.36 (KHTML, like Gecko) Chrome/83.0.4103.116 Safari/537.36"
80.123.225.38 - - [10/Jul/2020:11:56:30 +0200] "GET /reload?ser=1594374990262 HTTP/1.1" 200 28 "http://renault.activities.at/10260261" "Mozilla/5.0 (Windows NT 10.0; Win64; x64) AppleWebKit/537.36 (KHTML, like Gecko) Chrome/83.0.4103.116 Safari/537.36 Edg/83.0.478.58"
80.122.35.214 - - [10/Jul/2020:11:56:31 +0200] "GET /cart HTTP/1.1" 200 5423 "http://renault.2web.at/result?searchterm=true&search=Captur++Prospekt" "Mozilla/5.0 (Windows NT 6.1; Win64; x64) AppleWebKit/537.36 (KHTML, like Gecko) Chrome/83.0.4103.116 Safari/537.36"
80.122.35.214 - - [10/Jul/2020:11:56:34 +0200] "GET /loadthumbnail.php?id=10232009&width=16&height=16 HTTP/1.1" 200 700 "http://renault.2web.at/cart" "Mozilla/5.0 (Windows NT 6.1; Win64; x64) AppleWebKit/537.36 (KHTML, like Gecko) Chrome/83.0.4103.116 Safari/537.36"
80.122.35.214 - - [10/Jul/2020:11:56:34 +0200] "GET /loadthumbnail.php?id=11434114&width=100 HTTP/1.1" 200 3775 "http://renault.2web.at/cart" "Mozilla/5.0 (Windows NT 6.1; Win64; x64) AppleWebKit/537.36 (KHTML, like Gecko) Chrome/83.0.4103.116 Safari/537.36"
80.122.35.214 - - [10/Jul/2020:11:56:34 +0200] "GET /loadthumbnail.php?id=12040647&width=100 HTTP/1.1" 200 2675 "http://renault.2web.at/cart" "Mozilla/5.0 (Windows NT 6.1; Win64; x64) AppleWebKit/537.36 (KHTML, like Gecko) Chrome/83.0.4103.116 Safari/537.36"
80.122.35.214 - - [10/Jul/2020:11:56:34 +0200] "GET /loadthumbnail.php?id=12240443&width=100 HTTP/1.1" 200 2771 "http://renault.2web.at/cart" "Mozilla/5.0 (Windows NT 6.1; Win64; x64) AppleWebKit/537.36 (KHTML, like Gecko) Chrome/83.0.4103.116 Safari/537.36"
80.122.35.214 - - [10/Jul/2020:11:56:38 +0200] "POST /cart HTTP/1.1" 200 5471 "http://renault.2web.at/cart" "Mozilla/5.0 (Windows NT 6.1; Win64; x64) AppleWebKit/537.36 (KHTML, like Gecko) Chrome/83.0.4103.116 Safari/537.36"
185.22.23.252 - - [10/Jul/2020:11:56:42 +0200] "GET /reload?ser=1594375002248 HTTP/1.1" 200 28 "http://renault.activities.at/result?searchterm=true&search=7+sterne" "Mozilla/5.0 (Windows NT 6.3; WOW64; Trident/7.0; rv:11.0) like Gecko"
80.122.35.214 - - [10/Jul/2020:11:56:42 +0200] "GET / HTTP/1.1" 200 6697 "http://renault.2web.at/cart" "Mozilla/5.0 (Windows NT 6.1; Win64; x64) AppleWebKit/537.36 (KHTML, like Gecko) Chrome/83.0.4103.116 Safari/537.36"
80.122.35.214 - - [10/Jul/2020:11:56:43 +0200] "GET /js/flashdetection.js HTTP/1.1" 200 1059 "http://renault.2web.at/" "Mozilla/5.0 (Windows NT 6.1; Win64; x64) AppleWebKit/537.36 (KHTML, like Gecko) Chrome/83.0.4103.116 Safari/537.36"
80.122.35.214 - - [10/Jul/2020:11:56:49 +0200] "POST /axjaxrequest?mode=suggest HTTP/1.1" 200 111 "http://renault.2web.at/" "Mozilla/5.0 (Windows NT 6.1; Win64; x64) AppleWebKit/537.36 (KHTML, like Gecko) Chrome/83.0.4103.116 Safari/537.36"
80.122.35.214 - - [10/Jul/2020:11:56:51 +0200] "GET /result?searchterm=true&search=Megane+Prospekt HTTP/1.1" 200 6418 "http://renault.2web.at/" "Mozilla/5.0 (Windows NT 6.1; Win64; x64) AppleWebKit/537.36 (KHTML, like Gecko) Chrome/83.0.4103.116 Safari/537.36"
80.122.35.214 - - [10/Jul/2020:11:56:53 +0200] "GET /loadthumbnail.php?id=12176996&width=113 HTTP/1.1" 200 3379 "http://renault.2web.at/result?searchterm=true&search=Megane+Prospekt" "Mozilla/5.0 (Windows NT 6.1; Win64; x64) AppleWebKit/537.36 (KHTML, like Gecko) Chrome/83.0.4103.116 Safari/537.36"
138.21.12.24 - - [10/Jul/2020:11:56:53 +0200] "GET /reload?ser=1594375012959 HTTP/1.1" 200 28 "http://renault.2web.at/result?dir=DESC&mode=grid&order=name&limit=15&page=1&search=kleber%20zoe" "Mozilla/5.0 (Windows NT 10.0; Win64; x64) AppleWebKit/537.36 (KHTML, like Gecko) Chrome/83.0.4103.116 Safari/537.36"
80.122.35.214 - - [10/Jul/2020:11:56:51 +0200] "POST /axjaxrequest?mode=suggest HTTP/1.1" 200 21 "http://renault.2web.at/" "Mozilla/5.0 (Windows NT 6.1; Win64; x64) AppleWebKit/537.36 (KHTML, like Gecko) Chrome/83.0.4103.116 Safari/537.36"
80.120.5.131 - - [10/Jul/2020:11:57:30 +0200] "GET /reload?ser=1594375050250 HTTP/1.1" 200 28 "http://renault.activities.at/checkout" "Mozilla/5.0 (Windows NT 10.0; Win64; x64) AppleWebKit/537.36 (KHTML, like Gecko) Chrome/83.0.4103.116 Safari/537.36"
80.123.225.38 - - [10/Jul/2020:11:57:31 +0200] "GET /reload?ser=1594375051262 HTTP/1.1" 200 28 "http://renault.activities.at/10260261" "Mozilla/5.0 (Windows NT 10.0; Win64; x64) AppleWebKit/537.36 (KHTML, like Gecko) Chrome/83.0.4103.116 Safari/537.36 Edg/83.0.478.58"
185.22.23.252 - - [10/Jul/2020:11:57:43 +0200] "GET /reload?ser=1594375063166 HTTP/1.1" 200 28 "http://renault.activities.at/result?searchterm=true&search=7+sterne" "Mozilla/5.0 (Windows NT 6.3; WOW64; Trident/7.0; rv:11.0) like Gecko"
80.122.35.214 - - [10/Jul/2020:11:57:53 +0200] "GET /reload?ser=1594375075488 HTTP/1.1" 200 28 "http://renault.2web.at/result?searchterm=true&search=Megane+Prospekt" "Mozilla/5.0 (Windows NT 6.1; Win64; x64) AppleWebKit/537.36 (KHTML, like Gecko) Chrome/83.0.4103.116 Safari/537.36"
138.21.12.24 - - [10/Jul/2020:11:57:55 +0200] "GET /reload?ser=1594375074958 HTTP/1.1" 200 28 "http://renault.2web.at/result?dir=DESC&mode=grid&order=name&limit=15&page=1&search=kleber%20zoe" "Mozilla/5.0 (Windows NT 10.0; Win64; x64) AppleWebKit/537.36 (KHTML, like Gecko) Chrome/83.0.4103.116 Safari/537.36"
80.120.5.131 - - [10/Jul/2020:11:58:31 +0200] "GET /reload?ser=1594375111249 HTTP/1.1" 200 28 "http://renault.activities.at/checkout" "Mozilla/5.0 (Windows NT 10.0; Win64; x64) AppleWebKit/537.36 (KHTML, like Gecko) Chrome/83.0.4103.116 Safari/537.36"
80.123.225.38 - - [10/Jul/2020:11:58:32 +0200] "GET /reload?ser=1594375112262 HTTP/1.1" 200 28 "http://renault.activities.at/10260261" "Mozilla/5.0 (Windows NT 10.0; Win64; x64) AppleWebKit/537.36 (KHTML, like Gecko) Chrome/83.0.4103.116 Safari/537.36 Edg/83.0.478.58"
185.22.23.252 - - [10/Jul/2020:11:58:44 +0200] "GET /reload?ser=1594375124072 HTTP/1.1" 200 28 "http://renault.activities.at/result?searchterm=true&search=7+sterne" "Mozilla/5.0 (Windows NT 6.3; WOW64; Trident/7.0; rv:11.0) like Gecko"
80.122.35.214 - - [10/Jul/2020:11:58:54 +0200] "GET /reload?ser=1594375136516 HTTP/1.1" 200 28 "http://renault.2web.at/result?searchterm=true&search=Megane+Prospekt" "Mozilla/5.0 (Windows NT 6.1; Win64; x64) AppleWebKit/537.36 (KHTML, like Gecko) Chrome/83.0.4103.116 Safari/537.36"
138.21.12.24 - - [10/Jul/2020:11:58:57 +0200] "GET /reload?ser=1594375136959 HTTP/1.1" 200 28 "http://renault.2web.at/result?dir=DESC&mode=grid&order=name&limit=15&page=1&search=kleber%20zoe" "Mozilla/5.0 (Windows NT 10.0; Win64; x64) AppleWebKit/537.36 (KHTML, like Gecko) Chrome/83.0.4103.116 Safari/537.36"
80.120.5.131 - - [10/Jul/2020:11:59:32 +0200] "GET /reload?ser=1594375172250 HTTP/1.1" 200 28 "http://renault.activities.at/checkout" "Mozilla/5.0 (Windows NT 10.0; Win64; x64) AppleWebKit/537.36 (KHTML, like Gecko) Chrome/83.0.4103.116 Safari/537.36"
80.123.225.38 - - [10/Jul/2020:11:59:33 +0200] "GET /reload?ser=1594375173261 HTTP/1.1" 200 28 "http://renault.activities.at/10260261" "Mozilla/5.0 (Windows NT 10.0; Win64; x64) AppleWebKit/537.36 (KHTML, like Gecko) Chrome/83.0.4103.116 Safari/537.36 Edg/83.0.478.58"
185.22.23.252 - - [10/Jul/2020:11:59:45 +0200] "GET /reload?ser=1594375184999 HTTP/1.1" 200 28 "http://renault.activities.at/result?searchterm=true&search=7+sterne" "Mozilla/5.0 (Windows NT 6.3; WOW64; Trident/7.0; rv:11.0) like Gecko"
80.122.35.214 - - [10/Jul/2020:11:59:55 +0200] "GET /reload?ser=1594375197524 HTTP/1.1" 200 28 "http://renault.2web.at/result?searchterm=true&search=Megane+Prospekt" "Mozilla/5.0 (Windows NT 6.1; Win64; x64) AppleWebKit/537.36 (KHTML, like Gecko) Chrome/83.0.4103.116 Safari/537.36"
138.21.12.24 - - [10/Jul/2020:11:59:59 +0200] "GET /reload?ser=1594375198959 HTTP/1.1" 200 28 "http://renault.2web.at/result?dir=DESC&mode=grid&order=name&limit=15&page=1&search=kleber%20zoe" "Mozilla/5.0 (Windows NT 10.0; Win64; x64) AppleWebKit/537.36 (KHTML, like Gecko) Chrome/83.0.4103.116 Safari/537.36"
80.120.5.131 - - [10/Jul/2020:12:00:33 +0200] "GET /reload?ser=1594375233249 HTTP/1.1" 200 28 "http://renault.activities.at/checkout" "Mozilla/5.0 (Windows NT 10.0; Win64; x64) AppleWebKit/537.36 (KHTML, like Gecko) Chrome/83.0.4103.116 Safari/537.36"
80.123.225.38 - - [10/Jul/2020:12:00:34 +0200] "GET /reload?ser=1594375234262 HTTP/1.1" 200 28 "http://renault.activities.at/10260261" "Mozilla/5.0 (Windows NT 10.0; Win64; x64) AppleWebKit/537.36 (KHTML, like Gecko) Chrome/83.0.4103.116 Safari/537.36 Edg/83.0.478.58"
185.22.23.252 - - [10/Jul/2020:12:00:45 +0200] "GET /reload?ser=1594375245938 HTTP/1.1" 200 28 "http://renault.activities.at/result?searchterm=true&search=7+sterne" "Mozilla/5.0 (Windows NT 6.3; WOW64; Trident/7.0; rv:11.0) like Gecko"
80.122.35.214 - - [10/Jul/2020:12:00:56 +0200] "GET /reload?ser=1594375258496 HTTP/1.1" 200 28 "http://renault.2web.at/result?searchterm=true&search=Megane+Prospekt" "Mozilla/5.0 (Windows NT 6.1; Win64; x64) AppleWebKit/537.36 (KHTML, like Gecko) Chrome/83.0.4103.116 Safari/537.36"
138.21.12.24 - - [10/Jul/2020:12:01:01 +0200] "GET /reload?ser=1594375260959 HTTP/1.1" 200 28 "http://renault.2web.at/result?dir=DESC&mode=grid&order=name&limit=15&page=1&search=kleber%20zoe" "Mozilla/5.0 (Windows NT 10.0; Win64; x64) AppleWebKit/537.36 (KHTML, like Gecko) Chrome/83.0.4103.116 Safari/537.36"
80.120.5.131 - - [10/Jul/2020:12:01:34 +0200] "GET /reload?ser=1594375294249 HTTP/1.1" 200 28 "http://renault.activities.at/checkout" "Mozilla/5.0 (Windows NT 10.0; Win64; x64) AppleWebKit/537.36 (KHTML, like Gecko) Chrome/83.0.4103.116 Safari/537.36"
80.123.225.38 - - [10/Jul/2020:12:01:35 +0200] "GET /reload?ser=1594375295262 HTTP/1.1" 200 28 "http://renault.activities.at/10260261" "Mozilla/5.0 (Windows NT 10.0; Win64; x64) AppleWebKit/537.36 (KHTML, like Gecko) Chrome/83.0.4103.116 Safari/537.36 Edg/83.0.478.58"
5.255.253.116 - - [10/Jul/2020:12:01:39 +0200] "GET /10260003?mode=grid HTTP/1.1" 200 6571 "-" "Mozilla/5.0 (compatible; YandexBot/3.0; +http://yandex.com/bots)"
185.22.23.252 - - [10/Jul/2020:12:01:46 +0200] "GET /reload?ser=1594375306849 HTTP/1.1" 200 28 "http://renault.activities.at/result?searchterm=true&search=7+sterne" "Mozilla/5.0 (Windows NT 6.3; WOW64; Trident/7.0; rv:11.0) like Gecko"
80.122.35.214 - - [10/Jul/2020:12:01:57 +0200] "GET /reload?ser=1594375319448 HTTP/1.1" 200 28 "http://renault.2web.at/result?searchterm=true&search=Megane+Prospekt" "Mozilla/5.0 (Windows NT 6.1; Win64; x64) AppleWebKit/537.36 (KHTML, like Gecko) Chrome/83.0.4103.116 Safari/537.36"
138.21.12.24 - - [10/Jul/2020:12:02:03 +0200] "GET /reload?ser=1594375322960 HTTP/1.1" 200 28 "http://renault.2web.at/result?dir=DESC&mode=grid&order=name&limit=15&page=1&search=kleber%20zoe" "Mozilla/5.0 (Windows NT 10.0; Win64; x64) AppleWebKit/537.36 (KHTML, like Gecko) Chrome/83.0.4103.116 Safari/537.36"
80.120.5.131 - - [10/Jul/2020:12:02:36 +0200] "GET /reload?ser=1594375356250 HTTP/1.1" 200 28 "http://renault.activities.at/checkout" "Mozilla/5.0 (Windows NT 10.0; Win64; x64) AppleWebKit/537.36 (KHTML, like Gecko) Chrome/83.0.4103.116 Safari/537.36"
80.123.225.38 - - [10/Jul/2020:12:02:37 +0200] "GET /reload?ser=1594375357263 HTTP/1.1" 200 28 "http://renault.activities.at/10260261" "Mozilla/5.0 (Windows NT 10.0; Win64; x64) AppleWebKit/537.36 (KHTML, like Gecko) Chrome/83.0.4103.116 Safari/537.36 Edg/83.0.478.58"
185.22.23.252 - - [10/Jul/2020:12:02:47 +0200] "GET /reload?ser=1594375367752 HTTP/1.1" 200 28 "http://renault.activities.at/result?searchterm=true&search=7+sterne" "Mozilla/5.0 (Windows NT 6.3; WOW64; Trident/7.0; rv:11.0) like Gecko"
80.122.35.214 - - [10/Jul/2020:12:02:58 +0200] "GET /reload?ser=1594375380393 HTTP/1.1" 200 28 "http://renault.2web.at/result?searchterm=true&search=Megane+Prospekt" "Mozilla/5.0 (Windows NT 6.1; Win64; x64) AppleWebKit/537.36 (KHTML, like Gecko) Chrome/83.0.4103.116 Safari/537.36"
138.21.12.24 - - [10/Jul/2020:12:03:05 +0200] "GET /reload?ser=1594375384961 HTTP/1.1" 200 28 "http://renault.2web.at/result?dir=DESC&mode=grid&order=name&limit=15&page=1&search=kleber%20zoe" "Mozilla/5.0 (Windows NT 10.0; Win64; x64) AppleWebKit/537.36 (KHTML, like Gecko) Chrome/83.0.4103.116 Safari/537.36"
80.120.5.131 - - [10/Jul/2020:12:03:37 +0200] "GET /reload?ser=1594375417249 HTTP/1.1" 200 28 "http://renault.activities.at/checkout" "Mozilla/5.0 (Windows NT 10.0; Win64; x64) AppleWebKit/537.36 (KHTML, like Gecko) Chrome/83.0.4103.116 Safari/537.36"
80.123.225.38 - - [10/Jul/2020:12:03:39 +0200] "GET /reload?ser=1594375419327 HTTP/1.1" 200 28 "http://renault.activities.at/10260261" "Mozilla/5.0 (Windows NT 10.0; Win64; x64) AppleWebKit/537.36 (KHTML, like Gecko) Chrome/83.0.4103.116 Safari/537.36 Edg/83.0.478.58"
185.22.23.252 - - [10/Jul/2020:12:03:48 +0200] "GET /reload?ser=1594375428695 HTTP/1.1" 200 28 "http://renault.activities.at/result?searchterm=true&search=7+sterne" "Mozilla/5.0 (Windows NT 6.3; WOW64; Trident/7.0; rv:11.0) like Gecko"
80.122.35.214 - - [10/Jul/2020:12:03:59 +0200] "GET /reload?ser=1594375441330 HTTP/1.1" 200 28 "http://renault.2web.at/result?searchterm=true&search=Megane+Prospekt" "Mozilla/5.0 (Windows NT 6.1; Win64; x64) AppleWebKit/537.36 (KHTML, like Gecko) Chrome/83.0.4103.116 Safari/537.36"
138.21.12.24 - - [10/Jul/2020:12:04:07 +0200] "GET /reload?ser=1594375446960 HTTP/1.1" 200 28 "http://renault.2web.at/result?dir=DESC&mode=grid&order=name&limit=15&page=1&search=kleber%20zoe" "Mozilla/5.0 (Windows NT 10.0; Win64; x64) AppleWebKit/537.36 (KHTML, like Gecko) Chrome/83.0.4103.116 Safari/537.36"
80.120.5.131 - - [10/Jul/2020:12:04:38 +0200] "GET /reload?ser=1594375478249 HTTP/1.1" 200 28 "http://renault.activities.at/checkout" "Mozilla/5.0 (Windows NT 10.0; Win64; x64) AppleWebKit/537.36 (KHTML, like Gecko) Chrome/83.0.4103.116 Safari/537.36"
80.123.225.38 - - [10/Jul/2020:12:04:41 +0200] "GET /reload?ser=1594375481295 HTTP/1.1" 200 28 "http://renault.activities.at/10260261" "Mozilla/5.0 (Windows NT 10.0; Win64; x64) AppleWebKit/537.36 (KHTML, like Gecko) Chrome/83.0.4103.116 Safari/537.36 Edg/83.0.478.58"
185.22.23.252 - - [10/Jul/2020:12:04:49 +0200] "GET /reload?ser=1594375489643 HTTP/1.1" 200 28 "http://renault.activities.at/result?searchterm=true&search=7+sterne" "Mozilla/5.0 (Windows NT 6.3; WOW64; Trident/7.0; rv:11.0) like Gecko"
80.122.35.214 - - [10/Jul/2020:12:05:00 +0200] "GET /reload?ser=1594375502262 HTTP/1.1" 200 28 "http://renault.2web.at/result?searchterm=true&search=Megane+Prospekt" "Mozilla/5.0 (Windows NT 6.1; Win64; x64) AppleWebKit/537.36 (KHTML, like Gecko) Chrome/83.0.4103.116 Safari/537.36"
138.21.12.24 - - [10/Jul/2020:12:05:09 +0200] "GET /reload?ser=1594375508960 HTTP/1.1" 200 28 "http://renault.2web.at/result?dir=DESC&mode=grid&order=name&limit=15&page=1&search=kleber%20zoe" "Mozilla/5.0 (Windows NT 10.0; Win64; x64) AppleWebKit/537.36 (KHTML, like Gecko) Chrome/83.0.4103.116 Safari/537.36"
80.120.5.131 - - [10/Jul/2020:12:05:39 +0200] "GET /reload?ser=1594375539249 HTTP/1.1" 200 28 "http://renault.activities.at/checkout" "Mozilla/5.0 (Windows NT 10.0; Win64; x64) AppleWebKit/537.36 (KHTML, like Gecko) Chrome/83.0.4103.116 Safari/537.36"
80.123.225.38 - - [10/Jul/2020:12:05:44 +0200] "GET /reload?ser=1594375544421 HTTP/1.1" 200 28 "http://renault.activities.at/10260261" "Mozilla/5.0 (Windows NT 10.0; Win64; x64) AppleWebKit/537.36 (KHTML, like Gecko) Chrome/83.0.4103.116 Safari/537.36 Edg/83.0.478.58"
185.22.23.252 - - [10/Jul/2020:12:05:50 +0200] "GET /reload?ser=1594375550573 HTTP/1.1" 200 28 "http://renault.activities.at/result?searchterm=true&search=7+sterne" "Mozilla/5.0 (Windows NT 6.3; WOW64; Trident/7.0; rv:11.0) like Gecko"
80.122.35.214 - - [10/Jul/2020:12:06:01 +0200] "GET /reload?ser=1594375563242 HTTP/1.1" 200 28 "http://renault.2web.at/result?searchterm=true&search=Megane+Prospekt" "Mozilla/5.0 (Windows NT 6.1; Win64; x64) AppleWebKit/537.36 (KHTML, like Gecko) Chrome/83.0.4103.116 Safari/537.36"
138.21.12.24 - - [10/Jul/2020:12:06:11 +0200] "GET /reload?ser=1594375570960 HTTP/1.1" 200 28 "http://renault.2web.at/result?dir=DESC&mode=grid&order=name&limit=15&page=1&search=kleber%20zoe" "Mozilla/5.0 (Windows NT 10.0; Win64; x64) AppleWebKit/537.36 (KHTML, like Gecko) Chrome/83.0.4103.116 Safari/537.36"
80.120.5.131 - - [10/Jul/2020:12:06:40 +0200] "GET /reload?ser=1594375600249 HTTP/1.1" 200 28 "http://renault.activities.at/checkout" "Mozilla/5.0 (Windows NT 10.0; Win64; x64) AppleWebKit/537.36 (KHTML, like Gecko) Chrome/83.0.4103.116 Safari/537.36"
80.123.225.38 - - [10/Jul/2020:12:06:46 +0200] "GET /reload?ser=1594375606271 HTTP/1.1" 200 28 "http://renault.activities.at/10260261" "Mozilla/5.0 (Windows NT 10.0; Win64; x64) AppleWebKit/537.36 (KHTML, like Gecko) Chrome/83.0.4103.116 Safari/537.36 Edg/83.0.478.58"
185.22.23.252 - - [10/Jul/2020:12:06:51 +0200] "GET /reload?ser=1594375611559 HTTP/1.1" 200 28 "http://renault.activities.at/result?searchterm=true&search=7+sterne" "Mozilla/5.0 (Windows NT 6.3; WOW64; Trident/7.0; rv:11.0) like Gecko"
80.122.35.214 - - [10/Jul/2020:12:07:02 +0200] "GET /reload?ser=1594375624213 HTTP/1.1" 200 28 "http://renault.2web.at/result?searchterm=true&search=Megane+Prospekt" "Mozilla/5.0 (Windows NT 6.1; Win64; x64) AppleWebKit/537.36 (KHTML, like Gecko) Chrome/83.0.4103.116 Safari/537.36"
138.21.12.24 - - [10/Jul/2020:12:07:13 +0200] "GET /reload?ser=1594375632960 HTTP/1.1" 200 28 "http://renault.2web.at/result?dir=DESC&mode=grid&order=name&limit=15&page=1&search=kleber%20zoe" "Mozilla/5.0 (Windows NT 10.0; Win64; x64) AppleWebKit/537.36 (KHTML, like Gecko) Chrome/83.0.4103.116 Safari/537.36"
138.21.12.24 - - [10/Jul/2020:12:07:23 +0200] "GET / HTTP/1.1" 200 8151 "-" "Mozilla/5.0 (Windows NT 10.0; Win64; x64) AppleWebKit/537.36 (KHTML, like Gecko) Chrome/83.0.4103.116 Safari/537.36"
138.21.12.24 - - [10/Jul/2020:12:07:31 +0200] "POST /axjaxrequest?mode=suggest HTTP/1.1" 200 137 "http://renault.2web.at/" "Mozilla/5.0 (Windows NT 10.0; Win64; x64) AppleWebKit/537.36 (KHTML, like Gecko) Chrome/83.0.4103.116 Safari/537.36"
138.21.12.24 - - [10/Jul/2020:12:07:31 +0200] "POST /axjaxrequest?mode=suggest HTTP/1.1" 200 137 "http://renault.2web.at/" "Mozilla/5.0 (Windows NT 10.0; Win64; x64) AppleWebKit/537.36 (KHTML, like Gecko) Chrome/83.0.4103.116 Safari/537.36"
138.21.12.24 - - [10/Jul/2020:12:07:32 +0200] "GET /result?searchterm=true&search=zoe HTTP/1.1" 200 10461 "http://renault.2web.at/" "Mozilla/5.0 (Windows NT 10.0; Win64; x64) AppleWebKit/537.36 (KHTML, like Gecko) Chrome/83.0.4103.116 Safari/537.36"
138.21.12.24 - - [10/Jul/2020:12:07:37 +0200] "GET /loadthumbnail.php?id=12174362&width=113 HTTP/1.1" 200 5477 "http://renault.2web.at/result?searchterm=true&search=zoe" "Mozilla/5.0 (Windows NT 10.0; Win64; x64) AppleWebKit/537.36 (KHTML, like Gecko) Chrome/83.0.4103.116 Safari/537.36"
80.120.5.131 - - [10/Jul/2020:12:07:41 +0200] "GET /reload?ser=1594375661250 HTTP/1.1" 200 28 "http://renault.activities.at/checkout" "Mozilla/5.0 (Windows NT 10.0; Win64; x64) AppleWebKit/537.36 (KHTML, like Gecko) Chrome/83.0.4103.116 Safari/537.36"
80.123.225.38 - - [10/Jul/2020:12:07:48 +0200] "GET /reload?ser=1594375668262 HTTP/1.1" 200 28 "http://renault.activities.at/10260261" "Mozilla/5.0 (Windows NT 10.0; Win64; x64) AppleWebKit/537.36 (KHTML, like Gecko) Chrome/83.0.4103.116 Safari/537.36 Edg/83.0.478.58"
185.22.23.252 - - [10/Jul/2020:12:07:52 +0200] "GET /reload?ser=1594375672496 HTTP/1.1" 200 28 "http://renault.activities.at/result?searchterm=true&search=7+sterne" "Mozilla/5.0 (Windows NT 6.3; WOW64; Trident/7.0; rv:11.0) like Gecko"
138.21.12.24 - - [10/Jul/2020:12:07:57 +0200] "GET /images/vista-up-hover.gif HTTP/1.1" 200 130 "http://renault.2web.at/css/styles.css" "Mozilla/5.0 (Windows NT 10.0; Win64; x64) AppleWebKit/537.36 (KHTML, like Gecko) Chrome/83.0.4103.116 Safari/537.36"
80.122.35.214 - - [10/Jul/2020:12:08:03 +0200] "GET /reload?ser=1594375685182 HTTP/1.1" 200 28 "http://renault.2web.at/result?searchterm=true&search=Megane+Prospekt" "Mozilla/5.0 (Windows NT 6.1; Win64; x64) AppleWebKit/537.36 (KHTML, like Gecko) Chrome/83.0.4103.116 Safari/537.36"
138.21.12.24 - - [10/Jul/2020:12:08:07 +0200] "POST /result?searchterm=true&search=zoe HTTP/1.1" 200 10657 "http://renault.2web.at/result?searchterm=true&search=zoe" "Mozilla/5.0 (Windows NT 10.0; Win64; x64) AppleWebKit/537.36 (KHTML, like Gecko) Chrome/83.0.4103.116 Safari/537.36"
138.21.12.24 - - [10/Jul/2020:12:08:11 +0200] "GET /images/success_msg_icon.gif HTTP/1.1" 200 1024 "http://renault.2web.at/css/styles.css" "Mozilla/5.0 (Windows NT 10.0; Win64; x64) AppleWebKit/537.36 (KHTML, like Gecko) Chrome/83.0.4103.116 Safari/537.36"
138.21.12.24 - - [10/Jul/2020:12:08:15 +0200] "GET /reload?ser=1594375694960 HTTP/1.1" 200 28 "http://renault.2web.at/result?dir=DESC&mode=grid&order=name&limit=15&page=1&search=kleber%20zoe" "Mozilla/5.0 (Windows NT 10.0; Win64; x64) AppleWebKit/537.36 (KHTML, like Gecko) Chrome/83.0.4103.116 Safari/537.36"
80.120.5.131 - - [10/Jul/2020:12:08:42 +0200] "GET /reload?ser=1594375722250 HTTP/1.1" 200 28 "http://renault.activities.at/checkout" "Mozilla/5.0 (Windows NT 10.0; Win64; x64) AppleWebKit/537.36 (KHTML, like Gecko) Chrome/83.0.4103.116 Safari/537.36"
138.21.12.24 - - [10/Jul/2020:12:08:41 +0200] "GET /11186418?print=true HTTP/1.1" 200 2754 "http://renault.2web.at/result?searchterm=true&search=zoe" "Mozilla/5.0 (Windows NT 10.0; Win64; x64) AppleWebKit/537.36 (KHTML, like Gecko) Chrome/83.0.4103.116 Safari/537.36"
138.21.12.24 - - [10/Jul/2020:12:08:44 +0200] "GET /loadthumbnail.php?id=11186502&width=83 HTTP/1.1" 200 1553 "http://renault.2web.at/11186418?print=true" "Mozilla/5.0 (Windows NT 10.0; Win64; x64) AppleWebKit/537.36 (KHTML, like Gecko) Chrome/83.0.4103.116 Safari/537.36"
138.21.12.24 - - [10/Jul/2020:12:08:44 +0200] "GET /loadthumbnail.php?id=11186502&width=250 HTTP/1.1" 200 4966 "http://renault.2web.at/11186418?print=true" "Mozilla/5.0 (Windows NT 10.0; Win64; x64) AppleWebKit/537.36 (KHTML, like Gecko) Chrome/83.0.4103.116 Safari/537.36"
138.21.12.24 - - [10/Jul/2020:12:08:44 +0200] "GET /loadthumbnail.php?id=11186504&width=83 HTTP/1.1" 200 1545 "http://renault.2web.at/11186418?print=true" "Mozilla/5.0 (Windows NT 10.0; Win64; x64) AppleWebKit/537.36 (KHTML, like Gecko) Chrome/83.0.4103.116 Safari/537.36"
138.21.12.24 - - [10/Jul/2020:12:08:44 +0200] "GET /loadthumbnail.php?id=11186502&width=900&height=900 HTTP/1.1" 200 19695 "http://renault.2web.at/11186418?print=true" "Mozilla/5.0 (Windows NT 10.0; Win64; x64) AppleWebKit/537.36 (KHTML, like Gecko) Chrome/83.0.4103.116 Safari/537.36"
138.21.12.24 - - [10/Jul/2020:12:08:44 +0200] "GET /loadthumbnail.php?id=11186504&width=250 HTTP/1.1" 200 6336 "http://renault.2web.at/11186418?print=true" "Mozilla/5.0 (Windows NT 10.0; Win64; x64) AppleWebKit/537.36 (KHTML, like Gecko) Chrome/83.0.4103.116 Safari/537.36"
80.123.225.38 - - [10/Jul/2020:12:08:49 +0200] "GET /reload?ser=1594375729263 HTTP/1.1" 200 28 "http://renault.activities.at/10260261" "Mozilla/5.0 (Windows NT 10.0; Win64; x64) AppleWebKit/537.36 (KHTML, like Gecko) Chrome/83.0.4103.116 Safari/537.36 Edg/83.0.478.58"
185.22.23.252 - - [10/Jul/2020:12:08:53 +0200] "GET /reload?ser=1594375733420 HTTP/1.1" 200 28 "http://renault.activities.at/result?searchterm=true&search=7+sterne" "Mozilla/5.0 (Windows NT 6.3; WOW64; Trident/7.0; rv:11.0) like Gecko"
80.122.35.214 - - [10/Jul/2020:12:09:04 +0200] "GET /reload?ser=1594375746122 HTTP/1.1" 200 28 "http://renault.2web.at/result?searchterm=true&search=Megane+Prospekt" "Mozilla/5.0 (Windows NT 6.1; Win64; x64) AppleWebKit/537.36 (KHTML, like Gecko) Chrome/83.0.4103.116 Safari/537.36"
138.21.12.24 - - [10/Jul/2020:12:09:02 +0200] "GET /checkout HTTP/1.1" 200 22408 "http://renault.2web.at/result?searchterm=true&search=zoe" "Mozilla/5.0 (Windows NT 10.0; Win64; x64) AppleWebKit/537.36 (KHTML, like Gecko) Chrome/83.0.4103.116 Safari/537.36"
138.21.12.24 - - [10/Jul/2020:12:09:08 +0200] "GET /js/checkout2.js HTTP/1.1" 200 4122 "http://renault.2web.at/checkout" "Mozilla/5.0 (Windows NT 10.0; Win64; x64) AppleWebKit/537.36 (KHTML, like Gecko) Chrome/83.0.4103.116 Safari/537.36"
138.21.12.24 - - [10/Jul/2020:12:09:08 +0200] "GET /images/step_marker.gif HTTP/1.1" 200 650 "http://renault.2web.at/css/styles.css" "Mozilla/5.0 (Windows NT 10.0; Win64; x64) AppleWebKit/537.36 (KHTML, like Gecko) Chrome/83.0.4103.116 Safari/537.36"
138.21.12.24 - - [10/Jul/2020:12:09:08 +0200] "GET /images/step_bg.jpg HTTP/1.1" 200 319 "http://renault.2web.at/css/styles.css" "Mozilla/5.0 (Windows NT 10.0; Win64; x64) AppleWebKit/537.36 (KHTML, like Gecko) Chrome/83.0.4103.116 Safari/537.36"
138.21.12.24 - - [10/Jul/2020:12:09:08 +0200] "GET /images/checkout_border_top.gif HTTP/1.1" 200 156 "http://renault.2web.at/css/styles.css" "Mozilla/5.0 (Windows NT 10.0; Win64; x64) AppleWebKit/537.36 (KHTML, like Gecko) Chrome/83.0.4103.116 Safari/537.36"
138.21.12.24 - - [10/Jul/2020:12:09:08 +0200] "GET /images/checkout_border.gif HTTP/1.1" 200 43 "http://renault.2web.at/css/styles.css" "Mozilla/5.0 (Windows NT 10.0; Win64; x64) AppleWebKit/537.36 (KHTML, like Gecko) Chrome/83.0.4103.116 Safari/537.36"
138.21.12.24 - - [10/Jul/2020:12:09:08 +0200] "GET /loadthumbnail.php?id=10201939 HTTP/1.1" 200 201 "http://renault.2web.at/checkout" "Mozilla/5.0 (Windows NT 10.0; Win64; x64) AppleWebKit/537.36 (KHTML, like Gecko) Chrome/83.0.4103.116 Safari/537.36"
138.21.12.24 - - [10/Jul/2020:12:09:08 +0200] "GET /loadthumbnail.php?id=10202698 HTTP/1.1" 200 16686 "http://renault.2web.at/checkout" "Mozilla/5.0 (Windows NT 10.0; Win64; x64) AppleWebKit/537.36 (KHTML, like Gecko) Chrome/83.0.4103.116 Safari/537.36"
138.21.12.24 - - [10/Jul/2020:12:09:17 +0200] "GET /reload?ser=1594375756960 HTTP/1.1" 200 28 "http://renault.2web.at/result?dir=DESC&mode=grid&order=name&limit=15&page=1&search=kleber%20zoe" "Mozilla/5.0 (Windows NT 10.0; Win64; x64) AppleWebKit/537.36 (KHTML, like Gecko) Chrome/83.0.4103.116 Safari/537.36"
138.21.12.24 - - [10/Jul/2020:12:09:23 +0200] "POST /docheckout HTTP/1.1" 200 454 "http://renault.2web.at/checkout" "Mozilla/5.0 (Windows NT 10.0; Win64; x64) AppleWebKit/537.36 (KHTML, like Gecko) Chrome/83.0.4103.116 Safari/537.36"
138.21.12.24 - - [10/Jul/2020:12:09:27 +0200] "POST /docheckout HTTP/1.1" 200 621 "http://renault.2web.at/checkout" "Mozilla/5.0 (Windows NT 10.0; Win64; x64) AppleWebKit/537.36 (KHTML, like Gecko) Chrome/83.0.4103.116 Safari/537.36"
138.21.12.24 - - [10/Jul/2020:12:09:29 +0200] "GET /images/error_msg_icon.gif HTTP/1.1" 200 1013 "http://renault.2web.at/checkout" "Mozilla/5.0 (Windows NT 10.0; Win64; x64) AppleWebKit/537.36 (KHTML, like Gecko) Chrome/83.0.4103.116 Safari/537.36"
138.21.12.24 - - [10/Jul/2020:12:09:32 +0200] "POST /docheckout HTTP/1.1" 200 68 "http://renault.2web.at/checkout" "Mozilla/5.0 (Windows NT 10.0; Win64; x64) AppleWebKit/537.36 (KHTML, like Gecko) Chrome/83.0.4103.116 Safari/537.36"
138.21.12.24 - - [10/Jul/2020:12:09:35 +0200] "GET /success HTTP/1.1" 200 5899 "http://renault.2web.at/checkout" "Mozilla/5.0 (Windows NT 10.0; Win64; x64) AppleWebKit/537.36 (KHTML, like Gecko) Chrome/83.0.4103.116 Safari/537.36"
80.120.5.131 - - [10/Jul/2020:12:09:43 +0200] "GET /reload?ser=1594375783249 HTTP/1.1" 200 28 "http://renault.activities.at/checkout" "Mozilla/5.0 (Windows NT 10.0; Win64; x64) AppleWebKit/537.36 (KHTML, like Gecko) Chrome/83.0.4103.116 Safari/537.36"
80.123.225.38 - - [10/Jul/2020:12:09:51 +0200] "GET /reload?ser=1594375791282 HTTP/1.1" 200 28 "http://renault.activities.at/10260261" "Mozilla/5.0 (Windows NT 10.0; Win64; x64) AppleWebKit/537.36 (KHTML, like Gecko) Chrome/83.0.4103.116 Safari/537.36 Edg/83.0.478.58"
185.22.23.252 - - [10/Jul/2020:12:09:54 +0200] "GET /reload?ser=1594375794357 HTTP/1.1" 200 28 "http://renault.activities.at/result?searchterm=true&search=7+sterne" "Mozilla/5.0 (Windows NT 6.3; WOW64; Trident/7.0; rv:11.0) like Gecko"
80.122.35.214 - - [10/Jul/2020:12:10:05 +0200] "GET /reload?ser=1594375807057 HTTP/1.1" 200 28 "http://renault.2web.at/result?searchterm=true&search=Megane+Prospekt" "Mozilla/5.0 (Windows NT 6.1; Win64; x64) AppleWebKit/537.36 (KHTML, like Gecko) Chrome/83.0.4103.116 Safari/537.36"
138.21.12.24 - - [10/Jul/2020:12:10:19 +0200] "GET /reload?ser=1594375818961 HTTP/1.1" 200 28 "http://renault.2web.at/result?dir=DESC&mode=grid&order=name&limit=15&page=1&search=kleber%20zoe" "Mozilla/5.0 (Windows NT 10.0; Win64; x64) AppleWebKit/537.36 (KHTML, like Gecko) Chrome/83.0.4103.116 Safari/537.36"
138.21.12.24 - - [10/Jul/2020:12:10:37 +0200] "GET /reload?ser=1594375837481 HTTP/1.1" 200 28 "http://renault.2web.at/success" "Mozilla/5.0 (Windows NT 10.0; Win64; x64) AppleWebKit/537.36 (KHTML, like Gecko) Chrome/83.0.4103.116 Safari/537.36"
80.120.5.131 - - [10/Jul/2020:12:10:44 +0200] "GET /reload?ser=1594375844250 HTTP/1.1" 200 28 "http://renault.activities.at/checkout" "Mozilla/5.0 (Windows NT 10.0; Win64; x64) AppleWebKit/537.36 (KHTML, like Gecko) Chrome/83.0.4103.116 Safari/537.36"
80.123.225.38 - - [10/Jul/2020:12:10:53 +0200] "GET /reload?ser=1594375853267 HTTP/1.1" 200 28 "http://renault.activities.at/10260261" "Mozilla/5.0 (Windows NT 10.0; Win64; x64) AppleWebKit/537.36 (KHTML, like Gecko) Chrome/83.0.4103.116 Safari/537.36 Edg/83.0.478.58"
185.22.23.252 - - [10/Jul/2020:12:10:55 +0200] "GET /reload?ser=1594375855296 HTTP/1.1" 200 28 "http://renault.activities.at/result?searchterm=true&search=7+sterne" "Mozilla/5.0 (Windows NT 6.3; WOW64; Trident/7.0; rv:11.0) like Gecko"
80.122.35.214 - - [10/Jul/2020:12:11:05 +0200] "GET /reload?ser=1594375868002 HTTP/1.1" 200 28 "http://renault.2web.at/result?searchterm=true&search=Megane+Prospekt" "Mozilla/5.0 (Windows NT 6.1; Win64; x64) AppleWebKit/537.36 (KHTML, like Gecko) Chrome/83.0.4103.116 Safari/537.36"
138.21.12.24 - - [10/Jul/2020:12:11:21 +0200] "GET /reload?ser=1594375880960 HTTP/1.1" 200 28 "http://renault.2web.at/result?dir=DESC&mode=grid&order=name&limit=15&page=1&search=kleber%20zoe" "Mozilla/5.0 (Windows NT 10.0; Win64; x64) AppleWebKit/537.36 (KHTML, like Gecko) Chrome/83.0.4103.116 Safari/537.36"
138.21.12.24 - - [10/Jul/2020:12:11:38 +0200] "GET /reload?ser=1594375898479 HTTP/1.1" 200 28 "http://renault.2web.at/success" "Mozilla/5.0 (Windows NT 10.0; Win64; x64) AppleWebKit/537.36 (KHTML, like Gecko) Chrome/83.0.4103.116 Safari/537.36"
80.120.5.131 - - [10/Jul/2020:12:11:45 +0200] "GET /reload?ser=1594375905250 HTTP/1.1" 200 28 "http://renault.activities.at/checkout" "Mozilla/5.0 (Windows NT 10.0; Win64; x64) AppleWebKit/537.36 (KHTML, like Gecko) Chrome/83.0.4103.116 Safari/537.36"
80.123.225.38 - - [10/Jul/2020:12:11:55 +0200] "GET /reload?ser=1594375915268 HTTP/1.1" 200 28 "http://renault.activities.at/10260261" "Mozilla/5.0 (Windows NT 10.0; Win64; x64) AppleWebKit/537.36 (KHTML, like Gecko) Chrome/83.0.4103.116 Safari/537.36 Edg/83.0.478.58"
185.22.23.252 - - [10/Jul/2020:12:11:56 +0200] "GET /reload?ser=1594375916203 HTTP/1.1" 200 28 "http://renault.activities.at/result?searchterm=true&search=7+sterne" "Mozilla/5.0 (Windows NT 6.3; WOW64; Trident/7.0; rv:11.0) like Gecko"
80.122.35.214 - - [10/Jul/2020:12:12:06 +0200] "GET /reload?ser=1594375928941 HTTP/1.1" 200 28 "http://renault.2web.at/result?searchterm=true&search=Megane+Prospekt" "Mozilla/5.0 (Windows NT 6.1; Win64; x64) AppleWebKit/537.36 (KHTML, like Gecko) Chrome/83.0.4103.116 Safari/537.36"
138.21.12.24 - - [10/Jul/2020:12:12:23 +0200] "GET /reload?ser=1594375942961 HTTP/1.1" 200 28 "http://renault.2web.at/result?dir=DESC&mode=grid&order=name&limit=15&page=1&search=kleber%20zoe" "Mozilla/5.0 (Windows NT 10.0; Win64; x64) AppleWebKit/537.36 (KHTML, like Gecko) Chrome/83.0.4103.116 Safari/537.36"
138.21.12.24 - - [10/Jul/2020:12:12:39 +0200] "GET /reload?ser=1594375959514 HTTP/1.1" 200 28 "http://renault.2web.at/success" "Mozilla/5.0 (Windows NT 10.0; Win64; x64) AppleWebKit/537.36 (KHTML, like Gecko) Chrome/83.0.4103.116 Safari/537.36"
80.120.5.131 - - [10/Jul/2020:12:12:46 +0200] "GET /reload?ser=1594375966250 HTTP/1.1" 200 28 "http://renault.activities.at/checkout" "Mozilla/5.0 (Windows NT 10.0; Win64; x64) AppleWebKit/537.36 (KHTML, like Gecko) Chrome/83.0.4103.116 Safari/537.36"
185.22.23.252 - - [10/Jul/2020:12:12:57 +0200] "GET /reload?ser=1594375977141 HTTP/1.1" 200 28 "http://renault.activities.at/result?searchterm=true&search=7+sterne" "Mozilla/5.0 (Windows NT 6.3; WOW64; Trident/7.0; rv:11.0) like Gecko"
80.123.225.38 - - [10/Jul/2020:12:12:57 +0200] "GET /reload?ser=1594375977265 HTTP/1.1" 200 28 "http://renault.activities.at/10260261" "Mozilla/5.0 (Windows NT 10.0; Win64; x64) AppleWebKit/537.36 (KHTML, like Gecko) Chrome/83.0.4103.116 Safari/537.36 Edg/83.0.478.58"
80.122.35.214 - - [10/Jul/2020:12:13:07 +0200] "GET /reload?ser=1594375989892 HTTP/1.1" 200 28 "http://renault.2web.at/result?searchterm=true&search=Megane+Prospekt" "Mozilla/5.0 (Windows NT 6.1; Win64; x64) AppleWebKit/537.36 (KHTML, like Gecko) Chrome/83.0.4103.116 Safari/537.36"
138.21.12.24 - - [10/Jul/2020:12:13:25 +0200] "GET /reload?ser=1594376004961 HTTP/1.1" 200 28 "http://renault.2web.at/result?dir=DESC&mode=grid&order=name&limit=15&page=1&search=kleber%20zoe" "Mozilla/5.0 (Windows NT 10.0; Win64; x64) AppleWebKit/537.36 (KHTML, like Gecko) Chrome/83.0.4103.116 Safari/537.36"
138.21.12.24 - - [10/Jul/2020:12:13:40 +0200] "GET /reload?ser=1594376020580 HTTP/1.1" 200 28 "http://renault.2web.at/success" "Mozilla/5.0 (Windows NT 10.0; Win64; x64) AppleWebKit/537.36 (KHTML, like Gecko) Chrome/83.0.4103.116 Safari/537.36"
80.120.5.131 - - [10/Jul/2020:12:13:47 +0200] "GET /reload?ser=1594376027250 HTTP/1.1" 200 28 "http://renault.activities.at/checkout" "Mozilla/5.0 (Windows NT 10.0; Win64; x64) AppleWebKit/537.36 (KHTML, like Gecko) Chrome/83.0.4103.116 Safari/537.36"
185.22.23.252 - - [10/Jul/2020:12:13:58 +0200] "GET /reload?ser=1594376038112 HTTP/1.1" 200 28 "http://renault.activities.at/result?searchterm=true&search=7+sterne" "Mozilla/5.0 (Windows NT 6.3; WOW64; Trident/7.0; rv:11.0) like Gecko"
80.123.225.38 - - [10/Jul/2020:12:13:58 +0200] "GET /reload?ser=1594376038273 HTTP/1.1" 200 28 "http://renault.activities.at/10260261" "Mozilla/5.0 (Windows NT 10.0; Win64; x64) AppleWebKit/537.36 (KHTML, like Gecko) Chrome/83.0.4103.116 Safari/537.36 Edg/83.0.478.58"
80.122.35.214 - - [10/Jul/2020:12:14:08 +0200] "GET /reload?ser=1594376050834 HTTP/1.1" 200 28 "http://renault.2web.at/result?searchterm=true&search=Megane+Prospekt" "Mozilla/5.0 (Windows NT 6.1; Win64; x64) AppleWebKit/537.36 (KHTML, like Gecko) Chrome/83.0.4103.116 Safari/537.36"
138.21.12.24 - - [10/Jul/2020:12:14:27 +0200] "GET /reload?ser=1594376066961 HTTP/1.1" 200 28 "http://renault.2web.at/result?dir=DESC&mode=grid&order=name&limit=15&page=1&search=kleber%20zoe" "Mozilla/5.0 (Windows NT 10.0; Win64; x64) AppleWebKit/537.36 (KHTML, like Gecko) Chrome/83.0.4103.116 Safari/537.36"
138.21.12.24 - - [10/Jul/2020:12:14:41 +0200] "GET /reload?ser=1594376081612 HTTP/1.1" 200 28 "http://renault.2web.at/success" "Mozilla/5.0 (Windows NT 10.0; Win64; x64) AppleWebKit/537.36 (KHTML, like Gecko) Chrome/83.0.4103.116 Safari/537.36"
80.120.5.131 - - [10/Jul/2020:12:14:48 +0200] "GET /reload?ser=1594376088250 HTTP/1.1" 200 28 "http://renault.activities.at/checkout" "Mozilla/5.0 (Windows NT 10.0; Win64; x64) AppleWebKit/537.36 (KHTML, like Gecko) Chrome/83.0.4103.116 Safari/537.36"
185.22.23.252 - - [10/Jul/2020:12:14:59 +0200] "GET /reload?ser=1594376099050 HTTP/1.1" 200 28 "http://renault.activities.at/result?searchterm=true&search=7+sterne" "Mozilla/5.0 (Windows NT 6.3; WOW64; Trident/7.0; rv:11.0) like Gecko"
