157.97.71.85 - - [15/Jul/2020:11:12:26 +0200] "GET /loadthumbnail.php?id=12130670&width=113 HTTP/1.1" 200 8989 "http://renault.activities.at/result?searchterm=true&search=Garantie" "Mozilla/5.0 (Windows NT 10.0; Win64; x64) AppleWebKit/537.36 (KHTML, like Gecko) Chrome/83.0.4103.116 Safari/537.36"
157.97.71.85 - - [15/Jul/2020:11:12:26 +0200] "GET /loadthumbnail.php?id=12230318&width=113 HTTP/1.1" 200 2255 "http://renault.activities.at/result?searchterm=true&search=Garantie" "Mozilla/5.0 (Windows NT 10.0; Win64; x64) AppleWebKit/537.36 (KHTML, like Gecko) Chrome/83.0.4103.116 Safari/537.36"
157.97.71.85 - - [15/Jul/2020:11:12:26 +0200] "GET /loadthumbnail.php?id=11228497&width=113 HTTP/1.1" 200 3267 "http://renault.activities.at/result?searchterm=true&search=Garantie" "Mozilla/5.0 (Windows NT 10.0; Win64; x64) AppleWebKit/537.36 (KHTML, like Gecko) Chrome/83.0.4103.116 Safari/537.36"
157.97.71.85 - - [15/Jul/2020:11:12:26 +0200] "GET /loadthumbnail.php?id=11075492&width=113 HTTP/1.1" 200 2349 "http://renault.activities.at/result?searchterm=true&search=Garantie" "Mozilla/5.0 (Windows NT 10.0; Win64; x64) AppleWebKit/537.36 (KHTML, like Gecko) Chrome/83.0.4103.116 Safari/537.36"
157.97.71.85 - - [15/Jul/2020:11:12:27 +0200] "GET /loadthumbnail.php?id=12094749&width=113 HTTP/1.1" 200 15117 "http://renault.activities.at/result?searchterm=true&search=Garantie" "Mozilla/5.0 (Windows NT 10.0; Win64; x64) AppleWebKit/537.36 (KHTML, like Gecko) Chrome/83.0.4103.116 Safari/537.36"
157.97.71.85 - - [15/Jul/2020:11:12:27 +0200] "GET /loadthumbnail.php?id=11228502&width=113 HTTP/1.1" 200 1524 "http://renault.activities.at/result?searchterm=true&search=Garantie" "Mozilla/5.0 (Windows NT 10.0; Win64; x64) AppleWebKit/537.36 (KHTML, like Gecko) Chrome/83.0.4103.116 Safari/537.36"
157.97.71.85 - - [15/Jul/2020:11:12:27 +0200] "GET /loadthumbnail.php?id=11660371&width=113 HTTP/1.1" 200 1292 "http://renault.activities.at/result?searchterm=true&search=Garantie" "Mozilla/5.0 (Windows NT 10.0; Win64; x64) AppleWebKit/537.36 (KHTML, like Gecko) Chrome/83.0.4103.116 Safari/537.36"
157.97.71.85 - - [15/Jul/2020:11:12:27 +0200] "GET /loadthumbnail.php?id=12205692&width=113 HTTP/1.1" 200 4881 "http://renault.activities.at/result?searchterm=true&search=Garantie" "Mozilla/5.0 (Windows NT 10.0; Win64; x64) AppleWebKit/537.36 (KHTML, like Gecko) Chrome/83.0.4103.116 Safari/537.36"
157.97.71.85 - - [15/Jul/2020:11:12:27 +0200] "GET /loadthumbnail.php?id=12204968&width=113 HTTP/1.1" 200 4284 "http://renault.activities.at/result?searchterm=true&search=Garantie" "Mozilla/5.0 (Windows NT 10.0; Win64; x64) AppleWebKit/537.36 (KHTML, like Gecko) Chrome/83.0.4103.116 Safari/537.36"
157.97.71.85 - - [15/Jul/2020:11:12:27 +0200] "GET /loadthumbnail.php?id=11660364&width=113 HTTP/1.1" 200 1865 "http://renault.activities.at/result?searchterm=true&search=Garantie" "Mozilla/5.0 (Windows NT 10.0; Win64; x64) AppleWebKit/537.36 (KHTML, like Gecko) Chrome/83.0.4103.116 Safari/537.36"
139.178.117.135 - - [15/Jul/2020:11:12:32 +0200] "GET /reload?ser=1594804351708 HTTP/1.1" 200 28 "http://renault.activities.at/success" "Mozilla/5.0 (Windows NT 10.0; Win64; x64) AppleWebKit/537.36 (KHTML, like Gecko) Chrome/83.0.4103.116 Safari/537.36"
80.123.225.38 - - [15/Jul/2020:11:12:33 +0200] "GET /reload?ser=1594804353690 HTTP/1.1" 200 28 "http://renault.activities.at/success" "Mozilla/5.0 (Windows NT 6.1; WOW64; Trident/7.0; rv:11.0) like Gecko"
157.97.71.85 - - [15/Jul/2020:11:12:36 +0200] "POST /axjaxrequest?mode=suggest HTTP/1.1" 200 2065 "http://renault.activities.at/result?searchterm=true&search=Garantie" "Mozilla/5.0 (Windows NT 10.0; Win64; x64) AppleWebKit/537.36 (KHTML, like Gecko) Chrome/83.0.4103.116 Safari/537.36"
157.97.71.85 - - [15/Jul/2020:11:12:37 +0200] "POST /axjaxrequest?mode=suggest HTTP/1.1" 200 142 "http://renault.activities.at/result?searchterm=true&search=Garantie" "Mozilla/5.0 (Windows NT 10.0; Win64; x64) AppleWebKit/537.36 (KHTML, like Gecko) Chrome/83.0.4103.116 Safari/537.36"
157.97.71.85 - - [15/Jul/2020:11:12:38 +0200] "GET /result?searchterm=true&search=teile HTTP/1.1" 200 6021 "http://renault.activities.at/result?searchterm=true&search=Garantie" "Mozilla/5.0 (Windows NT 10.0; Win64; x64) AppleWebKit/537.36 (KHTML, like Gecko) Chrome/83.0.4103.116 Safari/537.36"
157.97.71.85 - - [15/Jul/2020:11:12:41 +0200] "GET /loadthumbnail.php?id=10460287&width=113 HTTP/1.1" 200 2135 "http://renault.activities.at/result?searchterm=true&search=teile" "Mozilla/5.0 (Windows NT 10.0; Win64; x64) AppleWebKit/537.36 (KHTML, like Gecko) Chrome/83.0.4103.116 Safari/537.36"
157.97.71.85 - - [15/Jul/2020:11:12:41 +0200] "GET /loadthumbnail.php?id=11431080&width=113 HTTP/1.1" 200 3991 "http://renault.activities.at/result?searchterm=true&search=teile" "Mozilla/5.0 (Windows NT 10.0; Win64; x64) AppleWebKit/537.36 (KHTML, like Gecko) Chrome/83.0.4103.116 Safari/537.36"
193.194.132.22 - - [15/Jul/2020:11:12:48 +0200] "GET /reload?ser=1594804368616 HTTP/1.1" 200 28 "http://renault.activities.at/cart?datachange=true" "Mozilla/5.0 (Windows NT 10.0; Win64; x64) AppleWebKit/537.36 (KHTML, like Gecko) Chrome/83.0.4103.116 Safari/537.36"
193.194.132.23 - - [15/Jul/2020:11:12:59 +0200] "GET /reload?ser=1594804379483 HTTP/1.1" 200 28 "http://renault.2web.at/result?searchterm=true&search=gesch%E4ft" "Mozilla/5.0 (Windows NT 10.0; Win64; x64) AppleWebKit/537.36 (KHTML, like Gecko) Chrome/83.0.4103.116 Safari/537.36"
139.178.117.135 - - [15/Jul/2020:11:13:33 +0200] "GET /reload?ser=1594804412663 HTTP/1.1" 200 28 "http://renault.activities.at/success" "Mozilla/5.0 (Windows NT 10.0; Win64; x64) AppleWebKit/537.36 (KHTML, like Gecko) Chrome/83.0.4103.116 Safari/537.36"
80.123.225.38 - - [15/Jul/2020:11:13:34 +0200] "GET /reload?ser=1594804414608 HTTP/1.1" 200 28 "http://renault.activities.at/success" "Mozilla/5.0 (Windows NT 6.1; WOW64; Trident/7.0; rv:11.0) like Gecko"
157.97.71.85 - - [15/Jul/2020:11:13:41 +0200] "GET /reload?ser=1594804421551 HTTP/1.1" 200 28 "http://renault.activities.at/result?searchterm=true&search=teile" "Mozilla/5.0 (Windows NT 10.0; Win64; x64) AppleWebKit/537.36 (KHTML, like Gecko) Chrome/83.0.4103.116 Safari/537.36"
193.194.132.22 - - [15/Jul/2020:11:13:50 +0200] "GET /reload?ser=1594804430617 HTTP/1.1" 200 28 "http://renault.activities.at/cart?datachange=true" "Mozilla/5.0 (Windows NT 10.0; Win64; x64) AppleWebKit/537.36 (KHTML, like Gecko) Chrome/83.0.4103.116 Safari/537.36"
193.194.132.23 - - [15/Jul/2020:11:14:01 +0200] "GET /reload?ser=1594804441484 HTTP/1.1" 200 28 "http://renault.2web.at/result?searchterm=true&search=gesch%E4ft" "Mozilla/5.0 (Windows NT 10.0; Win64; x64) AppleWebKit/537.36 (KHTML, like Gecko) Chrome/83.0.4103.116 Safari/537.36"
139.178.117.135 - - [15/Jul/2020:11:14:34 +0200] "GET /reload?ser=1594804473586 HTTP/1.1" 200 28 "http://renault.activities.at/success" "Mozilla/5.0 (Windows NT 10.0; Win64; x64) AppleWebKit/537.36 (KHTML, like Gecko) Chrome/83.0.4103.116 Safari/537.36"
80.123.225.38 - - [15/Jul/2020:11:14:35 +0200] "GET /reload?ser=1594804475555 HTTP/1.1" 200 28 "http://renault.activities.at/success" "Mozilla/5.0 (Windows NT 6.1; WOW64; Trident/7.0; rv:11.0) like Gecko"
157.97.71.85 - - [15/Jul/2020:11:14:42 +0200] "GET /reload?ser=1594804482508 HTTP/1.1" 200 28 "http://renault.activities.at/result?searchterm=true&search=teile" "Mozilla/5.0 (Windows NT 10.0; Win64; x64) AppleWebKit/537.36 (KHTML, like Gecko) Chrome/83.0.4103.116 Safari/537.36"
193.194.132.22 - - [15/Jul/2020:11:14:52 +0200] "GET /reload?ser=1594804492617 HTTP/1.1" 200 28 "http://renault.activities.at/cart?datachange=true" "Mozilla/5.0 (Windows NT 10.0; Win64; x64) AppleWebKit/537.36 (KHTML, like Gecko) Chrome/83.0.4103.116 Safari/537.36"
193.194.132.23 - - [15/Jul/2020:11:15:03 +0200] "GET /reload?ser=1594804503499 HTTP/1.1" 200 28 "http://renault.2web.at/result?searchterm=true&search=gesch%E4ft" "Mozilla/5.0 (Windows NT 10.0; Win64; x64) AppleWebKit/537.36 (KHTML, like Gecko) Chrome/83.0.4103.116 Safari/537.36"
139.178.117.135 - - [15/Jul/2020:11:15:34 +0200] "GET /reload?ser=1594804534556 HTTP/1.1" 200 28 "http://renault.activities.at/success" "Mozilla/5.0 (Windows NT 10.0; Win64; x64) AppleWebKit/537.36 (KHTML, like Gecko) Chrome/83.0.4103.116 Safari/537.36"
80.123.225.38 - - [15/Jul/2020:11:15:36 +0200] "GET /reload?ser=1594804536505 HTTP/1.1" 200 28 "http://renault.activities.at/success" "Mozilla/5.0 (Windows NT 6.1; WOW64; Trident/7.0; rv:11.0) like Gecko"
157.97.71.85 - - [15/Jul/2020:11:15:43 +0200] "GET /reload?ser=1594804543457 HTTP/1.1" 200 28 "http://renault.activities.at/result?searchterm=true&search=teile" "Mozilla/5.0 (Windows NT 10.0; Win64; x64) AppleWebKit/537.36 (KHTML, like Gecko) Chrome/83.0.4103.116 Safari/537.36"
193.194.132.22 - - [15/Jul/2020:11:15:54 +0200] "GET /reload?ser=1594804554617 HTTP/1.1" 200 28 "http://renault.activities.at/cart?datachange=true" "Mozilla/5.0 (Windows NT 10.0; Win64; x64) AppleWebKit/537.36 (KHTML, like Gecko) Chrome/83.0.4103.116 Safari/537.36"
193.194.132.23 - - [15/Jul/2020:11:16:05 +0200] "GET /reload?ser=1594804565484 HTTP/1.1" 200 28 "http://renault.2web.at/result?searchterm=true&search=gesch%E4ft" "Mozilla/5.0 (Windows NT 10.0; Win64; x64) AppleWebKit/537.36 (KHTML, like Gecko) Chrome/83.0.4103.116 Safari/537.36"
139.178.117.135 - - [15/Jul/2020:11:16:35 +0200] "GET /reload?ser=1594804595510 HTTP/1.1" 200 28 "http://renault.activities.at/success" "Mozilla/5.0 (Windows NT 10.0; Win64; x64) AppleWebKit/537.36 (KHTML, like Gecko) Chrome/83.0.4103.116 Safari/537.36"
80.123.225.38 - - [15/Jul/2020:11:16:37 +0200] "GET /reload?ser=1594804597465 HTTP/1.1" 200 28 "http://renault.activities.at/success" "Mozilla/5.0 (Windows NT 6.1; WOW64; Trident/7.0; rv:11.0) like Gecko"
157.97.71.85 - - [15/Jul/2020:11:16:44 +0200] "GET /reload?ser=1594804604402 HTTP/1.1" 200 28 "http://renault.activities.at/result?searchterm=true&search=teile" "Mozilla/5.0 (Windows NT 10.0; Win64; x64) AppleWebKit/537.36 (KHTML, like Gecko) Chrome/83.0.4103.116 Safari/537.36"
157.97.71.85 - - [15/Jul/2020:11:16:45 +0200] "POST /result?searchterm=true&search=teile HTTP/1.1" 200 6124 "http://renault.activities.at/result?searchterm=true&search=teile" "Mozilla/5.0 (Windows NT 10.0; Win64; x64) AppleWebKit/537.36 (KHTML, like Gecko) Chrome/83.0.4103.116 Safari/537.36"
157.97.71.85 - - [15/Jul/2020:11:16:47 +0200] "GET /10201633 HTTP/1.1" 200 9133 "http://renault.activities.at/result?searchterm=true&search=teile" "Mozilla/5.0 (Windows NT 10.0; Win64; x64) AppleWebKit/537.36 (KHTML, like Gecko) Chrome/83.0.4103.116 Safari/537.36"
157.97.71.85 - - [15/Jul/2020:11:16:50 +0200] "GET /loadthumbnail.php?id=12115542&width=113 HTTP/1.1" 200 6084 "http://renault.activities.at/10201633" "Mozilla/5.0 (Windows NT 10.0; Win64; x64) AppleWebKit/537.36 (KHTML, like Gecko) Chrome/83.0.4103.116 Safari/537.36"
157.97.71.85 - - [15/Jul/2020:11:16:50 +0200] "GET /loadthumbnail.php?id=11121996&width=113 HTTP/1.1" 200 2215 "http://renault.activities.at/10201633" "Mozilla/5.0 (Windows NT 10.0; Win64; x64) AppleWebKit/537.36 (KHTML, like Gecko) Chrome/83.0.4103.116 Safari/537.36"
157.97.71.85 - - [15/Jul/2020:11:16:50 +0200] "GET /loadthumbnail.php?id=11194750&width=113 HTTP/1.1" 200 2347 "http://renault.activities.at/10201633" "Mozilla/5.0 (Windows NT 10.0; Win64; x64) AppleWebKit/537.36 (KHTML, like Gecko) Chrome/83.0.4103.116 Safari/537.36"
157.97.71.85 - - [15/Jul/2020:11:16:50 +0200] "GET /loadthumbnail.php?id=12064387&width=113 HTTP/1.1" 200 3233 "http://renault.activities.at/10201633" "Mozilla/5.0 (Windows NT 10.0; Win64; x64) AppleWebKit/537.36 (KHTML, like Gecko) Chrome/83.0.4103.116 Safari/537.36"
157.97.71.85 - - [15/Jul/2020:11:16:50 +0200] "GET /loadthumbnail.php?id=11146700&width=113 HTTP/1.1" 200 1415 "http://renault.activities.at/10201633" "Mozilla/5.0 (Windows NT 10.0; Win64; x64) AppleWebKit/537.36 (KHTML, like Gecko) Chrome/83.0.4103.116 Safari/537.36"
157.97.71.85 - - [15/Jul/2020:11:16:50 +0200] "GET /loadthumbnail.php?id=12197903&width=113 HTTP/1.1" 200 30608 "http://renault.activities.at/10201633" "Mozilla/5.0 (Windows NT 10.0; Win64; x64) AppleWebKit/537.36 (KHTML, like Gecko) Chrome/83.0.4103.116 Safari/537.36"
157.97.71.85 - - [15/Jul/2020:11:16:51 +0200] "GET /loadthumbnail.php?id=12243596&width=113 HTTP/1.1" 200 2926 "http://renault.activities.at/10201633" "Mozilla/5.0 (Windows NT 10.0; Win64; x64) AppleWebKit/537.36 (KHTML, like Gecko) Chrome/83.0.4103.116 Safari/537.36"
157.97.71.85 - - [15/Jul/2020:11:16:54 +0200] "GET /cart HTTP/1.1" 200 5686 "http://renault.activities.at/10201633" "Mozilla/5.0 (Windows NT 10.0; Win64; x64) AppleWebKit/537.36 (KHTML, like Gecko) Chrome/83.0.4103.116 Safari/537.36"
157.97.71.85 - - [15/Jul/2020:11:16:57 +0200] "GET /loadthumbnail.php?id=11967700&width=100 HTTP/1.1" 200 2847 "http://renault.activities.at/cart" "Mozilla/5.0 (Windows NT 10.0; Win64; x64) AppleWebKit/537.36 (KHTML, like Gecko) Chrome/83.0.4103.116 Safari/537.36"
157.97.71.85 - - [15/Jul/2020:11:16:57 +0200] "GET /loadthumbnail.php?id=11431080&width=100 HTTP/1.1" 200 3366 "http://renault.activities.at/cart" "Mozilla/5.0 (Windows NT 10.0; Win64; x64) AppleWebKit/537.36 (KHTML, like Gecko) Chrome/83.0.4103.116 Safari/537.36"
157.97.71.85 - - [15/Jul/2020:11:16:57 +0200] "GET /loadthumbnail.php?id=12237270&width=100 HTTP/1.1" 200 2400 "http://renault.activities.at/cart" "Mozilla/5.0 (Windows NT 10.0; Win64; x64) AppleWebKit/537.36 (KHTML, like Gecko) Chrome/83.0.4103.116 Safari/537.36"
193.194.132.22 - - [15/Jul/2020:11:16:56 +0200] "GET /reload?ser=1594804616617 HTTP/1.1" 200 28 "http://renault.activities.at/cart?datachange=true" "Mozilla/5.0 (Windows NT 10.0; Win64; x64) AppleWebKit/537.36 (KHTML, like Gecko) Chrome/83.0.4103.116 Safari/537.36"
193.194.132.23 - - [15/Jul/2020:11:17:07 +0200] "GET /reload?ser=1594804627484 HTTP/1.1" 200 28 "http://renault.2web.at/result?searchterm=true&search=gesch%E4ft" "Mozilla/5.0 (Windows NT 10.0; Win64; x64) AppleWebKit/537.36 (KHTML, like Gecko) Chrome/83.0.4103.116 Safari/537.36"
157.97.71.85 - - [15/Jul/2020:11:17:08 +0200] "GET /checkout HTTP/1.1" 200 10247 "http://renault.activities.at/cart" "Mozilla/5.0 (Windows NT 10.0; Win64; x64) AppleWebKit/537.36 (KHTML, like Gecko) Chrome/83.0.4103.116 Safari/537.36"
157.97.71.85 - - [15/Jul/2020:11:17:12 +0200] "GET /loadthumbnail.php?id=10201939 HTTP/1.1" 200 201 "http://renault.activities.at/checkout" "Mozilla/5.0 (Windows NT 10.0; Win64; x64) AppleWebKit/537.36 (KHTML, like Gecko) Chrome/83.0.4103.116 Safari/537.36"
157.97.71.85 - - [15/Jul/2020:11:17:12 +0200] "GET /loadthumbnail.php?id=10202698 HTTP/1.1" 200 16686 "http://renault.activities.at/checkout" "Mozilla/5.0 (Windows NT 10.0; Win64; x64) AppleWebKit/537.36 (KHTML, like Gecko) Chrome/83.0.4103.116 Safari/537.36"
157.97.71.85 - - [15/Jul/2020:11:17:20 +0200] "POST /docheckout HTTP/1.1" 200 452 "http://renault.activities.at/checkout" "Mozilla/5.0 (Windows NT 10.0; Win64; x64) AppleWebKit/537.36 (KHTML, like Gecko) Chrome/83.0.4103.116 Safari/537.36"
157.97.71.85 - - [15/Jul/2020:11:17:24 +0200] "POST /docheckout HTTP/1.1" 200 804 "http://renault.activities.at/checkout" "Mozilla/5.0 (Windows NT 10.0; Win64; x64) AppleWebKit/537.36 (KHTML, like Gecko) Chrome/83.0.4103.116 Safari/537.36"
157.97.71.85 - - [15/Jul/2020:11:17:28 +0200] "POST /docheckout HTTP/1.1" 200 68 "http://renault.activities.at/checkout" "Mozilla/5.0 (Windows NT 10.0; Win64; x64) AppleWebKit/537.36 (KHTML, like Gecko) Chrome/83.0.4103.116 Safari/537.36"
157.97.71.85 - - [15/Jul/2020:11:17:31 +0200] "GET /success HTTP/1.1" 200 3778 "http://renault.activities.at/checkout" "Mozilla/5.0 (Windows NT 10.0; Win64; x64) AppleWebKit/537.36 (KHTML, like Gecko) Chrome/83.0.4103.116 Safari/537.36"
139.178.117.135 - - [15/Jul/2020:11:17:36 +0200] "GET /reload?ser=1594804656449 HTTP/1.1" 200 28 "http://renault.activities.at/success" "Mozilla/5.0 (Windows NT 10.0; Win64; x64) AppleWebKit/537.36 (KHTML, like Gecko) Chrome/83.0.4103.116 Safari/537.36"
157.97.71.85 - - [15/Jul/2020:11:17:36 +0200] "GET /12254940?print=true HTTP/1.1" 200 2218 "http://renault.activities.at/success" "Mozilla/5.0 (Windows NT 10.0; Win64; x64) AppleWebKit/537.36 (KHTML, like Gecko) Chrome/83.0.4103.116 Safari/537.36"
157.97.71.85 - - [15/Jul/2020:11:17:53 +0200] "GET /logout HTTP/1.1" 302 140 "http://renault.activities.at/success" "Mozilla/5.0 (Windows NT 10.0; Win64; x64) AppleWebKit/537.36 (KHTML, like Gecko) Chrome/83.0.4103.116 Safari/537.36"
157.97.71.85 - - [15/Jul/2020:11:17:54 +0200] "GET /logout HTTP/1.1" 200 1583 "http://renault.activities.at/success" "Mozilla/5.0 (Windows NT 10.0; Win64; x64) AppleWebKit/537.36 (KHTML, like Gecko) Chrome/83.0.4103.116 Safari/537.36"
193.194.132.22 - - [15/Jul/2020:11:17:58 +0200] "GET /reload?ser=1594804678617 HTTP/1.1" 200 28 "http://renault.activities.at/cart?datachange=true" "Mozilla/5.0 (Windows NT 10.0; Win64; x64) AppleWebKit/537.36 (KHTML, like Gecko) Chrome/83.0.4103.116 Safari/537.36"
157.97.71.85 - - [15/Jul/2020:11:18:00 +0200] "GET / HTTP/1.1" 200 3273 "http://renault.activities.at/logout" "Mozilla/5.0 (Windows NT 10.0; Win64; x64) AppleWebKit/537.36 (KHTML, like Gecko) Chrome/83.0.4103.116 Safari/537.36"
193.194.132.23 - - [15/Jul/2020:11:18:09 +0200] "GET /reload?ser=1594804689489 HTTP/1.1" 200 28 "http://renault.2web.at/result?searchterm=true&search=gesch%E4ft" "Mozilla/5.0 (Windows NT 10.0; Win64; x64) AppleWebKit/537.36 (KHTML, like Gecko) Chrome/83.0.4103.116 Safari/537.36"
139.178.117.135 - - [15/Jul/2020:11:18:37 +0200] "GET /reload?ser=1594804717419 HTTP/1.1" 200 28 "http://renault.activities.at/success" "Mozilla/5.0 (Windows NT 10.0; Win64; x64) AppleWebKit/537.36 (KHTML, like Gecko) Chrome/83.0.4103.116 Safari/537.36"
193.194.132.22 - - [15/Jul/2020:11:19:00 +0200] "GET /reload?ser=1594804740616 HTTP/1.1" 200 28 "http://renault.activities.at/cart?datachange=true" "Mozilla/5.0 (Windows NT 10.0; Win64; x64) AppleWebKit/537.36 (KHTML, like Gecko) Chrome/83.0.4103.116 Safari/537.36"
193.194.132.23 - - [15/Jul/2020:11:19:11 +0200] "GET /reload?ser=1594804751489 HTTP/1.1" 200 28 "http://renault.2web.at/result?searchterm=true&search=gesch%E4ft" "Mozilla/5.0 (Windows NT 10.0; Win64; x64) AppleWebKit/537.36 (KHTML, like Gecko) Chrome/83.0.4103.116 Safari/537.36"
139.178.117.135 - - [15/Jul/2020:11:19:38 +0200] "GET /reload?ser=1594804778374 HTTP/1.1" 200 28 "http://renault.activities.at/success" "Mozilla/5.0 (Windows NT 10.0; Win64; x64) AppleWebKit/537.36 (KHTML, like Gecko) Chrome/83.0.4103.116 Safari/537.36"
193.194.132.22 - - [15/Jul/2020:11:20:02 +0200] "GET /reload?ser=1594804802616 HTTP/1.1" 200 28 "http://renault.activities.at/cart?datachange=true" "Mozilla/5.0 (Windows NT 10.0; Win64; x64) AppleWebKit/537.36 (KHTML, like Gecko) Chrome/83.0.4103.116 Safari/537.36"
193.194.132.23 - - [15/Jul/2020:11:20:13 +0200] "GET /reload?ser=1594804813493 HTTP/1.1" 200 28 "http://renault.2web.at/result?searchterm=true&search=gesch%E4ft" "Mozilla/5.0 (Windows NT 10.0; Win64; x64) AppleWebKit/537.36 (KHTML, like Gecko) Chrome/83.0.4103.116 Safari/537.36"
139.178.117.135 - - [15/Jul/2020:11:20:39 +0200] "GET /reload?ser=1594804839329 HTTP/1.1" 200 28 "http://renault.activities.at/success" "Mozilla/5.0 (Windows NT 10.0; Win64; x64) AppleWebKit/537.36 (KHTML, like Gecko) Chrome/83.0.4103.116 Safari/537.36"
193.194.132.22 - - [15/Jul/2020:11:21:04 +0200] "GET /reload?ser=1594804864617 HTTP/1.1" 200 28 "http://renault.activities.at/cart?datachange=true" "Mozilla/5.0 (Windows NT 10.0; Win64; x64) AppleWebKit/537.36 (KHTML, like Gecko) Chrome/83.0.4103.116 Safari/537.36"
193.194.132.23 - - [15/Jul/2020:11:21:15 +0200] "GET /reload?ser=1594804875497 HTTP/1.1" 200 28 "http://renault.2web.at/result?searchterm=true&search=gesch%E4ft" "Mozilla/5.0 (Windows NT 10.0; Win64; x64) AppleWebKit/537.36 (KHTML, like Gecko) Chrome/83.0.4103.116 Safari/537.36"
193.158.210.82 - - [15/Jul/2020:11:21:19 +0200] "GET / HTTP/1.1" 200 3273 "http://www.google.de/url?sa=t&rct=j&q=&esrc=s&source=web&cd=&ved=2ahUKEwjm6syH987qAhXD-qQKHfgzAvsQFjABegQIARAB&url=http%3A%2F%2Frenault.activities.at%2F&usg=AOvVaw3f4IMOXk6tNg001mjujamn" "Mozilla/5.0 (Windows NT 6.1; WOW64; Trident/7.0; tb-gmx/2.7.7; rv:11.0) like Gecko"
193.158.210.82 - - [15/Jul/2020:11:21:20 +0200] "GET /js/default.js HTTP/1.1" 200 14698 "http://renault.activities.at/" "Mozilla/5.0 (Windows NT 6.1; WOW64; Trident/7.0; tb-gmx/2.7.7; rv:11.0) like Gecko"
193.158.210.82 - - [15/Jul/2020:11:21:20 +0200] "GET /css/reset.css HTTP/1.1" 200 1356 "http://renault.activities.at/" "Mozilla/5.0 (Windows NT 6.1; WOW64; Trident/7.0; tb-gmx/2.7.7; rv:11.0) like Gecko"
193.158.210.82 - - [15/Jul/2020:11:21:20 +0200] "GET /js/flashdetection.js HTTP/1.1" 200 1059 "http://renault.activities.at/" "Mozilla/5.0 (Windows NT 6.1; WOW64; Trident/7.0; tb-gmx/2.7.7; rv:11.0) like Gecko"
193.158.210.82 - - [15/Jul/2020:11:21:20 +0200] "GET /css/clears.css HTTP/1.1" 200 851 "http://renault.activities.at/" "Mozilla/5.0 (Windows NT 6.1; WOW64; Trident/7.0; tb-gmx/2.7.7; rv:11.0) like Gecko"
193.158.210.82 - - [15/Jul/2020:11:21:20 +0200] "GET /css/styles.css HTTP/1.1" 200 14664 "http://renault.activities.at/" "Mozilla/5.0 (Windows NT 6.1; WOW64; Trident/7.0; tb-gmx/2.7.7; rv:11.0) like Gecko"
193.158.210.82 - - [15/Jul/2020:11:21:20 +0200] "GET /css/print.css HTTP/1.1" 200 543 "http://renault.activities.at/" "Mozilla/5.0 (Windows NT 6.1; WOW64; Trident/7.0; tb-gmx/2.7.7; rv:11.0) like Gecko"
193.158.210.82 - - [15/Jul/2020:11:21:20 +0200] "GET /js/checkout.css HTTP/1.1" 200 359 "http://renault.activities.at/" "Mozilla/5.0 (Windows NT 6.1; WOW64; Trident/7.0; tb-gmx/2.7.7; rv:11.0) like Gecko"
193.158.210.82 - - [15/Jul/2020:11:21:20 +0200] "GET /css/prototip.css HTTP/1.1" 200 968 "http://renault.activities.at/" "Mozilla/5.0 (Windows NT 6.1; WOW64; Trident/7.0; tb-gmx/2.7.7; rv:11.0) like Gecko"
193.158.210.82 - - [15/Jul/2020:11:21:20 +0200] "GET /css/themes/default.css HTTP/1.1" 200 769 "http://renault.activities.at/" "Mozilla/5.0 (Windows NT 6.1; WOW64; Trident/7.0; tb-gmx/2.7.7; rv:11.0) like Gecko"
193.158.210.82 - - [15/Jul/2020:11:21:20 +0200] "GET /css/themes/alphacube.css HTTP/1.1" 200 743 "http://renault.activities.at/" "Mozilla/5.0 (Windows NT 6.1; WOW64; Trident/7.0; tb-gmx/2.7.7; rv:11.0) like Gecko"
193.158.210.82 - - [15/Jul/2020:11:21:20 +0200] "GET /js/index.php?c=auto&f=,prototype/prototype.js,prototype/validation.js,scriptaculous/builder.js,scriptaculous/effects.js,scriptaculous/dragdrop.js,scriptaculous/controls.js,scriptaculous/slider.js,varien/js.js,varien/form.js,varien/menu.js,mage/translate.js,mage/cookies.js,varien/product.js,spinner/SpinnerControl.jsmin.js,prototype/window.js,prototype/window_ext.js HTTP/1.1" 200 94182 "http://renault.activities.at/" "Mozilla/5.0 (Windows NT 6.1; WOW64; Trident/7.0; tb-gmx/2.7.7; rv:11.0) like Gecko"
193.158.210.82 - - [15/Jul/2020:11:21:21 +0200] "GET /images/main_block_corner_right_top.gif HTTP/1.1" 200 159 "http://renault.activities.at/" "Mozilla/5.0 (Windows NT 6.1; WOW64; Trident/7.0; tb-gmx/2.7.7; rv:11.0) like Gecko"
193.158.210.82 - - [15/Jul/2020:11:21:21 +0200] "GET /images/title_corner_left_top.jpg HTTP/1.1" 200 372 "http://renault.activities.at/" "Mozilla/5.0 (Windows NT 6.1; WOW64; Trident/7.0; tb-gmx/2.7.7; rv:11.0) like Gecko"
193.158.210.82 - - [15/Jul/2020:11:21:21 +0200] "GET /images/title_border_top.jpg HTTP/1.1" 200 336 "http://renault.activities.at/" "Mozilla/5.0 (Windows NT 6.1; WOW64; Trident/7.0; tb-gmx/2.7.7; rv:11.0) like Gecko"
193.158.210.82 - - [15/Jul/2020:11:21:21 +0200] "GET /images/main_block_corner_right_bot.gif HTTP/1.1" 200 158 "http://renault.activities.at/" "Mozilla/5.0 (Windows NT 6.1; WOW64; Trident/7.0; tb-gmx/2.7.7; rv:11.0) like Gecko"
193.158.210.82 - - [15/Jul/2020:11:21:21 +0200] "GET /images/main_block_border.gif HTTP/1.1" 200 43 "http://renault.activities.at/" "Mozilla/5.0 (Windows NT 6.1; WOW64; Trident/7.0; tb-gmx/2.7.7; rv:11.0) like Gecko"
193.158.210.82 - - [15/Jul/2020:11:21:21 +0200] "GET /images/title_border.jpg HTTP/1.1" 200 304 "http://renault.activities.at/" "Mozilla/5.0 (Windows NT 6.1; WOW64; Trident/7.0; tb-gmx/2.7.7; rv:11.0) like Gecko"
193.158.210.82 - - [15/Jul/2020:11:21:21 +0200] "GET /images/favicon.ico HTTP/1.1" 404 305 "-" "Mozilla/5.0 (Windows NT 6.1; WOW64; Trident/7.0; tb-gmx/2.7.7; rv:11.0) like Gecko"
193.158.210.82 - - [15/Jul/2020:11:21:21 +0200] "GET /images/header_block_border.gif HTTP/1.1" 200 43 "http://renault.activities.at/" "Mozilla/5.0 (Windows NT 6.1; WOW64; Trident/7.0; tb-gmx/2.7.7; rv:11.0) like Gecko"
193.158.210.82 - - [15/Jul/2020:11:21:21 +0200] "GET /images/title_corner_right_top.jpg HTTP/1.1" 200 389 "http://renault.activities.at/" "Mozilla/5.0 (Windows NT 6.1; WOW64; Trident/7.0; tb-gmx/2.7.7; rv:11.0) like Gecko"
193.158.210.82 - - [15/Jul/2020:11:21:21 +0200] "GET /images/main_block_corner_left_top.gif HTTP/1.1" 200 159 "http://renault.activities.at/" "Mozilla/5.0 (Windows NT 6.1; WOW64; Trident/7.0; tb-gmx/2.7.7; rv:11.0) like Gecko"
193.158.210.82 - - [15/Jul/2020:11:21:21 +0200] "GET /images/header_block_corner_left_top.gif HTTP/1.1" 200 160 "http://renault.activities.at/" "Mozilla/5.0 (Windows NT 6.1; WOW64; Trident/7.0; tb-gmx/2.7.7; rv:11.0) like Gecko"
193.158.210.82 - - [15/Jul/2020:11:21:21 +0200] "GET /images/header_block_corner_right_top.gif HTTP/1.1" 200 160 "http://renault.activities.at/" "Mozilla/5.0 (Windows NT 6.1; WOW64; Trident/7.0; tb-gmx/2.7.7; rv:11.0) like Gecko"
193.158.210.82 - - [15/Jul/2020:11:21:21 +0200] "GET /images/main_block_corner_left_bot.gif HTTP/1.1" 200 159 "http://renault.activities.at/" "Mozilla/5.0 (Windows NT 6.1; WOW64; Trident/7.0; tb-gmx/2.7.7; rv:11.0) like Gecko"
193.158.210.82 - - [15/Jul/2020:11:21:21 +0200] "GET /loadthumbnail.php?id=11127982 HTTP/1.1" 200 399614 "http://renault.activities.at/" "Mozilla/5.0 (Windows NT 6.1; WOW64; Trident/7.0; tb-gmx/2.7.7; rv:11.0) like Gecko"
139.178.117.135 - - [15/Jul/2020:11:21:40 +0200] "GET /reload?ser=1594804900299 HTTP/1.1" 200 28 "http://renault.activities.at/success" "Mozilla/5.0 (Windows NT 10.0; Win64; x64) AppleWebKit/537.36 (KHTML, like Gecko) Chrome/83.0.4103.116 Safari/537.36"
193.194.132.22 - - [15/Jul/2020:11:22:06 +0200] "GET /reload?ser=1594804926616 HTTP/1.1" 200 28 "http://renault.activities.at/cart?datachange=true" "Mozilla/5.0 (Windows NT 10.0; Win64; x64) AppleWebKit/537.36 (KHTML, like Gecko) Chrome/83.0.4103.116 Safari/537.36"
193.194.132.23 - - [15/Jul/2020:11:22:17 +0200] "GET /reload?ser=1594804937500 HTTP/1.1" 200 28 "http://renault.2web.at/result?searchterm=true&search=gesch%E4ft" "Mozilla/5.0 (Windows NT 10.0; Win64; x64) AppleWebKit/537.36 (KHTML, like Gecko) Chrome/83.0.4103.116 Safari/537.36"
46.114.33.120 - - [15/Jul/2020:11:22:32 +0200] "GET / HTTP/1.1" 200 3273 "https://www.google.com/" "Mozilla/5.0 (iPhone; CPU iPhone OS 13_5_1 like Mac OS X) AppleWebKit/605.1.15 (KHTML, like Gecko) Version/13.1.1 Mobile/15E148 Safari/604.1"
46.114.33.120 - - [15/Jul/2020:11:22:33 +0200] "GET /js/default.js HTTP/1.1" 200 14698 "http://renault.activities.at/" "Mozilla/5.0 (iPhone; CPU iPhone OS 13_5_1 like Mac OS X) AppleWebKit/605.1.15 (KHTML, like Gecko) Version/13.1.1 Mobile/15E148 Safari/604.1"
46.114.33.120 - - [15/Jul/2020:11:22:33 +0200] "GET /js/flashdetection.js HTTP/1.1" 200 1059 "http://renault.activities.at/" "Mozilla/5.0 (iPhone; CPU iPhone OS 13_5_1 like Mac OS X) AppleWebKit/605.1.15 (KHTML, like Gecko) Version/13.1.1 Mobile/15E148 Safari/604.1"
46.114.33.120 - - [15/Jul/2020:11:22:33 +0200] "GET /css/reset.css HTTP/1.1" 200 1356 "http://renault.activities.at/" "Mozilla/5.0 (iPhone; CPU iPhone OS 13_5_1 like Mac OS X) AppleWebKit/605.1.15 (KHTML, like Gecko) Version/13.1.1 Mobile/15E148 Safari/604.1"
46.114.33.120 - - [15/Jul/2020:11:22:33 +0200] "GET /css/styles.css HTTP/1.1" 200 14664 "http://renault.activities.at/" "Mozilla/5.0 (iPhone; CPU iPhone OS 13_5_1 like Mac OS X) AppleWebKit/605.1.15 (KHTML, like Gecko) Version/13.1.1 Mobile/15E148 Safari/604.1"
46.114.33.120 - - [15/Jul/2020:11:22:33 +0200] "GET /css/clears.css HTTP/1.1" 200 851 "http://renault.activities.at/" "Mozilla/5.0 (iPhone; CPU iPhone OS 13_5_1 like Mac OS X) AppleWebKit/605.1.15 (KHTML, like Gecko) Version/13.1.1 Mobile/15E148 Safari/604.1"
46.114.33.120 - - [15/Jul/2020:11:22:33 +0200] "GET /js/checkout.css HTTP/1.1" 200 359 "http://renault.activities.at/" "Mozilla/5.0 (iPhone; CPU iPhone OS 13_5_1 like Mac OS X) AppleWebKit/605.1.15 (KHTML, like Gecko) Version/13.1.1 Mobile/15E148 Safari/604.1"
46.114.33.120 - - [15/Jul/2020:11:22:34 +0200] "GET /css/themes/default.css HTTP/1.1" 200 769 "http://renault.activities.at/" "Mozilla/5.0 (iPhone; CPU iPhone OS 13_5_1 like Mac OS X) AppleWebKit/605.1.15 (KHTML, like Gecko) Version/13.1.1 Mobile/15E148 Safari/604.1"
46.114.33.120 - - [15/Jul/2020:11:22:34 +0200] "GET /css/prototip.css HTTP/1.1" 200 968 "http://renault.activities.at/" "Mozilla/5.0 (iPhone; CPU iPhone OS 13_5_1 like Mac OS X) AppleWebKit/605.1.15 (KHTML, like Gecko) Version/13.1.1 Mobile/15E148 Safari/604.1"
46.114.33.120 - - [15/Jul/2020:11:22:34 +0200] "GET /css/themes/alphacube.css HTTP/1.1" 200 743 "http://renault.activities.at/" "Mozilla/5.0 (iPhone; CPU iPhone OS 13_5_1 like Mac OS X) AppleWebKit/605.1.15 (KHTML, like Gecko) Version/13.1.1 Mobile/15E148 Safari/604.1"
46.114.33.120 - - [15/Jul/2020:11:22:33 +0200] "GET /js/index.php?c=auto&f=,prototype/prototype.js,prototype/validation.js,scriptaculous/builder.js,scriptaculous/effects.js,scriptaculous/dragdrop.js,scriptaculous/controls.js,scriptaculous/slider.js,varien/js.js,varien/form.js,varien/menu.js,mage/translate.js,mage/cookies.js,varien/product.js,spinner/SpinnerControl.jsmin.js,prototype/window.js,prototype/window_ext.js HTTP/1.1" 200 94182 "http://renault.activities.at/" "Mozilla/5.0 (iPhone; CPU iPhone OS 13_5_1 like Mac OS X) AppleWebKit/605.1.15 (KHTML, like Gecko) Version/13.1.1 Mobile/15E148 Safari/604.1"
46.114.33.120 - - [15/Jul/2020:11:22:34 +0200] "GET /css/print.css HTTP/1.1" 200 543 "http://renault.activities.at/" "Mozilla/5.0 (iPhone; CPU iPhone OS 13_5_1 like Mac OS X) AppleWebKit/605.1.15 (KHTML, like Gecko) Version/13.1.1 Mobile/15E148 Safari/604.1"
46.114.33.120 - - [15/Jul/2020:11:22:34 +0200] "GET /images/main_block_border.gif HTTP/1.1" 200 43 "http://renault.activities.at/" "Mozilla/5.0 (iPhone; CPU iPhone OS 13_5_1 like Mac OS X) AppleWebKit/605.1.15 (KHTML, like Gecko) Version/13.1.1 Mobile/15E148 Safari/604.1"
46.114.33.120 - - [15/Jul/2020:11:22:34 +0200] "GET /images/main_block_corner_left_bot.gif HTTP/1.1" 200 159 "http://renault.activities.at/" "Mozilla/5.0 (iPhone; CPU iPhone OS 13_5_1 like Mac OS X) AppleWebKit/605.1.15 (KHTML, like Gecko) Version/13.1.1 Mobile/15E148 Safari/604.1"
46.114.33.120 - - [15/Jul/2020:11:22:34 +0200] "GET /images/main_block_corner_right_bot.gif HTTP/1.1" 200 158 "http://renault.activities.at/" "Mozilla/5.0 (iPhone; CPU iPhone OS 13_5_1 like Mac OS X) AppleWebKit/605.1.15 (KHTML, like Gecko) Version/13.1.1 Mobile/15E148 Safari/604.1"
46.114.33.120 - - [15/Jul/2020:11:22:34 +0200] "GET /images/header_block_border.gif HTTP/1.1" 200 43 "http://renault.activities.at/" "Mozilla/5.0 (iPhone; CPU iPhone OS 13_5_1 like Mac OS X) AppleWebKit/605.1.15 (KHTML, like Gecko) Version/13.1.1 Mobile/15E148 Safari/604.1"
46.114.33.120 - - [15/Jul/2020:11:22:34 +0200] "GET /images/header_block_corner_left_top.gif HTTP/1.1" 200 160 "http://renault.activities.at/" "Mozilla/5.0 (iPhone; CPU iPhone OS 13_5_1 like Mac OS X) AppleWebKit/605.1.15 (KHTML, like Gecko) Version/13.1.1 Mobile/15E148 Safari/604.1"
46.114.33.120 - - [15/Jul/2020:11:22:34 +0200] "GET /images/header_block_corner_right_top.gif HTTP/1.1" 200 160 "http://renault.activities.at/" "Mozilla/5.0 (iPhone; CPU iPhone OS 13_5_1 like Mac OS X) AppleWebKit/605.1.15 (KHTML, like Gecko) Version/13.1.1 Mobile/15E148 Safari/604.1"
46.114.33.120 - - [15/Jul/2020:11:22:34 +0200] "GET /images/main_block_corner_left_top.gif HTTP/1.1" 200 159 "http://renault.activities.at/" "Mozilla/5.0 (iPhone; CPU iPhone OS 13_5_1 like Mac OS X) AppleWebKit/605.1.15 (KHTML, like Gecko) Version/13.1.1 Mobile/15E148 Safari/604.1"
46.114.33.120 - - [15/Jul/2020:11:22:34 +0200] "GET /images/main_block_corner_right_top.gif HTTP/1.1" 200 159 "http://renault.activities.at/" "Mozilla/5.0 (iPhone; CPU iPhone OS 13_5_1 like Mac OS X) AppleWebKit/605.1.15 (KHTML, like Gecko) Version/13.1.1 Mobile/15E148 Safari/604.1"
46.114.33.120 - - [15/Jul/2020:11:22:34 +0200] "GET /images/title_border.jpg HTTP/1.1" 200 304 "http://renault.activities.at/" "Mozilla/5.0 (iPhone; CPU iPhone OS 13_5_1 like Mac OS X) AppleWebKit/605.1.15 (KHTML, like Gecko) Version/13.1.1 Mobile/15E148 Safari/604.1"
46.114.33.120 - - [15/Jul/2020:11:22:34 +0200] "GET /images/title_border_top.jpg HTTP/1.1" 200 336 "http://renault.activities.at/" "Mozilla/5.0 (iPhone; CPU iPhone OS 13_5_1 like Mac OS X) AppleWebKit/605.1.15 (KHTML, like Gecko) Version/13.1.1 Mobile/15E148 Safari/604.1"
46.114.33.120 - - [15/Jul/2020:11:22:34 +0200] "GET /images/title_corner_left_top.jpg HTTP/1.1" 200 372 "http://renault.activities.at/" "Mozilla/5.0 (iPhone; CPU iPhone OS 13_5_1 like Mac OS X) AppleWebKit/605.1.15 (KHTML, like Gecko) Version/13.1.1 Mobile/15E148 Safari/604.1"
46.114.33.120 - - [15/Jul/2020:11:22:34 +0200] "GET /images/title_corner_right_top.jpg HTTP/1.1" 200 389 "http://renault.activities.at/" "Mozilla/5.0 (iPhone; CPU iPhone OS 13_5_1 like Mac OS X) AppleWebKit/605.1.15 (KHTML, like Gecko) Version/13.1.1 Mobile/15E148 Safari/604.1"
46.114.33.120 - - [15/Jul/2020:11:22:34 +0200] "GET /loadthumbnail.php?id=11127982 HTTP/1.1" 200 399614 "http://renault.activities.at/" "Mozilla/5.0 (iPhone; CPU iPhone OS 13_5_1 like Mac OS X) AppleWebKit/605.1.15 (KHTML, like Gecko) Version/13.1.1 Mobile/15E148 Safari/604.1"
46.114.33.120 - - [15/Jul/2020:11:22:35 +0200] "GET /images/favicon.ico HTTP/1.1" 404 305 "http://renault.activities.at/" "Mozilla/5.0 (iPhone; CPU iPhone OS 13_5_1 like Mac OS X) AppleWebKit/605.1.15 (KHTML, like Gecko) Version/13.1.1 Mobile/15E148 Safari/604.1"
139.178.117.135 - - [15/Jul/2020:11:22:41 +0200] "GET /reload?ser=1594804961284 HTTP/1.1" 200 28 "http://renault.activities.at/success" "Mozilla/5.0 (Windows NT 10.0; Win64; x64) AppleWebKit/537.36 (KHTML, like Gecko) Chrome/83.0.4103.116 Safari/537.36"
52.87.210.73 - - [15/Jul/2020:11:23:05 +0200] "GET / HTTP/1.1" 200 13281 "-" "Mozilla/5.0 (Windows NT 6.1; Win64; x64) AppleWebKit/537.36 (KHTML, like Gecko) Chrome/72.0.3626.109 Safari/537.36"
193.194.132.22 - - [15/Jul/2020:11:23:08 +0200] "GET /reload?ser=1594804988617 HTTP/1.1" 200 28 "http://renault.activities.at/cart?datachange=true" "Mozilla/5.0 (Windows NT 10.0; Win64; x64) AppleWebKit/537.36 (KHTML, like Gecko) Chrome/83.0.4103.116 Safari/537.36"
193.194.132.23 - - [15/Jul/2020:11:23:19 +0200] "GET /reload?ser=1594804999520 HTTP/1.1" 200 28 "http://renault.2web.at/result?searchterm=true&search=gesch%E4ft" "Mozilla/5.0 (Windows NT 10.0; Win64; x64) AppleWebKit/537.36 (KHTML, like Gecko) Chrome/83.0.4103.116 Safari/537.36"
46.114.33.120 - - [15/Jul/2020:11:23:35 +0200] "GET /reload?ser=1594805015239 HTTP/1.1" 200 28 "http://renault.activities.at/" "Mozilla/5.0 (iPhone; CPU iPhone OS 13_5_1 like Mac OS X) AppleWebKit/605.1.15 (KHTML, like Gecko) Version/13.1.1 Mobile/15E148 Safari/604.1"
139.178.117.135 - - [15/Jul/2020:11:23:42 +0200] "GET /reload?ser=1594805022270 HTTP/1.1" 200 28 "http://renault.activities.at/success" "Mozilla/5.0 (Windows NT 10.0; Win64; x64) AppleWebKit/537.36 (KHTML, like Gecko) Chrome/83.0.4103.116 Safari/537.36"
193.194.132.22 - - [15/Jul/2020:11:24:10 +0200] "GET /reload?ser=1594805050617 HTTP/1.1" 200 28 "http://renault.activities.at/cart?datachange=true" "Mozilla/5.0 (Windows NT 10.0; Win64; x64) AppleWebKit/537.36 (KHTML, like Gecko) Chrome/83.0.4103.116 Safari/537.36"
193.194.132.23 - - [15/Jul/2020:11:24:21 +0200] "GET /reload?ser=1594805061511 HTTP/1.1" 200 28 "http://renault.2web.at/result?searchterm=true&search=gesch%E4ft" "Mozilla/5.0 (Windows NT 10.0; Win64; x64) AppleWebKit/537.36 (KHTML, like Gecko) Chrome/83.0.4103.116 Safari/537.36"
139.178.117.135 - - [15/Jul/2020:11:24:43 +0200] "GET /reload?ser=1594805083224 HTTP/1.1" 200 28 "http://renault.activities.at/success" "Mozilla/5.0 (Windows NT 10.0; Win64; x64) AppleWebKit/537.36 (KHTML, like Gecko) Chrome/83.0.4103.116 Safari/537.36"
193.194.132.22 - - [15/Jul/2020:11:25:12 +0200] "GET /reload?ser=1594805112618 HTTP/1.1" 200 28 "http://renault.activities.at/cart?datachange=true" "Mozilla/5.0 (Windows NT 10.0; Win64; x64) AppleWebKit/537.36 (KHTML, like Gecko) Chrome/83.0.4103.116 Safari/537.36"
193.194.132.23 - - [15/Jul/2020:11:25:23 +0200] "GET /reload?ser=1594805123505 HTTP/1.1" 200 28 "http://renault.2web.at/result?searchterm=true&search=gesch%E4ft" "Mozilla/5.0 (Windows NT 10.0; Win64; x64) AppleWebKit/537.36 (KHTML, like Gecko) Chrome/83.0.4103.116 Safari/537.36"
139.178.117.135 - - [15/Jul/2020:11:25:44 +0200] "GET /reload?ser=1594805144194 HTTP/1.1" 200 28 "http://renault.activities.at/success" "Mozilla/5.0 (Windows NT 10.0; Win64; x64) AppleWebKit/537.36 (KHTML, like Gecko) Chrome/83.0.4103.116 Safari/537.36"
193.194.132.22 - - [15/Jul/2020:11:26:14 +0200] "GET /reload?ser=1594805174620 HTTP/1.1" 200 28 "http://renault.activities.at/cart?datachange=true" "Mozilla/5.0 (Windows NT 10.0; Win64; x64) AppleWebKit/537.36 (KHTML, like Gecko) Chrome/83.0.4103.116 Safari/537.36"
193.194.132.23 - - [15/Jul/2020:11:26:25 +0200] "GET /reload?ser=1594805185507 HTTP/1.1" 200 28 "http://renault.2web.at/result?searchterm=true&search=gesch%E4ft" "Mozilla/5.0 (Windows NT 10.0; Win64; x64) AppleWebKit/537.36 (KHTML, like Gecko) Chrome/83.0.4103.116 Safari/537.36"
139.178.117.135 - - [15/Jul/2020:11:26:45 +0200] "GET /reload?ser=1594805205149 HTTP/1.1" 200 28 "http://renault.activities.at/success" "Mozilla/5.0 (Windows NT 10.0; Win64; x64) AppleWebKit/537.36 (KHTML, like Gecko) Chrome/83.0.4103.116 Safari/537.36"
193.194.132.22 - - [15/Jul/2020:11:27:16 +0200] "GET /reload?ser=1594805236623 HTTP/1.1" 200 28 "http://renault.activities.at/cart?datachange=true" "Mozilla/5.0 (Windows NT 10.0; Win64; x64) AppleWebKit/537.36 (KHTML, like Gecko) Chrome/83.0.4103.116 Safari/537.36"
193.194.132.23 - - [15/Jul/2020:11:27:27 +0200] "GET /reload?ser=1594805247512 HTTP/1.1" 200 28 "http://renault.2web.at/result?searchterm=true&search=gesch%E4ft" "Mozilla/5.0 (Windows NT 10.0; Win64; x64) AppleWebKit/537.36 (KHTML, like Gecko) Chrome/83.0.4103.116 Safari/537.36"
139.178.117.135 - - [15/Jul/2020:11:27:46 +0200] "GET /reload?ser=1594805266088 HTTP/1.1" 200 28 "http://renault.activities.at/success" "Mozilla/5.0 (Windows NT 10.0; Win64; x64) AppleWebKit/537.36 (KHTML, like Gecko) Chrome/83.0.4103.116 Safari/537.36"
193.194.132.22 - - [15/Jul/2020:11:28:18 +0200] "GET /reload?ser=1594805298627 HTTP/1.1" 200 28 "http://renault.activities.at/cart?datachange=true" "Mozilla/5.0 (Windows NT 10.0; Win64; x64) AppleWebKit/537.36 (KHTML, like Gecko) Chrome/83.0.4103.116 Safari/537.36"
193.194.132.23 - - [15/Jul/2020:11:28:29 +0200] "GET /reload?ser=1594805308799 HTTP/1.1" 200 28 "http://renault.2web.at/result?searchterm=true&search=gesch%E4ft" "Mozilla/5.0 (Windows NT 10.0; Win64; x64) AppleWebKit/537.36 (KHTML, like Gecko) Chrome/83.0.4103.116 Safari/537.36"
193.194.132.23 - - [15/Jul/2020:11:28:31 +0200] "POST /axjaxrequest?mode=suggest HTTP/1.1" 200 414 "http://renault.2web.at/result?searchterm=true&search=gesch%E4ft" "Mozilla/5.0 (Windows NT 10.0; Win64; x64) AppleWebKit/537.36 (KHTML, like Gecko) Chrome/83.0.4103.116 Safari/537.36"
193.194.132.23 - - [15/Jul/2020:11:28:31 +0200] "POST /axjaxrequest?mode=suggest HTTP/1.1" 200 131 "http://renault.2web.at/result?searchterm=true&search=gesch%E4ft" "Mozilla/5.0 (Windows NT 10.0; Win64; x64) AppleWebKit/537.36 (KHTML, like Gecko) Chrome/83.0.4103.116 Safari/537.36"
193.194.132.23 - - [15/Jul/2020:11:28:31 +0200] "GET /result?searchterm=true&search=et4 HTTP/1.1" 200 9106 "http://renault.2web.at/result?searchterm=true&search=gesch%E4ft" "Mozilla/5.0 (Windows NT 10.0; Win64; x64) AppleWebKit/537.36 (KHTML, like Gecko) Chrome/83.0.4103.116 Safari/537.36"
193.194.132.23 - - [15/Jul/2020:11:28:44 +0200] "GET /11304835?print=true HTTP/1.1" 200 2677 "http://renault.2web.at/result?searchterm=true&search=et4" "Mozilla/5.0 (Windows NT 10.0; Win64; x64) AppleWebKit/537.36 (KHTML, like Gecko) Chrome/83.0.4103.116 Safari/537.36"
193.194.132.23 - - [15/Jul/2020:11:28:45 +0200] "GET /loadthumbnail.php?id=11304858&width=250 HTTP/1.1" 200 2509 "http://renault.2web.at/11304835?print=true" "Mozilla/5.0 (Windows NT 10.0; Win64; x64) AppleWebKit/537.36 (KHTML, like Gecko) Chrome/83.0.4103.116 Safari/537.36"
193.194.132.23 - - [15/Jul/2020:11:28:45 +0200] "GET /loadthumbnail.php?id=11304858&width=900&height=900 HTTP/1.1" 200 3434 "http://renault.2web.at/11304835?print=true" "Mozilla/5.0 (Windows NT 10.0; Win64; x64) AppleWebKit/537.36 (KHTML, like Gecko) Chrome/83.0.4103.116 Safari/537.36"
139.178.117.135 - - [15/Jul/2020:11:28:47 +0200] "GET /reload?ser=1594805327022 HTTP/1.1" 200 28 "http://renault.activities.at/success" "Mozilla/5.0 (Windows NT 10.0; Win64; x64) AppleWebKit/537.36 (KHTML, like Gecko) Chrome/83.0.4103.116 Safari/537.36"
193.194.132.22 - - [15/Jul/2020:11:29:20 +0200] "GET /reload?ser=1594805360629 HTTP/1.1" 200 28 "http://renault.activities.at/cart?datachange=true" "Mozilla/5.0 (Windows NT 10.0; Win64; x64) AppleWebKit/537.36 (KHTML, like Gecko) Chrome/83.0.4103.116 Safari/537.36"
193.194.132.23 - - [15/Jul/2020:11:29:36 +0200] "GET /reload?ser=1594805376516 HTTP/1.1" 200 28 "http://renault.2web.at/result?searchterm=true&search=et4" "Mozilla/5.0 (Windows NT 10.0; Win64; x64) AppleWebKit/537.36 (KHTML, like Gecko) Chrome/83.0.4103.116 Safari/537.36"
139.178.117.135 - - [15/Jul/2020:11:29:48 +0200] "GET /reload?ser=1594805387945 HTTP/1.1" 200 28 "http://renault.activities.at/success" "Mozilla/5.0 (Windows NT 10.0; Win64; x64) AppleWebKit/537.36 (KHTML, like Gecko) Chrome/83.0.4103.116 Safari/537.36"
193.194.132.22 - - [15/Jul/2020:11:30:22 +0200] "GET /reload?ser=1594805422631 HTTP/1.1" 200 28 "http://renault.activities.at/cart?datachange=true" "Mozilla/5.0 (Windows NT 10.0; Win64; x64) AppleWebKit/537.36 (KHTML, like Gecko) Chrome/83.0.4103.116 Safari/537.36"
193.194.132.23 - - [15/Jul/2020:11:30:38 +0200] "GET /reload?ser=1594805438515 HTTP/1.1" 200 28 "http://renault.2web.at/result?searchterm=true&search=et4" "Mozilla/5.0 (Windows NT 10.0; Win64; x64) AppleWebKit/537.36 (KHTML, like Gecko) Chrome/83.0.4103.116 Safari/537.36"
139.178.117.135 - - [15/Jul/2020:11:30:49 +0200] "GET /reload?ser=1594805448853 HTTP/1.1" 200 28 "http://renault.activities.at/success" "Mozilla/5.0 (Windows NT 10.0; Win64; x64) AppleWebKit/537.36 (KHTML, like Gecko) Chrome/83.0.4103.116 Safari/537.36"
193.194.132.22 - - [15/Jul/2020:11:31:24 +0200] "GET /reload?ser=1594805484631 HTTP/1.1" 200 28 "http://renault.activities.at/cart?datachange=true" "Mozilla/5.0 (Windows NT 10.0; Win64; x64) AppleWebKit/537.36 (KHTML, like Gecko) Chrome/83.0.4103.116 Safari/537.36"
193.194.132.23 - - [15/Jul/2020:11:31:40 +0200] "GET /reload?ser=1594805500518 HTTP/1.1" 200 28 "http://renault.2web.at/result?searchterm=true&search=et4" "Mozilla/5.0 (Windows NT 10.0; Win64; x64) AppleWebKit/537.36 (KHTML, like Gecko) Chrome/83.0.4103.116 Safari/537.36"
139.178.117.135 - - [15/Jul/2020:11:31:50 +0200] "GET /reload?ser=1594805509839 HTTP/1.1" 200 28 "http://renault.activities.at/success" "Mozilla/5.0 (Windows NT 10.0; Win64; x64) AppleWebKit/537.36 (KHTML, like Gecko) Chrome/83.0.4103.116 Safari/537.36"
193.194.132.22 - - [15/Jul/2020:11:32:26 +0200] "GET /reload?ser=1594805546631 HTTP/1.1" 200 28 "http://renault.activities.at/cart?datachange=true" "Mozilla/5.0 (Windows NT 10.0; Win64; x64) AppleWebKit/537.36 (KHTML, like Gecko) Chrome/83.0.4103.116 Safari/537.36"
46.114.33.120 - - [15/Jul/2020:11:32:30 +0200] "GET /reload?ser=1594805550427 HTTP/1.1" 200 28 "http://renault.activities.at/" "Mozilla/5.0 (iPhone; CPU iPhone OS 13_5_1 like Mac OS X) AppleWebKit/605.1.15 (KHTML, like Gecko) Version/13.1.1 Mobile/15E148 Safari/604.1"
193.194.132.23 - - [15/Jul/2020:11:32:42 +0200] "GET /reload?ser=1594805562519 HTTP/1.1" 200 28 "http://renault.2web.at/result?searchterm=true&search=et4" "Mozilla/5.0 (Windows NT 10.0; Win64; x64) AppleWebKit/537.36 (KHTML, like Gecko) Chrome/83.0.4103.116 Safari/537.36"
139.178.117.135 - - [15/Jul/2020:11:32:51 +0200] "GET /reload?ser=1594805570799 HTTP/1.1" 200 28 "http://renault.activities.at/success" "Mozilla/5.0 (Windows NT 10.0; Win64; x64) AppleWebKit/537.36 (KHTML, like Gecko) Chrome/83.0.4103.116 Safari/537.36"
193.194.132.22 - - [15/Jul/2020:11:33:28 +0200] "GET /reload?ser=1594805608631 HTTP/1.1" 200 28 "http://renault.activities.at/cart?datachange=true" "Mozilla/5.0 (Windows NT 10.0; Win64; x64) AppleWebKit/537.36 (KHTML, like Gecko) Chrome/83.0.4103.116 Safari/537.36"
193.194.132.23 - - [15/Jul/2020:11:33:44 +0200] "GET /reload?ser=1594805624519 HTTP/1.1" 200 28 "http://renault.2web.at/result?searchterm=true&search=et4" "Mozilla/5.0 (Windows NT 10.0; Win64; x64) AppleWebKit/537.36 (KHTML, like Gecko) Chrome/83.0.4103.116 Safari/537.36"
139.178.117.135 - - [15/Jul/2020:11:33:52 +0200] "GET /reload?ser=1594805631785 HTTP/1.1" 200 28 "http://renault.activities.at/success" "Mozilla/5.0 (Windows NT 10.0; Win64; x64) AppleWebKit/537.36 (KHTML, like Gecko) Chrome/83.0.4103.116 Safari/537.36"
193.194.132.22 - - [15/Jul/2020:11:34:30 +0200] "GET /reload?ser=1594805670631 HTTP/1.1" 200 28 "http://renault.activities.at/cart?datachange=true" "Mozilla/5.0 (Windows NT 10.0; Win64; x64) AppleWebKit/537.36 (KHTML, like Gecko) Chrome/83.0.4103.116 Safari/537.36"
193.194.132.23 - - [15/Jul/2020:11:34:46 +0200] "GET /reload?ser=1594805686519 HTTP/1.1" 200 28 "http://renault.2web.at/result?searchterm=true&search=et4" "Mozilla/5.0 (Windows NT 10.0; Win64; x64) AppleWebKit/537.36 (KHTML, like Gecko) Chrome/83.0.4103.116 Safari/537.36"
139.178.117.135 - - [15/Jul/2020:11:34:53 +0200] "GET /reload?ser=1594805692755 HTTP/1.1" 200 28 "http://renault.activities.at/success" "Mozilla/5.0 (Windows NT 10.0; Win64; x64) AppleWebKit/537.36 (KHTML, like Gecko) Chrome/83.0.4103.116 Safari/537.36"
193.194.132.22 - - [15/Jul/2020:11:35:32 +0200] "GET /reload?ser=1594805732631 HTTP/1.1" 200 28 "http://renault.activities.at/cart?datachange=true" "Mozilla/5.0 (Windows NT 10.0; Win64; x64) AppleWebKit/537.36 (KHTML, like Gecko) Chrome/83.0.4103.116 Safari/537.36"
193.194.132.23 - - [15/Jul/2020:11:35:48 +0200] "GET /reload?ser=1594805748526 HTTP/1.1" 200 28 "http://renault.2web.at/result?searchterm=true&search=et4" "Mozilla/5.0 (Windows NT 10.0; Win64; x64) AppleWebKit/537.36 (KHTML, like Gecko) Chrome/83.0.4103.116 Safari/537.36"
139.178.117.135 - - [15/Jul/2020:11:35:54 +0200] "GET /reload?ser=1594805753694 HTTP/1.1" 200 28 "http://renault.activities.at/success" "Mozilla/5.0 (Windows NT 10.0; Win64; x64) AppleWebKit/537.36 (KHTML, like Gecko) Chrome/83.0.4103.116 Safari/537.36"
193.194.132.22 - - [15/Jul/2020:11:36:34 +0200] "GET /reload?ser=1594805794630 HTTP/1.1" 200 28 "http://renault.activities.at/cart?datachange=true" "Mozilla/5.0 (Windows NT 10.0; Win64; x64) AppleWebKit/537.36 (KHTML, like Gecko) Chrome/83.0.4103.116 Safari/537.36"
193.194.132.23 - - [15/Jul/2020:11:36:50 +0200] "GET /reload?ser=1594805810522 HTTP/1.1" 200 28 "http://renault.2web.at/result?searchterm=true&search=et4" "Mozilla/5.0 (Windows NT 10.0; Win64; x64) AppleWebKit/537.36 (KHTML, like Gecko) Chrome/83.0.4103.116 Safari/537.36"
139.178.117.135 - - [15/Jul/2020:11:36:55 +0200] "GET /reload?ser=1594805814664 HTTP/1.1" 200 28 "http://renault.activities.at/success" "Mozilla/5.0 (Windows NT 10.0; Win64; x64) AppleWebKit/537.36 (KHTML, like Gecko) Chrome/83.0.4103.116 Safari/537.36"
193.194.132.22 - - [15/Jul/2020:11:37:36 +0200] "GET /reload?ser=1594805856631 HTTP/1.1" 200 28 "http://renault.activities.at/cart?datachange=true" "Mozilla/5.0 (Windows NT 10.0; Win64; x64) AppleWebKit/537.36 (KHTML, like Gecko) Chrome/83.0.4103.116 Safari/537.36"
193.194.132.23 - - [15/Jul/2020:11:37:52 +0200] "GET /reload?ser=1594805872523 HTTP/1.1" 200 28 "http://renault.2web.at/result?searchterm=true&search=et4" "Mozilla/5.0 (Windows NT 10.0; Win64; x64) AppleWebKit/537.36 (KHTML, like Gecko) Chrome/83.0.4103.116 Safari/537.36"
139.178.117.135 - - [15/Jul/2020:11:37:56 +0200] "GET /reload?ser=1594805875627 HTTP/1.1" 200 28 "http://renault.activities.at/success" "Mozilla/5.0 (Windows NT 10.0; Win64; x64) AppleWebKit/537.36 (KHTML, like Gecko) Chrome/83.0.4103.116 Safari/537.36"
193.194.132.22 - - [15/Jul/2020:11:38:38 +0200] "GET /reload?ser=1594805918631 HTTP/1.1" 200 28 "http://renault.activities.at/cart?datachange=true" "Mozilla/5.0 (Windows NT 10.0; Win64; x64) AppleWebKit/537.36 (KHTML, like Gecko) Chrome/83.0.4103.116 Safari/537.36"
193.194.132.23 - - [15/Jul/2020:11:38:54 +0200] "GET /reload?ser=1594805934524 HTTP/1.1" 200 28 "http://renault.2web.at/result?searchterm=true&search=et4" "Mozilla/5.0 (Windows NT 10.0; Win64; x64) AppleWebKit/537.36 (KHTML, like Gecko) Chrome/83.0.4103.116 Safari/537.36"
139.178.117.135 - - [15/Jul/2020:11:38:57 +0200] "GET /reload?ser=1594805936597 HTTP/1.1" 200 28 "http://renault.activities.at/success" "Mozilla/5.0 (Windows NT 10.0; Win64; x64) AppleWebKit/537.36 (KHTML, like Gecko) Chrome/83.0.4103.116 Safari/537.36"
40.77.190.206 - - [15/Jul/2020:11:39:11 +0200] "GET /js/prototip.js HTTP/1.1" 200 9211 "-" "Mozilla/5.0 (Windows NT 6.1; WOW64) AppleWebKit/534+ (KHTML, like Gecko) BingPreview/1.0b"
40.77.190.127 - - [15/Jul/2020:11:39:13 +0200] "GET /css/clears.css HTTP/1.1" 200 1978 "-" "Mozilla/5.0 (Windows NT 6.1; WOW64) AppleWebKit/534+ (KHTML, like Gecko) BingPreview/1.0b"
