185.58.53.32 - - [20/Jul/2020:15:35:28 +0200] "GET /reload?ser=1595252128340 HTTP/1.1" 200 28 "http://renault.activities.at/10201442?dir=DESC&mode=grid&order=name&limit=15&page=10" "Mozilla/5.0 (Windows NT 10.0; Win64; x64) AppleWebKit/537.36 (KHTML, like Gecko) Chrome/84.0.4147.89 Safari/537.36"
185.22.23.252 - - [20/Jul/2020:15:36:20 +0200] "GET /reload?ser=1595252180287 HTTP/1.1" 200 28 "http://renault.activities.at/result?searchterm=true&search=gebrauchtwagen" "Mozilla/5.0 (Windows NT 6.3; WOW64; Trident/7.0; rv:11.0) like Gecko"
185.58.53.32 - - [20/Jul/2020:15:36:29 +0200] "GET /reload?ser=1595252189339 HTTP/1.1" 200 28 "http://renault.activities.at/10201442?dir=DESC&mode=grid&order=name&limit=15&page=10" "Mozilla/5.0 (Windows NT 10.0; Win64; x64) AppleWebKit/537.36 (KHTML, like Gecko) Chrome/84.0.4147.89 Safari/537.36"
185.22.23.252 - - [20/Jul/2020:15:37:21 +0200] "GET /reload?ser=1595252241224 HTTP/1.1" 200 28 "http://renault.activities.at/result?searchterm=true&search=gebrauchtwagen" "Mozilla/5.0 (Windows NT 6.3; WOW64; Trident/7.0; rv:11.0) like Gecko"
185.58.53.32 - - [20/Jul/2020:15:37:30 +0200] "GET /reload?ser=1595252250340 HTTP/1.1" 200 28 "http://renault.activities.at/10201442?dir=DESC&mode=grid&order=name&limit=15&page=10" "Mozilla/5.0 (Windows NT 10.0; Win64; x64) AppleWebKit/537.36 (KHTML, like Gecko) Chrome/84.0.4147.89 Safari/537.36"
185.22.23.252 - - [20/Jul/2020:15:38:22 +0200] "GET /reload?ser=1595252302185 HTTP/1.1" 200 28 "http://renault.activities.at/result?searchterm=true&search=gebrauchtwagen" "Mozilla/5.0 (Windows NT 6.3; WOW64; Trident/7.0; rv:11.0) like Gecko"
185.58.53.32 - - [20/Jul/2020:15:38:31 +0200] "GET /reload?ser=1595252311340 HTTP/1.1" 200 28 "http://renault.activities.at/10201442?dir=DESC&mode=grid&order=name&limit=15&page=10" "Mozilla/5.0 (Windows NT 10.0; Win64; x64) AppleWebKit/537.36 (KHTML, like Gecko) Chrome/84.0.4147.89 Safari/537.36"
185.22.23.252 - - [20/Jul/2020:15:39:23 +0200] "GET /reload?ser=1595252363123 HTTP/1.1" 200 28 "http://renault.activities.at/result?searchterm=true&search=gebrauchtwagen" "Mozilla/5.0 (Windows NT 6.3; WOW64; Trident/7.0; rv:11.0) like Gecko"
185.58.53.32 - - [20/Jul/2020:15:39:32 +0200] "GET /reload?ser=1595252372340 HTTP/1.1" 200 28 "http://renault.activities.at/10201442?dir=DESC&mode=grid&order=name&limit=15&page=10" "Mozilla/5.0 (Windows NT 10.0; Win64; x64) AppleWebKit/537.36 (KHTML, like Gecko) Chrome/84.0.4147.89 Safari/537.36"
185.22.23.252 - - [20/Jul/2020:15:40:24 +0200] "GET /reload?ser=1595252424045 HTTP/1.1" 200 28 "http://renault.activities.at/result?searchterm=true&search=gebrauchtwagen" "Mozilla/5.0 (Windows NT 6.3; WOW64; Trident/7.0; rv:11.0) like Gecko"
185.58.53.32 - - [20/Jul/2020:15:40:33 +0200] "GET /reload?ser=1595252433341 HTTP/1.1" 200 28 "http://renault.activities.at/10201442?dir=DESC&mode=grid&order=name&limit=15&page=10" "Mozilla/5.0 (Windows NT 10.0; Win64; x64) AppleWebKit/537.36 (KHTML, like Gecko) Chrome/84.0.4147.89 Safari/537.36"
185.22.23.252 - - [20/Jul/2020:15:41:25 +0200] "GET /reload?ser=1595252485014 HTTP/1.1" 200 28 "http://renault.activities.at/result?searchterm=true&search=gebrauchtwagen" "Mozilla/5.0 (Windows NT 6.3; WOW64; Trident/7.0; rv:11.0) like Gecko"
185.58.53.32 - - [20/Jul/2020:15:41:34 +0200] "GET /reload?ser=1595252494341 HTTP/1.1" 200 28 "http://renault.activities.at/10201442?dir=DESC&mode=grid&order=name&limit=15&page=10" "Mozilla/5.0 (Windows NT 10.0; Win64; x64) AppleWebKit/537.36 (KHTML, like Gecko) Chrome/84.0.4147.89 Safari/537.36"
185.22.23.252 - - [20/Jul/2020:15:42:25 +0200] "GET /reload?ser=1595252545941 HTTP/1.1" 200 28 "http://renault.activities.at/result?searchterm=true&search=gebrauchtwagen" "Mozilla/5.0 (Windows NT 6.3; WOW64; Trident/7.0; rv:11.0) like Gecko"
185.58.53.32 - - [20/Jul/2020:15:42:35 +0200] "GET /reload?ser=1595252555341 HTTP/1.1" 200 28 "http://renault.activities.at/10201442?dir=DESC&mode=grid&order=name&limit=15&page=10" "Mozilla/5.0 (Windows NT 10.0; Win64; x64) AppleWebKit/537.36 (KHTML, like Gecko) Chrome/84.0.4147.89 Safari/537.36"
185.22.23.252 - - [20/Jul/2020:15:43:26 +0200] "GET /reload?ser=1595252606869 HTTP/1.1" 200 28 "http://renault.activities.at/result?searchterm=true&search=gebrauchtwagen" "Mozilla/5.0 (Windows NT 6.3; WOW64; Trident/7.0; rv:11.0) like Gecko"
185.58.53.32 - - [20/Jul/2020:15:43:36 +0200] "GET /reload?ser=1595252616341 HTTP/1.1" 200 28 "http://renault.activities.at/10201442?dir=DESC&mode=grid&order=name&limit=15&page=10" "Mozilla/5.0 (Windows NT 10.0; Win64; x64) AppleWebKit/537.36 (KHTML, like Gecko) Chrome/84.0.4147.89 Safari/537.36"
185.22.23.252 - - [20/Jul/2020:15:44:27 +0200] "GET /reload?ser=1595252667823 HTTP/1.1" 200 28 "http://renault.activities.at/result?searchterm=true&search=gebrauchtwagen" "Mozilla/5.0 (Windows NT 6.3; WOW64; Trident/7.0; rv:11.0) like Gecko"
185.58.53.32 - - [20/Jul/2020:15:44:37 +0200] "GET /reload?ser=1595252677342 HTTP/1.1" 200 28 "http://renault.activities.at/10201442?dir=DESC&mode=grid&order=name&limit=15&page=10" "Mozilla/5.0 (Windows NT 10.0; Win64; x64) AppleWebKit/537.36 (KHTML, like Gecko) Chrome/84.0.4147.89 Safari/537.36"
185.22.23.252 - - [20/Jul/2020:15:45:28 +0200] "GET /reload?ser=1595252728729 HTTP/1.1" 200 28 "http://renault.activities.at/result?searchterm=true&search=gebrauchtwagen" "Mozilla/5.0 (Windows NT 6.3; WOW64; Trident/7.0; rv:11.0) like Gecko"
185.58.53.32 - - [20/Jul/2020:15:45:38 +0200] "GET /reload?ser=1595252738341 HTTP/1.1" 200 28 "http://renault.activities.at/10201442?dir=DESC&mode=grid&order=name&limit=15&page=10" "Mozilla/5.0 (Windows NT 10.0; Win64; x64) AppleWebKit/537.36 (KHTML, like Gecko) Chrome/84.0.4147.89 Safari/537.36"
185.22.23.252 - - [20/Jul/2020:15:46:29 +0200] "GET /reload?ser=1595252789655 HTTP/1.1" 200 28 "http://renault.activities.at/result?searchterm=true&search=gebrauchtwagen" "Mozilla/5.0 (Windows NT 6.3; WOW64; Trident/7.0; rv:11.0) like Gecko"
185.58.53.32 - - [20/Jul/2020:15:46:39 +0200] "GET /reload?ser=1595252799341 HTTP/1.1" 200 28 "http://renault.activities.at/10201442?dir=DESC&mode=grid&order=name&limit=15&page=10" "Mozilla/5.0 (Windows NT 10.0; Win64; x64) AppleWebKit/537.36 (KHTML, like Gecko) Chrome/84.0.4147.89 Safari/537.36"
185.22.23.252 - - [20/Jul/2020:15:47:30 +0200] "GET /reload?ser=1595252850582 HTTP/1.1" 200 28 "http://renault.activities.at/result?searchterm=true&search=gebrauchtwagen" "Mozilla/5.0 (Windows NT 6.3; WOW64; Trident/7.0; rv:11.0) like Gecko"
185.58.53.32 - - [20/Jul/2020:15:47:41 +0200] "GET /reload?ser=1595252861342 HTTP/1.1" 200 28 "http://renault.activities.at/10201442?dir=DESC&mode=grid&order=name&limit=15&page=10" "Mozilla/5.0 (Windows NT 10.0; Win64; x64) AppleWebKit/537.36 (KHTML, like Gecko) Chrome/84.0.4147.89 Safari/537.36"
185.22.23.252 - - [20/Jul/2020:15:48:31 +0200] "GET /reload?ser=1595252911522 HTTP/1.1" 200 28 "http://renault.activities.at/result?searchterm=true&search=gebrauchtwagen" "Mozilla/5.0 (Windows NT 6.3; WOW64; Trident/7.0; rv:11.0) like Gecko"
185.58.53.32 - - [20/Jul/2020:15:48:42 +0200] "GET /reload?ser=1595252922341 HTTP/1.1" 200 28 "http://renault.activities.at/10201442?dir=DESC&mode=grid&order=name&limit=15&page=10" "Mozilla/5.0 (Windows NT 10.0; Win64; x64) AppleWebKit/537.36 (KHTML, like Gecko) Chrome/84.0.4147.89 Safari/537.36"
185.22.23.252 - - [20/Jul/2020:15:49:32 +0200] "GET /reload?ser=1595252972494 HTTP/1.1" 200 28 "http://renault.activities.at/result?searchterm=true&search=gebrauchtwagen" "Mozilla/5.0 (Windows NT 6.3; WOW64; Trident/7.0; rv:11.0) like Gecko"
185.58.53.32 - - [20/Jul/2020:15:49:43 +0200] "GET /reload?ser=1595252983341 HTTP/1.1" 200 28 "http://renault.activities.at/10201442?dir=DESC&mode=grid&order=name&limit=15&page=10" "Mozilla/5.0 (Windows NT 10.0; Win64; x64) AppleWebKit/537.36 (KHTML, like Gecko) Chrome/84.0.4147.89 Safari/537.36"
185.22.23.252 - - [20/Jul/2020:15:50:33 +0200] "GET /reload?ser=1595253033469 HTTP/1.1" 200 28 "http://renault.activities.at/result?searchterm=true&search=gebrauchtwagen" "Mozilla/5.0 (Windows NT 6.3; WOW64; Trident/7.0; rv:11.0) like Gecko"
185.58.53.32 - - [20/Jul/2020:15:50:44 +0200] "GET /reload?ser=1595253044342 HTTP/1.1" 200 28 "http://renault.activities.at/10201442?dir=DESC&mode=grid&order=name&limit=15&page=10" "Mozilla/5.0 (Windows NT 10.0; Win64; x64) AppleWebKit/537.36 (KHTML, like Gecko) Chrome/84.0.4147.89 Safari/537.36"
185.22.23.252 - - [20/Jul/2020:15:51:34 +0200] "GET /reload?ser=1595253094402 HTTP/1.1" 200 28 "http://renault.activities.at/result?searchterm=true&search=gebrauchtwagen" "Mozilla/5.0 (Windows NT 6.3; WOW64; Trident/7.0; rv:11.0) like Gecko"
185.58.53.32 - - [20/Jul/2020:15:51:45 +0200] "GET /reload?ser=1595253105342 HTTP/1.1" 200 28 "http://renault.activities.at/10201442?dir=DESC&mode=grid&order=name&limit=15&page=10" "Mozilla/5.0 (Windows NT 10.0; Win64; x64) AppleWebKit/537.36 (KHTML, like Gecko) Chrome/84.0.4147.89 Safari/537.36"
185.22.23.252 - - [20/Jul/2020:15:52:35 +0200] "GET /reload?ser=1595253155316 HTTP/1.1" 200 28 "http://renault.activities.at/result?searchterm=true&search=gebrauchtwagen" "Mozilla/5.0 (Windows NT 6.3; WOW64; Trident/7.0; rv:11.0) like Gecko"
185.58.53.32 - - [20/Jul/2020:15:52:46 +0200] "GET /reload?ser=1595253166341 HTTP/1.1" 200 28 "http://renault.activities.at/10201442?dir=DESC&mode=grid&order=name&limit=15&page=10" "Mozilla/5.0 (Windows NT 10.0; Win64; x64) AppleWebKit/537.36 (KHTML, like Gecko) Chrome/84.0.4147.89 Safari/537.36"
185.22.23.252 - - [20/Jul/2020:15:53:36 +0200] "GET /reload?ser=1595253216273 HTTP/1.1" 200 28 "http://renault.activities.at/result?searchterm=true&search=gebrauchtwagen" "Mozilla/5.0 (Windows NT 6.3; WOW64; Trident/7.0; rv:11.0) like Gecko"
185.58.53.32 - - [20/Jul/2020:15:53:47 +0200] "GET /reload?ser=1595253227341 HTTP/1.1" 200 28 "http://renault.activities.at/10201442?dir=DESC&mode=grid&order=name&limit=15&page=10" "Mozilla/5.0 (Windows NT 10.0; Win64; x64) AppleWebKit/537.36 (KHTML, like Gecko) Chrome/84.0.4147.89 Safari/537.36"
157.55.39.33 - - [20/Jul/2020:15:54:02 +0200] "GET /robots.txt HTTP/1.1" 404 300 "-" "Mozilla/5.0 (compatible; bingbot/2.0; +http://www.bing.com/bingbot.htm)"
157.55.39.91 - - [20/Jul/2020:15:54:06 +0200] "GET /10260003?dir=ASC&mode=list&order=name&limit=10&detail=717760 HTTP/1.1" 200 3231 "-" "Mozilla/5.0 (compatible; bingbot/2.0; +http://www.bing.com/bingbot.htm)"
185.22.23.252 - - [20/Jul/2020:15:54:37 +0200] "GET /reload?ser=1595253277236 HTTP/1.1" 200 28 "http://renault.activities.at/result?searchterm=true&search=gebrauchtwagen" "Mozilla/5.0 (Windows NT 6.3; WOW64; Trident/7.0; rv:11.0) like Gecko"
185.58.53.32 - - [20/Jul/2020:15:54:48 +0200] "GET /reload?ser=1595253288341 HTTP/1.1" 200 28 "http://renault.activities.at/10201442?dir=DESC&mode=grid&order=name&limit=15&page=10" "Mozilla/5.0 (Windows NT 10.0; Win64; x64) AppleWebKit/537.36 (KHTML, like Gecko) Chrome/84.0.4147.89 Safari/537.36"
185.22.23.252 - - [20/Jul/2020:15:55:38 +0200] "GET /reload?ser=1595253338175 HTTP/1.1" 200 28 "http://renault.activities.at/result?searchterm=true&search=gebrauchtwagen" "Mozilla/5.0 (Windows NT 6.3; WOW64; Trident/7.0; rv:11.0) like Gecko"
185.58.53.32 - - [20/Jul/2020:15:55:49 +0200] "GET /reload?ser=1595253349341 HTTP/1.1" 200 28 "http://renault.activities.at/10201442?dir=DESC&mode=grid&order=name&limit=15&page=10" "Mozilla/5.0 (Windows NT 10.0; Win64; x64) AppleWebKit/537.36 (KHTML, like Gecko) Chrome/84.0.4147.89 Safari/537.36"
185.22.23.252 - - [20/Jul/2020:15:56:39 +0200] "GET /reload?ser=1595253399097 HTTP/1.1" 200 28 "http://renault.activities.at/result?searchterm=true&search=gebrauchtwagen" "Mozilla/5.0 (Windows NT 6.3; WOW64; Trident/7.0; rv:11.0) like Gecko"
185.58.53.32 - - [20/Jul/2020:15:56:50 +0200] "GET /reload?ser=1595253410342 HTTP/1.1" 200 28 "http://renault.activities.at/10201442?dir=DESC&mode=grid&order=name&limit=15&page=10" "Mozilla/5.0 (Windows NT 10.0; Win64; x64) AppleWebKit/537.36 (KHTML, like Gecko) Chrome/84.0.4147.89 Safari/537.36"
185.22.23.252 - - [20/Jul/2020:15:57:40 +0200] "GET /reload?ser=1595253460066 HTTP/1.1" 200 28 "http://renault.activities.at/result?searchterm=true&search=gebrauchtwagen" "Mozilla/5.0 (Windows NT 6.3; WOW64; Trident/7.0; rv:11.0) like Gecko"
185.58.53.32 - - [20/Jul/2020:15:57:51 +0200] "GET /reload?ser=1595253471341 HTTP/1.1" 200 28 "http://renault.activities.at/10201442?dir=DESC&mode=grid&order=name&limit=15&page=10" "Mozilla/5.0 (Windows NT 10.0; Win64; x64) AppleWebKit/537.36 (KHTML, like Gecko) Chrome/84.0.4147.89 Safari/537.36"
185.22.23.252 - - [20/Jul/2020:15:58:41 +0200] "GET /reload?ser=1595253520989 HTTP/1.1" 200 28 "http://renault.activities.at/result?searchterm=true&search=gebrauchtwagen" "Mozilla/5.0 (Windows NT 6.3; WOW64; Trident/7.0; rv:11.0) like Gecko"
185.58.53.32 - - [20/Jul/2020:15:58:52 +0200] "GET /reload?ser=1595253532341 HTTP/1.1" 200 28 "http://renault.activities.at/10201442?dir=DESC&mode=grid&order=name&limit=15&page=10" "Mozilla/5.0 (Windows NT 10.0; Win64; x64) AppleWebKit/537.36 (KHTML, like Gecko) Chrome/84.0.4147.89 Safari/537.36"
185.22.23.252 - - [20/Jul/2020:15:59:41 +0200] "GET /reload?ser=1595253581927 HTTP/1.1" 200 28 "http://renault.activities.at/result?searchterm=true&search=gebrauchtwagen" "Mozilla/5.0 (Windows NT 6.3; WOW64; Trident/7.0; rv:11.0) like Gecko"
185.58.53.32 - - [20/Jul/2020:15:59:53 +0200] "GET /reload?ser=1595253593341 HTTP/1.1" 200 28 "http://renault.activities.at/10201442?dir=DESC&mode=grid&order=name&limit=15&page=10" "Mozilla/5.0 (Windows NT 10.0; Win64; x64) AppleWebKit/537.36 (KHTML, like Gecko) Chrome/84.0.4147.89 Safari/537.36"
185.22.23.252 - - [20/Jul/2020:16:00:42 +0200] "GET /reload?ser=1595253642876 HTTP/1.1" 200 28 "http://renault.activities.at/result?searchterm=true&search=gebrauchtwagen" "Mozilla/5.0 (Windows NT 6.3; WOW64; Trident/7.0; rv:11.0) like Gecko"
185.58.53.32 - - [20/Jul/2020:16:00:54 +0200] "GET /reload?ser=1595253654341 HTTP/1.1" 200 28 "http://renault.activities.at/10201442?dir=DESC&mode=grid&order=name&limit=15&page=10" "Mozilla/5.0 (Windows NT 10.0; Win64; x64) AppleWebKit/537.36 (KHTML, like Gecko) Chrome/84.0.4147.89 Safari/537.36"
185.22.23.252 - - [20/Jul/2020:16:01:43 +0200] "GET /reload?ser=1595253703804 HTTP/1.1" 200 28 "http://renault.activities.at/result?searchterm=true&search=gebrauchtwagen" "Mozilla/5.0 (Windows NT 6.3; WOW64; Trident/7.0; rv:11.0) like Gecko"
185.58.53.32 - - [20/Jul/2020:16:01:55 +0200] "GET /reload?ser=1595253715342 HTTP/1.1" 200 28 "http://renault.activities.at/10201442?dir=DESC&mode=grid&order=name&limit=15&page=10" "Mozilla/5.0 (Windows NT 10.0; Win64; x64) AppleWebKit/537.36 (KHTML, like Gecko) Chrome/84.0.4147.89 Safari/537.36"
185.22.23.252 - - [20/Jul/2020:16:02:44 +0200] "GET /reload?ser=1595253764722 HTTP/1.1" 200 28 "http://renault.activities.at/result?searchterm=true&search=gebrauchtwagen" "Mozilla/5.0 (Windows NT 6.3; WOW64; Trident/7.0; rv:11.0) like Gecko"
185.58.53.32 - - [20/Jul/2020:16:02:56 +0200] "GET /reload?ser=1595253776341 HTTP/1.1" 200 28 "http://renault.activities.at/10201442?dir=DESC&mode=grid&order=name&limit=15&page=10" "Mozilla/5.0 (Windows NT 10.0; Win64; x64) AppleWebKit/537.36 (KHTML, like Gecko) Chrome/84.0.4147.89 Safari/537.36"
185.22.23.252 - - [20/Jul/2020:16:03:45 +0200] "GET /reload?ser=1595253825664 HTTP/1.1" 200 28 "http://renault.activities.at/result?searchterm=true&search=gebrauchtwagen" "Mozilla/5.0 (Windows NT 6.3; WOW64; Trident/7.0; rv:11.0) like Gecko"
185.58.53.32 - - [20/Jul/2020:16:03:57 +0200] "GET /reload?ser=1595253837341 HTTP/1.1" 200 28 "http://renault.activities.at/10201442?dir=DESC&mode=grid&order=name&limit=15&page=10" "Mozilla/5.0 (Windows NT 10.0; Win64; x64) AppleWebKit/537.36 (KHTML, like Gecko) Chrome/84.0.4147.89 Safari/537.36"
185.22.23.252 - - [20/Jul/2020:16:04:46 +0200] "GET /reload?ser=1595253886605 HTTP/1.1" 200 28 "http://renault.activities.at/result?searchterm=true&search=gebrauchtwagen" "Mozilla/5.0 (Windows NT 6.3; WOW64; Trident/7.0; rv:11.0) like Gecko"
185.58.53.32 - - [20/Jul/2020:16:04:58 +0200] "GET /reload?ser=1595253898340 HTTP/1.1" 200 28 "http://renault.activities.at/10201442?dir=DESC&mode=grid&order=name&limit=15&page=10" "Mozilla/5.0 (Windows NT 10.0; Win64; x64) AppleWebKit/537.36 (KHTML, like Gecko) Chrome/84.0.4147.89 Safari/537.36"
185.22.23.252 - - [20/Jul/2020:16:05:47 +0200] "GET /reload?ser=1595253947542 HTTP/1.1" 200 28 "http://renault.activities.at/result?searchterm=true&search=gebrauchtwagen" "Mozilla/5.0 (Windows NT 6.3; WOW64; Trident/7.0; rv:11.0) like Gecko"
185.58.53.32 - - [20/Jul/2020:16:05:59 +0200] "GET /reload?ser=1595253959341 HTTP/1.1" 200 28 "http://renault.activities.at/10201442?dir=DESC&mode=grid&order=name&limit=15&page=10" "Mozilla/5.0 (Windows NT 10.0; Win64; x64) AppleWebKit/537.36 (KHTML, like Gecko) Chrome/84.0.4147.89 Safari/537.36"
185.22.23.252 - - [20/Jul/2020:16:06:48 +0200] "GET /reload?ser=1595254008520 HTTP/1.1" 200 28 "http://renault.activities.at/result?searchterm=true&search=gebrauchtwagen" "Mozilla/5.0 (Windows NT 6.3; WOW64; Trident/7.0; rv:11.0) like Gecko"
185.58.53.32 - - [20/Jul/2020:16:07:00 +0200] "GET /reload?ser=1595254020340 HTTP/1.1" 200 28 "http://renault.activities.at/10201442?dir=DESC&mode=grid&order=name&limit=15&page=10" "Mozilla/5.0 (Windows NT 10.0; Win64; x64) AppleWebKit/537.36 (KHTML, like Gecko) Chrome/84.0.4147.89 Safari/537.36"
185.22.23.252 - - [20/Jul/2020:16:07:49 +0200] "GET /reload?ser=1595254069467 HTTP/1.1" 200 28 "http://renault.activities.at/result?searchterm=true&search=gebrauchtwagen" "Mozilla/5.0 (Windows NT 6.3; WOW64; Trident/7.0; rv:11.0) like Gecko"
185.58.53.32 - - [20/Jul/2020:16:08:01 +0200] "GET /reload?ser=1595254081341 HTTP/1.1" 200 28 "http://renault.activities.at/10201442?dir=DESC&mode=grid&order=name&limit=15&page=10" "Mozilla/5.0 (Windows NT 10.0; Win64; x64) AppleWebKit/537.36 (KHTML, like Gecko) Chrome/84.0.4147.89 Safari/537.36"
185.22.23.252 - - [20/Jul/2020:16:08:50 +0200] "GET /reload?ser=1595254130420 HTTP/1.1" 200 28 "http://renault.activities.at/result?searchterm=true&search=gebrauchtwagen" "Mozilla/5.0 (Windows NT 6.3; WOW64; Trident/7.0; rv:11.0) like Gecko"
185.58.53.32 - - [20/Jul/2020:16:09:02 +0200] "GET /reload?ser=1595254142340 HTTP/1.1" 200 28 "http://renault.activities.at/10201442?dir=DESC&mode=grid&order=name&limit=15&page=10" "Mozilla/5.0 (Windows NT 10.0; Win64; x64) AppleWebKit/537.36 (KHTML, like Gecko) Chrome/84.0.4147.89 Safari/537.36"
185.22.23.252 - - [20/Jul/2020:16:09:51 +0200] "GET /reload?ser=1595254191356 HTTP/1.1" 200 28 "http://renault.activities.at/result?searchterm=true&search=gebrauchtwagen" "Mozilla/5.0 (Windows NT 6.3; WOW64; Trident/7.0; rv:11.0) like Gecko"
185.58.53.32 - - [20/Jul/2020:16:10:03 +0200] "GET /reload?ser=1595254203341 HTTP/1.1" 200 28 "http://renault.activities.at/10201442?dir=DESC&mode=grid&order=name&limit=15&page=10" "Mozilla/5.0 (Windows NT 10.0; Win64; x64) AppleWebKit/537.36 (KHTML, like Gecko) Chrome/84.0.4147.89 Safari/537.36"
185.22.23.252 - - [20/Jul/2020:16:10:52 +0200] "GET /reload?ser=1595254252304 HTTP/1.1" 200 28 "http://renault.activities.at/result?searchterm=true&search=gebrauchtwagen" "Mozilla/5.0 (Windows NT 6.3; WOW64; Trident/7.0; rv:11.0) like Gecko"
185.58.53.32 - - [20/Jul/2020:16:11:04 +0200] "GET /reload?ser=1595254264340 HTTP/1.1" 200 28 "http://renault.activities.at/10201442?dir=DESC&mode=grid&order=name&limit=15&page=10" "Mozilla/5.0 (Windows NT 10.0; Win64; x64) AppleWebKit/537.36 (KHTML, like Gecko) Chrome/84.0.4147.89 Safari/537.36"
185.22.23.252 - - [20/Jul/2020:16:11:53 +0200] "GET /reload?ser=1595254313233 HTTP/1.1" 200 28 "http://renault.activities.at/result?searchterm=true&search=gebrauchtwagen" "Mozilla/5.0 (Windows NT 6.3; WOW64; Trident/7.0; rv:11.0) like Gecko"
185.58.53.32 - - [20/Jul/2020:16:12:05 +0200] "GET /reload?ser=1595254325341 HTTP/1.1" 200 28 "http://renault.activities.at/10201442?dir=DESC&mode=grid&order=name&limit=15&page=10" "Mozilla/5.0 (Windows NT 10.0; Win64; x64) AppleWebKit/537.36 (KHTML, like Gecko) Chrome/84.0.4147.89 Safari/537.36"
185.22.23.252 - - [20/Jul/2020:16:12:54 +0200] "GET /reload?ser=1595254374177 HTTP/1.1" 200 28 "http://renault.activities.at/result?searchterm=true&search=gebrauchtwagen" "Mozilla/5.0 (Windows NT 6.3; WOW64; Trident/7.0; rv:11.0) like Gecko"
185.58.53.32 - - [20/Jul/2020:16:13:06 +0200] "GET /reload?ser=1595254386340 HTTP/1.1" 200 28 "http://renault.activities.at/10201442?dir=DESC&mode=grid&order=name&limit=15&page=10" "Mozilla/5.0 (Windows NT 10.0; Win64; x64) AppleWebKit/537.36 (KHTML, like Gecko) Chrome/84.0.4147.89 Safari/537.36"
185.22.23.252 - - [20/Jul/2020:16:13:55 +0200] "GET /reload?ser=1595254435114 HTTP/1.1" 200 28 "http://renault.activities.at/result?searchterm=true&search=gebrauchtwagen" "Mozilla/5.0 (Windows NT 6.3; WOW64; Trident/7.0; rv:11.0) like Gecko"
185.58.53.32 - - [20/Jul/2020:16:14:07 +0200] "GET /reload?ser=1595254447340 HTTP/1.1" 200 28 "http://renault.activities.at/10201442?dir=DESC&mode=grid&order=name&limit=15&page=10" "Mozilla/5.0 (Windows NT 10.0; Win64; x64) AppleWebKit/537.36 (KHTML, like Gecko) Chrome/84.0.4147.89 Safari/537.36"
185.22.23.252 - - [20/Jul/2020:16:14:56 +0200] "GET /reload?ser=1595254496052 HTTP/1.1" 200 28 "http://renault.activities.at/result?searchterm=true&search=gebrauchtwagen" "Mozilla/5.0 (Windows NT 6.3; WOW64; Trident/7.0; rv:11.0) like Gecko"
185.58.53.32 - - [20/Jul/2020:16:15:08 +0200] "GET /reload?ser=1595254508340 HTTP/1.1" 200 28 "http://renault.activities.at/10201442?dir=DESC&mode=grid&order=name&limit=15&page=10" "Mozilla/5.0 (Windows NT 10.0; Win64; x64) AppleWebKit/537.36 (KHTML, like Gecko) Chrome/84.0.4147.89 Safari/537.36"
185.22.23.252 - - [20/Jul/2020:16:15:56 +0200] "GET /reload?ser=1595254556990 HTTP/1.1" 200 28 "http://renault.activities.at/result?searchterm=true&search=gebrauchtwagen" "Mozilla/5.0 (Windows NT 6.3; WOW64; Trident/7.0; rv:11.0) like Gecko"
185.58.53.32 - - [20/Jul/2020:16:16:09 +0200] "GET /reload?ser=1595254569340 HTTP/1.1" 200 28 "http://renault.activities.at/10201442?dir=DESC&mode=grid&order=name&limit=15&page=10" "Mozilla/5.0 (Windows NT 10.0; Win64; x64) AppleWebKit/537.36 (KHTML, like Gecko) Chrome/84.0.4147.89 Safari/537.36"
185.22.23.252 - - [20/Jul/2020:16:16:57 +0200] "GET /reload?ser=1595254617956 HTTP/1.1" 200 28 "http://renault.activities.at/result?searchterm=true&search=gebrauchtwagen" "Mozilla/5.0 (Windows NT 6.3; WOW64; Trident/7.0; rv:11.0) like Gecko"
185.58.53.32 - - [20/Jul/2020:16:17:10 +0200] "GET /reload?ser=1595254630340 HTTP/1.1" 200 28 "http://renault.activities.at/10201442?dir=DESC&mode=grid&order=name&limit=15&page=10" "Mozilla/5.0 (Windows NT 10.0; Win64; x64) AppleWebKit/537.36 (KHTML, like Gecko) Chrome/84.0.4147.89 Safari/537.36"
185.22.23.252 - - [20/Jul/2020:16:17:58 +0200] "GET /reload?ser=1595254678925 HTTP/1.1" 200 28 "http://renault.activities.at/result?searchterm=true&search=gebrauchtwagen" "Mozilla/5.0 (Windows NT 6.3; WOW64; Trident/7.0; rv:11.0) like Gecko"
185.58.53.32 - - [20/Jul/2020:16:18:11 +0200] "GET /reload?ser=1595254691341 HTTP/1.1" 200 28 "http://renault.activities.at/10201442?dir=DESC&mode=grid&order=name&limit=15&page=10" "Mozilla/5.0 (Windows NT 10.0; Win64; x64) AppleWebKit/537.36 (KHTML, like Gecko) Chrome/84.0.4147.89 Safari/537.36"
185.22.23.252 - - [20/Jul/2020:16:18:59 +0200] "GET /reload?ser=1595254739890 HTTP/1.1" 200 28 "http://renault.activities.at/result?searchterm=true&search=gebrauchtwagen" "Mozilla/5.0 (Windows NT 6.3; WOW64; Trident/7.0; rv:11.0) like Gecko"
185.58.53.32 - - [20/Jul/2020:16:19:12 +0200] "GET /reload?ser=1595254752341 HTTP/1.1" 200 28 "http://renault.activities.at/10201442?dir=DESC&mode=grid&order=name&limit=15&page=10" "Mozilla/5.0 (Windows NT 10.0; Win64; x64) AppleWebKit/537.36 (KHTML, like Gecko) Chrome/84.0.4147.89 Safari/537.36"
185.22.23.252 - - [20/Jul/2020:16:20:00 +0200] "GET /reload?ser=1595254800860 HTTP/1.1" 200 28 "http://renault.activities.at/result?searchterm=true&search=gebrauchtwagen" "Mozilla/5.0 (Windows NT 6.3; WOW64; Trident/7.0; rv:11.0) like Gecko"
185.58.53.32 - - [20/Jul/2020:16:20:13 +0200] "GET /reload?ser=1595254813340 HTTP/1.1" 200 28 "http://renault.activities.at/10201442?dir=DESC&mode=grid&order=name&limit=15&page=10" "Mozilla/5.0 (Windows NT 10.0; Win64; x64) AppleWebKit/537.36 (KHTML, like Gecko) Chrome/84.0.4147.89 Safari/537.36"
207.46.13.34 - - [20/Jul/2020:16:20:51 +0200] "GET /action HTTP/1.1" 302 150 "-" "Mozilla/5.0 (compatible; bingbot/2.0; +http://www.bing.com/bingbot.htm)"
207.46.13.34 - - [20/Jul/2020:16:20:53 +0200] "GET /login?required=true HTTP/1.1" 200 2085 "-" "Mozilla/5.0 (compatible; bingbot/2.0; +http://www.bing.com/bingbot.htm)"
185.22.23.252 - - [20/Jul/2020:16:21:01 +0200] "GET /reload?ser=1595254861797 HTTP/1.1" 200 28 "http://renault.activities.at/result?searchterm=true&search=gebrauchtwagen" "Mozilla/5.0 (Windows NT 6.3; WOW64; Trident/7.0; rv:11.0) like Gecko"
185.58.53.32 - - [20/Jul/2020:16:21:14 +0200] "GET /reload?ser=1595254874340 HTTP/1.1" 200 28 "http://renault.activities.at/10201442?dir=DESC&mode=grid&order=name&limit=15&page=10" "Mozilla/5.0 (Windows NT 10.0; Win64; x64) AppleWebKit/537.36 (KHTML, like Gecko) Chrome/84.0.4147.89 Safari/537.36"
185.22.23.252 - - [20/Jul/2020:16:22:02 +0200] "GET /reload?ser=1595254922744 HTTP/1.1" 200 28 "http://renault.activities.at/result?searchterm=true&search=gebrauchtwagen" "Mozilla/5.0 (Windows NT 6.3; WOW64; Trident/7.0; rv:11.0) like Gecko"
185.58.53.32 - - [20/Jul/2020:16:22:15 +0200] "GET /reload?ser=1595254935341 HTTP/1.1" 200 28 "http://renault.activities.at/10201442?dir=DESC&mode=grid&order=name&limit=15&page=10" "Mozilla/5.0 (Windows NT 10.0; Win64; x64) AppleWebKit/537.36 (KHTML, like Gecko) Chrome/84.0.4147.89 Safari/537.36"
185.22.23.252 - - [20/Jul/2020:16:23:03 +0200] "GET /reload?ser=1595254983656 HTTP/1.1" 200 28 "http://renault.activities.at/result?searchterm=true&search=gebrauchtwagen" "Mozilla/5.0 (Windows NT 6.3; WOW64; Trident/7.0; rv:11.0) like Gecko"
185.58.53.32 - - [20/Jul/2020:16:23:16 +0200] "GET /reload?ser=1595254996340 HTTP/1.1" 200 28 "http://renault.activities.at/10201442?dir=DESC&mode=grid&order=name&limit=15&page=10" "Mozilla/5.0 (Windows NT 10.0; Win64; x64) AppleWebKit/537.36 (KHTML, like Gecko) Chrome/84.0.4147.89 Safari/537.36"
185.22.23.252 - - [20/Jul/2020:16:24:04 +0200] "GET /reload?ser=1595255044612 HTTP/1.1" 200 28 "http://renault.activities.at/result?searchterm=true&search=gebrauchtwagen" "Mozilla/5.0 (Windows NT 6.3; WOW64; Trident/7.0; rv:11.0) like Gecko"
185.58.53.32 - - [20/Jul/2020:16:24:17 +0200] "GET /reload?ser=1595255057340 HTTP/1.1" 200 28 "http://renault.activities.at/10201442?dir=DESC&mode=grid&order=name&limit=15&page=10" "Mozilla/5.0 (Windows NT 10.0; Win64; x64) AppleWebKit/537.36 (KHTML, like Gecko) Chrome/84.0.4147.89 Safari/537.36"
185.22.23.252 - - [20/Jul/2020:16:25:05 +0200] "GET /reload?ser=1595255105549 HTTP/1.1" 200 28 "http://renault.activities.at/result?searchterm=true&search=gebrauchtwagen" "Mozilla/5.0 (Windows NT 6.3; WOW64; Trident/7.0; rv:11.0) like Gecko"
185.58.53.32 - - [20/Jul/2020:16:25:18 +0200] "GET /reload?ser=1595255118340 HTTP/1.1" 200 28 "http://renault.activities.at/10201442?dir=DESC&mode=grid&order=name&limit=15&page=10" "Mozilla/5.0 (Windows NT 10.0; Win64; x64) AppleWebKit/537.36 (KHTML, like Gecko) Chrome/84.0.4147.89 Safari/537.36"
185.22.23.252 - - [20/Jul/2020:16:26:06 +0200] "GET /reload?ser=1595255166497 HTTP/1.1" 200 28 "http://renault.activities.at/result?searchterm=true&search=gebrauchtwagen" "Mozilla/5.0 (Windows NT 6.3; WOW64; Trident/7.0; rv:11.0) like Gecko"
185.58.53.32 - - [20/Jul/2020:16:26:19 +0200] "GET /reload?ser=1595255179341 HTTP/1.1" 200 28 "http://renault.activities.at/10201442?dir=DESC&mode=grid&order=name&limit=15&page=10" "Mozilla/5.0 (Windows NT 10.0; Win64; x64) AppleWebKit/537.36 (KHTML, like Gecko) Chrome/84.0.4147.89 Safari/537.36"
185.22.23.252 - - [20/Jul/2020:16:27:07 +0200] "GET /reload?ser=1595255227453 HTTP/1.1" 200 28 "http://renault.activities.at/result?searchterm=true&search=gebrauchtwagen" "Mozilla/5.0 (Windows NT 6.3; WOW64; Trident/7.0; rv:11.0) like Gecko"
185.58.53.32 - - [20/Jul/2020:16:27:20 +0200] "GET /reload?ser=1595255240341 HTTP/1.1" 200 28 "http://renault.activities.at/10201442?dir=DESC&mode=grid&order=name&limit=15&page=10" "Mozilla/5.0 (Windows NT 10.0; Win64; x64) AppleWebKit/537.36 (KHTML, like Gecko) Chrome/84.0.4147.89 Safari/537.36"
185.22.23.252 - - [20/Jul/2020:16:28:08 +0200] "GET /reload?ser=1595255288416 HTTP/1.1" 200 28 "http://renault.activities.at/result?searchterm=true&search=gebrauchtwagen" "Mozilla/5.0 (Windows NT 6.3; WOW64; Trident/7.0; rv:11.0) like Gecko"
185.58.53.32 - - [20/Jul/2020:16:28:21 +0200] "GET /reload?ser=1595255301341 HTTP/1.1" 200 28 "http://renault.activities.at/10201442?dir=DESC&mode=grid&order=name&limit=15&page=10" "Mozilla/5.0 (Windows NT 10.0; Win64; x64) AppleWebKit/537.36 (KHTML, like Gecko) Chrome/84.0.4147.89 Safari/537.36"
185.22.23.252 - - [20/Jul/2020:16:29:09 +0200] "GET /reload?ser=1595255349375 HTTP/1.1" 200 28 "http://renault.activities.at/result?searchterm=true&search=gebrauchtwagen" "Mozilla/5.0 (Windows NT 6.3; WOW64; Trident/7.0; rv:11.0) like Gecko"
185.58.53.32 - - [20/Jul/2020:16:29:22 +0200] "GET /reload?ser=1595255362340 HTTP/1.1" 200 28 "http://renault.activities.at/10201442?dir=DESC&mode=grid&order=name&limit=15&page=10" "Mozilla/5.0 (Windows NT 10.0; Win64; x64) AppleWebKit/537.36 (KHTML, like Gecko) Chrome/84.0.4147.89 Safari/537.36"
185.22.23.252 - - [20/Jul/2020:16:30:10 +0200] "GET /reload?ser=1595255410356 HTTP/1.1" 200 28 "http://renault.activities.at/result?searchterm=true&search=gebrauchtwagen" "Mozilla/5.0 (Windows NT 6.3; WOW64; Trident/7.0; rv:11.0) like Gecko"
185.58.53.32 - - [20/Jul/2020:16:30:23 +0200] "GET /reload?ser=1595255423341 HTTP/1.1" 200 28 "http://renault.activities.at/10201442?dir=DESC&mode=grid&order=name&limit=15&page=10" "Mozilla/5.0 (Windows NT 10.0; Win64; x64) AppleWebKit/537.36 (KHTML, like Gecko) Chrome/84.0.4147.89 Safari/537.36"
185.22.23.252 - - [20/Jul/2020:16:31:11 +0200] "GET /reload?ser=1595255471322 HTTP/1.1" 200 28 "http://renault.activities.at/result?searchterm=true&search=gebrauchtwagen" "Mozilla/5.0 (Windows NT 6.3; WOW64; Trident/7.0; rv:11.0) like Gecko"
185.58.53.32 - - [20/Jul/2020:16:31:24 +0200] "GET /reload?ser=1595255484340 HTTP/1.1" 200 28 "http://renault.activities.at/10201442?dir=DESC&mode=grid&order=name&limit=15&page=10" "Mozilla/5.0 (Windows NT 10.0; Win64; x64) AppleWebKit/537.36 (KHTML, like Gecko) Chrome/84.0.4147.89 Safari/537.36"
185.22.23.252 - - [20/Jul/2020:16:32:12 +0200] "GET /reload?ser=1595255532242 HTTP/1.1" 200 28 "http://renault.activities.at/result?searchterm=true&search=gebrauchtwagen" "Mozilla/5.0 (Windows NT 6.3; WOW64; Trident/7.0; rv:11.0) like Gecko"
185.58.53.32 - - [20/Jul/2020:16:32:25 +0200] "GET /reload?ser=1595255545340 HTTP/1.1" 200 28 "http://renault.activities.at/10201442?dir=DESC&mode=grid&order=name&limit=15&page=10" "Mozilla/5.0 (Windows NT 10.0; Win64; x64) AppleWebKit/537.36 (KHTML, like Gecko) Chrome/84.0.4147.89 Safari/537.36"
185.22.23.252 - - [20/Jul/2020:16:33:13 +0200] "GET /reload?ser=1595255593197 HTTP/1.1" 200 28 "http://renault.activities.at/result?searchterm=true&search=gebrauchtwagen" "Mozilla/5.0 (Windows NT 6.3; WOW64; Trident/7.0; rv:11.0) like Gecko"
185.58.53.32 - - [20/Jul/2020:16:33:26 +0200] "GET /reload?ser=1595255606340 HTTP/1.1" 200 28 "http://renault.activities.at/10201442?dir=DESC&mode=grid&order=name&limit=15&page=10" "Mozilla/5.0 (Windows NT 10.0; Win64; x64) AppleWebKit/537.36 (KHTML, like Gecko) Chrome/84.0.4147.89 Safari/537.36"
185.22.23.252 - - [20/Jul/2020:16:34:14 +0200] "GET /reload?ser=1595255654132 HTTP/1.1" 200 28 "http://renault.activities.at/result?searchterm=true&search=gebrauchtwagen" "Mozilla/5.0 (Windows NT 6.3; WOW64; Trident/7.0; rv:11.0) like Gecko"
185.58.53.32 - - [20/Jul/2020:16:34:27 +0200] "GET /reload?ser=1595255667340 HTTP/1.1" 200 28 "http://renault.activities.at/10201442?dir=DESC&mode=grid&order=name&limit=15&page=10" "Mozilla/5.0 (Windows NT 10.0; Win64; x64) AppleWebKit/537.36 (KHTML, like Gecko) Chrome/84.0.4147.89 Safari/537.36"
185.22.23.252 - - [20/Jul/2020:16:35:15 +0200] "GET /reload?ser=1595255715062 HTTP/1.1" 200 28 "http://renault.activities.at/result?searchterm=true&search=gebrauchtwagen" "Mozilla/5.0 (Windows NT 6.3; WOW64; Trident/7.0; rv:11.0) like Gecko"
185.58.53.32 - - [20/Jul/2020:16:35:28 +0200] "GET /reload?ser=1595255728340 HTTP/1.1" 200 28 "http://renault.activities.at/10201442?dir=DESC&mode=grid&order=name&limit=15&page=10" "Mozilla/5.0 (Windows NT 10.0; Win64; x64) AppleWebKit/537.36 (KHTML, like Gecko) Chrome/84.0.4147.89 Safari/537.36"
185.22.23.252 - - [20/Jul/2020:16:36:16 +0200] "GET /reload?ser=1595255775985 HTTP/1.1" 200 28 "http://renault.activities.at/result?searchterm=true&search=gebrauchtwagen" "Mozilla/5.0 (Windows NT 6.3; WOW64; Trident/7.0; rv:11.0) like Gecko"
185.58.53.32 - - [20/Jul/2020:16:36:29 +0200] "GET /reload?ser=1595255789341 HTTP/1.1" 200 28 "http://renault.activities.at/10201442?dir=DESC&mode=grid&order=name&limit=15&page=10" "Mozilla/5.0 (Windows NT 10.0; Win64; x64) AppleWebKit/537.36 (KHTML, like Gecko) Chrome/84.0.4147.89 Safari/537.36"
185.22.23.252 - - [20/Jul/2020:16:37:16 +0200] "GET /reload?ser=1595255836935 HTTP/1.1" 200 28 "http://renault.activities.at/result?searchterm=true&search=gebrauchtwagen" "Mozilla/5.0 (Windows NT 6.3; WOW64; Trident/7.0; rv:11.0) like Gecko"
185.58.53.32 - - [20/Jul/2020:16:37:30 +0200] "GET /reload?ser=1595255850340 HTTP/1.1" 200 28 "http://renault.activities.at/10201442?dir=DESC&mode=grid&order=name&limit=15&page=10" "Mozilla/5.0 (Windows NT 10.0; Win64; x64) AppleWebKit/537.36 (KHTML, like Gecko) Chrome/84.0.4147.89 Safari/537.36"
185.22.23.252 - - [20/Jul/2020:16:38:17 +0200] "GET /reload?ser=1595255897892 HTTP/1.1" 200 28 "http://renault.activities.at/result?searchterm=true&search=gebrauchtwagen" "Mozilla/5.0 (Windows NT 6.3; WOW64; Trident/7.0; rv:11.0) like Gecko"
185.58.53.32 - - [20/Jul/2020:16:38:31 +0200] "GET /reload?ser=1595255911340 HTTP/1.1" 200 28 "http://renault.activities.at/10201442?dir=DESC&mode=grid&order=name&limit=15&page=10" "Mozilla/5.0 (Windows NT 10.0; Win64; x64) AppleWebKit/537.36 (KHTML, like Gecko) Chrome/84.0.4147.89 Safari/537.36"
185.22.23.252 - - [20/Jul/2020:16:39:18 +0200] "GET /reload?ser=1595255958836 HTTP/1.1" 200 28 "http://renault.activities.at/result?searchterm=true&search=gebrauchtwagen" "Mozilla/5.0 (Windows NT 6.3; WOW64; Trident/7.0; rv:11.0) like Gecko"
185.58.53.32 - - [20/Jul/2020:16:39:32 +0200] "GET /reload?ser=1595255972340 HTTP/1.1" 200 28 "http://renault.activities.at/10201442?dir=DESC&mode=grid&order=name&limit=15&page=10" "Mozilla/5.0 (Windows NT 10.0; Win64; x64) AppleWebKit/537.36 (KHTML, like Gecko) Chrome/84.0.4147.89 Safari/537.36"
185.22.23.252 - - [20/Jul/2020:16:40:19 +0200] "GET /reload?ser=1595256019767 HTTP/1.1" 200 28 "http://renault.activities.at/result?searchterm=true&search=gebrauchtwagen" "Mozilla/5.0 (Windows NT 6.3; WOW64; Trident/7.0; rv:11.0) like Gecko"
185.58.53.32 - - [20/Jul/2020:16:40:33 +0200] "GET /reload?ser=1595256033340 HTTP/1.1" 200 28 "http://renault.activities.at/10201442?dir=DESC&mode=grid&order=name&limit=15&page=10" "Mozilla/5.0 (Windows NT 10.0; Win64; x64) AppleWebKit/537.36 (KHTML, like Gecko) Chrome/84.0.4147.89 Safari/537.36"
185.22.23.252 - - [20/Jul/2020:16:41:20 +0200] "GET /reload?ser=1595256080747 HTTP/1.1" 200 28 "http://renault.activities.at/result?searchterm=true&search=gebrauchtwagen" "Mozilla/5.0 (Windows NT 6.3; WOW64; Trident/7.0; rv:11.0) like Gecko"
185.58.53.32 - - [20/Jul/2020:16:41:34 +0200] "GET /reload?ser=1595256094341 HTTP/1.1" 200 28 "http://renault.activities.at/10201442?dir=DESC&mode=grid&order=name&limit=15&page=10" "Mozilla/5.0 (Windows NT 10.0; Win64; x64) AppleWebKit/537.36 (KHTML, like Gecko) Chrome/84.0.4147.89 Safari/537.36"
185.22.23.252 - - [20/Jul/2020:16:42:21 +0200] "GET /reload?ser=1595256141712 HTTP/1.1" 200 28 "http://renault.activities.at/result?searchterm=true&search=gebrauchtwagen" "Mozilla/5.0 (Windows NT 6.3; WOW64; Trident/7.0; rv:11.0) like Gecko"
185.58.53.32 - - [20/Jul/2020:16:42:35 +0200] "GET /reload?ser=1595256155341 HTTP/1.1" 200 28 "http://renault.activities.at/10201442?dir=DESC&mode=grid&order=name&limit=15&page=10" "Mozilla/5.0 (Windows NT 10.0; Win64; x64) AppleWebKit/537.36 (KHTML, like Gecko) Chrome/84.0.4147.89 Safari/537.36"
185.22.23.252 - - [20/Jul/2020:16:43:22 +0200] "GET /reload?ser=1595256202667 HTTP/1.1" 200 28 "http://renault.activities.at/result?searchterm=true&search=gebrauchtwagen" "Mozilla/5.0 (Windows NT 6.3; WOW64; Trident/7.0; rv:11.0) like Gecko"
185.58.53.32 - - [20/Jul/2020:16:43:36 +0200] "GET /reload?ser=1595256216340 HTTP/1.1" 200 28 "http://renault.activities.at/10201442?dir=DESC&mode=grid&order=name&limit=15&page=10" "Mozilla/5.0 (Windows NT 10.0; Win64; x64) AppleWebKit/537.36 (KHTML, like Gecko) Chrome/84.0.4147.89 Safari/537.36"
185.22.23.252 - - [20/Jul/2020:16:44:23 +0200] "GET /reload?ser=1595256263630 HTTP/1.1" 200 28 "http://renault.activities.at/result?searchterm=true&search=gebrauchtwagen" "Mozilla/5.0 (Windows NT 6.3; WOW64; Trident/7.0; rv:11.0) like Gecko"
185.58.53.32 - - [20/Jul/2020:16:44:37 +0200] "GET /reload?ser=1595256277340 HTTP/1.1" 200 28 "http://renault.activities.at/10201442?dir=DESC&mode=grid&order=name&limit=15&page=10" "Mozilla/5.0 (Windows NT 10.0; Win64; x64) AppleWebKit/537.36 (KHTML, like Gecko) Chrome/84.0.4147.89 Safari/537.36"
185.22.23.252 - - [20/Jul/2020:16:45:24 +0200] "GET /reload?ser=1595256324565 HTTP/1.1" 200 28 "http://renault.activities.at/result?searchterm=true&search=gebrauchtwagen" "Mozilla/5.0 (Windows NT 6.3; WOW64; Trident/7.0; rv:11.0) like Gecko"
185.58.53.32 - - [20/Jul/2020:16:45:38 +0200] "GET /reload?ser=1595256338340 HTTP/1.1" 200 28 "http://renault.activities.at/10201442?dir=DESC&mode=grid&order=name&limit=15&page=10" "Mozilla/5.0 (Windows NT 10.0; Win64; x64) AppleWebKit/537.36 (KHTML, like Gecko) Chrome/84.0.4147.89 Safari/537.36"
185.22.23.252 - - [20/Jul/2020:16:46:25 +0200] "GET /reload?ser=1595256385493 HTTP/1.1" 200 28 "http://renault.activities.at/result?searchterm=true&search=gebrauchtwagen" "Mozilla/5.0 (Windows NT 6.3; WOW64; Trident/7.0; rv:11.0) like Gecko"
185.58.53.32 - - [20/Jul/2020:16:46:39 +0200] "GET /reload?ser=1595256399340 HTTP/1.1" 200 28 "http://renault.activities.at/10201442?dir=DESC&mode=grid&order=name&limit=15&page=10" "Mozilla/5.0 (Windows NT 10.0; Win64; x64) AppleWebKit/537.36 (KHTML, like Gecko) Chrome/84.0.4147.89 Safari/537.36"
185.22.23.252 - - [20/Jul/2020:16:47:26 +0200] "GET /reload?ser=1595256446429 HTTP/1.1" 200 28 "http://renault.activities.at/result?searchterm=true&search=gebrauchtwagen" "Mozilla/5.0 (Windows NT 6.3; WOW64; Trident/7.0; rv:11.0) like Gecko"
185.58.53.32 - - [20/Jul/2020:16:47:40 +0200] "GET /reload?ser=1595256460341 HTTP/1.1" 200 28 "http://renault.activities.at/10201442?dir=DESC&mode=grid&order=name&limit=15&page=10" "Mozilla/5.0 (Windows NT 10.0; Win64; x64) AppleWebKit/537.36 (KHTML, like Gecko) Chrome/84.0.4147.89 Safari/537.36"
185.22.23.252 - - [20/Jul/2020:16:48:27 +0200] "GET /reload?ser=1595256507348 HTTP/1.1" 200 28 "http://renault.activities.at/result?searchterm=true&search=gebrauchtwagen" "Mozilla/5.0 (Windows NT 6.3; WOW64; Trident/7.0; rv:11.0) like Gecko"
185.58.53.32 - - [20/Jul/2020:16:48:41 +0200] "GET /reload?ser=1595256521340 HTTP/1.1" 200 28 "http://renault.activities.at/10201442?dir=DESC&mode=grid&order=name&limit=15&page=10" "Mozilla/5.0 (Windows NT 10.0; Win64; x64) AppleWebKit/537.36 (KHTML, like Gecko) Chrome/84.0.4147.89 Safari/537.36"
185.22.23.252 - - [20/Jul/2020:16:49:28 +0200] "GET /reload?ser=1595256568281 HTTP/1.1" 200 28 "http://renault.activities.at/result?searchterm=true&search=gebrauchtwagen" "Mozilla/5.0 (Windows NT 6.3; WOW64; Trident/7.0; rv:11.0) like Gecko"
185.58.53.32 - - [20/Jul/2020:16:49:42 +0200] "GET /reload?ser=1595256582341 HTTP/1.1" 200 28 "http://renault.activities.at/10201442?dir=DESC&mode=grid&order=name&limit=15&page=10" "Mozilla/5.0 (Windows NT 10.0; Win64; x64) AppleWebKit/537.36 (KHTML, like Gecko) Chrome/84.0.4147.89 Safari/537.36"
185.22.23.252 - - [20/Jul/2020:16:50:29 +0200] "GET /reload?ser=1595256629231 HTTP/1.1" 200 28 "http://renault.activities.at/result?searchterm=true&search=gebrauchtwagen" "Mozilla/5.0 (Windows NT 6.3; WOW64; Trident/7.0; rv:11.0) like Gecko"
185.58.53.32 - - [20/Jul/2020:16:50:43 +0200] "GET /reload?ser=1595256643341 HTTP/1.1" 200 28 "http://renault.activities.at/10201442?dir=DESC&mode=grid&order=name&limit=15&page=10" "Mozilla/5.0 (Windows NT 10.0; Win64; x64) AppleWebKit/537.36 (KHTML, like Gecko) Chrome/84.0.4147.89 Safari/537.36"
185.22.23.252 - - [20/Jul/2020:16:51:30 +0200] "GET /reload?ser=1595256690158 HTTP/1.1" 200 28 "http://renault.activities.at/result?searchterm=true&search=gebrauchtwagen" "Mozilla/5.0 (Windows NT 6.3; WOW64; Trident/7.0; rv:11.0) like Gecko"
185.22.23.252 - - [20/Jul/2020:16:52:31 +0200] "GET /reload?ser=1595256751095 HTTP/1.1" 200 28 "http://renault.activities.at/result?searchterm=true&search=gebrauchtwagen" "Mozilla/5.0 (Windows NT 6.3; WOW64; Trident/7.0; rv:11.0) like Gecko"
185.22.23.252 - - [20/Jul/2020:16:53:32 +0200] "GET /reload?ser=1595256812023 HTTP/1.1" 200 28 "http://renault.activities.at/result?searchterm=true&search=gebrauchtwagen" "Mozilla/5.0 (Windows NT 6.3; WOW64; Trident/7.0; rv:11.0) like Gecko"
185.22.23.252 - - [20/Jul/2020:16:54:33 +0200] "GET /reload?ser=1595256872990 HTTP/1.1" 200 28 "http://renault.activities.at/result?searchterm=true&search=gebrauchtwagen" "Mozilla/5.0 (Windows NT 6.3; WOW64; Trident/7.0; rv:11.0) like Gecko"
185.22.23.252 - - [20/Jul/2020:16:55:33 +0200] "GET /reload?ser=1595256933954 HTTP/1.1" 200 28 "http://renault.activities.at/result?searchterm=true&search=gebrauchtwagen" "Mozilla/5.0 (Windows NT 6.3; WOW64; Trident/7.0; rv:11.0) like Gecko"
80.120.5.131 - - [20/Jul/2020:16:56:02 +0200] "GET / HTTP/1.1" 200 3273 "-" "Mozilla/5.0 (Windows NT 10.0; WOW64; Trident/7.0; rv:11.0) like Gecko"
80.120.5.131 - - [20/Jul/2020:16:56:03 +0200] "GET /js/flashdetection.js HTTP/1.1" 200 1059 "http://renault.activities.at/" "Mozilla/5.0 (Windows NT 10.0; WOW64; Trident/7.0; rv:11.0) like Gecko"
80.120.5.131 - - [20/Jul/2020:16:56:03 +0200] "GET /js/default.js HTTP/1.1" 200 14698 "http://renault.activities.at/" "Mozilla/5.0 (Windows NT 10.0; WOW64; Trident/7.0; rv:11.0) like Gecko"
80.120.5.131 - - [20/Jul/2020:16:56:03 +0200] "GET /css/reset.css HTTP/1.1" 200 1356 "http://renault.activities.at/" "Mozilla/5.0 (Windows NT 10.0; WOW64; Trident/7.0; rv:11.0) like Gecko"
80.120.5.131 - - [20/Jul/2020:16:56:03 +0200] "GET /css/clears.css HTTP/1.1" 200 851 "http://renault.activities.at/" "Mozilla/5.0 (Windows NT 10.0; WOW64; Trident/7.0; rv:11.0) like Gecko"
80.120.5.131 - - [20/Jul/2020:16:56:03 +0200] "GET /css/styles.css HTTP/1.1" 200 14664 "http://renault.activities.at/" "Mozilla/5.0 (Windows NT 10.0; WOW64; Trident/7.0; rv:11.0) like Gecko"
80.120.5.131 - - [20/Jul/2020:16:56:03 +0200] "GET /css/prototip.css HTTP/1.1" 200 968 "http://renault.activities.at/" "Mozilla/5.0 (Windows NT 10.0; WOW64; Trident/7.0; rv:11.0) like Gecko"
80.120.5.131 - - [20/Jul/2020:16:56:03 +0200] "GET /css/print.css HTTP/1.1" 200 543 "http://renault.activities.at/" "Mozilla/5.0 (Windows NT 10.0; WOW64; Trident/7.0; rv:11.0) like Gecko"
80.120.5.131 - - [20/Jul/2020:16:56:03 +0200] "GET /js/checkout.css HTTP/1.1" 200 359 "http://renault.activities.at/" "Mozilla/5.0 (Windows NT 10.0; WOW64; Trident/7.0; rv:11.0) like Gecko"
80.120.5.131 - - [20/Jul/2020:16:56:03 +0200] "GET /css/themes/default.css HTTP/1.1" 200 769 "http://renault.activities.at/" "Mozilla/5.0 (Windows NT 10.0; WOW64; Trident/7.0; rv:11.0) like Gecko"
80.120.5.131 - - [20/Jul/2020:16:56:03 +0200] "GET /css/themes/alphacube.css HTTP/1.1" 200 743 "http://renault.activities.at/" "Mozilla/5.0 (Windows NT 10.0; WOW64; Trident/7.0; rv:11.0) like Gecko"
80.120.5.131 - - [20/Jul/2020:16:56:03 +0200] "GET /js/index.php?c=auto&f=,prototype/prototype.js,prototype/validation.js,scriptaculous/builder.js,scriptaculous/effects.js,scriptaculous/dragdrop.js,scriptaculous/controls.js,scriptaculous/slider.js,varien/js.js,varien/form.js,varien/menu.js,mage/translate.js,mage/cookies.js,varien/product.js,spinner/SpinnerControl.jsmin.js,prototype/window.js,prototype/window_ext.js HTTP/1.1" 200 94182 "http://renault.activities.at/" "Mozilla/5.0 (Windows NT 10.0; WOW64; Trident/7.0; rv:11.0) like Gecko"
80.120.5.131 - - [20/Jul/2020:16:56:03 +0200] "GET /images/main_block_corner_left_bot.gif HTTP/1.1" 200 159 "http://renault.activities.at/" "Mozilla/5.0 (Windows NT 10.0; WOW64; Trident/7.0; rv:11.0) like Gecko"
80.120.5.131 - - [20/Jul/2020:16:56:03 +0200] "GET /images/main_block_border.gif HTTP/1.1" 200 43 "http://renault.activities.at/" "Mozilla/5.0 (Windows NT 10.0; WOW64; Trident/7.0; rv:11.0) like Gecko"
80.120.5.131 - - [20/Jul/2020:16:56:03 +0200] "GET /images/main_block_corner_right_bot.gif HTTP/1.1" 200 158 "http://renault.activities.at/" "Mozilla/5.0 (Windows NT 10.0; WOW64; Trident/7.0; rv:11.0) like Gecko"
80.120.5.131 - - [20/Jul/2020:16:56:03 +0200] "GET /images/header_block_border.gif HTTP/1.1" 200 43 "http://renault.activities.at/" "Mozilla/5.0 (Windows NT 10.0; WOW64; Trident/7.0; rv:11.0) like Gecko"
80.120.5.131 - - [20/Jul/2020:16:56:03 +0200] "GET /images/header_block_corner_left_top.gif HTTP/1.1" 200 160 "http://renault.activities.at/" "Mozilla/5.0 (Windows NT 10.0; WOW64; Trident/7.0; rv:11.0) like Gecko"
80.120.5.131 - - [20/Jul/2020:16:56:03 +0200] "GET /images/header_block_corner_right_top.gif HTTP/1.1" 200 160 "http://renault.activities.at/" "Mozilla/5.0 (Windows NT 10.0; WOW64; Trident/7.0; rv:11.0) like Gecko"
80.120.5.131 - - [20/Jul/2020:16:56:03 +0200] "GET /images/main_block_corner_left_top.gif HTTP/1.1" 200 159 "http://renault.activities.at/" "Mozilla/5.0 (Windows NT 10.0; WOW64; Trident/7.0; rv:11.0) like Gecko"
80.120.5.131 - - [20/Jul/2020:16:56:03 +0200] "GET /images/title_border.jpg HTTP/1.1" 200 304 "http://renault.activities.at/" "Mozilla/5.0 (Windows NT 10.0; WOW64; Trident/7.0; rv:11.0) like Gecko"
80.120.5.131 - - [20/Jul/2020:16:56:03 +0200] "GET /images/main_block_corner_right_top.gif HTTP/1.1" 200 159 "http://renault.activities.at/" "Mozilla/5.0 (Windows NT 10.0; WOW64; Trident/7.0; rv:11.0) like Gecko"
80.120.5.131 - - [20/Jul/2020:16:56:03 +0200] "GET /images/title_corner_left_top.jpg HTTP/1.1" 200 372 "http://renault.activities.at/" "Mozilla/5.0 (Windows NT 10.0; WOW64; Trident/7.0; rv:11.0) like Gecko"
80.120.5.131 - - [20/Jul/2020:16:56:03 +0200] "GET /images/title_border_top.jpg HTTP/1.1" 200 336 "http://renault.activities.at/" "Mozilla/5.0 (Windows NT 10.0; WOW64; Trident/7.0; rv:11.0) like Gecko"
80.120.5.131 - - [20/Jul/2020:16:56:04 +0200] "GET /images/title_corner_right_top.jpg HTTP/1.1" 200 389 "http://renault.activities.at/" "Mozilla/5.0 (Windows NT 10.0; WOW64; Trident/7.0; rv:11.0) like Gecko"
80.120.5.131 - - [20/Jul/2020:16:56:03 +0200] "GET /images/favicon.ico HTTP/1.1" 404 305 "-" "Mozilla/5.0 (Windows NT 10.0; Win64; x64; Trident/7.0; rv:11.0) like Gecko"
80.120.5.131 - - [20/Jul/2020:16:56:03 +0200] "GET /loadthumbnail.php?id=11127982 HTTP/1.1" 200 399614 "http://renault.activities.at/" "Mozilla/5.0 (Windows NT 10.0; WOW64; Trident/7.0; rv:11.0) like Gecko"
80.120.5.131 - - [20/Jul/2020:16:56:07 +0200] "GET /login HTTP/1.1" 200 2085 "http://renault.activities.at/" "Mozilla/5.0 (Windows NT 10.0; WOW64; Trident/7.0; rv:11.0) like Gecko"
80.120.5.131 - - [20/Jul/2020:16:56:08 +0200] "GET /js/default.js HTTP/1.1" 304 - "http://renault.activities.at/login" "Mozilla/5.0 (Windows NT 10.0; WOW64; Trident/7.0; rv:11.0) like Gecko"
80.120.5.131 - - [20/Jul/2020:16:56:08 +0200] "GET /css/reset.css HTTP/1.1" 304 - "http://renault.activities.at/login" "Mozilla/5.0 (Windows NT 10.0; WOW64; Trident/7.0; rv:11.0) like Gecko"
80.120.5.131 - - [20/Jul/2020:16:56:08 +0200] "GET /css/styles.css HTTP/1.1" 304 - "http://renault.activities.at/login" "Mozilla/5.0 (Windows NT 10.0; WOW64; Trident/7.0; rv:11.0) like Gecko"
80.120.5.131 - - [20/Jul/2020:16:56:08 +0200] "GET /css/clears.css HTTP/1.1" 304 - "http://renault.activities.at/login" "Mozilla/5.0 (Windows NT 10.0; WOW64; Trident/7.0; rv:11.0) like Gecko"
80.120.5.131 - - [20/Jul/2020:16:56:08 +0200] "GET /css/print.css HTTP/1.1" 304 - "http://renault.activities.at/login" "Mozilla/5.0 (Windows NT 10.0; WOW64; Trident/7.0; rv:11.0) like Gecko"
80.120.5.131 - - [20/Jul/2020:16:56:08 +0200] "GET /js/checkout.css HTTP/1.1" 304 - "http://renault.activities.at/login" "Mozilla/5.0 (Windows NT 10.0; WOW64; Trident/7.0; rv:11.0) like Gecko"
80.120.5.131 - - [20/Jul/2020:16:56:08 +0200] "GET /css/prototip.css HTTP/1.1" 304 - "http://renault.activities.at/login" "Mozilla/5.0 (Windows NT 10.0; WOW64; Trident/7.0; rv:11.0) like Gecko"
80.120.5.131 - - [20/Jul/2020:16:56:08 +0200] "GET /css/themes/default.css HTTP/1.1" 304 - "http://renault.activities.at/login" "Mozilla/5.0 (Windows NT 10.0; WOW64; Trident/7.0; rv:11.0) like Gecko"
80.120.5.131 - - [20/Jul/2020:16:56:08 +0200] "GET /css/themes/alphacube.css HTTP/1.1" 304 - "http://renault.activities.at/login" "Mozilla/5.0 (Windows NT 10.0; WOW64; Trident/7.0; rv:11.0) like Gecko"
80.120.5.131 - - [20/Jul/2020:16:56:08 +0200] "GET /images/main_block_corner_left_top.gif HTTP/1.1" 304 - "http://renault.activities.at/login" "Mozilla/5.0 (Windows NT 10.0; WOW64; Trident/7.0; rv:11.0) like Gecko"
80.120.5.131 - - [20/Jul/2020:16:56:08 +0200] "GET /images/main_block_border.gif HTTP/1.1" 304 - "http://renault.activities.at/login" "Mozilla/5.0 (Windows NT 10.0; WOW64; Trident/7.0; rv:11.0) like Gecko"
