91.114.44.210 - - [20/Jul/2020:09:08:39 +0200] "GET /reload?ser=1595228919243 HTTP/1.1" 200 28 "http://renault.activities.at/success" "Mozilla/5.0 (Windows NT 6.1; WOW64; Trident/7.0; rv:11.0) like Gecko"
80.110.69.130 - - [20/Jul/2020:09:09:34 +0200] "GET /reload?ser=1595228972191 HTTP/1.1" 200 28 "http://renault.2web.at/account" "Mozilla/5.0 (Windows NT 10.0; Win64; x64) AppleWebKit/537.36 (KHTML, like Gecko) Chrome/84.0.4147.89 Safari/537.36"
91.114.44.210 - - [20/Jul/2020:09:09:40 +0200] "GET /reload?ser=1595228980210 HTTP/1.1" 200 28 "http://renault.activities.at/success" "Mozilla/5.0 (Windows NT 6.1; WOW64; Trident/7.0; rv:11.0) like Gecko"
80.110.69.130 - - [20/Jul/2020:09:10:36 +0200] "GET /reload?ser=1595229034190 HTTP/1.1" 200 28 "http://renault.2web.at/account" "Mozilla/5.0 (Windows NT 10.0; Win64; x64) AppleWebKit/537.36 (KHTML, like Gecko) Chrome/84.0.4147.89 Safari/537.36"
91.114.44.210 - - [20/Jul/2020:09:10:41 +0200] "GET /reload?ser=1595229041179 HTTP/1.1" 200 28 "http://renault.activities.at/success" "Mozilla/5.0 (Windows NT 6.1; WOW64; Trident/7.0; rv:11.0) like Gecko"
80.110.69.130 - - [20/Jul/2020:09:11:38 +0200] "GET /reload?ser=1595229096190 HTTP/1.1" 200 28 "http://renault.2web.at/account" "Mozilla/5.0 (Windows NT 10.0; Win64; x64) AppleWebKit/537.36 (KHTML, like Gecko) Chrome/84.0.4147.89 Safari/537.36"
91.114.44.210 - - [20/Jul/2020:09:11:42 +0200] "GET /reload?ser=1595229102164 HTTP/1.1" 200 28 "http://renault.activities.at/success" "Mozilla/5.0 (Windows NT 6.1; WOW64; Trident/7.0; rv:11.0) like Gecko"
80.110.69.130 - - [20/Jul/2020:09:12:40 +0200] "GET /reload?ser=1595229158190 HTTP/1.1" 200 28 "http://renault.2web.at/account" "Mozilla/5.0 (Windows NT 10.0; Win64; x64) AppleWebKit/537.36 (KHTML, like Gecko) Chrome/84.0.4147.89 Safari/537.36"
91.114.44.210 - - [20/Jul/2020:09:12:43 +0200] "GET /reload?ser=1595229163128 HTTP/1.1" 200 28 "http://renault.activities.at/success" "Mozilla/5.0 (Windows NT 6.1; WOW64; Trident/7.0; rv:11.0) like Gecko"
80.110.69.130 - - [20/Jul/2020:09:13:42 +0200] "GET /reload?ser=1595229220193 HTTP/1.1" 200 28 "http://renault.2web.at/account" "Mozilla/5.0 (Windows NT 10.0; Win64; x64) AppleWebKit/537.36 (KHTML, like Gecko) Chrome/84.0.4147.89 Safari/537.36"
91.114.44.210 - - [20/Jul/2020:09:13:44 +0200] "GET /reload?ser=1595229224120 HTTP/1.1" 200 28 "http://renault.activities.at/success" "Mozilla/5.0 (Windows NT 6.1; WOW64; Trident/7.0; rv:11.0) like Gecko"
80.110.69.130 - - [20/Jul/2020:09:14:44 +0200] "GET /reload?ser=1595229282190 HTTP/1.1" 200 28 "http://renault.2web.at/account" "Mozilla/5.0 (Windows NT 10.0; Win64; x64) AppleWebKit/537.36 (KHTML, like Gecko) Chrome/84.0.4147.89 Safari/537.36"
91.114.44.210 - - [20/Jul/2020:09:14:45 +0200] "GET /reload?ser=1595229285113 HTTP/1.1" 200 28 "http://renault.activities.at/success" "Mozilla/5.0 (Windows NT 6.1; WOW64; Trident/7.0; rv:11.0) like Gecko"
91.114.44.210 - - [20/Jul/2020:09:15:46 +0200] "GET /reload?ser=1595229346060 HTTP/1.1" 200 28 "http://renault.activities.at/success" "Mozilla/5.0 (Windows NT 6.1; WOW64; Trident/7.0; rv:11.0) like Gecko"
80.110.69.130 - - [20/Jul/2020:09:15:46 +0200] "GET /reload?ser=1595229344190 HTTP/1.1" 200 28 "http://renault.2web.at/account" "Mozilla/5.0 (Windows NT 10.0; Win64; x64) AppleWebKit/537.36 (KHTML, like Gecko) Chrome/84.0.4147.89 Safari/537.36"
91.114.44.210 - - [20/Jul/2020:09:16:47 +0200] "GET /reload?ser=1595229407056 HTTP/1.1" 200 28 "http://renault.activities.at/success" "Mozilla/5.0 (Windows NT 6.1; WOW64; Trident/7.0; rv:11.0) like Gecko"
80.110.69.130 - - [20/Jul/2020:09:16:48 +0200] "GET /reload?ser=1595229406190 HTTP/1.1" 200 28 "http://renault.2web.at/account" "Mozilla/5.0 (Windows NT 10.0; Win64; x64) AppleWebKit/537.36 (KHTML, like Gecko) Chrome/84.0.4147.89 Safari/537.36"
91.114.44.210 - - [20/Jul/2020:09:17:48 +0200] "GET /reload?ser=1595229468038 HTTP/1.1" 200 28 "http://renault.activities.at/success" "Mozilla/5.0 (Windows NT 6.1; WOW64; Trident/7.0; rv:11.0) like Gecko"
80.110.69.130 - - [20/Jul/2020:09:17:49 +0200] "GET /reload?ser=1595229467191 HTTP/1.1" 200 28 "http://renault.2web.at/account" "Mozilla/5.0 (Windows NT 10.0; Win64; x64) AppleWebKit/537.36 (KHTML, like Gecko) Chrome/84.0.4147.89 Safari/537.36"
91.114.44.210 - - [20/Jul/2020:09:18:49 +0200] "GET /reload?ser=1595229529001 HTTP/1.1" 200 28 "http://renault.activities.at/success" "Mozilla/5.0 (Windows NT 6.1; WOW64; Trident/7.0; rv:11.0) like Gecko"
80.110.69.130 - - [20/Jul/2020:09:18:51 +0200] "GET /reload?ser=1595229529191 HTTP/1.1" 200 28 "http://renault.2web.at/account" "Mozilla/5.0 (Windows NT 10.0; Win64; x64) AppleWebKit/537.36 (KHTML, like Gecko) Chrome/84.0.4147.89 Safari/537.36"
91.114.44.210 - - [20/Jul/2020:09:19:50 +0200] "GET /reload?ser=1595229589997 HTTP/1.1" 200 28 "http://renault.activities.at/success" "Mozilla/5.0 (Windows NT 6.1; WOW64; Trident/7.0; rv:11.0) like Gecko"
80.110.69.130 - - [20/Jul/2020:09:19:53 +0200] "GET /reload?ser=1595229591190 HTTP/1.1" 200 28 "http://renault.2web.at/account" "Mozilla/5.0 (Windows NT 10.0; Win64; x64) AppleWebKit/537.36 (KHTML, like Gecko) Chrome/84.0.4147.89 Safari/537.36"
91.114.44.210 - - [20/Jul/2020:09:20:51 +0200] "GET /reload?ser=1595229650992 HTTP/1.1" 200 28 "http://renault.activities.at/success" "Mozilla/5.0 (Windows NT 6.1; WOW64; Trident/7.0; rv:11.0) like Gecko"
80.110.69.130 - - [20/Jul/2020:09:20:54 +0200] "GET /reload?ser=1595229652190 HTTP/1.1" 200 28 "http://renault.2web.at/account" "Mozilla/5.0 (Windows NT 10.0; Win64; x64) AppleWebKit/537.36 (KHTML, like Gecko) Chrome/84.0.4147.89 Safari/537.36"
91.114.44.210 - - [20/Jul/2020:09:21:52 +0200] "GET /reload?ser=1595229712001 HTTP/1.1" 200 28 "http://renault.activities.at/success" "Mozilla/5.0 (Windows NT 6.1; WOW64; Trident/7.0; rv:11.0) like Gecko"
80.110.69.130 - - [20/Jul/2020:09:21:55 +0200] "GET /reload?ser=1595229713190 HTTP/1.1" 200 28 "http://renault.2web.at/account" "Mozilla/5.0 (Windows NT 10.0; Win64; x64) AppleWebKit/537.36 (KHTML, like Gecko) Chrome/84.0.4147.89 Safari/537.36"
91.114.44.210 - - [20/Jul/2020:09:22:53 +0200] "GET /reload?ser=1595229772981 HTTP/1.1" 200 28 "http://renault.activities.at/success" "Mozilla/5.0 (Windows NT 6.1; WOW64; Trident/7.0; rv:11.0) like Gecko"
80.110.69.130 - - [20/Jul/2020:09:22:57 +0200] "GET /reload?ser=1595229775189 HTTP/1.1" 200 28 "http://renault.2web.at/account" "Mozilla/5.0 (Windows NT 10.0; Win64; x64) AppleWebKit/537.36 (KHTML, like Gecko) Chrome/84.0.4147.89 Safari/537.36"
91.114.44.210 - - [20/Jul/2020:09:23:54 +0200] "GET /reload?ser=1595229833961 HTTP/1.1" 200 28 "http://renault.activities.at/success" "Mozilla/5.0 (Windows NT 6.1; WOW64; Trident/7.0; rv:11.0) like Gecko"
80.110.69.130 - - [20/Jul/2020:09:23:58 +0200] "GET /reload?ser=1595229836190 HTTP/1.1" 200 28 "http://renault.2web.at/account" "Mozilla/5.0 (Windows NT 10.0; Win64; x64) AppleWebKit/537.36 (KHTML, like Gecko) Chrome/84.0.4147.89 Safari/537.36"
91.114.44.210 - - [20/Jul/2020:09:24:55 +0200] "GET /reload?ser=1595229894959 HTTP/1.1" 200 28 "http://renault.activities.at/success" "Mozilla/5.0 (Windows NT 6.1; WOW64; Trident/7.0; rv:11.0) like Gecko"
80.110.69.130 - - [20/Jul/2020:09:25:00 +0200] "GET /reload?ser=1595229898211 HTTP/1.1" 200 28 "http://renault.2web.at/account" "Mozilla/5.0 (Windows NT 10.0; Win64; x64) AppleWebKit/537.36 (KHTML, like Gecko) Chrome/84.0.4147.89 Safari/537.36"
91.114.44.210 - - [20/Jul/2020:09:25:56 +0200] "GET /reload?ser=1595229955968 HTTP/1.1" 200 28 "http://renault.activities.at/success" "Mozilla/5.0 (Windows NT 6.1; WOW64; Trident/7.0; rv:11.0) like Gecko"
80.110.69.130 - - [20/Jul/2020:09:26:02 +0200] "GET /reload?ser=1595229960221 HTTP/1.1" 200 28 "http://renault.2web.at/account" "Mozilla/5.0 (Windows NT 10.0; Win64; x64) AppleWebKit/537.36 (KHTML, like Gecko) Chrome/84.0.4147.89 Safari/537.36"
91.114.44.210 - - [20/Jul/2020:09:26:57 +0200] "GET /reload?ser=1595230016949 HTTP/1.1" 200 28 "http://renault.activities.at/success" "Mozilla/5.0 (Windows NT 6.1; WOW64; Trident/7.0; rv:11.0) like Gecko"
80.110.69.130 - - [20/Jul/2020:09:27:04 +0200] "GET /reload?ser=1595230022189 HTTP/1.1" 200 28 "http://renault.2web.at/account" "Mozilla/5.0 (Windows NT 10.0; Win64; x64) AppleWebKit/537.36 (KHTML, like Gecko) Chrome/84.0.4147.89 Safari/537.36"
91.114.44.210 - - [20/Jul/2020:09:27:58 +0200] "GET /reload?ser=1595230077930 HTTP/1.1" 200 28 "http://renault.activities.at/success" "Mozilla/5.0 (Windows NT 6.1; WOW64; Trident/7.0; rv:11.0) like Gecko"
80.110.69.130 - - [20/Jul/2020:09:28:06 +0200] "GET /reload?ser=1595230084191 HTTP/1.1" 200 28 "http://renault.2web.at/account" "Mozilla/5.0 (Windows NT 10.0; Win64; x64) AppleWebKit/537.36 (KHTML, like Gecko) Chrome/84.0.4147.89 Safari/537.36"
91.114.44.210 - - [20/Jul/2020:09:28:59 +0200] "GET /reload?ser=1595230138895 HTTP/1.1" 200 28 "http://renault.activities.at/success" "Mozilla/5.0 (Windows NT 6.1; WOW64; Trident/7.0; rv:11.0) like Gecko"
80.110.69.130 - - [20/Jul/2020:09:29:08 +0200] "GET /reload?ser=1595230146190 HTTP/1.1" 200 28 "http://renault.2web.at/account" "Mozilla/5.0 (Windows NT 10.0; Win64; x64) AppleWebKit/537.36 (KHTML, like Gecko) Chrome/84.0.4147.89 Safari/537.36"
91.114.44.210 - - [20/Jul/2020:09:30:00 +0200] "GET /reload?ser=1595230199890 HTTP/1.1" 200 28 "http://renault.activities.at/success" "Mozilla/5.0 (Windows NT 6.1; WOW64; Trident/7.0; rv:11.0) like Gecko"
80.110.69.130 - - [20/Jul/2020:09:30:09 +0200] "GET /reload?ser=1595230207190 HTTP/1.1" 200 28 "http://renault.2web.at/account" "Mozilla/5.0 (Windows NT 10.0; Win64; x64) AppleWebKit/537.36 (KHTML, like Gecko) Chrome/84.0.4147.89 Safari/537.36"
91.114.44.210 - - [20/Jul/2020:09:31:00 +0200] "GET /reload?ser=1595230260868 HTTP/1.1" 200 28 "http://renault.activities.at/success" "Mozilla/5.0 (Windows NT 6.1; WOW64; Trident/7.0; rv:11.0) like Gecko"
80.110.69.130 - - [20/Jul/2020:09:31:10 +0200] "GET /reload?ser=1595230268190 HTTP/1.1" 200 28 "http://renault.2web.at/account" "Mozilla/5.0 (Windows NT 10.0; Win64; x64) AppleWebKit/537.36 (KHTML, like Gecko) Chrome/84.0.4147.89 Safari/537.36"
91.114.44.210 - - [20/Jul/2020:09:32:01 +0200] "GET /reload?ser=1595230321863 HTTP/1.1" 200 28 "http://renault.activities.at/success" "Mozilla/5.0 (Windows NT 6.1; WOW64; Trident/7.0; rv:11.0) like Gecko"
80.110.69.130 - - [20/Jul/2020:09:32:11 +0200] "GET /reload?ser=1595230329190 HTTP/1.1" 200 28 "http://renault.2web.at/account" "Mozilla/5.0 (Windows NT 10.0; Win64; x64) AppleWebKit/537.36 (KHTML, like Gecko) Chrome/84.0.4147.89 Safari/537.36"
91.114.44.210 - - [20/Jul/2020:09:33:02 +0200] "GET /reload?ser=1595230382828 HTTP/1.1" 200 28 "http://renault.activities.at/success" "Mozilla/5.0 (Windows NT 6.1; WOW64; Trident/7.0; rv:11.0) like Gecko"
80.110.69.130 - - [20/Jul/2020:09:33:12 +0200] "GET /reload?ser=1595230390191 HTTP/1.1" 200 28 "http://renault.2web.at/account" "Mozilla/5.0 (Windows NT 10.0; Win64; x64) AppleWebKit/537.36 (KHTML, like Gecko) Chrome/84.0.4147.89 Safari/537.36"
91.113.144.26 - - [20/Jul/2020:09:33:22 +0200] "GET / HTTP/1.1" 200 3273 "-" "Mozilla/5.0 (Windows NT 6.3; WOW64; Trident/7.0; rv:11.0) like Gecko"
91.113.144.26 - - [20/Jul/2020:09:33:23 +0200] "GET /js/default.js HTTP/1.1" 304 - "http://renault.activities.at/" "Mozilla/5.0 (Windows NT 6.3; WOW64; Trident/7.0; rv:11.0) like Gecko"
91.113.144.26 - - [20/Jul/2020:09:33:23 +0200] "GET /js/flashdetection.js HTTP/1.1" 304 - "http://renault.activities.at/" "Mozilla/5.0 (Windows NT 6.3; WOW64; Trident/7.0; rv:11.0) like Gecko"
91.113.144.26 - - [20/Jul/2020:09:33:23 +0200] "GET /css/reset.css HTTP/1.1" 304 - "http://renault.activities.at/" "Mozilla/5.0 (Windows NT 6.3; WOW64; Trident/7.0; rv:11.0) like Gecko"
91.113.144.26 - - [20/Jul/2020:09:33:23 +0200] "GET /css/clears.css HTTP/1.1" 304 - "http://renault.activities.at/" "Mozilla/5.0 (Windows NT 6.3; WOW64; Trident/7.0; rv:11.0) like Gecko"
91.113.144.26 - - [20/Jul/2020:09:33:23 +0200] "GET /css/styles.css HTTP/1.1" 304 - "http://renault.activities.at/" "Mozilla/5.0 (Windows NT 6.3; WOW64; Trident/7.0; rv:11.0) like Gecko"
91.113.144.26 - - [20/Jul/2020:09:33:23 +0200] "GET /css/print.css HTTP/1.1" 304 - "http://renault.activities.at/" "Mozilla/5.0 (Windows NT 6.3; WOW64; Trident/7.0; rv:11.0) like Gecko"
91.113.144.26 - - [20/Jul/2020:09:33:23 +0200] "GET /js/checkout.css HTTP/1.1" 304 - "http://renault.activities.at/" "Mozilla/5.0 (Windows NT 6.3; WOW64; Trident/7.0; rv:11.0) like Gecko"
91.113.144.26 - - [20/Jul/2020:09:33:23 +0200] "GET /css/prototip.css HTTP/1.1" 304 - "http://renault.activities.at/" "Mozilla/5.0 (Windows NT 6.3; WOW64; Trident/7.0; rv:11.0) like Gecko"
91.113.144.26 - - [20/Jul/2020:09:33:23 +0200] "GET /css/themes/default.css HTTP/1.1" 304 - "http://renault.activities.at/" "Mozilla/5.0 (Windows NT 6.3; WOW64; Trident/7.0; rv:11.0) like Gecko"
91.113.144.26 - - [20/Jul/2020:09:33:23 +0200] "GET /css/themes/alphacube.css HTTP/1.1" 304 - "http://renault.activities.at/" "Mozilla/5.0 (Windows NT 6.3; WOW64; Trident/7.0; rv:11.0) like Gecko"
91.113.144.26 - - [20/Jul/2020:09:33:23 +0200] "GET /js/index.php?c=auto&f=,prototype/prototype.js,prototype/validation.js,scriptaculous/builder.js,scriptaculous/effects.js,scriptaculous/dragdrop.js,scriptaculous/controls.js,scriptaculous/slider.js,varien/js.js,varien/form.js,varien/menu.js,mage/translate.js,mage/cookies.js,varien/product.js,spinner/SpinnerControl.jsmin.js,prototype/window.js,prototype/window_ext.js HTTP/1.1" 304 - "http://renault.activities.at/" "Mozilla/5.0 (Windows NT 6.3; WOW64; Trident/7.0; rv:11.0) like Gecko"
91.113.144.26 - - [20/Jul/2020:09:33:23 +0200] "GET /images/main_block_corner_left_bot.gif HTTP/1.1" 304 - "http://renault.activities.at/" "Mozilla/5.0 (Windows NT 6.3; WOW64; Trident/7.0; rv:11.0) like Gecko"
91.113.144.26 - - [20/Jul/2020:09:33:23 +0200] "GET /images/header_block_border.gif HTTP/1.1" 304 - "http://renault.activities.at/" "Mozilla/5.0 (Windows NT 6.3; WOW64; Trident/7.0; rv:11.0) like Gecko"
91.113.144.26 - - [20/Jul/2020:09:33:23 +0200] "GET /images/header_block_corner_left_top.gif HTTP/1.1" 304 - "http://renault.activities.at/" "Mozilla/5.0 (Windows NT 6.3; WOW64; Trident/7.0; rv:11.0) like Gecko"
91.113.144.26 - - [20/Jul/2020:09:33:23 +0200] "GET /images/main_block_border.gif HTTP/1.1" 304 - "http://renault.activities.at/" "Mozilla/5.0 (Windows NT 6.3; WOW64; Trident/7.0; rv:11.0) like Gecko"
91.113.144.26 - - [20/Jul/2020:09:33:23 +0200] "GET /images/main_block_corner_right_bot.gif HTTP/1.1" 304 - "http://renault.activities.at/" "Mozilla/5.0 (Windows NT 6.3; WOW64; Trident/7.0; rv:11.0) like Gecko"
91.113.144.26 - - [20/Jul/2020:09:33:23 +0200] "GET /images/header_block_corner_right_top.gif HTTP/1.1" 304 - "http://renault.activities.at/" "Mozilla/5.0 (Windows NT 6.3; WOW64; Trident/7.0; rv:11.0) like Gecko"
91.113.144.26 - - [20/Jul/2020:09:33:23 +0200] "GET /images/main_block_corner_left_top.gif HTTP/1.1" 304 - "http://renault.activities.at/" "Mozilla/5.0 (Windows NT 6.3; WOW64; Trident/7.0; rv:11.0) like Gecko"
91.113.144.26 - - [20/Jul/2020:09:33:23 +0200] "GET /images/main_block_corner_right_top.gif HTTP/1.1" 304 - "http://renault.activities.at/" "Mozilla/5.0 (Windows NT 6.3; WOW64; Trident/7.0; rv:11.0) like Gecko"
91.113.144.26 - - [20/Jul/2020:09:33:23 +0200] "GET /images/title_border_top.jpg HTTP/1.1" 304 - "http://renault.activities.at/" "Mozilla/5.0 (Windows NT 6.3; WOW64; Trident/7.0; rv:11.0) like Gecko"
91.113.144.26 - - [20/Jul/2020:09:33:23 +0200] "GET /images/title_border.jpg HTTP/1.1" 304 - "http://renault.activities.at/" "Mozilla/5.0 (Windows NT 6.3; WOW64; Trident/7.0; rv:11.0) like Gecko"
91.113.144.26 - - [20/Jul/2020:09:33:23 +0200] "GET /images/title_corner_left_top.jpg HTTP/1.1" 304 - "http://renault.activities.at/" "Mozilla/5.0 (Windows NT 6.3; WOW64; Trident/7.0; rv:11.0) like Gecko"
91.113.144.26 - - [20/Jul/2020:09:33:23 +0200] "GET /images/title_corner_right_top.jpg HTTP/1.1" 304 - "http://renault.activities.at/" "Mozilla/5.0 (Windows NT 6.3; WOW64; Trident/7.0; rv:11.0) like Gecko"
91.113.144.26 - - [20/Jul/2020:09:33:23 +0200] "GET /images/favicon.ico HTTP/1.1" 404 305 "-" "Mozilla/5.0 (Windows NT 6.3; Win64; x64; Trident/7.0; rv:11.0) like Gecko"
91.113.144.26 - - [20/Jul/2020:09:33:23 +0200] "GET /loadthumbnail.php?id=11127982 HTTP/1.1" 200 399614 "http://renault.activities.at/" "Mozilla/5.0 (Windows NT 6.3; WOW64; Trident/7.0; rv:11.0) like Gecko"
91.113.144.26 - - [20/Jul/2020:09:33:25 +0200] "GET /login HTTP/1.1" 200 2085 "http://renault.activities.at/" "Mozilla/5.0 (Windows NT 6.3; WOW64; Trident/7.0; rv:11.0) like Gecko"
91.113.144.26 - - [20/Jul/2020:09:33:26 +0200] "GET /js/default.js HTTP/1.1" 304 - "http://renault.activities.at/login" "Mozilla/5.0 (Windows NT 6.3; WOW64; Trident/7.0; rv:11.0) like Gecko"
91.113.144.26 - - [20/Jul/2020:09:33:26 +0200] "GET /css/styles.css HTTP/1.1" 304 - "http://renault.activities.at/login" "Mozilla/5.0 (Windows NT 6.3; WOW64; Trident/7.0; rv:11.0) like Gecko"
91.113.144.26 - - [20/Jul/2020:09:33:26 +0200] "GET /css/reset.css HTTP/1.1" 304 - "http://renault.activities.at/login" "Mozilla/5.0 (Windows NT 6.3; WOW64; Trident/7.0; rv:11.0) like Gecko"
91.113.144.26 - - [20/Jul/2020:09:33:26 +0200] "GET /css/print.css HTTP/1.1" 304 - "http://renault.activities.at/login" "Mozilla/5.0 (Windows NT 6.3; WOW64; Trident/7.0; rv:11.0) like Gecko"
91.113.144.26 - - [20/Jul/2020:09:33:26 +0200] "GET /css/clears.css HTTP/1.1" 304 - "http://renault.activities.at/login" "Mozilla/5.0 (Windows NT 6.3; WOW64; Trident/7.0; rv:11.0) like Gecko"
91.113.144.26 - - [20/Jul/2020:09:33:26 +0200] "GET /js/index.php?c=auto&f=,prototype/prototype.js,prototype/validation.js,scriptaculous/builder.js,scriptaculous/effects.js,scriptaculous/dragdrop.js,scriptaculous/controls.js,scriptaculous/slider.js,varien/js.js,varien/form.js,varien/menu.js,mage/translate.js,mage/cookies.js,varien/product.js,spinner/SpinnerControl.jsmin.js,prototype/window.js,prototype/window_ext.js HTTP/1.1" 304 - "http://renault.activities.at/login" "Mozilla/5.0 (Windows NT 6.3; WOW64; Trident/7.0; rv:11.0) like Gecko"
91.113.144.26 - - [20/Jul/2020:09:33:26 +0200] "GET /js/checkout.css HTTP/1.1" 304 - "http://renault.activities.at/login" "Mozilla/5.0 (Windows NT 6.3; WOW64; Trident/7.0; rv:11.0) like Gecko"
91.113.144.26 - - [20/Jul/2020:09:33:26 +0200] "GET /css/themes/default.css HTTP/1.1" 304 - "http://renault.activities.at/login" "Mozilla/5.0 (Windows NT 6.3; WOW64; Trident/7.0; rv:11.0) like Gecko"
91.113.144.26 - - [20/Jul/2020:09:33:26 +0200] "GET /css/prototip.css HTTP/1.1" 304 - "http://renault.activities.at/login" "Mozilla/5.0 (Windows NT 6.3; WOW64; Trident/7.0; rv:11.0) like Gecko"
91.113.144.26 - - [20/Jul/2020:09:33:26 +0200] "GET /css/themes/alphacube.css HTTP/1.1" 304 - "http://renault.activities.at/login" "Mozilla/5.0 (Windows NT 6.3; WOW64; Trident/7.0; rv:11.0) like Gecko"
91.113.144.26 - - [20/Jul/2020:09:33:26 +0200] "GET /images/main_block_corner_left_top.gif HTTP/1.1" 304 - "http://renault.activities.at/login" "Mozilla/5.0 (Windows NT 6.3; WOW64; Trident/7.0; rv:11.0) like Gecko"
91.113.144.26 - - [20/Jul/2020:09:33:26 +0200] "GET /images/main_block_corner_right_top.gif HTTP/1.1" 304 - "http://renault.activities.at/login" "Mozilla/5.0 (Windows NT 6.3; WOW64; Trident/7.0; rv:11.0) like Gecko"
91.113.144.26 - - [20/Jul/2020:09:33:26 +0200] "GET /images/main_block_border.gif HTTP/1.1" 304 - "http://renault.activities.at/login" "Mozilla/5.0 (Windows NT 6.3; WOW64; Trident/7.0; rv:11.0) like Gecko"
91.113.144.26 - - [20/Jul/2020:09:33:26 +0200] "GET /images/main_block_corner_right_bot.gif HTTP/1.1" 304 - "http://renault.activities.at/login" "Mozilla/5.0 (Windows NT 6.3; WOW64; Trident/7.0; rv:11.0) like Gecko"
91.113.144.26 - - [20/Jul/2020:09:33:26 +0200] "GET /images/main_block_corner_left_bot.gif HTTP/1.1" 304 - "http://renault.activities.at/login" "Mozilla/5.0 (Windows NT 6.3; WOW64; Trident/7.0; rv:11.0) like Gecko"
91.113.144.26 - - [20/Jul/2020:09:33:26 +0200] "GET /images/header_block_border.gif HTTP/1.1" 304 - "http://renault.activities.at/login" "Mozilla/5.0 (Windows NT 6.3; WOW64; Trident/7.0; rv:11.0) like Gecko"
91.113.144.26 - - [20/Jul/2020:09:33:26 +0200] "GET /images/header_block_corner_left_top.gif HTTP/1.1" 304 - "http://renault.activities.at/login" "Mozilla/5.0 (Windows NT 6.3; WOW64; Trident/7.0; rv:11.0) like Gecko"
91.113.144.26 - - [20/Jul/2020:09:33:26 +0200] "GET /images/header_block_corner_right_top.gif HTTP/1.1" 304 - "http://renault.activities.at/login" "Mozilla/5.0 (Windows NT 6.3; WOW64; Trident/7.0; rv:11.0) like Gecko"
91.113.144.26 - - [20/Jul/2020:09:33:26 +0200] "GET /images/title_border.jpg HTTP/1.1" 304 - "http://renault.activities.at/login" "Mozilla/5.0 (Windows NT 6.3; WOW64; Trident/7.0; rv:11.0) like Gecko"
91.113.144.26 - - [20/Jul/2020:09:33:26 +0200] "GET /images/title_border_top.jpg HTTP/1.1" 304 - "http://renault.activities.at/login" "Mozilla/5.0 (Windows NT 6.3; WOW64; Trident/7.0; rv:11.0) like Gecko"
91.113.144.26 - - [20/Jul/2020:09:33:26 +0200] "GET /images/title_corner_right_top.jpg HTTP/1.1" 304 - "http://renault.activities.at/login" "Mozilla/5.0 (Windows NT 6.3; WOW64; Trident/7.0; rv:11.0) like Gecko"
91.113.144.26 - - [20/Jul/2020:09:33:26 +0200] "GET /images/title_corner_left_top.jpg HTTP/1.1" 304 - "http://renault.activities.at/login" "Mozilla/5.0 (Windows NT 6.3; WOW64; Trident/7.0; rv:11.0) like Gecko"
91.113.144.26 - - [20/Jul/2020:09:33:26 +0200] "GET /images/button_right_bg.gif HTTP/1.1" 304 - "http://renault.activities.at/login" "Mozilla/5.0 (Windows NT 6.3; WOW64; Trident/7.0; rv:11.0) like Gecko"
91.113.144.26 - - [20/Jul/2020:09:33:26 +0200] "GET /images/button_bg.gif HTTP/1.1" 304 - "http://renault.activities.at/login" "Mozilla/5.0 (Windows NT 6.3; WOW64; Trident/7.0; rv:11.0) like Gecko"
91.113.144.26 - - [20/Jul/2020:09:33:26 +0200] "GET /images/button_left_bg.gif HTTP/1.1" 304 - "http://renault.activities.at/login" "Mozilla/5.0 (Windows NT 6.3; WOW64; Trident/7.0; rv:11.0) like Gecko"
91.113.144.26 - - [20/Jul/2020:09:33:26 +0200] "GET /images/favicon.ico HTTP/1.1" 404 305 "-" "Mozilla/5.0 (Windows NT 6.3; Win64; x64; Trident/7.0; rv:11.0) like Gecko"
91.113.144.26 - - [20/Jul/2020:09:33:27 +0200] "GET /favicon.ico HTTP/1.1" 200 3250 "-" "Mozilla/5.0 (Windows NT 6.3; Win64; x64; Trident/7.0; rv:11.0) like Gecko"
91.113.144.26 - - [20/Jul/2020:09:33:35 +0200] "POST /login HTTP/1.1" 302 140 "http://renault.activities.at/login" "Mozilla/5.0 (Windows NT 6.3; WOW64; Trident/7.0; rv:11.0) like Gecko"
91.113.144.26 - - [20/Jul/2020:09:33:37 +0200] "GET /account HTTP/1.1" 200 6199 "http://renault.activities.at/login" "Mozilla/5.0 (Windows NT 6.3; WOW64; Trident/7.0; rv:11.0) like Gecko"
91.113.144.26 - - [20/Jul/2020:09:33:41 +0200] "GET /css/styles.css HTTP/1.1" 304 - "http://renault.activities.at/account" "Mozilla/5.0 (Windows NT 6.3; WOW64; Trident/7.0; rv:11.0) like Gecko"
91.113.144.26 - - [20/Jul/2020:09:33:41 +0200] "GET /css/print.css HTTP/1.1" 304 - "http://renault.activities.at/account" "Mozilla/5.0 (Windows NT 6.3; WOW64; Trident/7.0; rv:11.0) like Gecko"
91.113.144.26 - - [20/Jul/2020:09:33:41 +0200] "GET /js/default.js HTTP/1.1" 304 - "http://renault.activities.at/account" "Mozilla/5.0 (Windows NT 6.3; WOW64; Trident/7.0; rv:11.0) like Gecko"
91.113.144.26 - - [20/Jul/2020:09:33:41 +0200] "GET /css/reset.css HTTP/1.1" 304 - "http://renault.activities.at/account" "Mozilla/5.0 (Windows NT 6.3; WOW64; Trident/7.0; rv:11.0) like Gecko"
91.113.144.26 - - [20/Jul/2020:09:33:41 +0200] "GET /css/clears.css HTTP/1.1" 304 - "http://renault.activities.at/account" "Mozilla/5.0 (Windows NT 6.3; WOW64; Trident/7.0; rv:11.0) like Gecko"
91.113.144.26 - - [20/Jul/2020:09:33:41 +0200] "GET /js/index.php?c=auto&f=,prototype/prototype.js,prototype/validation.js,scriptaculous/builder.js,scriptaculous/effects.js,scriptaculous/dragdrop.js,scriptaculous/controls.js,scriptaculous/slider.js,varien/js.js,varien/form.js,varien/menu.js,mage/translate.js,mage/cookies.js,varien/product.js,spinner/SpinnerControl.jsmin.js,prototype/window.js,prototype/window_ext.js HTTP/1.1" 304 - "http://renault.activities.at/account" "Mozilla/5.0 (Windows NT 6.3; WOW64; Trident/7.0; rv:11.0) like Gecko"
91.113.144.26 - - [20/Jul/2020:09:33:41 +0200] "GET /js/checkout.css HTTP/1.1" 304 - "http://renault.activities.at/account" "Mozilla/5.0 (Windows NT 6.3; WOW64; Trident/7.0; rv:11.0) like Gecko"
91.113.144.26 - - [20/Jul/2020:09:33:41 +0200] "GET /css/themes/default.css HTTP/1.1" 304 - "http://renault.activities.at/account" "Mozilla/5.0 (Windows NT 6.3; WOW64; Trident/7.0; rv:11.0) like Gecko"
91.113.144.26 - - [20/Jul/2020:09:33:41 +0200] "GET /css/prototip.css HTTP/1.1" 304 - "http://renault.activities.at/account" "Mozilla/5.0 (Windows NT 6.3; WOW64; Trident/7.0; rv:11.0) like Gecko"
91.113.144.26 - - [20/Jul/2020:09:33:41 +0200] "GET /css/themes/alphacube.css HTTP/1.1" 304 - "http://renault.activities.at/account" "Mozilla/5.0 (Windows NT 6.3; WOW64; Trident/7.0; rv:11.0) like Gecko"
91.113.144.26 - - [20/Jul/2020:09:33:41 +0200] "GET /js/account.js HTTP/1.1" 304 - "http://renault.activities.at/account" "Mozilla/5.0 (Windows NT 6.3; WOW64; Trident/7.0; rv:11.0) like Gecko"
91.113.144.26 - - [20/Jul/2020:09:33:41 +0200] "GET /images/header_block_border.gif HTTP/1.1" 304 - "http://renault.activities.at/account" "Mozilla/5.0 (Windows NT 6.3; WOW64; Trident/7.0; rv:11.0) like Gecko"
91.113.144.26 - - [20/Jul/2020:09:33:41 +0200] "GET /images/header_block_corner_left_top.gif HTTP/1.1" 304 - "http://renault.activities.at/account" "Mozilla/5.0 (Windows NT 6.3; WOW64; Trident/7.0; rv:11.0) like Gecko"
91.113.144.26 - - [20/Jul/2020:09:33:41 +0200] "GET /images/header_block_corner_right_top.gif HTTP/1.1" 304 - "http://renault.activities.at/account" "Mozilla/5.0 (Windows NT 6.3; WOW64; Trident/7.0; rv:11.0) like Gecko"
91.113.144.26 - - [20/Jul/2020:09:33:41 +0200] "GET /images/search_bg.gif HTTP/1.1" 304 - "http://renault.activities.at/account" "Mozilla/5.0 (Windows NT 6.3; WOW64; Trident/7.0; rv:11.0) like Gecko"
91.113.144.26 - - [20/Jul/2020:09:33:41 +0200] "GET /images/main_block_border.gif HTTP/1.1" 304 - "http://renault.activities.at/account" "Mozilla/5.0 (Windows NT 6.3; WOW64; Trident/7.0; rv:11.0) like Gecko"
91.113.144.26 - - [20/Jul/2020:09:33:41 +0200] "GET /loadthumbnail.php?id=12040647&width=50&height=50 HTTP/1.1" 200 1177 "http://renault.activities.at/account" "Mozilla/5.0 (Windows NT 6.3; WOW64; Trident/7.0; rv:11.0) like Gecko"
91.113.144.26 - - [20/Jul/2020:09:33:41 +0200] "GET /images/main_block_corner_left_top.gif HTTP/1.1" 304 - "http://renault.activities.at/account" "Mozilla/5.0 (Windows NT 6.3; WOW64; Trident/7.0; rv:11.0) like Gecko"
91.113.144.26 - - [20/Jul/2020:09:33:41 +0200] "GET /images/main_block_corner_right_top.gif HTTP/1.1" 304 - "http://renault.activities.at/account" "Mozilla/5.0 (Windows NT 6.3; WOW64; Trident/7.0; rv:11.0) like Gecko"
91.113.144.26 - - [20/Jul/2020:09:33:41 +0200] "GET /images/main_block_corner_left_bot.gif HTTP/1.1" 304 - "http://renault.activities.at/account" "Mozilla/5.0 (Windows NT 6.3; WOW64; Trident/7.0; rv:11.0) like Gecko"
91.113.144.26 - - [20/Jul/2020:09:33:41 +0200] "GET /images/main_block_corner_right_bot.gif HTTP/1.1" 304 - "http://renault.activities.at/account" "Mozilla/5.0 (Windows NT 6.3; WOW64; Trident/7.0; rv:11.0) like Gecko"
91.113.144.26 - - [20/Jul/2020:09:33:41 +0200] "GET /loadthumbnail.php?id=11036127&width=50&height=50 HTTP/1.1" 200 684 "http://renault.activities.at/account" "Mozilla/5.0 (Windows NT 6.3; WOW64; Trident/7.0; rv:11.0) like Gecko"
91.113.144.26 - - [20/Jul/2020:09:33:41 +0200] "GET /loadthumbnail.php?id=11141133&width=50&height=50 HTTP/1.1" 200 682 "http://renault.activities.at/account" "Mozilla/5.0 (Windows NT 6.3; WOW64; Trident/7.0; rv:11.0) like Gecko"
91.113.144.26 - - [20/Jul/2020:09:33:41 +0200] "GET /loadthumbnail.php?id=10995605&width=50&height=50 HTTP/1.1" 200 735 "http://renault.activities.at/account" "Mozilla/5.0 (Windows NT 6.3; WOW64; Trident/7.0; rv:11.0) like Gecko"
91.113.144.26 - - [20/Jul/2020:09:33:41 +0200] "GET /images/top_links_divider.gif HTTP/1.1" 304 - "http://renault.activities.at/account" "Mozilla/5.0 (Windows NT 6.3; WOW64; Trident/7.0; rv:11.0) like Gecko"
91.113.144.26 - - [20/Jul/2020:09:33:41 +0200] "GET /loadthumbnail.php?id=10915652&width=50&height=50 HTTP/1.1" 200 761 "http://renault.activities.at/account" "Mozilla/5.0 (Windows NT 6.3; WOW64; Trident/7.0; rv:11.0) like Gecko"
91.113.144.26 - - [20/Jul/2020:09:33:41 +0200] "GET /images/menu_button_bg.jpg HTTP/1.1" 304 - "http://renault.activities.at/account" "Mozilla/5.0 (Windows NT 6.3; WOW64; Trident/7.0; rv:11.0) like Gecko"
91.113.144.26 - - [20/Jul/2020:09:33:41 +0200] "GET /images/nav_divider.gif HTTP/1.1" 304 - "http://renault.activities.at/account" "Mozilla/5.0 (Windows NT 6.3; WOW64; Trident/7.0; rv:11.0) like Gecko"
91.113.144.26 - - [20/Jul/2020:09:33:41 +0200] "GET /images/menu_divider.gif HTTP/1.1" 304 - "http://renault.activities.at/account" "Mozilla/5.0 (Windows NT 6.3; WOW64; Trident/7.0; rv:11.0) like Gecko"
91.113.144.26 - - [20/Jul/2020:09:33:41 +0200] "GET /images/button_left_bg.gif HTTP/1.1" 304 - "http://renault.activities.at/account" "Mozilla/5.0 (Windows NT 6.3; WOW64; Trident/7.0; rv:11.0) like Gecko"
91.113.144.26 - - [20/Jul/2020:09:33:41 +0200] "GET /images/sidebar_title_border.gif HTTP/1.1" 304 - "http://renault.activities.at/account" "Mozilla/5.0 (Windows NT 6.3; WOW64; Trident/7.0; rv:11.0) like Gecko"
91.113.144.26 - - [20/Jul/2020:09:33:41 +0200] "GET /images/sidebar_title_border_top.gif HTTP/1.1" 304 - "http://renault.activities.at/account" "Mozilla/5.0 (Windows NT 6.3; WOW64; Trident/7.0; rv:11.0) like Gecko"
91.113.144.26 - - [20/Jul/2020:09:33:41 +0200] "GET /images/sidebar_title_corner_left_top.gif HTTP/1.1" 304 - "http://renault.activities.at/account" "Mozilla/5.0 (Windows NT 6.3; WOW64; Trident/7.0; rv:11.0) like Gecko"
91.113.144.26 - - [20/Jul/2020:09:33:41 +0200] "GET /images/sidebar_title_corner_right_top.gif HTTP/1.1" 304 - "http://renault.activities.at/account" "Mozilla/5.0 (Windows NT 6.3; WOW64; Trident/7.0; rv:11.0) like Gecko"
91.113.144.26 - - [20/Jul/2020:09:33:41 +0200] "GET /images/button_bg.gif HTTP/1.1" 304 - "http://renault.activities.at/account" "Mozilla/5.0 (Windows NT 6.3; WOW64; Trident/7.0; rv:11.0) like Gecko"
91.113.144.26 - - [20/Jul/2020:09:33:41 +0200] "GET /images/button_right_bg.gif HTTP/1.1" 304 - "http://renault.activities.at/account" "Mozilla/5.0 (Windows NT 6.3; WOW64; Trident/7.0; rv:11.0) like Gecko"
91.113.144.26 - - [20/Jul/2020:09:33:41 +0200] "GET /images/title_border.jpg HTTP/1.1" 304 - "http://renault.activities.at/account" "Mozilla/5.0 (Windows NT 6.3; WOW64; Trident/7.0; rv:11.0) like Gecko"
91.113.144.26 - - [20/Jul/2020:09:33:41 +0200] "GET /images/title_border_top.jpg HTTP/1.1" 304 - "http://renault.activities.at/account" "Mozilla/5.0 (Windows NT 6.3; WOW64; Trident/7.0; rv:11.0) like Gecko"
91.113.144.26 - - [20/Jul/2020:09:33:41 +0200] "GET /images/title_corner_left_top.jpg HTTP/1.1" 304 - "http://renault.activities.at/account" "Mozilla/5.0 (Windows NT 6.3; WOW64; Trident/7.0; rv:11.0) like Gecko"
91.113.144.26 - - [20/Jul/2020:09:33:41 +0200] "GET /images/title_corner_right_top.jpg HTTP/1.1" 304 - "http://renault.activities.at/account" "Mozilla/5.0 (Windows NT 6.3; WOW64; Trident/7.0; rv:11.0) like Gecko"
91.113.144.26 - - [20/Jul/2020:09:33:41 +0200] "GET /images/footer_divider.gif HTTP/1.1" 304 - "http://renault.activities.at/account" "Mozilla/5.0 (Windows NT 6.3; WOW64; Trident/7.0; rv:11.0) like Gecko"
91.113.144.26 - - [20/Jul/2020:09:33:41 +0200] "GET /favicon.ico HTTP/1.1" 200 3250 "-" "Mozilla/5.0 (Windows NT 6.3; Win64; x64; Trident/7.0; rv:11.0) like Gecko"
91.113.144.26 - - [20/Jul/2020:09:33:44 +0200] "GET /12251759 HTTP/1.1" 200 6205 "http://renault.activities.at/account" "Mozilla/5.0 (Windows NT 6.3; WOW64; Trident/7.0; rv:11.0) like Gecko"
91.113.144.26 - - [20/Jul/2020:09:33:47 +0200] "GET /js/default.js HTTP/1.1" 304 - "http://renault.activities.at/12251759" "Mozilla/5.0 (Windows NT 6.3; WOW64; Trident/7.0; rv:11.0) like Gecko"
91.113.144.26 - - [20/Jul/2020:09:33:47 +0200] "GET /css/styles.css HTTP/1.1" 304 - "http://renault.activities.at/12251759" "Mozilla/5.0 (Windows NT 6.3; WOW64; Trident/7.0; rv:11.0) like Gecko"
91.113.144.26 - - [20/Jul/2020:09:33:47 +0200] "GET /css/reset.css HTTP/1.1" 304 - "http://renault.activities.at/12251759" "Mozilla/5.0 (Windows NT 6.3; WOW64; Trident/7.0; rv:11.0) like Gecko"
91.113.144.26 - - [20/Jul/2020:09:33:47 +0200] "GET /css/clears.css HTTP/1.1" 304 - "http://renault.activities.at/12251759" "Mozilla/5.0 (Windows NT 6.3; WOW64; Trident/7.0; rv:11.0) like Gecko"
91.113.144.26 - - [20/Jul/2020:09:33:47 +0200] "GET /css/print.css HTTP/1.1" 304 - "http://renault.activities.at/12251759" "Mozilla/5.0 (Windows NT 6.3; WOW64; Trident/7.0; rv:11.0) like Gecko"
91.113.144.26 - - [20/Jul/2020:09:33:47 +0200] "GET /js/index.php?c=auto&f=,prototype/prototype.js,prototype/validation.js,scriptaculous/builder.js,scriptaculous/effects.js,scriptaculous/dragdrop.js,scriptaculous/controls.js,scriptaculous/slider.js,varien/js.js,varien/form.js,varien/menu.js,mage/translate.js,mage/cookies.js,varien/product.js,spinner/SpinnerControl.jsmin.js,prototype/window.js,prototype/window_ext.js HTTP/1.1" 304 - "http://renault.activities.at/12251759" "Mozilla/5.0 (Windows NT 6.3; WOW64; Trident/7.0; rv:11.0) like Gecko"
91.113.144.26 - - [20/Jul/2020:09:33:47 +0200] "GET /js/checkout.css HTTP/1.1" 304 - "http://renault.activities.at/12251759" "Mozilla/5.0 (Windows NT 6.3; WOW64; Trident/7.0; rv:11.0) like Gecko"
91.113.144.26 - - [20/Jul/2020:09:33:47 +0200] "GET /css/prototip.css HTTP/1.1" 304 - "http://renault.activities.at/12251759" "Mozilla/5.0 (Windows NT 6.3; WOW64; Trident/7.0; rv:11.0) like Gecko"
91.113.144.26 - - [20/Jul/2020:09:33:47 +0200] "GET /css/themes/default.css HTTP/1.1" 304 - "http://renault.activities.at/12251759" "Mozilla/5.0 (Windows NT 6.3; WOW64; Trident/7.0; rv:11.0) like Gecko"
91.113.144.26 - - [20/Jul/2020:09:33:47 +0200] "GET /css/themes/alphacube.css HTTP/1.1" 304 - "http://renault.activities.at/12251759" "Mozilla/5.0 (Windows NT 6.3; WOW64; Trident/7.0; rv:11.0) like Gecko"
91.113.144.26 - - [20/Jul/2020:09:33:47 +0200] "GET /images/icons/lupe.gif HTTP/1.1" 304 - "http://renault.activities.at/12251759" "Mozilla/5.0 (Windows NT 6.3; WOW64; Trident/7.0; rv:11.0) like Gecko"
91.113.144.26 - - [20/Jul/2020:09:33:47 +0200] "GET /images/header_block_corner_right_top.gif HTTP/1.1" 304 - "http://renault.activities.at/12251759" "Mozilla/5.0 (Windows NT 6.3; WOW64; Trident/7.0; rv:11.0) like Gecko"
91.113.144.26 - - [20/Jul/2020:09:33:47 +0200] "GET /images/header_block_corner_left_top.gif HTTP/1.1" 304 - "http://renault.activities.at/12251759" "Mozilla/5.0 (Windows NT 6.3; WOW64; Trident/7.0; rv:11.0) like Gecko"
91.113.144.26 - - [20/Jul/2020:09:33:47 +0200] "GET /images/main_block_border.gif HTTP/1.1" 304 - "http://renault.activities.at/12251759" "Mozilla/5.0 (Windows NT 6.3; WOW64; Trident/7.0; rv:11.0) like Gecko"
91.113.144.26 - - [20/Jul/2020:09:33:47 +0200] "GET /images/search_bg.gif HTTP/1.1" 304 - "http://renault.activities.at/12251759" "Mozilla/5.0 (Windows NT 6.3; WOW64; Trident/7.0; rv:11.0) like Gecko"
91.113.144.26 - - [20/Jul/2020:09:33:47 +0200] "GET /images/main_block_corner_left_top.gif HTTP/1.1" 304 - "http://renault.activities.at/12251759" "Mozilla/5.0 (Windows NT 6.3; WOW64; Trident/7.0; rv:11.0) like Gecko"
91.113.144.26 - - [20/Jul/2020:09:33:47 +0200] "GET /images/main_block_corner_right_top.gif HTTP/1.1" 304 - "http://renault.activities.at/12251759" "Mozilla/5.0 (Windows NT 6.3; WOW64; Trident/7.0; rv:11.0) like Gecko"
91.113.144.26 - - [20/Jul/2020:09:33:47 +0200] "GET /images/main_block_corner_left_bot.gif HTTP/1.1" 304 - "http://renault.activities.at/12251759" "Mozilla/5.0 (Windows NT 6.3; WOW64; Trident/7.0; rv:11.0) like Gecko"
91.113.144.26 - - [20/Jul/2020:09:33:47 +0200] "GET /images/main_block_corner_right_bot.gif HTTP/1.1" 304 - "http://renault.activities.at/12251759" "Mozilla/5.0 (Windows NT 6.3; WOW64; Trident/7.0; rv:11.0) like Gecko"
91.113.144.26 - - [20/Jul/2020:09:33:47 +0200] "GET /images/header_block_border.gif HTTP/1.1" 304 - "http://renault.activities.at/12251759" "Mozilla/5.0 (Windows NT 6.3; WOW64; Trident/7.0; rv:11.0) like Gecko"
91.113.144.26 - - [20/Jul/2020:09:33:47 +0200] "GET /images/title_corner_left_top.jpg HTTP/1.1" 304 - "http://renault.activities.at/12251759" "Mozilla/5.0 (Windows NT 6.3; WOW64; Trident/7.0; rv:11.0) like Gecko"
91.113.144.26 - - [20/Jul/2020:09:33:47 +0200] "GET /images/pager_bg.gif HTTP/1.1" 304 - "http://renault.activities.at/12251759" "Mozilla/5.0 (Windows NT 6.3; WOW64; Trident/7.0; rv:11.0) like Gecko"
91.113.144.26 - - [20/Jul/2020:09:33:47 +0200] "GET /images/title_corner_right_top.jpg HTTP/1.1" 304 - "http://renault.activities.at/12251759" "Mozilla/5.0 (Windows NT 6.3; WOW64; Trident/7.0; rv:11.0) like Gecko"
91.113.144.26 - - [20/Jul/2020:09:33:47 +0200] "GET /images/sidebar_title_corner_left_top.gif HTTP/1.1" 304 - "http://renault.activities.at/12251759" "Mozilla/5.0 (Windows NT 6.3; WOW64; Trident/7.0; rv:11.0) like Gecko"
91.113.144.26 - - [20/Jul/2020:09:33:47 +0200] "GET /images/title_border_top.jpg HTTP/1.1" 304 - "http://renault.activities.at/12251759" "Mozilla/5.0 (Windows NT 6.3; WOW64; Trident/7.0; rv:11.0) like Gecko"
91.113.144.26 - - [20/Jul/2020:09:33:47 +0200] "GET /images/sidebar_title_corner_right_top.gif HTTP/1.1" 304 - "http://renault.activities.at/12251759" "Mozilla/5.0 (Windows NT 6.3; WOW64; Trident/7.0; rv:11.0) like Gecko"
91.113.144.26 - - [20/Jul/2020:09:33:47 +0200] "GET /images/title_border.jpg HTTP/1.1" 304 - "http://renault.activities.at/12251759" "Mozilla/5.0 (Windows NT 6.3; WOW64; Trident/7.0; rv:11.0) like Gecko"
91.113.144.26 - - [20/Jul/2020:09:33:47 +0200] "GET /images/button_bg.gif HTTP/1.1" 304 - "http://renault.activities.at/12251759" "Mozilla/5.0 (Windows NT 6.3; WOW64; Trident/7.0; rv:11.0) like Gecko"
91.113.144.26 - - [20/Jul/2020:09:33:47 +0200] "GET /images/button_right_bg.gif HTTP/1.1" 304 - "http://renault.activities.at/12251759" "Mozilla/5.0 (Windows NT 6.3; WOW64; Trident/7.0; rv:11.0) like Gecko"
91.113.144.26 - - [20/Jul/2020:09:33:47 +0200] "GET /images/top_links_divider.gif HTTP/1.1" 304 - "http://renault.activities.at/12251759" "Mozilla/5.0 (Windows NT 6.3; WOW64; Trident/7.0; rv:11.0) like Gecko"
91.113.144.26 - - [20/Jul/2020:09:33:47 +0200] "GET /images/menu_divider.gif HTTP/1.1" 304 - "http://renault.activities.at/12251759" "Mozilla/5.0 (Windows NT 6.3; WOW64; Trident/7.0; rv:11.0) like Gecko"
91.113.144.26 - - [20/Jul/2020:09:33:47 +0200] "GET /images/sidebar_title_border.gif HTTP/1.1" 304 - "http://renault.activities.at/12251759" "Mozilla/5.0 (Windows NT 6.3; WOW64; Trident/7.0; rv:11.0) like Gecko"
91.113.144.26 - - [20/Jul/2020:09:33:47 +0200] "GET /images/button_left_bg.gif HTTP/1.1" 304 - "http://renault.activities.at/12251759" "Mozilla/5.0 (Windows NT 6.3; WOW64; Trident/7.0; rv:11.0) like Gecko"
91.113.144.26 - - [20/Jul/2020:09:33:47 +0200] "GET /images/menu_button_bg.jpg HTTP/1.1" 304 - "http://renault.activities.at/12251759" "Mozilla/5.0 (Windows NT 6.3; WOW64; Trident/7.0; rv:11.0) like Gecko"
91.113.144.26 - - [20/Jul/2020:09:33:47 +0200] "GET /images/sidebar_title_border_top.gif HTTP/1.1" 304 - "http://renault.activities.at/12251759" "Mozilla/5.0 (Windows NT 6.3; WOW64; Trident/7.0; rv:11.0) like Gecko"
91.113.144.26 - - [20/Jul/2020:09:33:47 +0200] "GET /images/nav_divider.gif HTTP/1.1" 304 - "http://renault.activities.at/12251759" "Mozilla/5.0 (Windows NT 6.3; WOW64; Trident/7.0; rv:11.0) like Gecko"
91.113.144.26 - - [20/Jul/2020:09:33:47 +0200] "GET /images/footer_divider.gif HTTP/1.1" 304 - "http://renault.activities.at/12251759" "Mozilla/5.0 (Windows NT 6.3; WOW64; Trident/7.0; rv:11.0) like Gecko"
91.114.44.210 - - [20/Jul/2020:09:34:03 +0200] "GET /reload?ser=1595230443823 HTTP/1.1" 200 28 "http://renault.activities.at/success" "Mozilla/5.0 (Windows NT 6.1; WOW64; Trident/7.0; rv:11.0) like Gecko"
91.113.144.26 - - [20/Jul/2020:09:34:04 +0200] "GET /account HTTP/1.1" 200 6199 "http://renault.activities.at/12251759" "Mozilla/5.0 (Windows NT 6.3; WOW64; Trident/7.0; rv:11.0) like Gecko"
91.113.144.26 - - [20/Jul/2020:09:34:07 +0200] "GET /js/default.js HTTP/1.1" 304 - "http://renault.activities.at/account" "Mozilla/5.0 (Windows NT 6.3; WOW64; Trident/7.0; rv:11.0) like Gecko"
91.113.144.26 - - [20/Jul/2020:09:34:07 +0200] "GET /css/styles.css HTTP/1.1" 304 - "http://renault.activities.at/account" "Mozilla/5.0 (Windows NT 6.3; WOW64; Trident/7.0; rv:11.0) like Gecko"
91.113.144.26 - - [20/Jul/2020:09:34:07 +0200] "GET /css/reset.css HTTP/1.1" 304 - "http://renault.activities.at/account" "Mozilla/5.0 (Windows NT 6.3; WOW64; Trident/7.0; rv:11.0) like Gecko"
91.113.144.26 - - [20/Jul/2020:09:34:07 +0200] "GET /css/clears.css HTTP/1.1" 304 - "http://renault.activities.at/account" "Mozilla/5.0 (Windows NT 6.3; WOW64; Trident/7.0; rv:11.0) like Gecko"
91.113.144.26 - - [20/Jul/2020:09:34:07 +0200] "GET /css/print.css HTTP/1.1" 304 - "http://renault.activities.at/account" "Mozilla/5.0 (Windows NT 6.3; WOW64; Trident/7.0; rv:11.0) like Gecko"
91.113.144.26 - - [20/Jul/2020:09:34:07 +0200] "GET /js/index.php?c=auto&f=,prototype/prototype.js,prototype/validation.js,scriptaculous/builder.js,scriptaculous/effects.js,scriptaculous/dragdrop.js,scriptaculous/controls.js,scriptaculous/slider.js,varien/js.js,varien/form.js,varien/menu.js,mage/translate.js,mage/cookies.js,varien/product.js,spinner/SpinnerControl.jsmin.js,prototype/window.js,prototype/window_ext.js HTTP/1.1" 304 - "http://renault.activities.at/account" "Mozilla/5.0 (Windows NT 6.3; WOW64; Trident/7.0; rv:11.0) like Gecko"
91.113.144.26 - - [20/Jul/2020:09:34:07 +0200] "GET /js/checkout.css HTTP/1.1" 304 - "http://renault.activities.at/account" "Mozilla/5.0 (Windows NT 6.3; WOW64; Trident/7.0; rv:11.0) like Gecko"
91.113.144.26 - - [20/Jul/2020:09:34:07 +0200] "GET /css/prototip.css HTTP/1.1" 304 - "http://renault.activities.at/account" "Mozilla/5.0 (Windows NT 6.3; WOW64; Trident/7.0; rv:11.0) like Gecko"
91.113.144.26 - - [20/Jul/2020:09:34:07 +0200] "GET /css/themes/alphacube.css HTTP/1.1" 304 - "http://renault.activities.at/account" "Mozilla/5.0 (Windows NT 6.3; WOW64; Trident/7.0; rv:11.0) like Gecko"
91.113.144.26 - - [20/Jul/2020:09:34:07 +0200] "GET /css/themes/default.css HTTP/1.1" 304 - "http://renault.activities.at/account" "Mozilla/5.0 (Windows NT 6.3; WOW64; Trident/7.0; rv:11.0) like Gecko"
91.113.144.26 - - [20/Jul/2020:09:34:07 +0200] "GET /js/account.js HTTP/1.1" 304 - "http://renault.activities.at/account" "Mozilla/5.0 (Windows NT 6.3; WOW64; Trident/7.0; rv:11.0) like Gecko"
91.113.144.26 - - [20/Jul/2020:09:34:07 +0200] "GET /images/main_block_corner_right_top.gif HTTP/1.1" 304 - "http://renault.activities.at/account" "Mozilla/5.0 (Windows NT 6.3; WOW64; Trident/7.0; rv:11.0) like Gecko"
91.113.144.26 - - [20/Jul/2020:09:34:07 +0200] "GET /images/header_block_corner_right_top.gif HTTP/1.1" 304 - "http://renault.activities.at/account" "Mozilla/5.0 (Windows NT 6.3; WOW64; Trident/7.0; rv:11.0) like Gecko"
91.113.144.26 - - [20/Jul/2020:09:34:07 +0200] "GET /images/main_block_corner_right_bot.gif HTTP/1.1" 304 - "http://renault.activities.at/account" "Mozilla/5.0 (Windows NT 6.3; WOW64; Trident/7.0; rv:11.0) like Gecko"
91.113.144.26 - - [20/Jul/2020:09:34:07 +0200] "GET /images/header_block_corner_left_top.gif HTTP/1.1" 304 - "http://renault.activities.at/account" "Mozilla/5.0 (Windows NT 6.3; WOW64; Trident/7.0; rv:11.0) like Gecko"
91.113.144.26 - - [20/Jul/2020:09:34:07 +0200] "GET /images/main_block_corner_left_bot.gif HTTP/1.1" 304 - "http://renault.activities.at/account" "Mozilla/5.0 (Windows NT 6.3; WOW64; Trident/7.0; rv:11.0) like Gecko"
91.113.144.26 - - [20/Jul/2020:09:34:07 +0200] "GET /images/search_bg.gif HTTP/1.1" 304 - "http://renault.activities.at/account" "Mozilla/5.0 (Windows NT 6.3; WOW64; Trident/7.0; rv:11.0) like Gecko"
91.113.144.26 - - [20/Jul/2020:09:34:07 +0200] "GET /images/main_block_corner_left_top.gif HTTP/1.1" 304 - "http://renault.activities.at/account" "Mozilla/5.0 (Windows NT 6.3; WOW64; Trident/7.0; rv:11.0) like Gecko"
91.113.144.26 - - [20/Jul/2020:09:34:07 +0200] "GET /images/main_block_border.gif HTTP/1.1" 304 - "http://renault.activities.at/account" "Mozilla/5.0 (Windows NT 6.3; WOW64; Trident/7.0; rv:11.0) like Gecko"
91.113.144.26 - - [20/Jul/2020:09:34:07 +0200] "GET /images/header_block_border.gif HTTP/1.1" 304 - "http://renault.activities.at/account" "Mozilla/5.0 (Windows NT 6.3; WOW64; Trident/7.0; rv:11.0) like Gecko"
91.113.144.26 - - [20/Jul/2020:09:34:07 +0200] "GET /images/menu_divider.gif HTTP/1.1" 304 - "http://renault.activities.at/account" "Mozilla/5.0 (Windows NT 6.3; WOW64; Trident/7.0; rv:11.0) like Gecko"
91.113.144.26 - - [20/Jul/2020:09:34:07 +0200] "GET /images/button_left_bg.gif HTTP/1.1" 304 - "http://renault.activities.at/account" "Mozilla/5.0 (Windows NT 6.3; WOW64; Trident/7.0; rv:11.0) like Gecko"
91.113.144.26 - - [20/Jul/2020:09:34:07 +0200] "GET /images/title_corner_right_top.jpg HTTP/1.1" 304 - "http://renault.activities.at/account" "Mozilla/5.0 (Windows NT 6.3; WOW64; Trident/7.0; rv:11.0) like Gecko"
91.113.144.26 - - [20/Jul/2020:09:34:07 +0200] "GET /images/sidebar_title_corner_right_top.gif HTTP/1.1" 304 - "http://renault.activities.at/account" "Mozilla/5.0 (Windows NT 6.3; WOW64; Trident/7.0; rv:11.0) like Gecko"
91.113.144.26 - - [20/Jul/2020:09:34:07 +0200] "GET /images/nav_divider.gif HTTP/1.1" 304 - "http://renault.activities.at/account" "Mozilla/5.0 (Windows NT 6.3; WOW64; Trident/7.0; rv:11.0) like Gecko"
91.113.144.26 - - [20/Jul/2020:09:34:07 +0200] "GET /images/menu_button_bg.jpg HTTP/1.1" 304 - "http://renault.activities.at/account" "Mozilla/5.0 (Windows NT 6.3; WOW64; Trident/7.0; rv:11.0) like Gecko"
91.113.144.26 - - [20/Jul/2020:09:34:07 +0200] "GET /images/top_links_divider.gif HTTP/1.1" 304 - "http://renault.activities.at/account" "Mozilla/5.0 (Windows NT 6.3; WOW64; Trident/7.0; rv:11.0) like Gecko"
91.113.144.26 - - [20/Jul/2020:09:34:07 +0200] "GET /images/sidebar_title_corner_left_top.gif HTTP/1.1" 304 - "http://renault.activities.at/account" "Mozilla/5.0 (Windows NT 6.3; WOW64; Trident/7.0; rv:11.0) like Gecko"
91.113.144.26 - - [20/Jul/2020:09:34:07 +0200] "GET /images/sidebar_title_border_top.gif HTTP/1.1" 304 - "http://renault.activities.at/account" "Mozilla/5.0 (Windows NT 6.3; WOW64; Trident/7.0; rv:11.0) like Gecko"
91.113.144.26 - - [20/Jul/2020:09:34:07 +0200] "GET /images/title_border.jpg HTTP/1.1" 304 - "http://renault.activities.at/account" "Mozilla/5.0 (Windows NT 6.3; WOW64; Trident/7.0; rv:11.0) like Gecko"
91.113.144.26 - - [20/Jul/2020:09:34:07 +0200] "GET /images/button_right_bg.gif HTTP/1.1" 304 - "http://renault.activities.at/account" "Mozilla/5.0 (Windows NT 6.3; WOW64; Trident/7.0; rv:11.0) like Gecko"
91.113.144.26 - - [20/Jul/2020:09:34:07 +0200] "GET /images/sidebar_title_border.gif HTTP/1.1" 304 - "http://renault.activities.at/account" "Mozilla/5.0 (Windows NT 6.3; WOW64; Trident/7.0; rv:11.0) like Gecko"
91.113.144.26 - - [20/Jul/2020:09:34:07 +0200] "GET /images/button_bg.gif HTTP/1.1" 304 - "http://renault.activities.at/account" "Mozilla/5.0 (Windows NT 6.3; WOW64; Trident/7.0; rv:11.0) like Gecko"
91.113.144.26 - - [20/Jul/2020:09:34:07 +0200] "GET /images/title_border_top.jpg HTTP/1.1" 304 - "http://renault.activities.at/account" "Mozilla/5.0 (Windows NT 6.3; WOW64; Trident/7.0; rv:11.0) like Gecko"
91.113.144.26 - - [20/Jul/2020:09:34:07 +0200] "GET /images/title_corner_left_top.jpg HTTP/1.1" 304 - "http://renault.activities.at/account" "Mozilla/5.0 (Windows NT 6.3; WOW64; Trident/7.0; rv:11.0) like Gecko"
91.113.144.26 - - [20/Jul/2020:09:34:07 +0200] "GET /images/footer_divider.gif HTTP/1.1" 304 - "http://renault.activities.at/account" "Mozilla/5.0 (Windows NT 6.3; WOW64; Trident/7.0; rv:11.0) like Gecko"
80.110.69.130 - - [20/Jul/2020:09:34:13 +0200] "GET /reload?ser=1595230451189 HTTP/1.1" 200 28 "http://renault.2web.at/account" "Mozilla/5.0 (Windows NT 10.0; Win64; x64) AppleWebKit/537.36 (KHTML, like Gecko) Chrome/84.0.4147.89 Safari/537.36"
91.113.144.26 - - [20/Jul/2020:09:34:10 +0200] "GET /10201633 HTTP/1.1" 200 9343 "http://renault.activities.at/account" "Mozilla/5.0 (Windows NT 6.3; WOW64; Trident/7.0; rv:11.0) like Gecko"
91.113.144.26 - - [20/Jul/2020:09:34:15 +0200] "GET /js/default.js HTTP/1.1" 304 - "http://renault.activities.at/10201633" "Mozilla/5.0 (Windows NT 6.3; WOW64; Trident/7.0; rv:11.0) like Gecko"
91.113.144.26 - - [20/Jul/2020:09:34:15 +0200] "GET /js/prototip.js HTTP/1.1" 304 - "http://renault.activities.at/10201633" "Mozilla/5.0 (Windows NT 6.3; WOW64; Trident/7.0; rv:11.0) like Gecko"
91.113.144.26 - - [20/Jul/2020:09:34:15 +0200] "GET /css/reset.css HTTP/1.1" 304 - "http://renault.activities.at/10201633" "Mozilla/5.0 (Windows NT 6.3; WOW64; Trident/7.0; rv:11.0) like Gecko"
91.113.144.26 - - [20/Jul/2020:09:34:15 +0200] "GET /css/styles.css HTTP/1.1" 304 - "http://renault.activities.at/10201633" "Mozilla/5.0 (Windows NT 6.3; WOW64; Trident/7.0; rv:11.0) like Gecko"
91.113.144.26 - - [20/Jul/2020:09:34:15 +0200] "GET /css/clears.css HTTP/1.1" 304 - "http://renault.activities.at/10201633" "Mozilla/5.0 (Windows NT 6.3; WOW64; Trident/7.0; rv:11.0) like Gecko"
