80.120.210.179 - - [20/Jul/2020:07:06:41 +0200] "GET /reload?ser=1595221922777 HTTP/1.1" 200 1241 "http://renault.activities.at/result?dir=DESC&mode=grid&order=name&limit=15&page=1&search=clio" "Mozilla/5.0 (Windows NT 10.0; Win64; x64) AppleWebKit/537.36 (KHTML, like Gecko) Chrome/83.0.4103.116 Safari/537.36"
80.110.69.130 - - [20/Jul/2020:07:06:54 +0200] "GET /login HTTP/1.1" 200 2095 "-" "Mozilla/5.0 (Windows NT 10.0; Win64; x64) AppleWebKit/537.36 (KHTML, like Gecko) Chrome/84.0.4147.89 Safari/537.36"
80.110.69.130 - - [20/Jul/2020:07:06:55 +0200] "GET /loadthumbnail.php?id=11127982 HTTP/1.1" 200 399614 "http://renault.2web.at/login" "Mozilla/5.0 (Windows NT 10.0; Win64; x64) AppleWebKit/537.36 (KHTML, like Gecko) Chrome/84.0.4147.89 Safari/537.36"
80.110.69.130 - - [20/Jul/2020:07:06:56 +0200] "GET /images/favicon.ico HTTP/1.1" 404 300 "http://renault.2web.at/login" "Mozilla/5.0 (Windows NT 10.0; Win64; x64) AppleWebKit/537.36 (KHTML, like Gecko) Chrome/84.0.4147.89 Safari/537.36"
80.110.69.130 - - [20/Jul/2020:07:07:01 +0200] "POST /login HTTP/1.1" 302 137 "http://renault.2web.at/login" "Mozilla/5.0 (Windows NT 10.0; Win64; x64) AppleWebKit/537.36 (KHTML, like Gecko) Chrome/84.0.4147.89 Safari/537.36"
80.120.210.179 - - [20/Jul/2020:07:07:42 +0200] "GET /reload?ser=1595221983780 HTTP/1.1" 200 1232 "http://renault.activities.at/result?dir=DESC&mode=grid&order=name&limit=15&page=1&search=clio" "Mozilla/5.0 (Windows NT 10.0; Win64; x64) AppleWebKit/537.36 (KHTML, like Gecko) Chrome/83.0.4103.116 Safari/537.36"
80.110.69.130 - - [20/Jul/2020:07:07:17 +0200] "GET /account HTTP/1.1" 200 9600 "http://renault.2web.at/login" "Mozilla/5.0 (Windows NT 10.0; Win64; x64) AppleWebKit/537.36 (KHTML, like Gecko) Chrome/84.0.4147.89 Safari/537.36"
80.110.69.130 - - [20/Jul/2020:07:07:46 +0200] "GET /loadthumbnail.php?id=10203651&width=50&height=50 HTTP/1.1" 200 1234 "http://renault.2web.at/account" "Mozilla/5.0 (Windows NT 10.0; Win64; x64) AppleWebKit/537.36 (KHTML, like Gecko) Chrome/84.0.4147.89 Safari/537.36"
80.120.210.179 - - [20/Jul/2020:07:08:43 +0200] "GET /reload?ser=1595222044774 HTTP/1.1" 200 1242 "http://renault.activities.at/result?dir=DESC&mode=grid&order=name&limit=15&page=1&search=clio" "Mozilla/5.0 (Windows NT 10.0; Win64; x64) AppleWebKit/537.36 (KHTML, like Gecko) Chrome/83.0.4103.116 Safari/537.36"
80.110.69.130 - - [20/Jul/2020:07:08:48 +0200] "GET /reload?ser=1595221726931 HTTP/1.1" 200 28 "http://renault.2web.at/account" "Mozilla/5.0 (Windows NT 10.0; Win64; x64) AppleWebKit/537.36 (KHTML, like Gecko) Chrome/84.0.4147.89 Safari/537.36"
80.120.210.179 - - [20/Jul/2020:07:09:44 +0200] "GET /reload?ser=1595222105791 HTTP/1.1" 200 1231 "http://renault.activities.at/result?dir=DESC&mode=grid&order=name&limit=15&page=1&search=clio" "Mozilla/5.0 (Windows NT 10.0; Win64; x64) AppleWebKit/537.36 (KHTML, like Gecko) Chrome/83.0.4103.116 Safari/537.36"
80.110.69.130 - - [20/Jul/2020:07:09:50 +0200] "GET /reload?ser=1595221788929 HTTP/1.1" 200 28 "http://renault.2web.at/account" "Mozilla/5.0 (Windows NT 10.0; Win64; x64) AppleWebKit/537.36 (KHTML, like Gecko) Chrome/84.0.4147.89 Safari/537.36"
80.120.210.179 - - [20/Jul/2020:07:10:45 +0200] "GET /reload?ser=1595222166783 HTTP/1.1" 200 1238 "http://renault.activities.at/result?dir=DESC&mode=grid&order=name&limit=15&page=1&search=clio" "Mozilla/5.0 (Windows NT 10.0; Win64; x64) AppleWebKit/537.36 (KHTML, like Gecko) Chrome/83.0.4103.116 Safari/537.36"
80.110.69.130 - - [20/Jul/2020:07:10:52 +0200] "GET /reload?ser=1595221850929 HTTP/1.1" 200 28 "http://renault.2web.at/account" "Mozilla/5.0 (Windows NT 10.0; Win64; x64) AppleWebKit/537.36 (KHTML, like Gecko) Chrome/84.0.4147.89 Safari/537.36"
80.120.210.179 - - [20/Jul/2020:07:11:46 +0200] "GET /reload?ser=1595222227786 HTTP/1.1" 200 1239 "http://renault.activities.at/result?dir=DESC&mode=grid&order=name&limit=15&page=1&search=clio" "Mozilla/5.0 (Windows NT 10.0; Win64; x64) AppleWebKit/537.36 (KHTML, like Gecko) Chrome/83.0.4103.116 Safari/537.36"
80.110.69.130 - - [20/Jul/2020:07:11:54 +0200] "GET /reload?ser=1595221912929 HTTP/1.1" 200 28 "http://renault.2web.at/account" "Mozilla/5.0 (Windows NT 10.0; Win64; x64) AppleWebKit/537.36 (KHTML, like Gecko) Chrome/84.0.4147.89 Safari/537.36"
80.120.210.179 - - [20/Jul/2020:07:12:47 +0200] "GET /reload?ser=1595222288785 HTTP/1.1" 200 1235 "http://renault.activities.at/result?dir=DESC&mode=grid&order=name&limit=15&page=1&search=clio" "Mozilla/5.0 (Windows NT 10.0; Win64; x64) AppleWebKit/537.36 (KHTML, like Gecko) Chrome/83.0.4103.116 Safari/537.36"
80.110.69.130 - - [20/Jul/2020:07:12:56 +0200] "GET /reload?ser=1595221974929 HTTP/1.1" 200 28 "http://renault.2web.at/account" "Mozilla/5.0 (Windows NT 10.0; Win64; x64) AppleWebKit/537.36 (KHTML, like Gecko) Chrome/84.0.4147.89 Safari/537.36"
80.120.210.179 - - [20/Jul/2020:07:13:48 +0200] "GET /reload?ser=1595222349799 HTTP/1.1" 200 1237 "http://renault.activities.at/result?dir=DESC&mode=grid&order=name&limit=15&page=1&search=clio" "Mozilla/5.0 (Windows NT 10.0; Win64; x64) AppleWebKit/537.36 (KHTML, like Gecko) Chrome/83.0.4103.116 Safari/537.36"
80.110.69.130 - - [20/Jul/2020:07:13:57 +0200] "GET /reload?ser=1595222035928 HTTP/1.1" 200 28 "http://renault.2web.at/account" "Mozilla/5.0 (Windows NT 10.0; Win64; x64) AppleWebKit/537.36 (KHTML, like Gecko) Chrome/84.0.4147.89 Safari/537.36"
80.120.210.179 - - [20/Jul/2020:07:14:49 +0200] "GET /reload?ser=1595222410803 HTTP/1.1" 200 1232 "http://renault.activities.at/result?dir=DESC&mode=grid&order=name&limit=15&page=1&search=clio" "Mozilla/5.0 (Windows NT 10.0; Win64; x64) AppleWebKit/537.36 (KHTML, like Gecko) Chrome/83.0.4103.116 Safari/537.36"
80.110.69.130 - - [20/Jul/2020:07:14:59 +0200] "GET /reload?ser=1595222097929 HTTP/1.1" 200 28 "http://renault.2web.at/account" "Mozilla/5.0 (Windows NT 10.0; Win64; x64) AppleWebKit/537.36 (KHTML, like Gecko) Chrome/84.0.4147.89 Safari/537.36"
80.120.210.179 - - [20/Jul/2020:07:15:50 +0200] "GET /reload?ser=1595222471790 HTTP/1.1" 200 1251 "http://renault.activities.at/result?dir=DESC&mode=grid&order=name&limit=15&page=1&search=clio" "Mozilla/5.0 (Windows NT 10.0; Win64; x64) AppleWebKit/537.36 (KHTML, like Gecko) Chrome/83.0.4103.116 Safari/537.36"
80.110.69.130 - - [20/Jul/2020:07:16:01 +0200] "GET /reload?ser=1595222159929 HTTP/1.1" 200 28 "http://renault.2web.at/account" "Mozilla/5.0 (Windows NT 10.0; Win64; x64) AppleWebKit/537.36 (KHTML, like Gecko) Chrome/84.0.4147.89 Safari/537.36"
80.120.210.179 - - [20/Jul/2020:07:16:51 +0200] "GET /reload?ser=1595222532807 HTTP/1.1" 200 1237 "http://renault.activities.at/result?dir=DESC&mode=grid&order=name&limit=15&page=1&search=clio" "Mozilla/5.0 (Windows NT 10.0; Win64; x64) AppleWebKit/537.36 (KHTML, like Gecko) Chrome/83.0.4103.116 Safari/537.36"
80.110.69.130 - - [20/Jul/2020:07:17:03 +0200] "GET /reload?ser=1595222221930 HTTP/1.1" 200 28 "http://renault.2web.at/account" "Mozilla/5.0 (Windows NT 10.0; Win64; x64) AppleWebKit/537.36 (KHTML, like Gecko) Chrome/84.0.4147.89 Safari/537.36"
80.120.210.179 - - [20/Jul/2020:07:17:52 +0200] "GET /reload?ser=1595222593808 HTTP/1.1" 200 1232 "http://renault.activities.at/result?dir=DESC&mode=grid&order=name&limit=15&page=1&search=clio" "Mozilla/5.0 (Windows NT 10.0; Win64; x64) AppleWebKit/537.36 (KHTML, like Gecko) Chrome/83.0.4103.116 Safari/537.36"
80.110.69.130 - - [20/Jul/2020:07:18:05 +0200] "GET /reload?ser=1595222283929 HTTP/1.1" 200 28 "http://renault.2web.at/account" "Mozilla/5.0 (Windows NT 10.0; Win64; x64) AppleWebKit/537.36 (KHTML, like Gecko) Chrome/84.0.4147.89 Safari/537.36"
80.120.210.179 - - [20/Jul/2020:07:18:53 +0200] "GET /reload?ser=1595222654805 HTTP/1.1" 200 1232 "http://renault.activities.at/result?dir=DESC&mode=grid&order=name&limit=15&page=1&search=clio" "Mozilla/5.0 (Windows NT 10.0; Win64; x64) AppleWebKit/537.36 (KHTML, like Gecko) Chrome/83.0.4103.116 Safari/537.36"
80.110.69.130 - - [20/Jul/2020:07:19:07 +0200] "GET /reload?ser=1595222345928 HTTP/1.1" 200 28 "http://renault.2web.at/account" "Mozilla/5.0 (Windows NT 10.0; Win64; x64) AppleWebKit/537.36 (KHTML, like Gecko) Chrome/84.0.4147.89 Safari/537.36"
80.120.210.179 - - [20/Jul/2020:07:19:54 +0200] "GET /reload?ser=1595222715807 HTTP/1.1" 200 1237 "http://renault.activities.at/result?dir=DESC&mode=grid&order=name&limit=15&page=1&search=clio" "Mozilla/5.0 (Windows NT 10.0; Win64; x64) AppleWebKit/537.36 (KHTML, like Gecko) Chrome/83.0.4103.116 Safari/537.36"
80.110.69.130 - - [20/Jul/2020:07:20:08 +0200] "GET /reload?ser=1595222406928 HTTP/1.1" 200 28 "http://renault.2web.at/account" "Mozilla/5.0 (Windows NT 10.0; Win64; x64) AppleWebKit/537.36 (KHTML, like Gecko) Chrome/84.0.4147.89 Safari/537.36"
80.120.210.179 - - [20/Jul/2020:07:20:55 +0200] "GET /reload?ser=1595222776805 HTTP/1.1" 200 1236 "http://renault.activities.at/result?dir=DESC&mode=grid&order=name&limit=15&page=1&search=clio" "Mozilla/5.0 (Windows NT 10.0; Win64; x64) AppleWebKit/537.36 (KHTML, like Gecko) Chrome/83.0.4103.116 Safari/537.36"
80.110.69.130 - - [20/Jul/2020:07:21:09 +0200] "GET /reload?ser=1595222467929 HTTP/1.1" 200 28 "http://renault.2web.at/account" "Mozilla/5.0 (Windows NT 10.0; Win64; x64) AppleWebKit/537.36 (KHTML, like Gecko) Chrome/84.0.4147.89 Safari/537.36"
80.120.210.179 - - [20/Jul/2020:07:21:56 +0200] "GET /reload?ser=1595222837800 HTTP/1.1" 200 1246 "http://renault.activities.at/result?dir=DESC&mode=grid&order=name&limit=15&page=1&search=clio" "Mozilla/5.0 (Windows NT 10.0; Win64; x64) AppleWebKit/537.36 (KHTML, like Gecko) Chrome/83.0.4103.116 Safari/537.36"
212.152.229.244 - - [20/Jul/2020:07:22:08 +0200] "GET / HTTP/1.1" 200 3273 "-" "Mozilla/5.0 (Windows NT 10.0; Win64; x64) AppleWebKit/537.36 (KHTML, like Gecko) Chrome/83.0.4103.116 Safari/537.36"
212.152.229.244 - - [20/Jul/2020:07:22:09 +0200] "GET /loadthumbnail.php?id=11127982 HTTP/1.1" 200 399614 "http://renault.activities.at/" "Mozilla/5.0 (Windows NT 10.0; Win64; x64) AppleWebKit/537.36 (KHTML, like Gecko) Chrome/83.0.4103.116 Safari/537.36"
212.152.229.244 - - [20/Jul/2020:07:22:10 +0200] "GET /images/favicon.ico HTTP/1.1" 404 305 "http://renault.activities.at/" "Mozilla/5.0 (Windows NT 10.0; Win64; x64) AppleWebKit/537.36 (KHTML, like Gecko) Chrome/83.0.4103.116 Safari/537.36"
80.110.69.130 - - [20/Jul/2020:07:22:11 +0200] "GET /reload?ser=1595222529936 HTTP/1.1" 200 28 "http://renault.2web.at/account" "Mozilla/5.0 (Windows NT 10.0; Win64; x64) AppleWebKit/537.36 (KHTML, like Gecko) Chrome/84.0.4147.89 Safari/537.36"
212.152.229.244 - - [20/Jul/2020:07:22:13 +0200] "GET /login HTTP/1.1" 200 2085 "http://renault.activities.at/" "Mozilla/5.0 (Windows NT 10.0; Win64; x64) AppleWebKit/537.36 (KHTML, like Gecko) Chrome/83.0.4103.116 Safari/537.36"
212.152.229.244 - - [20/Jul/2020:07:22:19 +0200] "POST /login HTTP/1.1" 302 140 "http://renault.activities.at/login" "Mozilla/5.0 (Windows NT 10.0; Win64; x64) AppleWebKit/537.36 (KHTML, like Gecko) Chrome/83.0.4103.116 Safari/537.36"
212.152.229.244 - - [20/Jul/2020:07:22:23 +0200] "GET /account HTTP/1.1" 200 6089 "http://renault.activities.at/login" "Mozilla/5.0 (Windows NT 10.0; Win64; x64) AppleWebKit/537.36 (KHTML, like Gecko) Chrome/83.0.4103.116 Safari/537.36"
212.152.229.244 - - [20/Jul/2020:07:22:26 +0200] "GET /loadthumbnail.php?id=11181224&width=50&height=50 HTTP/1.1" 200 1003 "http://renault.activities.at/account" "Mozilla/5.0 (Windows NT 10.0; Win64; x64) AppleWebKit/537.36 (KHTML, like Gecko) Chrome/83.0.4103.116 Safari/537.36"
212.152.229.244 - - [20/Jul/2020:07:22:26 +0200] "GET /loadthumbnail.php?id=11181169&width=50&height=50 HTTP/1.1" 200 982 "http://renault.activities.at/account" "Mozilla/5.0 (Windows NT 10.0; Win64; x64) AppleWebKit/537.36 (KHTML, like Gecko) Chrome/83.0.4103.116 Safari/537.36"
212.152.229.244 - - [20/Jul/2020:07:22:26 +0200] "GET /loadthumbnail.php?id=11181173&width=50&height=50 HTTP/1.1" 200 982 "http://renault.activities.at/account" "Mozilla/5.0 (Windows NT 10.0; Win64; x64) AppleWebKit/537.36 (KHTML, like Gecko) Chrome/83.0.4103.116 Safari/537.36"
212.152.229.244 - - [20/Jul/2020:07:22:34 +0200] "GET /12234499 HTTP/1.1" 200 5993 "http://renault.activities.at/account" "Mozilla/5.0 (Windows NT 10.0; Win64; x64) AppleWebKit/537.36 (KHTML, like Gecko) Chrome/83.0.4103.116 Safari/537.36"
212.152.229.244 - - [20/Jul/2020:07:22:37 +0200] "GET /images/icons/lupe.gif HTTP/1.1" 200 324 "http://renault.activities.at/12234499" "Mozilla/5.0 (Windows NT 10.0; Win64; x64) AppleWebKit/537.36 (KHTML, like Gecko) Chrome/83.0.4103.116 Safari/537.36"
212.152.229.244 - - [20/Jul/2020:07:22:47 +0200] "GET /cart HTTP/1.1" 200 5925 "http://renault.activities.at/12234499" "Mozilla/5.0 (Windows NT 10.0; Win64; x64) AppleWebKit/537.36 (KHTML, like Gecko) Chrome/83.0.4103.116 Safari/537.36"
212.152.229.244 - - [20/Jul/2020:07:22:50 +0200] "GET /loadthumbnail.php?id=12230577&width=100 HTTP/1.1" 200 1227 "http://renault.activities.at/cart" "Mozilla/5.0 (Windows NT 10.0; Win64; x64) AppleWebKit/537.36 (KHTML, like Gecko) Chrome/83.0.4103.116 Safari/537.36"
212.152.229.244 - - [20/Jul/2020:07:22:50 +0200] "GET /loadthumbnail.php?id=10232009&width=16&height=16 HTTP/1.1" 200 700 "http://renault.activities.at/cart" "Mozilla/5.0 (Windows NT 10.0; Win64; x64) AppleWebKit/537.36 (KHTML, like Gecko) Chrome/83.0.4103.116 Safari/537.36"
212.152.229.244 - - [20/Jul/2020:07:22:50 +0200] "GET /loadthumbnail.php?id=12230578&width=100 HTTP/1.1" 200 1375 "http://renault.activities.at/cart" "Mozilla/5.0 (Windows NT 10.0; Win64; x64) AppleWebKit/537.36 (KHTML, like Gecko) Chrome/83.0.4103.116 Safari/537.36"
212.152.229.244 - - [20/Jul/2020:07:22:50 +0200] "GET /loadthumbnail.php?id=11075492&width=100 HTTP/1.1" 200 2117 "http://renault.activities.at/cart" "Mozilla/5.0 (Windows NT 10.0; Win64; x64) AppleWebKit/537.36 (KHTML, like Gecko) Chrome/83.0.4103.116 Safari/537.36"
212.152.229.244 - - [20/Jul/2020:07:22:50 +0200] "GET /loadthumbnail.php?id=12208774&width=100 HTTP/1.1" 200 2531 "http://renault.activities.at/cart" "Mozilla/5.0 (Windows NT 10.0; Win64; x64) AppleWebKit/537.36 (KHTML, like Gecko) Chrome/83.0.4103.116 Safari/537.36"
212.152.229.244 - - [20/Jul/2020:07:22:50 +0200] "GET /loadthumbnail.php?id=12064393&width=100 HTTP/1.1" 200 2381 "http://renault.activities.at/cart" "Mozilla/5.0 (Windows NT 10.0; Win64; x64) AppleWebKit/537.36 (KHTML, like Gecko) Chrome/83.0.4103.116 Safari/537.36"
212.152.229.244 - - [20/Jul/2020:07:22:50 +0200] "GET /loadthumbnail.php?id=11967700&width=100 HTTP/1.1" 200 2847 "http://renault.activities.at/cart" "Mozilla/5.0 (Windows NT 10.0; Win64; x64) AppleWebKit/537.36 (KHTML, like Gecko) Chrome/83.0.4103.116 Safari/537.36"
212.152.229.244 - - [20/Jul/2020:07:22:50 +0200] "GET /loadthumbnail.php?id=12237266&width=100 HTTP/1.1" 200 2632 "http://renault.activities.at/cart" "Mozilla/5.0 (Windows NT 10.0; Win64; x64) AppleWebKit/537.36 (KHTML, like Gecko) Chrome/83.0.4103.116 Safari/537.36"
80.120.210.179 - - [20/Jul/2020:07:22:57 +0200] "GET /reload?ser=1595222898801 HTTP/1.1" 200 1236 "http://renault.activities.at/result?dir=DESC&mode=grid&order=name&limit=15&page=1&search=clio" "Mozilla/5.0 (Windows NT 10.0; Win64; x64) AppleWebKit/537.36 (KHTML, like Gecko) Chrome/83.0.4103.116 Safari/537.36"
212.152.229.244 - - [20/Jul/2020:07:22:55 +0200] "GET /checkout HTTP/1.1" 200 10239 "http://renault.activities.at/cart" "Mozilla/5.0 (Windows NT 10.0; Win64; x64) AppleWebKit/537.36 (KHTML, like Gecko) Chrome/83.0.4103.116 Safari/537.36"
212.152.229.244 - - [20/Jul/2020:07:22:59 +0200] "GET /loadthumbnail.php?id=10201939 HTTP/1.1" 200 201 "http://renault.activities.at/checkout" "Mozilla/5.0 (Windows NT 10.0; Win64; x64) AppleWebKit/537.36 (KHTML, like Gecko) Chrome/83.0.4103.116 Safari/537.36"
212.152.229.244 - - [20/Jul/2020:07:22:59 +0200] "GET /loadthumbnail.php?id=10202698 HTTP/1.1" 200 16686 "http://renault.activities.at/checkout" "Mozilla/5.0 (Windows NT 10.0; Win64; x64) AppleWebKit/537.36 (KHTML, like Gecko) Chrome/83.0.4103.116 Safari/537.36"
212.152.229.244 - - [20/Jul/2020:07:23:02 +0200] "POST /docheckout HTTP/1.1" 200 442 "http://renault.activities.at/checkout" "Mozilla/5.0 (Windows NT 10.0; Win64; x64) AppleWebKit/537.36 (KHTML, like Gecko) Chrome/83.0.4103.116 Safari/537.36"
212.152.229.244 - - [20/Jul/2020:07:23:06 +0200] "POST /docheckout HTTP/1.1" 200 877 "http://renault.activities.at/checkout" "Mozilla/5.0 (Windows NT 10.0; Win64; x64) AppleWebKit/537.36 (KHTML, like Gecko) Chrome/83.0.4103.116 Safari/537.36"
212.152.229.244 - - [20/Jul/2020:07:23:08 +0200] "GET /images/error_msg_icon.gif HTTP/1.1" 200 1013 "http://renault.activities.at/checkout" "Mozilla/5.0 (Windows NT 10.0; Win64; x64) AppleWebKit/537.36 (KHTML, like Gecko) Chrome/83.0.4103.116 Safari/537.36"
80.110.69.130 - - [20/Jul/2020:07:23:13 +0200] "GET /reload?ser=1595222591929 HTTP/1.1" 200 28 "http://renault.2web.at/account" "Mozilla/5.0 (Windows NT 10.0; Win64; x64) AppleWebKit/537.36 (KHTML, like Gecko) Chrome/84.0.4147.89 Safari/537.36"
212.152.229.244 - - [20/Jul/2020:07:23:12 +0200] "POST /docheckout HTTP/1.1" 200 68 "http://renault.activities.at/checkout" "Mozilla/5.0 (Windows NT 10.0; Win64; x64) AppleWebKit/537.36 (KHTML, like Gecko) Chrome/83.0.4103.116 Safari/537.36"
212.152.229.244 - - [20/Jul/2020:07:23:17 +0200] "GET /success HTTP/1.1" 200 3780 "http://renault.activities.at/checkout" "Mozilla/5.0 (Windows NT 10.0; Win64; x64) AppleWebKit/537.36 (KHTML, like Gecko) Chrome/83.0.4103.116 Safari/537.36"
80.120.210.179 - - [20/Jul/2020:07:23:58 +0200] "GET /reload?ser=1595222959814 HTTP/1.1" 200 1230 "http://renault.activities.at/result?dir=DESC&mode=grid&order=name&limit=15&page=1&search=clio" "Mozilla/5.0 (Windows NT 10.0; Win64; x64) AppleWebKit/537.36 (KHTML, like Gecko) Chrome/83.0.4103.116 Safari/537.36"
80.110.69.130 - - [20/Jul/2020:07:24:15 +0200] "GET /reload?ser=1595222653929 HTTP/1.1" 200 28 "http://renault.2web.at/account" "Mozilla/5.0 (Windows NT 10.0; Win64; x64) AppleWebKit/537.36 (KHTML, like Gecko) Chrome/84.0.4147.89 Safari/537.36"
212.152.229.244 - - [20/Jul/2020:07:24:20 +0200] "GET /reload?ser=1595222658876 HTTP/1.1" 200 28 "http://renault.activities.at/success" "Mozilla/5.0 (Windows NT 10.0; Win64; x64) AppleWebKit/537.36 (KHTML, like Gecko) Chrome/83.0.4103.116 Safari/537.36"
80.120.210.179 - - [20/Jul/2020:07:24:59 +0200] "GET /reload?ser=1595223020808 HTTP/1.1" 200 1255 "http://renault.activities.at/result?dir=DESC&mode=grid&order=name&limit=15&page=1&search=clio" "Mozilla/5.0 (Windows NT 10.0; Win64; x64) AppleWebKit/537.36 (KHTML, like Gecko) Chrome/83.0.4103.116 Safari/537.36"
80.110.69.130 - - [20/Jul/2020:07:25:17 +0200] "GET /reload?ser=1595222715928 HTTP/1.1" 200 28 "http://renault.2web.at/account" "Mozilla/5.0 (Windows NT 10.0; Win64; x64) AppleWebKit/537.36 (KHTML, like Gecko) Chrome/84.0.4147.89 Safari/537.36"
212.152.229.244 - - [20/Jul/2020:07:25:21 +0200] "GET /reload?ser=1595222719865 HTTP/1.1" 200 28 "http://renault.activities.at/success" "Mozilla/5.0 (Windows NT 10.0; Win64; x64) AppleWebKit/537.36 (KHTML, like Gecko) Chrome/83.0.4103.116 Safari/537.36"
80.120.210.179 - - [20/Jul/2020:07:26:00 +0200] "GET /reload?ser=1595223081825 HTTP/1.1" 200 1243 "http://renault.activities.at/result?dir=DESC&mode=grid&order=name&limit=15&page=1&search=clio" "Mozilla/5.0 (Windows NT 10.0; Win64; x64) AppleWebKit/537.36 (KHTML, like Gecko) Chrome/83.0.4103.116 Safari/537.36"
80.110.69.130 - - [20/Jul/2020:07:26:19 +0200] "GET /reload?ser=1595222777930 HTTP/1.1" 200 28 "http://renault.2web.at/account" "Mozilla/5.0 (Windows NT 10.0; Win64; x64) AppleWebKit/537.36 (KHTML, like Gecko) Chrome/84.0.4147.89 Safari/537.36"
212.152.229.244 - - [20/Jul/2020:07:26:22 +0200] "GET /reload?ser=1595222780865 HTTP/1.1" 200 28 "http://renault.activities.at/success" "Mozilla/5.0 (Windows NT 10.0; Win64; x64) AppleWebKit/537.36 (KHTML, like Gecko) Chrome/83.0.4103.116 Safari/537.36"
80.120.210.179 - - [20/Jul/2020:07:27:01 +0200] "GET /reload?ser=1595223142814 HTTP/1.1" 200 1231 "http://renault.activities.at/result?dir=DESC&mode=grid&order=name&limit=15&page=1&search=clio" "Mozilla/5.0 (Windows NT 10.0; Win64; x64) AppleWebKit/537.36 (KHTML, like Gecko) Chrome/83.0.4103.116 Safari/537.36"
80.110.69.130 - - [20/Jul/2020:07:27:21 +0200] "GET /reload?ser=1595222839930 HTTP/1.1" 200 28 "http://renault.2web.at/account" "Mozilla/5.0 (Windows NT 10.0; Win64; x64) AppleWebKit/537.36 (KHTML, like Gecko) Chrome/84.0.4147.89 Safari/537.36"
212.152.229.244 - - [20/Jul/2020:07:27:23 +0200] "GET /reload?ser=1595222841865 HTTP/1.1" 200 28 "http://renault.activities.at/success" "Mozilla/5.0 (Windows NT 10.0; Win64; x64) AppleWebKit/537.36 (KHTML, like Gecko) Chrome/83.0.4103.116 Safari/537.36"
80.120.210.179 - - [20/Jul/2020:07:28:02 +0200] "GET /reload?ser=1595223203815 HTTP/1.1" 200 1238 "http://renault.activities.at/result?dir=DESC&mode=grid&order=name&limit=15&page=1&search=clio" "Mozilla/5.0 (Windows NT 10.0; Win64; x64) AppleWebKit/537.36 (KHTML, like Gecko) Chrome/83.0.4103.116 Safari/537.36"
80.110.69.130 - - [20/Jul/2020:07:28:23 +0200] "GET /reload?ser=1595222901928 HTTP/1.1" 200 28 "http://renault.2web.at/account" "Mozilla/5.0 (Windows NT 10.0; Win64; x64) AppleWebKit/537.36 (KHTML, like Gecko) Chrome/84.0.4147.89 Safari/537.36"
212.152.229.244 - - [20/Jul/2020:07:28:24 +0200] "GET /reload?ser=1595222902865 HTTP/1.1" 200 28 "http://renault.activities.at/success" "Mozilla/5.0 (Windows NT 10.0; Win64; x64) AppleWebKit/537.36 (KHTML, like Gecko) Chrome/83.0.4103.116 Safari/537.36"
80.120.210.179 - - [20/Jul/2020:07:29:03 +0200] "GET /reload?ser=1595223264820 HTTP/1.1" 200 1229 "http://renault.activities.at/result?dir=DESC&mode=grid&order=name&limit=15&page=1&search=clio" "Mozilla/5.0 (Windows NT 10.0; Win64; x64) AppleWebKit/537.36 (KHTML, like Gecko) Chrome/83.0.4103.116 Safari/537.36"
80.110.69.130 - - [20/Jul/2020:07:29:24 +0200] "GET /reload?ser=1595222962928 HTTP/1.1" 200 28 "http://renault.2web.at/account" "Mozilla/5.0 (Windows NT 10.0; Win64; x64) AppleWebKit/537.36 (KHTML, like Gecko) Chrome/84.0.4147.89 Safari/537.36"
212.152.229.244 - - [20/Jul/2020:07:29:25 +0200] "GET /reload?ser=1595222963864 HTTP/1.1" 200 28 "http://renault.activities.at/success" "Mozilla/5.0 (Windows NT 10.0; Win64; x64) AppleWebKit/537.36 (KHTML, like Gecko) Chrome/83.0.4103.116 Safari/537.36"
80.120.210.179 - - [20/Jul/2020:07:30:04 +0200] "GET /reload?ser=1595223325814 HTTP/1.1" 200 1243 "http://renault.activities.at/result?dir=DESC&mode=grid&order=name&limit=15&page=1&search=clio" "Mozilla/5.0 (Windows NT 10.0; Win64; x64) AppleWebKit/537.36 (KHTML, like Gecko) Chrome/83.0.4103.116 Safari/537.36"
80.110.69.130 - - [20/Jul/2020:07:30:26 +0200] "GET /reload?ser=1595223024928 HTTP/1.1" 200 28 "http://renault.2web.at/account" "Mozilla/5.0 (Windows NT 10.0; Win64; x64) AppleWebKit/537.36 (KHTML, like Gecko) Chrome/84.0.4147.89 Safari/537.36"
212.152.229.244 - - [20/Jul/2020:07:30:26 +0200] "GET /reload?ser=1595223024865 HTTP/1.1" 200 28 "http://renault.activities.at/success" "Mozilla/5.0 (Windows NT 10.0; Win64; x64) AppleWebKit/537.36 (KHTML, like Gecko) Chrome/83.0.4103.116 Safari/537.36"
80.120.210.179 - - [20/Jul/2020:07:31:05 +0200] "GET /reload?ser=1595223386819 HTTP/1.1" 200 1224 "http://renault.activities.at/result?dir=DESC&mode=grid&order=name&limit=15&page=1&search=clio" "Mozilla/5.0 (Windows NT 10.0; Win64; x64) AppleWebKit/537.36 (KHTML, like Gecko) Chrome/83.0.4103.116 Safari/537.36"
213.225.1.191 - - [20/Jul/2020:07:31:25 +0200] "GET / HTTP/1.1" 200 3285 "-" "Mozilla/5.0 (Windows NT 10.0; Win64; x64) AppleWebKit/537.36 (KHTML, like Gecko) Chrome/84.0.4147.89 Safari/537.36"
213.225.1.191 - - [20/Jul/2020:07:31:27 +0200] "GET /loadthumbnail.php?id=11127982 HTTP/1.1" 200 399614 "http://renault.2web.at/" "Mozilla/5.0 (Windows NT 10.0; Win64; x64) AppleWebKit/537.36 (KHTML, like Gecko) Chrome/84.0.4147.89 Safari/537.36"
212.152.229.244 - - [20/Jul/2020:07:31:27 +0200] "GET /reload?ser=1595223085865 HTTP/1.1" 200 28 "http://renault.activities.at/success" "Mozilla/5.0 (Windows NT 10.0; Win64; x64) AppleWebKit/537.36 (KHTML, like Gecko) Chrome/83.0.4103.116 Safari/537.36"
213.225.1.191 - - [20/Jul/2020:07:31:28 +0200] "GET /images/favicon.ico HTTP/1.1" 404 300 "http://renault.2web.at/" "Mozilla/5.0 (Windows NT 10.0; Win64; x64) AppleWebKit/537.36 (KHTML, like Gecko) Chrome/84.0.4147.89 Safari/537.36"
80.110.69.130 - - [20/Jul/2020:07:31:28 +0200] "GET /reload?ser=1595223086929 HTTP/1.1" 200 28 "http://renault.2web.at/account" "Mozilla/5.0 (Windows NT 10.0; Win64; x64) AppleWebKit/537.36 (KHTML, like Gecko) Chrome/84.0.4147.89 Safari/537.36"
213.225.1.191 - - [20/Jul/2020:07:31:31 +0200] "GET /login HTTP/1.1" 200 2095 "http://renault.2web.at/" "Mozilla/5.0 (Windows NT 10.0; Win64; x64) AppleWebKit/537.36 (KHTML, like Gecko) Chrome/84.0.4147.89 Safari/537.36"
213.225.1.191 - - [20/Jul/2020:07:31:38 +0200] "POST /login HTTP/1.1" 302 137 "http://renault.2web.at/login" "Mozilla/5.0 (Windows NT 10.0; Win64; x64) AppleWebKit/537.36 (KHTML, like Gecko) Chrome/84.0.4147.89 Safari/537.36"
213.225.1.191 - - [20/Jul/2020:07:31:40 +0200] "GET /account HTTP/1.1" 200 8656 "http://renault.2web.at/login" "Mozilla/5.0 (Windows NT 10.0; Win64; x64) AppleWebKit/537.36 (KHTML, like Gecko) Chrome/84.0.4147.89 Safari/537.36"
213.225.1.191 - - [20/Jul/2020:07:31:43 +0200] "GET /loadthumbnail.php?id=12198625&width=50&height=50 HTTP/1.1" 200 975 "http://renault.2web.at/account" "Mozilla/5.0 (Windows NT 10.0; Win64; x64) AppleWebKit/537.36 (KHTML, like Gecko) Chrome/84.0.4147.89 Safari/537.36"
213.225.1.191 - - [20/Jul/2020:07:31:48 +0200] "GET /result?searchterm=true&search=silber HTTP/1.1" 200 10441 "http://renault.2web.at/account" "Mozilla/5.0 (Windows NT 10.0; Win64; x64) AppleWebKit/537.36 (KHTML, like Gecko) Chrome/84.0.4147.89 Safari/537.36"
213.225.1.191 - - [20/Jul/2020:07:31:52 +0200] "GET /loadthumbnail.php?id=10203276 HTTP/1.1" 200 75 "http://renault.2web.at/result?searchterm=true&search=silber" "Mozilla/5.0 (Windows NT 10.0; Win64; x64) AppleWebKit/537.36 (KHTML, like Gecko) Chrome/84.0.4147.89 Safari/537.36"
213.225.1.191 - - [20/Jul/2020:07:31:52 +0200] "GET /loadthumbnail.php?id=10203650&width=113 HTTP/1.1" 200 2741 "http://renault.2web.at/result?searchterm=true&search=silber" "Mozilla/5.0 (Windows NT 10.0; Win64; x64) AppleWebKit/537.36 (KHTML, like Gecko) Chrome/84.0.4147.89 Safari/537.36"
213.225.1.191 - - [20/Jul/2020:07:31:52 +0200] "GET /loadthumbnail.php?id=10203255 HTTP/1.1" 200 137 "http://renault.2web.at/result?searchterm=true&search=silber" "Mozilla/5.0 (Windows NT 10.0; Win64; x64) AppleWebKit/537.36 (KHTML, like Gecko) Chrome/84.0.4147.89 Safari/537.36"
213.225.1.191 - - [20/Jul/2020:07:31:52 +0200] "GET /loadthumbnail.php?id=12255320&width=113 HTTP/1.1" 200 1883 "http://renault.2web.at/result?searchterm=true&search=silber" "Mozilla/5.0 (Windows NT 10.0; Win64; x64) AppleWebKit/537.36 (KHTML, like Gecko) Chrome/84.0.4147.89 Safari/537.36"
213.225.1.191 - - [20/Jul/2020:07:31:52 +0200] "GET /loadthumbnail.php?id=11195848&width=113 HTTP/1.1" 200 2016 "http://renault.2web.at/result?searchterm=true&search=silber" "Mozilla/5.0 (Windows NT 10.0; Win64; x64) AppleWebKit/537.36 (KHTML, like Gecko) Chrome/84.0.4147.89 Safari/537.36"
213.225.1.191 - - [20/Jul/2020:07:31:52 +0200] "GET /loadthumbnail.php?id=11195908&width=113 HTTP/1.1" 200 1279 "http://renault.2web.at/result?searchterm=true&search=silber" "Mozilla/5.0 (Windows NT 10.0; Win64; x64) AppleWebKit/537.36 (KHTML, like Gecko) Chrome/84.0.4147.89 Safari/537.36"
213.225.1.191 - - [20/Jul/2020:07:31:52 +0200] "GET /loadthumbnail.php?id=11194725&width=113 HTTP/1.1" 200 1322 "http://renault.2web.at/result?searchterm=true&search=silber" "Mozilla/5.0 (Windows NT 10.0; Win64; x64) AppleWebKit/537.36 (KHTML, like Gecko) Chrome/84.0.4147.89 Safari/537.36"
213.225.1.191 - - [20/Jul/2020:07:31:52 +0200] "GET /loadthumbnail.php?id=11194700&width=113 HTTP/1.1" 200 1829 "http://renault.2web.at/result?searchterm=true&search=silber" "Mozilla/5.0 (Windows NT 10.0; Win64; x64) AppleWebKit/537.36 (KHTML, like Gecko) Chrome/84.0.4147.89 Safari/537.36"
213.225.1.191 - - [20/Jul/2020:07:31:52 +0200] "GET /loadthumbnail.php?id=11194717&width=113 HTTP/1.1" 200 1278 "http://renault.2web.at/result?searchterm=true&search=silber" "Mozilla/5.0 (Windows NT 10.0; Win64; x64) AppleWebKit/537.36 (KHTML, like Gecko) Chrome/84.0.4147.89 Safari/537.36"
213.225.1.191 - - [20/Jul/2020:07:31:52 +0200] "GET /loadthumbnail.php?id=11195851&width=113 HTTP/1.1" 200 1156 "http://renault.2web.at/result?searchterm=true&search=silber" "Mozilla/5.0 (Windows NT 10.0; Win64; x64) AppleWebKit/537.36 (KHTML, like Gecko) Chrome/84.0.4147.89 Safari/537.36"
213.225.1.191 - - [20/Jul/2020:07:31:52 +0200] "GET /loadthumbnail.php?id=11194732&width=113 HTTP/1.1" 200 1353 "http://renault.2web.at/result?searchterm=true&search=silber" "Mozilla/5.0 (Windows NT 10.0; Win64; x64) AppleWebKit/537.36 (KHTML, like Gecko) Chrome/84.0.4147.89 Safari/537.36"
213.225.1.191 - - [20/Jul/2020:07:31:52 +0200] "GET /loadthumbnail.php?id=11194713&width=113 HTTP/1.1" 200 1171 "http://renault.2web.at/result?searchterm=true&search=silber" "Mozilla/5.0 (Windows NT 10.0; Win64; x64) AppleWebKit/537.36 (KHTML, like Gecko) Chrome/84.0.4147.89 Safari/537.36"
213.225.1.191 - - [20/Jul/2020:07:31:52 +0200] "GET /loadthumbnail.php?id=12255324&width=113 HTTP/1.1" 200 2018 "http://renault.2web.at/result?searchterm=true&search=silber" "Mozilla/5.0 (Windows NT 10.0; Win64; x64) AppleWebKit/537.36 (KHTML, like Gecko) Chrome/84.0.4147.89 Safari/537.36"
213.225.1.191 - - [20/Jul/2020:07:31:48 +0200] "POST /axjaxrequest?mode=suggest HTTP/1.1" 200 109 "http://renault.2web.at/account" "Mozilla/5.0 (Windows NT 10.0; Win64; x64) AppleWebKit/537.36 (KHTML, like Gecko) Chrome/84.0.4147.89 Safari/537.36"
80.120.210.179 - - [20/Jul/2020:07:32:06 +0200] "GET /reload?ser=1595223447828 HTTP/1.1" 200 1234 "http://renault.activities.at/result?dir=DESC&mode=grid&order=name&limit=15&page=1&search=clio" "Mozilla/5.0 (Windows NT 10.0; Win64; x64) AppleWebKit/537.36 (KHTML, like Gecko) Chrome/83.0.4103.116 Safari/537.36"
213.225.1.191 - - [20/Jul/2020:07:32:09 +0200] "GET /result?searchterm=true&search=der+neue HTTP/1.1" 200 8010 "http://renault.2web.at/result?searchterm=true&search=silber" "Mozilla/5.0 (Windows NT 10.0; Win64; x64) AppleWebKit/537.36 (KHTML, like Gecko) Chrome/84.0.4147.89 Safari/537.36"
213.225.1.191 - - [20/Jul/2020:07:32:09 +0200] "POST /axjaxrequest?mode=suggest HTTP/1.1" 200 21 "http://renault.2web.at/result?searchterm=true&search=silber" "Mozilla/5.0 (Windows NT 10.0; Win64; x64) AppleWebKit/537.36 (KHTML, like Gecko) Chrome/84.0.4147.89 Safari/537.36"
213.225.1.191 - - [20/Jul/2020:07:32:11 +0200] "GET /result?searchterm=true&search=der+neue HTTP/1.1" 200 8010 "http://renault.2web.at/result?searchterm=true&search=silber" "Mozilla/5.0 (Windows NT 10.0; Win64; x64) AppleWebKit/537.36 (KHTML, like Gecko) Chrome/84.0.4147.89 Safari/537.36"
213.225.1.191 - - [20/Jul/2020:07:32:14 +0200] "GET /result?searchterm=true&search=der+neue HTTP/1.1" 200 8010 "http://renault.2web.at/result?searchterm=true&search=silber" "Mozilla/5.0 (Windows NT 10.0; Win64; x64) AppleWebKit/537.36 (KHTML, like Gecko) Chrome/84.0.4147.89 Safari/537.36"
213.225.1.191 - - [20/Jul/2020:07:32:16 +0200] "GET /loadthumbnail.php?id=11181176&width=113 HTTP/1.1" 200 1860 "http://renault.2web.at/result?searchterm=true&search=der+neue" "Mozilla/5.0 (Windows NT 10.0; Win64; x64) AppleWebKit/537.36 (KHTML, like Gecko) Chrome/84.0.4147.89 Safari/537.36"
213.225.1.191 - - [20/Jul/2020:07:32:16 +0200] "GET /loadthumbnail.php?id=11181174&width=113 HTTP/1.1" 200 1860 "http://renault.2web.at/result?searchterm=true&search=der+neue" "Mozilla/5.0 (Windows NT 10.0; Win64; x64) AppleWebKit/537.36 (KHTML, like Gecko) Chrome/84.0.4147.89 Safari/537.36"
212.152.229.244 - - [20/Jul/2020:07:32:28 +0200] "GET /reload?ser=1595223146865 HTTP/1.1" 200 28 "http://renault.activities.at/success" "Mozilla/5.0 (Windows NT 10.0; Win64; x64) AppleWebKit/537.36 (KHTML, like Gecko) Chrome/83.0.4103.116 Safari/537.36"
80.110.69.130 - - [20/Jul/2020:07:32:30 +0200] "GET /reload?ser=1595223148929 HTTP/1.1" 200 28 "http://renault.2web.at/account" "Mozilla/5.0 (Windows NT 10.0; Win64; x64) AppleWebKit/537.36 (KHTML, like Gecko) Chrome/84.0.4147.89 Safari/537.36"
80.120.210.179 - - [20/Jul/2020:07:33:07 +0200] "GET /reload?ser=1595223508827 HTTP/1.1" 200 1226 "http://renault.activities.at/result?dir=DESC&mode=grid&order=name&limit=15&page=1&search=clio" "Mozilla/5.0 (Windows NT 10.0; Win64; x64) AppleWebKit/537.36 (KHTML, like Gecko) Chrome/83.0.4103.116 Safari/537.36"
213.225.1.191 - - [20/Jul/2020:07:33:16 +0200] "GET /reload?ser=1595223194232 HTTP/1.1" 200 28 "http://renault.2web.at/result?searchterm=true&search=der+neue" "Mozilla/5.0 (Windows NT 10.0; Win64; x64) AppleWebKit/537.36 (KHTML, like Gecko) Chrome/84.0.4147.89 Safari/537.36"
212.152.229.244 - - [20/Jul/2020:07:33:29 +0200] "GET /reload?ser=1595223207865 HTTP/1.1" 200 28 "http://renault.activities.at/success" "Mozilla/5.0 (Windows NT 10.0; Win64; x64) AppleWebKit/537.36 (KHTML, like Gecko) Chrome/83.0.4103.116 Safari/537.36"
80.110.69.130 - - [20/Jul/2020:07:33:32 +0200] "GET /reload?ser=1595223210929 HTTP/1.1" 200 28 "http://renault.2web.at/account" "Mozilla/5.0 (Windows NT 10.0; Win64; x64) AppleWebKit/537.36 (KHTML, like Gecko) Chrome/84.0.4147.89 Safari/537.36"
80.120.210.179 - - [20/Jul/2020:07:34:08 +0200] "GET /reload?ser=1595223569835 HTTP/1.1" 200 1237 "http://renault.activities.at/result?dir=DESC&mode=grid&order=name&limit=15&page=1&search=clio" "Mozilla/5.0 (Windows NT 10.0; Win64; x64) AppleWebKit/537.36 (KHTML, like Gecko) Chrome/83.0.4103.116 Safari/537.36"
213.225.1.191 - - [20/Jul/2020:07:34:17 +0200] "GET /reload?ser=1595223255297 HTTP/1.1" 200 28 "http://renault.2web.at/result?searchterm=true&search=der+neue" "Mozilla/5.0 (Windows NT 10.0; Win64; x64) AppleWebKit/537.36 (KHTML, like Gecko) Chrome/84.0.4147.89 Safari/537.36"
212.152.229.244 - - [20/Jul/2020:07:34:30 +0200] "GET /reload?ser=1595223268868 HTTP/1.1" 200 28 "http://renault.activities.at/success" "Mozilla/5.0 (Windows NT 10.0; Win64; x64) AppleWebKit/537.36 (KHTML, like Gecko) Chrome/83.0.4103.116 Safari/537.36"
80.110.69.130 - - [20/Jul/2020:07:34:34 +0200] "GET /reload?ser=1595223272934 HTTP/1.1" 200 28 "http://renault.2web.at/account" "Mozilla/5.0 (Windows NT 10.0; Win64; x64) AppleWebKit/537.36 (KHTML, like Gecko) Chrome/84.0.4147.89 Safari/537.36"
80.120.210.179 - - [20/Jul/2020:07:35:09 +0200] "GET /reload?ser=1595223630835 HTTP/1.1" 200 1228 "http://renault.activities.at/result?dir=DESC&mode=grid&order=name&limit=15&page=1&search=clio" "Mozilla/5.0 (Windows NT 10.0; Win64; x64) AppleWebKit/537.36 (KHTML, like Gecko) Chrome/83.0.4103.116 Safari/537.36"
213.225.1.191 - - [20/Jul/2020:07:35:18 +0200] "GET /reload?ser=1595223316376 HTTP/1.1" 200 28 "http://renault.2web.at/result?searchterm=true&search=der+neue" "Mozilla/5.0 (Windows NT 10.0; Win64; x64) AppleWebKit/537.36 (KHTML, like Gecko) Chrome/84.0.4147.89 Safari/537.36"
212.152.229.244 - - [20/Jul/2020:07:35:31 +0200] "GET /reload?ser=1595223329868 HTTP/1.1" 200 28 "http://renault.activities.at/success" "Mozilla/5.0 (Windows NT 10.0; Win64; x64) AppleWebKit/537.36 (KHTML, like Gecko) Chrome/83.0.4103.116 Safari/537.36"
80.110.69.130 - - [20/Jul/2020:07:35:36 +0200] "GET /reload?ser=1595223334929 HTTP/1.1" 200 28 "http://renault.2web.at/account" "Mozilla/5.0 (Windows NT 10.0; Win64; x64) AppleWebKit/537.36 (KHTML, like Gecko) Chrome/84.0.4147.89 Safari/537.36"
80.120.210.179 - - [20/Jul/2020:07:36:10 +0200] "GET /reload?ser=1595223691819 HTTP/1.1" 200 1235 "http://renault.activities.at/result?dir=DESC&mode=grid&order=name&limit=15&page=1&search=clio" "Mozilla/5.0 (Windows NT 10.0; Win64; x64) AppleWebKit/537.36 (KHTML, like Gecko) Chrome/83.0.4103.116 Safari/537.36"
213.225.1.191 - - [20/Jul/2020:07:36:20 +0200] "GET /reload?ser=1595223377414 HTTP/1.1" 200 28 "http://renault.2web.at/result?searchterm=true&search=der+neue" "Mozilla/5.0 (Windows NT 10.0; Win64; x64) AppleWebKit/537.36 (KHTML, like Gecko) Chrome/84.0.4147.89 Safari/537.36"
212.152.229.244 - - [20/Jul/2020:07:36:32 +0200] "GET /reload?ser=1595223390864 HTTP/1.1" 200 28 "http://renault.activities.at/success" "Mozilla/5.0 (Windows NT 10.0; Win64; x64) AppleWebKit/537.36 (KHTML, like Gecko) Chrome/83.0.4103.116 Safari/537.36"
80.110.69.130 - - [20/Jul/2020:07:36:38 +0200] "GET /reload?ser=1595223396929 HTTP/1.1" 200 28 "http://renault.2web.at/account" "Mozilla/5.0 (Windows NT 10.0; Win64; x64) AppleWebKit/537.36 (KHTML, like Gecko) Chrome/84.0.4147.89 Safari/537.36"
80.120.210.179 - - [20/Jul/2020:07:37:11 +0200] "GET /reload?ser=1595223752831 HTTP/1.1" 200 1243 "http://renault.activities.at/result?dir=DESC&mode=grid&order=name&limit=15&page=1&search=clio" "Mozilla/5.0 (Windows NT 10.0; Win64; x64) AppleWebKit/537.36 (KHTML, like Gecko) Chrome/83.0.4103.116 Safari/537.36"
213.225.1.191 - - [20/Jul/2020:07:37:20 +0200] "GET /reload?ser=1595223438387 HTTP/1.1" 200 28 "http://renault.2web.at/result?searchterm=true&search=der+neue" "Mozilla/5.0 (Windows NT 10.0; Win64; x64) AppleWebKit/537.36 (KHTML, like Gecko) Chrome/84.0.4147.89 Safari/537.36"
212.152.229.244 - - [20/Jul/2020:07:37:33 +0200] "GET /reload?ser=1595223451864 HTTP/1.1" 200 28 "http://renault.activities.at/success" "Mozilla/5.0 (Windows NT 10.0; Win64; x64) AppleWebKit/537.36 (KHTML, like Gecko) Chrome/83.0.4103.116 Safari/537.36"
80.110.69.130 - - [20/Jul/2020:07:37:40 +0200] "GET /reload?ser=1595223458928 HTTP/1.1" 200 28 "http://renault.2web.at/account" "Mozilla/5.0 (Windows NT 10.0; Win64; x64) AppleWebKit/537.36 (KHTML, like Gecko) Chrome/84.0.4147.89 Safari/537.36"
80.120.210.179 - - [20/Jul/2020:07:38:12 +0200] "GET /reload?ser=1595223813835 HTTP/1.1" 200 1240 "http://renault.activities.at/result?dir=DESC&mode=grid&order=name&limit=15&page=1&search=clio" "Mozilla/5.0 (Windows NT 10.0; Win64; x64) AppleWebKit/537.36 (KHTML, like Gecko) Chrome/83.0.4103.116 Safari/537.36"
213.225.1.191 - - [20/Jul/2020:07:38:22 +0200] "GET /reload?ser=1595223499394 HTTP/1.1" 200 28 "http://renault.2web.at/result?searchterm=true&search=der+neue" "Mozilla/5.0 (Windows NT 10.0; Win64; x64) AppleWebKit/537.36 (KHTML, like Gecko) Chrome/84.0.4147.89 Safari/537.36"
212.152.229.244 - - [20/Jul/2020:07:38:34 +0200] "GET /reload?ser=1595223512865 HTTP/1.1" 200 28 "http://renault.activities.at/success" "Mozilla/5.0 (Windows NT 10.0; Win64; x64) AppleWebKit/537.36 (KHTML, like Gecko) Chrome/83.0.4103.116 Safari/537.36"
80.110.69.130 - - [20/Jul/2020:07:38:42 +0200] "GET /reload?ser=1595223520930 HTTP/1.1" 200 28 "http://renault.2web.at/account" "Mozilla/5.0 (Windows NT 10.0; Win64; x64) AppleWebKit/537.36 (KHTML, like Gecko) Chrome/84.0.4147.89 Safari/537.36"
80.120.210.179 - - [20/Jul/2020:07:39:13 +0200] "GET /reload?ser=1595223874830 HTTP/1.1" 200 1231 "http://renault.activities.at/result?dir=DESC&mode=grid&order=name&limit=15&page=1&search=clio" "Mozilla/5.0 (Windows NT 10.0; Win64; x64) AppleWebKit/537.36 (KHTML, like Gecko) Chrome/83.0.4103.116 Safari/537.36"
213.225.1.191 - - [20/Jul/2020:07:39:23 +0200] "GET /reload?ser=1595223560455 HTTP/1.1" 200 28 "http://renault.2web.at/result?searchterm=true&search=der+neue" "Mozilla/5.0 (Windows NT 10.0; Win64; x64) AppleWebKit/537.36 (KHTML, like Gecko) Chrome/84.0.4147.89 Safari/537.36"
212.152.229.244 - - [20/Jul/2020:07:39:35 +0200] "GET /reload?ser=1595223573865 HTTP/1.1" 200 28 "http://renault.activities.at/success" "Mozilla/5.0 (Windows NT 10.0; Win64; x64) AppleWebKit/537.36 (KHTML, like Gecko) Chrome/83.0.4103.116 Safari/537.36"
80.110.69.130 - - [20/Jul/2020:07:39:44 +0200] "GET /reload?ser=1595223582929 HTTP/1.1" 200 28 "http://renault.2web.at/account" "Mozilla/5.0 (Windows NT 10.0; Win64; x64) AppleWebKit/537.36 (KHTML, like Gecko) Chrome/84.0.4147.89 Safari/537.36"
80.120.210.179 - - [20/Jul/2020:07:40:14 +0200] "GET /reload?ser=1595223935838 HTTP/1.1" 200 1235 "http://renault.activities.at/result?dir=DESC&mode=grid&order=name&limit=15&page=1&search=clio" "Mozilla/5.0 (Windows NT 10.0; Win64; x64) AppleWebKit/537.36 (KHTML, like Gecko) Chrome/83.0.4103.116 Safari/537.36"
213.225.1.191 - - [20/Jul/2020:07:40:24 +0200] "GET /reload?ser=1595223621486 HTTP/1.1" 200 28 "http://renault.2web.at/result?searchterm=true&search=der+neue" "Mozilla/5.0 (Windows NT 10.0; Win64; x64) AppleWebKit/537.36 (KHTML, like Gecko) Chrome/84.0.4147.89 Safari/537.36"
212.152.229.244 - - [20/Jul/2020:07:40:36 +0200] "GET /reload?ser=1595223634865 HTTP/1.1" 200 28 "http://renault.activities.at/success" "Mozilla/5.0 (Windows NT 10.0; Win64; x64) AppleWebKit/537.36 (KHTML, like Gecko) Chrome/83.0.4103.116 Safari/537.36"
80.110.69.130 - - [20/Jul/2020:07:40:46 +0200] "GET /reload?ser=1595223644929 HTTP/1.1" 200 28 "http://renault.2web.at/account" "Mozilla/5.0 (Windows NT 10.0; Win64; x64) AppleWebKit/537.36 (KHTML, like Gecko) Chrome/84.0.4147.89 Safari/537.36"
40.77.188.230 - - [20/Jul/2020:07:40:54 +0200] "GET /loadthumbnail.php?id=12244847&width=113 HTTP/1.1" 200 5880 "-" "Mozilla/5.0 (Windows NT 6.1; WOW64) AppleWebKit/534+ (KHTML, like Gecko) BingPreview/1.0b"
40.77.190.99 - - [20/Jul/2020:07:40:55 +0200] "GET /loadthumbnail.php?id=12244864&width=113 HTTP/1.1" 200 11027 "-" "Mozilla/5.0 (Windows NT 6.1; WOW64) AppleWebKit/534+ (KHTML, like Gecko) BingPreview/1.0b"
40.77.188.230 - - [20/Jul/2020:07:40:56 +0200] "GET /loadthumbnail.php?id=12244839&width=113 HTTP/1.1" 200 21669 "-" "Mozilla/5.0 (Windows NT 6.1; WOW64) AppleWebKit/534+ (KHTML, like Gecko) BingPreview/1.0b"
40.77.189.208 - - [20/Jul/2020:07:40:56 +0200] "GET /loadthumbnail.php?id=10562347&width=113 HTTP/1.1" 200 5158 "-" "Mozilla/5.0 (Windows NT 6.1; WOW64) AppleWebKit/534+ (KHTML, like Gecko) BingPreview/1.0b"
40.77.190.104 - - [20/Jul/2020:07:40:57 +0200] "GET /loadthumbnail.php?id=10562346&width=113 HTTP/1.1" 200 5459 "-" "Mozilla/5.0 (Windows NT 6.1; WOW64) AppleWebKit/534+ (KHTML, like Gecko) BingPreview/1.0b"
80.120.210.179 - - [20/Jul/2020:07:41:15 +0200] "GET /reload?ser=1595223996828 HTTP/1.1" 200 1234 "http://renault.activities.at/result?dir=DESC&mode=grid&order=name&limit=15&page=1&search=clio" "Mozilla/5.0 (Windows NT 10.0; Win64; x64) AppleWebKit/537.36 (KHTML, like Gecko) Chrome/83.0.4103.116 Safari/537.36"
213.225.1.191 - - [20/Jul/2020:07:41:25 +0200] "GET /reload?ser=1595223682590 HTTP/1.1" 200 28 "http://renault.2web.at/result?searchterm=true&search=der+neue" "Mozilla/5.0 (Windows NT 10.0; Win64; x64) AppleWebKit/537.36 (KHTML, like Gecko) Chrome/84.0.4147.89 Safari/537.36"
212.152.229.244 - - [20/Jul/2020:07:41:37 +0200] "GET /reload?ser=1595223695864 HTTP/1.1" 200 28 "http://renault.activities.at/success" "Mozilla/5.0 (Windows NT 10.0; Win64; x64) AppleWebKit/537.36 (KHTML, like Gecko) Chrome/83.0.4103.116 Safari/537.36"
80.110.69.130 - - [20/Jul/2020:07:41:48 +0200] "GET /reload?ser=1595223706934 HTTP/1.1" 200 28 "http://renault.2web.at/account" "Mozilla/5.0 (Windows NT 10.0; Win64; x64) AppleWebKit/537.36 (KHTML, like Gecko) Chrome/84.0.4147.89 Safari/537.36"
80.120.210.179 - - [20/Jul/2020:07:42:16 +0200] "GET /reload?ser=1595224057837 HTTP/1.1" 200 1230 "http://renault.activities.at/result?dir=DESC&mode=grid&order=name&limit=15&page=1&search=clio" "Mozilla/5.0 (Windows NT 10.0; Win64; x64) AppleWebKit/537.36 (KHTML, like Gecko) Chrome/83.0.4103.116 Safari/537.36"
213.225.1.191 - - [20/Jul/2020:07:42:26 +0200] "GET /reload?ser=1595223743619 HTTP/1.1" 200 28 "http://renault.2web.at/result?searchterm=true&search=der+neue" "Mozilla/5.0 (Windows NT 10.0; Win64; x64) AppleWebKit/537.36 (KHTML, like Gecko) Chrome/84.0.4147.89 Safari/537.36"
212.152.229.244 - - [20/Jul/2020:07:42:38 +0200] "GET /reload?ser=1595223756864 HTTP/1.1" 200 28 "http://renault.activities.at/success" "Mozilla/5.0 (Windows NT 10.0; Win64; x64) AppleWebKit/537.36 (KHTML, like Gecko) Chrome/83.0.4103.116 Safari/537.36"
80.110.69.130 - - [20/Jul/2020:07:42:50 +0200] "GET /reload?ser=1595223768929 HTTP/1.1" 200 28 "http://renault.2web.at/account" "Mozilla/5.0 (Windows NT 10.0; Win64; x64) AppleWebKit/537.36 (KHTML, like Gecko) Chrome/84.0.4147.89 Safari/537.36"
80.120.210.179 - - [20/Jul/2020:07:43:17 +0200] "GET /reload?ser=1595224118841 HTTP/1.1" 200 1244 "http://renault.activities.at/result?dir=DESC&mode=grid&order=name&limit=15&page=1&search=clio" "Mozilla/5.0 (Windows NT 10.0; Win64; x64) AppleWebKit/537.36 (KHTML, like Gecko) Chrome/83.0.4103.116 Safari/537.36"
213.225.1.191 - - [20/Jul/2020:07:43:27 +0200] "GET /reload?ser=1595223804671 HTTP/1.1" 200 28 "http://renault.2web.at/result?searchterm=true&search=der+neue" "Mozilla/5.0 (Windows NT 10.0; Win64; x64) AppleWebKit/537.36 (KHTML, like Gecko) Chrome/84.0.4147.89 Safari/537.36"
212.152.229.244 - - [20/Jul/2020:07:43:39 +0200] "GET /reload?ser=1595223817865 HTTP/1.1" 200 28 "http://renault.activities.at/success" "Mozilla/5.0 (Windows NT 10.0; Win64; x64) AppleWebKit/537.36 (KHTML, like Gecko) Chrome/83.0.4103.116 Safari/537.36"
80.110.69.130 - - [20/Jul/2020:07:43:52 +0200] "GET /reload?ser=1595223830929 HTTP/1.1" 200 28 "http://renault.2web.at/account" "Mozilla/5.0 (Windows NT 10.0; Win64; x64) AppleWebKit/537.36 (KHTML, like Gecko) Chrome/84.0.4147.89 Safari/537.36"
80.120.210.179 - - [20/Jul/2020:07:44:18 +0200] "GET /reload?ser=1595224179839 HTTP/1.1" 200 1250 "http://renault.activities.at/result?dir=DESC&mode=grid&order=name&limit=15&page=1&search=clio" "Mozilla/5.0 (Windows NT 10.0; Win64; x64) AppleWebKit/537.36 (KHTML, like Gecko) Chrome/83.0.4103.116 Safari/537.36"
212.152.229.244 - - [20/Jul/2020:07:44:40 +0200] "GET /reload?ser=1595223878865 HTTP/1.1" 200 28 "http://renault.activities.at/success" "Mozilla/5.0 (Windows NT 10.0; Win64; x64) AppleWebKit/537.36 (KHTML, like Gecko) Chrome/83.0.4103.116 Safari/537.36"
80.110.69.130 - - [20/Jul/2020:07:44:53 +0200] "GET /reload?ser=1595223891929 HTTP/1.1" 200 28 "http://renault.2web.at/account" "Mozilla/5.0 (Windows NT 10.0; Win64; x64) AppleWebKit/537.36 (KHTML, like Gecko) Chrome/84.0.4147.89 Safari/537.36"
80.120.210.179 - - [20/Jul/2020:07:45:19 +0200] "GET /reload?ser=1595224240830 HTTP/1.1" 200 1250 "http://renault.activities.at/result?dir=DESC&mode=grid&order=name&limit=15&page=1&search=clio" "Mozilla/5.0 (Windows NT 10.0; Win64; x64) AppleWebKit/537.36 (KHTML, like Gecko) Chrome/83.0.4103.116 Safari/537.36"
212.152.229.244 - - [20/Jul/2020:07:45:41 +0200] "GET /reload?ser=1595223939865 HTTP/1.1" 200 28 "http://renault.activities.at/success" "Mozilla/5.0 (Windows NT 10.0; Win64; x64) AppleWebKit/537.36 (KHTML, like Gecko) Chrome/83.0.4103.116 Safari/537.36"
80.110.69.130 - - [20/Jul/2020:07:45:54 +0200] "GET /reload?ser=1595223952930 HTTP/1.1" 200 28 "http://renault.2web.at/account" "Mozilla/5.0 (Windows NT 10.0; Win64; x64) AppleWebKit/537.36 (KHTML, like Gecko) Chrome/84.0.4147.89 Safari/537.36"
80.120.210.179 - - [20/Jul/2020:07:46:20 +0200] "GET /reload?ser=1595224301839 HTTP/1.1" 200 1239 "http://renault.activities.at/result?dir=DESC&mode=grid&order=name&limit=15&page=1&search=clio" "Mozilla/5.0 (Windows NT 10.0; Win64; x64) AppleWebKit/537.36 (KHTML, like Gecko) Chrome/83.0.4103.116 Safari/537.36"
212.152.229.244 - - [20/Jul/2020:07:46:42 +0200] "GET /reload?ser=1595224000864 HTTP/1.1" 200 28 "http://renault.activities.at/success" "Mozilla/5.0 (Windows NT 10.0; Win64; x64) AppleWebKit/537.36 (KHTML, like Gecko) Chrome/83.0.4103.116 Safari/537.36"
80.110.69.130 - - [20/Jul/2020:07:46:55 +0200] "GET /reload?ser=1595224013928 HTTP/1.1" 200 28 "http://renault.2web.at/account" "Mozilla/5.0 (Windows NT 10.0; Win64; x64) AppleWebKit/537.36 (KHTML, like Gecko) Chrome/84.0.4147.89 Safari/537.36"
80.120.210.179 - - [20/Jul/2020:07:47:21 +0200] "GET /reload?ser=1595224362835 HTTP/1.1" 200 1240 "http://renault.activities.at/result?dir=DESC&mode=grid&order=name&limit=15&page=1&search=clio" "Mozilla/5.0 (Windows NT 10.0; Win64; x64) AppleWebKit/537.36 (KHTML, like Gecko) Chrome/83.0.4103.116 Safari/537.36"
212.152.229.244 - - [20/Jul/2020:07:47:43 +0200] "GET /reload?ser=1595224061864 HTTP/1.1" 200 28 "http://renault.activities.at/success" "Mozilla/5.0 (Windows NT 10.0; Win64; x64) AppleWebKit/537.36 (KHTML, like Gecko) Chrome/83.0.4103.116 Safari/537.36"
80.110.69.130 - - [20/Jul/2020:07:47:57 +0200] "GET /reload?ser=1595224075929 HTTP/1.1" 200 28 "http://renault.2web.at/account" "Mozilla/5.0 (Windows NT 10.0; Win64; x64) AppleWebKit/537.36 (KHTML, like Gecko) Chrome/84.0.4147.89 Safari/537.36"
80.120.210.179 - - [20/Jul/2020:07:48:22 +0200] "GET /reload?ser=1595224423844 HTTP/1.1" 200 1245 "http://renault.activities.at/result?dir=DESC&mode=grid&order=name&limit=15&page=1&search=clio" "Mozilla/5.0 (Windows NT 10.0; Win64; x64) AppleWebKit/537.36 (KHTML, like Gecko) Chrome/83.0.4103.116 Safari/537.36"
212.152.229.244 - - [20/Jul/2020:07:48:44 +0200] "GET /reload?ser=1595224122864 HTTP/1.1" 200 28 "http://renault.activities.at/success" "Mozilla/5.0 (Windows NT 10.0; Win64; x64) AppleWebKit/537.36 (KHTML, like Gecko) Chrome/83.0.4103.116 Safari/537.36"
80.110.69.130 - - [20/Jul/2020:07:48:58 +0200] "GET /reload?ser=1595224136928 HTTP/1.1" 200 28 "http://renault.2web.at/account" "Mozilla/5.0 (Windows NT 10.0; Win64; x64) AppleWebKit/537.36 (KHTML, like Gecko) Chrome/84.0.4147.89 Safari/537.36"
80.120.210.179 - - [20/Jul/2020:07:49:23 +0200] "GET /reload?ser=1595224484831 HTTP/1.1" 200 1254 "http://renault.activities.at/result?dir=DESC&mode=grid&order=name&limit=15&page=1&search=clio" "Mozilla/5.0 (Windows NT 10.0; Win64; x64) AppleWebKit/537.36 (KHTML, like Gecko) Chrome/83.0.4103.116 Safari/537.36"
