212.152.158.195 - - [20/Jul/2020:11:47:58 +0200] "POST /axjaxrequest?mode=suggest HTTP/1.1" 200 130 "http://renault.activities.at/account" "Mozilla/5.0 (Windows NT 10.0; Win64; x64) AppleWebKit/537.36 (KHTML, like Gecko) Chrome/83.0.4103.116 Safari/537.36"
212.152.158.195 - - [20/Jul/2020:11:48:09 +0200] "GET /result?searchterm=true&search=beachflag HTTP/1.1" 200 6354 "http://renault.activities.at/account" "Mozilla/5.0 (Windows NT 10.0; Win64; x64) AppleWebKit/537.36 (KHTML, like Gecko) Chrome/83.0.4103.116 Safari/537.36"
212.152.158.195 - - [20/Jul/2020:11:48:11 +0200] "GET /loadthumbnail.php?id=10562347&width=113 HTTP/1.1" 200 4993 "http://renault.activities.at/result?searchterm=true&search=beachflag" "Mozilla/5.0 (Windows NT 10.0; Win64; x64) AppleWebKit/537.36 (KHTML, like Gecko) Chrome/83.0.4103.116 Safari/537.36"
212.152.158.195 - - [20/Jul/2020:11:48:11 +0200] "GET /loadthumbnail.php?id=10562346&width=113 HTTP/1.1" 200 5314 "http://renault.activities.at/result?searchterm=true&search=beachflag" "Mozilla/5.0 (Windows NT 10.0; Win64; x64) AppleWebKit/537.36 (KHTML, like Gecko) Chrome/83.0.4103.116 Safari/537.36"
212.152.158.195 - - [20/Jul/2020:11:48:12 +0200] "GET /images/vista-up-hover.gif HTTP/1.1" 200 130 "http://renault.activities.at/css/styles.css" "Mozilla/5.0 (Windows NT 10.0; Win64; x64) AppleWebKit/537.36 (KHTML, like Gecko) Chrome/83.0.4103.116 Safari/537.36"
80.110.69.130 - - [20/Jul/2020:11:48:25 +0200] "GET /reload?ser=1595238503190 HTTP/1.1" 200 28 "http://renault.2web.at/account" "Mozilla/5.0 (Windows NT 10.0; Win64; x64) AppleWebKit/537.36 (KHTML, like Gecko) Chrome/84.0.4147.89 Safari/537.36"
185.58.53.32 - - [20/Jul/2020:11:48:44 +0200] "GET /reload?ser=1595238524253 HTTP/1.1" 200 28 "http://renault.activities.at/10201442?dir=DESC&mode=grid&order=name&limit=15&page=10" "Mozilla/5.0 (Windows NT 10.0; Win64; x64) AppleWebKit/537.36 (KHTML, like Gecko) Chrome/84.0.4147.89 Safari/537.36"
212.152.158.195 - - [20/Jul/2020:11:49:11 +0200] "GET /reload?ser=1595238551669 HTTP/1.1" 200 28 "http://renault.activities.at/result?searchterm=true&search=beachflag" "Mozilla/5.0 (Windows NT 10.0; Win64; x64) AppleWebKit/537.36 (KHTML, like Gecko) Chrome/83.0.4103.116 Safari/537.36"
80.110.69.130 - - [20/Jul/2020:11:49:27 +0200] "GET /reload?ser=1595238565190 HTTP/1.1" 200 28 "http://renault.2web.at/account" "Mozilla/5.0 (Windows NT 10.0; Win64; x64) AppleWebKit/537.36 (KHTML, like Gecko) Chrome/84.0.4147.89 Safari/537.36"
185.58.53.32 - - [20/Jul/2020:11:49:45 +0200] "GET /reload?ser=1595238585252 HTTP/1.1" 200 28 "http://renault.activities.at/10201442?dir=DESC&mode=grid&order=name&limit=15&page=10" "Mozilla/5.0 (Windows NT 10.0; Win64; x64) AppleWebKit/537.36 (KHTML, like Gecko) Chrome/84.0.4147.89 Safari/537.36"
212.152.158.195 - - [20/Jul/2020:11:50:12 +0200] "GET /reload?ser=1595238612593 HTTP/1.1" 200 28 "http://renault.activities.at/result?searchterm=true&search=beachflag" "Mozilla/5.0 (Windows NT 10.0; Win64; x64) AppleWebKit/537.36 (KHTML, like Gecko) Chrome/83.0.4103.116 Safari/537.36"
80.110.69.130 - - [20/Jul/2020:11:50:29 +0200] "GET /reload?ser=1595238627192 HTTP/1.1" 200 28 "http://renault.2web.at/account" "Mozilla/5.0 (Windows NT 10.0; Win64; x64) AppleWebKit/537.36 (KHTML, like Gecko) Chrome/84.0.4147.89 Safari/537.36"
157.55.39.91 - - [20/Jul/2020:11:50:31 +0200] "GET /11343188 HTTP/1.1" 302 150 "-" "Mozilla/5.0 (compatible; bingbot/2.0; +http://www.bing.com/bingbot.htm)"
157.55.39.91 - - [20/Jul/2020:11:50:33 +0200] "GET /login?required=true HTTP/1.1" 200 2085 "-" "Mozilla/5.0 (compatible; bingbot/2.0; +http://www.bing.com/bingbot.htm)"
185.58.53.32 - - [20/Jul/2020:11:50:46 +0200] "GET /reload?ser=1595238646253 HTTP/1.1" 200 28 "http://renault.activities.at/10201442?dir=DESC&mode=grid&order=name&limit=15&page=10" "Mozilla/5.0 (Windows NT 10.0; Win64; x64) AppleWebKit/537.36 (KHTML, like Gecko) Chrome/84.0.4147.89 Safari/537.36"
212.152.158.195 - - [20/Jul/2020:11:51:13 +0200] "GET /reload?ser=1595238673538 HTTP/1.1" 200 28 "http://renault.activities.at/result?searchterm=true&search=beachflag" "Mozilla/5.0 (Windows NT 10.0; Win64; x64) AppleWebKit/537.36 (KHTML, like Gecko) Chrome/83.0.4103.116 Safari/537.36"
80.110.69.130 - - [20/Jul/2020:11:51:30 +0200] "GET /reload?ser=1595238688191 HTTP/1.1" 200 28 "http://renault.2web.at/account" "Mozilla/5.0 (Windows NT 10.0; Win64; x64) AppleWebKit/537.36 (KHTML, like Gecko) Chrome/84.0.4147.89 Safari/537.36"
185.58.53.32 - - [20/Jul/2020:11:51:47 +0200] "GET /reload?ser=1595238707253 HTTP/1.1" 200 28 "http://renault.activities.at/10201442?dir=DESC&mode=grid&order=name&limit=15&page=10" "Mozilla/5.0 (Windows NT 10.0; Win64; x64) AppleWebKit/537.36 (KHTML, like Gecko) Chrome/84.0.4147.89 Safari/537.36"
212.152.158.195 - - [20/Jul/2020:11:52:14 +0200] "GET /reload?ser=1595238734531 HTTP/1.1" 200 28 "http://renault.activities.at/result?searchterm=true&search=beachflag" "Mozilla/5.0 (Windows NT 10.0; Win64; x64) AppleWebKit/537.36 (KHTML, like Gecko) Chrome/83.0.4103.116 Safari/537.36"
80.110.69.130 - - [20/Jul/2020:11:52:32 +0200] "GET /reload?ser=1595238750190 HTTP/1.1" 200 28 "http://renault.2web.at/account" "Mozilla/5.0 (Windows NT 10.0; Win64; x64) AppleWebKit/537.36 (KHTML, like Gecko) Chrome/84.0.4147.89 Safari/537.36"
185.58.53.32 - - [20/Jul/2020:11:52:48 +0200] "GET /reload?ser=1595238768254 HTTP/1.1" 200 28 "http://renault.activities.at/10201442?dir=DESC&mode=grid&order=name&limit=15&page=10" "Mozilla/5.0 (Windows NT 10.0; Win64; x64) AppleWebKit/537.36 (KHTML, like Gecko) Chrome/84.0.4147.89 Safari/537.36"
212.152.158.195 - - [20/Jul/2020:11:53:15 +0200] "GET /reload?ser=1595238795505 HTTP/1.1" 200 28 "http://renault.activities.at/result?searchterm=true&search=beachflag" "Mozilla/5.0 (Windows NT 10.0; Win64; x64) AppleWebKit/537.36 (KHTML, like Gecko) Chrome/83.0.4103.116 Safari/537.36"
80.110.69.130 - - [20/Jul/2020:11:53:34 +0200] "GET /reload?ser=1595238812190 HTTP/1.1" 200 28 "http://renault.2web.at/account" "Mozilla/5.0 (Windows NT 10.0; Win64; x64) AppleWebKit/537.36 (KHTML, like Gecko) Chrome/84.0.4147.89 Safari/537.36"
185.58.53.32 - - [20/Jul/2020:11:53:49 +0200] "GET /reload?ser=1595238829254 HTTP/1.1" 200 28 "http://renault.activities.at/10201442?dir=DESC&mode=grid&order=name&limit=15&page=10" "Mozilla/5.0 (Windows NT 10.0; Win64; x64) AppleWebKit/537.36 (KHTML, like Gecko) Chrome/84.0.4147.89 Safari/537.36"
212.152.158.195 - - [20/Jul/2020:11:54:16 +0200] "GET /reload?ser=1595238856431 HTTP/1.1" 200 28 "http://renault.activities.at/result?searchterm=true&search=beachflag" "Mozilla/5.0 (Windows NT 10.0; Win64; x64) AppleWebKit/537.36 (KHTML, like Gecko) Chrome/83.0.4103.116 Safari/537.36"
80.110.69.130 - - [20/Jul/2020:11:54:35 +0200] "GET /reload?ser=1595238873193 HTTP/1.1" 200 28 "http://renault.2web.at/account" "Mozilla/5.0 (Windows NT 10.0; Win64; x64) AppleWebKit/537.36 (KHTML, like Gecko) Chrome/84.0.4147.89 Safari/537.36"
185.58.53.32 - - [20/Jul/2020:11:54:50 +0200] "GET /reload?ser=1595238890254 HTTP/1.1" 200 28 "http://renault.activities.at/10201442?dir=DESC&mode=grid&order=name&limit=15&page=10" "Mozilla/5.0 (Windows NT 10.0; Win64; x64) AppleWebKit/537.36 (KHTML, like Gecko) Chrome/84.0.4147.89 Safari/537.36"
212.152.246.134 - - [20/Jul/2020:11:54:59 +0200] "GET / HTTP/1.1" 200 13281 "-" "Mozilla/5.0 (Windows NT 10.0; Win64; x64) AppleWebKit/537.36 (KHTML, like Gecko) Chrome/84.0.4147.89 Safari/537.36"
212.152.246.134 - - [20/Jul/2020:11:55:00 +0200] "GET /css/reset.css HTTP/1.1" 200 3591 "http://renault.activities.at/" "Mozilla/5.0 (Windows NT 10.0; Win64; x64) AppleWebKit/537.36 (KHTML, like Gecko) Chrome/84.0.4147.89 Safari/537.36"
212.152.246.134 - - [20/Jul/2020:11:55:00 +0200] "GET /css/clears.css HTTP/1.1" 200 1978 "http://renault.activities.at/" "Mozilla/5.0 (Windows NT 10.0; Win64; x64) AppleWebKit/537.36 (KHTML, like Gecko) Chrome/84.0.4147.89 Safari/537.36"
212.152.246.134 - - [20/Jul/2020:11:55:00 +0200] "GET /js/checkout.css HTTP/1.1" 200 767 "http://renault.activities.at/" "Mozilla/5.0 (Windows NT 10.0; Win64; x64) AppleWebKit/537.36 (KHTML, like Gecko) Chrome/84.0.4147.89 Safari/537.36"
212.152.246.134 - - [20/Jul/2020:11:55:00 +0200] "GET /css/prototip.css HTTP/1.1" 200 3299 "http://renault.activities.at/" "Mozilla/5.0 (Windows NT 10.0; Win64; x64) AppleWebKit/537.36 (KHTML, like Gecko) Chrome/84.0.4147.89 Safari/537.36"
212.152.246.134 - - [20/Jul/2020:11:55:00 +0200] "GET /css/themes/default.css HTTP/1.1" 200 2674 "http://renault.activities.at/" "Mozilla/5.0 (Windows NT 10.0; Win64; x64) AppleWebKit/537.36 (KHTML, like Gecko) Chrome/84.0.4147.89 Safari/537.36"
212.152.246.134 - - [20/Jul/2020:11:55:00 +0200] "GET /css/themes/alphacube.css HTTP/1.1" 200 2665 "http://renault.activities.at/" "Mozilla/5.0 (Windows NT 10.0; Win64; x64) AppleWebKit/537.36 (KHTML, like Gecko) Chrome/84.0.4147.89 Safari/537.36"
212.152.246.134 - - [20/Jul/2020:11:55:00 +0200] "GET /js/flashdetection.js HTTP/1.1" 200 2841 "http://renault.activities.at/" "Mozilla/5.0 (Windows NT 10.0; Win64; x64) AppleWebKit/537.36 (KHTML, like Gecko) Chrome/84.0.4147.89 Safari/537.36"
212.152.246.134 - - [20/Jul/2020:11:55:00 +0200] "GET /js/default.js HTTP/1.1" 200 82829 "http://renault.activities.at/" "Mozilla/5.0 (Windows NT 10.0; Win64; x64) AppleWebKit/537.36 (KHTML, like Gecko) Chrome/84.0.4147.89 Safari/537.36"
212.152.246.134 - - [20/Jul/2020:11:55:00 +0200] "GET /css/styles.css HTTP/1.1" 200 78636 "http://renault.activities.at/" "Mozilla/5.0 (Windows NT 10.0; Win64; x64) AppleWebKit/537.36 (KHTML, like Gecko) Chrome/84.0.4147.89 Safari/537.36"
212.152.246.134 - - [20/Jul/2020:11:55:00 +0200] "GET /js/index.php?c=auto&f=,prototype/prototype.js,prototype/validation.js,scriptaculous/builder.js,scriptaculous/effects.js,scriptaculous/dragdrop.js,scriptaculous/controls.js,scriptaculous/slider.js,varien/js.js,varien/form.js,varien/menu.js,mage/translate.js,mage/cookies.js,varien/product.js,spinner/SpinnerControl.jsmin.js,prototype/window.js,prototype/window_ext.js HTTP/1.1" 200 398646 "http://renault.activities.at/" "Mozilla/5.0 (Windows NT 10.0; Win64; x64) AppleWebKit/537.36 (KHTML, like Gecko) Chrome/84.0.4147.89 Safari/537.36"
212.152.246.134 - - [20/Jul/2020:11:55:01 +0200] "GET /images/main_block_border.gif HTTP/1.1" 200 43 "http://renault.activities.at/css/styles.css" "Mozilla/5.0 (Windows NT 10.0; Win64; x64) AppleWebKit/537.36 (KHTML, like Gecko) Chrome/84.0.4147.89 Safari/537.36"
212.152.246.134 - - [20/Jul/2020:11:55:01 +0200] "GET /images/main_block_corner_left_bot.gif HTTP/1.1" 200 159 "http://renault.activities.at/css/styles.css" "Mozilla/5.0 (Windows NT 10.0; Win64; x64) AppleWebKit/537.36 (KHTML, like Gecko) Chrome/84.0.4147.89 Safari/537.36"
212.152.246.134 - - [20/Jul/2020:11:55:01 +0200] "GET /images/main_block_corner_right_bot.gif HTTP/1.1" 200 158 "http://renault.activities.at/css/styles.css" "Mozilla/5.0 (Windows NT 10.0; Win64; x64) AppleWebKit/537.36 (KHTML, like Gecko) Chrome/84.0.4147.89 Safari/537.36"
212.152.246.134 - - [20/Jul/2020:11:55:01 +0200] "GET /images/header_block_border.gif HTTP/1.1" 200 43 "http://renault.activities.at/css/styles.css" "Mozilla/5.0 (Windows NT 10.0; Win64; x64) AppleWebKit/537.36 (KHTML, like Gecko) Chrome/84.0.4147.89 Safari/537.36"
212.152.246.134 - - [20/Jul/2020:11:55:01 +0200] "GET /images/header_block_corner_left_top.gif HTTP/1.1" 200 160 "http://renault.activities.at/css/styles.css" "Mozilla/5.0 (Windows NT 10.0; Win64; x64) AppleWebKit/537.36 (KHTML, like Gecko) Chrome/84.0.4147.89 Safari/537.36"
212.152.246.134 - - [20/Jul/2020:11:55:01 +0200] "GET /css/print.css HTTP/1.1" 200 1042 "http://renault.activities.at/" "Mozilla/5.0 (Windows NT 10.0; Win64; x64) AppleWebKit/537.36 (KHTML, like Gecko) Chrome/84.0.4147.89 Safari/537.36"
212.152.246.134 - - [20/Jul/2020:11:55:01 +0200] "GET /images/header_block_corner_right_top.gif HTTP/1.1" 200 160 "http://renault.activities.at/css/styles.css" "Mozilla/5.0 (Windows NT 10.0; Win64; x64) AppleWebKit/537.36 (KHTML, like Gecko) Chrome/84.0.4147.89 Safari/537.36"
212.152.246.134 - - [20/Jul/2020:11:55:01 +0200] "GET /images/main_block_corner_left_top.gif HTTP/1.1" 200 159 "http://renault.activities.at/css/styles.css" "Mozilla/5.0 (Windows NT 10.0; Win64; x64) AppleWebKit/537.36 (KHTML, like Gecko) Chrome/84.0.4147.89 Safari/537.36"
212.152.246.134 - - [20/Jul/2020:11:55:01 +0200] "GET /images/main_block_corner_right_top.gif HTTP/1.1" 200 159 "http://renault.activities.at/css/styles.css" "Mozilla/5.0 (Windows NT 10.0; Win64; x64) AppleWebKit/537.36 (KHTML, like Gecko) Chrome/84.0.4147.89 Safari/537.36"
212.152.246.134 - - [20/Jul/2020:11:55:01 +0200] "GET /images/title_border.jpg HTTP/1.1" 200 304 "http://renault.activities.at/css/styles.css" "Mozilla/5.0 (Windows NT 10.0; Win64; x64) AppleWebKit/537.36 (KHTML, like Gecko) Chrome/84.0.4147.89 Safari/537.36"
212.152.246.134 - - [20/Jul/2020:11:55:01 +0200] "GET /images/title_border_top.jpg HTTP/1.1" 200 336 "http://renault.activities.at/css/styles.css" "Mozilla/5.0 (Windows NT 10.0; Win64; x64) AppleWebKit/537.36 (KHTML, like Gecko) Chrome/84.0.4147.89 Safari/537.36"
212.152.246.134 - - [20/Jul/2020:11:55:01 +0200] "GET /images/title_corner_right_top.jpg HTTP/1.1" 200 389 "http://renault.activities.at/css/styles.css" "Mozilla/5.0 (Windows NT 10.0; Win64; x64) AppleWebKit/537.36 (KHTML, like Gecko) Chrome/84.0.4147.89 Safari/537.36"
212.152.246.134 - - [20/Jul/2020:11:55:01 +0200] "GET /images/title_corner_left_top.jpg HTTP/1.1" 200 372 "http://renault.activities.at/css/styles.css" "Mozilla/5.0 (Windows NT 10.0; Win64; x64) AppleWebKit/537.36 (KHTML, like Gecko) Chrome/84.0.4147.89 Safari/537.36"
212.152.246.134 - - [20/Jul/2020:11:55:01 +0200] "GET /loadthumbnail.php?id=11127982 HTTP/1.1" 200 586642 "http://renault.activities.at/" "Mozilla/5.0 (Windows NT 10.0; Win64; x64) AppleWebKit/537.36 (KHTML, like Gecko) Chrome/84.0.4147.89 Safari/537.36"
212.152.246.134 - - [20/Jul/2020:11:55:02 +0200] "GET /images/favicon.ico HTTP/1.1" 404 380 "http://renault.activities.at/" "Mozilla/5.0 (Windows NT 10.0; Win64; x64) AppleWebKit/537.36 (KHTML, like Gecko) Chrome/84.0.4147.89 Safari/537.36"
212.152.246.134 - - [20/Jul/2020:11:55:02 +0200] "GET /login HTTP/1.1" 200 7269 "http://renault.activities.at/" "Mozilla/5.0 (Windows NT 10.0; Win64; x64) AppleWebKit/537.36 (KHTML, like Gecko) Chrome/84.0.4147.89 Safari/537.36"
212.152.246.134 - - [20/Jul/2020:11:55:03 +0200] "GET /images/button_left_bg.gif HTTP/1.1" 200 564 "http://renault.activities.at/css/styles.css" "Mozilla/5.0 (Windows NT 10.0; Win64; x64) AppleWebKit/537.36 (KHTML, like Gecko) Chrome/84.0.4147.89 Safari/537.36"
212.152.246.134 - - [20/Jul/2020:11:55:03 +0200] "GET /images/button_right_bg.gif HTTP/1.1" 200 561 "http://renault.activities.at/css/styles.css" "Mozilla/5.0 (Windows NT 10.0; Win64; x64) AppleWebKit/537.36 (KHTML, like Gecko) Chrome/84.0.4147.89 Safari/537.36"
212.152.246.134 - - [20/Jul/2020:11:55:03 +0200] "GET /images/button_bg.gif HTTP/1.1" 200 151 "http://renault.activities.at/css/styles.css" "Mozilla/5.0 (Windows NT 10.0; Win64; x64) AppleWebKit/537.36 (KHTML, like Gecko) Chrome/84.0.4147.89 Safari/537.36"
212.152.246.134 - - [20/Jul/2020:11:55:13 +0200] "POST /login HTTP/1.1" 302 151 "http://renault.activities.at/login" "Mozilla/5.0 (Windows NT 10.0; Win64; x64) AppleWebKit/537.36 (KHTML, like Gecko) Chrome/84.0.4147.89 Safari/537.36"
212.152.158.195 - - [20/Jul/2020:11:55:17 +0200] "GET /reload?ser=1595238917400 HTTP/1.1" 200 28 "http://renault.activities.at/result?searchterm=true&search=beachflag" "Mozilla/5.0 (Windows NT 10.0; Win64; x64) AppleWebKit/537.36 (KHTML, like Gecko) Chrome/83.0.4103.116 Safari/537.36"
212.152.246.134 - - [20/Jul/2020:11:55:24 +0200] "POST /login HTTP/1.1" 302 151 "http://renault.activities.at/login" "Mozilla/5.0 (Windows NT 10.0; Win64; x64) AppleWebKit/537.36 (KHTML, like Gecko) Chrome/84.0.4147.89 Safari/537.36"
212.152.246.134 - - [20/Jul/2020:11:55:25 +0200] "GET /account HTTP/1.1" 200 38301 "http://renault.activities.at/login" "Mozilla/5.0 (Windows NT 10.0; Win64; x64) AppleWebKit/537.36 (KHTML, like Gecko) Chrome/84.0.4147.89 Safari/537.36"
212.152.246.134 - - [20/Jul/2020:11:55:28 +0200] "GET /js/account.js HTTP/1.1" 200 2943 "http://renault.activities.at/account" "Mozilla/5.0 (Windows NT 10.0; Win64; x64) AppleWebKit/537.36 (KHTML, like Gecko) Chrome/84.0.4147.89 Safari/537.36"
212.152.246.134 - - [20/Jul/2020:11:55:29 +0200] "GET /images/search_bg.gif HTTP/1.1" 200 1726 "http://renault.activities.at/css/styles.css" "Mozilla/5.0 (Windows NT 10.0; Win64; x64) AppleWebKit/537.36 (KHTML, like Gecko) Chrome/84.0.4147.89 Safari/537.36"
212.152.246.134 - - [20/Jul/2020:11:55:29 +0200] "GET /images/top_links_divider.gif HTTP/1.1" 200 44 "http://renault.activities.at/css/styles.css" "Mozilla/5.0 (Windows NT 10.0; Win64; x64) AppleWebKit/537.36 (KHTML, like Gecko) Chrome/84.0.4147.89 Safari/537.36"
212.152.246.134 - - [20/Jul/2020:11:55:29 +0200] "GET /images/menu_button_bg.jpg HTTP/1.1" 200 322 "http://renault.activities.at/css/styles.css" "Mozilla/5.0 (Windows NT 10.0; Win64; x64) AppleWebKit/537.36 (KHTML, like Gecko) Chrome/84.0.4147.89 Safari/537.36"
212.152.246.134 - - [20/Jul/2020:11:55:29 +0200] "GET /images/sidebar_title_corner_left_top.gif HTTP/1.1" 200 1124 "http://renault.activities.at/css/styles.css" "Mozilla/5.0 (Windows NT 10.0; Win64; x64) AppleWebKit/537.36 (KHTML, like Gecko) Chrome/84.0.4147.89 Safari/537.36"
212.152.246.134 - - [20/Jul/2020:11:55:29 +0200] "GET /images/sidebar_title_border_top.gif HTTP/1.1" 200 155 "http://renault.activities.at/css/styles.css" "Mozilla/5.0 (Windows NT 10.0; Win64; x64) AppleWebKit/537.36 (KHTML, like Gecko) Chrome/84.0.4147.89 Safari/537.36"
212.152.246.134 - - [20/Jul/2020:11:55:29 +0200] "GET /images/sidebar_title_corner_right_top.gif HTTP/1.1" 200 383 "http://renault.activities.at/css/styles.css" "Mozilla/5.0 (Windows NT 10.0; Win64; x64) AppleWebKit/537.36 (KHTML, like Gecko) Chrome/84.0.4147.89 Safari/537.36"
212.152.246.134 - - [20/Jul/2020:11:55:29 +0200] "GET /images/sidebar_title_border.gif HTTP/1.1" 200 43 "http://renault.activities.at/css/styles.css" "Mozilla/5.0 (Windows NT 10.0; Win64; x64) AppleWebKit/537.36 (KHTML, like Gecko) Chrome/84.0.4147.89 Safari/537.36"
212.152.246.134 - - [20/Jul/2020:11:55:29 +0200] "GET /images/nav_divider.gif HTTP/1.1" 200 43 "http://renault.activities.at/css/styles.css" "Mozilla/5.0 (Windows NT 10.0; Win64; x64) AppleWebKit/537.36 (KHTML, like Gecko) Chrome/84.0.4147.89 Safari/537.36"
212.152.246.134 - - [20/Jul/2020:11:55:29 +0200] "GET /images/menu_divider.gif HTTP/1.1" 200 176 "http://renault.activities.at/css/styles.css" "Mozilla/5.0 (Windows NT 10.0; Win64; x64) AppleWebKit/537.36 (KHTML, like Gecko) Chrome/84.0.4147.89 Safari/537.36"
212.152.246.134 - - [20/Jul/2020:11:55:29 +0200] "GET /loadthumbnail.php?id=11967700&width=50&height=50 HTTP/1.1" 200 1362 "http://renault.activities.at/account" "Mozilla/5.0 (Windows NT 10.0; Win64; x64) AppleWebKit/537.36 (KHTML, like Gecko) Chrome/84.0.4147.89 Safari/537.36"
212.152.246.134 - - [20/Jul/2020:11:55:29 +0200] "GET /loadthumbnail.php?id=11798477&width=50&height=50 HTTP/1.1" 200 1357 "http://renault.activities.at/account" "Mozilla/5.0 (Windows NT 10.0; Win64; x64) AppleWebKit/537.36 (KHTML, like Gecko) Chrome/84.0.4147.89 Safari/537.36"
212.152.246.134 - - [20/Jul/2020:11:55:29 +0200] "GET /images/footer_divider.gif HTTP/1.1" 200 44 "http://renault.activities.at/css/styles.css" "Mozilla/5.0 (Windows NT 10.0; Win64; x64) AppleWebKit/537.36 (KHTML, like Gecko) Chrome/84.0.4147.89 Safari/537.36"
212.152.246.134 - - [20/Jul/2020:11:55:29 +0200] "GET /loadthumbnail.php?id=11895725&width=50&height=50 HTTP/1.1" 200 1316 "http://renault.activities.at/account" "Mozilla/5.0 (Windows NT 10.0; Win64; x64) AppleWebKit/537.36 (KHTML, like Gecko) Chrome/84.0.4147.89 Safari/537.36"
212.152.246.134 - - [20/Jul/2020:11:55:29 +0200] "GET /loadthumbnail.php?id=11819635&width=50&height=50 HTTP/1.1" 200 1342 "http://renault.activities.at/account" "Mozilla/5.0 (Windows NT 10.0; Win64; x64) AppleWebKit/537.36 (KHTML, like Gecko) Chrome/84.0.4147.89 Safari/537.36"
212.152.246.134 - - [20/Jul/2020:11:55:29 +0200] "GET /loadthumbnail.php?id=12237274&width=50&height=50 HTTP/1.1" 200 1245 "http://renault.activities.at/account" "Mozilla/5.0 (Windows NT 10.0; Win64; x64) AppleWebKit/537.36 (KHTML, like Gecko) Chrome/84.0.4147.89 Safari/537.36"
212.152.246.134 - - [20/Jul/2020:11:55:29 +0200] "GET /loadthumbnail.php?id=12240443&width=50&height=50 HTTP/1.1" 200 1436 "http://renault.activities.at/account" "Mozilla/5.0 (Windows NT 10.0; Win64; x64) AppleWebKit/537.36 (KHTML, like Gecko) Chrome/84.0.4147.89 Safari/537.36"
80.110.69.130 - - [20/Jul/2020:11:55:36 +0200] "GET /reload?ser=1595238934192 HTTP/1.1" 200 28 "http://renault.2web.at/account" "Mozilla/5.0 (Windows NT 10.0; Win64; x64) AppleWebKit/537.36 (KHTML, like Gecko) Chrome/84.0.4147.89 Safari/537.36"
212.152.246.134 - - [20/Jul/2020:11:55:39 +0200] "GET /10260304 HTTP/1.1" 200 33491 "http://renault.activities.at/account" "Mozilla/5.0 (Windows NT 10.0; Win64; x64) AppleWebKit/537.36 (KHTML, like Gecko) Chrome/84.0.4147.89 Safari/537.36"
212.152.246.134 - - [20/Jul/2020:11:55:41 +0200] "GET /js/prototip.js HTTP/1.1" 200 9211 "http://renault.activities.at/10260304" "Mozilla/5.0 (Windows NT 10.0; Win64; x64) AppleWebKit/537.36 (KHTML, like Gecko) Chrome/84.0.4147.89 Safari/537.36"
212.152.246.134 - - [20/Jul/2020:11:55:41 +0200] "GET /js/ProduktGrp.js HTTP/1.1" 200 7759 "http://renault.activities.at/10260304" "Mozilla/5.0 (Windows NT 10.0; Win64; x64) AppleWebKit/537.36 (KHTML, like Gecko) Chrome/84.0.4147.89 Safari/537.36"
212.152.246.134 - - [20/Jul/2020:11:55:41 +0200] "GET /images/loading.gif HTTP/1.1" 200 3208 "http://renault.activities.at/10260304" "Mozilla/5.0 (Windows NT 10.0; Win64; x64) AppleWebKit/537.36 (KHTML, like Gecko) Chrome/84.0.4147.89 Safari/537.36"
212.152.246.134 - - [20/Jul/2020:11:55:41 +0200] "GET /images/note_msg_icon.gif HTTP/1.1" 200 1022 "http://renault.activities.at/css/styles.css" "Mozilla/5.0 (Windows NT 10.0; Win64; x64) AppleWebKit/537.36 (KHTML, like Gecko) Chrome/84.0.4147.89 Safari/537.36"
212.152.246.134 - - [20/Jul/2020:11:55:44 +0200] "GET /10260018 HTTP/1.1" 200 33517 "http://renault.activities.at/10260304" "Mozilla/5.0 (Windows NT 10.0; Win64; x64) AppleWebKit/537.36 (KHTML, like Gecko) Chrome/84.0.4147.89 Safari/537.36"
212.152.246.134 - - [20/Jul/2020:11:55:49 +0200] "GET /10260270 HTTP/1.1" 200 33517 "http://renault.activities.at/10260018" "Mozilla/5.0 (Windows NT 10.0; Win64; x64) AppleWebKit/537.36 (KHTML, like Gecko) Chrome/84.0.4147.89 Safari/537.36"
185.58.53.32 - - [20/Jul/2020:11:55:51 +0200] "GET /reload?ser=1595238951254 HTTP/1.1" 200 28 "http://renault.activities.at/10201442?dir=DESC&mode=grid&order=name&limit=15&page=10" "Mozilla/5.0 (Windows NT 10.0; Win64; x64) AppleWebKit/537.36 (KHTML, like Gecko) Chrome/84.0.4147.89 Safari/537.36"
212.152.246.134 - - [20/Jul/2020:11:55:55 +0200] "GET /10260270 HTTP/1.1" 200 33517 "http://renault.activities.at/10260270" "Mozilla/5.0 (Windows NT 10.0; Win64; x64) AppleWebKit/537.36 (KHTML, like Gecko) Chrome/84.0.4147.89 Safari/537.36"
212.152.246.134 - - [20/Jul/2020:11:56:00 +0200] "GET /10260304 HTTP/1.1" 200 33491 "http://renault.activities.at/10260270" "Mozilla/5.0 (Windows NT 10.0; Win64; x64) AppleWebKit/537.36 (KHTML, like Gecko) Chrome/84.0.4147.89 Safari/537.36"
212.152.246.134 - - [20/Jul/2020:11:56:10 +0200] "GET /result?searchterm=true&search=KLeber HTTP/1.1" 200 82318 "http://renault.activities.at/10260304" "Mozilla/5.0 (Windows NT 10.0; Win64; x64) AppleWebKit/537.36 (KHTML, like Gecko) Chrome/84.0.4147.89 Safari/537.36"
212.152.246.134 - - [20/Jul/2020:11:56:14 +0200] "GET /images/vista-up.gif HTTP/1.1" 200 131 "http://renault.activities.at/css/styles.css" "Mozilla/5.0 (Windows NT 10.0; Win64; x64) AppleWebKit/537.36 (KHTML, like Gecko) Chrome/84.0.4147.89 Safari/537.36"
212.152.246.134 - - [20/Jul/2020:11:56:14 +0200] "GET /images/vista-dn.gif HTTP/1.1" 200 128 "http://renault.activities.at/css/styles.css" "Mozilla/5.0 (Windows NT 10.0; Win64; x64) AppleWebKit/537.36 (KHTML, like Gecko) Chrome/84.0.4147.89 Safari/537.36"
212.152.246.134 - - [20/Jul/2020:11:56:14 +0200] "GET /loadthumbnail.php?id=10203276 HTTP/1.1" 200 57 "http://renault.activities.at/result?searchterm=true&search=KLeber" "Mozilla/5.0 (Windows NT 10.0; Win64; x64) AppleWebKit/537.36 (KHTML, like Gecko) Chrome/84.0.4147.89 Safari/537.36"
212.152.246.134 - - [20/Jul/2020:11:56:14 +0200] "GET /loadthumbnail.php?id=10203255 HTTP/1.1" 200 114 "http://renault.activities.at/result?searchterm=true&search=KLeber" "Mozilla/5.0 (Windows NT 10.0; Win64; x64) AppleWebKit/537.36 (KHTML, like Gecko) Chrome/84.0.4147.89 Safari/537.36"
212.152.246.134 - - [20/Jul/2020:11:56:14 +0200] "GET /loadthumbnail.php?id=11423691&width=113 HTTP/1.1" 200 6345 "http://renault.activities.at/result?searchterm=true&search=KLeber" "Mozilla/5.0 (Windows NT 10.0; Win64; x64) AppleWebKit/537.36 (KHTML, like Gecko) Chrome/84.0.4147.89 Safari/537.36"
212.152.246.134 - - [20/Jul/2020:11:56:14 +0200] "GET /loadthumbnail.php?id=12198625&width=113 HTTP/1.1" 200 2121 "http://renault.activities.at/result?searchterm=true&search=KLeber" "Mozilla/5.0 (Windows NT 10.0; Win64; x64) AppleWebKit/537.36 (KHTML, like Gecko) Chrome/84.0.4147.89 Safari/537.36"
212.152.246.134 - - [20/Jul/2020:11:56:14 +0200] "GET /loadthumbnail.php?id=11760052&width=113 HTTP/1.1" 200 2133 "http://renault.activities.at/result?searchterm=true&search=KLeber" "Mozilla/5.0 (Windows NT 10.0; Win64; x64) AppleWebKit/537.36 (KHTML, like Gecko) Chrome/84.0.4147.89 Safari/537.36"
212.152.246.134 - - [20/Jul/2020:11:56:14 +0200] "GET /loadthumbnail.php?id=12198629&width=113 HTTP/1.1" 200 2121 "http://renault.activities.at/result?searchterm=true&search=KLeber" "Mozilla/5.0 (Windows NT 10.0; Win64; x64) AppleWebKit/537.36 (KHTML, like Gecko) Chrome/84.0.4147.89 Safari/537.36"
212.152.246.134 - - [20/Jul/2020:11:56:14 +0200] "GET /images/pager_bg.gif HTTP/1.1" 200 150 "http://renault.activities.at/css/styles.css" "Mozilla/5.0 (Windows NT 10.0; Win64; x64) AppleWebKit/537.36 (KHTML, like Gecko) Chrome/84.0.4147.89 Safari/537.36"
212.152.246.134 - - [20/Jul/2020:11:56:14 +0200] "GET /images/validation_advice_bg.gif HTTP/1.1" 200 134 "http://renault.activities.at/css/styles.css" "Mozilla/5.0 (Windows NT 10.0; Win64; x64) AppleWebKit/537.36 (KHTML, like Gecko) Chrome/84.0.4147.89 Safari/537.36"
212.152.246.134 - - [20/Jul/2020:11:56:14 +0200] "GET /loadthumbnail.php?id=12198633&width=113 HTTP/1.1" 200 2121 "http://renault.activities.at/result?searchterm=true&search=KLeber" "Mozilla/5.0 (Windows NT 10.0; Win64; x64) AppleWebKit/537.36 (KHTML, like Gecko) Chrome/84.0.4147.89 Safari/537.36"
212.152.246.134 - - [20/Jul/2020:11:56:14 +0200] "GET /loadthumbnail.php?id=10272696&width=113 HTTP/1.1" 200 6855 "http://renault.activities.at/result?searchterm=true&search=KLeber" "Mozilla/5.0 (Windows NT 10.0; Win64; x64) AppleWebKit/537.36 (KHTML, like Gecko) Chrome/84.0.4147.89 Safari/537.36"
212.152.246.134 - - [20/Jul/2020:11:56:14 +0200] "GET /loadthumbnail.php?id=10203650&width=113 HTTP/1.1" 200 2916 "http://renault.activities.at/result?searchterm=true&search=KLeber" "Mozilla/5.0 (Windows NT 10.0; Win64; x64) AppleWebKit/537.36 (KHTML, like Gecko) Chrome/84.0.4147.89 Safari/537.36"
212.152.246.134 - - [20/Jul/2020:11:56:14 +0200] "GET /loadthumbnail.php?id=11181189&width=113 HTTP/1.1" 200 2032 "http://renault.activities.at/result?searchterm=true&search=KLeber" "Mozilla/5.0 (Windows NT 10.0; Win64; x64) AppleWebKit/537.36 (KHTML, like Gecko) Chrome/84.0.4147.89 Safari/537.36"
212.152.246.134 - - [20/Jul/2020:11:56:14 +0200] "GET /loadthumbnail.php?id=12255319&width=113 HTTP/1.1" 200 2044 "http://renault.activities.at/result?searchterm=true&search=KLeber" "Mozilla/5.0 (Windows NT 10.0; Win64; x64) AppleWebKit/537.36 (KHTML, like Gecko) Chrome/84.0.4147.89 Safari/537.36"
212.152.246.134 - - [20/Jul/2020:11:56:14 +0200] "GET /loadthumbnail.php?id=12255320&width=113 HTTP/1.1" 200 2044 "http://renault.activities.at/result?searchterm=true&search=KLeber" "Mozilla/5.0 (Windows NT 10.0; Win64; x64) AppleWebKit/537.36 (KHTML, like Gecko) Chrome/84.0.4147.89 Safari/537.36"
212.152.246.134 - - [20/Jul/2020:11:56:14 +0200] "GET /loadthumbnail.php?id=12255318&width=113 HTTP/1.1" 200 2044 "http://renault.activities.at/result?searchterm=true&search=KLeber" "Mozilla/5.0 (Windows NT 10.0; Win64; x64) AppleWebKit/537.36 (KHTML, like Gecko) Chrome/84.0.4147.89 Safari/537.36"
212.152.246.134 - - [20/Jul/2020:11:56:14 +0200] "GET /loadthumbnail.php?id=11181187&width=113 HTTP/1.1" 200 1676 "http://renault.activities.at/result?searchterm=true&search=KLeber" "Mozilla/5.0 (Windows NT 10.0; Win64; x64) AppleWebKit/537.36 (KHTML, like Gecko) Chrome/84.0.4147.89 Safari/537.36"
212.152.246.134 - - [20/Jul/2020:11:56:14 +0200] "GET /loadthumbnail.php?id=11181185&width=113 HTTP/1.1" 200 1676 "http://renault.activities.at/result?searchterm=true&search=KLeber" "Mozilla/5.0 (Windows NT 10.0; Win64; x64) AppleWebKit/537.36 (KHTML, like Gecko) Chrome/84.0.4147.89 Safari/537.36"
212.152.246.134 - - [20/Jul/2020:11:56:10 +0200] "POST /axjaxrequest?mode=suggest HTTP/1.1" 200 7556 "http://renault.activities.at/10260304" "Mozilla/5.0 (Windows NT 10.0; Win64; x64) AppleWebKit/537.36 (KHTML, like Gecko) Chrome/84.0.4147.89 Safari/537.36"
82.149.120.133 - - [20/Jul/2020:11:56:16 +0200] "GET /login HTTP/1.1" 200 2085 "https://www.google.com/" "Mozilla/5.0 (Windows NT 10.0; Win64; x64) AppleWebKit/537.36 (KHTML, like Gecko) Chrome/83.0.4103.116 Safari/537.36"
82.149.120.133 - - [20/Jul/2020:11:56:17 +0200] "GET /css/themes/default.css HTTP/1.1" 200 769 "http://renault.activities.at/login" "Mozilla/5.0 (Windows NT 10.0; Win64; x64) AppleWebKit/537.36 (KHTML, like Gecko) Chrome/83.0.4103.116 Safari/537.36"
82.149.120.133 - - [20/Jul/2020:11:56:17 +0200] "GET /css/themes/alphacube.css HTTP/1.1" 200 743 "http://renault.activities.at/login" "Mozilla/5.0 (Windows NT 10.0; Win64; x64) AppleWebKit/537.36 (KHTML, like Gecko) Chrome/83.0.4103.116 Safari/537.36"
82.149.120.133 - - [20/Jul/2020:11:56:17 +0200] "GET /css/clears.css HTTP/1.1" 200 851 "http://renault.activities.at/login" "Mozilla/5.0 (Windows NT 10.0; Win64; x64) AppleWebKit/537.36 (KHTML, like Gecko) Chrome/83.0.4103.116 Safari/537.36"
82.149.120.133 - - [20/Jul/2020:11:56:17 +0200] "GET /js/default.js HTTP/1.1" 200 14698 "http://renault.activities.at/login" "Mozilla/5.0 (Windows NT 10.0; Win64; x64) AppleWebKit/537.36 (KHTML, like Gecko) Chrome/83.0.4103.116 Safari/537.36"
82.149.120.133 - - [20/Jul/2020:11:56:17 +0200] "GET /css/styles.css HTTP/1.1" 200 14664 "http://renault.activities.at/login" "Mozilla/5.0 (Windows NT 10.0; Win64; x64) AppleWebKit/537.36 (KHTML, like Gecko) Chrome/83.0.4103.116 Safari/537.36"
82.149.120.133 - - [20/Jul/2020:11:56:17 +0200] "GET /js/index.php?c=auto&f=,prototype/prototype.js,prototype/validation.js,scriptaculous/builder.js,scriptaculous/effects.js,scriptaculous/dragdrop.js,scriptaculous/controls.js,scriptaculous/slider.js,varien/js.js,varien/form.js,varien/menu.js,mage/translate.js,mage/cookies.js,varien/product.js,spinner/SpinnerControl.jsmin.js,prototype/window.js,prototype/window_ext.js HTTP/1.1" 200 94182 "http://renault.activities.at/login" "Mozilla/5.0 (Windows NT 10.0; Win64; x64) AppleWebKit/537.36 (KHTML, like Gecko) Chrome/83.0.4103.116 Safari/537.36"
82.149.120.133 - - [20/Jul/2020:11:56:17 +0200] "GET /css/prototip.css HTTP/1.1" 200 968 "http://renault.activities.at/login" "Mozilla/5.0 (Windows NT 10.0; Win64; x64) AppleWebKit/537.36 (KHTML, like Gecko) Chrome/83.0.4103.116 Safari/537.36"
82.149.120.133 - - [20/Jul/2020:11:56:17 +0200] "GET /css/reset.css HTTP/1.1" 200 1356 "http://renault.activities.at/login" "Mozilla/5.0 (Windows NT 10.0; Win64; x64) AppleWebKit/537.36 (KHTML, like Gecko) Chrome/83.0.4103.116 Safari/537.36"
82.149.120.133 - - [20/Jul/2020:11:56:17 +0200] "GET /js/checkout.css HTTP/1.1" 200 359 "http://renault.activities.at/login" "Mozilla/5.0 (Windows NT 10.0; Win64; x64) AppleWebKit/537.36 (KHTML, like Gecko) Chrome/83.0.4103.116 Safari/537.36"
82.149.120.133 - - [20/Jul/2020:11:56:18 +0200] "GET /css/print.css HTTP/1.1" 200 543 "http://renault.activities.at/login" "Mozilla/5.0 (Windows NT 10.0; Win64; x64) AppleWebKit/537.36 (KHTML, like Gecko) Chrome/83.0.4103.116 Safari/537.36"
82.149.120.133 - - [20/Jul/2020:11:56:18 +0200] "GET /images/main_block_corner_right_top.gif HTTP/1.1" 200 159 "http://renault.activities.at/css/styles.css" "Mozilla/5.0 (Windows NT 10.0; Win64; x64) AppleWebKit/537.36 (KHTML, like Gecko) Chrome/83.0.4103.116 Safari/537.36"
82.149.120.133 - - [20/Jul/2020:11:56:18 +0200] "GET /images/button_left_bg.gif HTTP/1.1" 200 564 "http://renault.activities.at/css/styles.css" "Mozilla/5.0 (Windows NT 10.0; Win64; x64) AppleWebKit/537.36 (KHTML, like Gecko) Chrome/83.0.4103.116 Safari/537.36"
82.149.120.133 - - [20/Jul/2020:11:56:18 +0200] "GET /images/main_block_corner_right_bot.gif HTTP/1.1" 200 158 "http://renault.activities.at/css/styles.css" "Mozilla/5.0 (Windows NT 10.0; Win64; x64) AppleWebKit/537.36 (KHTML, like Gecko) Chrome/83.0.4103.116 Safari/537.36"
82.149.120.133 - - [20/Jul/2020:11:56:18 +0200] "GET /images/main_block_border.gif HTTP/1.1" 200 43 "http://renault.activities.at/css/styles.css" "Mozilla/5.0 (Windows NT 10.0; Win64; x64) AppleWebKit/537.36 (KHTML, like Gecko) Chrome/83.0.4103.116 Safari/537.36"
82.149.120.133 - - [20/Jul/2020:11:56:18 +0200] "GET /images/header_block_corner_left_top.gif HTTP/1.1" 200 160 "http://renault.activities.at/css/styles.css" "Mozilla/5.0 (Windows NT 10.0; Win64; x64) AppleWebKit/537.36 (KHTML, like Gecko) Chrome/83.0.4103.116 Safari/537.36"
82.149.120.133 - - [20/Jul/2020:11:56:18 +0200] "GET /images/title_corner_left_top.jpg HTTP/1.1" 200 372 "http://renault.activities.at/css/styles.css" "Mozilla/5.0 (Windows NT 10.0; Win64; x64) AppleWebKit/537.36 (KHTML, like Gecko) Chrome/83.0.4103.116 Safari/537.36"
82.149.120.133 - - [20/Jul/2020:11:56:18 +0200] "GET /images/button_right_bg.gif HTTP/1.1" 200 561 "http://renault.activities.at/css/styles.css" "Mozilla/5.0 (Windows NT 10.0; Win64; x64) AppleWebKit/537.36 (KHTML, like Gecko) Chrome/83.0.4103.116 Safari/537.36"
82.149.120.133 - - [20/Jul/2020:11:56:18 +0200] "GET /images/title_corner_right_top.jpg HTTP/1.1" 200 389 "http://renault.activities.at/css/styles.css" "Mozilla/5.0 (Windows NT 10.0; Win64; x64) AppleWebKit/537.36 (KHTML, like Gecko) Chrome/83.0.4103.116 Safari/537.36"
82.149.120.133 - - [20/Jul/2020:11:56:18 +0200] "GET /images/title_border.jpg HTTP/1.1" 200 304 "http://renault.activities.at/css/styles.css" "Mozilla/5.0 (Windows NT 10.0; Win64; x64) AppleWebKit/537.36 (KHTML, like Gecko) Chrome/83.0.4103.116 Safari/537.36"
82.149.120.133 - - [20/Jul/2020:11:56:18 +0200] "GET /images/title_border_top.jpg HTTP/1.1" 200 336 "http://renault.activities.at/css/styles.css" "Mozilla/5.0 (Windows NT 10.0; Win64; x64) AppleWebKit/537.36 (KHTML, like Gecko) Chrome/83.0.4103.116 Safari/537.36"
82.149.120.133 - - [20/Jul/2020:11:56:18 +0200] "GET /images/main_block_corner_left_bot.gif HTTP/1.1" 200 159 "http://renault.activities.at/css/styles.css" "Mozilla/5.0 (Windows NT 10.0; Win64; x64) AppleWebKit/537.36 (KHTML, like Gecko) Chrome/83.0.4103.116 Safari/537.36"
82.149.120.133 - - [20/Jul/2020:11:56:18 +0200] "GET /images/header_block_corner_right_top.gif HTTP/1.1" 200 160 "http://renault.activities.at/css/styles.css" "Mozilla/5.0 (Windows NT 10.0; Win64; x64) AppleWebKit/537.36 (KHTML, like Gecko) Chrome/83.0.4103.116 Safari/537.36"
82.149.120.133 - - [20/Jul/2020:11:56:18 +0200] "GET /images/header_block_border.gif HTTP/1.1" 200 43 "http://renault.activities.at/css/styles.css" "Mozilla/5.0 (Windows NT 10.0; Win64; x64) AppleWebKit/537.36 (KHTML, like Gecko) Chrome/83.0.4103.116 Safari/537.36"
82.149.120.133 - - [20/Jul/2020:11:56:18 +0200] "GET /images/main_block_corner_left_top.gif HTTP/1.1" 200 159 "http://renault.activities.at/css/styles.css" "Mozilla/5.0 (Windows NT 10.0; Win64; x64) AppleWebKit/537.36 (KHTML, like Gecko) Chrome/83.0.4103.116 Safari/537.36"
82.149.120.133 - - [20/Jul/2020:11:56:18 +0200] "GET /images/button_bg.gif HTTP/1.1" 200 151 "http://renault.activities.at/css/styles.css" "Mozilla/5.0 (Windows NT 10.0; Win64; x64) AppleWebKit/537.36 (KHTML, like Gecko) Chrome/83.0.4103.116 Safari/537.36"
82.149.120.133 - - [20/Jul/2020:11:56:18 +0200] "GET /loadthumbnail.php?id=11127982 HTTP/1.1" 200 399614 "http://renault.activities.at/login" "Mozilla/5.0 (Windows NT 10.0; Win64; x64) AppleWebKit/537.36 (KHTML, like Gecko) Chrome/83.0.4103.116 Safari/537.36"
212.152.158.195 - - [20/Jul/2020:11:56:18 +0200] "GET /reload?ser=1595238978367 HTTP/1.1" 200 28 "http://renault.activities.at/result?searchterm=true&search=beachflag" "Mozilla/5.0 (Windows NT 10.0; Win64; x64) AppleWebKit/537.36 (KHTML, like Gecko) Chrome/83.0.4103.116 Safari/537.36"
212.152.246.134 - - [20/Jul/2020:11:56:22 +0200] "GET /result?dir=DESC&mode=grid&order=name&limit=15&page=2&search=KLeber HTTP/1.1" 200 83254 "http://renault.activities.at/result?searchterm=true&search=KLeber" "Mozilla/5.0 (Windows NT 10.0; Win64; x64) AppleWebKit/537.36 (KHTML, like Gecko) Chrome/84.0.4147.89 Safari/537.36"
212.152.246.134 - - [20/Jul/2020:11:56:25 +0200] "GET /loadthumbnail.php?id=10203275 HTTP/1.1" 200 824 "http://renault.activities.at/result?dir=DESC&mode=grid&order=name&limit=15&page=2&search=KLeber" "Mozilla/5.0 (Windows NT 10.0; Win64; x64) AppleWebKit/537.36 (KHTML, like Gecko) Chrome/84.0.4147.89 Safari/537.36"
212.152.246.134 - - [20/Jul/2020:11:56:25 +0200] "GET /loadthumbnail.php?id=11181180&width=113 HTTP/1.1" 200 1978 "http://renault.activities.at/result?dir=DESC&mode=grid&order=name&limit=15&page=2&search=KLeber" "Mozilla/5.0 (Windows NT 10.0; Win64; x64) AppleWebKit/537.36 (KHTML, like Gecko) Chrome/84.0.4147.89 Safari/537.36"
212.152.246.134 - - [20/Jul/2020:11:56:25 +0200] "GET /loadthumbnail.php?id=11181178&width=113 HTTP/1.1" 200 1978 "http://renault.activities.at/result?dir=DESC&mode=grid&order=name&limit=15&page=2&search=KLeber" "Mozilla/5.0 (Windows NT 10.0; Win64; x64) AppleWebKit/537.36 (KHTML, like Gecko) Chrome/84.0.4147.89 Safari/537.36"
212.152.246.134 - - [20/Jul/2020:11:56:25 +0200] "GET /loadthumbnail.php?id=11186502&width=113 HTTP/1.1" 200 2147 "http://renault.activities.at/result?dir=DESC&mode=grid&order=name&limit=15&page=2&search=KLeber" "Mozilla/5.0 (Windows NT 10.0; Win64; x64) AppleWebKit/537.36 (KHTML, like Gecko) Chrome/84.0.4147.89 Safari/537.36"
212.152.246.134 - - [20/Jul/2020:11:56:25 +0200] "GET /loadthumbnail.php?id=11195848&width=113 HTTP/1.1" 200 2147 "http://renault.activities.at/result?dir=DESC&mode=grid&order=name&limit=15&page=2&search=KLeber" "Mozilla/5.0 (Windows NT 10.0; Win64; x64) AppleWebKit/537.36 (KHTML, like Gecko) Chrome/84.0.4147.89 Safari/537.36"
212.152.246.134 - - [20/Jul/2020:11:56:25 +0200] "GET /loadthumbnail.php?id=11186518&width=113 HTTP/1.1" 200 1650 "http://renault.activities.at/result?dir=DESC&mode=grid&order=name&limit=15&page=2&search=KLeber" "Mozilla/5.0 (Windows NT 10.0; Win64; x64) AppleWebKit/537.36 (KHTML, like Gecko) Chrome/84.0.4147.89 Safari/537.36"
212.152.246.134 - - [20/Jul/2020:11:56:25 +0200] "GET /loadthumbnail.php?id=11186505&width=113 HTTP/1.1" 200 1650 "http://renault.activities.at/result?dir=DESC&mode=grid&order=name&limit=15&page=2&search=KLeber" "Mozilla/5.0 (Windows NT 10.0; Win64; x64) AppleWebKit/537.36 (KHTML, like Gecko) Chrome/84.0.4147.89 Safari/537.36"
212.152.246.134 - - [20/Jul/2020:11:56:25 +0200] "GET /loadthumbnail.php?id=11137061&width=113 HTTP/1.1" 200 2246 "http://renault.activities.at/result?dir=DESC&mode=grid&order=name&limit=15&page=2&search=KLeber" "Mozilla/5.0 (Windows NT 10.0; Win64; x64) AppleWebKit/537.36 (KHTML, like Gecko) Chrome/84.0.4147.89 Safari/537.36"
212.152.246.134 - - [20/Jul/2020:11:56:25 +0200] "GET /loadthumbnail.php?id=11186498&width=113 HTTP/1.1" 200 2147 "http://renault.activities.at/result?dir=DESC&mode=grid&order=name&limit=15&page=2&search=KLeber" "Mozilla/5.0 (Windows NT 10.0; Win64; x64) AppleWebKit/537.36 (KHTML, like Gecko) Chrome/84.0.4147.89 Safari/537.36"
212.152.246.134 - - [20/Jul/2020:11:56:25 +0200] "GET /loadthumbnail.php?id=11339764&width=113 HTTP/1.1" 200 2265 "http://renault.activities.at/result?dir=DESC&mode=grid&order=name&limit=15&page=2&search=KLeber" "Mozilla/5.0 (Windows NT 10.0; Win64; x64) AppleWebKit/537.36 (KHTML, like Gecko) Chrome/84.0.4147.89 Safari/537.36"
212.152.246.134 - - [20/Jul/2020:11:56:25 +0200] "GET /loadthumbnail.php?id=11183285&width=113 HTTP/1.1" 200 2036 "http://renault.activities.at/result?dir=DESC&mode=grid&order=name&limit=15&page=2&search=KLeber" "Mozilla/5.0 (Windows NT 10.0; Win64; x64) AppleWebKit/537.36 (KHTML, like Gecko) Chrome/84.0.4147.89 Safari/537.36"
212.152.246.134 - - [20/Jul/2020:11:56:25 +0200] "GET /loadthumbnail.php?id=11339768&width=113 HTTP/1.1" 200 2265 "http://renault.activities.at/result?dir=DESC&mode=grid&order=name&limit=15&page=2&search=KLeber" "Mozilla/5.0 (Windows NT 10.0; Win64; x64) AppleWebKit/537.36 (KHTML, like Gecko) Chrome/84.0.4147.89 Safari/537.36"
212.152.246.134 - - [20/Jul/2020:11:56:25 +0200] "GET /loadthumbnail.php?id=11181207&width=113 HTTP/1.1" 200 1437 "http://renault.activities.at/result?dir=DESC&mode=grid&order=name&limit=15&page=2&search=KLeber" "Mozilla/5.0 (Windows NT 10.0; Win64; x64) AppleWebKit/537.36 (KHTML, like Gecko) Chrome/84.0.4147.89 Safari/537.36"
212.152.246.134 - - [20/Jul/2020:11:56:26 +0200] "GET /loadthumbnail.php?id=11195908&width=113 HTTP/1.1" 200 1437 "http://renault.activities.at/result?dir=DESC&mode=grid&order=name&limit=15&page=2&search=KLeber" "Mozilla/5.0 (Windows NT 10.0; Win64; x64) AppleWebKit/537.36 (KHTML, like Gecko) Chrome/84.0.4147.89 Safari/537.36"
212.152.246.134 - - [20/Jul/2020:11:56:31 +0200] "GET /result?dir=DESC&mode=grid&order=name&limit=15&page=3&search=KLeber HTTP/1.1" 200 83441 "http://renault.activities.at/result?dir=DESC&mode=grid&order=name&limit=15&page=2&search=KLeber" "Mozilla/5.0 (Windows NT 10.0; Win64; x64) AppleWebKit/537.36 (KHTML, like Gecko) Chrome/84.0.4147.89 Safari/537.36"
212.152.246.134 - - [20/Jul/2020:11:56:34 +0200] "GET /loadthumbnail.php?id=11181201&width=113 HTTP/1.1" 200 1437 "http://renault.activities.at/result?dir=DESC&mode=grid&order=name&limit=15&page=3&search=KLeber" "Mozilla/5.0 (Windows NT 10.0; Win64; x64) AppleWebKit/537.36 (KHTML, like Gecko) Chrome/84.0.4147.89 Safari/537.36"
212.152.246.134 - - [20/Jul/2020:11:56:34 +0200] "GET /loadthumbnail.php?id=11194725&width=113 HTTP/1.1" 200 1469 "http://renault.activities.at/result?dir=DESC&mode=grid&order=name&limit=15&page=3&search=KLeber" "Mozilla/5.0 (Windows NT 10.0; Win64; x64) AppleWebKit/537.36 (KHTML, like Gecko) Chrome/84.0.4147.89 Safari/537.36"
212.152.246.134 - - [20/Jul/2020:11:56:34 +0200] "GET /loadthumbnail.php?id=11181227&width=113 HTTP/1.1" 200 1469 "http://renault.activities.at/result?dir=DESC&mode=grid&order=name&limit=15&page=3&search=KLeber" "Mozilla/5.0 (Windows NT 10.0; Win64; x64) AppleWebKit/537.36 (KHTML, like Gecko) Chrome/84.0.4147.89 Safari/537.36"
212.152.246.134 - - [20/Jul/2020:11:56:34 +0200] "GET /loadthumbnail.php?id=11181225&width=113 HTTP/1.1" 200 1469 "http://renault.activities.at/result?dir=DESC&mode=grid&order=name&limit=15&page=3&search=KLeber" "Mozilla/5.0 (Windows NT 10.0; Win64; x64) AppleWebKit/537.36 (KHTML, like Gecko) Chrome/84.0.4147.89 Safari/537.36"
212.152.246.134 - - [20/Jul/2020:11:56:34 +0200] "GET /loadthumbnail.php?id=11181197&width=113 HTTP/1.1" 200 1969 "http://renault.activities.at/result?dir=DESC&mode=grid&order=name&limit=15&page=3&search=KLeber" "Mozilla/5.0 (Windows NT 10.0; Win64; x64) AppleWebKit/537.36 (KHTML, like Gecko) Chrome/84.0.4147.89 Safari/537.36"
212.152.246.134 - - [20/Jul/2020:11:56:34 +0200] "GET /loadthumbnail.php?id=11194700&width=113 HTTP/1.1" 200 1969 "http://renault.activities.at/result?dir=DESC&mode=grid&order=name&limit=15&page=3&search=KLeber" "Mozilla/5.0 (Windows NT 10.0; Win64; x64) AppleWebKit/537.36 (KHTML, like Gecko) Chrome/84.0.4147.89 Safari/537.36"
212.152.246.134 - - [20/Jul/2020:11:56:34 +0200] "GET /loadthumbnail.php?id=11181199&width=113 HTTP/1.1" 200 1969 "http://renault.activities.at/result?dir=DESC&mode=grid&order=name&limit=15&page=3&search=KLeber" "Mozilla/5.0 (Windows NT 10.0; Win64; x64) AppleWebKit/537.36 (KHTML, like Gecko) Chrome/84.0.4147.89 Safari/537.36"
212.152.246.134 - - [20/Jul/2020:11:56:34 +0200] "GET /loadthumbnail.php?id=11308367&width=113 HTTP/1.1" 200 2071 "http://renault.activities.at/result?dir=DESC&mode=grid&order=name&limit=15&page=3&search=KLeber" "Mozilla/5.0 (Windows NT 10.0; Win64; x64) AppleWebKit/537.36 (KHTML, like Gecko) Chrome/84.0.4147.89 Safari/537.36"
212.152.246.134 - - [20/Jul/2020:11:56:34 +0200] "GET /loadthumbnail.php?id=11308371&width=113 HTTP/1.1" 200 2071 "http://renault.activities.at/result?dir=DESC&mode=grid&order=name&limit=15&page=3&search=KLeber" "Mozilla/5.0 (Windows NT 10.0; Win64; x64) AppleWebKit/537.36 (KHTML, like Gecko) Chrome/84.0.4147.89 Safari/537.36"
212.152.246.134 - - [20/Jul/2020:11:56:34 +0200] "GET /loadthumbnail.php?id=11186469&width=113 HTTP/1.1" 200 1432 "http://renault.activities.at/result?dir=DESC&mode=grid&order=name&limit=15&page=3&search=KLeber" "Mozilla/5.0 (Windows NT 10.0; Win64; x64) AppleWebKit/537.36 (KHTML, like Gecko) Chrome/84.0.4147.89 Safari/537.36"
212.152.246.134 - - [20/Jul/2020:11:56:34 +0200] "GET /loadthumbnail.php?id=11194717&width=113 HTTP/1.1" 200 1432 "http://renault.activities.at/result?dir=DESC&mode=grid&order=name&limit=15&page=3&search=KLeber" "Mozilla/5.0 (Windows NT 10.0; Win64; x64) AppleWebKit/537.36 (KHTML, like Gecko) Chrome/84.0.4147.89 Safari/537.36"
212.152.246.134 - - [20/Jul/2020:11:56:34 +0200] "GET /loadthumbnail.php?id=11186457&width=113 HTTP/1.1" 200 1432 "http://renault.activities.at/result?dir=DESC&mode=grid&order=name&limit=15&page=3&search=KLeber" "Mozilla/5.0 (Windows NT 10.0; Win64; x64) AppleWebKit/537.36 (KHTML, like Gecko) Chrome/84.0.4147.89 Safari/537.36"
212.152.246.134 - - [20/Jul/2020:11:56:35 +0200] "GET /loadthumbnail.php?id=11181237&width=113 HTTP/1.1" 200 1309 "http://renault.activities.at/result?dir=DESC&mode=grid&order=name&limit=15&page=3&search=KLeber" "Mozilla/5.0 (Windows NT 10.0; Win64; x64) AppleWebKit/537.36 (KHTML, like Gecko) Chrome/84.0.4147.89 Safari/537.36"
212.152.246.134 - - [20/Jul/2020:11:56:35 +0200] "GET /loadthumbnail.php?id=11195851&width=113 HTTP/1.1" 200 1309 "http://renault.activities.at/result?dir=DESC&mode=grid&order=name&limit=15&page=3&search=KLeber" "Mozilla/5.0 (Windows NT 10.0; Win64; x64) AppleWebKit/537.36 (KHTML, like Gecko) Chrome/84.0.4147.89 Safari/537.36"
212.152.246.134 - - [20/Jul/2020:11:56:35 +0200] "GET /loadthumbnail.php?id=11181235&width=113 HTTP/1.1" 200 1309 "http://renault.activities.at/result?dir=DESC&mode=grid&order=name&limit=15&page=3&search=KLeber" "Mozilla/5.0 (Windows NT 10.0; Win64; x64) AppleWebKit/537.36 (KHTML, like Gecko) Chrome/84.0.4147.89 Safari/537.36"
80.110.69.130 - - [20/Jul/2020:11:56:37 +0200] "GET /reload?ser=1595238995190 HTTP/1.1" 200 28 "http://renault.2web.at/account" "Mozilla/5.0 (Windows NT 10.0; Win64; x64) AppleWebKit/537.36 (KHTML, like Gecko) Chrome/84.0.4147.89 Safari/537.36"
212.152.246.134 - - [20/Jul/2020:11:56:38 +0200] "GET /result?dir=DESC&mode=grid&order=name&limit=15&page=4&search=KLeber HTTP/1.1" 200 83610 "http://renault.activities.at/result?dir=DESC&mode=grid&order=name&limit=15&page=3&search=KLeber" "Mozilla/5.0 (Windows NT 10.0; Win64; x64) AppleWebKit/537.36 (KHTML, like Gecko) Chrome/84.0.4147.89 Safari/537.36"
212.152.246.134 - - [20/Jul/2020:11:56:41 +0200] "GET /loadthumbnail.php?id=11186495&width=113 HTTP/1.1" 200 2095 "http://renault.activities.at/result?dir=DESC&mode=grid&order=name&limit=15&page=4&search=KLeber" "Mozilla/5.0 (Windows NT 10.0; Win64; x64) AppleWebKit/537.36 (KHTML, like Gecko) Chrome/84.0.4147.89 Safari/537.36"
212.152.246.134 - - [20/Jul/2020:11:56:41 +0200] "GET /loadthumbnail.php?id=11181233&width=113 HTTP/1.1" 200 1486 "http://renault.activities.at/result?dir=DESC&mode=grid&order=name&limit=15&page=4&search=KLeber" "Mozilla/5.0 (Windows NT 10.0; Win64; x64) AppleWebKit/537.36 (KHTML, like Gecko) Chrome/84.0.4147.89 Safari/537.36"
212.152.246.134 - - [20/Jul/2020:11:56:41 +0200] "GET /loadthumbnail.php?id=11186483&width=113 HTTP/1.1" 200 2095 "http://renault.activities.at/result?dir=DESC&mode=grid&order=name&limit=15&page=4&search=KLeber" "Mozilla/5.0 (Windows NT 10.0; Win64; x64) AppleWebKit/537.36 (KHTML, like Gecko) Chrome/84.0.4147.89 Safari/537.36"
212.152.246.134 - - [20/Jul/2020:11:56:41 +0200] "GET /loadthumbnail.php?id=12094698&width=113 HTTP/1.1" 200 2047 "http://renault.activities.at/result?dir=DESC&mode=grid&order=name&limit=15&page=4&search=KLeber" "Mozilla/5.0 (Windows NT 10.0; Win64; x64) AppleWebKit/537.36 (KHTML, like Gecko) Chrome/84.0.4147.89 Safari/537.36"
212.152.246.134 - - [20/Jul/2020:11:56:41 +0200] "GET /loadthumbnail.php?id=11194732&width=113 HTTP/1.1" 200 1486 "http://renault.activities.at/result?dir=DESC&mode=grid&order=name&limit=15&page=4&search=KLeber" "Mozilla/5.0 (Windows NT 10.0; Win64; x64) AppleWebKit/537.36 (KHTML, like Gecko) Chrome/84.0.4147.89 Safari/537.36"
212.152.246.134 - - [20/Jul/2020:11:56:41 +0200] "GET /loadthumbnail.php?id=11181230&width=113 HTTP/1.1" 200 1486 "http://renault.activities.at/result?dir=DESC&mode=grid&order=name&limit=15&page=4&search=KLeber" "Mozilla/5.0 (Windows NT 10.0; Win64; x64) AppleWebKit/537.36 (KHTML, like Gecko) Chrome/84.0.4147.89 Safari/537.36"
