212.152.246.134 - - [22/Jul/2020:06:49:02 +0200] "GET /reload?ser=1595393343132 HTTP/1.1" 200 28 "http://renault.activities.at/12257056" "Mozilla/5.0 (Windows NT 10.0; Win64; x64) AppleWebKit/537.36 (KHTML, like Gecko) Chrome/84.0.4147.89 Safari/537.36"
80.122.221.194 - - [22/Jul/2020:06:49:58 +0200] "GET /reload?ser=1595393398886 HTTP/1.1" 200 28 "http://renault.activities.at/success" "Mozilla/5.0 (Windows NT 10.0; Win64; x64) AppleWebKit/537.36 (KHTML, like Gecko) Chrome/70.0.3538.102 Safari/537.36 Edge/18.18363"
212.152.246.134 - - [22/Jul/2020:06:50:04 +0200] "GET /reload?ser=1595393405144 HTTP/1.1" 200 28 "http://renault.activities.at/12257056" "Mozilla/5.0 (Windows NT 10.0; Win64; x64) AppleWebKit/537.36 (KHTML, like Gecko) Chrome/84.0.4147.89 Safari/537.36"
80.122.221.194 - - [22/Jul/2020:06:50:59 +0200] "GET /reload?ser=1595393459881 HTTP/1.1" 200 28 "http://renault.activities.at/success" "Mozilla/5.0 (Windows NT 10.0; Win64; x64) AppleWebKit/537.36 (KHTML, like Gecko) Chrome/70.0.3538.102 Safari/537.36 Edge/18.18363"
212.152.246.134 - - [22/Jul/2020:06:51:05 +0200] "GET /reload?ser=1595393466136 HTTP/1.1" 200 28 "http://renault.activities.at/12257056" "Mozilla/5.0 (Windows NT 10.0; Win64; x64) AppleWebKit/537.36 (KHTML, like Gecko) Chrome/84.0.4147.89 Safari/537.36"
80.122.221.194 - - [22/Jul/2020:06:52:00 +0200] "GET /reload?ser=1595393520882 HTTP/1.1" 200 28 "http://renault.activities.at/success" "Mozilla/5.0 (Windows NT 10.0; Win64; x64) AppleWebKit/537.36 (KHTML, like Gecko) Chrome/70.0.3538.102 Safari/537.36 Edge/18.18363"
212.152.246.134 - - [22/Jul/2020:06:52:06 +0200] "GET /reload?ser=1595393527145 HTTP/1.1" 200 28 "http://renault.activities.at/12257056" "Mozilla/5.0 (Windows NT 10.0; Win64; x64) AppleWebKit/537.36 (KHTML, like Gecko) Chrome/84.0.4147.89 Safari/537.36"
80.122.221.194 - - [22/Jul/2020:06:53:01 +0200] "GET /reload?ser=1595393581894 HTTP/1.1" 200 28 "http://renault.activities.at/success" "Mozilla/5.0 (Windows NT 10.0; Win64; x64) AppleWebKit/537.36 (KHTML, like Gecko) Chrome/70.0.3538.102 Safari/537.36 Edge/18.18363"
212.152.246.134 - - [22/Jul/2020:06:53:07 +0200] "GET /reload?ser=1595393588138 HTTP/1.1" 200 28 "http://renault.activities.at/12257056" "Mozilla/5.0 (Windows NT 10.0; Win64; x64) AppleWebKit/537.36 (KHTML, like Gecko) Chrome/84.0.4147.89 Safari/537.36"
80.122.221.194 - - [22/Jul/2020:06:54:02 +0200] "GET /reload?ser=1595393642891 HTTP/1.1" 200 28 "http://renault.activities.at/success" "Mozilla/5.0 (Windows NT 10.0; Win64; x64) AppleWebKit/537.36 (KHTML, like Gecko) Chrome/70.0.3538.102 Safari/537.36 Edge/18.18363"
212.152.246.134 - - [22/Jul/2020:06:54:08 +0200] "GET /reload?ser=1595393649134 HTTP/1.1" 200 28 "http://renault.activities.at/12257056" "Mozilla/5.0 (Windows NT 10.0; Win64; x64) AppleWebKit/537.36 (KHTML, like Gecko) Chrome/84.0.4147.89 Safari/537.36"
80.122.221.194 - - [22/Jul/2020:06:55:03 +0200] "GET /reload?ser=1595393703888 HTTP/1.1" 200 28 "http://renault.activities.at/success" "Mozilla/5.0 (Windows NT 10.0; Win64; x64) AppleWebKit/537.36 (KHTML, like Gecko) Chrome/70.0.3538.102 Safari/537.36 Edge/18.18363"
212.152.246.134 - - [22/Jul/2020:06:55:09 +0200] "GET /reload?ser=1595393710140 HTTP/1.1" 200 28 "http://renault.activities.at/12257056" "Mozilla/5.0 (Windows NT 10.0; Win64; x64) AppleWebKit/537.36 (KHTML, like Gecko) Chrome/84.0.4147.89 Safari/537.36"
80.122.221.194 - - [22/Jul/2020:06:56:04 +0200] "GET /reload?ser=1595393764889 HTTP/1.1" 200 28 "http://renault.activities.at/success" "Mozilla/5.0 (Windows NT 10.0; Win64; x64) AppleWebKit/537.36 (KHTML, like Gecko) Chrome/70.0.3538.102 Safari/537.36 Edge/18.18363"
212.152.246.134 - - [22/Jul/2020:06:56:10 +0200] "GET /reload?ser=1595393771137 HTTP/1.1" 200 28 "http://renault.activities.at/12257056" "Mozilla/5.0 (Windows NT 10.0; Win64; x64) AppleWebKit/537.36 (KHTML, like Gecko) Chrome/84.0.4147.89 Safari/537.36"
80.122.221.194 - - [22/Jul/2020:06:57:05 +0200] "GET /reload?ser=1595393825893 HTTP/1.1" 200 28 "http://renault.activities.at/success" "Mozilla/5.0 (Windows NT 10.0; Win64; x64) AppleWebKit/537.36 (KHTML, like Gecko) Chrome/70.0.3538.102 Safari/537.36 Edge/18.18363"
212.152.246.134 - - [22/Jul/2020:06:57:11 +0200] "GET /reload?ser=1595393832139 HTTP/1.1" 200 28 "http://renault.activities.at/12257056" "Mozilla/5.0 (Windows NT 10.0; Win64; x64) AppleWebKit/537.36 (KHTML, like Gecko) Chrome/84.0.4147.89 Safari/537.36"
80.122.221.194 - - [22/Jul/2020:06:58:06 +0200] "GET /reload?ser=1595393886889 HTTP/1.1" 200 28 "http://renault.activities.at/success" "Mozilla/5.0 (Windows NT 10.0; Win64; x64) AppleWebKit/537.36 (KHTML, like Gecko) Chrome/70.0.3538.102 Safari/537.36 Edge/18.18363"
212.152.246.134 - - [22/Jul/2020:06:58:12 +0200] "GET /reload?ser=1595393893145 HTTP/1.1" 200 28 "http://renault.activities.at/12257056" "Mozilla/5.0 (Windows NT 10.0; Win64; x64) AppleWebKit/537.36 (KHTML, like Gecko) Chrome/84.0.4147.89 Safari/537.36"
80.122.221.194 - - [22/Jul/2020:06:59:07 +0200] "GET /reload?ser=1595393947886 HTTP/1.1" 200 28 "http://renault.activities.at/success" "Mozilla/5.0 (Windows NT 10.0; Win64; x64) AppleWebKit/537.36 (KHTML, like Gecko) Chrome/70.0.3538.102 Safari/537.36 Edge/18.18363"
212.152.246.134 - - [22/Jul/2020:06:59:13 +0200] "GET /reload?ser=1595393954138 HTTP/1.1" 200 28 "http://renault.activities.at/12257056" "Mozilla/5.0 (Windows NT 10.0; Win64; x64) AppleWebKit/537.36 (KHTML, like Gecko) Chrome/84.0.4147.89 Safari/537.36"
80.122.221.194 - - [22/Jul/2020:07:00:08 +0200] "GET /reload?ser=1595394008895 HTTP/1.1" 200 28 "http://renault.activities.at/success" "Mozilla/5.0 (Windows NT 10.0; Win64; x64) AppleWebKit/537.36 (KHTML, like Gecko) Chrome/70.0.3538.102 Safari/537.36 Edge/18.18363"
212.152.246.134 - - [22/Jul/2020:07:00:14 +0200] "GET /reload?ser=1595394015142 HTTP/1.1" 200 28 "http://renault.activities.at/12257056" "Mozilla/5.0 (Windows NT 10.0; Win64; x64) AppleWebKit/537.36 (KHTML, like Gecko) Chrome/84.0.4147.89 Safari/537.36"
80.122.221.194 - - [22/Jul/2020:07:01:09 +0200] "GET /reload?ser=1595394069889 HTTP/1.1" 200 28 "http://renault.activities.at/success" "Mozilla/5.0 (Windows NT 10.0; Win64; x64) AppleWebKit/537.36 (KHTML, like Gecko) Chrome/70.0.3538.102 Safari/537.36 Edge/18.18363"
212.152.246.134 - - [22/Jul/2020:07:01:15 +0200] "GET /reload?ser=1595394076139 HTTP/1.1" 200 28 "http://renault.activities.at/12257056" "Mozilla/5.0 (Windows NT 10.0; Win64; x64) AppleWebKit/537.36 (KHTML, like Gecko) Chrome/84.0.4147.89 Safari/537.36"
80.122.221.194 - - [22/Jul/2020:07:02:10 +0200] "GET /reload?ser=1595394130887 HTTP/1.1" 200 28 "http://renault.activities.at/success" "Mozilla/5.0 (Windows NT 10.0; Win64; x64) AppleWebKit/537.36 (KHTML, like Gecko) Chrome/70.0.3538.102 Safari/537.36 Edge/18.18363"
212.152.246.134 - - [22/Jul/2020:07:02:16 +0200] "GET /reload?ser=1595394137133 HTTP/1.1" 200 28 "http://renault.activities.at/12257056" "Mozilla/5.0 (Windows NT 10.0; Win64; x64) AppleWebKit/537.36 (KHTML, like Gecko) Chrome/84.0.4147.89 Safari/537.36"
80.122.221.194 - - [22/Jul/2020:07:03:11 +0200] "GET /reload?ser=1595394191890 HTTP/1.1" 200 28 "http://renault.activities.at/success" "Mozilla/5.0 (Windows NT 10.0; Win64; x64) AppleWebKit/537.36 (KHTML, like Gecko) Chrome/70.0.3538.102 Safari/537.36 Edge/18.18363"
212.152.246.134 - - [22/Jul/2020:07:03:17 +0200] "GET /reload?ser=1595394198143 HTTP/1.1" 200 28 "http://renault.activities.at/12257056" "Mozilla/5.0 (Windows NT 10.0; Win64; x64) AppleWebKit/537.36 (KHTML, like Gecko) Chrome/84.0.4147.89 Safari/537.36"
80.122.221.194 - - [22/Jul/2020:07:04:12 +0200] "GET /reload?ser=1595394252881 HTTP/1.1" 200 28 "http://renault.activities.at/success" "Mozilla/5.0 (Windows NT 10.0; Win64; x64) AppleWebKit/537.36 (KHTML, like Gecko) Chrome/70.0.3538.102 Safari/537.36 Edge/18.18363"
212.152.246.134 - - [22/Jul/2020:07:04:18 +0200] "GET /reload?ser=1595394259144 HTTP/1.1" 200 28 "http://renault.activities.at/12257056" "Mozilla/5.0 (Windows NT 10.0; Win64; x64) AppleWebKit/537.36 (KHTML, like Gecko) Chrome/84.0.4147.89 Safari/537.36"
80.122.221.194 - - [22/Jul/2020:07:05:13 +0200] "GET /reload?ser=1595394313883 HTTP/1.1" 200 28 "http://renault.activities.at/success" "Mozilla/5.0 (Windows NT 10.0; Win64; x64) AppleWebKit/537.36 (KHTML, like Gecko) Chrome/70.0.3538.102 Safari/537.36 Edge/18.18363"
212.152.246.134 - - [22/Jul/2020:07:05:19 +0200] "GET /reload?ser=1595394320141 HTTP/1.1" 200 28 "http://renault.activities.at/12257056" "Mozilla/5.0 (Windows NT 10.0; Win64; x64) AppleWebKit/537.36 (KHTML, like Gecko) Chrome/84.0.4147.89 Safari/537.36"
80.122.221.194 - - [22/Jul/2020:07:06:14 +0200] "GET /reload?ser=1595394374881 HTTP/1.1" 200 28 "http://renault.activities.at/success" "Mozilla/5.0 (Windows NT 10.0; Win64; x64) AppleWebKit/537.36 (KHTML, like Gecko) Chrome/70.0.3538.102 Safari/537.36 Edge/18.18363"
212.152.246.134 - - [22/Jul/2020:07:06:20 +0200] "GET /reload?ser=1595394381135 HTTP/1.1" 200 28 "http://renault.activities.at/12257056" "Mozilla/5.0 (Windows NT 10.0; Win64; x64) AppleWebKit/537.36 (KHTML, like Gecko) Chrome/84.0.4147.89 Safari/537.36"
80.122.221.194 - - [22/Jul/2020:07:07:15 +0200] "GET /reload?ser=1595394435889 HTTP/1.1" 200 28 "http://renault.activities.at/success" "Mozilla/5.0 (Windows NT 10.0; Win64; x64) AppleWebKit/537.36 (KHTML, like Gecko) Chrome/70.0.3538.102 Safari/537.36 Edge/18.18363"
212.152.246.134 - - [22/Jul/2020:07:07:21 +0200] "GET /reload?ser=1595394442146 HTTP/1.1" 200 28 "http://renault.activities.at/12257056" "Mozilla/5.0 (Windows NT 10.0; Win64; x64) AppleWebKit/537.36 (KHTML, like Gecko) Chrome/84.0.4147.89 Safari/537.36"
80.110.69.130 - - [22/Jul/2020:07:07:32 +0200] "GET /login HTTP/1.1" 200 2095 "-" "Mozilla/5.0 (Windows NT 10.0; Win64; x64) AppleWebKit/537.36 (KHTML, like Gecko) Chrome/84.0.4147.89 Safari/537.36"
80.110.69.130 - - [22/Jul/2020:07:07:34 +0200] "GET /images/favicon.ico HTTP/1.1" 404 300 "http://renault.2web.at/login" "Mozilla/5.0 (Windows NT 10.0; Win64; x64) AppleWebKit/537.36 (KHTML, like Gecko) Chrome/84.0.4147.89 Safari/537.36"
80.110.69.130 - - [22/Jul/2020:07:07:39 +0200] "POST /login HTTP/1.1" 302 137 "http://renault.2web.at/login" "Mozilla/5.0 (Windows NT 10.0; Win64; x64) AppleWebKit/537.36 (KHTML, like Gecko) Chrome/84.0.4147.89 Safari/537.36"
80.122.221.194 - - [22/Jul/2020:07:08:16 +0200] "GET /reload?ser=1595394496884 HTTP/1.1" 200 28 "http://renault.activities.at/success" "Mozilla/5.0 (Windows NT 10.0; Win64; x64) AppleWebKit/537.36 (KHTML, like Gecko) Chrome/70.0.3538.102 Safari/537.36 Edge/18.18363"
80.110.69.130 - - [22/Jul/2020:07:07:54 +0200] "GET /account HTTP/1.1" 200 9600 "http://renault.2web.at/login" "Mozilla/5.0 (Windows NT 10.0; Win64; x64) AppleWebKit/537.36 (KHTML, like Gecko) Chrome/84.0.4147.89 Safari/537.36"
212.152.246.134 - - [22/Jul/2020:07:08:23 +0200] "GET /reload?ser=1595394504141 HTTP/1.1" 200 28 "http://renault.activities.at/12257056" "Mozilla/5.0 (Windows NT 10.0; Win64; x64) AppleWebKit/537.36 (KHTML, like Gecko) Chrome/84.0.4147.89 Safari/537.36"
207.46.13.34 - - [22/Jul/2020:07:09:07 +0200] "GET /10260282?dir=DESC&mode=grid&order=name&limit=15&page=2 HTTP/1.1" 302 150 "-" "Mozilla/5.0 (compatible; bingbot/2.0; +http://www.bing.com/bingbot.htm)"
207.46.13.34 - - [22/Jul/2020:07:09:11 +0200] "GET /login?required=true HTTP/1.1" 200 2085 "-" "Mozilla/5.0 (compatible; bingbot/2.0; +http://www.bing.com/bingbot.htm)"
80.122.221.194 - - [22/Jul/2020:07:09:17 +0200] "GET /reload?ser=1595394557886 HTTP/1.1" 200 28 "http://renault.activities.at/success" "Mozilla/5.0 (Windows NT 10.0; Win64; x64) AppleWebKit/537.36 (KHTML, like Gecko) Chrome/70.0.3538.102 Safari/537.36 Edge/18.18363"
80.110.69.130 - - [22/Jul/2020:07:09:23 +0200] "GET /reload?ser=1595394560909 HTTP/1.1" 200 28 "http://renault.2web.at/account" "Mozilla/5.0 (Windows NT 10.0; Win64; x64) AppleWebKit/537.36 (KHTML, like Gecko) Chrome/84.0.4147.89 Safari/537.36"
212.152.246.134 - - [22/Jul/2020:07:09:24 +0200] "GET /reload?ser=1595394565133 HTTP/1.1" 200 28 "http://renault.activities.at/12257056" "Mozilla/5.0 (Windows NT 10.0; Win64; x64) AppleWebKit/537.36 (KHTML, like Gecko) Chrome/84.0.4147.89 Safari/537.36"
80.122.221.194 - - [22/Jul/2020:07:10:18 +0200] "GET /reload?ser=1595394618892 HTTP/1.1" 200 28 "http://renault.activities.at/success" "Mozilla/5.0 (Windows NT 10.0; Win64; x64) AppleWebKit/537.36 (KHTML, like Gecko) Chrome/70.0.3538.102 Safari/537.36 Edge/18.18363"
80.110.69.130 - - [22/Jul/2020:07:10:25 +0200] "GET /reload?ser=1595394622907 HTTP/1.1" 200 28 "http://renault.2web.at/account" "Mozilla/5.0 (Windows NT 10.0; Win64; x64) AppleWebKit/537.36 (KHTML, like Gecko) Chrome/84.0.4147.89 Safari/537.36"
212.152.246.134 - - [22/Jul/2020:07:10:26 +0200] "GET /reload?ser=1595394627142 HTTP/1.1" 200 28 "http://renault.activities.at/12257056" "Mozilla/5.0 (Windows NT 10.0; Win64; x64) AppleWebKit/537.36 (KHTML, like Gecko) Chrome/84.0.4147.89 Safari/537.36"
80.122.221.194 - - [22/Jul/2020:07:11:19 +0200] "GET /reload?ser=1595394679887 HTTP/1.1" 200 28 "http://renault.activities.at/success" "Mozilla/5.0 (Windows NT 10.0; Win64; x64) AppleWebKit/537.36 (KHTML, like Gecko) Chrome/70.0.3538.102 Safari/537.36 Edge/18.18363"
80.110.69.130 - - [22/Jul/2020:07:11:26 +0200] "GET /reload?ser=1595394683908 HTTP/1.1" 200 28 "http://renault.2web.at/account" "Mozilla/5.0 (Windows NT 10.0; Win64; x64) AppleWebKit/537.36 (KHTML, like Gecko) Chrome/84.0.4147.89 Safari/537.36"
212.152.246.134 - - [22/Jul/2020:07:11:27 +0200] "GET /reload?ser=1595394688145 HTTP/1.1" 200 28 "http://renault.activities.at/12257056" "Mozilla/5.0 (Windows NT 10.0; Win64; x64) AppleWebKit/537.36 (KHTML, like Gecko) Chrome/84.0.4147.89 Safari/537.36"
80.122.221.194 - - [22/Jul/2020:07:12:20 +0200] "GET /reload?ser=1595394740879 HTTP/1.1" 200 28 "http://renault.activities.at/success" "Mozilla/5.0 (Windows NT 10.0; Win64; x64) AppleWebKit/537.36 (KHTML, like Gecko) Chrome/70.0.3538.102 Safari/537.36 Edge/18.18363"
212.152.246.134 - - [22/Jul/2020:07:12:28 +0200] "GET /reload?ser=1595394749136 HTTP/1.1" 200 28 "http://renault.activities.at/12257056" "Mozilla/5.0 (Windows NT 10.0; Win64; x64) AppleWebKit/537.36 (KHTML, like Gecko) Chrome/84.0.4147.89 Safari/537.36"
80.110.69.130 - - [22/Jul/2020:07:12:28 +0200] "GET /reload?ser=1595394745908 HTTP/1.1" 200 28 "http://renault.2web.at/account" "Mozilla/5.0 (Windows NT 10.0; Win64; x64) AppleWebKit/537.36 (KHTML, like Gecko) Chrome/84.0.4147.89 Safari/537.36"
80.122.221.194 - - [22/Jul/2020:07:13:21 +0200] "GET /reload?ser=1595394801885 HTTP/1.1" 200 28 "http://renault.activities.at/success" "Mozilla/5.0 (Windows NT 10.0; Win64; x64) AppleWebKit/537.36 (KHTML, like Gecko) Chrome/70.0.3538.102 Safari/537.36 Edge/18.18363"
212.152.246.134 - - [22/Jul/2020:07:13:29 +0200] "GET /reload?ser=1595394810134 HTTP/1.1" 200 28 "http://renault.activities.at/12257056" "Mozilla/5.0 (Windows NT 10.0; Win64; x64) AppleWebKit/537.36 (KHTML, like Gecko) Chrome/84.0.4147.89 Safari/537.36"
80.110.69.130 - - [22/Jul/2020:07:13:29 +0200] "GET /reload?ser=1595394806907 HTTP/1.1" 200 28 "http://renault.2web.at/account" "Mozilla/5.0 (Windows NT 10.0; Win64; x64) AppleWebKit/537.36 (KHTML, like Gecko) Chrome/84.0.4147.89 Safari/537.36"
80.122.221.194 - - [22/Jul/2020:07:14:22 +0200] "GET /reload?ser=1595394862880 HTTP/1.1" 200 28 "http://renault.activities.at/success" "Mozilla/5.0 (Windows NT 10.0; Win64; x64) AppleWebKit/537.36 (KHTML, like Gecko) Chrome/70.0.3538.102 Safari/537.36 Edge/18.18363"
212.152.246.134 - - [22/Jul/2020:07:14:30 +0200] "GET /reload?ser=1595394871139 HTTP/1.1" 200 28 "http://renault.activities.at/12257056" "Mozilla/5.0 (Windows NT 10.0; Win64; x64) AppleWebKit/537.36 (KHTML, like Gecko) Chrome/84.0.4147.89 Safari/537.36"
80.110.69.130 - - [22/Jul/2020:07:14:30 +0200] "GET /reload?ser=1595394867908 HTTP/1.1" 200 28 "http://renault.2web.at/account" "Mozilla/5.0 (Windows NT 10.0; Win64; x64) AppleWebKit/537.36 (KHTML, like Gecko) Chrome/84.0.4147.89 Safari/537.36"
80.122.221.194 - - [22/Jul/2020:07:15:23 +0200] "GET /reload?ser=1595394923884 HTTP/1.1" 200 28 "http://renault.activities.at/success" "Mozilla/5.0 (Windows NT 10.0; Win64; x64) AppleWebKit/537.36 (KHTML, like Gecko) Chrome/70.0.3538.102 Safari/537.36 Edge/18.18363"
80.110.69.130 - - [22/Jul/2020:07:15:31 +0200] "GET /reload?ser=1595394928907 HTTP/1.1" 200 28 "http://renault.2web.at/account" "Mozilla/5.0 (Windows NT 10.0; Win64; x64) AppleWebKit/537.36 (KHTML, like Gecko) Chrome/84.0.4147.89 Safari/537.36"
212.152.246.134 - - [22/Jul/2020:07:15:31 +0200] "GET /reload?ser=1595394932136 HTTP/1.1" 200 28 "http://renault.activities.at/12257056" "Mozilla/5.0 (Windows NT 10.0; Win64; x64) AppleWebKit/537.36 (KHTML, like Gecko) Chrome/84.0.4147.89 Safari/537.36"
80.122.221.194 - - [22/Jul/2020:07:16:24 +0200] "GET /reload?ser=1595394984886 HTTP/1.1" 200 28 "http://renault.activities.at/success" "Mozilla/5.0 (Windows NT 10.0; Win64; x64) AppleWebKit/537.36 (KHTML, like Gecko) Chrome/70.0.3538.102 Safari/537.36 Edge/18.18363"
80.110.69.130 - - [22/Jul/2020:07:16:32 +0200] "GET /reload?ser=1595394989912 HTTP/1.1" 200 28 "http://renault.2web.at/account" "Mozilla/5.0 (Windows NT 10.0; Win64; x64) AppleWebKit/537.36 (KHTML, like Gecko) Chrome/84.0.4147.89 Safari/537.36"
212.152.246.134 - - [22/Jul/2020:07:16:34 +0200] "GET /reload?ser=1595394994130 HTTP/1.1" 200 28 "http://renault.activities.at/12257056" "Mozilla/5.0 (Windows NT 10.0; Win64; x64) AppleWebKit/537.36 (KHTML, like Gecko) Chrome/84.0.4147.89 Safari/537.36"
80.122.221.194 - - [22/Jul/2020:07:17:25 +0200] "GET /reload?ser=1595395045881 HTTP/1.1" 200 28 "http://renault.activities.at/success" "Mozilla/5.0 (Windows NT 10.0; Win64; x64) AppleWebKit/537.36 (KHTML, like Gecko) Chrome/70.0.3538.102 Safari/537.36 Edge/18.18363"
80.110.69.130 - - [22/Jul/2020:07:17:34 +0200] "GET /reload?ser=1595395051909 HTTP/1.1" 200 28 "http://renault.2web.at/account" "Mozilla/5.0 (Windows NT 10.0; Win64; x64) AppleWebKit/537.36 (KHTML, like Gecko) Chrome/84.0.4147.89 Safari/537.36"
212.152.246.134 - - [22/Jul/2020:07:17:35 +0200] "GET /reload?ser=1595395056133 HTTP/1.1" 200 28 "http://renault.activities.at/12257056" "Mozilla/5.0 (Windows NT 10.0; Win64; x64) AppleWebKit/537.36 (KHTML, like Gecko) Chrome/84.0.4147.89 Safari/537.36"
80.122.221.194 - - [22/Jul/2020:07:18:26 +0200] "GET /reload?ser=1595395106885 HTTP/1.1" 200 28 "http://renault.activities.at/success" "Mozilla/5.0 (Windows NT 10.0; Win64; x64) AppleWebKit/537.36 (KHTML, like Gecko) Chrome/70.0.3538.102 Safari/537.36 Edge/18.18363"
80.110.69.130 - - [22/Jul/2020:07:18:35 +0200] "GET /reload?ser=1595395112908 HTTP/1.1" 200 28 "http://renault.2web.at/account" "Mozilla/5.0 (Windows NT 10.0; Win64; x64) AppleWebKit/537.36 (KHTML, like Gecko) Chrome/84.0.4147.89 Safari/537.36"
212.152.246.134 - - [22/Jul/2020:07:18:36 +0200] "GET /reload?ser=1595395117138 HTTP/1.1" 200 28 "http://renault.activities.at/12257056" "Mozilla/5.0 (Windows NT 10.0; Win64; x64) AppleWebKit/537.36 (KHTML, like Gecko) Chrome/84.0.4147.89 Safari/537.36"
80.122.221.194 - - [22/Jul/2020:07:19:27 +0200] "GET /reload?ser=1595395167889 HTTP/1.1" 200 28 "http://renault.activities.at/success" "Mozilla/5.0 (Windows NT 10.0; Win64; x64) AppleWebKit/537.36 (KHTML, like Gecko) Chrome/70.0.3538.102 Safari/537.36 Edge/18.18363"
212.152.246.134 - - [22/Jul/2020:07:19:37 +0200] "GET /reload?ser=1595395178145 HTTP/1.1" 200 28 "http://renault.activities.at/12257056" "Mozilla/5.0 (Windows NT 10.0; Win64; x64) AppleWebKit/537.36 (KHTML, like Gecko) Chrome/84.0.4147.89 Safari/537.36"
80.110.69.130 - - [22/Jul/2020:07:19:37 +0200] "GET /reload?ser=1595395174907 HTTP/1.1" 200 28 "http://renault.2web.at/account" "Mozilla/5.0 (Windows NT 10.0; Win64; x64) AppleWebKit/537.36 (KHTML, like Gecko) Chrome/84.0.4147.89 Safari/537.36"
80.122.221.194 - - [22/Jul/2020:07:20:28 +0200] "GET /reload?ser=1595395228894 HTTP/1.1" 200 28 "http://renault.activities.at/success" "Mozilla/5.0 (Windows NT 10.0; Win64; x64) AppleWebKit/537.36 (KHTML, like Gecko) Chrome/70.0.3538.102 Safari/537.36 Edge/18.18363"
212.152.246.134 - - [22/Jul/2020:07:20:38 +0200] "GET /reload?ser=1595395239133 HTTP/1.1" 200 28 "http://renault.activities.at/12257056" "Mozilla/5.0 (Windows NT 10.0; Win64; x64) AppleWebKit/537.36 (KHTML, like Gecko) Chrome/84.0.4147.89 Safari/537.36"
80.110.69.130 - - [22/Jul/2020:07:20:38 +0200] "GET /reload?ser=1595395235909 HTTP/1.1" 200 28 "http://renault.2web.at/account" "Mozilla/5.0 (Windows NT 10.0; Win64; x64) AppleWebKit/537.36 (KHTML, like Gecko) Chrome/84.0.4147.89 Safari/537.36"
80.122.221.194 - - [22/Jul/2020:07:21:29 +0200] "GET /reload?ser=1595395289892 HTTP/1.1" 200 28 "http://renault.activities.at/success" "Mozilla/5.0 (Windows NT 10.0; Win64; x64) AppleWebKit/537.36 (KHTML, like Gecko) Chrome/70.0.3538.102 Safari/537.36 Edge/18.18363"
212.152.246.134 - - [22/Jul/2020:07:21:39 +0200] "GET /reload?ser=1595395300138 HTTP/1.1" 200 28 "http://renault.activities.at/12257056" "Mozilla/5.0 (Windows NT 10.0; Win64; x64) AppleWebKit/537.36 (KHTML, like Gecko) Chrome/84.0.4147.89 Safari/537.36"
80.110.69.130 - - [22/Jul/2020:07:21:39 +0200] "GET /reload?ser=1595395296907 HTTP/1.1" 200 28 "http://renault.2web.at/account" "Mozilla/5.0 (Windows NT 10.0; Win64; x64) AppleWebKit/537.36 (KHTML, like Gecko) Chrome/84.0.4147.89 Safari/537.36"
80.122.221.194 - - [22/Jul/2020:07:22:30 +0200] "GET /reload?ser=1595395350887 HTTP/1.1" 200 28 "http://renault.activities.at/success" "Mozilla/5.0 (Windows NT 10.0; Win64; x64) AppleWebKit/537.36 (KHTML, like Gecko) Chrome/70.0.3538.102 Safari/537.36 Edge/18.18363"
212.152.246.134 - - [22/Jul/2020:07:22:40 +0200] "GET /reload?ser=1595395361145 HTTP/1.1" 200 28 "http://renault.activities.at/12257056" "Mozilla/5.0 (Windows NT 10.0; Win64; x64) AppleWebKit/537.36 (KHTML, like Gecko) Chrome/84.0.4147.89 Safari/537.36"
80.110.69.130 - - [22/Jul/2020:07:22:40 +0200] "GET /reload?ser=1595395357908 HTTP/1.1" 200 28 "http://renault.2web.at/account" "Mozilla/5.0 (Windows NT 10.0; Win64; x64) AppleWebKit/537.36 (KHTML, like Gecko) Chrome/84.0.4147.89 Safari/537.36"
80.122.221.194 - - [22/Jul/2020:07:23:31 +0200] "GET /reload?ser=1595395411882 HTTP/1.1" 200 28 "http://renault.activities.at/success" "Mozilla/5.0 (Windows NT 10.0; Win64; x64) AppleWebKit/537.36 (KHTML, like Gecko) Chrome/70.0.3538.102 Safari/537.36 Edge/18.18363"
212.152.246.134 - - [22/Jul/2020:07:23:41 +0200] "GET /reload?ser=1595395422141 HTTP/1.1" 200 28 "http://renault.activities.at/12257056" "Mozilla/5.0 (Windows NT 10.0; Win64; x64) AppleWebKit/537.36 (KHTML, like Gecko) Chrome/84.0.4147.89 Safari/537.36"
80.110.69.130 - - [22/Jul/2020:07:23:41 +0200] "GET /reload?ser=1595395418910 HTTP/1.1" 200 28 "http://renault.2web.at/account" "Mozilla/5.0 (Windows NT 10.0; Win64; x64) AppleWebKit/537.36 (KHTML, like Gecko) Chrome/84.0.4147.89 Safari/537.36"
80.122.221.194 - - [22/Jul/2020:07:24:32 +0200] "GET /reload?ser=1595395472882 HTTP/1.1" 200 28 "http://renault.activities.at/success" "Mozilla/5.0 (Windows NT 10.0; Win64; x64) AppleWebKit/537.36 (KHTML, like Gecko) Chrome/70.0.3538.102 Safari/537.36 Edge/18.18363"
80.110.69.130 - - [22/Jul/2020:07:24:42 +0200] "GET /reload?ser=1595395479908 HTTP/1.1" 200 28 "http://renault.2web.at/account" "Mozilla/5.0 (Windows NT 10.0; Win64; x64) AppleWebKit/537.36 (KHTML, like Gecko) Chrome/84.0.4147.89 Safari/537.36"
212.152.246.134 - - [22/Jul/2020:07:24:43 +0200] "GET /reload?ser=1595395484141 HTTP/1.1" 200 28 "http://renault.activities.at/12257056" "Mozilla/5.0 (Windows NT 10.0; Win64; x64) AppleWebKit/537.36 (KHTML, like Gecko) Chrome/84.0.4147.89 Safari/537.36"
80.122.221.194 - - [22/Jul/2020:07:25:33 +0200] "GET /reload?ser=1595395533879 HTTP/1.1" 200 28 "http://renault.activities.at/success" "Mozilla/5.0 (Windows NT 10.0; Win64; x64) AppleWebKit/537.36 (KHTML, like Gecko) Chrome/70.0.3538.102 Safari/537.36 Edge/18.18363"
80.110.69.130 - - [22/Jul/2020:07:25:43 +0200] "GET /reload?ser=1595395540908 HTTP/1.1" 200 28 "http://renault.2web.at/account" "Mozilla/5.0 (Windows NT 10.0; Win64; x64) AppleWebKit/537.36 (KHTML, like Gecko) Chrome/84.0.4147.89 Safari/537.36"
212.152.246.134 - - [22/Jul/2020:07:25:44 +0200] "GET /reload?ser=1595395545138 HTTP/1.1" 200 28 "http://renault.activities.at/12257056" "Mozilla/5.0 (Windows NT 10.0; Win64; x64) AppleWebKit/537.36 (KHTML, like Gecko) Chrome/84.0.4147.89 Safari/537.36"
80.122.221.194 - - [22/Jul/2020:07:26:34 +0200] "GET /reload?ser=1595395594889 HTTP/1.1" 200 28 "http://renault.activities.at/success" "Mozilla/5.0 (Windows NT 10.0; Win64; x64) AppleWebKit/537.36 (KHTML, like Gecko) Chrome/70.0.3538.102 Safari/537.36 Edge/18.18363"
80.110.69.130 - - [22/Jul/2020:07:26:44 +0200] "GET /reload?ser=1595395601962 HTTP/1.1" 200 28 "http://renault.2web.at/account" "Mozilla/5.0 (Windows NT 10.0; Win64; x64) AppleWebKit/537.36 (KHTML, like Gecko) Chrome/84.0.4147.89 Safari/537.36"
212.152.246.134 - - [22/Jul/2020:07:26:45 +0200] "GET /reload?ser=1595395606145 HTTP/1.1" 200 28 "http://renault.activities.at/12257056" "Mozilla/5.0 (Windows NT 10.0; Win64; x64) AppleWebKit/537.36 (KHTML, like Gecko) Chrome/84.0.4147.89 Safari/537.36"
80.122.221.194 - - [22/Jul/2020:07:27:35 +0200] "GET /reload?ser=1595395655892 HTTP/1.1" 200 28 "http://renault.activities.at/success" "Mozilla/5.0 (Windows NT 10.0; Win64; x64) AppleWebKit/537.36 (KHTML, like Gecko) Chrome/70.0.3538.102 Safari/537.36 Edge/18.18363"
212.152.246.134 - - [22/Jul/2020:07:27:46 +0200] "GET /reload?ser=1595395667139 HTTP/1.1" 200 28 "http://renault.activities.at/12257056" "Mozilla/5.0 (Windows NT 10.0; Win64; x64) AppleWebKit/537.36 (KHTML, like Gecko) Chrome/84.0.4147.89 Safari/537.36"
80.110.69.130 - - [22/Jul/2020:07:27:46 +0200] "GET /reload?ser=1595395663908 HTTP/1.1" 200 28 "http://renault.2web.at/account" "Mozilla/5.0 (Windows NT 10.0; Win64; x64) AppleWebKit/537.36 (KHTML, like Gecko) Chrome/84.0.4147.89 Safari/537.36"
80.122.221.194 - - [22/Jul/2020:07:28:36 +0200] "GET /reload?ser=1595395716884 HTTP/1.1" 200 28 "http://renault.activities.at/success" "Mozilla/5.0 (Windows NT 10.0; Win64; x64) AppleWebKit/537.36 (KHTML, like Gecko) Chrome/70.0.3538.102 Safari/537.36 Edge/18.18363"
212.152.246.134 - - [22/Jul/2020:07:28:47 +0200] "GET /reload?ser=1595395728138 HTTP/1.1" 200 28 "http://renault.activities.at/12257056" "Mozilla/5.0 (Windows NT 10.0; Win64; x64) AppleWebKit/537.36 (KHTML, like Gecko) Chrome/84.0.4147.89 Safari/537.36"
80.110.69.130 - - [22/Jul/2020:07:28:48 +0200] "GET /reload?ser=1595395725907 HTTP/1.1" 200 28 "http://renault.2web.at/account" "Mozilla/5.0 (Windows NT 10.0; Win64; x64) AppleWebKit/537.36 (KHTML, like Gecko) Chrome/84.0.4147.89 Safari/537.36"
80.122.221.194 - - [22/Jul/2020:07:29:37 +0200] "GET /reload?ser=1595395777883 HTTP/1.1" 200 28 "http://renault.activities.at/success" "Mozilla/5.0 (Windows NT 10.0; Win64; x64) AppleWebKit/537.36 (KHTML, like Gecko) Chrome/70.0.3538.102 Safari/537.36 Edge/18.18363"
212.152.246.134 - - [22/Jul/2020:07:29:48 +0200] "GET /reload?ser=1595395789137 HTTP/1.1" 200 28 "http://renault.activities.at/12257056" "Mozilla/5.0 (Windows NT 10.0; Win64; x64) AppleWebKit/537.36 (KHTML, like Gecko) Chrome/84.0.4147.89 Safari/537.36"
80.110.69.130 - - [22/Jul/2020:07:29:49 +0200] "GET /reload?ser=1595395786907 HTTP/1.1" 200 28 "http://renault.2web.at/account" "Mozilla/5.0 (Windows NT 10.0; Win64; x64) AppleWebKit/537.36 (KHTML, like Gecko) Chrome/84.0.4147.89 Safari/537.36"
80.122.221.194 - - [22/Jul/2020:07:30:38 +0200] "GET /reload?ser=1595395838887 HTTP/1.1" 200 28 "http://renault.activities.at/success" "Mozilla/5.0 (Windows NT 10.0; Win64; x64) AppleWebKit/537.36 (KHTML, like Gecko) Chrome/70.0.3538.102 Safari/537.36 Edge/18.18363"
212.152.246.134 - - [22/Jul/2020:07:30:49 +0200] "GET /reload?ser=1595395850142 HTTP/1.1" 200 28 "http://renault.activities.at/12257056" "Mozilla/5.0 (Windows NT 10.0; Win64; x64) AppleWebKit/537.36 (KHTML, like Gecko) Chrome/84.0.4147.89 Safari/537.36"
80.110.69.130 - - [22/Jul/2020:07:30:50 +0200] "GET /reload?ser=1595395847907 HTTP/1.1" 200 28 "http://renault.2web.at/account" "Mozilla/5.0 (Windows NT 10.0; Win64; x64) AppleWebKit/537.36 (KHTML, like Gecko) Chrome/84.0.4147.89 Safari/537.36"
80.122.221.194 - - [22/Jul/2020:07:31:39 +0200] "GET /reload?ser=1595395899887 HTTP/1.1" 200 28 "http://renault.activities.at/success" "Mozilla/5.0 (Windows NT 10.0; Win64; x64) AppleWebKit/537.36 (KHTML, like Gecko) Chrome/70.0.3538.102 Safari/537.36 Edge/18.18363"
212.152.246.134 - - [22/Jul/2020:07:31:50 +0200] "GET /reload?ser=1595395911142 HTTP/1.1" 200 28 "http://renault.activities.at/12257056" "Mozilla/5.0 (Windows NT 10.0; Win64; x64) AppleWebKit/537.36 (KHTML, like Gecko) Chrome/84.0.4147.89 Safari/537.36"
80.110.69.130 - - [22/Jul/2020:07:31:52 +0200] "GET /reload?ser=1595395909907 HTTP/1.1" 200 28 "http://renault.2web.at/account" "Mozilla/5.0 (Windows NT 10.0; Win64; x64) AppleWebKit/537.36 (KHTML, like Gecko) Chrome/84.0.4147.89 Safari/537.36"
80.122.221.194 - - [22/Jul/2020:07:32:40 +0200] "GET /reload?ser=1595395960893 HTTP/1.1" 200 28 "http://renault.activities.at/success" "Mozilla/5.0 (Windows NT 10.0; Win64; x64) AppleWebKit/537.36 (KHTML, like Gecko) Chrome/70.0.3538.102 Safari/537.36 Edge/18.18363"
212.152.246.134 - - [22/Jul/2020:07:32:51 +0200] "GET /reload?ser=1595395972135 HTTP/1.1" 200 28 "http://renault.activities.at/12257056" "Mozilla/5.0 (Windows NT 10.0; Win64; x64) AppleWebKit/537.36 (KHTML, like Gecko) Chrome/84.0.4147.89 Safari/537.36"
80.110.69.130 - - [22/Jul/2020:07:32:53 +0200] "GET /reload?ser=1595395970907 HTTP/1.1" 200 28 "http://renault.2web.at/account" "Mozilla/5.0 (Windows NT 10.0; Win64; x64) AppleWebKit/537.36 (KHTML, like Gecko) Chrome/84.0.4147.89 Safari/537.36"
80.122.221.194 - - [22/Jul/2020:07:33:41 +0200] "GET /reload?ser=1595396021889 HTTP/1.1" 200 28 "http://renault.activities.at/success" "Mozilla/5.0 (Windows NT 10.0; Win64; x64) AppleWebKit/537.36 (KHTML, like Gecko) Chrome/70.0.3538.102 Safari/537.36 Edge/18.18363"
212.152.246.134 - - [22/Jul/2020:07:33:52 +0200] "GET /reload?ser=1595396033142 HTTP/1.1" 200 28 "http://renault.activities.at/12257056" "Mozilla/5.0 (Windows NT 10.0; Win64; x64) AppleWebKit/537.36 (KHTML, like Gecko) Chrome/84.0.4147.89 Safari/537.36"
80.110.69.130 - - [22/Jul/2020:07:33:54 +0200] "GET /reload?ser=1595396031907 HTTP/1.1" 200 28 "http://renault.2web.at/account" "Mozilla/5.0 (Windows NT 10.0; Win64; x64) AppleWebKit/537.36 (KHTML, like Gecko) Chrome/84.0.4147.89 Safari/537.36"
80.122.221.194 - - [22/Jul/2020:07:34:42 +0200] "GET /reload?ser=1595396082887 HTTP/1.1" 200 28 "http://renault.activities.at/success" "Mozilla/5.0 (Windows NT 10.0; Win64; x64) AppleWebKit/537.36 (KHTML, like Gecko) Chrome/70.0.3538.102 Safari/537.36 Edge/18.18363"
212.152.246.134 - - [22/Jul/2020:07:34:53 +0200] "GET /reload?ser=1595396094142 HTTP/1.1" 200 28 "http://renault.activities.at/12257056" "Mozilla/5.0 (Windows NT 10.0; Win64; x64) AppleWebKit/537.36 (KHTML, like Gecko) Chrome/84.0.4147.89 Safari/537.36"
80.110.69.130 - - [22/Jul/2020:07:34:55 +0200] "GET /reload?ser=1595396092908 HTTP/1.1" 200 28 "http://renault.2web.at/account" "Mozilla/5.0 (Windows NT 10.0; Win64; x64) AppleWebKit/537.36 (KHTML, like Gecko) Chrome/84.0.4147.89 Safari/537.36"
80.122.221.194 - - [22/Jul/2020:07:35:43 +0200] "GET /reload?ser=1595396143886 HTTP/1.1" 200 28 "http://renault.activities.at/success" "Mozilla/5.0 (Windows NT 10.0; Win64; x64) AppleWebKit/537.36 (KHTML, like Gecko) Chrome/70.0.3538.102 Safari/537.36 Edge/18.18363"
212.152.246.134 - - [22/Jul/2020:07:35:54 +0200] "GET /reload?ser=1595396155141 HTTP/1.1" 200 28 "http://renault.activities.at/12257056" "Mozilla/5.0 (Windows NT 10.0; Win64; x64) AppleWebKit/537.36 (KHTML, like Gecko) Chrome/84.0.4147.89 Safari/537.36"
80.110.69.130 - - [22/Jul/2020:07:35:57 +0200] "GET /reload?ser=1595396154908 HTTP/1.1" 200 28 "http://renault.2web.at/account" "Mozilla/5.0 (Windows NT 10.0; Win64; x64) AppleWebKit/537.36 (KHTML, like Gecko) Chrome/84.0.4147.89 Safari/537.36"
80.122.221.194 - - [22/Jul/2020:07:36:44 +0200] "GET /reload?ser=1595396204881 HTTP/1.1" 200 28 "http://renault.activities.at/success" "Mozilla/5.0 (Windows NT 10.0; Win64; x64) AppleWebKit/537.36 (KHTML, like Gecko) Chrome/70.0.3538.102 Safari/537.36 Edge/18.18363"
212.152.246.134 - - [22/Jul/2020:07:36:55 +0200] "GET /reload?ser=1595396216142 HTTP/1.1" 200 28 "http://renault.activities.at/12257056" "Mozilla/5.0 (Windows NT 10.0; Win64; x64) AppleWebKit/537.36 (KHTML, like Gecko) Chrome/84.0.4147.89 Safari/537.36"
80.110.69.130 - - [22/Jul/2020:07:36:59 +0200] "GET /reload?ser=1595396216909 HTTP/1.1" 200 28 "http://renault.2web.at/account" "Mozilla/5.0 (Windows NT 10.0; Win64; x64) AppleWebKit/537.36 (KHTML, like Gecko) Chrome/84.0.4147.89 Safari/537.36"
80.122.221.194 - - [22/Jul/2020:07:37:45 +0200] "GET /reload?ser=1595396265886 HTTP/1.1" 200 28 "http://renault.activities.at/success" "Mozilla/5.0 (Windows NT 10.0; Win64; x64) AppleWebKit/537.36 (KHTML, like Gecko) Chrome/70.0.3538.102 Safari/537.36 Edge/18.18363"
212.152.246.134 - - [22/Jul/2020:07:37:56 +0200] "GET /reload?ser=1595396277135 HTTP/1.1" 200 28 "http://renault.activities.at/12257056" "Mozilla/5.0 (Windows NT 10.0; Win64; x64) AppleWebKit/537.36 (KHTML, like Gecko) Chrome/84.0.4147.89 Safari/537.36"
139.178.117.135 - - [22/Jul/2020:07:37:58 +0200] "GET / HTTP/1.1" 200 3273 "-" "Mozilla/5.0 (Windows NT 10.0; WOW64; Trident/7.0; rv:11.0) like Gecko"
139.178.117.135 - - [22/Jul/2020:07:37:59 +0200] "GET /css/reset.css HTTP/1.1" 200 1356 "http://renault.activities.at/" "Mozilla/5.0 (Windows NT 10.0; WOW64; Trident/7.0; rv:11.0) like Gecko"
139.178.117.135 - - [22/Jul/2020:07:37:59 +0200] "GET /js/flashdetection.js HTTP/1.1" 200 1059 "http://renault.activities.at/" "Mozilla/5.0 (Windows NT 10.0; WOW64; Trident/7.0; rv:11.0) like Gecko"
139.178.117.135 - - [22/Jul/2020:07:37:59 +0200] "GET /js/default.js HTTP/1.1" 200 14698 "http://renault.activities.at/" "Mozilla/5.0 (Windows NT 10.0; WOW64; Trident/7.0; rv:11.0) like Gecko"
139.178.117.135 - - [22/Jul/2020:07:37:59 +0200] "GET /css/clears.css HTTP/1.1" 200 851 "http://renault.activities.at/" "Mozilla/5.0 (Windows NT 10.0; WOW64; Trident/7.0; rv:11.0) like Gecko"
139.178.117.135 - - [22/Jul/2020:07:37:59 +0200] "GET /css/styles.css HTTP/1.1" 200 14664 "http://renault.activities.at/" "Mozilla/5.0 (Windows NT 10.0; WOW64; Trident/7.0; rv:11.0) like Gecko"
139.178.117.135 - - [22/Jul/2020:07:37:59 +0200] "GET /css/themes/default.css HTTP/1.1" 200 769 "http://renault.activities.at/" "Mozilla/5.0 (Windows NT 10.0; WOW64; Trident/7.0; rv:11.0) like Gecko"
139.178.117.135 - - [22/Jul/2020:07:37:59 +0200] "GET /css/prototip.css HTTP/1.1" 200 968 "http://renault.activities.at/" "Mozilla/5.0 (Windows NT 10.0; WOW64; Trident/7.0; rv:11.0) like Gecko"
139.178.117.135 - - [22/Jul/2020:07:37:59 +0200] "GET /js/checkout.css HTTP/1.1" 200 359 "http://renault.activities.at/" "Mozilla/5.0 (Windows NT 10.0; WOW64; Trident/7.0; rv:11.0) like Gecko"
139.178.117.135 - - [22/Jul/2020:07:37:59 +0200] "GET /css/print.css HTTP/1.1" 200 543 "http://renault.activities.at/" "Mozilla/5.0 (Windows NT 10.0; WOW64; Trident/7.0; rv:11.0) like Gecko"
139.178.117.135 - - [22/Jul/2020:07:37:59 +0200] "GET /css/themes/alphacube.css HTTP/1.1" 200 743 "http://renault.activities.at/" "Mozilla/5.0 (Windows NT 10.0; WOW64; Trident/7.0; rv:11.0) like Gecko"
139.178.117.135 - - [22/Jul/2020:07:37:59 +0200] "GET /js/index.php?c=auto&f=,prototype/prototype.js,prototype/validation.js,scriptaculous/builder.js,scriptaculous/effects.js,scriptaculous/dragdrop.js,scriptaculous/controls.js,scriptaculous/slider.js,varien/js.js,varien/form.js,varien/menu.js,mage/translate.js,mage/cookies.js,varien/product.js,spinner/SpinnerControl.jsmin.js,prototype/window.js,prototype/window_ext.js HTTP/1.1" 200 94182 "http://renault.activities.at/" "Mozilla/5.0 (Windows NT 10.0; WOW64; Trident/7.0; rv:11.0) like Gecko"
139.178.117.135 - - [22/Jul/2020:07:37:59 +0200] "GET /images/main_block_corner_left_bot.gif HTTP/1.1" 200 159 "http://renault.activities.at/" "Mozilla/5.0 (Windows NT 10.0; WOW64; Trident/7.0; rv:11.0) like Gecko"
139.178.117.135 - - [22/Jul/2020:07:37:59 +0200] "GET /images/main_block_border.gif HTTP/1.1" 200 43 "http://renault.activities.at/" "Mozilla/5.0 (Windows NT 10.0; WOW64; Trident/7.0; rv:11.0) like Gecko"
139.178.117.135 - - [22/Jul/2020:07:37:59 +0200] "GET /images/header_block_border.gif HTTP/1.1" 200 43 "http://renault.activities.at/" "Mozilla/5.0 (Windows NT 10.0; WOW64; Trident/7.0; rv:11.0) like Gecko"
139.178.117.135 - - [22/Jul/2020:07:37:59 +0200] "GET /images/header_block_corner_left_top.gif HTTP/1.1" 200 160 "http://renault.activities.at/" "Mozilla/5.0 (Windows NT 10.0; WOW64; Trident/7.0; rv:11.0) like Gecko"
139.178.117.135 - - [22/Jul/2020:07:37:59 +0200] "GET /images/main_block_corner_right_bot.gif HTTP/1.1" 200 158 "http://renault.activities.at/" "Mozilla/5.0 (Windows NT 10.0; WOW64; Trident/7.0; rv:11.0) like Gecko"
139.178.117.135 - - [22/Jul/2020:07:37:59 +0200] "GET /images/header_block_corner_right_top.gif HTTP/1.1" 200 160 "http://renault.activities.at/" "Mozilla/5.0 (Windows NT 10.0; WOW64; Trident/7.0; rv:11.0) like Gecko"
139.178.117.135 - - [22/Jul/2020:07:37:59 +0200] "GET /images/main_block_corner_left_top.gif HTTP/1.1" 200 159 "http://renault.activities.at/" "Mozilla/5.0 (Windows NT 10.0; WOW64; Trident/7.0; rv:11.0) like Gecko"
139.178.117.135 - - [22/Jul/2020:07:37:59 +0200] "GET /images/main_block_corner_right_top.gif HTTP/1.1" 200 159 "http://renault.activities.at/" "Mozilla/5.0 (Windows NT 10.0; WOW64; Trident/7.0; rv:11.0) like Gecko"
139.178.117.135 - - [22/Jul/2020:07:37:59 +0200] "GET /images/title_border.jpg HTTP/1.1" 200 304 "http://renault.activities.at/" "Mozilla/5.0 (Windows NT 10.0; WOW64; Trident/7.0; rv:11.0) like Gecko"
139.178.117.135 - - [22/Jul/2020:07:37:59 +0200] "GET /images/title_border_top.jpg HTTP/1.1" 200 336 "http://renault.activities.at/" "Mozilla/5.0 (Windows NT 10.0; WOW64; Trident/7.0; rv:11.0) like Gecko"
139.178.117.135 - - [22/Jul/2020:07:37:59 +0200] "GET /images/favicon.ico HTTP/1.1" 404 305 "-" "Mozilla/5.0 (Windows NT 10.0; Win64; x64; Trident/7.0; rv:11.0) like Gecko"
139.178.117.135 - - [22/Jul/2020:07:37:59 +0200] "GET /images/title_corner_left_top.jpg HTTP/1.1" 200 372 "http://renault.activities.at/" "Mozilla/5.0 (Windows NT 10.0; WOW64; Trident/7.0; rv:11.0) like Gecko"
139.178.117.135 - - [22/Jul/2020:07:37:59 +0200] "GET /images/title_corner_right_top.jpg HTTP/1.1" 200 389 "http://renault.activities.at/" "Mozilla/5.0 (Windows NT 10.0; WOW64; Trident/7.0; rv:11.0) like Gecko"
139.178.117.135 - - [22/Jul/2020:07:37:59 +0200] "GET /loadthumbnail.php?id=11127982 HTTP/1.1" 200 399614 "http://renault.activities.at/" "Mozilla/5.0 (Windows NT 10.0; WOW64; Trident/7.0; rv:11.0) like Gecko"
80.110.69.130 - - [22/Jul/2020:07:38:00 +0200] "GET /reload?ser=1595396277907 HTTP/1.1" 200 28 "http://renault.2web.at/account" "Mozilla/5.0 (Windows NT 10.0; Win64; x64) AppleWebKit/537.36 (KHTML, like Gecko) Chrome/84.0.4147.89 Safari/537.36"
139.178.117.135 - - [22/Jul/2020:07:38:01 +0200] "GET /login HTTP/1.1" 200 2085 "http://renault.activities.at/" "Mozilla/5.0 (Windows NT 10.0; WOW64; Trident/7.0; rv:11.0) like Gecko"
139.178.117.135 - - [22/Jul/2020:07:38:02 +0200] "GET /images/button_left_bg.gif HTTP/1.1" 200 564 "http://renault.activities.at/login" "Mozilla/5.0 (Windows NT 10.0; WOW64; Trident/7.0; rv:11.0) like Gecko"
139.178.117.135 - - [22/Jul/2020:07:38:02 +0200] "GET /images/button_right_bg.gif HTTP/1.1" 200 561 "http://renault.activities.at/login" "Mozilla/5.0 (Windows NT 10.0; WOW64; Trident/7.0; rv:11.0) like Gecko"
139.178.117.135 - - [22/Jul/2020:07:38:02 +0200] "GET /images/button_bg.gif HTTP/1.1" 200 151 "http://renault.activities.at/login" "Mozilla/5.0 (Windows NT 10.0; WOW64; Trident/7.0; rv:11.0) like Gecko"
139.178.117.135 - - [22/Jul/2020:07:38:02 +0200] "GET /images/favicon.ico HTTP/1.1" 404 305 "-" "Mozilla/5.0 (Windows NT 10.0; Win64; x64; Trident/7.0; rv:11.0) like Gecko"
139.178.117.135 - - [22/Jul/2020:07:38:02 +0200] "GET /favicon.ico HTTP/1.1" 200 3250 "-" "Mozilla/5.0 (Windows NT 10.0; Win64; x64; Trident/7.0; rv:11.0) like Gecko"
139.178.117.135 - - [22/Jul/2020:07:38:18 +0200] "POST /login HTTP/1.1" 302 140 "http://renault.activities.at/login" "Mozilla/5.0 (Windows NT 10.0; WOW64; Trident/7.0; rv:11.0) like Gecko"
139.178.117.135 - - [22/Jul/2020:07:38:19 +0200] "GET /account HTTP/1.1" 200 5972 "http://renault.activities.at/login" "Mozilla/5.0 (Windows NT 10.0; WOW64; Trident/7.0; rv:11.0) like Gecko"
139.178.117.135 - - [22/Jul/2020:07:38:23 +0200] "GET /js/account.js HTTP/1.1" 200 953 "http://renault.activities.at/account" "Mozilla/5.0 (Windows NT 10.0; WOW64; Trident/7.0; rv:11.0) like Gecko"
139.178.117.135 - - [22/Jul/2020:07:38:23 +0200] "GET /images/search_bg.gif HTTP/1.1" 200 1726 "http://renault.activities.at/account" "Mozilla/5.0 (Windows NT 10.0; WOW64; Trident/7.0; rv:11.0) like Gecko"
139.178.117.135 - - [22/Jul/2020:07:38:23 +0200] "GET /images/top_links_divider.gif HTTP/1.1" 200 44 "http://renault.activities.at/account" "Mozilla/5.0 (Windows NT 10.0; WOW64; Trident/7.0; rv:11.0) like Gecko"
139.178.117.135 - - [22/Jul/2020:07:38:23 +0200] "GET /images/menu_button_bg.jpg HTTP/1.1" 200 322 "http://renault.activities.at/account" "Mozilla/5.0 (Windows NT 10.0; WOW64; Trident/7.0; rv:11.0) like Gecko"
139.178.117.135 - - [22/Jul/2020:07:38:23 +0200] "GET /images/nav_divider.gif HTTP/1.1" 200 43 "http://renault.activities.at/account" "Mozilla/5.0 (Windows NT 10.0; WOW64; Trident/7.0; rv:11.0) like Gecko"
139.178.117.135 - - [22/Jul/2020:07:38:23 +0200] "GET /images/menu_divider.gif HTTP/1.1" 200 176 "http://renault.activities.at/account" "Mozilla/5.0 (Windows NT 10.0; WOW64; Trident/7.0; rv:11.0) like Gecko"
139.178.117.135 - - [22/Jul/2020:07:38:23 +0200] "GET /images/sidebar_title_border.gif HTTP/1.1" 200 43 "http://renault.activities.at/account" "Mozilla/5.0 (Windows NT 10.0; WOW64; Trident/7.0; rv:11.0) like Gecko"
139.178.117.135 - - [22/Jul/2020:07:38:23 +0200] "GET /images/sidebar_title_border_top.gif HTTP/1.1" 200 155 "http://renault.activities.at/account" "Mozilla/5.0 (Windows NT 10.0; WOW64; Trident/7.0; rv:11.0) like Gecko"
139.178.117.135 - - [22/Jul/2020:07:38:23 +0200] "GET /images/sidebar_title_corner_left_top.gif HTTP/1.1" 200 1124 "http://renault.activities.at/account" "Mozilla/5.0 (Windows NT 10.0; WOW64; Trident/7.0; rv:11.0) like Gecko"
139.178.117.135 - - [22/Jul/2020:07:38:23 +0200] "GET /images/sidebar_title_corner_right_top.gif HTTP/1.1" 200 383 "http://renault.activities.at/account" "Mozilla/5.0 (Windows NT 10.0; WOW64; Trident/7.0; rv:11.0) like Gecko"
139.178.117.135 - - [22/Jul/2020:07:38:23 +0200] "GET /images/footer_divider.gif HTTP/1.1" 200 44 "http://renault.activities.at/account" "Mozilla/5.0 (Windows NT 10.0; WOW64; Trident/7.0; rv:11.0) like Gecko"
139.178.117.135 - - [22/Jul/2020:07:38:23 +0200] "GET /loadthumbnail.php?id=11075492&width=50&height=50 HTTP/1.1" 200 1114 "http://renault.activities.at/account" "Mozilla/5.0 (Windows NT 10.0; WOW64; Trident/7.0; rv:11.0) like Gecko"
139.178.117.135 - - [22/Jul/2020:07:38:23 +0200] "GET /loadthumbnail.php?id=12094749&width=50&height=50 HTTP/1.1" 200 3578 "http://renault.activities.at/account" "Mozilla/5.0 (Windows NT 10.0; WOW64; Trident/7.0; rv:11.0) like Gecko"
139.178.117.135 - - [22/Jul/2020:07:38:23 +0200] "GET /favicon.ico HTTP/1.1" 200 3250 "-" "Mozilla/5.0 (Windows NT 10.0; Win64; x64; Trident/7.0; rv:11.0) like Gecko"
139.178.117.135 - - [22/Jul/2020:07:38:35 +0200] "GET /result?searchterm=true&search=zoe HTTP/1.1" 200 8411 "http://renault.activities.at/account" "Mozilla/5.0 (Windows NT 10.0; WOW64; Trident/7.0; rv:11.0) like Gecko"
139.178.117.135 - - [22/Jul/2020:07:38:39 +0200] "GET /js/prototip.js HTTP/1.1" 200 4588 "http://renault.activities.at/result?searchterm=true&search=zoe" "Mozilla/5.0 (Windows NT 10.0; WOW64; Trident/7.0; rv:11.0) like Gecko"
139.178.117.135 - - [22/Jul/2020:07:38:39 +0200] "GET /js/ProduktGrp.js HTTP/1.1" 200 1569 "http://renault.activities.at/result?searchterm=true&search=zoe" "Mozilla/5.0 (Windows NT 10.0; WOW64; Trident/7.0; rv:11.0) like Gecko"
139.178.117.135 - - [22/Jul/2020:07:38:39 +0200] "GET /images/loading.gif HTTP/1.1" 200 3208 "http://renault.activities.at/result?searchterm=true&search=zoe" "Mozilla/5.0 (Windows NT 10.0; WOW64; Trident/7.0; rv:11.0) like Gecko"
139.178.117.135 - - [22/Jul/2020:07:38:39 +0200] "GET /loadthumbnail.php?id=10203255 HTTP/1.1" 200 137 "http://renault.activities.at/result?searchterm=true&search=zoe" "Mozilla/5.0 (Windows NT 10.0; WOW64; Trident/7.0; rv:11.0) like Gecko"
139.178.117.135 - - [22/Jul/2020:07:38:39 +0200] "GET /loadthumbnail.php?id=10203276 HTTP/1.1" 200 75 "http://renault.activities.at/result?searchterm=true&search=zoe" "Mozilla/5.0 (Windows NT 10.0; WOW64; Trident/7.0; rv:11.0) like Gecko"
139.178.117.135 - - [22/Jul/2020:07:38:39 +0200] "GET /loadthumbnail.php?id=12174362&width=113 HTTP/1.1" 200 5477 "http://renault.activities.at/result?searchterm=true&search=zoe" "Mozilla/5.0 (Windows NT 10.0; WOW64; Trident/7.0; rv:11.0) like Gecko"
139.178.117.135 - - [22/Jul/2020:07:38:40 +0200] "GET /images/pager_bg.gif HTTP/1.1" 200 150 "http://renault.activities.at/result?searchterm=true&search=zoe" "Mozilla/5.0 (Windows NT 10.0; WOW64; Trident/7.0; rv:11.0) like Gecko"
139.178.117.135 - - [22/Jul/2020:07:38:40 +0200] "GET /images/vista-up.gif HTTP/1.1" 200 131 "http://renault.activities.at/result?searchterm=true&search=zoe" "Mozilla/5.0 (Windows NT 10.0; WOW64; Trident/7.0; rv:11.0) like Gecko"
139.178.117.135 - - [22/Jul/2020:07:38:40 +0200] "GET /images/vista-dn.gif HTTP/1.1" 200 128 "http://renault.activities.at/result?searchterm=true&search=zoe" "Mozilla/5.0 (Windows NT 10.0; WOW64; Trident/7.0; rv:11.0) like Gecko"
139.178.117.135 - - [22/Jul/2020:07:38:40 +0200] "GET /images/validation_advice_bg.gif HTTP/1.1" 200 134 "http://renault.activities.at/result?searchterm=true&search=zoe" "Mozilla/5.0 (Windows NT 10.0; WOW64; Trident/7.0; rv:11.0) like Gecko"
139.178.117.135 - - [22/Jul/2020:07:38:39 +0200] "GET /loadthumbnail.php?id=12138224&width=113 HTTP/1.1" 200 3427 "http://renault.activities.at/result?searchterm=true&search=zoe" "Mozilla/5.0 (Windows NT 10.0; WOW64; Trident/7.0; rv:11.0) like Gecko"
139.178.117.135 - - [22/Jul/2020:07:38:39 +0200] "GET /loadthumbnail.php?id=11760052&width=113 HTTP/1.1" 200 1991 "http://renault.activities.at/result?searchterm=true&search=zoe" "Mozilla/5.0 (Windows NT 10.0; WOW64; Trident/7.0; rv:11.0) like Gecko"
139.178.117.135 - - [22/Jul/2020:07:38:39 +0200] "GET /loadthumbnail.php?id=10203650&width=113 HTTP/1.1" 200 2741 "http://renault.activities.at/result?searchterm=true&search=zoe" "Mozilla/5.0 (Windows NT 10.0; WOW64; Trident/7.0; rv:11.0) like Gecko"
139.178.117.135 - - [22/Jul/2020:07:38:40 +0200] "GET /loadthumbnail.php?id=12198625&width=113 HTTP/1.1" 200 1975 "http://renault.activities.at/result?searchterm=true&search=zoe" "Mozilla/5.0 (Windows NT 10.0; WOW64; Trident/7.0; rv:11.0) like Gecko"
139.178.117.135 - - [22/Jul/2020:07:38:40 +0200] "GET /loadthumbnail.php?id=12198629&width=113 HTTP/1.1" 200 1975 "http://renault.activities.at/result?searchterm=true&search=zoe" "Mozilla/5.0 (Windows NT 10.0; WOW64; Trident/7.0; rv:11.0) like Gecko"
139.178.117.135 - - [22/Jul/2020:07:38:40 +0200] "GET /loadthumbnail.php?id=12198633&width=113 HTTP/1.1" 200 1975 "http://renault.activities.at/result?searchterm=true&search=zoe" "Mozilla/5.0 (Windows NT 10.0; WOW64; Trident/7.0; rv:11.0) like Gecko"
139.178.117.135 - - [22/Jul/2020:07:38:40 +0200] "GET /loadthumbnail.php?id=11181189&width=113 HTTP/1.1" 200 1888 "http://renault.activities.at/result?searchterm=true&search=zoe" "Mozilla/5.0 (Windows NT 10.0; WOW64; Trident/7.0; rv:11.0) like Gecko"
139.178.117.135 - - [22/Jul/2020:07:38:40 +0200] "GET /loadthumbnail.php?id=11181185&width=113 HTTP/1.1" 200 1532 "http://renault.activities.at/result?searchterm=true&search=zoe" "Mozilla/5.0 (Windows NT 10.0; WOW64; Trident/7.0; rv:11.0) like Gecko"
139.178.117.135 - - [22/Jul/2020:07:38:40 +0200] "GET /loadthumbnail.php?id=11181187&width=113 HTTP/1.1" 200 1532 "http://renault.activities.at/result?searchterm=true&search=zoe" "Mozilla/5.0 (Windows NT 10.0; WOW64; Trident/7.0; rv:11.0) like Gecko"
139.178.117.135 - - [22/Jul/2020:07:38:40 +0200] "GET /loadthumbnail.php?id=11181180&width=113 HTTP/1.1" 200 1834 "http://renault.activities.at/result?searchterm=true&search=zoe" "Mozilla/5.0 (Windows NT 10.0; WOW64; Trident/7.0; rv:11.0) like Gecko"
139.178.117.135 - - [22/Jul/2020:07:38:40 +0200] "GET /loadthumbnail.php?id=11181178&width=113 HTTP/1.1" 200 1834 "http://renault.activities.at/result?searchterm=true&search=zoe" "Mozilla/5.0 (Windows NT 10.0; WOW64; Trident/7.0; rv:11.0) like Gecko"
139.178.117.135 - - [22/Jul/2020:07:38:40 +0200] "GET /loadthumbnail.php?id=11186502&width=113 HTTP/1.1" 200 2016 "http://renault.activities.at/result?searchterm=true&search=zoe" "Mozilla/5.0 (Windows NT 10.0; WOW64; Trident/7.0; rv:11.0) like Gecko"
139.178.117.135 - - [22/Jul/2020:07:38:35 +0200] "POST /axjaxrequest?mode=suggest HTTP/1.1" 200 137 "http://renault.activities.at/account" "Mozilla/5.0 (Windows NT 10.0; WOW64; Trident/7.0; rv:11.0) like Gecko"
80.122.221.194 - - [22/Jul/2020:07:38:46 +0200] "GET /reload?ser=1595396326891 HTTP/1.1" 200 28 "http://renault.activities.at/success" "Mozilla/5.0 (Windows NT 10.0; Win64; x64) AppleWebKit/537.36 (KHTML, like Gecko) Chrome/70.0.3538.102 Safari/537.36 Edge/18.18363"
139.178.117.135 - - [22/Jul/2020:07:38:54 +0200] "GET /css/themes/alphacube/bottom_middle.gif HTTP/1.1" 200 44 "http://renault.activities.at/result?searchterm=true&search=zoe" "Mozilla/5.0 (Windows NT 10.0; WOW64; Trident/7.0; rv:11.0) like Gecko"
