80.120.148.242 - - [19/Aug/2020:08:21:11 +0200] "GET /loadthumbnail.php?id=12140339&width=113 HTTP/1.1" 200 2878 "http://renault.activities.at/result?dir=DESC&mode=grid&order=name&limit=50&search=REH" "Mozilla/5.0 (Windows NT 10.0; Win64; x64) AppleWebKit/537.36 (KHTML, like Gecko) Chrome/84.0.4147.125 Safari/537.36"
80.120.148.242 - - [19/Aug/2020:08:21:11 +0200] "GET /loadthumbnail.php?id=12140343&width=113 HTTP/1.1" 200 5013 "http://renault.activities.at/result?dir=DESC&mode=grid&order=name&limit=50&search=REH" "Mozilla/5.0 (Windows NT 10.0; Win64; x64) AppleWebKit/537.36 (KHTML, like Gecko) Chrome/84.0.4147.125 Safari/537.36"
80.120.148.242 - - [19/Aug/2020:08:21:11 +0200] "GET /loadthumbnail.php?id=12140358&width=113 HTTP/1.1" 200 2375 "http://renault.activities.at/result?dir=DESC&mode=grid&order=name&limit=50&search=REH" "Mozilla/5.0 (Windows NT 10.0; Win64; x64) AppleWebKit/537.36 (KHTML, like Gecko) Chrome/84.0.4147.125 Safari/537.36"
80.120.148.242 - - [19/Aug/2020:08:21:11 +0200] "GET /loadthumbnail.php?id=12140362&width=113 HTTP/1.1" 200 4235 "http://renault.activities.at/result?dir=DESC&mode=grid&order=name&limit=50&search=REH" "Mozilla/5.0 (Windows NT 10.0; Win64; x64) AppleWebKit/537.36 (KHTML, like Gecko) Chrome/84.0.4147.125 Safari/537.36"
80.120.148.242 - - [19/Aug/2020:08:21:11 +0200] "GET /loadthumbnail.php?id=11491560&width=113 HTTP/1.1" 200 9826 "http://renault.activities.at/result?dir=DESC&mode=grid&order=name&limit=50&search=REH" "Mozilla/5.0 (Windows NT 10.0; Win64; x64) AppleWebKit/537.36 (KHTML, like Gecko) Chrome/84.0.4147.125 Safari/537.36"
80.120.148.242 - - [19/Aug/2020:08:21:11 +0200] "GET /loadthumbnail.php?id=11194750&width=113 HTTP/1.1" 200 2347 "http://renault.activities.at/result?dir=DESC&mode=grid&order=name&limit=50&search=REH" "Mozilla/5.0 (Windows NT 10.0; Win64; x64) AppleWebKit/537.36 (KHTML, like Gecko) Chrome/84.0.4147.125 Safari/537.36"
80.120.148.242 - - [19/Aug/2020:08:21:11 +0200] "GET /loadthumbnail.php?id=11117056&width=113 HTTP/1.1" 200 2184 "http://renault.activities.at/result?dir=DESC&mode=grid&order=name&limit=50&search=REH" "Mozilla/5.0 (Windows NT 10.0; Win64; x64) AppleWebKit/537.36 (KHTML, like Gecko) Chrome/84.0.4147.125 Safari/537.36"
80.120.148.242 - - [19/Aug/2020:08:21:11 +0200] "GET /loadthumbnail.php?id=11423691&width=113 HTTP/1.1" 200 6071 "http://renault.activities.at/result?dir=DESC&mode=grid&order=name&limit=50&search=REH" "Mozilla/5.0 (Windows NT 10.0; Win64; x64) AppleWebKit/537.36 (KHTML, like Gecko) Chrome/84.0.4147.125 Safari/537.36"
193.194.132.28 - - [19/Aug/2020:08:21:15 +0200] "GET /reload?ser=1597818075573 HTTP/1.1" 200 28 "http://renault.2web.at/account" "Mozilla/5.0 (Windows NT 10.0; Win64; x64) AppleWebKit/537.36 (KHTML, like Gecko) Chrome/84.0.4147.125 Safari/537.36"
88.116.10.164 - - [19/Aug/2020:08:21:28 +0200] "GET /reload?ser=1597818088537 HTTP/1.1" 200 28 "http://renault.activities.at/result?searchterm=true&search=cube" "Mozilla/5.0 (Windows NT 10.0; WOW64; Trident/7.0; rv:11.0) like Gecko"
80.120.148.242 - - [19/Aug/2020:08:21:32 +0200] "GET /result?dir=DESC&mode=grid&order=name&limit=50&page=2&search=REH HTTP/1.1" 200 13984 "http://renault.activities.at/result?dir=DESC&mode=grid&order=name&limit=50&search=REH" "Mozilla/5.0 (Windows NT 10.0; Win64; x64) AppleWebKit/537.36 (KHTML, like Gecko) Chrome/84.0.4147.125 Safari/537.36"
80.120.148.242 - - [19/Aug/2020:08:21:40 +0200] "GET /loadthumbnail.php?id=10203275 HTTP/1.1" 200 85 "http://renault.activities.at/result?dir=DESC&mode=grid&order=name&limit=50&page=2&search=REH" "Mozilla/5.0 (Windows NT 10.0; Win64; x64) AppleWebKit/537.36 (KHTML, like Gecko) Chrome/84.0.4147.125 Safari/537.36"
80.120.148.242 - - [19/Aug/2020:08:21:40 +0200] "GET /loadthumbnail.php?id=10272696&width=113 HTTP/1.1" 200 6494 "http://renault.activities.at/result?dir=DESC&mode=grid&order=name&limit=50&page=2&search=REH" "Mozilla/5.0 (Windows NT 10.0; Win64; x64) AppleWebKit/537.36 (KHTML, like Gecko) Chrome/84.0.4147.125 Safari/537.36"
80.120.148.242 - - [19/Aug/2020:08:21:41 +0200] "GET /loadthumbnail.php?id=11586948&width=113 HTTP/1.1" 200 5839 "http://renault.activities.at/result?dir=DESC&mode=grid&order=name&limit=50&page=2&search=REH" "Mozilla/5.0 (Windows NT 10.0; Win64; x64) AppleWebKit/537.36 (KHTML, like Gecko) Chrome/84.0.4147.125 Safari/537.36"
80.120.148.242 - - [19/Aug/2020:08:21:41 +0200] "GET /loadthumbnail.php?id=11340123&width=113 HTTP/1.1" 200 5559 "http://renault.activities.at/result?dir=DESC&mode=grid&order=name&limit=50&page=2&search=REH" "Mozilla/5.0 (Windows NT 10.0; Win64; x64) AppleWebKit/537.36 (KHTML, like Gecko) Chrome/84.0.4147.125 Safari/537.36"
80.120.148.242 - - [19/Aug/2020:08:21:41 +0200] "GET /loadthumbnail.php?id=11340124&width=113 HTTP/1.1" 200 4949 "http://renault.activities.at/result?dir=DESC&mode=grid&order=name&limit=50&page=2&search=REH" "Mozilla/5.0 (Windows NT 10.0; Win64; x64) AppleWebKit/537.36 (KHTML, like Gecko) Chrome/84.0.4147.125 Safari/537.36"
80.120.148.242 - - [19/Aug/2020:08:21:41 +0200] "GET /loadthumbnail.php?id=11436258&width=113 HTTP/1.1" 200 3321 "http://renault.activities.at/result?dir=DESC&mode=grid&order=name&limit=50&page=2&search=REH" "Mozilla/5.0 (Windows NT 10.0; Win64; x64) AppleWebKit/537.36 (KHTML, like Gecko) Chrome/84.0.4147.125 Safari/537.36"
80.120.148.242 - - [19/Aug/2020:08:21:41 +0200] "GET /loadthumbnail.php?id=12248143&width=113 HTTP/1.1" 200 5039 "http://renault.activities.at/result?dir=DESC&mode=grid&order=name&limit=50&page=2&search=REH" "Mozilla/5.0 (Windows NT 10.0; Win64; x64) AppleWebKit/537.36 (KHTML, like Gecko) Chrome/84.0.4147.125 Safari/537.36"
80.120.148.242 - - [19/Aug/2020:08:21:41 +0200] "GET /loadthumbnail.php?id=12247896&width=113 HTTP/1.1" 200 3064 "http://renault.activities.at/result?dir=DESC&mode=grid&order=name&limit=50&page=2&search=REH" "Mozilla/5.0 (Windows NT 10.0; Win64; x64) AppleWebKit/537.36 (KHTML, like Gecko) Chrome/84.0.4147.125 Safari/537.36"
80.120.148.242 - - [19/Aug/2020:08:21:41 +0200] "GET /loadthumbnail.php?id=12248147&width=113 HTTP/1.1" 200 4253 "http://renault.activities.at/result?dir=DESC&mode=grid&order=name&limit=50&page=2&search=REH" "Mozilla/5.0 (Windows NT 10.0; Win64; x64) AppleWebKit/537.36 (KHTML, like Gecko) Chrome/84.0.4147.125 Safari/537.36"
80.120.148.242 - - [19/Aug/2020:08:21:41 +0200] "GET /loadthumbnail.php?id=10260224&width=113 HTTP/1.1" 200 2657 "http://renault.activities.at/result?dir=DESC&mode=grid&order=name&limit=50&page=2&search=REH" "Mozilla/5.0 (Windows NT 10.0; Win64; x64) AppleWebKit/537.36 (KHTML, like Gecko) Chrome/84.0.4147.125 Safari/537.36"
80.120.148.242 - - [19/Aug/2020:08:21:41 +0200] "GET /loadthumbnail.php?id=10260226&width=113 HTTP/1.1" 200 2395 "http://renault.activities.at/result?dir=DESC&mode=grid&order=name&limit=50&page=2&search=REH" "Mozilla/5.0 (Windows NT 10.0; Win64; x64) AppleWebKit/537.36 (KHTML, like Gecko) Chrome/84.0.4147.125 Safari/537.36"
80.120.148.242 - - [19/Aug/2020:08:21:41 +0200] "GET /loadthumbnail.php?id=12248138&width=113 HTTP/1.1" 200 2804 "http://renault.activities.at/result?dir=DESC&mode=grid&order=name&limit=50&page=2&search=REH" "Mozilla/5.0 (Windows NT 10.0; Win64; x64) AppleWebKit/537.36 (KHTML, like Gecko) Chrome/84.0.4147.125 Safari/537.36"
80.120.148.242 - - [19/Aug/2020:08:21:41 +0200] "GET /loadthumbnail.php?id=10260210&width=113 HTTP/1.1" 200 3764 "http://renault.activities.at/result?dir=DESC&mode=grid&order=name&limit=50&page=2&search=REH" "Mozilla/5.0 (Windows NT 10.0; Win64; x64) AppleWebKit/537.36 (KHTML, like Gecko) Chrome/84.0.4147.125 Safari/537.36"
80.120.148.242 - - [19/Aug/2020:08:21:41 +0200] "GET /loadthumbnail.php?id=12010091&width=113 HTTP/1.1" 200 18044 "http://renault.activities.at/result?dir=DESC&mode=grid&order=name&limit=50&page=2&search=REH" "Mozilla/5.0 (Windows NT 10.0; Win64; x64) AppleWebKit/537.36 (KHTML, like Gecko) Chrome/84.0.4147.125 Safari/537.36"
80.120.148.242 - - [19/Aug/2020:08:21:41 +0200] "GET /loadthumbnail.php?id=12094749&width=113 HTTP/1.1" 200 15117 "http://renault.activities.at/result?dir=DESC&mode=grid&order=name&limit=50&page=2&search=REH" "Mozilla/5.0 (Windows NT 10.0; Win64; x64) AppleWebKit/537.36 (KHTML, like Gecko) Chrome/84.0.4147.125 Safari/537.36"
80.120.148.242 - - [19/Aug/2020:08:21:41 +0200] "GET /loadthumbnail.php?id=11461719&width=113 HTTP/1.1" 200 32753 "http://renault.activities.at/result?dir=DESC&mode=grid&order=name&limit=50&page=2&search=REH" "Mozilla/5.0 (Windows NT 10.0; Win64; x64) AppleWebKit/537.36 (KHTML, like Gecko) Chrome/84.0.4147.125 Safari/537.36"
80.120.148.242 - - [19/Aug/2020:08:21:41 +0200] "GET /loadthumbnail.php?id=11435683&width=113 HTTP/1.1" 200 3928 "http://renault.activities.at/result?dir=DESC&mode=grid&order=name&limit=50&page=2&search=REH" "Mozilla/5.0 (Windows NT 10.0; Win64; x64) AppleWebKit/537.36 (KHTML, like Gecko) Chrome/84.0.4147.125 Safari/537.36"
80.120.148.242 - - [19/Aug/2020:08:21:41 +0200] "GET /loadthumbnail.php?id=11075492&width=113 HTTP/1.1" 200 2349 "http://renault.activities.at/result?dir=DESC&mode=grid&order=name&limit=50&page=2&search=REH" "Mozilla/5.0 (Windows NT 10.0; Win64; x64) AppleWebKit/537.36 (KHTML, like Gecko) Chrome/84.0.4147.125 Safari/537.36"
80.120.148.242 - - [19/Aug/2020:08:21:41 +0200] "GET /loadthumbnail.php?id=12208107&width=113 HTTP/1.1" 200 2203 "http://renault.activities.at/result?dir=DESC&mode=grid&order=name&limit=50&page=2&search=REH" "Mozilla/5.0 (Windows NT 10.0; Win64; x64) AppleWebKit/537.36 (KHTML, like Gecko) Chrome/84.0.4147.125 Safari/537.36"
80.120.148.242 - - [19/Aug/2020:08:21:41 +0200] "GET /loadthumbnail.php?id=11423689&width=113 HTTP/1.1" 200 1359 "http://renault.activities.at/result?dir=DESC&mode=grid&order=name&limit=50&page=2&search=REH" "Mozilla/5.0 (Windows NT 10.0; Win64; x64) AppleWebKit/537.36 (KHTML, like Gecko) Chrome/84.0.4147.125 Safari/537.36"
80.120.148.242 - - [19/Aug/2020:08:21:41 +0200] "GET /loadthumbnail.php?id=11423690&width=113 HTTP/1.1" 200 1470 "http://renault.activities.at/result?dir=DESC&mode=grid&order=name&limit=50&page=2&search=REH" "Mozilla/5.0 (Windows NT 10.0; Win64; x64) AppleWebKit/537.36 (KHTML, like Gecko) Chrome/84.0.4147.125 Safari/537.36"
80.120.148.242 - - [19/Aug/2020:08:21:41 +0200] "GET /loadthumbnail.php?id=11435680&width=113 HTTP/1.1" 200 3562 "http://renault.activities.at/result?dir=DESC&mode=grid&order=name&limit=50&page=2&search=REH" "Mozilla/5.0 (Windows NT 10.0; Win64; x64) AppleWebKit/537.36 (KHTML, like Gecko) Chrome/84.0.4147.125 Safari/537.36"
80.120.148.242 - - [19/Aug/2020:08:21:41 +0200] "GET /loadthumbnail.php?id=11245117&width=113 HTTP/1.1" 200 2832 "http://renault.activities.at/result?dir=DESC&mode=grid&order=name&limit=50&page=2&search=REH" "Mozilla/5.0 (Windows NT 10.0; Win64; x64) AppleWebKit/537.36 (KHTML, like Gecko) Chrome/84.0.4147.125 Safari/537.36"
80.120.148.242 - - [19/Aug/2020:08:21:41 +0200] "GET /loadthumbnail.php?id=11532883&width=113 HTTP/1.1" 200 35124 "http://renault.activities.at/result?dir=DESC&mode=grid&order=name&limit=50&page=2&search=REH" "Mozilla/5.0 (Windows NT 10.0; Win64; x64) AppleWebKit/537.36 (KHTML, like Gecko) Chrome/84.0.4147.125 Safari/537.36"
80.120.148.242 - - [19/Aug/2020:08:21:41 +0200] "GET /loadthumbnail.php?id=11831534&width=113 HTTP/1.1" 200 4126 "http://renault.activities.at/result?dir=DESC&mode=grid&order=name&limit=50&page=2&search=REH" "Mozilla/5.0 (Windows NT 10.0; Win64; x64) AppleWebKit/537.36 (KHTML, like Gecko) Chrome/84.0.4147.125 Safari/537.36"
80.120.148.242 - - [19/Aug/2020:08:21:41 +0200] "GET /loadthumbnail.php?id=12133331&width=113 HTTP/1.1" 200 5072 "http://renault.activities.at/result?dir=DESC&mode=grid&order=name&limit=50&page=2&search=REH" "Mozilla/5.0 (Windows NT 10.0; Win64; x64) AppleWebKit/537.36 (KHTML, like Gecko) Chrome/84.0.4147.125 Safari/537.36"
80.120.148.242 - - [19/Aug/2020:08:21:41 +0200] "GET /loadthumbnail.php?id=11340122&width=113 HTTP/1.1" 200 3786 "http://renault.activities.at/result?dir=DESC&mode=grid&order=name&limit=50&page=2&search=REH" "Mozilla/5.0 (Windows NT 10.0; Win64; x64) AppleWebKit/537.36 (KHTML, like Gecko) Chrome/84.0.4147.125 Safari/537.36"
80.120.148.242 - - [19/Aug/2020:08:21:41 +0200] "GET /loadthumbnail.php?id=11340121&width=113 HTTP/1.1" 200 4540 "http://renault.activities.at/result?dir=DESC&mode=grid&order=name&limit=50&page=2&search=REH" "Mozilla/5.0 (Windows NT 10.0; Win64; x64) AppleWebKit/537.36 (KHTML, like Gecko) Chrome/84.0.4147.125 Safari/537.36"
80.120.148.242 - - [19/Aug/2020:08:21:42 +0200] "GET /loadthumbnail.php?id=11435681&width=113 HTTP/1.1" 200 3946 "http://renault.activities.at/result?dir=DESC&mode=grid&order=name&limit=50&page=2&search=REH" "Mozilla/5.0 (Windows NT 10.0; Win64; x64) AppleWebKit/537.36 (KHTML, like Gecko) Chrome/84.0.4147.125 Safari/537.36"
80.120.148.242 - - [19/Aug/2020:08:21:42 +0200] "GET /loadthumbnail.php?id=11831340&width=113 HTTP/1.1" 200 4684 "http://renault.activities.at/result?dir=DESC&mode=grid&order=name&limit=50&page=2&search=REH" "Mozilla/5.0 (Windows NT 10.0; Win64; x64) AppleWebKit/537.36 (KHTML, like Gecko) Chrome/84.0.4147.125 Safari/537.36"
80.120.148.242 - - [19/Aug/2020:08:21:42 +0200] "GET /loadthumbnail.php?id=12243596&width=113 HTTP/1.1" 200 2926 "http://renault.activities.at/result?dir=DESC&mode=grid&order=name&limit=50&page=2&search=REH" "Mozilla/5.0 (Windows NT 10.0; Win64; x64) AppleWebKit/537.36 (KHTML, like Gecko) Chrome/84.0.4147.125 Safari/537.36"
80.120.148.242 - - [19/Aug/2020:08:21:42 +0200] "GET /loadthumbnail.php?id=11434114&width=113 HTTP/1.1" 200 4564 "http://renault.activities.at/result?dir=DESC&mode=grid&order=name&limit=50&page=2&search=REH" "Mozilla/5.0 (Windows NT 10.0; Win64; x64) AppleWebKit/537.36 (KHTML, like Gecko) Chrome/84.0.4147.125 Safari/537.36"
80.120.148.242 - - [19/Aug/2020:08:21:42 +0200] "GET /loadthumbnail.php?id=12243600&width=113 HTTP/1.1" 200 3157 "http://renault.activities.at/result?dir=DESC&mode=grid&order=name&limit=50&page=2&search=REH" "Mozilla/5.0 (Windows NT 10.0; Win64; x64) AppleWebKit/537.36 (KHTML, like Gecko) Chrome/84.0.4147.125 Safari/537.36"
80.120.148.242 - - [19/Aug/2020:08:21:42 +0200] "GET /loadthumbnail.php?id=12243604&width=113 HTTP/1.1" 200 3094 "http://renault.activities.at/result?dir=DESC&mode=grid&order=name&limit=50&page=2&search=REH" "Mozilla/5.0 (Windows NT 10.0; Win64; x64) AppleWebKit/537.36 (KHTML, like Gecko) Chrome/84.0.4147.125 Safari/537.36"
80.120.148.242 - - [19/Aug/2020:08:21:42 +0200] "GET /loadthumbnail.php?id=10745359&width=113 HTTP/1.1" 200 4202 "http://renault.activities.at/result?dir=DESC&mode=grid&order=name&limit=50&page=2&search=REH" "Mozilla/5.0 (Windows NT 10.0; Win64; x64) AppleWebKit/537.36 (KHTML, like Gecko) Chrome/84.0.4147.125 Safari/537.36"
80.120.148.242 - - [19/Aug/2020:08:21:42 +0200] "GET /loadthumbnail.php?id=11211825&width=113 HTTP/1.1" 200 1953 "http://renault.activities.at/result?dir=DESC&mode=grid&order=name&limit=50&page=2&search=REH" "Mozilla/5.0 (Windows NT 10.0; Win64; x64) AppleWebKit/537.36 (KHTML, like Gecko) Chrome/84.0.4147.125 Safari/537.36"
80.120.148.242 - - [19/Aug/2020:08:21:42 +0200] "GET /loadthumbnail.php?id=10614830&width=113 HTTP/1.1" 200 2000 "http://renault.activities.at/result?dir=DESC&mode=grid&order=name&limit=50&page=2&search=REH" "Mozilla/5.0 (Windows NT 10.0; Win64; x64) AppleWebKit/537.36 (KHTML, like Gecko) Chrome/84.0.4147.125 Safari/537.36"
80.120.148.242 - - [19/Aug/2020:08:21:42 +0200] "GET /loadthumbnail.php?id=11573493&width=113 HTTP/1.1" 200 8256 "http://renault.activities.at/result?dir=DESC&mode=grid&order=name&limit=50&page=2&search=REH" "Mozilla/5.0 (Windows NT 10.0; Win64; x64) AppleWebKit/537.36 (KHTML, like Gecko) Chrome/84.0.4147.125 Safari/537.36"
80.120.148.242 - - [19/Aug/2020:08:21:42 +0200] "GET /loadthumbnail.php?id=11355691&width=113 HTTP/1.1" 200 1198 "http://renault.activities.at/result?dir=DESC&mode=grid&order=name&limit=50&page=2&search=REH" "Mozilla/5.0 (Windows NT 10.0; Win64; x64) AppleWebKit/537.36 (KHTML, like Gecko) Chrome/84.0.4147.125 Safari/537.36"
80.120.148.242 - - [19/Aug/2020:08:21:42 +0200] "GET /loadthumbnail.php?id=10260174&width=113 HTTP/1.1" 200 3715 "http://renault.activities.at/result?dir=DESC&mode=grid&order=name&limit=50&page=2&search=REH" "Mozilla/5.0 (Windows NT 10.0; Win64; x64) AppleWebKit/537.36 (KHTML, like Gecko) Chrome/84.0.4147.125 Safari/537.36"
80.120.148.242 - - [19/Aug/2020:08:21:42 +0200] "GET /loadthumbnail.php?id=10260190&width=113 HTTP/1.1" 200 4509 "http://renault.activities.at/result?dir=DESC&mode=grid&order=name&limit=50&page=2&search=REH" "Mozilla/5.0 (Windows NT 10.0; Win64; x64) AppleWebKit/537.36 (KHTML, like Gecko) Chrome/84.0.4147.125 Safari/537.36"
80.120.148.242 - - [19/Aug/2020:08:21:42 +0200] "GET /loadthumbnail.php?id=11730239&width=113 HTTP/1.1" 200 4665 "http://renault.activities.at/result?dir=DESC&mode=grid&order=name&limit=50&page=2&search=REH" "Mozilla/5.0 (Windows NT 10.0; Win64; x64) AppleWebKit/537.36 (KHTML, like Gecko) Chrome/84.0.4147.125 Safari/537.36"
80.120.148.242 - - [19/Aug/2020:08:21:42 +0200] "GET /loadthumbnail.php?id=11788552&width=113 HTTP/1.1" 200 3318 "http://renault.activities.at/result?dir=DESC&mode=grid&order=name&limit=50&page=2&search=REH" "Mozilla/5.0 (Windows NT 10.0; Win64; x64) AppleWebKit/537.36 (KHTML, like Gecko) Chrome/84.0.4147.125 Safari/537.36"
80.120.148.242 - - [19/Aug/2020:08:21:42 +0200] "GET /loadthumbnail.php?id=12247032&width=113 HTTP/1.1" 200 5603 "http://renault.activities.at/result?dir=DESC&mode=grid&order=name&limit=50&page=2&search=REH" "Mozilla/5.0 (Windows NT 10.0; Win64; x64) AppleWebKit/537.36 (KHTML, like Gecko) Chrome/84.0.4147.125 Safari/537.36"
80.120.148.242 - - [19/Aug/2020:08:21:42 +0200] "GET /loadthumbnail.php?id=12247019&width=113 HTTP/1.1" 200 3543 "http://renault.activities.at/result?dir=DESC&mode=grid&order=name&limit=50&page=2&search=REH" "Mozilla/5.0 (Windows NT 10.0; Win64; x64) AppleWebKit/537.36 (KHTML, like Gecko) Chrome/84.0.4147.125 Safari/537.36"
80.120.148.242 - - [19/Aug/2020:08:21:42 +0200] "GET /loadthumbnail.php?id=11660371&width=113 HTTP/1.1" 200 1292 "http://renault.activities.at/result?dir=DESC&mode=grid&order=name&limit=50&page=2&search=REH" "Mozilla/5.0 (Windows NT 10.0; Win64; x64) AppleWebKit/537.36 (KHTML, like Gecko) Chrome/84.0.4147.125 Safari/537.36"
80.120.148.242 - - [19/Aug/2020:08:21:42 +0200] "GET /loadthumbnail.php?id=11660364&width=113 HTTP/1.1" 200 1865 "http://renault.activities.at/result?dir=DESC&mode=grid&order=name&limit=50&page=2&search=REH" "Mozilla/5.0 (Windows NT 10.0; Win64; x64) AppleWebKit/537.36 (KHTML, like Gecko) Chrome/84.0.4147.125 Safari/537.36"
80.120.148.242 - - [19/Aug/2020:08:21:42 +0200] "GET /loadthumbnail.php?id=12215130&width=113 HTTP/1.1" 200 3571 "http://renault.activities.at/result?dir=DESC&mode=grid&order=name&limit=50&page=2&search=REH" "Mozilla/5.0 (Windows NT 10.0; Win64; x64) AppleWebKit/537.36 (KHTML, like Gecko) Chrome/84.0.4147.125 Safari/537.36"
80.120.148.242 - - [19/Aug/2020:08:22:12 +0200] "GET /images/vista-dn-hover.gif HTTP/1.1" 200 127 "http://renault.activities.at/css/styles.css" "Mozilla/5.0 (Windows NT 10.0; Win64; x64) AppleWebKit/537.36 (KHTML, like Gecko) Chrome/84.0.4147.125 Safari/537.36"
193.194.132.28 - - [19/Aug/2020:08:22:16 +0200] "GET /reload?ser=1597818136574 HTTP/1.1" 200 28 "http://renault.2web.at/account" "Mozilla/5.0 (Windows NT 10.0; Win64; x64) AppleWebKit/537.36 (KHTML, like Gecko) Chrome/84.0.4147.125 Safari/537.36"
88.116.10.164 - - [19/Aug/2020:08:22:29 +0200] "GET /reload?ser=1597818149532 HTTP/1.1" 200 28 "http://renault.activities.at/result?searchterm=true&search=cube" "Mozilla/5.0 (Windows NT 10.0; WOW64; Trident/7.0; rv:11.0) like Gecko"
80.120.148.242 - - [19/Aug/2020:08:22:28 +0200] "POST /result?dir=DESC&mode=grid&order=name&limit=50&page=2&search=REH HTTP/1.1" 200 14191 "http://renault.activities.at/result?dir=DESC&mode=grid&order=name&limit=50&page=2&search=REH" "Mozilla/5.0 (Windows NT 10.0; Win64; x64) AppleWebKit/537.36 (KHTML, like Gecko) Chrome/84.0.4147.125 Safari/537.36"
80.120.148.242 - - [19/Aug/2020:08:22:36 +0200] "GET /images/success_msg_icon.gif HTTP/1.1" 200 1024 "http://renault.activities.at/css/styles.css" "Mozilla/5.0 (Windows NT 10.0; Win64; x64) AppleWebKit/537.36 (KHTML, like Gecko) Chrome/84.0.4147.125 Safari/537.36"
80.120.148.242 - - [19/Aug/2020:08:22:40 +0200] "GET /result?searchterm=true&search=gutschein HTTP/1.1" 200 6279 "http://renault.activities.at/result?dir=DESC&mode=grid&order=name&limit=50&page=2&search=REH" "Mozilla/5.0 (Windows NT 10.0; Win64; x64) AppleWebKit/537.36 (KHTML, like Gecko) Chrome/84.0.4147.125 Safari/537.36"
80.120.148.242 - - [19/Aug/2020:08:22:42 +0200] "GET /loadthumbnail.php?id=11226381&width=113 HTTP/1.1" 200 2887 "http://renault.activities.at/result?searchterm=true&search=gutschein" "Mozilla/5.0 (Windows NT 10.0; Win64; x64) AppleWebKit/537.36 (KHTML, like Gecko) Chrome/84.0.4147.125 Safari/537.36"
80.120.148.242 - - [19/Aug/2020:08:22:42 +0200] "GET /loadthumbnail.php?id=11433406&width=113 HTTP/1.1" 200 2604 "http://renault.activities.at/result?searchterm=true&search=gutschein" "Mozilla/5.0 (Windows NT 10.0; Win64; x64) AppleWebKit/537.36 (KHTML, like Gecko) Chrome/84.0.4147.125 Safari/537.36"
80.120.148.242 - - [19/Aug/2020:08:22:42 +0200] "GET /loadthumbnail.php?id=11459823&width=113 HTTP/1.1" 200 2833 "http://renault.activities.at/result?searchterm=true&search=gutschein" "Mozilla/5.0 (Windows NT 10.0; Win64; x64) AppleWebKit/537.36 (KHTML, like Gecko) Chrome/84.0.4147.125 Safari/537.36"
80.120.148.242 - - [19/Aug/2020:08:22:41 +0200] "POST /axjaxrequest?mode=suggest HTTP/1.1" 200 111 "http://renault.activities.at/result?dir=DESC&mode=grid&order=name&limit=50&page=2&search=REH" "Mozilla/5.0 (Windows NT 10.0; Win64; x64) AppleWebKit/537.36 (KHTML, like Gecko) Chrome/84.0.4147.125 Safari/537.36"
80.120.148.242 - - [19/Aug/2020:08:23:06 +0200] "POST /result?searchterm=true&search=gutschein HTTP/1.1" 200 6383 "http://renault.activities.at/result?searchterm=true&search=gutschein" "Mozilla/5.0 (Windows NT 10.0; Win64; x64) AppleWebKit/537.36 (KHTML, like Gecko) Chrome/84.0.4147.125 Safari/537.36"
89.26.36.153 - - [19/Aug/2020:08:23:13 +0200] "GET / HTTP/1.1" 200 3273 "-" "Mozilla/5.0 (Windows NT 10.0; WOW64; Trident/7.0; MASBJS; rv:11.0) like Gecko"
80.120.148.242 - - [19/Aug/2020:08:23:12 +0200] "GET /cart HTTP/1.1" 200 5206 "http://renault.activities.at/result?searchterm=true&search=gutschein" "Mozilla/5.0 (Windows NT 10.0; Win64; x64) AppleWebKit/537.36 (KHTML, like Gecko) Chrome/84.0.4147.125 Safari/537.36"
80.120.148.242 - - [19/Aug/2020:08:23:14 +0200] "GET /loadthumbnail.php?id=10232009&width=16&height=16 HTTP/1.1" 200 700 "http://renault.activities.at/cart" "Mozilla/5.0 (Windows NT 10.0; Win64; x64) AppleWebKit/537.36 (KHTML, like Gecko) Chrome/84.0.4147.125 Safari/537.36"
80.120.148.242 - - [19/Aug/2020:08:23:14 +0200] "GET /loadthumbnail.php?id=10260174&width=100 HTTP/1.1" 200 3124 "http://renault.activities.at/cart" "Mozilla/5.0 (Windows NT 10.0; Win64; x64) AppleWebKit/537.36 (KHTML, like Gecko) Chrome/84.0.4147.125 Safari/537.36"
80.120.148.242 - - [19/Aug/2020:08:23:14 +0200] "GET /loadthumbnail.php?id=11459823&width=100 HTTP/1.1" 200 2335 "http://renault.activities.at/cart" "Mozilla/5.0 (Windows NT 10.0; Win64; x64) AppleWebKit/537.36 (KHTML, like Gecko) Chrome/84.0.4147.125 Safari/537.36"
193.194.132.28 - - [19/Aug/2020:08:23:18 +0200] "GET /reload?ser=1597818198576 HTTP/1.1" 200 28 "http://renault.2web.at/account" "Mozilla/5.0 (Windows NT 10.0; Win64; x64) AppleWebKit/537.36 (KHTML, like Gecko) Chrome/84.0.4147.125 Safari/537.36"
80.120.148.242 - - [19/Aug/2020:08:23:20 +0200] "GET /checkout HTTP/1.1" 200 20408 "http://renault.activities.at/cart" "Mozilla/5.0 (Windows NT 10.0; Win64; x64) AppleWebKit/537.36 (KHTML, like Gecko) Chrome/84.0.4147.125 Safari/537.36"
80.120.148.242 - - [19/Aug/2020:08:23:25 +0200] "GET /images/ajax_loading.gif HTTP/1.1" 200 1542 "http://renault.activities.at/checkout" "Mozilla/5.0 (Windows NT 10.0; Win64; x64) AppleWebKit/537.36 (KHTML, like Gecko) Chrome/84.0.4147.125 Safari/537.36"
80.120.148.242 - - [19/Aug/2020:08:23:25 +0200] "GET /js/checkout2.js HTTP/1.1" 200 4122 "http://renault.activities.at/checkout" "Mozilla/5.0 (Windows NT 10.0; Win64; x64) AppleWebKit/537.36 (KHTML, like Gecko) Chrome/84.0.4147.125 Safari/537.36"
80.120.148.242 - - [19/Aug/2020:08:23:25 +0200] "GET /images/step_marker.gif HTTP/1.1" 200 650 "http://renault.activities.at/css/styles.css" "Mozilla/5.0 (Windows NT 10.0; Win64; x64) AppleWebKit/537.36 (KHTML, like Gecko) Chrome/84.0.4147.125 Safari/537.36"
80.120.148.242 - - [19/Aug/2020:08:23:25 +0200] "GET /images/step_bg.jpg HTTP/1.1" 200 319 "http://renault.activities.at/css/styles.css" "Mozilla/5.0 (Windows NT 10.0; Win64; x64) AppleWebKit/537.36 (KHTML, like Gecko) Chrome/84.0.4147.125 Safari/537.36"
80.120.148.242 - - [19/Aug/2020:08:23:25 +0200] "GET /images/checkout_border_top.gif HTTP/1.1" 200 156 "http://renault.activities.at/css/styles.css" "Mozilla/5.0 (Windows NT 10.0; Win64; x64) AppleWebKit/537.36 (KHTML, like Gecko) Chrome/84.0.4147.125 Safari/537.36"
80.120.148.242 - - [19/Aug/2020:08:23:25 +0200] "GET /images/checkout_border.gif HTTP/1.1" 200 43 "http://renault.activities.at/css/styles.css" "Mozilla/5.0 (Windows NT 10.0; Win64; x64) AppleWebKit/537.36 (KHTML, like Gecko) Chrome/84.0.4147.125 Safari/537.36"
80.120.148.242 - - [19/Aug/2020:08:23:25 +0200] "GET /loadthumbnail.php?id=10202698 HTTP/1.1" 200 16686 "http://renault.activities.at/checkout" "Mozilla/5.0 (Windows NT 10.0; Win64; x64) AppleWebKit/537.36 (KHTML, like Gecko) Chrome/84.0.4147.125 Safari/537.36"
80.120.148.242 - - [19/Aug/2020:08:23:25 +0200] "GET /loadthumbnail.php?id=10201939 HTTP/1.1" 200 201 "http://renault.activities.at/checkout" "Mozilla/5.0 (Windows NT 10.0; Win64; x64) AppleWebKit/537.36 (KHTML, like Gecko) Chrome/84.0.4147.125 Safari/537.36"
88.116.10.164 - - [19/Aug/2020:08:23:30 +0200] "GET /reload?ser=1597818210553 HTTP/1.1" 200 28 "http://renault.activities.at/result?searchterm=true&search=cube" "Mozilla/5.0 (Windows NT 10.0; WOW64; Trident/7.0; rv:11.0) like Gecko"
80.120.148.242 - - [19/Aug/2020:08:23:30 +0200] "POST /docheckout HTTP/1.1" 200 456 "http://renault.activities.at/checkout" "Mozilla/5.0 (Windows NT 10.0; Win64; x64) AppleWebKit/537.36 (KHTML, like Gecko) Chrome/84.0.4147.125 Safari/537.36"
80.120.148.242 - - [19/Aug/2020:08:23:34 +0200] "POST /docheckout HTTP/1.1" 200 628 "http://renault.activities.at/checkout" "Mozilla/5.0 (Windows NT 10.0; Win64; x64) AppleWebKit/537.36 (KHTML, like Gecko) Chrome/84.0.4147.125 Safari/537.36"
80.120.148.242 - - [19/Aug/2020:08:23:35 +0200] "GET /images/error_msg_icon.gif HTTP/1.1" 200 1013 "http://renault.activities.at/checkout" "Mozilla/5.0 (Windows NT 10.0; Win64; x64) AppleWebKit/537.36 (KHTML, like Gecko) Chrome/84.0.4147.125 Safari/537.36"
80.120.148.242 - - [19/Aug/2020:08:23:37 +0200] "POST /docheckout HTTP/1.1" 200 68 "http://renault.activities.at/checkout" "Mozilla/5.0 (Windows NT 10.0; Win64; x64) AppleWebKit/537.36 (KHTML, like Gecko) Chrome/84.0.4147.125 Safari/537.36"
80.120.148.242 - - [19/Aug/2020:08:23:41 +0200] "GET /success HTTP/1.1" 200 3791 "http://renault.activities.at/checkout" "Mozilla/5.0 (Windows NT 10.0; Win64; x64) AppleWebKit/537.36 (KHTML, like Gecko) Chrome/84.0.4147.125 Safari/537.36"
193.194.132.28 - - [19/Aug/2020:08:24:20 +0200] "GET /reload?ser=1597818260578 HTTP/1.1" 200 28 "http://renault.2web.at/account" "Mozilla/5.0 (Windows NT 10.0; Win64; x64) AppleWebKit/537.36 (KHTML, like Gecko) Chrome/84.0.4147.125 Safari/537.36"
88.116.10.164 - - [19/Aug/2020:08:24:31 +0200] "GET /reload?ser=1597818271553 HTTP/1.1" 200 28 "http://renault.activities.at/result?searchterm=true&search=cube" "Mozilla/5.0 (Windows NT 10.0; WOW64; Trident/7.0; rv:11.0) like Gecko"
80.120.148.242 - - [19/Aug/2020:08:24:44 +0200] "GET /reload?ser=1597818284061 HTTP/1.1" 200 28 "http://renault.activities.at/success" "Mozilla/5.0 (Windows NT 10.0; Win64; x64) AppleWebKit/537.36 (KHTML, like Gecko) Chrome/84.0.4147.125 Safari/537.36"
193.194.132.28 - - [19/Aug/2020:08:25:22 +0200] "GET /reload?ser=1597818322582 HTTP/1.1" 200 28 "http://renault.2web.at/account" "Mozilla/5.0 (Windows NT 10.0; Win64; x64) AppleWebKit/537.36 (KHTML, like Gecko) Chrome/84.0.4147.125 Safari/537.36"
88.116.10.164 - - [19/Aug/2020:08:25:32 +0200] "GET /reload?ser=1597818332532 HTTP/1.1" 200 28 "http://renault.activities.at/result?searchterm=true&search=cube" "Mozilla/5.0 (Windows NT 10.0; WOW64; Trident/7.0; rv:11.0) like Gecko"
80.120.148.242 - - [19/Aug/2020:08:25:45 +0200] "GET /reload?ser=1597818345058 HTTP/1.1" 200 28 "http://renault.activities.at/success" "Mozilla/5.0 (Windows NT 10.0; Win64; x64) AppleWebKit/537.36 (KHTML, like Gecko) Chrome/84.0.4147.125 Safari/537.36"
193.194.132.28 - - [19/Aug/2020:08:26:24 +0200] "GET /reload?ser=1597818384578 HTTP/1.1" 200 28 "http://renault.2web.at/account" "Mozilla/5.0 (Windows NT 10.0; Win64; x64) AppleWebKit/537.36 (KHTML, like Gecko) Chrome/84.0.4147.125 Safari/537.36"
88.116.10.164 - - [19/Aug/2020:08:26:33 +0200] "GET /reload?ser=1597818393490 HTTP/1.1" 200 28 "http://renault.activities.at/result?searchterm=true&search=cube" "Mozilla/5.0 (Windows NT 10.0; WOW64; Trident/7.0; rv:11.0) like Gecko"
80.120.148.242 - - [19/Aug/2020:08:26:46 +0200] "GET /reload?ser=1597818406059 HTTP/1.1" 200 28 "http://renault.activities.at/success" "Mozilla/5.0 (Windows NT 10.0; Win64; x64) AppleWebKit/537.36 (KHTML, like Gecko) Chrome/84.0.4147.125 Safari/537.36"
193.194.132.28 - - [19/Aug/2020:08:27:26 +0200] "GET /reload?ser=1597818446584 HTTP/1.1" 200 28 "http://renault.2web.at/account" "Mozilla/5.0 (Windows NT 10.0; Win64; x64) AppleWebKit/537.36 (KHTML, like Gecko) Chrome/84.0.4147.125 Safari/537.36"
88.116.10.164 - - [19/Aug/2020:08:27:34 +0200] "GET /reload?ser=1597818454470 HTTP/1.1" 200 28 "http://renault.activities.at/result?searchterm=true&search=cube" "Mozilla/5.0 (Windows NT 10.0; WOW64; Trident/7.0; rv:11.0) like Gecko"
80.120.148.242 - - [19/Aug/2020:08:27:47 +0200] "GET /reload?ser=1597818467058 HTTP/1.1" 200 28 "http://renault.activities.at/success" "Mozilla/5.0 (Windows NT 10.0; Win64; x64) AppleWebKit/537.36 (KHTML, like Gecko) Chrome/84.0.4147.125 Safari/537.36"
193.194.132.28 - - [19/Aug/2020:08:28:28 +0200] "GET /reload?ser=1597818508578 HTTP/1.1" 200 28 "http://renault.2web.at/account" "Mozilla/5.0 (Windows NT 10.0; Win64; x64) AppleWebKit/537.36 (KHTML, like Gecko) Chrome/84.0.4147.125 Safari/537.36"
88.116.10.164 - - [19/Aug/2020:08:28:35 +0200] "GET /reload?ser=1597818515462 HTTP/1.1" 200 28 "http://renault.activities.at/result?searchterm=true&search=cube" "Mozilla/5.0 (Windows NT 10.0; WOW64; Trident/7.0; rv:11.0) like Gecko"
80.120.148.242 - - [19/Aug/2020:08:28:48 +0200] "GET /reload?ser=1597818528059 HTTP/1.1" 200 28 "http://renault.activities.at/success" "Mozilla/5.0 (Windows NT 10.0; Win64; x64) AppleWebKit/537.36 (KHTML, like Gecko) Chrome/84.0.4147.125 Safari/537.36"
193.194.132.28 - - [19/Aug/2020:08:29:30 +0200] "GET /reload?ser=1597818570582 HTTP/1.1" 200 28 "http://renault.2web.at/account" "Mozilla/5.0 (Windows NT 10.0; Win64; x64) AppleWebKit/537.36 (KHTML, like Gecko) Chrome/84.0.4147.125 Safari/537.36"
88.116.10.164 - - [19/Aug/2020:08:29:36 +0200] "GET /reload?ser=1597818576475 HTTP/1.1" 200 28 "http://renault.activities.at/result?searchterm=true&search=cube" "Mozilla/5.0 (Windows NT 10.0; WOW64; Trident/7.0; rv:11.0) like Gecko"
80.120.148.242 - - [19/Aug/2020:08:29:49 +0200] "GET /reload?ser=1597818589058 HTTP/1.1" 200 28 "http://renault.activities.at/success" "Mozilla/5.0 (Windows NT 10.0; Win64; x64) AppleWebKit/537.36 (KHTML, like Gecko) Chrome/84.0.4147.125 Safari/537.36"
193.194.132.28 - - [19/Aug/2020:08:30:32 +0200] "GET /reload?ser=1597818632586 HTTP/1.1" 200 28 "http://renault.2web.at/account" "Mozilla/5.0 (Windows NT 10.0; Win64; x64) AppleWebKit/537.36 (KHTML, like Gecko) Chrome/84.0.4147.125 Safari/537.36"
88.116.10.164 - - [19/Aug/2020:08:30:37 +0200] "GET /reload?ser=1597818637480 HTTP/1.1" 200 28 "http://renault.activities.at/result?searchterm=true&search=cube" "Mozilla/5.0 (Windows NT 10.0; WOW64; Trident/7.0; rv:11.0) like Gecko"
80.120.148.242 - - [19/Aug/2020:08:30:50 +0200] "GET /reload?ser=1597818650058 HTTP/1.1" 200 28 "http://renault.activities.at/success" "Mozilla/5.0 (Windows NT 10.0; Win64; x64) AppleWebKit/537.36 (KHTML, like Gecko) Chrome/84.0.4147.125 Safari/537.36"
193.194.132.28 - - [19/Aug/2020:08:31:34 +0200] "GET /reload?ser=1597818694587 HTTP/1.1" 200 28 "http://renault.2web.at/account" "Mozilla/5.0 (Windows NT 10.0; Win64; x64) AppleWebKit/537.36 (KHTML, like Gecko) Chrome/84.0.4147.125 Safari/537.36"
88.116.10.164 - - [19/Aug/2020:08:31:38 +0200] "GET /reload?ser=1597818698442 HTTP/1.1" 200 28 "http://renault.activities.at/result?searchterm=true&search=cube" "Mozilla/5.0 (Windows NT 10.0; WOW64; Trident/7.0; rv:11.0) like Gecko"
80.120.148.242 - - [19/Aug/2020:08:31:51 +0200] "GET /reload?ser=1597818711058 HTTP/1.1" 200 28 "http://renault.activities.at/success" "Mozilla/5.0 (Windows NT 10.0; Win64; x64) AppleWebKit/537.36 (KHTML, like Gecko) Chrome/84.0.4147.125 Safari/537.36"
193.194.132.28 - - [19/Aug/2020:08:32:36 +0200] "GET /reload?ser=1597818756587 HTTP/1.1" 200 28 "http://renault.2web.at/account" "Mozilla/5.0 (Windows NT 10.0; Win64; x64) AppleWebKit/537.36 (KHTML, like Gecko) Chrome/84.0.4147.125 Safari/537.36"
88.116.10.164 - - [19/Aug/2020:08:32:39 +0200] "GET /reload?ser=1597818759450 HTTP/1.1" 200 28 "http://renault.activities.at/result?searchterm=true&search=cube" "Mozilla/5.0 (Windows NT 10.0; WOW64; Trident/7.0; rv:11.0) like Gecko"
80.120.148.242 - - [19/Aug/2020:08:32:52 +0200] "GET /reload?ser=1597818772058 HTTP/1.1" 200 28 "http://renault.activities.at/success" "Mozilla/5.0 (Windows NT 10.0; Win64; x64) AppleWebKit/537.36 (KHTML, like Gecko) Chrome/84.0.4147.125 Safari/537.36"
193.194.132.28 - - [19/Aug/2020:08:33:38 +0200] "GET /reload?ser=1597818818590 HTTP/1.1" 200 28 "http://renault.2web.at/account" "Mozilla/5.0 (Windows NT 10.0; Win64; x64) AppleWebKit/537.36 (KHTML, like Gecko) Chrome/84.0.4147.125 Safari/537.36"
88.116.10.164 - - [19/Aug/2020:08:33:40 +0200] "GET /reload?ser=1597818820445 HTTP/1.1" 200 28 "http://renault.activities.at/result?searchterm=true&search=cube" "Mozilla/5.0 (Windows NT 10.0; WOW64; Trident/7.0; rv:11.0) like Gecko"
80.120.148.242 - - [19/Aug/2020:08:33:53 +0200] "GET /reload?ser=1597818833058 HTTP/1.1" 200 28 "http://renault.activities.at/success" "Mozilla/5.0 (Windows NT 10.0; Win64; x64) AppleWebKit/537.36 (KHTML, like Gecko) Chrome/84.0.4147.125 Safari/537.36"
193.194.132.28 - - [19/Aug/2020:08:34:39 +0200] "GET /reload?ser=1597818879594 HTTP/1.1" 200 28 "http://renault.2web.at/account" "Mozilla/5.0 (Windows NT 10.0; Win64; x64) AppleWebKit/537.36 (KHTML, like Gecko) Chrome/84.0.4147.125 Safari/537.36"
88.116.10.164 - - [19/Aug/2020:08:34:41 +0200] "GET /reload?ser=1597818881442 HTTP/1.1" 200 28 "http://renault.activities.at/result?searchterm=true&search=cube" "Mozilla/5.0 (Windows NT 10.0; WOW64; Trident/7.0; rv:11.0) like Gecko"
80.120.148.242 - - [19/Aug/2020:08:34:54 +0200] "GET /reload?ser=1597818894058 HTTP/1.1" 200 28 "http://renault.activities.at/success" "Mozilla/5.0 (Windows NT 10.0; Win64; x64) AppleWebKit/537.36 (KHTML, like Gecko) Chrome/84.0.4147.125 Safari/537.36"
83.219.165.34 - - [19/Aug/2020:08:35:15 +0200] "GET / HTTP/1.1" 200 3273 "-" "Mozilla/5.0 (Windows NT 10.0; WOW64; Trident/7.0; rv:11.0) like Gecko"
83.219.165.34 - - [19/Aug/2020:08:35:16 +0200] "GET /js/default.js HTTP/1.1" 304 - "http://renault.activities.at/" "Mozilla/5.0 (Windows NT 10.0; WOW64; Trident/7.0; rv:11.0) like Gecko"
83.219.165.34 - - [19/Aug/2020:08:35:16 +0200] "GET /js/flashdetection.js HTTP/1.1" 304 - "http://renault.activities.at/" "Mozilla/5.0 (Windows NT 10.0; WOW64; Trident/7.0; rv:11.0) like Gecko"
83.219.165.34 - - [19/Aug/2020:08:35:16 +0200] "GET /css/reset.css HTTP/1.1" 304 - "http://renault.activities.at/" "Mozilla/5.0 (Windows NT 10.0; WOW64; Trident/7.0; rv:11.0) like Gecko"
83.219.165.34 - - [19/Aug/2020:08:35:16 +0200] "GET /css/styles.css HTTP/1.1" 304 - "http://renault.activities.at/" "Mozilla/5.0 (Windows NT 10.0; WOW64; Trident/7.0; rv:11.0) like Gecko"
83.219.165.34 - - [19/Aug/2020:08:35:16 +0200] "GET /css/clears.css HTTP/1.1" 304 - "http://renault.activities.at/" "Mozilla/5.0 (Windows NT 10.0; WOW64; Trident/7.0; rv:11.0) like Gecko"
83.219.165.34 - - [19/Aug/2020:08:35:16 +0200] "GET /css/print.css HTTP/1.1" 304 - "http://renault.activities.at/" "Mozilla/5.0 (Windows NT 10.0; WOW64; Trident/7.0; rv:11.0) like Gecko"
83.219.165.34 - - [19/Aug/2020:08:35:16 +0200] "GET /js/checkout.css HTTP/1.1" 304 - "http://renault.activities.at/" "Mozilla/5.0 (Windows NT 10.0; WOW64; Trident/7.0; rv:11.0) like Gecko"
83.219.165.34 - - [19/Aug/2020:08:35:16 +0200] "GET /css/prototip.css HTTP/1.1" 304 - "http://renault.activities.at/" "Mozilla/5.0 (Windows NT 10.0; WOW64; Trident/7.0; rv:11.0) like Gecko"
83.219.165.34 - - [19/Aug/2020:08:35:16 +0200] "GET /css/themes/default.css HTTP/1.1" 304 - "http://renault.activities.at/" "Mozilla/5.0 (Windows NT 10.0; WOW64; Trident/7.0; rv:11.0) like Gecko"
83.219.165.34 - - [19/Aug/2020:08:35:16 +0200] "GET /css/themes/alphacube.css HTTP/1.1" 304 - "http://renault.activities.at/" "Mozilla/5.0 (Windows NT 10.0; WOW64; Trident/7.0; rv:11.0) like Gecko"
83.219.165.34 - - [19/Aug/2020:08:35:16 +0200] "GET /images/main_block_border.gif HTTP/1.1" 304 - "http://renault.activities.at/" "Mozilla/5.0 (Windows NT 10.0; WOW64; Trident/7.0; rv:11.0) like Gecko"
83.219.165.34 - - [19/Aug/2020:08:35:16 +0200] "GET /images/main_block_corner_left_bot.gif HTTP/1.1" 304 - "http://renault.activities.at/" "Mozilla/5.0 (Windows NT 10.0; WOW64; Trident/7.0; rv:11.0) like Gecko"
83.219.165.34 - - [19/Aug/2020:08:35:16 +0200] "GET /images/main_block_corner_right_bot.gif HTTP/1.1" 304 - "http://renault.activities.at/" "Mozilla/5.0 (Windows NT 10.0; WOW64; Trident/7.0; rv:11.0) like Gecko"
83.219.165.34 - - [19/Aug/2020:08:35:16 +0200] "GET /images/header_block_border.gif HTTP/1.1" 304 - "http://renault.activities.at/" "Mozilla/5.0 (Windows NT 10.0; WOW64; Trident/7.0; rv:11.0) like Gecko"
83.219.165.34 - - [19/Aug/2020:08:35:16 +0200] "GET /images/header_block_corner_left_top.gif HTTP/1.1" 304 - "http://renault.activities.at/" "Mozilla/5.0 (Windows NT 10.0; WOW64; Trident/7.0; rv:11.0) like Gecko"
83.219.165.34 - - [19/Aug/2020:08:35:16 +0200] "GET /images/header_block_corner_right_top.gif HTTP/1.1" 304 - "http://renault.activities.at/" "Mozilla/5.0 (Windows NT 10.0; WOW64; Trident/7.0; rv:11.0) like Gecko"
83.219.165.34 - - [19/Aug/2020:08:35:16 +0200] "GET /images/main_block_corner_left_top.gif HTTP/1.1" 304 - "http://renault.activities.at/" "Mozilla/5.0 (Windows NT 10.0; WOW64; Trident/7.0; rv:11.0) like Gecko"
83.219.165.34 - - [19/Aug/2020:08:35:16 +0200] "GET /images/main_block_corner_right_top.gif HTTP/1.1" 304 - "http://renault.activities.at/" "Mozilla/5.0 (Windows NT 10.0; WOW64; Trident/7.0; rv:11.0) like Gecko"
83.219.165.34 - - [19/Aug/2020:08:35:16 +0200] "GET /images/title_border.jpg HTTP/1.1" 304 - "http://renault.activities.at/" "Mozilla/5.0 (Windows NT 10.0; WOW64; Trident/7.0; rv:11.0) like Gecko"
83.219.165.34 - - [19/Aug/2020:08:35:16 +0200] "GET /images/title_border_top.jpg HTTP/1.1" 304 - "http://renault.activities.at/" "Mozilla/5.0 (Windows NT 10.0; WOW64; Trident/7.0; rv:11.0) like Gecko"
83.219.165.34 - - [19/Aug/2020:08:35:16 +0200] "GET /images/title_corner_left_top.jpg HTTP/1.1" 304 - "http://renault.activities.at/" "Mozilla/5.0 (Windows NT 10.0; WOW64; Trident/7.0; rv:11.0) like Gecko"
83.219.165.34 - - [19/Aug/2020:08:35:16 +0200] "GET /images/title_corner_right_top.jpg HTTP/1.1" 304 - "http://renault.activities.at/" "Mozilla/5.0 (Windows NT 10.0; WOW64; Trident/7.0; rv:11.0) like Gecko"
83.219.165.34 - - [19/Aug/2020:08:35:19 +0200] "GET /login HTTP/1.1" 200 2085 "http://renault.activities.at/" "Mozilla/5.0 (Windows NT 10.0; WOW64; Trident/7.0; rv:11.0) like Gecko"
83.219.165.34 - - [19/Aug/2020:08:35:19 +0200] "GET /js/default.js HTTP/1.1" 304 - "http://renault.activities.at/login" "Mozilla/5.0 (Windows NT 10.0; WOW64; Trident/7.0; rv:11.0) like Gecko"
83.219.165.34 - - [19/Aug/2020:08:35:19 +0200] "GET /css/reset.css HTTP/1.1" 304 - "http://renault.activities.at/login" "Mozilla/5.0 (Windows NT 10.0; WOW64; Trident/7.0; rv:11.0) like Gecko"
83.219.165.34 - - [19/Aug/2020:08:35:19 +0200] "GET /css/styles.css HTTP/1.1" 304 - "http://renault.activities.at/login" "Mozilla/5.0 (Windows NT 10.0; WOW64; Trident/7.0; rv:11.0) like Gecko"
83.219.165.34 - - [19/Aug/2020:08:35:19 +0200] "GET /css/clears.css HTTP/1.1" 304 - "http://renault.activities.at/login" "Mozilla/5.0 (Windows NT 10.0; WOW64; Trident/7.0; rv:11.0) like Gecko"
83.219.165.34 - - [19/Aug/2020:08:35:19 +0200] "GET /css/print.css HTTP/1.1" 304 - "http://renault.activities.at/login" "Mozilla/5.0 (Windows NT 10.0; WOW64; Trident/7.0; rv:11.0) like Gecko"
83.219.165.34 - - [19/Aug/2020:08:35:19 +0200] "GET /js/checkout.css HTTP/1.1" 304 - "http://renault.activities.at/login" "Mozilla/5.0 (Windows NT 10.0; WOW64; Trident/7.0; rv:11.0) like Gecko"
83.219.165.34 - - [19/Aug/2020:08:35:19 +0200] "GET /css/prototip.css HTTP/1.1" 304 - "http://renault.activities.at/login" "Mozilla/5.0 (Windows NT 10.0; WOW64; Trident/7.0; rv:11.0) like Gecko"
83.219.165.34 - - [19/Aug/2020:08:35:19 +0200] "GET /css/themes/default.css HTTP/1.1" 304 - "http://renault.activities.at/login" "Mozilla/5.0 (Windows NT 10.0; WOW64; Trident/7.0; rv:11.0) like Gecko"
83.219.165.34 - - [19/Aug/2020:08:35:19 +0200] "GET /css/themes/alphacube.css HTTP/1.1" 304 - "http://renault.activities.at/login" "Mozilla/5.0 (Windows NT 10.0; WOW64; Trident/7.0; rv:11.0) like Gecko"
83.219.165.34 - - [19/Aug/2020:08:35:20 +0200] "GET /images/main_block_border.gif HTTP/1.1" 304 - "http://renault.activities.at/login" "Mozilla/5.0 (Windows NT 10.0; WOW64; Trident/7.0; rv:11.0) like Gecko"
83.219.165.34 - - [19/Aug/2020:08:35:20 +0200] "GET /images/main_block_corner_left_top.gif HTTP/1.1" 304 - "http://renault.activities.at/login" "Mozilla/5.0 (Windows NT 10.0; WOW64; Trident/7.0; rv:11.0) like Gecko"
83.219.165.34 - - [19/Aug/2020:08:35:20 +0200] "GET /images/main_block_corner_right_top.gif HTTP/1.1" 304 - "http://renault.activities.at/login" "Mozilla/5.0 (Windows NT 10.0; WOW64; Trident/7.0; rv:11.0) like Gecko"
83.219.165.34 - - [19/Aug/2020:08:35:20 +0200] "GET /images/main_block_corner_left_bot.gif HTTP/1.1" 304 - "http://renault.activities.at/login" "Mozilla/5.0 (Windows NT 10.0; WOW64; Trident/7.0; rv:11.0) like Gecko"
83.219.165.34 - - [19/Aug/2020:08:35:20 +0200] "GET /images/main_block_corner_right_bot.gif HTTP/1.1" 304 - "http://renault.activities.at/login" "Mozilla/5.0 (Windows NT 10.0; WOW64; Trident/7.0; rv:11.0) like Gecko"
83.219.165.34 - - [19/Aug/2020:08:35:20 +0200] "GET /images/header_block_border.gif HTTP/1.1" 304 - "http://renault.activities.at/login" "Mozilla/5.0 (Windows NT 10.0; WOW64; Trident/7.0; rv:11.0) like Gecko"
83.219.165.34 - - [19/Aug/2020:08:35:20 +0200] "GET /images/header_block_corner_left_top.gif HTTP/1.1" 304 - "http://renault.activities.at/login" "Mozilla/5.0 (Windows NT 10.0; WOW64; Trident/7.0; rv:11.0) like Gecko"
83.219.165.34 - - [19/Aug/2020:08:35:20 +0200] "GET /images/header_block_corner_right_top.gif HTTP/1.1" 304 - "http://renault.activities.at/login" "Mozilla/5.0 (Windows NT 10.0; WOW64; Trident/7.0; rv:11.0) like Gecko"
83.219.165.34 - - [19/Aug/2020:08:35:20 +0200] "GET /images/title_border.jpg HTTP/1.1" 304 - "http://renault.activities.at/login" "Mozilla/5.0 (Windows NT 10.0; WOW64; Trident/7.0; rv:11.0) like Gecko"
83.219.165.34 - - [19/Aug/2020:08:35:20 +0200] "GET /images/title_border_top.jpg HTTP/1.1" 304 - "http://renault.activities.at/login" "Mozilla/5.0 (Windows NT 10.0; WOW64; Trident/7.0; rv:11.0) like Gecko"
83.219.165.34 - - [19/Aug/2020:08:35:20 +0200] "GET /images/title_corner_left_top.jpg HTTP/1.1" 304 - "http://renault.activities.at/login" "Mozilla/5.0 (Windows NT 10.0; WOW64; Trident/7.0; rv:11.0) like Gecko"
83.219.165.34 - - [19/Aug/2020:08:35:20 +0200] "GET /images/title_corner_right_top.jpg HTTP/1.1" 304 - "http://renault.activities.at/login" "Mozilla/5.0 (Windows NT 10.0; WOW64; Trident/7.0; rv:11.0) like Gecko"
83.219.165.34 - - [19/Aug/2020:08:35:20 +0200] "GET /images/button_left_bg.gif HTTP/1.1" 304 - "http://renault.activities.at/login" "Mozilla/5.0 (Windows NT 10.0; WOW64; Trident/7.0; rv:11.0) like Gecko"
83.219.165.34 - - [19/Aug/2020:08:35:20 +0200] "GET /images/button_right_bg.gif HTTP/1.1" 304 - "http://renault.activities.at/login" "Mozilla/5.0 (Windows NT 10.0; WOW64; Trident/7.0; rv:11.0) like Gecko"
83.219.165.34 - - [19/Aug/2020:08:35:20 +0200] "GET /images/button_bg.gif HTTP/1.1" 304 - "http://renault.activities.at/login" "Mozilla/5.0 (Windows NT 10.0; WOW64; Trident/7.0; rv:11.0) like Gecko"
83.219.165.34 - - [19/Aug/2020:08:35:24 +0200] "POST /login HTTP/1.1" 302 140 "http://renault.activities.at/login" "Mozilla/5.0 (Windows NT 10.0; WOW64; Trident/7.0; rv:11.0) like Gecko"
83.219.165.34 - - [19/Aug/2020:08:35:30 +0200] "GET /js/default.js HTTP/1.1" 304 - "http://renault.activities.at/account" "Mozilla/5.0 (Windows NT 10.0; WOW64; Trident/7.0; rv:11.0) like Gecko"
83.219.165.34 - - [19/Aug/2020:08:35:30 +0200] "GET /css/reset.css HTTP/1.1" 304 - "http://renault.activities.at/account" "Mozilla/5.0 (Windows NT 10.0; WOW64; Trident/7.0; rv:11.0) like Gecko"
83.219.165.34 - - [19/Aug/2020:08:35:26 +0200] "GET /account HTTP/1.1" 200 6133 "http://renault.activities.at/login" "Mozilla/5.0 (Windows NT 10.0; WOW64; Trident/7.0; rv:11.0) like Gecko"
83.219.165.34 - - [19/Aug/2020:08:35:30 +0200] "GET /css/styles.css HTTP/1.1" 304 - "http://renault.activities.at/account" "Mozilla/5.0 (Windows NT 10.0; WOW64; Trident/7.0; rv:11.0) like Gecko"
83.219.165.34 - - [19/Aug/2020:08:35:30 +0200] "GET /css/clears.css HTTP/1.1" 304 - "http://renault.activities.at/account" "Mozilla/5.0 (Windows NT 10.0; WOW64; Trident/7.0; rv:11.0) like Gecko"
83.219.165.34 - - [19/Aug/2020:08:35:30 +0200] "GET /css/print.css HTTP/1.1" 304 - "http://renault.activities.at/account" "Mozilla/5.0 (Windows NT 10.0; WOW64; Trident/7.0; rv:11.0) like Gecko"
83.219.165.34 - - [19/Aug/2020:08:35:30 +0200] "GET /js/checkout.css HTTP/1.1" 304 - "http://renault.activities.at/account" "Mozilla/5.0 (Windows NT 10.0; WOW64; Trident/7.0; rv:11.0) like Gecko"
83.219.165.34 - - [19/Aug/2020:08:35:30 +0200] "GET /css/prototip.css HTTP/1.1" 304 - "http://renault.activities.at/account" "Mozilla/5.0 (Windows NT 10.0; WOW64; Trident/7.0; rv:11.0) like Gecko"
83.219.165.34 - - [19/Aug/2020:08:35:30 +0200] "GET /css/themes/default.css HTTP/1.1" 304 - "http://renault.activities.at/account" "Mozilla/5.0 (Windows NT 10.0; WOW64; Trident/7.0; rv:11.0) like Gecko"
83.219.165.34 - - [19/Aug/2020:08:35:30 +0200] "GET /css/themes/alphacube.css HTTP/1.1" 304 - "http://renault.activities.at/account" "Mozilla/5.0 (Windows NT 10.0; WOW64; Trident/7.0; rv:11.0) like Gecko"
83.219.165.34 - - [19/Aug/2020:08:35:30 +0200] "GET /js/account.js HTTP/1.1" 304 - "http://renault.activities.at/account" "Mozilla/5.0 (Windows NT 10.0; WOW64; Trident/7.0; rv:11.0) like Gecko"
83.219.165.34 - - [19/Aug/2020:08:35:30 +0200] "GET /images/header_block_corner_left_top.gif HTTP/1.1" 304 - "http://renault.activities.at/account" "Mozilla/5.0 (Windows NT 10.0; WOW64; Trident/7.0; rv:11.0) like Gecko"
83.219.165.34 - - [19/Aug/2020:08:35:30 +0200] "GET /images/main_block_border.gif HTTP/1.1" 304 - "http://renault.activities.at/account" "Mozilla/5.0 (Windows NT 10.0; WOW64; Trident/7.0; rv:11.0) like Gecko"
83.219.165.34 - - [19/Aug/2020:08:35:30 +0200] "GET /images/main_block_corner_left_top.gif HTTP/1.1" 304 - "http://renault.activities.at/account" "Mozilla/5.0 (Windows NT 10.0; WOW64; Trident/7.0; rv:11.0) like Gecko"
83.219.165.34 - - [19/Aug/2020:08:35:30 +0200] "GET /images/header_block_border.gif HTTP/1.1" 304 - "http://renault.activities.at/account" "Mozilla/5.0 (Windows NT 10.0; WOW64; Trident/7.0; rv:11.0) like Gecko"
83.219.165.34 - - [19/Aug/2020:08:35:30 +0200] "GET /images/header_block_corner_right_top.gif HTTP/1.1" 304 - "http://renault.activities.at/account" "Mozilla/5.0 (Windows NT 10.0; WOW64; Trident/7.0; rv:11.0) like Gecko"
83.219.165.34 - - [19/Aug/2020:08:35:30 +0200] "GET /images/search_bg.gif HTTP/1.1" 304 - "http://renault.activities.at/account" "Mozilla/5.0 (Windows NT 10.0; WOW64; Trident/7.0; rv:11.0) like Gecko"
83.219.165.34 - - [19/Aug/2020:08:35:30 +0200] "GET /images/main_block_corner_right_top.gif HTTP/1.1" 304 - "http://renault.activities.at/account" "Mozilla/5.0 (Windows NT 10.0; WOW64; Trident/7.0; rv:11.0) like Gecko"
83.219.165.34 - - [19/Aug/2020:08:35:30 +0200] "GET /images/main_block_corner_left_bot.gif HTTP/1.1" 304 - "http://renault.activities.at/account" "Mozilla/5.0 (Windows NT 10.0; WOW64; Trident/7.0; rv:11.0) like Gecko"
83.219.165.34 - - [19/Aug/2020:08:35:30 +0200] "GET /images/main_block_corner_right_bot.gif HTTP/1.1" 304 - "http://renault.activities.at/account" "Mozilla/5.0 (Windows NT 10.0; WOW64; Trident/7.0; rv:11.0) like Gecko"
83.219.165.34 - - [19/Aug/2020:08:35:30 +0200] "GET /images/top_links_divider.gif HTTP/1.1" 304 - "http://renault.activities.at/account" "Mozilla/5.0 (Windows NT 10.0; WOW64; Trident/7.0; rv:11.0) like Gecko"
83.219.165.34 - - [19/Aug/2020:08:35:30 +0200] "GET /images/menu_button_bg.jpg HTTP/1.1" 304 - "http://renault.activities.at/account" "Mozilla/5.0 (Windows NT 10.0; WOW64; Trident/7.0; rv:11.0) like Gecko"
