193.194.132.21 - - [21/Aug/2020:10:16:57 +0200] "GET /reload?ser=1597997816975 HTTP/1.1" 200 28 "http://renault.2web.at/account" "Mozilla/5.0 (Windows NT 10.0; Win64; x64) AppleWebKit/537.36 (KHTML, like Gecko) Chrome/84.0.4147.135 Safari/537.36"
80.120.210.179 - - [21/Aug/2020:10:17:50 +0200] "GET /reload?ser=1597998188342 HTTP/1.1" 200 28 "http://renault.activities.at/success" "Mozilla/5.0 (Windows NT 10.0; Win64; x64) AppleWebKit/537.36 (KHTML, like Gecko) Chrome/84.0.4147.135 Safari/537.36"
193.194.132.21 - - [21/Aug/2020:10:17:59 +0200] "GET /reload?ser=1597997878978 HTTP/1.1" 200 28 "http://renault.2web.at/account" "Mozilla/5.0 (Windows NT 10.0; Win64; x64) AppleWebKit/537.36 (KHTML, like Gecko) Chrome/84.0.4147.135 Safari/537.36"
80.120.210.179 - - [21/Aug/2020:10:18:52 +0200] "GET /reload?ser=1597998250344 HTTP/1.1" 200 28 "http://renault.activities.at/success" "Mozilla/5.0 (Windows NT 10.0; Win64; x64) AppleWebKit/537.36 (KHTML, like Gecko) Chrome/84.0.4147.135 Safari/537.36"
193.194.132.21 - - [21/Aug/2020:10:19:01 +0200] "GET /reload?ser=1597997940983 HTTP/1.1" 200 28 "http://renault.2web.at/account" "Mozilla/5.0 (Windows NT 10.0; Win64; x64) AppleWebKit/537.36 (KHTML, like Gecko) Chrome/84.0.4147.135 Safari/537.36"
80.120.210.179 - - [21/Aug/2020:10:19:54 +0200] "GET /reload?ser=1597998312345 HTTP/1.1" 200 28 "http://renault.activities.at/success" "Mozilla/5.0 (Windows NT 10.0; Win64; x64) AppleWebKit/537.36 (KHTML, like Gecko) Chrome/84.0.4147.135 Safari/537.36"
193.194.132.21 - - [21/Aug/2020:10:20:03 +0200] "GET /reload?ser=1597998002985 HTTP/1.1" 200 28 "http://renault.2web.at/account" "Mozilla/5.0 (Windows NT 10.0; Win64; x64) AppleWebKit/537.36 (KHTML, like Gecko) Chrome/84.0.4147.135 Safari/537.36"
80.120.210.179 - - [21/Aug/2020:10:20:56 +0200] "GET /reload?ser=1597998374346 HTTP/1.1" 200 28 "http://renault.activities.at/success" "Mozilla/5.0 (Windows NT 10.0; Win64; x64) AppleWebKit/537.36 (KHTML, like Gecko) Chrome/84.0.4147.135 Safari/537.36"
193.194.132.21 - - [21/Aug/2020:10:21:05 +0200] "GET /reload?ser=1597998064991 HTTP/1.1" 200 28 "http://renault.2web.at/account" "Mozilla/5.0 (Windows NT 10.0; Win64; x64) AppleWebKit/537.36 (KHTML, like Gecko) Chrome/84.0.4147.135 Safari/537.36"
80.120.210.179 - - [21/Aug/2020:10:21:58 +0200] "GET /reload?ser=1597998436346 HTTP/1.1" 200 28 "http://renault.activities.at/success" "Mozilla/5.0 (Windows NT 10.0; Win64; x64) AppleWebKit/537.36 (KHTML, like Gecko) Chrome/84.0.4147.135 Safari/537.36"
193.194.132.21 - - [21/Aug/2020:10:22:07 +0200] "GET /reload?ser=1597998126993 HTTP/1.1" 200 28 "http://renault.2web.at/account" "Mozilla/5.0 (Windows NT 10.0; Win64; x64) AppleWebKit/537.36 (KHTML, like Gecko) Chrome/84.0.4147.135 Safari/537.36"
80.120.210.179 - - [21/Aug/2020:10:23:00 +0200] "GET /reload?ser=1597998498347 HTTP/1.1" 200 28 "http://renault.activities.at/success" "Mozilla/5.0 (Windows NT 10.0; Win64; x64) AppleWebKit/537.36 (KHTML, like Gecko) Chrome/84.0.4147.135 Safari/537.36"
193.194.132.21 - - [21/Aug/2020:10:23:09 +0200] "GET /reload?ser=1597998188995 HTTP/1.1" 200 28 "http://renault.2web.at/account" "Mozilla/5.0 (Windows NT 10.0; Win64; x64) AppleWebKit/537.36 (KHTML, like Gecko) Chrome/84.0.4147.135 Safari/537.36"
80.120.210.179 - - [21/Aug/2020:10:24:02 +0200] "GET /reload?ser=1597998560347 HTTP/1.1" 200 28 "http://renault.activities.at/success" "Mozilla/5.0 (Windows NT 10.0; Win64; x64) AppleWebKit/537.36 (KHTML, like Gecko) Chrome/84.0.4147.135 Safari/537.36"
193.194.132.21 - - [21/Aug/2020:10:24:11 +0200] "GET /reload?ser=1597998250999 HTTP/1.1" 200 28 "http://renault.2web.at/account" "Mozilla/5.0 (Windows NT 10.0; Win64; x64) AppleWebKit/537.36 (KHTML, like Gecko) Chrome/84.0.4147.135 Safari/537.36"
80.120.210.179 - - [21/Aug/2020:10:25:04 +0200] "GET /reload?ser=1597998622348 HTTP/1.1" 200 28 "http://renault.activities.at/success" "Mozilla/5.0 (Windows NT 10.0; Win64; x64) AppleWebKit/537.36 (KHTML, like Gecko) Chrome/84.0.4147.135 Safari/537.36"
193.194.132.21 - - [21/Aug/2020:10:25:13 +0200] "GET /reload?ser=1597998312995 HTTP/1.1" 200 28 "http://renault.2web.at/account" "Mozilla/5.0 (Windows NT 10.0; Win64; x64) AppleWebKit/537.36 (KHTML, like Gecko) Chrome/84.0.4147.135 Safari/537.36"
80.120.210.179 - - [21/Aug/2020:10:26:06 +0200] "GET /reload?ser=1597998684349 HTTP/1.1" 200 28 "http://renault.activities.at/success" "Mozilla/5.0 (Windows NT 10.0; Win64; x64) AppleWebKit/537.36 (KHTML, like Gecko) Chrome/84.0.4147.135 Safari/537.36"
193.194.132.21 - - [21/Aug/2020:10:26:15 +0200] "GET /reload?ser=1597998374996 HTTP/1.1" 200 28 "http://renault.2web.at/account" "Mozilla/5.0 (Windows NT 10.0; Win64; x64) AppleWebKit/537.36 (KHTML, like Gecko) Chrome/84.0.4147.135 Safari/537.36"
80.120.210.179 - - [21/Aug/2020:10:27:08 +0200] "GET /reload?ser=1597998746350 HTTP/1.1" 200 28 "http://renault.activities.at/success" "Mozilla/5.0 (Windows NT 10.0; Win64; x64) AppleWebKit/537.36 (KHTML, like Gecko) Chrome/84.0.4147.135 Safari/537.36"
193.194.132.21 - - [21/Aug/2020:10:27:17 +0200] "GET /reload?ser=1597998436997 HTTP/1.1" 200 28 "http://renault.2web.at/account" "Mozilla/5.0 (Windows NT 10.0; Win64; x64) AppleWebKit/537.36 (KHTML, like Gecko) Chrome/84.0.4147.135 Safari/537.36"
80.120.210.179 - - [21/Aug/2020:10:28:10 +0200] "GET /reload?ser=1597998808352 HTTP/1.1" 200 28 "http://renault.activities.at/success" "Mozilla/5.0 (Windows NT 10.0; Win64; x64) AppleWebKit/537.36 (KHTML, like Gecko) Chrome/84.0.4147.135 Safari/537.36"
193.194.132.21 - - [21/Aug/2020:10:28:19 +0200] "GET /reload?ser=1597998498998 HTTP/1.1" 200 28 "http://renault.2web.at/account" "Mozilla/5.0 (Windows NT 10.0; Win64; x64) AppleWebKit/537.36 (KHTML, like Gecko) Chrome/84.0.4147.135 Safari/537.36"
80.120.210.179 - - [21/Aug/2020:10:29:12 +0200] "GET /reload?ser=1597998870353 HTTP/1.1" 200 28 "http://renault.activities.at/success" "Mozilla/5.0 (Windows NT 10.0; Win64; x64) AppleWebKit/537.36 (KHTML, like Gecko) Chrome/84.0.4147.135 Safari/537.36"
193.194.132.21 - - [21/Aug/2020:10:29:21 +0200] "GET /reload?ser=1597998561002 HTTP/1.1" 200 28 "http://renault.2web.at/account" "Mozilla/5.0 (Windows NT 10.0; Win64; x64) AppleWebKit/537.36 (KHTML, like Gecko) Chrome/84.0.4147.135 Safari/537.36"
207.46.13.167 - - [21/Aug/2020:10:29:54 +0200] "GET /10260003?dir=DESC&mode=grid&order=name&limit=15&page=3 HTTP/1.1" 200 6466 "-" "Mozilla/5.0 (compatible; bingbot/2.0; +http://www.bing.com/bingbot.htm)"
80.120.210.179 - - [21/Aug/2020:10:30:14 +0200] "GET /reload?ser=1597998932355 HTTP/1.1" 200 28 "http://renault.activities.at/success" "Mozilla/5.0 (Windows NT 10.0; Win64; x64) AppleWebKit/537.36 (KHTML, like Gecko) Chrome/84.0.4147.135 Safari/537.36"
193.194.132.21 - - [21/Aug/2020:10:30:23 +0200] "GET /reload?ser=1597998623006 HTTP/1.1" 200 28 "http://renault.2web.at/account" "Mozilla/5.0 (Windows NT 10.0; Win64; x64) AppleWebKit/537.36 (KHTML, like Gecko) Chrome/84.0.4147.135 Safari/537.36"
80.120.210.179 - - [21/Aug/2020:10:31:15 +0200] "GET /reload?ser=1597998993356 HTTP/1.1" 200 28 "http://renault.activities.at/success" "Mozilla/5.0 (Windows NT 10.0; Win64; x64) AppleWebKit/537.36 (KHTML, like Gecko) Chrome/84.0.4147.135 Safari/537.36"
193.194.132.21 - - [21/Aug/2020:10:31:25 +0200] "GET /reload?ser=1597998685001 HTTP/1.1" 200 28 "http://renault.2web.at/account" "Mozilla/5.0 (Windows NT 10.0; Win64; x64) AppleWebKit/537.36 (KHTML, like Gecko) Chrome/84.0.4147.135 Safari/537.36"
80.120.210.179 - - [21/Aug/2020:10:32:16 +0200] "GET /reload?ser=1597999054358 HTTP/1.1" 200 28 "http://renault.activities.at/success" "Mozilla/5.0 (Windows NT 10.0; Win64; x64) AppleWebKit/537.36 (KHTML, like Gecko) Chrome/84.0.4147.135 Safari/537.36"
193.194.132.21 - - [21/Aug/2020:10:32:27 +0200] "GET /reload?ser=1597998747001 HTTP/1.1" 200 28 "http://renault.2web.at/account" "Mozilla/5.0 (Windows NT 10.0; Win64; x64) AppleWebKit/537.36 (KHTML, like Gecko) Chrome/84.0.4147.135 Safari/537.36"
80.120.210.179 - - [21/Aug/2020:10:33:18 +0200] "GET /reload?ser=1597999116359 HTTP/1.1" 200 28 "http://renault.activities.at/success" "Mozilla/5.0 (Windows NT 10.0; Win64; x64) AppleWebKit/537.36 (KHTML, like Gecko) Chrome/84.0.4147.135 Safari/537.36"
193.194.132.21 - - [21/Aug/2020:10:33:29 +0200] "GET /reload?ser=1597998809001 HTTP/1.1" 200 28 "http://renault.2web.at/account" "Mozilla/5.0 (Windows NT 10.0; Win64; x64) AppleWebKit/537.36 (KHTML, like Gecko) Chrome/84.0.4147.135 Safari/537.36"
80.120.210.179 - - [21/Aug/2020:10:34:20 +0200] "GET /reload?ser=1597999178360 HTTP/1.1" 200 28 "http://renault.activities.at/success" "Mozilla/5.0 (Windows NT 10.0; Win64; x64) AppleWebKit/537.36 (KHTML, like Gecko) Chrome/84.0.4147.135 Safari/537.36"
193.194.132.21 - - [21/Aug/2020:10:34:31 +0200] "GET /reload?ser=1597998871001 HTTP/1.1" 200 28 "http://renault.2web.at/account" "Mozilla/5.0 (Windows NT 10.0; Win64; x64) AppleWebKit/537.36 (KHTML, like Gecko) Chrome/84.0.4147.135 Safari/537.36"
80.120.210.179 - - [21/Aug/2020:10:35:22 +0200] "GET /reload?ser=1597999240361 HTTP/1.1" 200 28 "http://renault.activities.at/success" "Mozilla/5.0 (Windows NT 10.0; Win64; x64) AppleWebKit/537.36 (KHTML, like Gecko) Chrome/84.0.4147.135 Safari/537.36"
193.194.132.21 - - [21/Aug/2020:10:35:33 +0200] "GET /reload?ser=1597998933003 HTTP/1.1" 200 28 "http://renault.2web.at/account" "Mozilla/5.0 (Windows NT 10.0; Win64; x64) AppleWebKit/537.36 (KHTML, like Gecko) Chrome/84.0.4147.135 Safari/537.36"
80.120.210.179 - - [21/Aug/2020:10:36:24 +0200] "GET /reload?ser=1597999302360 HTTP/1.1" 200 28 "http://renault.activities.at/success" "Mozilla/5.0 (Windows NT 10.0; Win64; x64) AppleWebKit/537.36 (KHTML, like Gecko) Chrome/84.0.4147.135 Safari/537.36"
193.194.132.21 - - [21/Aug/2020:10:36:35 +0200] "GET /reload?ser=1597998995009 HTTP/1.1" 200 28 "http://renault.2web.at/account" "Mozilla/5.0 (Windows NT 10.0; Win64; x64) AppleWebKit/537.36 (KHTML, like Gecko) Chrome/84.0.4147.135 Safari/537.36"
80.120.210.179 - - [21/Aug/2020:10:37:25 +0200] "GET /reload?ser=1597999363362 HTTP/1.1" 200 28 "http://renault.activities.at/success" "Mozilla/5.0 (Windows NT 10.0; Win64; x64) AppleWebKit/537.36 (KHTML, like Gecko) Chrome/84.0.4147.135 Safari/537.36"
193.194.132.21 - - [21/Aug/2020:10:37:37 +0200] "GET /reload?ser=1597999057002 HTTP/1.1" 200 28 "http://renault.2web.at/account" "Mozilla/5.0 (Windows NT 10.0; Win64; x64) AppleWebKit/537.36 (KHTML, like Gecko) Chrome/84.0.4147.135 Safari/537.36"
80.120.210.179 - - [21/Aug/2020:10:38:27 +0200] "GET /reload?ser=1597999425361 HTTP/1.1" 200 28 "http://renault.activities.at/success" "Mozilla/5.0 (Windows NT 10.0; Win64; x64) AppleWebKit/537.36 (KHTML, like Gecko) Chrome/84.0.4147.135 Safari/537.36"
193.194.132.21 - - [21/Aug/2020:10:38:39 +0200] "GET /reload?ser=1597999119005 HTTP/1.1" 200 28 "http://renault.2web.at/account" "Mozilla/5.0 (Windows NT 10.0; Win64; x64) AppleWebKit/537.36 (KHTML, like Gecko) Chrome/84.0.4147.135 Safari/537.36"
80.120.210.179 - - [21/Aug/2020:10:39:28 +0200] "GET /reload?ser=1597999486361 HTTP/1.1" 200 28 "http://renault.activities.at/success" "Mozilla/5.0 (Windows NT 10.0; Win64; x64) AppleWebKit/537.36 (KHTML, like Gecko) Chrome/84.0.4147.135 Safari/537.36"
193.194.132.21 - - [21/Aug/2020:10:39:41 +0200] "GET /reload?ser=1597999181004 HTTP/1.1" 200 28 "http://renault.2web.at/account" "Mozilla/5.0 (Windows NT 10.0; Win64; x64) AppleWebKit/537.36 (KHTML, like Gecko) Chrome/84.0.4147.135 Safari/537.36"
80.120.210.179 - - [21/Aug/2020:10:40:30 +0200] "GET /reload?ser=1597999548362 HTTP/1.1" 200 28 "http://renault.activities.at/success" "Mozilla/5.0 (Windows NT 10.0; Win64; x64) AppleWebKit/537.36 (KHTML, like Gecko) Chrome/84.0.4147.135 Safari/537.36"
193.194.132.21 - - [21/Aug/2020:10:40:43 +0200] "GET /reload?ser=1597999243002 HTTP/1.1" 200 28 "http://renault.2web.at/account" "Mozilla/5.0 (Windows NT 10.0; Win64; x64) AppleWebKit/537.36 (KHTML, like Gecko) Chrome/84.0.4147.135 Safari/537.36"
193.194.132.28 - - [21/Aug/2020:10:41:08 +0200] "GET / HTTP/1.1" 200 3273 "-" "Mozilla/5.0 (Windows NT 10.0; Win64; x64) AppleWebKit/537.36 (KHTML, like Gecko) Chrome/84.0.4147.135 Safari/537.36"
193.194.132.28 - - [21/Aug/2020:10:41:09 +0200] "GET /loadthumbnail.php?id=11127982 HTTP/1.1" 200 104694 "http://renault.activities.at/" "Mozilla/5.0 (Windows NT 10.0; Win64; x64) AppleWebKit/537.36 (KHTML, like Gecko) Chrome/84.0.4147.135 Safari/537.36"
193.194.132.28 - - [21/Aug/2020:10:41:09 +0200] "GET /images/favicon.ico HTTP/1.1" 404 305 "http://renault.activities.at/" "Mozilla/5.0 (Windows NT 10.0; Win64; x64) AppleWebKit/537.36 (KHTML, like Gecko) Chrome/84.0.4147.135 Safari/537.36"
193.194.132.28 - - [21/Aug/2020:10:41:16 +0200] "GET /login HTTP/1.1" 200 2085 "http://renault.activities.at/" "Mozilla/5.0 (Windows NT 10.0; Win64; x64) AppleWebKit/537.36 (KHTML, like Gecko) Chrome/84.0.4147.135 Safari/537.36"
193.194.132.28 - - [21/Aug/2020:10:41:27 +0200] "POST /login HTTP/1.1" 302 140 "http://renault.activities.at/login" "Mozilla/5.0 (Windows NT 10.0; Win64; x64) AppleWebKit/537.36 (KHTML, like Gecko) Chrome/84.0.4147.135 Safari/537.36"
80.120.210.179 - - [21/Aug/2020:10:41:32 +0200] "GET /reload?ser=1597999610363 HTTP/1.1" 200 28 "http://renault.activities.at/success" "Mozilla/5.0 (Windows NT 10.0; Win64; x64) AppleWebKit/537.36 (KHTML, like Gecko) Chrome/84.0.4147.135 Safari/537.36"
193.194.132.28 - - [21/Aug/2020:10:41:29 +0200] "GET /account HTTP/1.1" 200 8871 "http://renault.activities.at/login" "Mozilla/5.0 (Windows NT 10.0; Win64; x64) AppleWebKit/537.36 (KHTML, like Gecko) Chrome/84.0.4147.135 Safari/537.36"
193.194.132.28 - - [21/Aug/2020:10:41:30 +0200] "POST /login HTTP/1.1" 302 140 "http://renault.activities.at/login" "Mozilla/5.0 (Windows NT 10.0; Win64; x64) AppleWebKit/537.36 (KHTML, like Gecko) Chrome/84.0.4147.135 Safari/537.36"
193.194.132.28 - - [21/Aug/2020:10:41:35 +0200] "GET /account HTTP/1.1" 200 8871 "http://renault.activities.at/login" "Mozilla/5.0 (Windows NT 10.0; Win64; x64) AppleWebKit/537.36 (KHTML, like Gecko) Chrome/84.0.4147.135 Safari/537.36"
193.194.132.28 - - [21/Aug/2020:10:41:39 +0200] "GET /loadthumbnail.php?id=12029411&width=50&height=50 HTTP/1.1" 200 1054 "http://renault.activities.at/account" "Mozilla/5.0 (Windows NT 10.0; Win64; x64) AppleWebKit/537.36 (KHTML, like Gecko) Chrome/84.0.4147.135 Safari/537.36"
193.194.132.21 - - [21/Aug/2020:10:41:45 +0200] "GET /reload?ser=1597999305012 HTTP/1.1" 200 28 "http://renault.2web.at/account" "Mozilla/5.0 (Windows NT 10.0; Win64; x64) AppleWebKit/537.36 (KHTML, like Gecko) Chrome/84.0.4147.135 Safari/537.36"
193.194.132.28 - - [21/Aug/2020:10:41:46 +0200] "POST /axjaxrequest?mode=suggest HTTP/1.1" 200 21 "http://renault.activities.at/account" "Mozilla/5.0 (Windows NT 10.0; Win64; x64) AppleWebKit/537.36 (KHTML, like Gecko) Chrome/84.0.4147.135 Safari/537.36"
193.194.132.28 - - [21/Aug/2020:10:41:46 +0200] "POST /axjaxrequest?mode=suggest HTTP/1.1" 200 21 "http://renault.activities.at/account" "Mozilla/5.0 (Windows NT 10.0; Win64; x64) AppleWebKit/537.36 (KHTML, like Gecko) Chrome/84.0.4147.135 Safari/537.36"
193.194.132.28 - - [21/Aug/2020:10:41:47 +0200] "GET /result?searchterm=true&search=e-tech HTTP/1.1" 200 6863 "http://renault.activities.at/account" "Mozilla/5.0 (Windows NT 10.0; Win64; x64) AppleWebKit/537.36 (KHTML, like Gecko) Chrome/84.0.4147.135 Safari/537.36"
193.194.132.28 - - [21/Aug/2020:10:41:47 +0200] "POST /axjaxrequest?mode=suggest HTTP/1.1" 200 21 "http://renault.activities.at/account" "Mozilla/5.0 (Windows NT 10.0; Win64; x64) AppleWebKit/537.36 (KHTML, like Gecko) Chrome/84.0.4147.135 Safari/537.36"
193.194.132.28 - - [21/Aug/2020:10:41:49 +0200] "GET /result?searchterm=true&search=e-tech HTTP/1.1" 200 6863 "http://renault.activities.at/account" "Mozilla/5.0 (Windows NT 10.0; Win64; x64) AppleWebKit/537.36 (KHTML, like Gecko) Chrome/84.0.4147.135 Safari/537.36"
193.194.132.28 - - [21/Aug/2020:10:41:52 +0200] "GET /images/note_msg_icon.gif HTTP/1.1" 200 1022 "http://renault.activities.at/css/styles.css" "Mozilla/5.0 (Windows NT 10.0; Win64; x64) AppleWebKit/537.36 (KHTML, like Gecko) Chrome/84.0.4147.135 Safari/537.36"
193.194.132.28 - - [21/Aug/2020:10:41:59 +0200] "GET /result?searchterm=true&search=e-tech HTTP/1.1" 200 6863 "http://renault.activities.at/result?searchterm=true&search=e-tech" "Mozilla/5.0 (Windows NT 10.0; Win64; x64) AppleWebKit/537.36 (KHTML, like Gecko) Chrome/84.0.4147.135 Safari/537.36"
193.194.132.28 - - [21/Aug/2020:10:42:06 +0200] "GET /result?searchterm=true&search=tech HTTP/1.1" 200 9423 "http://renault.activities.at/result?searchterm=true&search=e-tech" "Mozilla/5.0 (Windows NT 10.0; Win64; x64) AppleWebKit/537.36 (KHTML, like Gecko) Chrome/84.0.4147.135 Safari/537.36"
193.194.132.28 - - [21/Aug/2020:10:42:09 +0200] "GET /loadthumbnail.php?id=10203255 HTTP/1.1" 200 137 "http://renault.activities.at/result?searchterm=true&search=tech" "Mozilla/5.0 (Windows NT 10.0; Win64; x64) AppleWebKit/537.36 (KHTML, like Gecko) Chrome/84.0.4147.135 Safari/537.36"
193.194.132.28 - - [21/Aug/2020:10:42:09 +0200] "GET /loadthumbnail.php?id=12255323&width=113 HTTP/1.1" 200 2018 "http://renault.activities.at/result?searchterm=true&search=tech" "Mozilla/5.0 (Windows NT 10.0; Win64; x64) AppleWebKit/537.36 (KHTML, like Gecko) Chrome/84.0.4147.135 Safari/537.36"
193.194.132.28 - - [21/Aug/2020:10:42:09 +0200] "GET /loadthumbnail.php?id=12255324&width=113 HTTP/1.1" 200 2018 "http://renault.activities.at/result?searchterm=true&search=tech" "Mozilla/5.0 (Windows NT 10.0; Win64; x64) AppleWebKit/537.36 (KHTML, like Gecko) Chrome/84.0.4147.135 Safari/537.36"
193.194.132.28 - - [21/Aug/2020:10:42:09 +0200] "GET /loadthumbnail.php?id=12255321&width=113 HTTP/1.1" 200 2018 "http://renault.activities.at/result?searchterm=true&search=tech" "Mozilla/5.0 (Windows NT 10.0; Win64; x64) AppleWebKit/537.36 (KHTML, like Gecko) Chrome/84.0.4147.135 Safari/537.36"
193.194.132.28 - - [21/Aug/2020:10:42:09 +0200] "GET /loadthumbnail.php?id=12255330&width=113 HTTP/1.1" 200 1827 "http://renault.activities.at/result?searchterm=true&search=tech" "Mozilla/5.0 (Windows NT 10.0; Win64; x64) AppleWebKit/537.36 (KHTML, like Gecko) Chrome/84.0.4147.135 Safari/537.36"
193.194.132.28 - - [21/Aug/2020:10:42:09 +0200] "GET /loadthumbnail.php?id=12255329&width=113 HTTP/1.1" 200 1827 "http://renault.activities.at/result?searchterm=true&search=tech" "Mozilla/5.0 (Windows NT 10.0; Win64; x64) AppleWebKit/537.36 (KHTML, like Gecko) Chrome/84.0.4147.135 Safari/537.36"
193.194.132.28 - - [21/Aug/2020:10:42:09 +0200] "GET /loadthumbnail.php?id=12255325&width=113 HTTP/1.1" 200 2186 "http://renault.activities.at/result?searchterm=true&search=tech" "Mozilla/5.0 (Windows NT 10.0; Win64; x64) AppleWebKit/537.36 (KHTML, like Gecko) Chrome/84.0.4147.135 Safari/537.36"
193.194.132.28 - - [21/Aug/2020:10:42:09 +0200] "GET /loadthumbnail.php?id=12255326&width=113 HTTP/1.1" 200 2186 "http://renault.activities.at/result?searchterm=true&search=tech" "Mozilla/5.0 (Windows NT 10.0; Win64; x64) AppleWebKit/537.36 (KHTML, like Gecko) Chrome/84.0.4147.135 Safari/537.36"
193.194.132.28 - - [21/Aug/2020:10:42:09 +0200] "GET /loadthumbnail.php?id=12255328&width=113 HTTP/1.1" 200 1827 "http://renault.activities.at/result?searchterm=true&search=tech" "Mozilla/5.0 (Windows NT 10.0; Win64; x64) AppleWebKit/537.36 (KHTML, like Gecko) Chrome/84.0.4147.135 Safari/537.36"
193.194.132.28 - - [21/Aug/2020:10:42:09 +0200] "GET /loadthumbnail.php?id=12255327&width=113 HTTP/1.1" 200 2186 "http://renault.activities.at/result?searchterm=true&search=tech" "Mozilla/5.0 (Windows NT 10.0; Win64; x64) AppleWebKit/537.36 (KHTML, like Gecko) Chrome/84.0.4147.135 Safari/537.36"
193.194.132.28 - - [21/Aug/2020:10:42:09 +0200] "GET /loadthumbnail.php?id=10203650&width=113 HTTP/1.1" 200 2741 "http://renault.activities.at/result?searchterm=true&search=tech" "Mozilla/5.0 (Windows NT 10.0; Win64; x64) AppleWebKit/537.36 (KHTML, like Gecko) Chrome/84.0.4147.135 Safari/537.36"
193.194.132.28 - - [21/Aug/2020:10:42:15 +0200] "GET /12255233?print=true HTTP/1.1" 200 2652 "http://renault.activities.at/result?searchterm=true&search=tech" "Mozilla/5.0 (Windows NT 10.0; Win64; x64) AppleWebKit/537.36 (KHTML, like Gecko) Chrome/84.0.4147.135 Safari/537.36"
193.194.132.28 - - [21/Aug/2020:10:42:19 +0200] "GET /loadthumbnail.php?id=12255330&width=250 HTTP/1.1" 200 5305 "http://renault.activities.at/12255233?print=true" "Mozilla/5.0 (Windows NT 10.0; Win64; x64) AppleWebKit/537.36 (KHTML, like Gecko) Chrome/84.0.4147.135 Safari/537.36"
193.194.132.28 - - [21/Aug/2020:10:42:19 +0200] "GET /loadthumbnail.php?id=12255330&width=900&height=900 HTTP/1.1" 200 32010 "http://renault.activities.at/12255233?print=true" "Mozilla/5.0 (Windows NT 10.0; Win64; x64) AppleWebKit/537.36 (KHTML, like Gecko) Chrome/84.0.4147.135 Safari/537.36"
80.120.210.179 - - [21/Aug/2020:10:42:34 +0200] "GET /reload?ser=1597999672363 HTTP/1.1" 200 28 "http://renault.activities.at/success" "Mozilla/5.0 (Windows NT 10.0; Win64; x64) AppleWebKit/537.36 (KHTML, like Gecko) Chrome/84.0.4147.135 Safari/537.36"
193.194.132.21 - - [21/Aug/2020:10:42:47 +0200] "GET /reload?ser=1597999367005 HTTP/1.1" 200 28 "http://renault.2web.at/account" "Mozilla/5.0 (Windows NT 10.0; Win64; x64) AppleWebKit/537.36 (KHTML, like Gecko) Chrome/84.0.4147.135 Safari/537.36"
80.120.210.179 - - [21/Aug/2020:10:43:36 +0200] "GET /reload?ser=1597999734365 HTTP/1.1" 200 28 "http://renault.activities.at/success" "Mozilla/5.0 (Windows NT 10.0; Win64; x64) AppleWebKit/537.36 (KHTML, like Gecko) Chrome/84.0.4147.135 Safari/537.36"
193.194.132.21 - - [21/Aug/2020:10:43:49 +0200] "GET /reload?ser=1597999429004 HTTP/1.1" 200 28 "http://renault.2web.at/account" "Mozilla/5.0 (Windows NT 10.0; Win64; x64) AppleWebKit/537.36 (KHTML, like Gecko) Chrome/84.0.4147.135 Safari/537.36"
80.120.210.179 - - [21/Aug/2020:10:44:38 +0200] "GET /reload?ser=1597999796368 HTTP/1.1" 200 28 "http://renault.activities.at/success" "Mozilla/5.0 (Windows NT 10.0; Win64; x64) AppleWebKit/537.36 (KHTML, like Gecko) Chrome/84.0.4147.135 Safari/537.36"
193.194.132.21 - - [21/Aug/2020:10:44:51 +0200] "GET /reload?ser=1597999491004 HTTP/1.1" 200 28 "http://renault.2web.at/account" "Mozilla/5.0 (Windows NT 10.0; Win64; x64) AppleWebKit/537.36 (KHTML, like Gecko) Chrome/84.0.4147.135 Safari/537.36"
80.120.210.179 - - [21/Aug/2020:10:45:40 +0200] "GET /reload?ser=1597999858373 HTTP/1.1" 200 28 "http://renault.activities.at/success" "Mozilla/5.0 (Windows NT 10.0; Win64; x64) AppleWebKit/537.36 (KHTML, like Gecko) Chrome/84.0.4147.135 Safari/537.36"
193.194.132.21 - - [21/Aug/2020:10:45:53 +0200] "GET /reload?ser=1597999553015 HTTP/1.1" 200 28 "http://renault.2web.at/account" "Mozilla/5.0 (Windows NT 10.0; Win64; x64) AppleWebKit/537.36 (KHTML, like Gecko) Chrome/84.0.4147.135 Safari/537.36"
80.120.210.179 - - [21/Aug/2020:10:46:42 +0200] "GET /reload?ser=1597999920378 HTTP/1.1" 200 28 "http://renault.activities.at/success" "Mozilla/5.0 (Windows NT 10.0; Win64; x64) AppleWebKit/537.36 (KHTML, like Gecko) Chrome/84.0.4147.135 Safari/537.36"
193.194.132.21 - - [21/Aug/2020:10:46:55 +0200] "GET /reload?ser=1597999615017 HTTP/1.1" 200 28 "http://renault.2web.at/account" "Mozilla/5.0 (Windows NT 10.0; Win64; x64) AppleWebKit/537.36 (KHTML, like Gecko) Chrome/84.0.4147.135 Safari/537.36"
80.120.210.179 - - [21/Aug/2020:10:47:44 +0200] "GET /reload?ser=1597999982381 HTTP/1.1" 200 28 "http://renault.activities.at/success" "Mozilla/5.0 (Windows NT 10.0; Win64; x64) AppleWebKit/537.36 (KHTML, like Gecko) Chrome/84.0.4147.135 Safari/537.36"
193.194.132.21 - - [21/Aug/2020:10:47:57 +0200] "GET /reload?ser=1597999677008 HTTP/1.1" 200 28 "http://renault.2web.at/account" "Mozilla/5.0 (Windows NT 10.0; Win64; x64) AppleWebKit/537.36 (KHTML, like Gecko) Chrome/84.0.4147.135 Safari/537.36"
80.120.210.179 - - [21/Aug/2020:10:48:46 +0200] "GET /reload?ser=1598000044382 HTTP/1.1" 200 28 "http://renault.activities.at/success" "Mozilla/5.0 (Windows NT 10.0; Win64; x64) AppleWebKit/537.36 (KHTML, like Gecko) Chrome/84.0.4147.135 Safari/537.36"
193.194.132.21 - - [21/Aug/2020:10:48:59 +0200] "GET /reload?ser=1597999739003 HTTP/1.1" 200 28 "http://renault.2web.at/account" "Mozilla/5.0 (Windows NT 10.0; Win64; x64) AppleWebKit/537.36 (KHTML, like Gecko) Chrome/84.0.4147.135 Safari/537.36"
80.120.210.179 - - [21/Aug/2020:10:49:48 +0200] "GET /reload?ser=1598000106385 HTTP/1.1" 200 28 "http://renault.activities.at/success" "Mozilla/5.0 (Windows NT 10.0; Win64; x64) AppleWebKit/537.36 (KHTML, like Gecko) Chrome/84.0.4147.135 Safari/537.36"
193.194.132.21 - - [21/Aug/2020:10:50:01 +0200] "GET /reload?ser=1597999801004 HTTP/1.1" 200 28 "http://renault.2web.at/account" "Mozilla/5.0 (Windows NT 10.0; Win64; x64) AppleWebKit/537.36 (KHTML, like Gecko) Chrome/84.0.4147.135 Safari/537.36"
80.120.210.179 - - [21/Aug/2020:10:50:50 +0200] "GET /reload?ser=1598000168386 HTTP/1.1" 200 28 "http://renault.activities.at/success" "Mozilla/5.0 (Windows NT 10.0; Win64; x64) AppleWebKit/537.36 (KHTML, like Gecko) Chrome/84.0.4147.135 Safari/537.36"
193.194.132.21 - - [21/Aug/2020:10:51:03 +0200] "GET /reload?ser=1597999863014 HTTP/1.1" 200 28 "http://renault.2web.at/account" "Mozilla/5.0 (Windows NT 10.0; Win64; x64) AppleWebKit/537.36 (KHTML, like Gecko) Chrome/84.0.4147.135 Safari/537.36"
80.120.210.179 - - [21/Aug/2020:10:51:52 +0200] "GET /reload?ser=1598000230387 HTTP/1.1" 200 28 "http://renault.activities.at/success" "Mozilla/5.0 (Windows NT 10.0; Win64; x64) AppleWebKit/537.36 (KHTML, like Gecko) Chrome/84.0.4147.135 Safari/537.36"
193.194.132.21 - - [21/Aug/2020:10:52:05 +0200] "GET /reload?ser=1597999925012 HTTP/1.1" 200 28 "http://renault.2web.at/account" "Mozilla/5.0 (Windows NT 10.0; Win64; x64) AppleWebKit/537.36 (KHTML, like Gecko) Chrome/84.0.4147.135 Safari/537.36"
80.120.210.179 - - [21/Aug/2020:10:52:54 +0200] "GET /reload?ser=1598000292389 HTTP/1.1" 200 28 "http://renault.activities.at/success" "Mozilla/5.0 (Windows NT 10.0; Win64; x64) AppleWebKit/537.36 (KHTML, like Gecko) Chrome/84.0.4147.135 Safari/537.36"
193.194.132.21 - - [21/Aug/2020:10:53:07 +0200] "GET /reload?ser=1597999987011 HTTP/1.1" 200 28 "http://renault.2web.at/account" "Mozilla/5.0 (Windows NT 10.0; Win64; x64) AppleWebKit/537.36 (KHTML, like Gecko) Chrome/84.0.4147.135 Safari/537.36"
80.120.210.179 - - [21/Aug/2020:10:53:56 +0200] "GET /reload?ser=1598000354390 HTTP/1.1" 200 28 "http://renault.activities.at/success" "Mozilla/5.0 (Windows NT 10.0; Win64; x64) AppleWebKit/537.36 (KHTML, like Gecko) Chrome/84.0.4147.135 Safari/537.36"
193.194.132.21 - - [21/Aug/2020:10:54:09 +0200] "GET /reload?ser=1598000049014 HTTP/1.1" 200 28 "http://renault.2web.at/account" "Mozilla/5.0 (Windows NT 10.0; Win64; x64) AppleWebKit/537.36 (KHTML, like Gecko) Chrome/84.0.4147.135 Safari/537.36"
80.120.210.179 - - [21/Aug/2020:10:54:57 +0200] "GET /reload?ser=1598000415390 HTTP/1.1" 200 28 "http://renault.activities.at/success" "Mozilla/5.0 (Windows NT 10.0; Win64; x64) AppleWebKit/537.36 (KHTML, like Gecko) Chrome/84.0.4147.135 Safari/537.36"
193.194.132.21 - - [21/Aug/2020:10:55:11 +0200] "GET /reload?ser=1598000111019 HTTP/1.1" 200 28 "http://renault.2web.at/account" "Mozilla/5.0 (Windows NT 10.0; Win64; x64) AppleWebKit/537.36 (KHTML, like Gecko) Chrome/84.0.4147.135 Safari/537.36"
80.120.210.179 - - [21/Aug/2020:10:55:59 +0200] "GET /reload?ser=1598000477392 HTTP/1.1" 200 28 "http://renault.activities.at/success" "Mozilla/5.0 (Windows NT 10.0; Win64; x64) AppleWebKit/537.36 (KHTML, like Gecko) Chrome/84.0.4147.135 Safari/537.36"
193.194.132.21 - - [21/Aug/2020:10:56:13 +0200] "GET /reload?ser=1598000173018 HTTP/1.1" 200 28 "http://renault.2web.at/account" "Mozilla/5.0 (Windows NT 10.0; Win64; x64) AppleWebKit/537.36 (KHTML, like Gecko) Chrome/84.0.4147.135 Safari/537.36"
80.120.210.179 - - [21/Aug/2020:10:57:00 +0200] "GET /reload?ser=1598000538392 HTTP/1.1" 200 28 "http://renault.activities.at/success" "Mozilla/5.0 (Windows NT 10.0; Win64; x64) AppleWebKit/537.36 (KHTML, like Gecko) Chrome/84.0.4147.135 Safari/537.36"
193.194.132.21 - - [21/Aug/2020:10:57:15 +0200] "GET /reload?ser=1598000235019 HTTP/1.1" 200 28 "http://renault.2web.at/account" "Mozilla/5.0 (Windows NT 10.0; Win64; x64) AppleWebKit/537.36 (KHTML, like Gecko) Chrome/84.0.4147.135 Safari/537.36"
80.120.210.179 - - [21/Aug/2020:10:58:01 +0200] "GET /reload?ser=1598000599393 HTTP/1.1" 200 28 "http://renault.activities.at/success" "Mozilla/5.0 (Windows NT 10.0; Win64; x64) AppleWebKit/537.36 (KHTML, like Gecko) Chrome/84.0.4147.135 Safari/537.36"
193.194.132.21 - - [21/Aug/2020:10:58:17 +0200] "GET /reload?ser=1598000297023 HTTP/1.1" 200 28 "http://renault.2web.at/account" "Mozilla/5.0 (Windows NT 10.0; Win64; x64) AppleWebKit/537.36 (KHTML, like Gecko) Chrome/84.0.4147.135 Safari/537.36"
80.120.210.179 - - [21/Aug/2020:10:59:03 +0200] "GET /reload?ser=1598000661393 HTTP/1.1" 200 28 "http://renault.activities.at/success" "Mozilla/5.0 (Windows NT 10.0; Win64; x64) AppleWebKit/537.36 (KHTML, like Gecko) Chrome/84.0.4147.135 Safari/537.36"
193.194.132.21 - - [21/Aug/2020:10:59:19 +0200] "GET /reload?ser=1598000359033 HTTP/1.1" 200 28 "http://renault.2web.at/account" "Mozilla/5.0 (Windows NT 10.0; Win64; x64) AppleWebKit/537.36 (KHTML, like Gecko) Chrome/84.0.4147.135 Safari/537.36"
80.120.210.179 - - [21/Aug/2020:11:00:04 +0200] "GET /reload?ser=1598000722394 HTTP/1.1" 200 28 "http://renault.activities.at/success" "Mozilla/5.0 (Windows NT 10.0; Win64; x64) AppleWebKit/537.36 (KHTML, like Gecko) Chrome/84.0.4147.135 Safari/537.36"
193.194.132.21 - - [21/Aug/2020:11:00:21 +0200] "GET /reload?ser=1598000421026 HTTP/1.1" 200 28 "http://renault.2web.at/account" "Mozilla/5.0 (Windows NT 10.0; Win64; x64) AppleWebKit/537.36 (KHTML, like Gecko) Chrome/84.0.4147.135 Safari/537.36"
80.120.210.179 - - [21/Aug/2020:11:01:06 +0200] "GET /reload?ser=1598000784393 HTTP/1.1" 200 28 "http://renault.activities.at/success" "Mozilla/5.0 (Windows NT 10.0; Win64; x64) AppleWebKit/537.36 (KHTML, like Gecko) Chrome/84.0.4147.135 Safari/537.36"
193.194.132.21 - - [21/Aug/2020:11:01:23 +0200] "GET /reload?ser=1598000483037 HTTP/1.1" 200 28 "http://renault.2web.at/account" "Mozilla/5.0 (Windows NT 10.0; Win64; x64) AppleWebKit/537.36 (KHTML, like Gecko) Chrome/84.0.4147.135 Safari/537.36"
80.120.210.179 - - [21/Aug/2020:11:02:08 +0200] "GET /reload?ser=1598000846394 HTTP/1.1" 200 28 "http://renault.activities.at/success" "Mozilla/5.0 (Windows NT 10.0; Win64; x64) AppleWebKit/537.36 (KHTML, like Gecko) Chrome/84.0.4147.135 Safari/537.36"
193.194.132.21 - - [21/Aug/2020:11:02:25 +0200] "GET /reload?ser=1598000545026 HTTP/1.1" 200 28 "http://renault.2web.at/account" "Mozilla/5.0 (Windows NT 10.0; Win64; x64) AppleWebKit/537.36 (KHTML, like Gecko) Chrome/84.0.4147.135 Safari/537.36"
80.120.210.179 - - [21/Aug/2020:11:03:10 +0200] "GET /reload?ser=1598000908394 HTTP/1.1" 200 28 "http://renault.activities.at/success" "Mozilla/5.0 (Windows NT 10.0; Win64; x64) AppleWebKit/537.36 (KHTML, like Gecko) Chrome/84.0.4147.135 Safari/537.36"
193.194.132.21 - - [21/Aug/2020:11:03:27 +0200] "GET /reload?ser=1598000607028 HTTP/1.1" 200 28 "http://renault.2web.at/account" "Mozilla/5.0 (Windows NT 10.0; Win64; x64) AppleWebKit/537.36 (KHTML, like Gecko) Chrome/84.0.4147.135 Safari/537.36"
80.120.210.179 - - [21/Aug/2020:11:04:11 +0200] "GET /reload?ser=1598000969395 HTTP/1.1" 200 28 "http://renault.activities.at/success" "Mozilla/5.0 (Windows NT 10.0; Win64; x64) AppleWebKit/537.36 (KHTML, like Gecko) Chrome/84.0.4147.135 Safari/537.36"
193.194.132.21 - - [21/Aug/2020:11:04:29 +0200] "GET /reload?ser=1598000669032 HTTP/1.1" 200 28 "http://renault.2web.at/account" "Mozilla/5.0 (Windows NT 10.0; Win64; x64) AppleWebKit/537.36 (KHTML, like Gecko) Chrome/84.0.4147.135 Safari/537.36"
80.120.210.179 - - [21/Aug/2020:11:05:12 +0200] "GET /reload?ser=1598001030395 HTTP/1.1" 200 28 "http://renault.activities.at/success" "Mozilla/5.0 (Windows NT 10.0; Win64; x64) AppleWebKit/537.36 (KHTML, like Gecko) Chrome/84.0.4147.135 Safari/537.36"
193.194.132.21 - - [21/Aug/2020:11:05:31 +0200] "GET /reload?ser=1598000731034 HTTP/1.1" 200 28 "http://renault.2web.at/account" "Mozilla/5.0 (Windows NT 10.0; Win64; x64) AppleWebKit/537.36 (KHTML, like Gecko) Chrome/84.0.4147.135 Safari/537.36"
80.120.210.179 - - [21/Aug/2020:11:06:14 +0200] "GET /reload?ser=1598001092396 HTTP/1.1" 200 28 "http://renault.activities.at/success" "Mozilla/5.0 (Windows NT 10.0; Win64; x64) AppleWebKit/537.36 (KHTML, like Gecko) Chrome/84.0.4147.135 Safari/537.36"
193.194.132.21 - - [21/Aug/2020:11:06:33 +0200] "GET /reload?ser=1598000793034 HTTP/1.1" 200 28 "http://renault.2web.at/account" "Mozilla/5.0 (Windows NT 10.0; Win64; x64) AppleWebKit/537.36 (KHTML, like Gecko) Chrome/84.0.4147.135 Safari/537.36"
80.120.210.179 - - [21/Aug/2020:11:07:16 +0200] "GET /reload?ser=1598001154396 HTTP/1.1" 200 28 "http://renault.activities.at/success" "Mozilla/5.0 (Windows NT 10.0; Win64; x64) AppleWebKit/537.36 (KHTML, like Gecko) Chrome/84.0.4147.135 Safari/537.36"
193.194.132.21 - - [21/Aug/2020:11:07:35 +0200] "GET /reload?ser=1598000855032 HTTP/1.1" 200 28 "http://renault.2web.at/account" "Mozilla/5.0 (Windows NT 10.0; Win64; x64) AppleWebKit/537.36 (KHTML, like Gecko) Chrome/84.0.4147.135 Safari/537.36"
80.120.210.179 - - [21/Aug/2020:11:08:17 +0200] "GET /reload?ser=1598001215395 HTTP/1.1" 200 28 "http://renault.activities.at/success" "Mozilla/5.0 (Windows NT 10.0; Win64; x64) AppleWebKit/537.36 (KHTML, like Gecko) Chrome/84.0.4147.135 Safari/537.36"
193.194.132.21 - - [21/Aug/2020:11:08:37 +0200] "GET /reload?ser=1598000917042 HTTP/1.1" 200 28 "http://renault.2web.at/account" "Mozilla/5.0 (Windows NT 10.0; Win64; x64) AppleWebKit/537.36 (KHTML, like Gecko) Chrome/84.0.4147.135 Safari/537.36"
80.120.210.179 - - [21/Aug/2020:11:09:19 +0200] "GET /reload?ser=1598001277396 HTTP/1.1" 200 28 "http://renault.activities.at/success" "Mozilla/5.0 (Windows NT 10.0; Win64; x64) AppleWebKit/537.36 (KHTML, like Gecko) Chrome/84.0.4147.135 Safari/537.36"
193.194.132.21 - - [21/Aug/2020:11:09:39 +0200] "GET /reload?ser=1598000979036 HTTP/1.1" 200 28 "http://renault.2web.at/account" "Mozilla/5.0 (Windows NT 10.0; Win64; x64) AppleWebKit/537.36 (KHTML, like Gecko) Chrome/84.0.4147.135 Safari/537.36"
80.120.210.179 - - [21/Aug/2020:11:10:20 +0200] "GET /reload?ser=1598001338396 HTTP/1.1" 200 28 "http://renault.activities.at/success" "Mozilla/5.0 (Windows NT 10.0; Win64; x64) AppleWebKit/537.36 (KHTML, like Gecko) Chrome/84.0.4147.135 Safari/537.36"
193.194.132.21 - - [21/Aug/2020:11:10:41 +0200] "GET /reload?ser=1598001041044 HTTP/1.1" 200 28 "http://renault.2web.at/account" "Mozilla/5.0 (Windows NT 10.0; Win64; x64) AppleWebKit/537.36 (KHTML, like Gecko) Chrome/84.0.4147.135 Safari/537.36"
80.120.210.179 - - [21/Aug/2020:11:11:21 +0200] "GET /reload?ser=1598001399396 HTTP/1.1" 200 28 "http://renault.activities.at/success" "Mozilla/5.0 (Windows NT 10.0; Win64; x64) AppleWebKit/537.36 (KHTML, like Gecko) Chrome/84.0.4147.135 Safari/537.36"
193.194.132.21 - - [21/Aug/2020:11:11:43 +0200] "GET /reload?ser=1598001103035 HTTP/1.1" 200 28 "http://renault.2web.at/account" "Mozilla/5.0 (Windows NT 10.0; Win64; x64) AppleWebKit/537.36 (KHTML, like Gecko) Chrome/84.0.4147.135 Safari/537.36"
80.120.210.179 - - [21/Aug/2020:11:12:23 +0200] "GET /reload?ser=1598001461396 HTTP/1.1" 200 28 "http://renault.activities.at/success" "Mozilla/5.0 (Windows NT 10.0; Win64; x64) AppleWebKit/537.36 (KHTML, like Gecko) Chrome/84.0.4147.135 Safari/537.36"
193.194.132.21 - - [21/Aug/2020:11:12:45 +0200] "GET /reload?ser=1598001165039 HTTP/1.1" 200 28 "http://renault.2web.at/account" "Mozilla/5.0 (Windows NT 10.0; Win64; x64) AppleWebKit/537.36 (KHTML, like Gecko) Chrome/84.0.4147.135 Safari/537.36"
80.120.210.179 - - [21/Aug/2020:11:13:24 +0200] "GET /reload?ser=1598001522396 HTTP/1.1" 200 28 "http://renault.activities.at/success" "Mozilla/5.0 (Windows NT 10.0; Win64; x64) AppleWebKit/537.36 (KHTML, like Gecko) Chrome/84.0.4147.135 Safari/537.36"
193.194.132.21 - - [21/Aug/2020:11:13:47 +0200] "GET /reload?ser=1598001227037 HTTP/1.1" 200 28 "http://renault.2web.at/account" "Mozilla/5.0 (Windows NT 10.0; Win64; x64) AppleWebKit/537.36 (KHTML, like Gecko) Chrome/84.0.4147.135 Safari/537.36"
80.120.210.179 - - [21/Aug/2020:11:14:26 +0200] "GET /reload?ser=1598001584397 HTTP/1.1" 200 28 "http://renault.activities.at/success" "Mozilla/5.0 (Windows NT 10.0; Win64; x64) AppleWebKit/537.36 (KHTML, like Gecko) Chrome/84.0.4147.135 Safari/537.36"
193.194.132.21 - - [21/Aug/2020:11:14:49 +0200] "GET /reload?ser=1598001289053 HTTP/1.1" 200 28 "http://renault.2web.at/account" "Mozilla/5.0 (Windows NT 10.0; Win64; x64) AppleWebKit/537.36 (KHTML, like Gecko) Chrome/84.0.4147.135 Safari/537.36"
80.120.210.179 - - [21/Aug/2020:11:15:27 +0200] "GET /reload?ser=1598001645397 HTTP/1.1" 200 28 "http://renault.activities.at/success" "Mozilla/5.0 (Windows NT 10.0; Win64; x64) AppleWebKit/537.36 (KHTML, like Gecko) Chrome/84.0.4147.135 Safari/537.36"
193.194.132.21 - - [21/Aug/2020:11:15:51 +0200] "GET /reload?ser=1598001351054 HTTP/1.1" 200 28 "http://renault.2web.at/account" "Mozilla/5.0 (Windows NT 10.0; Win64; x64) AppleWebKit/537.36 (KHTML, like Gecko) Chrome/84.0.4147.135 Safari/537.36"
80.120.210.179 - - [21/Aug/2020:11:16:29 +0200] "GET /reload?ser=1598001707397 HTTP/1.1" 200 28 "http://renault.activities.at/success" "Mozilla/5.0 (Windows NT 10.0; Win64; x64) AppleWebKit/537.36 (KHTML, like Gecko) Chrome/84.0.4147.135 Safari/537.36"
193.194.132.21 - - [21/Aug/2020:11:16:53 +0200] "GET /reload?ser=1598001413039 HTTP/1.1" 200 28 "http://renault.2web.at/account" "Mozilla/5.0 (Windows NT 10.0; Win64; x64) AppleWebKit/537.36 (KHTML, like Gecko) Chrome/84.0.4147.135 Safari/537.36"
80.120.210.179 - - [21/Aug/2020:11:17:31 +0200] "GET /reload?ser=1598001769397 HTTP/1.1" 200 28 "http://renault.activities.at/success" "Mozilla/5.0 (Windows NT 10.0; Win64; x64) AppleWebKit/537.36 (KHTML, like Gecko) Chrome/84.0.4147.135 Safari/537.36"
193.194.132.21 - - [21/Aug/2020:11:17:55 +0200] "GET /reload?ser=1598001475051 HTTP/1.1" 200 28 "http://renault.2web.at/account" "Mozilla/5.0 (Windows NT 10.0; Win64; x64) AppleWebKit/537.36 (KHTML, like Gecko) Chrome/84.0.4147.135 Safari/537.36"
80.120.210.179 - - [21/Aug/2020:11:18:33 +0200] "GET /reload?ser=1598001831400 HTTP/1.1" 200 28 "http://renault.activities.at/success" "Mozilla/5.0 (Windows NT 10.0; Win64; x64) AppleWebKit/537.36 (KHTML, like Gecko) Chrome/84.0.4147.135 Safari/537.36"
193.194.132.21 - - [21/Aug/2020:11:18:57 +0200] "GET /reload?ser=1598001537039 HTTP/1.1" 200 28 "http://renault.2web.at/account" "Mozilla/5.0 (Windows NT 10.0; Win64; x64) AppleWebKit/537.36 (KHTML, like Gecko) Chrome/84.0.4147.135 Safari/537.36"
80.120.210.179 - - [21/Aug/2020:11:19:35 +0200] "GET /reload?ser=1598001893404 HTTP/1.1" 200 28 "http://renault.activities.at/success" "Mozilla/5.0 (Windows NT 10.0; Win64; x64) AppleWebKit/537.36 (KHTML, like Gecko) Chrome/84.0.4147.135 Safari/537.36"
193.194.132.21 - - [21/Aug/2020:11:19:59 +0200] "GET /reload?ser=1598001599049 HTTP/1.1" 200 28 "http://renault.2web.at/account" "Mozilla/5.0 (Windows NT 10.0; Win64; x64) AppleWebKit/537.36 (KHTML, like Gecko) Chrome/84.0.4147.135 Safari/537.36"
80.120.210.179 - - [21/Aug/2020:11:20:37 +0200] "GET /reload?ser=1598001955406 HTTP/1.1" 200 28 "http://renault.activities.at/success" "Mozilla/5.0 (Windows NT 10.0; Win64; x64) AppleWebKit/537.36 (KHTML, like Gecko) Chrome/84.0.4147.135 Safari/537.36"
193.194.132.21 - - [21/Aug/2020:11:21:01 +0200] "GET /reload?ser=1598001661041 HTTP/1.1" 200 28 "http://renault.2web.at/account" "Mozilla/5.0 (Windows NT 10.0; Win64; x64) AppleWebKit/537.36 (KHTML, like Gecko) Chrome/84.0.4147.135 Safari/537.36"
80.120.210.179 - - [21/Aug/2020:11:21:39 +0200] "GET /reload?ser=1598002017411 HTTP/1.1" 200 28 "http://renault.activities.at/success" "Mozilla/5.0 (Windows NT 10.0; Win64; x64) AppleWebKit/537.36 (KHTML, like Gecko) Chrome/84.0.4147.135 Safari/537.36"
193.194.132.21 - - [21/Aug/2020:11:22:03 +0200] "GET /reload?ser=1598001723041 HTTP/1.1" 200 28 "http://renault.2web.at/account" "Mozilla/5.0 (Windows NT 10.0; Win64; x64) AppleWebKit/537.36 (KHTML, like Gecko) Chrome/84.0.4147.135 Safari/537.36"
80.120.210.179 - - [21/Aug/2020:11:22:41 +0200] "GET /reload?ser=1598002079413 HTTP/1.1" 200 28 "http://renault.activities.at/success" "Mozilla/5.0 (Windows NT 10.0; Win64; x64) AppleWebKit/537.36 (KHTML, like Gecko) Chrome/84.0.4147.135 Safari/537.36"
193.194.132.21 - - [21/Aug/2020:11:23:05 +0200] "GET /reload?ser=1598001785044 HTTP/1.1" 200 28 "http://renault.2web.at/account" "Mozilla/5.0 (Windows NT 10.0; Win64; x64) AppleWebKit/537.36 (KHTML, like Gecko) Chrome/84.0.4147.135 Safari/537.36"
80.120.210.179 - - [21/Aug/2020:11:23:43 +0200] "GET /reload?ser=1598002141415 HTTP/1.1" 200 28 "http://renault.activities.at/success" "Mozilla/5.0 (Windows NT 10.0; Win64; x64) AppleWebKit/537.36 (KHTML, like Gecko) Chrome/84.0.4147.135 Safari/537.36"
193.194.132.21 - - [21/Aug/2020:11:24:07 +0200] "GET /reload?ser=1598001847058 HTTP/1.1" 200 28 "http://renault.2web.at/account" "Mozilla/5.0 (Windows NT 10.0; Win64; x64) AppleWebKit/537.36 (KHTML, like Gecko) Chrome/84.0.4147.135 Safari/537.36"
80.120.210.179 - - [21/Aug/2020:11:24:45 +0200] "GET /reload?ser=1598002203417 HTTP/1.1" 200 28 "http://renault.activities.at/success" "Mozilla/5.0 (Windows NT 10.0; Win64; x64) AppleWebKit/537.36 (KHTML, like Gecko) Chrome/84.0.4147.135 Safari/537.36"
193.194.132.21 - - [21/Aug/2020:11:25:09 +0200] "GET /reload?ser=1598001909045 HTTP/1.1" 200 28 "http://renault.2web.at/account" "Mozilla/5.0 (Windows NT 10.0; Win64; x64) AppleWebKit/537.36 (KHTML, like Gecko) Chrome/84.0.4147.135 Safari/537.36"
80.120.210.179 - - [21/Aug/2020:11:25:47 +0200] "GET /reload?ser=1598002265419 HTTP/1.1" 200 28 "http://renault.activities.at/success" "Mozilla/5.0 (Windows NT 10.0; Win64; x64) AppleWebKit/537.36 (KHTML, like Gecko) Chrome/84.0.4147.135 Safari/537.36"
193.194.132.21 - - [21/Aug/2020:11:26:11 +0200] "GET /reload?ser=1598001971046 HTTP/1.1" 200 28 "http://renault.2web.at/account" "Mozilla/5.0 (Windows NT 10.0; Win64; x64) AppleWebKit/537.36 (KHTML, like Gecko) Chrome/84.0.4147.135 Safari/537.36"
80.120.210.179 - - [21/Aug/2020:11:26:48 +0200] "GET /reload?ser=1598002326421 HTTP/1.1" 200 28 "http://renault.activities.at/success" "Mozilla/5.0 (Windows NT 10.0; Win64; x64) AppleWebKit/537.36 (KHTML, like Gecko) Chrome/84.0.4147.135 Safari/537.36"
193.194.132.21 - - [21/Aug/2020:11:27:13 +0200] "GET /reload?ser=1598002033049 HTTP/1.1" 200 28 "http://renault.2web.at/account" "Mozilla/5.0 (Windows NT 10.0; Win64; x64) AppleWebKit/537.36 (KHTML, like Gecko) Chrome/84.0.4147.135 Safari/537.36"
80.120.210.179 - - [21/Aug/2020:11:27:50 +0200] "GET /reload?ser=1598002388424 HTTP/1.1" 200 28 "http://renault.activities.at/success" "Mozilla/5.0 (Windows NT 10.0; Win64; x64) AppleWebKit/537.36 (KHTML, like Gecko) Chrome/84.0.4147.135 Safari/537.36"
193.194.132.21 - - [21/Aug/2020:11:28:15 +0200] "GET /reload?ser=1598002095057 HTTP/1.1" 200 28 "http://renault.2web.at/account" "Mozilla/5.0 (Windows NT 10.0; Win64; x64) AppleWebKit/537.36 (KHTML, like Gecko) Chrome/84.0.4147.135 Safari/537.36"
80.120.210.179 - - [21/Aug/2020:11:28:52 +0200] "GET /reload?ser=1598002450425 HTTP/1.1" 200 28 "http://renault.activities.at/success" "Mozilla/5.0 (Windows NT 10.0; Win64; x64) AppleWebKit/537.36 (KHTML, like Gecko) Chrome/84.0.4147.135 Safari/537.36"
193.194.132.21 - - [21/Aug/2020:11:29:17 +0200] "GET /reload?ser=1598002157060 HTTP/1.1" 200 28 "http://renault.2web.at/account" "Mozilla/5.0 (Windows NT 10.0; Win64; x64) AppleWebKit/537.36 (KHTML, like Gecko) Chrome/84.0.4147.135 Safari/537.36"
80.120.210.179 - - [21/Aug/2020:11:29:54 +0200] "GET /reload?ser=1598002512427 HTTP/1.1" 200 28 "http://renault.activities.at/success" "Mozilla/5.0 (Windows NT 10.0; Win64; x64) AppleWebKit/537.36 (KHTML, like Gecko) Chrome/84.0.4147.135 Safari/537.36"
193.194.132.21 - - [21/Aug/2020:11:30:19 +0200] "GET /reload?ser=1598002219053 HTTP/1.1" 200 28 "http://renault.2web.at/account" "Mozilla/5.0 (Windows NT 10.0; Win64; x64) AppleWebKit/537.36 (KHTML, like Gecko) Chrome/84.0.4147.135 Safari/537.36"
80.120.210.179 - - [21/Aug/2020:11:30:55 +0200] "GET /reload?ser=1598002573427 HTTP/1.1" 200 28 "http://renault.activities.at/success" "Mozilla/5.0 (Windows NT 10.0; Win64; x64) AppleWebKit/537.36 (KHTML, like Gecko) Chrome/84.0.4147.135 Safari/537.36"
193.194.132.21 - - [21/Aug/2020:11:31:21 +0200] "GET /reload?ser=1598002281063 HTTP/1.1" 200 28 "http://renault.2web.at/account" "Mozilla/5.0 (Windows NT 10.0; Win64; x64) AppleWebKit/537.36 (KHTML, like Gecko) Chrome/84.0.4147.135 Safari/537.36"
80.120.210.179 - - [21/Aug/2020:11:31:57 +0200] "GET /reload?ser=1598002635430 HTTP/1.1" 200 28 "http://renault.activities.at/success" "Mozilla/5.0 (Windows NT 10.0; Win64; x64) AppleWebKit/537.36 (KHTML, like Gecko) Chrome/84.0.4147.135 Safari/537.36"
193.194.132.21 - - [21/Aug/2020:11:32:23 +0200] "GET /reload?ser=1598002343056 HTTP/1.1" 200 28 "http://renault.2web.at/account" "Mozilla/5.0 (Windows NT 10.0; Win64; x64) AppleWebKit/537.36 (KHTML, like Gecko) Chrome/84.0.4147.135 Safari/537.36"
80.120.210.179 - - [21/Aug/2020:11:32:59 +0200] "GET /reload?ser=1598002697430 HTTP/1.1" 200 28 "http://renault.activities.at/success" "Mozilla/5.0 (Windows NT 10.0; Win64; x64) AppleWebKit/537.36 (KHTML, like Gecko) Chrome/84.0.4147.135 Safari/537.36"
193.194.132.21 - - [21/Aug/2020:11:33:25 +0200] "GET /reload?ser=1598002405057 HTTP/1.1" 200 28 "http://renault.2web.at/account" "Mozilla/5.0 (Windows NT 10.0; Win64; x64) AppleWebKit/537.36 (KHTML, like Gecko) Chrome/84.0.4147.135 Safari/537.36"
80.120.210.179 - - [21/Aug/2020:11:34:01 +0200] "GET /reload?ser=1598002759432 HTTP/1.1" 200 28 "http://renault.activities.at/success" "Mozilla/5.0 (Windows NT 10.0; Win64; x64) AppleWebKit/537.36 (KHTML, like Gecko) Chrome/84.0.4147.135 Safari/537.36"
193.194.132.21 - - [21/Aug/2020:11:34:27 +0200] "GET /reload?ser=1598002467059 HTTP/1.1" 200 28 "http://renault.2web.at/account" "Mozilla/5.0 (Windows NT 10.0; Win64; x64) AppleWebKit/537.36 (KHTML, like Gecko) Chrome/84.0.4147.135 Safari/537.36"
80.120.210.179 - - [21/Aug/2020:11:35:03 +0200] "GET /reload?ser=1598002821433 HTTP/1.1" 200 28 "http://renault.activities.at/success" "Mozilla/5.0 (Windows NT 10.0; Win64; x64) AppleWebKit/537.36 (KHTML, like Gecko) Chrome/84.0.4147.135 Safari/537.36"
193.194.132.21 - - [21/Aug/2020:11:35:30 +0200] "GET /reload?ser=1598002529060 HTTP/1.1" 200 28 "http://renault.2web.at/account" "Mozilla/5.0 (Windows NT 10.0; Win64; x64) AppleWebKit/537.36 (KHTML, like Gecko) Chrome/84.0.4147.135 Safari/537.36"
80.120.210.179 - - [21/Aug/2020:11:36:05 +0200] "GET /reload?ser=1598002883435 HTTP/1.1" 200 28 "http://renault.activities.at/success" "Mozilla/5.0 (Windows NT 10.0; Win64; x64) AppleWebKit/537.36 (KHTML, like Gecko) Chrome/84.0.4147.135 Safari/537.36"
193.194.132.21 - - [21/Aug/2020:11:36:31 +0200] "GET /reload?ser=1598002591067 HTTP/1.1" 200 28 "http://renault.2web.at/account" "Mozilla/5.0 (Windows NT 10.0; Win64; x64) AppleWebKit/537.36 (KHTML, like Gecko) Chrome/84.0.4147.135 Safari/537.36"
80.120.210.179 - - [21/Aug/2020:11:37:07 +0200] "GET /reload?ser=1598002945435 HTTP/1.1" 200 28 "http://renault.activities.at/success" "Mozilla/5.0 (Windows NT 10.0; Win64; x64) AppleWebKit/537.36 (KHTML, like Gecko) Chrome/84.0.4147.135 Safari/537.36"
193.194.132.21 - - [21/Aug/2020:11:37:33 +0200] "GET /reload?ser=1598002653066 HTTP/1.1" 200 28 "http://renault.2web.at/account" "Mozilla/5.0 (Windows NT 10.0; Win64; x64) AppleWebKit/537.36 (KHTML, like Gecko) Chrome/84.0.4147.135 Safari/537.36"
80.120.210.179 - - [21/Aug/2020:11:38:08 +0200] "GET /reload?ser=1598003006436 HTTP/1.1" 200 28 "http://renault.activities.at/success" "Mozilla/5.0 (Windows NT 10.0; Win64; x64) AppleWebKit/537.36 (KHTML, like Gecko) Chrome/84.0.4147.135 Safari/537.36"
193.194.132.21 - - [21/Aug/2020:11:38:35 +0200] "GET /reload?ser=1598002715065 HTTP/1.1" 200 28 "http://renault.2web.at/account" "Mozilla/5.0 (Windows NT 10.0; Win64; x64) AppleWebKit/537.36 (KHTML, like Gecko) Chrome/84.0.4147.135 Safari/537.36"
80.120.210.179 - - [21/Aug/2020:11:39:10 +0200] "GET /reload?ser=1598003068437 HTTP/1.1" 200 28 "http://renault.activities.at/success" "Mozilla/5.0 (Windows NT 10.0; Win64; x64) AppleWebKit/537.36 (KHTML, like Gecko) Chrome/84.0.4147.135 Safari/537.36"
193.194.132.21 - - [21/Aug/2020:11:39:37 +0200] "GET /reload?ser=1598002777064 HTTP/1.1" 200 28 "http://renault.2web.at/account" "Mozilla/5.0 (Windows NT 10.0; Win64; x64) AppleWebKit/537.36 (KHTML, like Gecko) Chrome/84.0.4147.135 Safari/537.36"
80.120.210.179 - - [21/Aug/2020:11:40:11 +0200] "GET /reload?ser=1598003129438 HTTP/1.1" 200 28 "http://renault.activities.at/success" "Mozilla/5.0 (Windows NT 10.0; Win64; x64) AppleWebKit/537.36 (KHTML, like Gecko) Chrome/84.0.4147.135 Safari/537.36"
193.194.132.21 - - [21/Aug/2020:11:40:39 +0200] "GET /reload?ser=1598002839066 HTTP/1.1" 200 28 "http://renault.2web.at/account" "Mozilla/5.0 (Windows NT 10.0; Win64; x64) AppleWebKit/537.36 (KHTML, like Gecko) Chrome/84.0.4147.135 Safari/537.36"
80.120.210.179 - - [21/Aug/2020:11:41:13 +0200] "GET /reload?ser=1598003191439 HTTP/1.1" 200 28 "http://renault.activities.at/success" "Mozilla/5.0 (Windows NT 10.0; Win64; x64) AppleWebKit/537.36 (KHTML, like Gecko) Chrome/84.0.4147.135 Safari/537.36"
193.194.132.21 - - [21/Aug/2020:11:41:41 +0200] "GET /reload?ser=1598002901065 HTTP/1.1" 200 28 "http://renault.2web.at/account" "Mozilla/5.0 (Windows NT 10.0; Win64; x64) AppleWebKit/537.36 (KHTML, like Gecko) Chrome/84.0.4147.135 Safari/537.36"
