217.13.176.185 - - [25/Aug/2020:15:04:19 +0200] "GET /images/header_block_border.gif HTTP/1.1" 304 - "http://renault.activities.at/" "Mozilla/5.0 (Windows NT 6.1; Trident/7.0; rv:11.0) like Gecko"
217.13.176.185 - - [25/Aug/2020:15:04:19 +0200] "GET /images/main_block_corner_left_top.gif HTTP/1.1" 304 - "http://renault.activities.at/" "Mozilla/5.0 (Windows NT 6.1; Trident/7.0; rv:11.0) like Gecko"
217.13.176.185 - - [25/Aug/2020:15:04:18 +0200] "GET /loadthumbnail.php?id=11127982 HTTP/1.1" 200 399614 "http://renault.activities.at/" "Mozilla/5.0 (Windows NT 6.1; Trident/7.0; rv:11.0) like Gecko"
217.13.176.185 - - [25/Aug/2020:15:04:29 +0200] "GET /login HTTP/1.1" 200 2085 "http://renault.activities.at/" "Mozilla/5.0 (Windows NT 6.1; Trident/7.0; rv:11.0) like Gecko"
217.13.176.185 - - [25/Aug/2020:15:04:30 +0200] "GET /js/index.php?c=auto&f=,prototype/prototype.js,prototype/validation.js,scriptaculous/builder.js,scriptaculous/effects.js,scriptaculous/dragdrop.js,scriptaculous/controls.js,scriptaculous/slider.js,varien/js.js,varien/form.js,varien/menu.js,mage/translate.js,mage/cookies.js,varien/product.js,spinner/SpinnerControl.jsmin.js,prototype/window.js,prototype/window_ext.js HTTP/1.1" 304 - "http://renault.activities.at/login" "Mozilla/5.0 (Windows NT 6.1; Trident/7.0; rv:11.0) like Gecko"
217.13.176.185 - - [25/Aug/2020:15:04:30 +0200] "GET /images/button_left_bg.gif HTTP/1.1" 304 - "http://renault.activities.at/login" "Mozilla/5.0 (Windows NT 6.1; Trident/7.0; rv:11.0) like Gecko"
217.13.176.185 - - [25/Aug/2020:15:04:30 +0200] "GET /images/button_right_bg.gif HTTP/1.1" 304 - "http://renault.activities.at/login" "Mozilla/5.0 (Windows NT 6.1; Trident/7.0; rv:11.0) like Gecko"
217.13.176.185 - - [25/Aug/2020:15:04:30 +0200] "GET /images/button_bg.gif HTTP/1.1" 304 - "http://renault.activities.at/login" "Mozilla/5.0 (Windows NT 6.1; Trident/7.0; rv:11.0) like Gecko"
217.13.176.185 - - [25/Aug/2020:15:04:30 +0200] "GET /images/favicon.ico HTTP/1.1" 404 305 "-" "Mozilla/5.0 (Windows NT 6.1; Trident/7.0; rv:11.0) like Gecko"
217.13.176.185 - - [25/Aug/2020:15:04:30 +0200] "GET /favicon.ico HTTP/1.1" 200 3250 "-" "Mozilla/5.0 (Windows NT 6.1; Trident/7.0; rv:11.0) like Gecko"
80.120.5.131 - - [25/Aug/2020:15:04:51 +0200] "GET /reload?ser=1598360691320 HTTP/1.1" 200 28 "http://renault.activities.at/result?searchterm=true&search=Poster" "Mozilla/5.0 (Windows NT 10.0; Win64; x64) AppleWebKit/537.36 (KHTML, like Gecko) Chrome/84.0.4147.135 Safari/537.36"
217.13.176.185 - - [25/Aug/2020:15:04:58 +0200] "POST /login HTTP/1.1" 302 140 "http://renault.activities.at/login" "Mozilla/5.0 (Windows NT 6.1; Trident/7.0; rv:11.0) like Gecko"
217.13.176.185 - - [25/Aug/2020:15:05:00 +0200] "GET /account HTTP/1.1" 200 6320 "http://renault.activities.at/login" "Mozilla/5.0 (Windows NT 6.1; Trident/7.0; rv:11.0) like Gecko"
217.13.176.185 - - [25/Aug/2020:15:05:03 +0200] "GET /js/index.php?c=auto&f=,prototype/prototype.js,prototype/validation.js,scriptaculous/builder.js,scriptaculous/effects.js,scriptaculous/dragdrop.js,scriptaculous/controls.js,scriptaculous/slider.js,varien/js.js,varien/form.js,varien/menu.js,mage/translate.js,mage/cookies.js,varien/product.js,spinner/SpinnerControl.jsmin.js,prototype/window.js,prototype/window_ext.js HTTP/1.1" 304 - "http://renault.activities.at/account" "Mozilla/5.0 (Windows NT 6.1; Trident/7.0; rv:11.0) like Gecko"
217.13.176.185 - - [25/Aug/2020:15:05:03 +0200] "GET /js/account.js HTTP/1.1" 304 - "http://renault.activities.at/account" "Mozilla/5.0 (Windows NT 6.1; Trident/7.0; rv:11.0) like Gecko"
217.13.176.185 - - [25/Aug/2020:15:05:03 +0200] "GET /images/search_bg.gif HTTP/1.1" 304 - "http://renault.activities.at/account" "Mozilla/5.0 (Windows NT 6.1; Trident/7.0; rv:11.0) like Gecko"
217.13.176.185 - - [25/Aug/2020:15:05:03 +0200] "GET /loadthumbnail.php?id=12230318&width=50&height=50 HTTP/1.1" 200 1011 "http://renault.activities.at/account" "Mozilla/5.0 (Windows NT 6.1; Trident/7.0; rv:11.0) like Gecko"
217.13.176.185 - - [25/Aug/2020:15:05:03 +0200] "GET /loadthumbnail.php?id=12130660&width=50&height=50 HTTP/1.1" 200 2258 "http://renault.activities.at/account" "Mozilla/5.0 (Windows NT 6.1; Trident/7.0; rv:11.0) like Gecko"
217.13.176.185 - - [25/Aug/2020:15:05:03 +0200] "GET /images/menu_button_bg.jpg HTTP/1.1" 304 - "http://renault.activities.at/account" "Mozilla/5.0 (Windows NT 6.1; Trident/7.0; rv:11.0) like Gecko"
217.13.176.185 - - [25/Aug/2020:15:05:03 +0200] "GET /loadthumbnail.php?id=11146700&width=50&height=50 HTTP/1.1" 200 717 "http://renault.activities.at/account" "Mozilla/5.0 (Windows NT 6.1; Trident/7.0; rv:11.0) like Gecko"
217.13.176.185 - - [25/Aug/2020:15:05:03 +0200] "GET /loadthumbnail.php?id=11075492&width=50&height=50 HTTP/1.1" 200 1114 "http://renault.activities.at/account" "Mozilla/5.0 (Windows NT 6.1; Trident/7.0; rv:11.0) like Gecko"
217.13.176.185 - - [25/Aug/2020:15:05:03 +0200] "GET /loadthumbnail.php?id=12094749&width=50&height=50 HTTP/1.1" 200 3578 "http://renault.activities.at/account" "Mozilla/5.0 (Windows NT 6.1; Trident/7.0; rv:11.0) like Gecko"
217.13.176.185 - - [25/Aug/2020:15:05:03 +0200] "GET /loadthumbnail.php?id=12208774&width=50&height=50 HTTP/1.1" 200 1168 "http://renault.activities.at/account" "Mozilla/5.0 (Windows NT 6.1; Trident/7.0; rv:11.0) like Gecko"
217.13.176.185 - - [25/Aug/2020:15:05:04 +0200] "GET /images/sidebar_title_border_top.gif HTTP/1.1" 304 - "http://renault.activities.at/account" "Mozilla/5.0 (Windows NT 6.1; Trident/7.0; rv:11.0) like Gecko"
217.13.176.185 - - [25/Aug/2020:15:05:04 +0200] "GET /images/sidebar_title_corner_left_top.gif HTTP/1.1" 304 - "http://renault.activities.at/account" "Mozilla/5.0 (Windows NT 6.1; Trident/7.0; rv:11.0) like Gecko"
217.13.176.185 - - [25/Aug/2020:15:05:04 +0200] "GET /images/sidebar_title_corner_right_top.gif HTTP/1.1" 304 - "http://renault.activities.at/account" "Mozilla/5.0 (Windows NT 6.1; Trident/7.0; rv:11.0) like Gecko"
217.13.176.185 - - [25/Aug/2020:15:05:04 +0200] "GET /images/nav_divider.gif HTTP/1.1" 304 - "http://renault.activities.at/account" "Mozilla/5.0 (Windows NT 6.1; Trident/7.0; rv:11.0) like Gecko"
217.13.176.185 - - [25/Aug/2020:15:05:04 +0200] "GET /images/top_links_divider.gif HTTP/1.1" 304 - "http://renault.activities.at/account" "Mozilla/5.0 (Windows NT 6.1; Trident/7.0; rv:11.0) like Gecko"
217.13.176.185 - - [25/Aug/2020:15:05:04 +0200] "GET /images/menu_divider.gif HTTP/1.1" 304 - "http://renault.activities.at/account" "Mozilla/5.0 (Windows NT 6.1; Trident/7.0; rv:11.0) like Gecko"
217.13.176.185 - - [25/Aug/2020:15:05:04 +0200] "GET /images/sidebar_title_border.gif HTTP/1.1" 304 - "http://renault.activities.at/account" "Mozilla/5.0 (Windows NT 6.1; Trident/7.0; rv:11.0) like Gecko"
217.13.176.185 - - [25/Aug/2020:15:05:04 +0200] "GET /images/footer_divider.gif HTTP/1.1" 304 - "http://renault.activities.at/account" "Mozilla/5.0 (Windows NT 6.1; Trident/7.0; rv:11.0) like Gecko"
217.13.176.185 - - [25/Aug/2020:15:05:04 +0200] "GET /favicon.ico HTTP/1.1" 304 - "-" "Mozilla/5.0 (Windows NT 6.1; Trident/7.0; rv:11.0) like Gecko"
80.120.210.179 - - [25/Aug/2020:15:05:08 +0200] "GET /reload?ser=1598361034135 HTTP/1.1" 200 28 "http://renault.activities.at/success" "Mozilla/5.0 (Windows NT 10.0; Win64; x64) AppleWebKit/537.36 (KHTML, like Gecko) Chrome/84.0.4147.135 Safari/537.36"
217.13.176.185 - - [25/Aug/2020:15:05:22 +0200] "POST /axjaxrequest?mode=suggest HTTP/1.1" 200 265 "http://renault.activities.at/account" "Mozilla/5.0 (Windows NT 6.1; Trident/7.0; rv:11.0) like Gecko"
217.13.176.185 - - [25/Aug/2020:15:05:22 +0200] "POST /axjaxrequest?mode=suggest HTTP/1.1" 200 185 "http://renault.activities.at/account" "Mozilla/5.0 (Windows NT 6.1; Trident/7.0; rv:11.0) like Gecko"
217.13.176.185 - - [25/Aug/2020:15:05:23 +0200] "POST /axjaxrequest?mode=suggest HTTP/1.1" 200 185 "http://renault.activities.at/account" "Mozilla/5.0 (Windows NT 6.1; Trident/7.0; rv:11.0) like Gecko"
217.13.176.185 - - [25/Aug/2020:15:05:26 +0200] "POST /axjaxrequest?mode=suggest HTTP/1.1" 200 21 "http://renault.activities.at/account" "Mozilla/5.0 (Windows NT 6.1; Trident/7.0; rv:11.0) like Gecko"
217.13.176.185 - - [25/Aug/2020:15:05:28 +0200] "GET /result?searchterm=true&search=servic+hefte+dacia HTTP/1.1" 200 6223 "http://renault.activities.at/account" "Mozilla/5.0 (Windows NT 6.1; Trident/7.0; rv:11.0) like Gecko"
217.13.176.185 - - [25/Aug/2020:15:05:30 +0200] "GET /js/index.php?c=auto&f=,prototype/prototype.js,prototype/validation.js,scriptaculous/builder.js,scriptaculous/effects.js,scriptaculous/dragdrop.js,scriptaculous/controls.js,scriptaculous/slider.js,varien/js.js,varien/form.js,varien/menu.js,mage/translate.js,mage/cookies.js,varien/product.js,spinner/SpinnerControl.jsmin.js,prototype/window.js,prototype/window_ext.js HTTP/1.1" 304 - "http://renault.activities.at/result?searchterm=true&search=servic+hefte+dacia" "Mozilla/5.0 (Windows NT 6.1; Trident/7.0; rv:11.0) like Gecko"
217.13.176.185 - - [25/Aug/2020:15:05:30 +0200] "GET /js/prototip.js HTTP/1.1" 304 - "http://renault.activities.at/result?searchterm=true&search=servic+hefte+dacia" "Mozilla/5.0 (Windows NT 6.1; Trident/7.0; rv:11.0) like Gecko"
217.13.176.185 - - [25/Aug/2020:15:05:30 +0200] "GET /js/ProduktGrp.js HTTP/1.1" 304 - "http://renault.activities.at/result?searchterm=true&search=servic+hefte+dacia" "Mozilla/5.0 (Windows NT 6.1; Trident/7.0; rv:11.0) like Gecko"
217.13.176.185 - - [25/Aug/2020:15:05:30 +0200] "GET /images/loading.gif HTTP/1.1" 304 - "http://renault.activities.at/result?searchterm=true&search=servic+hefte+dacia" "Mozilla/5.0 (Windows NT 6.1; Trident/7.0; rv:11.0) like Gecko"
217.13.176.185 - - [25/Aug/2020:15:05:30 +0200] "GET /images/pager_bg.gif HTTP/1.1" 304 - "http://renault.activities.at/result?searchterm=true&search=servic+hefte+dacia" "Mozilla/5.0 (Windows NT 6.1; Trident/7.0; rv:11.0) like Gecko"
217.13.176.185 - - [25/Aug/2020:15:05:30 +0200] "GET /images/vista-dn.gif HTTP/1.1" 304 - "http://renault.activities.at/result?searchterm=true&search=servic+hefte+dacia" "Mozilla/5.0 (Windows NT 6.1; Trident/7.0; rv:11.0) like Gecko"
217.13.176.185 - - [25/Aug/2020:15:05:30 +0200] "GET /images/validation_advice_bg.gif HTTP/1.1" 304 - "http://renault.activities.at/result?searchterm=true&search=servic+hefte+dacia" "Mozilla/5.0 (Windows NT 6.1; Trident/7.0; rv:11.0) like Gecko"
217.13.176.185 - - [25/Aug/2020:15:05:30 +0200] "GET /images/vista-up.gif HTTP/1.1" 304 - "http://renault.activities.at/result?searchterm=true&search=servic+hefte+dacia" "Mozilla/5.0 (Windows NT 6.1; Trident/7.0; rv:11.0) like Gecko"
217.13.176.185 - - [25/Aug/2020:15:05:30 +0200] "GET /loadthumbnail.php?id=10203255 HTTP/1.1" 200 137 "http://renault.activities.at/result?searchterm=true&search=servic+hefte+dacia" "Mozilla/5.0 (Windows NT 6.1; Trident/7.0; rv:11.0) like Gecko"
217.13.176.185 - - [25/Aug/2020:15:05:30 +0200] "GET /loadthumbnail.php?id=12230577&width=113 HTTP/1.1" 200 1374 "http://renault.activities.at/result?searchterm=true&search=servic+hefte+dacia" "Mozilla/5.0 (Windows NT 6.1; Trident/7.0; rv:11.0) like Gecko"
217.13.176.185 - - [25/Aug/2020:15:05:34 +0200] "GET /images/vista-dn-hover.gif HTTP/1.1" 304 - "http://renault.activities.at/result?searchterm=true&search=servic+hefte+dacia" "Mozilla/5.0 (Windows NT 6.1; Trident/7.0; rv:11.0) like Gecko"
217.13.176.185 - - [25/Aug/2020:15:05:34 +0200] "GET /images/vista-up-hover.gif HTTP/1.1" 304 - "http://renault.activities.at/result?searchterm=true&search=servic+hefte+dacia" "Mozilla/5.0 (Windows NT 6.1; Trident/7.0; rv:11.0) like Gecko"
217.13.176.185 - - [25/Aug/2020:15:05:47 +0200] "POST /result?searchterm=true&search=servic+hefte+dacia HTTP/1.1" 200 6422 "http://renault.activities.at/result?searchterm=true&search=servic+hefte+dacia" "Mozilla/5.0 (Windows NT 6.1; Trident/7.0; rv:11.0) like Gecko"
217.13.176.185 - - [25/Aug/2020:15:05:49 +0200] "GET /js/index.php?c=auto&f=,prototype/prototype.js,prototype/validation.js,scriptaculous/builder.js,scriptaculous/effects.js,scriptaculous/dragdrop.js,scriptaculous/controls.js,scriptaculous/slider.js,varien/js.js,varien/form.js,varien/menu.js,mage/translate.js,mage/cookies.js,varien/product.js,spinner/SpinnerControl.jsmin.js,prototype/window.js,prototype/window_ext.js HTTP/1.1" 304 - "http://renault.activities.at/result?searchterm=true&search=servic+hefte+dacia" "Mozilla/5.0 (Windows NT 6.1; Trident/7.0; rv:11.0) like Gecko"
217.13.176.185 - - [25/Aug/2020:15:05:50 +0200] "GET /images/success_msg_icon.gif HTTP/1.1" 304 - "http://renault.activities.at/result?searchterm=true&search=servic+hefte+dacia" "Mozilla/5.0 (Windows NT 6.1; Trident/7.0; rv:11.0) like Gecko"
80.120.5.131 - - [25/Aug/2020:15:05:52 +0200] "GET /reload?ser=1598360752267 HTTP/1.1" 200 28 "http://renault.activities.at/result?searchterm=true&search=Poster" "Mozilla/5.0 (Windows NT 10.0; Win64; x64) AppleWebKit/537.36 (KHTML, like Gecko) Chrome/84.0.4147.135 Safari/537.36"
217.13.176.185 - - [25/Aug/2020:15:05:57 +0200] "POST /axjaxrequest?mode=suggest HTTP/1.1" 200 21 "http://renault.activities.at/result?searchterm=true&search=servic+hefte+dacia" "Mozilla/5.0 (Windows NT 6.1; Trident/7.0; rv:11.0) like Gecko"
217.13.176.185 - - [25/Aug/2020:15:05:58 +0200] "POST /axjaxrequest?mode=suggest HTTP/1.1" 200 21 "http://renault.activities.at/result?searchterm=true&search=servic+hefte+dacia" "Mozilla/5.0 (Windows NT 6.1; Trident/7.0; rv:11.0) like Gecko"
217.13.176.185 - - [25/Aug/2020:15:05:59 +0200] "GET /result?searchterm=true&search=servic+hefte+mappen HTTP/1.1" 200 5043 "http://renault.activities.at/result?searchterm=true&search=servic+hefte+dacia" "Mozilla/5.0 (Windows NT 6.1; Trident/7.0; rv:11.0) like Gecko"
217.13.176.185 - - [25/Aug/2020:15:06:01 +0200] "GET /js/index.php?c=auto&f=,prototype/prototype.js,prototype/validation.js,scriptaculous/builder.js,scriptaculous/effects.js,scriptaculous/dragdrop.js,scriptaculous/controls.js,scriptaculous/slider.js,varien/js.js,varien/form.js,varien/menu.js,mage/translate.js,mage/cookies.js,varien/product.js,spinner/SpinnerControl.jsmin.js,prototype/window.js,prototype/window_ext.js HTTP/1.1" 304 - "http://renault.activities.at/result?searchterm=true&search=servic+hefte+mappen" "Mozilla/5.0 (Windows NT 6.1; Trident/7.0; rv:11.0) like Gecko"
217.13.176.185 - - [25/Aug/2020:15:06:01 +0200] "GET /images/note_msg_icon.gif HTTP/1.1" 304 - "http://renault.activities.at/result?searchterm=true&search=servic+hefte+mappen" "Mozilla/5.0 (Windows NT 6.1; Trident/7.0; rv:11.0) like Gecko"
80.120.210.179 - - [25/Aug/2020:15:06:09 +0200] "GET /reload?ser=1598361095135 HTTP/1.1" 200 28 "http://renault.activities.at/success" "Mozilla/5.0 (Windows NT 10.0; Win64; x64) AppleWebKit/537.36 (KHTML, like Gecko) Chrome/84.0.4147.135 Safari/537.36"
217.13.176.185 - - [25/Aug/2020:15:06:26 +0200] "POST /axjaxrequest?mode=suggest HTTP/1.1" 200 21 "http://renault.activities.at/result?searchterm=true&search=servic+hefte+mappen" "Mozilla/5.0 (Windows NT 6.1; Trident/7.0; rv:11.0) like Gecko"
217.13.176.185 - - [25/Aug/2020:15:06:27 +0200] "POST /axjaxrequest?mode=suggest HTTP/1.1" 200 21 "http://renault.activities.at/result?searchterm=true&search=servic+hefte+mappen" "Mozilla/5.0 (Windows NT 6.1; Trident/7.0; rv:11.0) like Gecko"
217.13.176.185 - - [25/Aug/2020:15:06:28 +0200] "GET /result?searchterm=true&search=dacia+garantiemappen HTTP/1.1" 200 5045 "http://renault.activities.at/result?searchterm=true&search=servic+hefte+mappen" "Mozilla/5.0 (Windows NT 6.1; Trident/7.0; rv:11.0) like Gecko"
217.13.176.185 - - [25/Aug/2020:15:06:30 +0200] "GET /js/index.php?c=auto&f=,prototype/prototype.js,prototype/validation.js,scriptaculous/builder.js,scriptaculous/effects.js,scriptaculous/dragdrop.js,scriptaculous/controls.js,scriptaculous/slider.js,varien/js.js,varien/form.js,varien/menu.js,mage/translate.js,mage/cookies.js,varien/product.js,spinner/SpinnerControl.jsmin.js,prototype/window.js,prototype/window_ext.js HTTP/1.1" 304 - "http://renault.activities.at/result?searchterm=true&search=dacia+garantiemappen" "Mozilla/5.0 (Windows NT 6.1; Trident/7.0; rv:11.0) like Gecko"
217.13.176.185 - - [25/Aug/2020:15:06:44 +0200] "GET /10260250 HTTP/1.1" 200 9314 "http://renault.activities.at/result?searchterm=true&search=dacia+garantiemappen" "Mozilla/5.0 (Windows NT 6.1; Trident/7.0; rv:11.0) like Gecko"
217.13.176.185 - - [25/Aug/2020:15:06:49 +0200] "GET /js/index.php?c=auto&f=,prototype/prototype.js,prototype/validation.js,scriptaculous/builder.js,scriptaculous/effects.js,scriptaculous/dragdrop.js,scriptaculous/controls.js,scriptaculous/slider.js,varien/js.js,varien/form.js,varien/menu.js,mage/translate.js,mage/cookies.js,varien/product.js,spinner/SpinnerControl.jsmin.js,prototype/window.js,prototype/window_ext.js HTTP/1.1" 304 - "http://renault.activities.at/10260250" "Mozilla/5.0 (Windows NT 6.1; Trident/7.0; rv:11.0) like Gecko"
217.13.176.185 - - [25/Aug/2020:15:06:49 +0200] "GET /loadthumbnail.php?id=10203276 HTTP/1.1" 200 75 "http://renault.activities.at/10260250" "Mozilla/5.0 (Windows NT 6.1; Trident/7.0; rv:11.0) like Gecko"
217.13.176.185 - - [25/Aug/2020:15:06:49 +0200] "GET /loadthumbnail.php?id=12138224&width=113 HTTP/1.1" 200 3427 "http://renault.activities.at/10260250" "Mozilla/5.0 (Windows NT 6.1; Trident/7.0; rv:11.0) like Gecko"
217.13.176.185 - - [25/Aug/2020:15:06:49 +0200] "GET /loadthumbnail.php?id=11976076&width=113 HTTP/1.1" 200 17152 "http://renault.activities.at/10260250" "Mozilla/5.0 (Windows NT 6.1; Trident/7.0; rv:11.0) like Gecko"
217.13.176.185 - - [25/Aug/2020:15:06:49 +0200] "GET /loadthumbnail.php?id=12115542&width=113 HTTP/1.1" 200 6084 "http://renault.activities.at/10260250" "Mozilla/5.0 (Windows NT 6.1; Trident/7.0; rv:11.0) like Gecko"
217.13.176.185 - - [25/Aug/2020:15:06:49 +0200] "GET /loadthumbnail.php?id=12122446&width=113 HTTP/1.1" 200 3706 "http://renault.activities.at/10260250" "Mozilla/5.0 (Windows NT 6.1; Trident/7.0; rv:11.0) like Gecko"
217.13.176.185 - - [25/Aug/2020:15:06:49 +0200] "GET /loadthumbnail.php?id=12037190&width=113 HTTP/1.1" 200 19857 "http://renault.activities.at/10260250" "Mozilla/5.0 (Windows NT 6.1; Trident/7.0; rv:11.0) like Gecko"
217.13.176.185 - - [25/Aug/2020:15:06:49 +0200] "GET /loadthumbnail.php?id=12047627&width=113 HTTP/1.1" 200 3640 "http://renault.activities.at/10260250" "Mozilla/5.0 (Windows NT 6.1; Trident/7.0; rv:11.0) like Gecko"
217.13.176.185 - - [25/Aug/2020:15:06:49 +0200] "GET /loadthumbnail.php?id=11793250&width=113 HTTP/1.1" 200 23647 "http://renault.activities.at/10260250" "Mozilla/5.0 (Windows NT 6.1; Trident/7.0; rv:11.0) like Gecko"
217.13.176.185 - - [25/Aug/2020:15:06:49 +0200] "GET /loadthumbnail.php?id=11976088&width=113 HTTP/1.1" 200 23388 "http://renault.activities.at/10260250" "Mozilla/5.0 (Windows NT 6.1; Trident/7.0; rv:11.0) like Gecko"
217.13.176.185 - - [25/Aug/2020:15:06:49 +0200] "GET /loadthumbnail.php?id=11564187&width=113 HTTP/1.1" 200 22491 "http://renault.activities.at/10260250" "Mozilla/5.0 (Windows NT 6.1; Trident/7.0; rv:11.0) like Gecko"
217.13.176.185 - - [25/Aug/2020:15:06:49 +0200] "GET /loadthumbnail.php?id=12153811&width=113 HTTP/1.1" 200 2537 "http://renault.activities.at/10260250" "Mozilla/5.0 (Windows NT 6.1; Trident/7.0; rv:11.0) like Gecko"
217.13.176.185 - - [25/Aug/2020:15:06:49 +0200] "GET /loadthumbnail.php?id=11878139&width=113 HTTP/1.1" 200 19930 "http://renault.activities.at/10260250" "Mozilla/5.0 (Windows NT 6.1; Trident/7.0; rv:11.0) like Gecko"
217.13.176.185 - - [25/Aug/2020:15:06:49 +0200] "GET /loadthumbnail.php?id=11760072&width=113 HTTP/1.1" 200 22371 "http://renault.activities.at/10260250" "Mozilla/5.0 (Windows NT 6.1; Trident/7.0; rv:11.0) like Gecko"
217.13.176.185 - - [25/Aug/2020:15:06:49 +0200] "GET /loadthumbnail.php?id=11976092&width=113 HTTP/1.1" 200 22943 "http://renault.activities.at/10260250" "Mozilla/5.0 (Windows NT 6.1; Trident/7.0; rv:11.0) like Gecko"
217.13.176.185 - - [25/Aug/2020:15:06:49 +0200] "GET /loadthumbnail.php?id=11475295&width=113 HTTP/1.1" 200 17922 "http://renault.activities.at/10260250" "Mozilla/5.0 (Windows NT 6.1; Trident/7.0; rv:11.0) like Gecko"
217.13.176.185 - - [25/Aug/2020:15:06:50 +0200] "GET /loadthumbnail.php?id=12064393&width=113 HTTP/1.1" 200 2870 "http://renault.activities.at/10260250" "Mozilla/5.0 (Windows NT 6.1; Trident/7.0; rv:11.0) like Gecko"
80.120.5.131 - - [25/Aug/2020:15:06:53 +0200] "GET /reload?ser=1598360813209 HTTP/1.1" 200 28 "http://renault.activities.at/result?searchterm=true&search=Poster" "Mozilla/5.0 (Windows NT 10.0; Win64; x64) AppleWebKit/537.36 (KHTML, like Gecko) Chrome/84.0.4147.135 Safari/537.36"
217.13.176.185 - - [25/Aug/2020:15:07:02 +0200] "GET /10260250?dir=DESC&mode=grid&order=name&limit=50 HTTP/1.1" 200 13921 "http://renault.activities.at/10260250" "Mozilla/5.0 (Windows NT 6.1; Trident/7.0; rv:11.0) like Gecko"
217.13.176.185 - - [25/Aug/2020:15:07:11 +0200] "GET /js/index.php?c=auto&f=,prototype/prototype.js,prototype/validation.js,scriptaculous/builder.js,scriptaculous/effects.js,scriptaculous/dragdrop.js,scriptaculous/controls.js,scriptaculous/slider.js,varien/js.js,varien/form.js,varien/menu.js,mage/translate.js,mage/cookies.js,varien/product.js,spinner/SpinnerControl.jsmin.js,prototype/window.js,prototype/window_ext.js HTTP/1.1" 304 - "http://renault.activities.at/10260250?dir=DESC&mode=grid&order=name&limit=50" "Mozilla/5.0 (Windows NT 6.1; Trident/7.0; rv:11.0) like Gecko"
217.13.176.185 - - [25/Aug/2020:15:07:11 +0200] "GET /loadthumbnail.php?id=12064387&width=113 HTTP/1.1" 200 3233 "http://renault.activities.at/10260250?dir=DESC&mode=grid&order=name&limit=50" "Mozilla/5.0 (Windows NT 6.1; Trident/7.0; rv:11.0) like Gecko"
217.13.176.185 - - [25/Aug/2020:15:07:11 +0200] "GET /loadthumbnail.php?id=12153814&width=113 HTTP/1.1" 200 3262 "http://renault.activities.at/10260250?dir=DESC&mode=grid&order=name&limit=50" "Mozilla/5.0 (Windows NT 6.1; Trident/7.0; rv:11.0) like Gecko"
217.13.176.185 - - [25/Aug/2020:15:07:11 +0200] "GET /loadthumbnail.php?id=12133302&width=113 HTTP/1.1" 200 2715 "http://renault.activities.at/10260250?dir=DESC&mode=grid&order=name&limit=50" "Mozilla/5.0 (Windows NT 6.1; Trident/7.0; rv:11.0) like Gecko"
217.13.176.185 - - [25/Aug/2020:15:07:11 +0200] "GET /loadthumbnail.php?id=12010039&width=113 HTTP/1.1" 200 19412 "http://renault.activities.at/10260250?dir=DESC&mode=grid&order=name&limit=50" "Mozilla/5.0 (Windows NT 6.1; Trident/7.0; rv:11.0) like Gecko"
217.13.176.185 - - [25/Aug/2020:15:07:11 +0200] "GET /loadthumbnail.php?id=12230337&width=113 HTTP/1.1" 200 2209 "http://renault.activities.at/10260250?dir=DESC&mode=grid&order=name&limit=50" "Mozilla/5.0 (Windows NT 6.1; Trident/7.0; rv:11.0) like Gecko"
217.13.176.185 - - [25/Aug/2020:15:07:11 +0200] "GET /loadthumbnail.php?id=12130660&width=113 HTTP/1.1" 200 9098 "http://renault.activities.at/10260250?dir=DESC&mode=grid&order=name&limit=50" "Mozilla/5.0 (Windows NT 6.1; Trident/7.0; rv:11.0) like Gecko"
217.13.176.185 - - [25/Aug/2020:15:07:11 +0200] "GET /loadthumbnail.php?id=12197903&width=113 HTTP/1.1" 200 30608 "http://renault.activities.at/10260250?dir=DESC&mode=grid&order=name&limit=50" "Mozilla/5.0 (Windows NT 6.1; Trident/7.0; rv:11.0) like Gecko"
217.13.176.185 - - [25/Aug/2020:15:07:11 +0200] "GET /loadthumbnail.php?id=12230318&width=113 HTTP/1.1" 200 2255 "http://renault.activities.at/10260250?dir=DESC&mode=grid&order=name&limit=50" "Mozilla/5.0 (Windows NT 6.1; Trident/7.0; rv:11.0) like Gecko"
217.13.176.185 - - [25/Aug/2020:15:07:11 +0200] "GET /loadthumbnail.php?id=12130670&width=113 HTTP/1.1" 200 8989 "http://renault.activities.at/10260250?dir=DESC&mode=grid&order=name&limit=50" "Mozilla/5.0 (Windows NT 6.1; Trident/7.0; rv:11.0) like Gecko"
217.13.176.185 - - [25/Aug/2020:15:07:11 +0200] "GET /loadthumbnail.php?id=12010091&width=113 HTTP/1.1" 200 18044 "http://renault.activities.at/10260250?dir=DESC&mode=grid&order=name&limit=50" "Mozilla/5.0 (Windows NT 6.1; Trident/7.0; rv:11.0) like Gecko"
217.13.176.185 - - [25/Aug/2020:15:07:11 +0200] "GET /loadthumbnail.php?id=11146700&width=113 HTTP/1.1" 200 1415 "http://renault.activities.at/10260250?dir=DESC&mode=grid&order=name&limit=50" "Mozilla/5.0 (Windows NT 6.1; Trident/7.0; rv:11.0) like Gecko"
217.13.176.185 - - [25/Aug/2020:15:07:11 +0200] "GET /loadthumbnail.php?id=12094749&width=113 HTTP/1.1" 200 15117 "http://renault.activities.at/10260250?dir=DESC&mode=grid&order=name&limit=50" "Mozilla/5.0 (Windows NT 6.1; Trident/7.0; rv:11.0) like Gecko"
217.13.176.185 - - [25/Aug/2020:15:07:11 +0200] "GET /loadthumbnail.php?id=11532883&width=113 HTTP/1.1" 200 35124 "http://renault.activities.at/10260250?dir=DESC&mode=grid&order=name&limit=50" "Mozilla/5.0 (Windows NT 6.1; Trident/7.0; rv:11.0) like Gecko"
217.13.176.185 - - [25/Aug/2020:15:07:11 +0200] "GET /loadthumbnail.php?id=11108158&width=113 HTTP/1.1" 200 1545 "http://renault.activities.at/10260250?dir=DESC&mode=grid&order=name&limit=50" "Mozilla/5.0 (Windows NT 6.1; Trident/7.0; rv:11.0) like Gecko"
217.13.176.185 - - [25/Aug/2020:15:07:11 +0200] "GET /loadthumbnail.php?id=11721290&width=113 HTTP/1.1" 200 1179 "http://renault.activities.at/10260250?dir=DESC&mode=grid&order=name&limit=50" "Mozilla/5.0 (Windows NT 6.1; Trident/7.0; rv:11.0) like Gecko"
217.13.176.185 - - [25/Aug/2020:15:07:12 +0200] "GET /loadthumbnail.php?id=12247019&width=113 HTTP/1.1" 200 3543 "http://renault.activities.at/10260250?dir=DESC&mode=grid&order=name&limit=50" "Mozilla/5.0 (Windows NT 6.1; Trident/7.0; rv:11.0) like Gecko"
217.13.176.185 - - [25/Aug/2020:15:07:12 +0200] "GET /loadthumbnail.php?id=12247032&width=113 HTTP/1.1" 200 5603 "http://renault.activities.at/10260250?dir=DESC&mode=grid&order=name&limit=50" "Mozilla/5.0 (Windows NT 6.1; Trident/7.0; rv:11.0) like Gecko"
217.13.176.185 - - [25/Aug/2020:15:07:12 +0200] "GET /loadthumbnail.php?id=12088443&width=113 HTTP/1.1" 200 7201 "http://renault.activities.at/10260250?dir=DESC&mode=grid&order=name&limit=50" "Mozilla/5.0 (Windows NT 6.1; Trident/7.0; rv:11.0) like Gecko"
217.13.176.185 - - [25/Aug/2020:15:07:12 +0200] "GET /loadthumbnail.php?id=11308855&width=113 HTTP/1.1" 200 4521 "http://renault.activities.at/10260250?dir=DESC&mode=grid&order=name&limit=50" "Mozilla/5.0 (Windows NT 6.1; Trident/7.0; rv:11.0) like Gecko"
217.13.176.185 - - [25/Aug/2020:15:07:12 +0200] "GET /loadthumbnail.php?id=12094811&width=113 HTTP/1.1" 200 27912 "http://renault.activities.at/10260250?dir=DESC&mode=grid&order=name&limit=50" "Mozilla/5.0 (Windows NT 6.1; Trident/7.0; rv:11.0) like Gecko"
217.13.176.185 - - [25/Aug/2020:15:07:12 +0200] "GET /loadthumbnail.php?id=11094463&width=113 HTTP/1.1" 200 2237 "http://renault.activities.at/10260250?dir=DESC&mode=grid&order=name&limit=50" "Mozilla/5.0 (Windows NT 6.1; Trident/7.0; rv:11.0) like Gecko"
80.120.210.179 - - [25/Aug/2020:15:07:11 +0200] "GET /reload?ser=1598361157135 HTTP/1.1" 200 28 "http://renault.activities.at/success" "Mozilla/5.0 (Windows NT 10.0; Win64; x64) AppleWebKit/537.36 (KHTML, like Gecko) Chrome/84.0.4147.135 Safari/537.36"
217.13.176.185 - - [25/Aug/2020:15:07:12 +0200] "GET /loadthumbnail.php?id=12051174&width=113 HTTP/1.1" 200 2873 "http://renault.activities.at/10260250?dir=DESC&mode=grid&order=name&limit=50" "Mozilla/5.0 (Windows NT 6.1; Trident/7.0; rv:11.0) like Gecko"
217.13.176.185 - - [25/Aug/2020:15:07:12 +0200] "GET /loadthumbnail.php?id=11270805&width=113 HTTP/1.1" 200 5169 "http://renault.activities.at/10260250?dir=DESC&mode=grid&order=name&limit=50" "Mozilla/5.0 (Windows NT 6.1; Trident/7.0; rv:11.0) like Gecko"
217.13.176.185 - - [25/Aug/2020:15:07:12 +0200] "GET /loadthumbnail.php?id=12025504&width=113 HTTP/1.1" 200 19297 "http://renault.activities.at/10260250?dir=DESC&mode=grid&order=name&limit=50" "Mozilla/5.0 (Windows NT 6.1; Trident/7.0; rv:11.0) like Gecko"
217.13.176.185 - - [25/Aug/2020:15:07:12 +0200] "GET /loadthumbnail.php?id=12010045&width=113 HTTP/1.1" 200 22094 "http://renault.activities.at/10260250?dir=DESC&mode=grid&order=name&limit=50" "Mozilla/5.0 (Windows NT 6.1; Trident/7.0; rv:11.0) like Gecko"
217.13.176.185 - - [25/Aug/2020:15:07:12 +0200] "GET /loadthumbnail.php?id=11500398&width=113 HTTP/1.1" 200 21704 "http://renault.activities.at/10260250?dir=DESC&mode=grid&order=name&limit=50" "Mozilla/5.0 (Windows NT 6.1; Trident/7.0; rv:11.0) like Gecko"
217.13.176.185 - - [25/Aug/2020:15:07:12 +0200] "GET /loadthumbnail.php?id=11500416&width=113 HTTP/1.1" 200 21073 "http://renault.activities.at/10260250?dir=DESC&mode=grid&order=name&limit=50" "Mozilla/5.0 (Windows NT 6.1; Trident/7.0; rv:11.0) like Gecko"
217.13.176.185 - - [25/Aug/2020:15:07:12 +0200] "GET /loadthumbnail.php?id=11693093&width=113 HTTP/1.1" 200 6219 "http://renault.activities.at/10260250?dir=DESC&mode=grid&order=name&limit=50" "Mozilla/5.0 (Windows NT 6.1; Trident/7.0; rv:11.0) like Gecko"
217.13.176.185 - - [25/Aug/2020:15:07:12 +0200] "GET /loadthumbnail.php?id=11342066&width=113 HTTP/1.1" 200 28015 "http://renault.activities.at/10260250?dir=DESC&mode=grid&order=name&limit=50" "Mozilla/5.0 (Windows NT 6.1; Trident/7.0; rv:11.0) like Gecko"
217.13.176.185 - - [25/Aug/2020:15:07:12 +0200] "GET /loadthumbnail.php?id=11504934&width=113 HTTP/1.1" 200 34212 "http://renault.activities.at/10260250?dir=DESC&mode=grid&order=name&limit=50" "Mozilla/5.0 (Windows NT 6.1; Trident/7.0; rv:11.0) like Gecko"
217.13.176.185 - - [25/Aug/2020:15:07:12 +0200] "GET /loadthumbnail.php?id=10633817&width=113 HTTP/1.1" 200 2614 "http://renault.activities.at/10260250?dir=DESC&mode=grid&order=name&limit=50" "Mozilla/5.0 (Windows NT 6.1; Trident/7.0; rv:11.0) like Gecko"
217.13.176.185 - - [25/Aug/2020:15:07:12 +0200] "GET /loadthumbnail.php?id=11089820&width=113 HTTP/1.1" 200 2212 "http://renault.activities.at/10260250?dir=DESC&mode=grid&order=name&limit=50" "Mozilla/5.0 (Windows NT 6.1; Trident/7.0; rv:11.0) like Gecko"
217.13.176.185 - - [25/Aug/2020:15:07:12 +0200] "GET /loadthumbnail.php?id=12010095&width=113 HTTP/1.1" 200 20832 "http://renault.activities.at/10260250?dir=DESC&mode=grid&order=name&limit=50" "Mozilla/5.0 (Windows NT 6.1; Trident/7.0; rv:11.0) like Gecko"
217.13.176.185 - - [25/Aug/2020:15:07:47 +0200] "POST /10260250?dir=DESC&mode=grid&order=name&limit=50 HTTP/1.1" 200 14040 "http://renault.activities.at/10260250?dir=DESC&mode=grid&order=name&limit=50" "Mozilla/5.0 (Windows NT 6.1; Trident/7.0; rv:11.0) like Gecko"
217.13.176.185 - - [25/Aug/2020:15:07:51 +0200] "GET /js/index.php?c=auto&f=,prototype/prototype.js,prototype/validation.js,scriptaculous/builder.js,scriptaculous/effects.js,scriptaculous/dragdrop.js,scriptaculous/controls.js,scriptaculous/slider.js,varien/js.js,varien/form.js,varien/menu.js,mage/translate.js,mage/cookies.js,varien/product.js,spinner/SpinnerControl.jsmin.js,prototype/window.js,prototype/window_ext.js HTTP/1.1" 304 - "http://renault.activities.at/10260250?dir=DESC&mode=grid&order=name&limit=50" "Mozilla/5.0 (Windows NT 6.1; Trident/7.0; rv:11.0) like Gecko"
80.120.5.131 - - [25/Aug/2020:15:07:54 +0200] "GET /reload?ser=1598360874155 HTTP/1.1" 200 28 "http://renault.activities.at/result?searchterm=true&search=Poster" "Mozilla/5.0 (Windows NT 10.0; Win64; x64) AppleWebKit/537.36 (KHTML, like Gecko) Chrome/84.0.4147.135 Safari/537.36"
80.120.210.179 - - [25/Aug/2020:15:08:13 +0200] "GET /reload?ser=1598361219137 HTTP/1.1" 200 28 "http://renault.activities.at/success" "Mozilla/5.0 (Windows NT 10.0; Win64; x64) AppleWebKit/537.36 (KHTML, like Gecko) Chrome/84.0.4147.135 Safari/537.36"
217.13.176.185 - - [25/Aug/2020:15:08:28 +0200] "POST /10260250?dir=DESC&mode=grid&order=name&limit=50 HTTP/1.1" 200 14041 "http://renault.activities.at/10260250?dir=DESC&mode=grid&order=name&limit=50" "Mozilla/5.0 (Windows NT 6.1; Trident/7.0; rv:11.0) like Gecko"
217.13.176.185 - - [25/Aug/2020:15:08:31 +0200] "GET /js/index.php?c=auto&f=,prototype/prototype.js,prototype/validation.js,scriptaculous/builder.js,scriptaculous/effects.js,scriptaculous/dragdrop.js,scriptaculous/controls.js,scriptaculous/slider.js,varien/js.js,varien/form.js,varien/menu.js,mage/translate.js,mage/cookies.js,varien/product.js,spinner/SpinnerControl.jsmin.js,prototype/window.js,prototype/window_ext.js HTTP/1.1" 304 - "http://renault.activities.at/10260250?dir=DESC&mode=grid&order=name&limit=50" "Mozilla/5.0 (Windows NT 6.1; Trident/7.0; rv:11.0) like Gecko"
80.120.5.131 - - [25/Aug/2020:15:08:55 +0200] "GET /reload?ser=1598360935137 HTTP/1.1" 200 28 "http://renault.activities.at/result?searchterm=true&search=Poster" "Mozilla/5.0 (Windows NT 10.0; Win64; x64) AppleWebKit/537.36 (KHTML, like Gecko) Chrome/84.0.4147.135 Safari/537.36"
217.13.176.185 - - [25/Aug/2020:15:09:01 +0200] "POST /axjaxrequest?mode=suggest HTTP/1.1" 200 450 "http://renault.activities.at/10260250?dir=DESC&mode=grid&order=name&limit=50" "Mozilla/5.0 (Windows NT 6.1; Trident/7.0; rv:11.0) like Gecko"
217.13.176.185 - - [25/Aug/2020:15:09:02 +0200] "POST /axjaxrequest?mode=suggest HTTP/1.1" 200 111 "http://renault.activities.at/10260250?dir=DESC&mode=grid&order=name&limit=50" "Mozilla/5.0 (Windows NT 6.1; Trident/7.0; rv:11.0) like Gecko"
217.13.176.185 - - [25/Aug/2020:15:09:03 +0200] "POST /axjaxrequest?mode=suggest HTTP/1.1" 200 21 "http://renault.activities.at/10260250?dir=DESC&mode=grid&order=name&limit=50" "Mozilla/5.0 (Windows NT 6.1; Trident/7.0; rv:11.0) like Gecko"
217.13.176.185 - - [25/Aug/2020:15:09:04 +0200] "GET /result?searchterm=true&search=prospekte HTTP/1.1" 200 5042 "http://renault.activities.at/10260250?dir=DESC&mode=grid&order=name&limit=50" "Mozilla/5.0 (Windows NT 6.1; Trident/7.0; rv:11.0) like Gecko"
217.13.176.185 - - [25/Aug/2020:15:09:06 +0200] "GET /js/index.php?c=auto&f=,prototype/prototype.js,prototype/validation.js,scriptaculous/builder.js,scriptaculous/effects.js,scriptaculous/dragdrop.js,scriptaculous/controls.js,scriptaculous/slider.js,varien/js.js,varien/form.js,varien/menu.js,mage/translate.js,mage/cookies.js,varien/product.js,spinner/SpinnerControl.jsmin.js,prototype/window.js,prototype/window_ext.js HTTP/1.1" 304 - "http://renault.activities.at/result?searchterm=true&search=prospekte" "Mozilla/5.0 (Windows NT 6.1; Trident/7.0; rv:11.0) like Gecko"
80.120.210.179 - - [25/Aug/2020:15:09:15 +0200] "GET /reload?ser=1598361281139 HTTP/1.1" 200 28 "http://renault.activities.at/success" "Mozilla/5.0 (Windows NT 10.0; Win64; x64) AppleWebKit/537.36 (KHTML, like Gecko) Chrome/84.0.4147.135 Safari/537.36"
217.13.176.185 - - [25/Aug/2020:15:09:20 +0200] "GET /10260286 HTTP/1.1" 200 6816 "http://renault.activities.at/result?searchterm=true&search=prospekte" "Mozilla/5.0 (Windows NT 6.1; Trident/7.0; rv:11.0) like Gecko"
217.13.176.185 - - [25/Aug/2020:15:09:23 +0200] "GET /js/index.php?c=auto&f=,prototype/prototype.js,prototype/validation.js,scriptaculous/builder.js,scriptaculous/effects.js,scriptaculous/dragdrop.js,scriptaculous/controls.js,scriptaculous/slider.js,varien/js.js,varien/form.js,varien/menu.js,mage/translate.js,mage/cookies.js,varien/product.js,spinner/SpinnerControl.jsmin.js,prototype/window.js,prototype/window_ext.js HTTP/1.1" 304 - "http://renault.activities.at/10260286" "Mozilla/5.0 (Windows NT 6.1; Trident/7.0; rv:11.0) like Gecko"
217.13.176.185 - - [25/Aug/2020:15:09:24 +0200] "GET /loadthumbnail.php?id=12255478&width=113 HTTP/1.1" 200 19353 "http://renault.activities.at/10260286" "Mozilla/5.0 (Windows NT 6.1; Trident/7.0; rv:11.0) like Gecko"
217.13.176.185 - - [25/Aug/2020:15:09:24 +0200] "GET /loadthumbnail.php?id=11423838&width=113 HTTP/1.1" 200 2865 "http://renault.activities.at/10260286" "Mozilla/5.0 (Windows NT 6.1; Trident/7.0; rv:11.0) like Gecko"
217.13.176.185 - - [25/Aug/2020:15:09:34 +0200] "GET /css/themes/alphacube/bottom_middle.gif HTTP/1.1" 304 - "http://renault.activities.at/10260286" "Mozilla/5.0 (Windows NT 6.1; Trident/7.0; rv:11.0) like Gecko"
217.13.176.185 - - [25/Aug/2020:15:09:34 +0200] "GET /css/themes/alphacube/frame_right.gif HTTP/1.1" 304 - "http://renault.activities.at/10260286" "Mozilla/5.0 (Windows NT 6.1; Trident/7.0; rv:11.0) like Gecko"
217.13.176.185 - - [25/Aug/2020:15:09:34 +0200] "GET /css/themes/alphacube/top_mid.gif HTTP/1.1" 304 - "http://renault.activities.at/10260286" "Mozilla/5.0 (Windows NT 6.1; Trident/7.0; rv:11.0) like Gecko"
217.13.176.185 - - [25/Aug/2020:15:09:34 +0200] "GET /css/themes/alphacube/frame_left.gif HTTP/1.1" 304 - "http://renault.activities.at/10260286" "Mozilla/5.0 (Windows NT 6.1; Trident/7.0; rv:11.0) like Gecko"
217.13.176.185 - - [25/Aug/2020:15:09:34 +0200] "GET /css/themes/alphacube/bottom_right-c.gif HTTP/1.1" 304 - "http://renault.activities.at/10260286" "Mozilla/5.0 (Windows NT 6.1; Trident/7.0; rv:11.0) like Gecko"
217.13.176.185 - - [25/Aug/2020:15:09:34 +0200] "GET /css/themes/alphacube/button-close-focus.gif HTTP/1.1" 304 - "http://renault.activities.at/10260286" "Mozilla/5.0 (Windows NT 6.1; Trident/7.0; rv:11.0) like Gecko"
217.13.176.185 - - [25/Aug/2020:15:09:34 +0200] "GET /css/themes/alphacube/top_left.gif HTTP/1.1" 304 - "http://renault.activities.at/10260286" "Mozilla/5.0 (Windows NT 6.1; Trident/7.0; rv:11.0) like Gecko"
217.13.176.185 - - [25/Aug/2020:15:09:34 +0200] "GET /css/themes/alphacube/bottom_left-c.gif HTTP/1.1" 304 - "http://renault.activities.at/10260286" "Mozilla/5.0 (Windows NT 6.1; Trident/7.0; rv:11.0) like Gecko"
217.13.176.185 - - [25/Aug/2020:15:09:34 +0200] "GET /css/themes/alphacube/top_right.gif HTTP/1.1" 304 - "http://renault.activities.at/10260286" "Mozilla/5.0 (Windows NT 6.1; Trident/7.0; rv:11.0) like Gecko"
217.13.176.185 - - [25/Aug/2020:15:09:34 +0200] "GET /10764754?print=true HTTP/1.1" 200 3030 "http://renault.activities.at/10260286" "Mozilla/5.0 (Windows NT 6.1; Trident/7.0; rv:11.0) like Gecko"
217.13.176.185 - - [25/Aug/2020:15:09:37 +0200] "GET /js/index.php?c=auto&f=,prototype/prototype.js,prototype/validation.js,scriptaculous/builder.js,scriptaculous/effects.js,scriptaculous/dragdrop.js,scriptaculous/controls.js,scriptaculous/slider.js,varien/js.js,varien/form.js,varien/menu.js,mage/translate.js,mage/cookies.js,varien/product.js,spinner/SpinnerControl.jsmin.js,prototype/window.js,prototype/window_ext.js HTTP/1.1" 304 - "http://renault.activities.at/10764754?print=true" "Mozilla/5.0 (Windows NT 6.1; Trident/7.0; rv:11.0) like Gecko"
217.13.176.185 - - [25/Aug/2020:15:09:37 +0200] "GET /js/magiczoom/magiczoom.css HTTP/1.1" 304 - "http://renault.activities.at/10764754?print=true" "Mozilla/5.0 (Windows NT 6.1; Trident/7.0; rv:11.0) like Gecko"
217.13.176.185 - - [25/Aug/2020:15:09:37 +0200] "GET /js/magiczoom/magiczoom.js HTTP/1.1" 304 - "http://renault.activities.at/10764754?print=true" "Mozilla/5.0 (Windows NT 6.1; Trident/7.0; rv:11.0) like Gecko"
217.13.176.185 - - [25/Aug/2020:15:09:37 +0200] "GET /js/Produkt.js HTTP/1.1" 304 - "http://renault.activities.at/10764754?print=true" "Mozilla/5.0 (Windows NT 6.1; Trident/7.0; rv:11.0) like Gecko"
217.13.176.185 - - [25/Aug/2020:15:09:38 +0200] "GET /js/tabs.js HTTP/1.1" 304 - "http://renault.activities.at/10764754?print=true" "Mozilla/5.0 (Windows NT 6.1; Trident/7.0; rv:11.0) like Gecko"
217.13.176.185 - - [25/Aug/2020:15:09:38 +0200] "GET /images/tabs_corner_right_bot.gif HTTP/1.1" 304 - "http://renault.activities.at/10764754?print=true" "Mozilla/5.0 (Windows NT 6.1; Trident/7.0; rv:11.0) like Gecko"
217.13.176.185 - - [25/Aug/2020:15:09:38 +0200] "GET /images/tabs_corner_left_top.gif HTTP/1.1" 304 - "http://renault.activities.at/10764754?print=true" "Mozilla/5.0 (Windows NT 6.1; Trident/7.0; rv:11.0) like Gecko"
217.13.176.185 - - [25/Aug/2020:15:09:37 +0200] "GET /loadthumbnail.php?id=11423838&width=250 HTTP/1.1" 200 8660 "http://renault.activities.at/10764754?print=true" "Mozilla/5.0 (Windows NT 6.1; Trident/7.0; rv:11.0) like Gecko"
217.13.176.185 - - [25/Aug/2020:15:09:37 +0200] "GET /loadthumbnail.php?id=11423838&width=83 HTTP/1.1" 200 1972 "http://renault.activities.at/10764754?print=true" "Mozilla/5.0 (Windows NT 6.1; Trident/7.0; rv:11.0) like Gecko"
217.13.176.185 - - [25/Aug/2020:15:09:38 +0200] "GET /loadthumbnail.php?id=11423839&width=83 HTTP/1.1" 200 1353 "http://renault.activities.at/10764754?print=true" "Mozilla/5.0 (Windows NT 6.1; Trident/7.0; rv:11.0) like Gecko"
217.13.176.185 - - [25/Aug/2020:15:09:38 +0200] "GET /images/tabs_button_corner_right_top_active.gif HTTP/1.1" 304 - "http://renault.activities.at/10764754?print=true" "Mozilla/5.0 (Windows NT 6.1; Trident/7.0; rv:11.0) like Gecko"
217.13.176.185 - - [25/Aug/2020:15:09:38 +0200] "GET /images/tabs_corner_left_bot.gif HTTP/1.1" 304 - "http://renault.activities.at/10764754?print=true" "Mozilla/5.0 (Windows NT 6.1; Trident/7.0; rv:11.0) like Gecko"
217.13.176.185 - - [25/Aug/2020:15:09:38 +0200] "GET /images/tabs_border.gif HTTP/1.1" 304 - "http://renault.activities.at/10764754?print=true" "Mozilla/5.0 (Windows NT 6.1; Trident/7.0; rv:11.0) like Gecko"
217.13.176.185 - - [25/Aug/2020:15:09:38 +0200] "GET /images/tabs_corner_right_top.gif HTTP/1.1" 304 - "http://renault.activities.at/10764754?print=true" "Mozilla/5.0 (Windows NT 6.1; Trident/7.0; rv:11.0) like Gecko"
217.13.176.185 - - [25/Aug/2020:15:09:38 +0200] "GET /images/tabs_button_corner_left_top_active.gif HTTP/1.1" 304 - "http://renault.activities.at/10764754?print=true" "Mozilla/5.0 (Windows NT 6.1; Trident/7.0; rv:11.0) like Gecko"
217.13.176.185 - - [25/Aug/2020:15:09:38 +0200] "GET /loadthumbnail.php?id=11423839&width=250 HTTP/1.1" 200 3773 "http://renault.activities.at/10764754?print=true" "Mozilla/5.0 (Windows NT 6.1; Trident/7.0; rv:11.0) like Gecko"
217.13.176.185 - - [25/Aug/2020:15:09:38 +0200] "GET /loadthumbnail.php?id=11423838&width=900&height=900 HTTP/1.1" 200 67855 "http://renault.activities.at/10764754?print=true" "Mozilla/5.0 (Windows NT 6.1; Trident/7.0; rv:11.0) like Gecko"
217.13.176.185 - - [25/Aug/2020:15:09:38 +0200] "GET /js/magiczoom/graphics/loader.gif HTTP/1.1" 304 - "http://renault.activities.at/10764754?print=true" "Mozilla/5.0 (Windows NT 6.1; Trident/7.0; rv:11.0) like Gecko"
217.13.176.185 - - [25/Aug/2020:15:09:38 +0200] "GET /js/magiczoom/graphics/hint.gif HTTP/1.1" 304 - "http://renault.activities.at/10764754?print=true" "Mozilla/5.0 (Windows NT 6.1; Trident/7.0; rv:11.0) like Gecko"
217.13.176.185 - - [25/Aug/2020:15:09:49 +0200] "GET /null HTTP/1.1" 200 3626 "http://renault.activities.at/10260286" "Mozilla/5.0 (Windows NT 6.1; Trident/7.0; rv:11.0) like Gecko"
217.13.176.185 - - [25/Aug/2020:15:09:51 +0200] "GET /js/index.php?c=auto&f=,prototype/prototype.js,prototype/validation.js,scriptaculous/builder.js,scriptaculous/effects.js,scriptaculous/dragdrop.js,scriptaculous/controls.js,scriptaculous/slider.js,varien/js.js,varien/form.js,varien/menu.js,mage/translate.js,mage/cookies.js,varien/product.js,spinner/SpinnerControl.jsmin.js,prototype/window.js,prototype/window_ext.js HTTP/1.1" 304 - "http://renault.activities.at/null" "Mozilla/5.0 (Windows NT 6.1; Trident/7.0; rv:11.0) like Gecko"
80.120.5.131 - - [25/Aug/2020:15:09:56 +0200] "GET /reload?ser=1598360996079 HTTP/1.1" 200 28 "http://renault.activities.at/result?searchterm=true&search=Poster" "Mozilla/5.0 (Windows NT 10.0; Win64; x64) AppleWebKit/537.36 (KHTML, like Gecko) Chrome/84.0.4147.135 Safari/537.36"
217.13.176.185 - - [25/Aug/2020:15:10:01 +0200] "GET /10260257 HTTP/1.1" 200 8877 "http://renault.activities.at/10260286" "Mozilla/5.0 (Windows NT 6.1; Trident/7.0; rv:11.0) like Gecko"
217.13.176.185 - - [25/Aug/2020:15:10:05 +0200] "GET /js/index.php?c=auto&f=,prototype/prototype.js,prototype/validation.js,scriptaculous/builder.js,scriptaculous/effects.js,scriptaculous/dragdrop.js,scriptaculous/controls.js,scriptaculous/slider.js,varien/js.js,varien/form.js,varien/menu.js,mage/translate.js,mage/cookies.js,varien/product.js,spinner/SpinnerControl.jsmin.js,prototype/window.js,prototype/window_ext.js HTTP/1.1" 304 - "http://renault.activities.at/10260257" "Mozilla/5.0 (Windows NT 6.1; Trident/7.0; rv:11.0) like Gecko"
217.13.176.185 - - [25/Aug/2020:15:10:05 +0200] "GET /loadthumbnail.php?id=12174359&width=113 HTTP/1.1" 200 6046 "http://renault.activities.at/10260257" "Mozilla/5.0 (Windows NT 6.1; Trident/7.0; rv:11.0) like Gecko"
217.13.176.185 - - [25/Aug/2020:15:10:05 +0200] "GET /loadthumbnail.php?id=12174322&width=113 HTTP/1.1" 200 6394 "http://renault.activities.at/10260257" "Mozilla/5.0 (Windows NT 6.1; Trident/7.0; rv:11.0) like Gecko"
217.13.176.185 - - [25/Aug/2020:15:10:05 +0200] "GET /loadthumbnail.php?id=12174361&width=113 HTTP/1.1" 200 5896 "http://renault.activities.at/10260257" "Mozilla/5.0 (Windows NT 6.1; Trident/7.0; rv:11.0) like Gecko"
217.13.176.185 - - [25/Aug/2020:15:10:05 +0200] "GET /loadthumbnail.php?id=12174360&width=113 HTTP/1.1" 200 5892 "http://renault.activities.at/10260257" "Mozilla/5.0 (Windows NT 6.1; Trident/7.0; rv:11.0) like Gecko"
217.13.176.185 - - [25/Aug/2020:15:10:05 +0200] "GET /loadthumbnail.php?id=12174358&width=113 HTTP/1.1" 200 6569 "http://renault.activities.at/10260257" "Mozilla/5.0 (Windows NT 6.1; Trident/7.0; rv:11.0) like Gecko"
217.13.176.185 - - [25/Aug/2020:15:10:05 +0200] "GET /loadthumbnail.php?id=12174362&width=113 HTTP/1.1" 200 5477 "http://renault.activities.at/10260257" "Mozilla/5.0 (Windows NT 6.1; Trident/7.0; rv:11.0) like Gecko"
217.13.176.185 - - [25/Aug/2020:15:10:06 +0200] "GET /loadthumbnail.php?id=12174323&width=113 HTTP/1.1" 200 6446 "http://renault.activities.at/10260257" "Mozilla/5.0 (Windows NT 6.1; Trident/7.0; rv:11.0) like Gecko"
217.13.176.185 - - [25/Aug/2020:15:10:06 +0200] "GET /loadthumbnail.php?id=12174374&width=113 HTTP/1.1" 200 6146 "http://renault.activities.at/10260257" "Mozilla/5.0 (Windows NT 6.1; Trident/7.0; rv:11.0) like Gecko"
217.13.176.185 - - [25/Aug/2020:15:10:06 +0200] "GET /loadthumbnail.php?id=12174325&width=113 HTTP/1.1" 200 6300 "http://renault.activities.at/10260257" "Mozilla/5.0 (Windows NT 6.1; Trident/7.0; rv:11.0) like Gecko"
217.13.176.185 - - [25/Aug/2020:15:10:06 +0200] "GET /loadthumbnail.php?id=12174370&width=113 HTTP/1.1" 200 6060 "http://renault.activities.at/10260257" "Mozilla/5.0 (Windows NT 6.1; Trident/7.0; rv:11.0) like Gecko"
217.13.176.185 - - [25/Aug/2020:15:10:06 +0200] "GET /loadthumbnail.php?id=12174329&width=113 HTTP/1.1" 200 6284 "http://renault.activities.at/10260257" "Mozilla/5.0 (Windows NT 6.1; Trident/7.0; rv:11.0) like Gecko"
217.13.176.185 - - [25/Aug/2020:15:10:06 +0200] "GET /loadthumbnail.php?id=12174357&width=113 HTTP/1.1" 200 5961 "http://renault.activities.at/10260257" "Mozilla/5.0 (Windows NT 6.1; Trident/7.0; rv:11.0) like Gecko"
217.13.176.185 - - [25/Aug/2020:15:10:06 +0200] "GET /loadthumbnail.php?id=12174345&width=113 HTTP/1.1" 200 5757 "http://renault.activities.at/10260257" "Mozilla/5.0 (Windows NT 6.1; Trident/7.0; rv:11.0) like Gecko"
217.13.176.185 - - [25/Aug/2020:15:10:06 +0200] "GET /loadthumbnail.php?id=12174324&width=113 HTTP/1.1" 200 6193 "http://renault.activities.at/10260257" "Mozilla/5.0 (Windows NT 6.1; Trident/7.0; rv:11.0) like Gecko"
217.13.176.185 - - [25/Aug/2020:15:10:06 +0200] "GET /loadthumbnail.php?id=12174346&width=113 HTTP/1.1" 200 5866 "http://renault.activities.at/10260257" "Mozilla/5.0 (Windows NT 6.1; Trident/7.0; rv:11.0) like Gecko"
80.120.210.179 - - [25/Aug/2020:15:10:17 +0200] "GET /reload?ser=1598361343143 HTTP/1.1" 200 28 "http://renault.activities.at/success" "Mozilla/5.0 (Windows NT 10.0; Win64; x64) AppleWebKit/537.36 (KHTML, like Gecko) Chrome/84.0.4147.135 Safari/537.36"
217.13.176.185 - - [25/Aug/2020:15:10:13 +0200] "GET /10260257?dir=DESC&mode=grid&order=name&limit=50 HTTP/1.1" 200 13748 "http://renault.activities.at/10260257" "Mozilla/5.0 (Windows NT 6.1; Trident/7.0; rv:11.0) like Gecko"
217.13.176.185 - - [25/Aug/2020:15:10:21 +0200] "GET /js/index.php?c=auto&f=,prototype/prototype.js,prototype/validation.js,scriptaculous/builder.js,scriptaculous/effects.js,scriptaculous/dragdrop.js,scriptaculous/controls.js,scriptaculous/slider.js,varien/js.js,varien/form.js,varien/menu.js,mage/translate.js,mage/cookies.js,varien/product.js,spinner/SpinnerControl.jsmin.js,prototype/window.js,prototype/window_ext.js HTTP/1.1" 304 - "http://renault.activities.at/10260257?dir=DESC&mode=grid&order=name&limit=50" "Mozilla/5.0 (Windows NT 6.1; Trident/7.0; rv:11.0) like Gecko"
217.13.176.185 - - [25/Aug/2020:15:10:21 +0200] "GET /loadthumbnail.php?id=12140343&width=113 HTTP/1.1" 200 5013 "http://renault.activities.at/10260257?dir=DESC&mode=grid&order=name&limit=50" "Mozilla/5.0 (Windows NT 6.1; Trident/7.0; rv:11.0) like Gecko"
217.13.176.185 - - [25/Aug/2020:15:10:21 +0200] "GET /loadthumbnail.php?id=12174372&width=113 HTTP/1.1" 200 5610 "http://renault.activities.at/10260257?dir=DESC&mode=grid&order=name&limit=50" "Mozilla/5.0 (Windows NT 6.1; Trident/7.0; rv:11.0) like Gecko"
217.13.176.185 - - [25/Aug/2020:15:10:21 +0200] "GET /loadthumbnail.php?id=12174331&width=113 HTTP/1.1" 200 6083 "http://renault.activities.at/10260257?dir=DESC&mode=grid&order=name&limit=50" "Mozilla/5.0 (Windows NT 6.1; Trident/7.0; rv:11.0) like Gecko"
217.13.176.185 - - [25/Aug/2020:15:10:21 +0200] "GET /loadthumbnail.php?id=12248147&width=113 HTTP/1.1" 200 4253 "http://renault.activities.at/10260257?dir=DESC&mode=grid&order=name&limit=50" "Mozilla/5.0 (Windows NT 6.1; Trident/7.0; rv:11.0) like Gecko"
217.13.176.185 - - [25/Aug/2020:15:10:21 +0200] "GET /loadthumbnail.php?id=12140339&width=113 HTTP/1.1" 200 2878 "http://renault.activities.at/10260257?dir=DESC&mode=grid&order=name&limit=50" "Mozilla/5.0 (Windows NT 6.1; Trident/7.0; rv:11.0) like Gecko"
217.13.176.185 - - [25/Aug/2020:15:10:21 +0200] "GET /loadthumbnail.php?id=12248143&width=113 HTTP/1.1" 200 5039 "http://renault.activities.at/10260257?dir=DESC&mode=grid&order=name&limit=50" "Mozilla/5.0 (Windows NT 6.1; Trident/7.0; rv:11.0) like Gecko"
