213.90.25.78 - - [01/Sep/2020:11:03:57 +0200] "GET /reload?ser=1598951038063 HTTP/1.1" 200 28 "http://renault.activities.at/" "Mozilla/5.0 (Windows NT 10.0; WOW64; Trident/7.0; rv:11.0) like Gecko"
88.117.213.154 - - [01/Sep/2020:11:04:04 +0200] "GET /reload?ser=1598951044536 HTTP/1.1" 200 28 "http://renault.activities.at/10260286" "Mozilla/5.0 (Windows NT 10.0; Win64; x64) AppleWebKit/537.36 (KHTML, like Gecko) Chrome/84.0.4147.135 Safari/537.36"
193.194.132.26 - - [01/Sep/2020:11:04:57 +0200] "GET /reload?ser=1598951097706 HTTP/1.1" 200 28 "http://renault.2web.at/account" "Mozilla/5.0 (Windows NT 10.0; Win64; x64) AppleWebKit/537.36 (KHTML, like Gecko) Chrome/84.0.4147.135 Safari/537.36"
213.90.25.78 - - [01/Sep/2020:11:04:58 +0200] "GET /reload?ser=1598951098710 HTTP/1.1" 200 28 "http://renault.activities.at/" "Mozilla/5.0 (Windows NT 10.0; WOW64; Trident/7.0; rv:11.0) like Gecko"
88.117.213.154 - - [01/Sep/2020:11:05:05 +0200] "GET /reload?ser=1598951105495 HTTP/1.1" 200 28 "http://renault.activities.at/10260286" "Mozilla/5.0 (Windows NT 10.0; Win64; x64) AppleWebKit/537.36 (KHTML, like Gecko) Chrome/84.0.4147.135 Safari/537.36"
54.184.197.192 - - [01/Sep/2020:11:05:23 +0200] "GET /images/favicon.ico HTTP/1.1" 404 380 "-" "Mozilla/5.0 (Windows NT 6.1; Win64; x64) AppleWebKit/537.36 (KHTML, like Gecko) Chrome/72.0.3626.109 Safari/537.36"
193.194.132.26 - - [01/Sep/2020:11:05:59 +0200] "GET /reload?ser=1598951159709 HTTP/1.1" 200 28 "http://renault.2web.at/account" "Mozilla/5.0 (Windows NT 10.0; Win64; x64) AppleWebKit/537.36 (KHTML, like Gecko) Chrome/84.0.4147.135 Safari/537.36"
88.117.213.154 - - [01/Sep/2020:11:06:06 +0200] "GET /reload?ser=1598951166425 HTTP/1.1" 200 28 "http://renault.activities.at/10260286" "Mozilla/5.0 (Windows NT 10.0; Win64; x64) AppleWebKit/537.36 (KHTML, like Gecko) Chrome/84.0.4147.135 Safari/537.36"
207.46.13.195 - - [01/Sep/2020:11:06:16 +0200] "GET /10201442?dir=DESC&mode=grid&order=name&limit=15&page=8&cat=10201637 HTTP/1.1" 302 150 "-" "Mozilla/5.0 (compatible; bingbot/2.0; +http://www.bing.com/bingbot.htm)"
207.46.13.195 - - [01/Sep/2020:11:06:20 +0200] "GET /login?required=true HTTP/1.1" 200 2085 "-" "Mozilla/5.0 (compatible; bingbot/2.0; +http://www.bing.com/bingbot.htm)"
193.194.132.26 - - [01/Sep/2020:11:07:01 +0200] "GET /reload?ser=1598951221714 HTTP/1.1" 200 28 "http://renault.2web.at/account" "Mozilla/5.0 (Windows NT 10.0; Win64; x64) AppleWebKit/537.36 (KHTML, like Gecko) Chrome/84.0.4147.135 Safari/537.36"
88.117.213.154 - - [01/Sep/2020:11:07:07 +0200] "GET /reload?ser=1598951227379 HTTP/1.1" 200 28 "http://renault.activities.at/10260286" "Mozilla/5.0 (Windows NT 10.0; Win64; x64) AppleWebKit/537.36 (KHTML, like Gecko) Chrome/84.0.4147.135 Safari/537.36"
193.194.132.26 - - [01/Sep/2020:11:08:03 +0200] "GET /reload?ser=1598951283710 HTTP/1.1" 200 28 "http://renault.2web.at/account" "Mozilla/5.0 (Windows NT 10.0; Win64; x64) AppleWebKit/537.36 (KHTML, like Gecko) Chrome/84.0.4147.135 Safari/537.36"
88.117.213.154 - - [01/Sep/2020:11:08:08 +0200] "GET /reload?ser=1598951288330 HTTP/1.1" 200 28 "http://renault.activities.at/10260286" "Mozilla/5.0 (Windows NT 10.0; Win64; x64) AppleWebKit/537.36 (KHTML, like Gecko) Chrome/84.0.4147.135 Safari/537.36"
193.194.132.26 - - [01/Sep/2020:11:09:05 +0200] "GET /reload?ser=1598951345722 HTTP/1.1" 200 28 "http://renault.2web.at/account" "Mozilla/5.0 (Windows NT 10.0; Win64; x64) AppleWebKit/537.36 (KHTML, like Gecko) Chrome/84.0.4147.135 Safari/537.36"
88.117.213.154 - - [01/Sep/2020:11:09:09 +0200] "GET /reload?ser=1598951349275 HTTP/1.1" 200 28 "http://renault.activities.at/10260286" "Mozilla/5.0 (Windows NT 10.0; Win64; x64) AppleWebKit/537.36 (KHTML, like Gecko) Chrome/84.0.4147.135 Safari/537.36"
193.194.132.26 - - [01/Sep/2020:11:10:09 +0200] "GET /reload?ser=1598951408040 HTTP/1.1" 200 28 "http://renault.2web.at/account" "Mozilla/5.0 (Windows NT 10.0; Win64; x64) AppleWebKit/537.36 (KHTML, like Gecko) Chrome/84.0.4147.135 Safari/537.36"
88.117.213.154 - - [01/Sep/2020:11:10:10 +0200] "GET /reload?ser=1598951410223 HTTP/1.1" 200 28 "http://renault.activities.at/10260286" "Mozilla/5.0 (Windows NT 10.0; Win64; x64) AppleWebKit/537.36 (KHTML, like Gecko) Chrome/84.0.4147.135 Safari/537.36"
193.194.132.26 - - [01/Sep/2020:11:11:10 +0200] "GET /reload?ser=1598951470713 HTTP/1.1" 200 28 "http://renault.2web.at/account" "Mozilla/5.0 (Windows NT 10.0; Win64; x64) AppleWebKit/537.36 (KHTML, like Gecko) Chrome/84.0.4147.135 Safari/537.36"
88.117.213.154 - - [01/Sep/2020:11:11:11 +0200] "GET /reload?ser=1598951471189 HTTP/1.1" 200 28 "http://renault.activities.at/10260286" "Mozilla/5.0 (Windows NT 10.0; Win64; x64) AppleWebKit/537.36 (KHTML, like Gecko) Chrome/84.0.4147.135 Safari/537.36"
88.117.213.154 - - [01/Sep/2020:11:12:12 +0200] "GET /reload?ser=1598951532138 HTTP/1.1" 200 28 "http://renault.activities.at/10260286" "Mozilla/5.0 (Windows NT 10.0; Win64; x64) AppleWebKit/537.36 (KHTML, like Gecko) Chrome/84.0.4147.135 Safari/537.36"
193.194.132.26 - - [01/Sep/2020:11:12:12 +0200] "GET /reload?ser=1598951532722 HTTP/1.1" 200 28 "http://renault.2web.at/account" "Mozilla/5.0 (Windows NT 10.0; Win64; x64) AppleWebKit/537.36 (KHTML, like Gecko) Chrome/84.0.4147.135 Safari/537.36"
88.117.213.154 - - [01/Sep/2020:11:13:13 +0200] "GET /reload?ser=1598951593097 HTTP/1.1" 200 28 "http://renault.activities.at/10260286" "Mozilla/5.0 (Windows NT 10.0; Win64; x64) AppleWebKit/537.36 (KHTML, like Gecko) Chrome/84.0.4147.135 Safari/537.36"
193.194.132.26 - - [01/Sep/2020:11:13:14 +0200] "GET /reload?ser=1598951594713 HTTP/1.1" 200 28 "http://renault.2web.at/account" "Mozilla/5.0 (Windows NT 10.0; Win64; x64) AppleWebKit/537.36 (KHTML, like Gecko) Chrome/84.0.4147.135 Safari/537.36"
88.117.213.154 - - [01/Sep/2020:11:14:14 +0200] "GET /reload?ser=1598951654057 HTTP/1.1" 200 28 "http://renault.activities.at/10260286" "Mozilla/5.0 (Windows NT 10.0; Win64; x64) AppleWebKit/537.36 (KHTML, like Gecko) Chrome/84.0.4147.135 Safari/537.36"
193.194.132.26 - - [01/Sep/2020:11:14:17 +0200] "GET /reload?ser=1598951656716 HTTP/1.1" 200 28 "http://renault.2web.at/account" "Mozilla/5.0 (Windows NT 10.0; Win64; x64) AppleWebKit/537.36 (KHTML, like Gecko) Chrome/84.0.4147.135 Safari/537.36"
88.117.213.154 - - [01/Sep/2020:11:15:15 +0200] "GET /reload?ser=1598951715012 HTTP/1.1" 200 28 "http://renault.activities.at/10260286" "Mozilla/5.0 (Windows NT 10.0; Win64; x64) AppleWebKit/537.36 (KHTML, like Gecko) Chrome/84.0.4147.135 Safari/537.36"
193.194.132.26 - - [01/Sep/2020:11:15:19 +0200] "GET /reload?ser=1598951719715 HTTP/1.1" 200 28 "http://renault.2web.at/account" "Mozilla/5.0 (Windows NT 10.0; Win64; x64) AppleWebKit/537.36 (KHTML, like Gecko) Chrome/84.0.4147.135 Safari/537.36"
88.117.213.154 - - [01/Sep/2020:11:16:16 +0200] "GET /reload?ser=1598951775977 HTTP/1.1" 200 28 "http://renault.activities.at/10260286" "Mozilla/5.0 (Windows NT 10.0; Win64; x64) AppleWebKit/537.36 (KHTML, like Gecko) Chrome/84.0.4147.135 Safari/537.36"
193.194.132.26 - - [01/Sep/2020:11:16:21 +0200] "GET /reload?ser=1598951781720 HTTP/1.1" 200 28 "http://renault.2web.at/account" "Mozilla/5.0 (Windows NT 10.0; Win64; x64) AppleWebKit/537.36 (KHTML, like Gecko) Chrome/84.0.4147.135 Safari/537.36"
88.117.213.154 - - [01/Sep/2020:11:17:16 +0200] "GET /reload?ser=1598951836920 HTTP/1.1" 200 28 "http://renault.activities.at/10260286" "Mozilla/5.0 (Windows NT 10.0; Win64; x64) AppleWebKit/537.36 (KHTML, like Gecko) Chrome/84.0.4147.135 Safari/537.36"
193.194.132.26 - - [01/Sep/2020:11:17:23 +0200] "GET /reload?ser=1598951843720 HTTP/1.1" 200 28 "http://renault.2web.at/account" "Mozilla/5.0 (Windows NT 10.0; Win64; x64) AppleWebKit/537.36 (KHTML, like Gecko) Chrome/84.0.4147.135 Safari/537.36"
88.117.213.154 - - [01/Sep/2020:11:18:17 +0200] "GET /reload?ser=1598951897868 HTTP/1.1" 200 28 "http://renault.activities.at/10260286" "Mozilla/5.0 (Windows NT 10.0; Win64; x64) AppleWebKit/537.36 (KHTML, like Gecko) Chrome/84.0.4147.135 Safari/537.36"
193.194.132.26 - - [01/Sep/2020:11:18:25 +0200] "GET /reload?ser=1598951905731 HTTP/1.1" 200 28 "http://renault.2web.at/account" "Mozilla/5.0 (Windows NT 10.0; Win64; x64) AppleWebKit/537.36 (KHTML, like Gecko) Chrome/84.0.4147.135 Safari/537.36"
213.153.47.173 - - [01/Sep/2020:11:19:08 +0200] "GET /layout.php HTTP/1.1" 200 1558 "-" "Mozilla/5.0 (Windows NT 10.0; Win64; x64) AppleWebKit/537.36 (KHTML, like Gecko) Chrome/84.0.4147.125 Safari/537.36 OPR/70.0.3728.133"
213.153.47.173 - - [01/Sep/2020:11:19:09 +0200] "GET /images/favicon.ico HTTP/1.1" 404 305 "-" "Mozilla/5.0 (Windows NT 10.0; Win64; x64) AppleWebKit/537.36 (KHTML, like Gecko) Chrome/84.0.4147.125 Safari/537.36 OPR/70.0.3728.133"
88.117.213.154 - - [01/Sep/2020:11:19:18 +0200] "GET /reload?ser=1598951958802 HTTP/1.1" 200 28 "http://renault.activities.at/10260286" "Mozilla/5.0 (Windows NT 10.0; Win64; x64) AppleWebKit/537.36 (KHTML, like Gecko) Chrome/84.0.4147.135 Safari/537.36"
193.194.132.26 - - [01/Sep/2020:11:19:27 +0200] "GET /reload?ser=1598951967724 HTTP/1.1" 200 28 "http://renault.2web.at/account" "Mozilla/5.0 (Windows NT 10.0; Win64; x64) AppleWebKit/537.36 (KHTML, like Gecko) Chrome/84.0.4147.135 Safari/537.36"
88.117.213.154 - - [01/Sep/2020:11:20:19 +0200] "GET /reload?ser=1598952019749 HTTP/1.1" 200 28 "http://renault.activities.at/10260286" "Mozilla/5.0 (Windows NT 10.0; Win64; x64) AppleWebKit/537.36 (KHTML, like Gecko) Chrome/84.0.4147.135 Safari/537.36"
193.194.132.26 - - [01/Sep/2020:11:20:29 +0200] "GET /reload?ser=1598952029731 HTTP/1.1" 200 28 "http://renault.2web.at/account" "Mozilla/5.0 (Windows NT 10.0; Win64; x64) AppleWebKit/537.36 (KHTML, like Gecko) Chrome/84.0.4147.135 Safari/537.36"
88.117.213.154 - - [01/Sep/2020:11:21:20 +0200] "GET /reload?ser=1598952080681 HTTP/1.1" 200 28 "http://renault.activities.at/10260286" "Mozilla/5.0 (Windows NT 10.0; Win64; x64) AppleWebKit/537.36 (KHTML, like Gecko) Chrome/84.0.4147.135 Safari/537.36"
193.194.132.26 - - [01/Sep/2020:11:21:31 +0200] "GET /reload?ser=1598952091735 HTTP/1.1" 200 28 "http://renault.2web.at/account" "Mozilla/5.0 (Windows NT 10.0; Win64; x64) AppleWebKit/537.36 (KHTML, like Gecko) Chrome/84.0.4147.135 Safari/537.36"
88.117.213.154 - - [01/Sep/2020:11:22:21 +0200] "GET /reload?ser=1598952141652 HTTP/1.1" 200 28 "http://renault.activities.at/10260286" "Mozilla/5.0 (Windows NT 10.0; Win64; x64) AppleWebKit/537.36 (KHTML, like Gecko) Chrome/84.0.4147.135 Safari/537.36"
193.194.132.26 - - [01/Sep/2020:11:22:33 +0200] "GET /reload?ser=1598952153730 HTTP/1.1" 200 28 "http://renault.2web.at/account" "Mozilla/5.0 (Windows NT 10.0; Win64; x64) AppleWebKit/537.36 (KHTML, like Gecko) Chrome/84.0.4147.135 Safari/537.36"
88.117.213.154 - - [01/Sep/2020:11:23:22 +0200] "GET /reload?ser=1598952202618 HTTP/1.1" 200 28 "http://renault.activities.at/10260286" "Mozilla/5.0 (Windows NT 10.0; Win64; x64) AppleWebKit/537.36 (KHTML, like Gecko) Chrome/84.0.4147.135 Safari/537.36"
193.194.132.26 - - [01/Sep/2020:11:23:35 +0200] "GET /reload?ser=1598952215731 HTTP/1.1" 200 28 "http://renault.2web.at/account" "Mozilla/5.0 (Windows NT 10.0; Win64; x64) AppleWebKit/537.36 (KHTML, like Gecko) Chrome/84.0.4147.135 Safari/537.36"
88.117.213.154 - - [01/Sep/2020:11:24:23 +0200] "GET /reload?ser=1598952263582 HTTP/1.1" 200 28 "http://renault.activities.at/10260286" "Mozilla/5.0 (Windows NT 10.0; Win64; x64) AppleWebKit/537.36 (KHTML, like Gecko) Chrome/84.0.4147.135 Safari/537.36"
193.194.132.26 - - [01/Sep/2020:11:24:37 +0200] "GET /reload?ser=1598952277739 HTTP/1.1" 200 28 "http://renault.2web.at/account" "Mozilla/5.0 (Windows NT 10.0; Win64; x64) AppleWebKit/537.36 (KHTML, like Gecko) Chrome/84.0.4147.135 Safari/537.36"
88.117.213.154 - - [01/Sep/2020:11:25:24 +0200] "GET /reload?ser=1598952324557 HTTP/1.1" 200 28 "http://renault.activities.at/10260286" "Mozilla/5.0 (Windows NT 10.0; Win64; x64) AppleWebKit/537.36 (KHTML, like Gecko) Chrome/84.0.4147.135 Safari/537.36"
193.194.132.26 - - [01/Sep/2020:11:25:39 +0200] "GET /reload?ser=1598952339733 HTTP/1.1" 200 28 "http://renault.2web.at/account" "Mozilla/5.0 (Windows NT 10.0; Win64; x64) AppleWebKit/537.36 (KHTML, like Gecko) Chrome/84.0.4147.135 Safari/537.36"
88.117.213.154 - - [01/Sep/2020:11:26:25 +0200] "GET /reload?ser=1598952385500 HTTP/1.1" 200 28 "http://renault.activities.at/10260286" "Mozilla/5.0 (Windows NT 10.0; Win64; x64) AppleWebKit/537.36 (KHTML, like Gecko) Chrome/84.0.4147.135 Safari/537.36"
193.194.132.26 - - [01/Sep/2020:11:26:41 +0200] "GET /reload?ser=1598952401768 HTTP/1.1" 200 28 "http://renault.2web.at/account" "Mozilla/5.0 (Windows NT 10.0; Win64; x64) AppleWebKit/537.36 (KHTML, like Gecko) Chrome/84.0.4147.135 Safari/537.36"
88.117.213.154 - - [01/Sep/2020:11:27:26 +0200] "GET /reload?ser=1598952446461 HTTP/1.1" 200 28 "http://renault.activities.at/10260286" "Mozilla/5.0 (Windows NT 10.0; Win64; x64) AppleWebKit/537.36 (KHTML, like Gecko) Chrome/84.0.4147.135 Safari/537.36"
193.194.132.26 - - [01/Sep/2020:11:27:43 +0200] "GET /reload?ser=1598952463739 HTTP/1.1" 200 28 "http://renault.2web.at/account" "Mozilla/5.0 (Windows NT 10.0; Win64; x64) AppleWebKit/537.36 (KHTML, like Gecko) Chrome/84.0.4147.135 Safari/537.36"
88.117.213.154 - - [01/Sep/2020:11:28:27 +0200] "GET /reload?ser=1598952507444 HTTP/1.1" 200 28 "http://renault.activities.at/10260286" "Mozilla/5.0 (Windows NT 10.0; Win64; x64) AppleWebKit/537.36 (KHTML, like Gecko) Chrome/84.0.4147.135 Safari/537.36"
193.194.132.26 - - [01/Sep/2020:11:28:45 +0200] "GET /reload?ser=1598952525737 HTTP/1.1" 200 28 "http://renault.2web.at/account" "Mozilla/5.0 (Windows NT 10.0; Win64; x64) AppleWebKit/537.36 (KHTML, like Gecko) Chrome/84.0.4147.135 Safari/537.36"
88.117.213.154 - - [01/Sep/2020:11:29:28 +0200] "GET /reload?ser=1598952568418 HTTP/1.1" 200 28 "http://renault.activities.at/10260286" "Mozilla/5.0 (Windows NT 10.0; Win64; x64) AppleWebKit/537.36 (KHTML, like Gecko) Chrome/84.0.4147.135 Safari/537.36"
193.194.132.26 - - [01/Sep/2020:11:29:47 +0200] "GET /reload?ser=1598952587738 HTTP/1.1" 200 28 "http://renault.2web.at/account" "Mozilla/5.0 (Windows NT 10.0; Win64; x64) AppleWebKit/537.36 (KHTML, like Gecko) Chrome/84.0.4147.135 Safari/537.36"
88.117.213.154 - - [01/Sep/2020:11:30:29 +0200] "GET /reload?ser=1598952629382 HTTP/1.1" 200 28 "http://renault.activities.at/10260286" "Mozilla/5.0 (Windows NT 10.0; Win64; x64) AppleWebKit/537.36 (KHTML, like Gecko) Chrome/84.0.4147.135 Safari/537.36"
193.194.132.26 - - [01/Sep/2020:11:30:49 +0200] "GET /reload?ser=1598952649742 HTTP/1.1" 200 28 "http://renault.2web.at/account" "Mozilla/5.0 (Windows NT 10.0; Win64; x64) AppleWebKit/537.36 (KHTML, like Gecko) Chrome/84.0.4147.135 Safari/537.36"
212.186.92.126 - - [01/Sep/2020:11:31:24 +0200] "GET / HTTP/1.1" 200 3273 "-" "Mozilla/5.0 (Windows NT 10.0; WOW64) AppleWebKit/537.36 (KHTML, like Gecko) Chrome/84.0.4147.135 Safari/537.36"
212.186.92.126 - - [01/Sep/2020:11:31:25 +0200] "GET /js/default.js HTTP/1.1" 200 14698 "http://renault.activities.at/" "Mozilla/5.0 (Windows NT 10.0; WOW64) AppleWebKit/537.36 (KHTML, like Gecko) Chrome/84.0.4147.135 Safari/537.36"
212.186.92.126 - - [01/Sep/2020:11:31:25 +0200] "GET /css/reset.css HTTP/1.1" 200 1356 "http://renault.activities.at/" "Mozilla/5.0 (Windows NT 10.0; WOW64) AppleWebKit/537.36 (KHTML, like Gecko) Chrome/84.0.4147.135 Safari/537.36"
212.186.92.126 - - [01/Sep/2020:11:31:25 +0200] "GET /css/clears.css HTTP/1.1" 200 851 "http://renault.activities.at/" "Mozilla/5.0 (Windows NT 10.0; WOW64) AppleWebKit/537.36 (KHTML, like Gecko) Chrome/84.0.4147.135 Safari/537.36"
212.186.92.126 - - [01/Sep/2020:11:31:25 +0200] "GET /js/checkout.css HTTP/1.1" 200 359 "http://renault.activities.at/" "Mozilla/5.0 (Windows NT 10.0; WOW64) AppleWebKit/537.36 (KHTML, like Gecko) Chrome/84.0.4147.135 Safari/537.36"
212.186.92.126 - - [01/Sep/2020:11:31:25 +0200] "GET /css/prototip.css HTTP/1.1" 200 968 "http://renault.activities.at/" "Mozilla/5.0 (Windows NT 10.0; WOW64) AppleWebKit/537.36 (KHTML, like Gecko) Chrome/84.0.4147.135 Safari/537.36"
212.186.92.126 - - [01/Sep/2020:11:31:25 +0200] "GET /css/styles.css HTTP/1.1" 200 14664 "http://renault.activities.at/" "Mozilla/5.0 (Windows NT 10.0; WOW64) AppleWebKit/537.36 (KHTML, like Gecko) Chrome/84.0.4147.135 Safari/537.36"
212.186.92.126 - - [01/Sep/2020:11:31:25 +0200] "GET /css/themes/default.css HTTP/1.1" 200 769 "http://renault.activities.at/" "Mozilla/5.0 (Windows NT 10.0; WOW64) AppleWebKit/537.36 (KHTML, like Gecko) Chrome/84.0.4147.135 Safari/537.36"
212.186.92.126 - - [01/Sep/2020:11:31:25 +0200] "GET /js/flashdetection.js HTTP/1.1" 200 1059 "http://renault.activities.at/" "Mozilla/5.0 (Windows NT 10.0; WOW64) AppleWebKit/537.36 (KHTML, like Gecko) Chrome/84.0.4147.135 Safari/537.36"
212.186.92.126 - - [01/Sep/2020:11:31:25 +0200] "GET /css/themes/alphacube.css HTTP/1.1" 200 743 "http://renault.activities.at/" "Mozilla/5.0 (Windows NT 10.0; WOW64) AppleWebKit/537.36 (KHTML, like Gecko) Chrome/84.0.4147.135 Safari/537.36"
212.186.92.126 - - [01/Sep/2020:11:31:25 +0200] "GET /js/index.php?c=auto&f=,prototype/prototype.js,prototype/validation.js,scriptaculous/builder.js,scriptaculous/effects.js,scriptaculous/dragdrop.js,scriptaculous/controls.js,scriptaculous/slider.js,varien/js.js,varien/form.js,varien/menu.js,mage/translate.js,mage/cookies.js,varien/product.js,spinner/SpinnerControl.jsmin.js,prototype/window.js,prototype/window_ext.js HTTP/1.1" 200 94182 "http://renault.activities.at/" "Mozilla/5.0 (Windows NT 10.0; WOW64) AppleWebKit/537.36 (KHTML, like Gecko) Chrome/84.0.4147.135 Safari/537.36"
212.186.92.126 - - [01/Sep/2020:11:31:25 +0200] "GET /images/main_block_corner_right_bot.gif HTTP/1.1" 200 158 "http://renault.activities.at/css/styles.css" "Mozilla/5.0 (Windows NT 10.0; WOW64) AppleWebKit/537.36 (KHTML, like Gecko) Chrome/84.0.4147.135 Safari/537.36"
212.186.92.126 - - [01/Sep/2020:11:31:25 +0200] "GET /images/main_block_border.gif HTTP/1.1" 200 43 "http://renault.activities.at/css/styles.css" "Mozilla/5.0 (Windows NT 10.0; WOW64) AppleWebKit/537.36 (KHTML, like Gecko) Chrome/84.0.4147.135 Safari/537.36"
212.186.92.126 - - [01/Sep/2020:11:31:25 +0200] "GET /images/main_block_corner_left_bot.gif HTTP/1.1" 200 159 "http://renault.activities.at/css/styles.css" "Mozilla/5.0 (Windows NT 10.0; WOW64) AppleWebKit/537.36 (KHTML, like Gecko) Chrome/84.0.4147.135 Safari/537.36"
212.186.92.126 - - [01/Sep/2020:11:31:25 +0200] "GET /images/header_block_border.gif HTTP/1.1" 200 43 "http://renault.activities.at/css/styles.css" "Mozilla/5.0 (Windows NT 10.0; WOW64) AppleWebKit/537.36 (KHTML, like Gecko) Chrome/84.0.4147.135 Safari/537.36"
212.186.92.126 - - [01/Sep/2020:11:31:26 +0200] "GET /css/print.css HTTP/1.1" 200 543 "http://renault.activities.at/" "Mozilla/5.0 (Windows NT 10.0; WOW64) AppleWebKit/537.36 (KHTML, like Gecko) Chrome/84.0.4147.135 Safari/537.36"
212.186.92.126 - - [01/Sep/2020:11:31:26 +0200] "GET /images/header_block_corner_left_top.gif HTTP/1.1" 200 160 "http://renault.activities.at/css/styles.css" "Mozilla/5.0 (Windows NT 10.0; WOW64) AppleWebKit/537.36 (KHTML, like Gecko) Chrome/84.0.4147.135 Safari/537.36"
212.186.92.126 - - [01/Sep/2020:11:31:26 +0200] "GET /images/title_corner_right_top.jpg HTTP/1.1" 200 389 "http://renault.activities.at/css/styles.css" "Mozilla/5.0 (Windows NT 10.0; WOW64) AppleWebKit/537.36 (KHTML, like Gecko) Chrome/84.0.4147.135 Safari/537.36"
212.186.92.126 - - [01/Sep/2020:11:31:26 +0200] "GET /images/title_border_top.jpg HTTP/1.1" 200 336 "http://renault.activities.at/css/styles.css" "Mozilla/5.0 (Windows NT 10.0; WOW64) AppleWebKit/537.36 (KHTML, like Gecko) Chrome/84.0.4147.135 Safari/537.36"
212.186.92.126 - - [01/Sep/2020:11:31:26 +0200] "GET /images/title_border.jpg HTTP/1.1" 200 304 "http://renault.activities.at/css/styles.css" "Mozilla/5.0 (Windows NT 10.0; WOW64) AppleWebKit/537.36 (KHTML, like Gecko) Chrome/84.0.4147.135 Safari/537.36"
212.186.92.126 - - [01/Sep/2020:11:31:26 +0200] "GET /images/title_corner_left_top.jpg HTTP/1.1" 200 372 "http://renault.activities.at/css/styles.css" "Mozilla/5.0 (Windows NT 10.0; WOW64) AppleWebKit/537.36 (KHTML, like Gecko) Chrome/84.0.4147.135 Safari/537.36"
212.186.92.126 - - [01/Sep/2020:11:31:26 +0200] "GET /images/header_block_corner_right_top.gif HTTP/1.1" 200 160 "http://renault.activities.at/css/styles.css" "Mozilla/5.0 (Windows NT 10.0; WOW64) AppleWebKit/537.36 (KHTML, like Gecko) Chrome/84.0.4147.135 Safari/537.36"
212.186.92.126 - - [01/Sep/2020:11:31:26 +0200] "GET /images/main_block_corner_left_top.gif HTTP/1.1" 200 159 "http://renault.activities.at/css/styles.css" "Mozilla/5.0 (Windows NT 10.0; WOW64) AppleWebKit/537.36 (KHTML, like Gecko) Chrome/84.0.4147.135 Safari/537.36"
212.186.92.126 - - [01/Sep/2020:11:31:26 +0200] "GET /images/main_block_corner_right_top.gif HTTP/1.1" 200 159 "http://renault.activities.at/css/styles.css" "Mozilla/5.0 (Windows NT 10.0; WOW64) AppleWebKit/537.36 (KHTML, like Gecko) Chrome/84.0.4147.135 Safari/537.36"
212.186.92.126 - - [01/Sep/2020:11:31:26 +0200] "GET /loadthumbnail.php?id=11127982 HTTP/1.1" 200 399614 "http://renault.activities.at/" "Mozilla/5.0 (Windows NT 10.0; WOW64) AppleWebKit/537.36 (KHTML, like Gecko) Chrome/84.0.4147.135 Safari/537.36"
212.186.92.126 - - [01/Sep/2020:11:31:27 +0200] "GET /images/favicon.ico HTTP/1.1" 404 305 "http://renault.activities.at/" "Mozilla/5.0 (Windows NT 10.0; WOW64) AppleWebKit/537.36 (KHTML, like Gecko) Chrome/84.0.4147.135 Safari/537.36"
88.117.213.154 - - [01/Sep/2020:11:31:30 +0200] "GET /reload?ser=1598952690316 HTTP/1.1" 200 28 "http://renault.activities.at/10260286" "Mozilla/5.0 (Windows NT 10.0; Win64; x64) AppleWebKit/537.36 (KHTML, like Gecko) Chrome/84.0.4147.135 Safari/537.36"
193.194.132.26 - - [01/Sep/2020:11:31:51 +0200] "GET /reload?ser=1598952711741 HTTP/1.1" 200 28 "http://renault.2web.at/account" "Mozilla/5.0 (Windows NT 10.0; Win64; x64) AppleWebKit/537.36 (KHTML, like Gecko) Chrome/84.0.4147.135 Safari/537.36"
88.117.213.154 - - [01/Sep/2020:11:32:31 +0200] "GET /reload?ser=1598952751268 HTTP/1.1" 200 28 "http://renault.activities.at/10260286" "Mozilla/5.0 (Windows NT 10.0; Win64; x64) AppleWebKit/537.36 (KHTML, like Gecko) Chrome/84.0.4147.135 Safari/537.36"
193.194.132.26 - - [01/Sep/2020:11:32:53 +0200] "GET /reload?ser=1598952773745 HTTP/1.1" 200 28 "http://renault.2web.at/account" "Mozilla/5.0 (Windows NT 10.0; Win64; x64) AppleWebKit/537.36 (KHTML, like Gecko) Chrome/84.0.4147.135 Safari/537.36"
88.117.213.154 - - [01/Sep/2020:11:33:32 +0200] "GET /reload?ser=1598952812253 HTTP/1.1" 200 28 "http://renault.activities.at/10260286" "Mozilla/5.0 (Windows NT 10.0; Win64; x64) AppleWebKit/537.36 (KHTML, like Gecko) Chrome/84.0.4147.135 Safari/537.36"
209.17.97.82 - - [01/Sep/2020:11:33:33 +0200] "GET / HTTP/1.1" 200 13281 "-" "Mozilla/5.0 (compatible; Nimbostratus-Bot/v1.3.2; http://cloudsystemnetworks.com)"
193.194.132.26 - - [01/Sep/2020:11:33:55 +0200] "GET /reload?ser=1598952835746 HTTP/1.1" 200 28 "http://renault.2web.at/account" "Mozilla/5.0 (Windows NT 10.0; Win64; x64) AppleWebKit/537.36 (KHTML, like Gecko) Chrome/84.0.4147.135 Safari/537.36"
88.117.213.154 - - [01/Sep/2020:11:34:33 +0200] "GET /reload?ser=1598952873183 HTTP/1.1" 200 28 "http://renault.activities.at/10260286" "Mozilla/5.0 (Windows NT 10.0; Win64; x64) AppleWebKit/537.36 (KHTML, like Gecko) Chrome/84.0.4147.135 Safari/537.36"
193.194.132.26 - - [01/Sep/2020:11:34:57 +0200] "GET /reload?ser=1598952897747 HTTP/1.1" 200 28 "http://renault.2web.at/account" "Mozilla/5.0 (Windows NT 10.0; Win64; x64) AppleWebKit/537.36 (KHTML, like Gecko) Chrome/84.0.4147.135 Safari/537.36"
88.117.213.154 - - [01/Sep/2020:11:35:34 +0200] "GET /reload?ser=1598952934112 HTTP/1.1" 200 28 "http://renault.activities.at/10260286" "Mozilla/5.0 (Windows NT 10.0; Win64; x64) AppleWebKit/537.36 (KHTML, like Gecko) Chrome/84.0.4147.135 Safari/537.36"
193.194.132.26 - - [01/Sep/2020:11:35:59 +0200] "GET /reload?ser=1598952959743 HTTP/1.1" 200 28 "http://renault.2web.at/account" "Mozilla/5.0 (Windows NT 10.0; Win64; x64) AppleWebKit/537.36 (KHTML, like Gecko) Chrome/84.0.4147.135 Safari/537.36"
88.117.213.154 - - [01/Sep/2020:11:36:35 +0200] "GET /reload?ser=1598952995071 HTTP/1.1" 200 28 "http://renault.activities.at/10260286" "Mozilla/5.0 (Windows NT 10.0; Win64; x64) AppleWebKit/537.36 (KHTML, like Gecko) Chrome/84.0.4147.135 Safari/537.36"
193.194.132.26 - - [01/Sep/2020:11:37:01 +0200] "GET /reload?ser=1598953021744 HTTP/1.1" 200 28 "http://renault.2web.at/account" "Mozilla/5.0 (Windows NT 10.0; Win64; x64) AppleWebKit/537.36 (KHTML, like Gecko) Chrome/84.0.4147.135 Safari/537.36"
88.117.213.154 - - [01/Sep/2020:11:37:36 +0200] "GET /reload?ser=1598953055997 HTTP/1.1" 200 28 "http://renault.activities.at/10260286" "Mozilla/5.0 (Windows NT 10.0; Win64; x64) AppleWebKit/537.36 (KHTML, like Gecko) Chrome/84.0.4147.135 Safari/537.36"
193.194.132.26 - - [01/Sep/2020:11:38:03 +0200] "GET /reload?ser=1598953083748 HTTP/1.1" 200 28 "http://renault.2web.at/account" "Mozilla/5.0 (Windows NT 10.0; Win64; x64) AppleWebKit/537.36 (KHTML, like Gecko) Chrome/84.0.4147.135 Safari/537.36"
88.117.213.154 - - [01/Sep/2020:11:38:37 +0200] "GET /reload?ser=1598953116971 HTTP/1.1" 200 28 "http://renault.activities.at/10260286" "Mozilla/5.0 (Windows NT 10.0; Win64; x64) AppleWebKit/537.36 (KHTML, like Gecko) Chrome/84.0.4147.135 Safari/537.36"
193.194.132.26 - - [01/Sep/2020:11:39:05 +0200] "GET /reload?ser=1598953145746 HTTP/1.1" 200 28 "http://renault.2web.at/account" "Mozilla/5.0 (Windows NT 10.0; Win64; x64) AppleWebKit/537.36 (KHTML, like Gecko) Chrome/84.0.4147.135 Safari/537.36"
88.117.213.154 - - [01/Sep/2020:11:39:37 +0200] "GET /reload?ser=1598953177933 HTTP/1.1" 200 28 "http://renault.activities.at/10260286" "Mozilla/5.0 (Windows NT 10.0; Win64; x64) AppleWebKit/537.36 (KHTML, like Gecko) Chrome/84.0.4147.135 Safari/537.36"
193.194.132.26 - - [01/Sep/2020:11:40:07 +0200] "GET /reload?ser=1598953207749 HTTP/1.1" 200 28 "http://renault.2web.at/account" "Mozilla/5.0 (Windows NT 10.0; Win64; x64) AppleWebKit/537.36 (KHTML, like Gecko) Chrome/84.0.4147.135 Safari/537.36"
88.117.213.154 - - [01/Sep/2020:11:40:38 +0200] "GET /reload?ser=1598953238892 HTTP/1.1" 200 28 "http://renault.activities.at/10260286" "Mozilla/5.0 (Windows NT 10.0; Win64; x64) AppleWebKit/537.36 (KHTML, like Gecko) Chrome/84.0.4147.135 Safari/537.36"
193.194.132.26 - - [01/Sep/2020:11:41:09 +0200] "GET /reload?ser=1598953269750 HTTP/1.1" 200 28 "http://renault.2web.at/account" "Mozilla/5.0 (Windows NT 10.0; Win64; x64) AppleWebKit/537.36 (KHTML, like Gecko) Chrome/84.0.4147.135 Safari/537.36"
88.117.213.154 - - [01/Sep/2020:11:41:39 +0200] "GET /reload?ser=1598953299815 HTTP/1.1" 200 28 "http://renault.activities.at/10260286" "Mozilla/5.0 (Windows NT 10.0; Win64; x64) AppleWebKit/537.36 (KHTML, like Gecko) Chrome/84.0.4147.135 Safari/537.36"
193.194.132.26 - - [01/Sep/2020:11:42:11 +0200] "GET /reload?ser=1598953331749 HTTP/1.1" 200 28 "http://renault.2web.at/account" "Mozilla/5.0 (Windows NT 10.0; Win64; x64) AppleWebKit/537.36 (KHTML, like Gecko) Chrome/84.0.4147.135 Safari/537.36"
88.117.213.154 - - [01/Sep/2020:11:42:40 +0200] "GET /reload?ser=1598953360746 HTTP/1.1" 200 28 "http://renault.activities.at/10260286" "Mozilla/5.0 (Windows NT 10.0; Win64; x64) AppleWebKit/537.36 (KHTML, like Gecko) Chrome/84.0.4147.135 Safari/537.36"
193.194.132.26 - - [01/Sep/2020:11:43:13 +0200] "GET /reload?ser=1598953393752 HTTP/1.1" 200 28 "http://renault.2web.at/account" "Mozilla/5.0 (Windows NT 10.0; Win64; x64) AppleWebKit/537.36 (KHTML, like Gecko) Chrome/84.0.4147.135 Safari/537.36"
80.123.225.38 - - [01/Sep/2020:11:43:25 +0200] "GET / HTTP/1.1" 200 3273 "-" "Mozilla/5.0 (Windows NT 10.0; Win64; x64) AppleWebKit/537.36 (KHTML, like Gecko) Chrome/70.0.3538.102 Safari/537.36 Edge/18.18363"
80.123.225.38 - - [01/Sep/2020:11:43:26 +0200] "GET /images/favicon.ico HTTP/1.1" 404 305 "-" "Mozilla/5.0 (Windows NT 10.0; Win64; x64) AppleWebKit/537.36 (KHTML, like Gecko) Chrome/70.0.3538.102 Safari/537.36 Edge/18.18363"
88.117.213.154 - - [01/Sep/2020:11:43:41 +0200] "GET /reload?ser=1598953421677 HTTP/1.1" 200 28 "http://renault.activities.at/10260286" "Mozilla/5.0 (Windows NT 10.0; Win64; x64) AppleWebKit/537.36 (KHTML, like Gecko) Chrome/84.0.4147.135 Safari/537.36"
193.194.132.26 - - [01/Sep/2020:11:44:15 +0200] "GET /reload?ser=1598953455750 HTTP/1.1" 200 28 "http://renault.2web.at/account" "Mozilla/5.0 (Windows NT 10.0; Win64; x64) AppleWebKit/537.36 (KHTML, like Gecko) Chrome/84.0.4147.135 Safari/537.36"
88.117.213.154 - - [01/Sep/2020:11:44:42 +0200] "GET /reload?ser=1598953482639 HTTP/1.1" 200 28 "http://renault.activities.at/10260286" "Mozilla/5.0 (Windows NT 10.0; Win64; x64) AppleWebKit/537.36 (KHTML, like Gecko) Chrome/84.0.4147.135 Safari/537.36"
193.194.132.26 - - [01/Sep/2020:11:45:17 +0200] "GET /reload?ser=1598953517758 HTTP/1.1" 200 28 "http://renault.2web.at/account" "Mozilla/5.0 (Windows NT 10.0; Win64; x64) AppleWebKit/537.36 (KHTML, like Gecko) Chrome/84.0.4147.135 Safari/537.36"
88.117.213.154 - - [01/Sep/2020:11:45:43 +0200] "GET /reload?ser=1598953543605 HTTP/1.1" 200 28 "http://renault.activities.at/10260286" "Mozilla/5.0 (Windows NT 10.0; Win64; x64) AppleWebKit/537.36 (KHTML, like Gecko) Chrome/84.0.4147.135 Safari/537.36"
193.194.132.26 - - [01/Sep/2020:11:46:19 +0200] "GET /reload?ser=1598953579752 HTTP/1.1" 200 28 "http://renault.2web.at/account" "Mozilla/5.0 (Windows NT 10.0; Win64; x64) AppleWebKit/537.36 (KHTML, like Gecko) Chrome/84.0.4147.135 Safari/537.36"
88.117.213.154 - - [01/Sep/2020:11:46:44 +0200] "GET /reload?ser=1598953604549 HTTP/1.1" 200 28 "http://renault.activities.at/10260286" "Mozilla/5.0 (Windows NT 10.0; Win64; x64) AppleWebKit/537.36 (KHTML, like Gecko) Chrome/84.0.4147.135 Safari/537.36"
193.194.132.26 - - [01/Sep/2020:11:47:21 +0200] "GET /reload?ser=1598953641750 HTTP/1.1" 200 28 "http://renault.2web.at/account" "Mozilla/5.0 (Windows NT 10.0; Win64; x64) AppleWebKit/537.36 (KHTML, like Gecko) Chrome/84.0.4147.135 Safari/537.36"
88.117.213.154 - - [01/Sep/2020:11:47:45 +0200] "GET /reload?ser=1598953665495 HTTP/1.1" 200 28 "http://renault.activities.at/10260286" "Mozilla/5.0 (Windows NT 10.0; Win64; x64) AppleWebKit/537.36 (KHTML, like Gecko) Chrome/84.0.4147.135 Safari/537.36"
193.194.132.26 - - [01/Sep/2020:11:48:26 +0200] "GET /reload?ser=1598953703810 HTTP/1.1" 200 28 "http://renault.2web.at/account" "Mozilla/5.0 (Windows NT 10.0; Win64; x64) AppleWebKit/537.36 (KHTML, like Gecko) Chrome/84.0.4147.135 Safari/537.36"
88.117.213.154 - - [01/Sep/2020:11:48:46 +0200] "GET /reload?ser=1598953726424 HTTP/1.1" 200 28 "http://renault.activities.at/10260286" "Mozilla/5.0 (Windows NT 10.0; Win64; x64) AppleWebKit/537.36 (KHTML, like Gecko) Chrome/84.0.4147.135 Safari/537.36"
193.194.132.26 - - [01/Sep/2020:11:49:27 +0200] "GET /reload?ser=1598953767765 HTTP/1.1" 200 28 "http://renault.2web.at/account" "Mozilla/5.0 (Windows NT 10.0; Win64; x64) AppleWebKit/537.36 (KHTML, like Gecko) Chrome/84.0.4147.135 Safari/537.36"
88.117.213.154 - - [01/Sep/2020:11:49:47 +0200] "GET /reload?ser=1598953787392 HTTP/1.1" 200 28 "http://renault.activities.at/10260286" "Mozilla/5.0 (Windows NT 10.0; Win64; x64) AppleWebKit/537.36 (KHTML, like Gecko) Chrome/84.0.4147.135 Safari/537.36"
193.194.132.26 - - [01/Sep/2020:11:50:29 +0200] "GET /reload?ser=1598953829757 HTTP/1.1" 200 28 "http://renault.2web.at/account" "Mozilla/5.0 (Windows NT 10.0; Win64; x64) AppleWebKit/537.36 (KHTML, like Gecko) Chrome/84.0.4147.135 Safari/537.36"
88.117.213.154 - - [01/Sep/2020:11:50:48 +0200] "GET /reload?ser=1598953848341 HTTP/1.1" 200 28 "http://renault.activities.at/10260286" "Mozilla/5.0 (Windows NT 10.0; Win64; x64) AppleWebKit/537.36 (KHTML, like Gecko) Chrome/84.0.4147.135 Safari/537.36"
193.194.132.26 - - [01/Sep/2020:11:51:31 +0200] "GET /reload?ser=1598953891761 HTTP/1.1" 200 28 "http://renault.2web.at/account" "Mozilla/5.0 (Windows NT 10.0; Win64; x64) AppleWebKit/537.36 (KHTML, like Gecko) Chrome/84.0.4147.135 Safari/537.36"
88.117.213.154 - - [01/Sep/2020:11:51:49 +0200] "GET /reload?ser=1598953909279 HTTP/1.1" 200 28 "http://renault.activities.at/10260286" "Mozilla/5.0 (Windows NT 10.0; Win64; x64) AppleWebKit/537.36 (KHTML, like Gecko) Chrome/84.0.4147.135 Safari/537.36"
193.194.132.26 - - [01/Sep/2020:11:52:33 +0200] "GET /reload?ser=1598953953764 HTTP/1.1" 200 28 "http://renault.2web.at/account" "Mozilla/5.0 (Windows NT 10.0; Win64; x64) AppleWebKit/537.36 (KHTML, like Gecko) Chrome/84.0.4147.135 Safari/537.36"
88.117.213.154 - - [01/Sep/2020:11:52:50 +0200] "GET /reload?ser=1598953970247 HTTP/1.1" 200 28 "http://renault.activities.at/10260286" "Mozilla/5.0 (Windows NT 10.0; Win64; x64) AppleWebKit/537.36 (KHTML, like Gecko) Chrome/84.0.4147.135 Safari/537.36"
193.194.132.26 - - [01/Sep/2020:11:53:36 +0200] "GET /reload?ser=1598954015774 HTTP/1.1" 200 28 "http://renault.2web.at/account" "Mozilla/5.0 (Windows NT 10.0; Win64; x64) AppleWebKit/537.36 (KHTML, like Gecko) Chrome/84.0.4147.135 Safari/537.36"
88.117.213.154 - - [01/Sep/2020:11:53:51 +0200] "GET /reload?ser=1598954031206 HTTP/1.1" 200 28 "http://renault.activities.at/10260286" "Mozilla/5.0 (Windows NT 10.0; Win64; x64) AppleWebKit/537.36 (KHTML, like Gecko) Chrome/84.0.4147.135 Safari/537.36"
88.117.213.154 - - [01/Sep/2020:11:54:52 +0200] "GET /reload?ser=1598954092164 HTTP/1.1" 200 28 "http://renault.activities.at/10260286" "Mozilla/5.0 (Windows NT 10.0; Win64; x64) AppleWebKit/537.36 (KHTML, like Gecko) Chrome/84.0.4147.135 Safari/537.36"
88.117.213.154 - - [01/Sep/2020:11:55:53 +0200] "GET /reload?ser=1598954153131 HTTP/1.1" 200 28 "http://renault.activities.at/10260286" "Mozilla/5.0 (Windows NT 10.0; Win64; x64) AppleWebKit/537.36 (KHTML, like Gecko) Chrome/84.0.4147.135 Safari/537.36"
88.117.213.154 - - [01/Sep/2020:11:56:54 +0200] "GET /reload?ser=1598954214077 HTTP/1.1" 200 28 "http://renault.activities.at/10260286" "Mozilla/5.0 (Windows NT 10.0; Win64; x64) AppleWebKit/537.36 (KHTML, like Gecko) Chrome/84.0.4147.135 Safari/537.36"
88.117.213.154 - - [01/Sep/2020:11:57:55 +0200] "GET /reload?ser=1598954275033 HTTP/1.1" 200 28 "http://renault.activities.at/10260286" "Mozilla/5.0 (Windows NT 10.0; Win64; x64) AppleWebKit/537.36 (KHTML, like Gecko) Chrome/84.0.4147.135 Safari/537.36"
88.117.213.154 - - [01/Sep/2020:11:58:56 +0200] "GET /reload?ser=1598954336000 HTTP/1.1" 200 28 "http://renault.activities.at/10260286" "Mozilla/5.0 (Windows NT 10.0; Win64; x64) AppleWebKit/537.36 (KHTML, like Gecko) Chrome/84.0.4147.135 Safari/537.36"
88.117.213.154 - - [01/Sep/2020:11:59:56 +0200] "GET /reload?ser=1598954396960 HTTP/1.1" 200 28 "http://renault.activities.at/10260286" "Mozilla/5.0 (Windows NT 10.0; Win64; x64) AppleWebKit/537.36 (KHTML, like Gecko) Chrome/84.0.4147.135 Safari/537.36"
88.117.213.154 - - [01/Sep/2020:12:00:57 +0200] "GET /reload?ser=1598954457929 HTTP/1.1" 200 28 "http://renault.activities.at/10260286" "Mozilla/5.0 (Windows NT 10.0; Win64; x64) AppleWebKit/537.36 (KHTML, like Gecko) Chrome/84.0.4147.135 Safari/537.36"
88.117.213.154 - - [01/Sep/2020:12:01:58 +0200] "GET /reload?ser=1598954518891 HTTP/1.1" 200 28 "http://renault.activities.at/10260286" "Mozilla/5.0 (Windows NT 10.0; Win64; x64) AppleWebKit/537.36 (KHTML, like Gecko) Chrome/84.0.4147.135 Safari/537.36"
88.117.213.154 - - [01/Sep/2020:12:02:59 +0200] "GET /reload?ser=1598954579852 HTTP/1.1" 200 28 "http://renault.activities.at/10260286" "Mozilla/5.0 (Windows NT 10.0; Win64; x64) AppleWebKit/537.36 (KHTML, like Gecko) Chrome/84.0.4147.135 Safari/537.36"
88.117.213.154 - - [01/Sep/2020:12:04:00 +0200] "GET /reload?ser=1598954640832 HTTP/1.1" 200 28 "http://renault.activities.at/10260286" "Mozilla/5.0 (Windows NT 10.0; Win64; x64) AppleWebKit/537.36 (KHTML, like Gecko) Chrome/84.0.4147.135 Safari/537.36"
88.117.213.154 - - [01/Sep/2020:12:05:01 +0200] "GET /reload?ser=1598954701826 HTTP/1.1" 200 28 "http://renault.activities.at/10260286" "Mozilla/5.0 (Windows NT 10.0; Win64; x64) AppleWebKit/537.36 (KHTML, like Gecko) Chrome/84.0.4147.135 Safari/537.36"
88.117.213.154 - - [01/Sep/2020:12:06:02 +0200] "GET /reload?ser=1598954762810 HTTP/1.1" 200 28 "http://renault.activities.at/10260286" "Mozilla/5.0 (Windows NT 10.0; Win64; x64) AppleWebKit/537.36 (KHTML, like Gecko) Chrome/84.0.4147.135 Safari/537.36"
88.117.213.154 - - [01/Sep/2020:12:07:03 +0200] "GET /reload?ser=1598954823763 HTTP/1.1" 200 28 "http://renault.activities.at/10260286" "Mozilla/5.0 (Windows NT 10.0; Win64; x64) AppleWebKit/537.36 (KHTML, like Gecko) Chrome/84.0.4147.135 Safari/537.36"
88.117.213.154 - - [01/Sep/2020:12:08:04 +0200] "GET /reload?ser=1598954884730 HTTP/1.1" 200 28 "http://renault.activities.at/10260286" "Mozilla/5.0 (Windows NT 10.0; Win64; x64) AppleWebKit/537.36 (KHTML, like Gecko) Chrome/84.0.4147.135 Safari/537.36"
88.117.213.154 - - [01/Sep/2020:12:09:05 +0200] "GET /reload?ser=1598954945679 HTTP/1.1" 200 28 "http://renault.activities.at/10260286" "Mozilla/5.0 (Windows NT 10.0; Win64; x64) AppleWebKit/537.36 (KHTML, like Gecko) Chrome/84.0.4147.135 Safari/537.36"
88.117.213.154 - - [01/Sep/2020:12:10:06 +0200] "GET /reload?ser=1598955006642 HTTP/1.1" 200 28 "http://renault.activities.at/10260286" "Mozilla/5.0 (Windows NT 10.0; Win64; x64) AppleWebKit/537.36 (KHTML, like Gecko) Chrome/84.0.4147.135 Safari/537.36"
88.117.213.154 - - [01/Sep/2020:12:11:07 +0200] "GET /reload?ser=1598955067614 HTTP/1.1" 200 28 "http://renault.activities.at/10260286" "Mozilla/5.0 (Windows NT 10.0; Win64; x64) AppleWebKit/537.36 (KHTML, like Gecko) Chrome/84.0.4147.135 Safari/537.36"
88.117.213.154 - - [01/Sep/2020:12:12:08 +0200] "GET /reload?ser=1598955128603 HTTP/1.1" 200 28 "http://renault.activities.at/10260286" "Mozilla/5.0 (Windows NT 10.0; Win64; x64) AppleWebKit/537.36 (KHTML, like Gecko) Chrome/84.0.4147.135 Safari/537.36"
88.117.213.154 - - [01/Sep/2020:12:13:09 +0200] "GET /reload?ser=1598955189571 HTTP/1.1" 200 28 "http://renault.activities.at/10260286" "Mozilla/5.0 (Windows NT 10.0; Win64; x64) AppleWebKit/537.36 (KHTML, like Gecko) Chrome/84.0.4147.135 Safari/537.36"
88.117.213.154 - - [01/Sep/2020:12:14:10 +0200] "GET /reload?ser=1598955250516 HTTP/1.1" 200 28 "http://renault.activities.at/10260286" "Mozilla/5.0 (Windows NT 10.0; Win64; x64) AppleWebKit/537.36 (KHTML, like Gecko) Chrome/84.0.4147.135 Safari/537.36"
88.117.213.154 - - [01/Sep/2020:12:15:11 +0200] "GET /reload?ser=1598955311486 HTTP/1.1" 200 28 "http://renault.activities.at/10260286" "Mozilla/5.0 (Windows NT 10.0; Win64; x64) AppleWebKit/537.36 (KHTML, like Gecko) Chrome/84.0.4147.135 Safari/537.36"
88.117.213.154 - - [01/Sep/2020:12:16:12 +0200] "GET /reload?ser=1598955372455 HTTP/1.1" 200 28 "http://renault.activities.at/10260286" "Mozilla/5.0 (Windows NT 10.0; Win64; x64) AppleWebKit/537.36 (KHTML, like Gecko) Chrome/84.0.4147.135 Safari/537.36"
88.117.213.154 - - [01/Sep/2020:12:17:13 +0200] "GET /reload?ser=1598955433418 HTTP/1.1" 200 28 "http://renault.activities.at/10260286" "Mozilla/5.0 (Windows NT 10.0; Win64; x64) AppleWebKit/537.36 (KHTML, like Gecko) Chrome/84.0.4147.135 Safari/537.36"
88.117.213.154 - - [01/Sep/2020:12:18:14 +0200] "GET /reload?ser=1598955494372 HTTP/1.1" 200 28 "http://renault.activities.at/10260286" "Mozilla/5.0 (Windows NT 10.0; Win64; x64) AppleWebKit/537.36 (KHTML, like Gecko) Chrome/84.0.4147.135 Safari/537.36"
88.117.213.154 - - [01/Sep/2020:12:19:15 +0200] "GET /reload?ser=1598955555341 HTTP/1.1" 200 28 "http://renault.activities.at/10260286" "Mozilla/5.0 (Windows NT 10.0; Win64; x64) AppleWebKit/537.36 (KHTML, like Gecko) Chrome/84.0.4147.135 Safari/537.36"
88.117.213.154 - - [01/Sep/2020:12:20:16 +0200] "GET /reload?ser=1598955616288 HTTP/1.1" 200 28 "http://renault.activities.at/10260286" "Mozilla/5.0 (Windows NT 10.0; Win64; x64) AppleWebKit/537.36 (KHTML, like Gecko) Chrome/84.0.4147.135 Safari/537.36"
88.117.213.154 - - [01/Sep/2020:12:21:17 +0200] "GET /reload?ser=1598955677245 HTTP/1.1" 200 28 "http://renault.activities.at/10260286" "Mozilla/5.0 (Windows NT 10.0; Win64; x64) AppleWebKit/537.36 (KHTML, like Gecko) Chrome/84.0.4147.135 Safari/537.36"
88.117.213.154 - - [01/Sep/2020:12:22:18 +0200] "GET /reload?ser=1598955738205 HTTP/1.1" 200 28 "http://renault.activities.at/10260286" "Mozilla/5.0 (Windows NT 10.0; Win64; x64) AppleWebKit/537.36 (KHTML, like Gecko) Chrome/84.0.4147.135 Safari/537.36"
88.117.213.154 - - [01/Sep/2020:12:23:19 +0200] "GET /reload?ser=1598955799177 HTTP/1.1" 200 28 "http://renault.activities.at/10260286" "Mozilla/5.0 (Windows NT 10.0; Win64; x64) AppleWebKit/537.36 (KHTML, like Gecko) Chrome/84.0.4147.135 Safari/537.36"
88.117.213.154 - - [01/Sep/2020:12:24:20 +0200] "GET /reload?ser=1598955860166 HTTP/1.1" 200 28 "http://renault.activities.at/10260286" "Mozilla/5.0 (Windows NT 10.0; Win64; x64) AppleWebKit/537.36 (KHTML, like Gecko) Chrome/84.0.4147.135 Safari/537.36"
88.117.213.154 - - [01/Sep/2020:12:25:21 +0200] "GET /reload?ser=1598955921136 HTTP/1.1" 200 28 "http://renault.activities.at/10260286" "Mozilla/5.0 (Windows NT 10.0; Win64; x64) AppleWebKit/537.36 (KHTML, like Gecko) Chrome/84.0.4147.135 Safari/537.36"
88.117.213.154 - - [01/Sep/2020:12:26:22 +0200] "GET /reload?ser=1598955982113 HTTP/1.1" 200 28 "http://renault.activities.at/10260286" "Mozilla/5.0 (Windows NT 10.0; Win64; x64) AppleWebKit/537.36 (KHTML, like Gecko) Chrome/84.0.4147.135 Safari/537.36"
88.117.213.154 - - [01/Sep/2020:12:27:23 +0200] "GET /reload?ser=1598956043060 HTTP/1.1" 200 28 "http://renault.activities.at/10260286" "Mozilla/5.0 (Windows NT 10.0; Win64; x64) AppleWebKit/537.36 (KHTML, like Gecko) Chrome/84.0.4147.135 Safari/537.36"
88.117.213.154 - - [01/Sep/2020:12:28:24 +0200] "GET /reload?ser=1598956104020 HTTP/1.1" 200 28 "http://renault.activities.at/10260286" "Mozilla/5.0 (Windows NT 10.0; Win64; x64) AppleWebKit/537.36 (KHTML, like Gecko) Chrome/84.0.4147.135 Safari/537.36"
88.117.213.154 - - [01/Sep/2020:12:29:25 +0200] "GET /reload?ser=1598956164987 HTTP/1.1" 200 28 "http://renault.activities.at/10260286" "Mozilla/5.0 (Windows NT 10.0; Win64; x64) AppleWebKit/537.36 (KHTML, like Gecko) Chrome/84.0.4147.135 Safari/537.36"
88.117.213.154 - - [01/Sep/2020:12:30:25 +0200] "GET /reload?ser=1598956225951 HTTP/1.1" 200 28 "http://renault.activities.at/10260286" "Mozilla/5.0 (Windows NT 10.0; Win64; x64) AppleWebKit/537.36 (KHTML, like Gecko) Chrome/84.0.4147.135 Safari/537.36"
88.117.213.154 - - [01/Sep/2020:12:31:26 +0200] "GET /reload?ser=1598956286934 HTTP/1.1" 200 28 "http://renault.activities.at/10260286" "Mozilla/5.0 (Windows NT 10.0; Win64; x64) AppleWebKit/537.36 (KHTML, like Gecko) Chrome/84.0.4147.135 Safari/537.36"
88.117.213.154 - - [01/Sep/2020:12:32:27 +0200] "GET /reload?ser=1598956347881 HTTP/1.1" 200 28 "http://renault.activities.at/10260286" "Mozilla/5.0 (Windows NT 10.0; Win64; x64) AppleWebKit/537.36 (KHTML, like Gecko) Chrome/84.0.4147.135 Safari/537.36"
88.117.213.154 - - [01/Sep/2020:12:33:28 +0200] "GET /reload?ser=1598956408848 HTTP/1.1" 200 28 "http://renault.activities.at/10260286" "Mozilla/5.0 (Windows NT 10.0; Win64; x64) AppleWebKit/537.36 (KHTML, like Gecko) Chrome/84.0.4147.135 Safari/537.36"
88.117.213.154 - - [01/Sep/2020:12:34:29 +0200] "GET /reload?ser=1598956469804 HTTP/1.1" 200 28 "http://renault.activities.at/10260286" "Mozilla/5.0 (Windows NT 10.0; Win64; x64) AppleWebKit/537.36 (KHTML, like Gecko) Chrome/84.0.4147.135 Safari/537.36"
88.117.213.154 - - [01/Sep/2020:12:35:30 +0200] "GET /reload?ser=1598956530753 HTTP/1.1" 200 28 "http://renault.activities.at/10260286" "Mozilla/5.0 (Windows NT 10.0; Win64; x64) AppleWebKit/537.36 (KHTML, like Gecko) Chrome/84.0.4147.135 Safari/537.36"
88.117.213.154 - - [01/Sep/2020:12:36:31 +0200] "GET /reload?ser=1598956591716 HTTP/1.1" 200 28 "http://renault.activities.at/10260286" "Mozilla/5.0 (Windows NT 10.0; Win64; x64) AppleWebKit/537.36 (KHTML, like Gecko) Chrome/84.0.4147.135 Safari/537.36"
88.117.213.154 - - [01/Sep/2020:12:37:32 +0200] "GET /reload?ser=1598956652666 HTTP/1.1" 200 28 "http://renault.activities.at/10260286" "Mozilla/5.0 (Windows NT 10.0; Win64; x64) AppleWebKit/537.36 (KHTML, like Gecko) Chrome/84.0.4147.135 Safari/537.36"
88.117.213.154 - - [01/Sep/2020:12:38:33 +0200] "GET /reload?ser=1598956713643 HTTP/1.1" 200 28 "http://renault.activities.at/10260286" "Mozilla/5.0 (Windows NT 10.0; Win64; x64) AppleWebKit/537.36 (KHTML, like Gecko) Chrome/84.0.4147.135 Safari/537.36"
88.117.213.154 - - [01/Sep/2020:12:39:34 +0200] "GET /reload?ser=1598956774613 HTTP/1.1" 200 28 "http://renault.activities.at/10260286" "Mozilla/5.0 (Windows NT 10.0; Win64; x64) AppleWebKit/537.36 (KHTML, like Gecko) Chrome/84.0.4147.135 Safari/537.36"
88.117.213.154 - - [01/Sep/2020:12:40:35 +0200] "GET /reload?ser=1598956835607 HTTP/1.1" 200 28 "http://renault.activities.at/10260286" "Mozilla/5.0 (Windows NT 10.0; Win64; x64) AppleWebKit/537.36 (KHTML, like Gecko) Chrome/84.0.4147.135 Safari/537.36"
88.117.213.154 - - [01/Sep/2020:12:41:36 +0200] "GET /reload?ser=1598956896580 HTTP/1.1" 200 28 "http://renault.activities.at/10260286" "Mozilla/5.0 (Windows NT 10.0; Win64; x64) AppleWebKit/537.36 (KHTML, like Gecko) Chrome/84.0.4147.135 Safari/537.36"
88.117.213.154 - - [01/Sep/2020:12:42:37 +0200] "GET /reload?ser=1598956957553 HTTP/1.1" 200 28 "http://renault.activities.at/10260286" "Mozilla/5.0 (Windows NT 10.0; Win64; x64) AppleWebKit/537.36 (KHTML, like Gecko) Chrome/84.0.4147.135 Safari/537.36"
88.117.213.154 - - [01/Sep/2020:12:43:38 +0200] "GET /reload?ser=1598957018521 HTTP/1.1" 200 28 "http://renault.activities.at/10260286" "Mozilla/5.0 (Windows NT 10.0; Win64; x64) AppleWebKit/537.36 (KHTML, like Gecko) Chrome/84.0.4147.135 Safari/537.36"
88.117.213.154 - - [01/Sep/2020:12:44:39 +0200] "GET /reload?ser=1598957079500 HTTP/1.1" 200 28 "http://renault.activities.at/10260286" "Mozilla/5.0 (Windows NT 10.0; Win64; x64) AppleWebKit/537.36 (KHTML, like Gecko) Chrome/84.0.4147.135 Safari/537.36"
88.117.213.154 - - [01/Sep/2020:12:45:40 +0200] "GET /reload?ser=1598957140461 HTTP/1.1" 200 28 "http://renault.activities.at/10260286" "Mozilla/5.0 (Windows NT 10.0; Win64; x64) AppleWebKit/537.36 (KHTML, like Gecko) Chrome/84.0.4147.135 Safari/537.36"
88.117.213.154 - - [01/Sep/2020:12:46:41 +0200] "GET /reload?ser=1598957201405 HTTP/1.1" 200 28 "http://renault.activities.at/10260286" "Mozilla/5.0 (Windows NT 10.0; Win64; x64) AppleWebKit/537.36 (KHTML, like Gecko) Chrome/84.0.4147.135 Safari/537.36"
88.117.213.154 - - [01/Sep/2020:12:47:42 +0200] "GET /reload?ser=1598957262346 HTTP/1.1" 200 28 "http://renault.activities.at/10260286" "Mozilla/5.0 (Windows NT 10.0; Win64; x64) AppleWebKit/537.36 (KHTML, like Gecko) Chrome/84.0.4147.135 Safari/537.36"
88.117.213.154 - - [01/Sep/2020:12:48:43 +0200] "GET /reload?ser=1598957323309 HTTP/1.1" 200 28 "http://renault.activities.at/10260286" "Mozilla/5.0 (Windows NT 10.0; Win64; x64) AppleWebKit/537.36 (KHTML, like Gecko) Chrome/84.0.4147.135 Safari/537.36"
88.117.213.154 - - [01/Sep/2020:12:49:44 +0200] "GET /reload?ser=1598957384270 HTTP/1.1" 200 28 "http://renault.activities.at/10260286" "Mozilla/5.0 (Windows NT 10.0; Win64; x64) AppleWebKit/537.36 (KHTML, like Gecko) Chrome/84.0.4147.135 Safari/537.36"
88.117.213.154 - - [01/Sep/2020:12:50:45 +0200] "GET /reload?ser=1598957445217 HTTP/1.1" 200 28 "http://renault.activities.at/10260286" "Mozilla/5.0 (Windows NT 10.0; Win64; x64) AppleWebKit/537.36 (KHTML, like Gecko) Chrome/84.0.4147.135 Safari/537.36"
88.117.213.154 - - [01/Sep/2020:12:51:46 +0200] "GET /reload?ser=1598957506172 HTTP/1.1" 200 28 "http://renault.activities.at/10260286" "Mozilla/5.0 (Windows NT 10.0; Win64; x64) AppleWebKit/537.36 (KHTML, like Gecko) Chrome/84.0.4147.135 Safari/537.36"
88.117.213.154 - - [01/Sep/2020:12:52:47 +0200] "GET /reload?ser=1598957567140 HTTP/1.1" 200 28 "http://renault.activities.at/10260286" "Mozilla/5.0 (Windows NT 10.0; Win64; x64) AppleWebKit/537.36 (KHTML, like Gecko) Chrome/84.0.4147.135 Safari/537.36"
88.117.213.154 - - [01/Sep/2020:12:53:48 +0200] "GET /reload?ser=1598957628115 HTTP/1.1" 200 28 "http://renault.activities.at/10260286" "Mozilla/5.0 (Windows NT 10.0; Win64; x64) AppleWebKit/537.36 (KHTML, like Gecko) Chrome/84.0.4147.135 Safari/537.36"
88.117.213.154 - - [01/Sep/2020:12:54:49 +0200] "GET /reload?ser=1598957689105 HTTP/1.1" 200 28 "http://renault.activities.at/10260286" "Mozilla/5.0 (Windows NT 10.0; Win64; x64) AppleWebKit/537.36 (KHTML, like Gecko) Chrome/84.0.4147.135 Safari/537.36"
88.117.213.154 - - [01/Sep/2020:12:55:50 +0200] "GET /reload?ser=1598957750064 HTTP/1.1" 200 28 "http://renault.activities.at/10260286" "Mozilla/5.0 (Windows NT 10.0; Win64; x64) AppleWebKit/537.36 (KHTML, like Gecko) Chrome/84.0.4147.135 Safari/537.36"
88.117.213.154 - - [01/Sep/2020:12:56:51 +0200] "GET /reload?ser=1598957811041 HTTP/1.1" 200 28 "http://renault.activities.at/10260286" "Mozilla/5.0 (Windows NT 10.0; Win64; x64) AppleWebKit/537.36 (KHTML, like Gecko) Chrome/84.0.4147.135 Safari/537.36"
88.117.213.154 - - [01/Sep/2020:12:57:52 +0200] "GET /reload?ser=1598957872274 HTTP/1.1" 200 28 "http://renault.activities.at/10260286" "Mozilla/5.0 (Windows NT 10.0; Win64; x64) AppleWebKit/537.36 (KHTML, like Gecko) Chrome/84.0.4147.135 Safari/537.36"
88.117.213.154 - - [01/Sep/2020:12:58:53 +0200] "GET /reload?ser=1598957933274 HTTP/1.1" 200 28 "http://renault.activities.at/10260286" "Mozilla/5.0 (Windows NT 10.0; Win64; x64) AppleWebKit/537.36 (KHTML, like Gecko) Chrome/84.0.4147.135 Safari/537.36"
88.117.213.154 - - [01/Sep/2020:12:59:54 +0200] "GET /reload?ser=1598957994275 HTTP/1.1" 200 28 "http://renault.activities.at/10260286" "Mozilla/5.0 (Windows NT 10.0; Win64; x64) AppleWebKit/537.36 (KHTML, like Gecko) Chrome/84.0.4147.135 Safari/537.36"
