217.13.176.185 - - [03/Sep/2020:09:26:38 +0200] "GET /loadthumbnail.php?id=11195848&width=113 HTTP/1.1" 200 2016 "http://renault.activities.at/result?searchterm=true&search=zoe" "Mozilla/5.0 (Windows NT 10.0; WOW64; Trident/7.0; rv:11.0) like Gecko"
217.13.176.185 - - [03/Sep/2020:09:26:38 +0200] "GET /loadthumbnail.php?id=11186502&width=113 HTTP/1.1" 200 2016 "http://renault.activities.at/result?searchterm=true&search=zoe" "Mozilla/5.0 (Windows NT 10.0; WOW64; Trident/7.0; rv:11.0) like Gecko"
217.13.176.185 - - [03/Sep/2020:09:26:35 +0200] "POST /axjaxrequest?mode=suggest HTTP/1.1" 200 136 "http://renault.activities.at/result?dir=DESC&mode=grid&order=name&limit=15&page=2&search=captur" "Mozilla/5.0 (Windows NT 10.0; WOW64; Trident/7.0; rv:11.0) like Gecko"
217.13.176.185 - - [03/Sep/2020:09:26:46 +0200] "GET /result?dir=DESC&mode=grid&order=name&limit=15&page=2&search=zoe HTTP/1.1" 200 8495 "http://renault.activities.at/result?searchterm=true&search=zoe" "Mozilla/5.0 (Windows NT 10.0; WOW64; Trident/7.0; rv:11.0) like Gecko"
217.13.176.185 - - [03/Sep/2020:09:26:50 +0200] "GET /loadthumbnail.php?id=11186498&width=113 HTTP/1.1" 200 2016 "http://renault.activities.at/result?dir=DESC&mode=grid&order=name&limit=15&page=2&search=zoe" "Mozilla/5.0 (Windows NT 10.0; WOW64; Trident/7.0; rv:11.0) like Gecko"
217.13.176.185 - - [03/Sep/2020:09:26:50 +0200] "GET /loadthumbnail.php?id=11036127&width=113 HTTP/1.1" 200 1099 "http://renault.activities.at/result?dir=DESC&mode=grid&order=name&limit=15&page=2&search=zoe" "Mozilla/5.0 (Windows NT 10.0; WOW64; Trident/7.0; rv:11.0) like Gecko"
217.13.176.185 - - [03/Sep/2020:09:26:50 +0200] "GET /loadthumbnail.php?id=12088270&width=113 HTTP/1.1" 200 2783 "http://renault.activities.at/result?dir=DESC&mode=grid&order=name&limit=15&page=2&search=zoe" "Mozilla/5.0 (Windows NT 10.0; WOW64; Trident/7.0; rv:11.0) like Gecko"
217.13.176.185 - - [03/Sep/2020:09:26:50 +0200] "GET /loadthumbnail.php?id=12122782&width=113 HTTP/1.1" 200 4559 "http://renault.activities.at/result?dir=DESC&mode=grid&order=name&limit=15&page=2&search=zoe" "Mozilla/5.0 (Windows NT 10.0; WOW64; Trident/7.0; rv:11.0) like Gecko"
217.13.176.185 - - [03/Sep/2020:09:26:50 +0200] "GET /loadthumbnail.php?id=11181195&width=113 HTTP/1.1" 200 1448 "http://renault.activities.at/result?dir=DESC&mode=grid&order=name&limit=15&page=2&search=zoe" "Mozilla/5.0 (Windows NT 10.0; WOW64; Trident/7.0; rv:11.0) like Gecko"
217.13.176.185 - - [03/Sep/2020:09:26:50 +0200] "GET /loadthumbnail.php?id=12208774&width=113 HTTP/1.1" 200 3084 "http://renault.activities.at/result?dir=DESC&mode=grid&order=name&limit=15&page=2&search=zoe" "Mozilla/5.0 (Windows NT 10.0; WOW64; Trident/7.0; rv:11.0) like Gecko"
217.13.176.185 - - [03/Sep/2020:09:26:50 +0200] "GET /loadthumbnail.php?id=11342067&width=113 HTTP/1.1" 200 21913 "http://renault.activities.at/result?dir=DESC&mode=grid&order=name&limit=15&page=2&search=zoe" "Mozilla/5.0 (Windows NT 10.0; WOW64; Trident/7.0; rv:11.0) like Gecko"
217.13.176.185 - - [03/Sep/2020:09:26:50 +0200] "GET /loadthumbnail.php?id=11181193&width=113 HTTP/1.1" 200 1448 "http://renault.activities.at/result?dir=DESC&mode=grid&order=name&limit=15&page=2&search=zoe" "Mozilla/5.0 (Windows NT 10.0; WOW64; Trident/7.0; rv:11.0) like Gecko"
217.13.176.185 - - [03/Sep/2020:09:26:50 +0200] "GET /loadthumbnail.php?id=11877752&width=113 HTTP/1.1" 200 41752 "http://renault.activities.at/result?dir=DESC&mode=grid&order=name&limit=15&page=2&search=zoe" "Mozilla/5.0 (Windows NT 10.0; WOW64; Trident/7.0; rv:11.0) like Gecko"
91.113.144.26 - - [03/Sep/2020:09:26:49 +0200] "GET /reload?ser=1599118009863 HTTP/1.1" 200 28 "http://renault.activities.at/success" "Mozilla/5.0 (Windows NT 6.3; WOW64; Trident/7.0; rv:11.0) like Gecko"
217.13.176.185 - - [03/Sep/2020:09:27:04 +0200] "POST /result?dir=DESC&mode=grid&order=name&limit=15&page=2&search=zoe HTTP/1.1" 200 8603 "http://renault.activities.at/result?dir=DESC&mode=grid&order=name&limit=15&page=2&search=zoe" "Mozilla/5.0 (Windows NT 10.0; WOW64; Trident/7.0; rv:11.0) like Gecko"
89.144.199.27 - - [03/Sep/2020:09:27:10 +0200] "GET /reload?ser=1599118030678 HTTP/1.1" 200 28 "http://renault.activities.at/cart" "Mozilla/5.0 (Windows NT 10.0; WOW64; Trident/7.0; rv:11.0) like Gecko"
217.13.176.185 - - [03/Sep/2020:09:27:11 +0200] "POST /result?dir=DESC&mode=grid&order=name&limit=15&page=2&search=zoe HTTP/1.1" 200 8577 "http://renault.activities.at/result?dir=DESC&mode=grid&order=name&limit=15&page=2&search=zoe" "Mozilla/5.0 (Windows NT 10.0; WOW64; Trident/7.0; rv:11.0) like Gecko"
193.194.132.22 - - [03/Sep/2020:09:27:16 +0200] "GET /reload?ser=1599118036353 HTTP/1.1" 200 28 "http://renault.2web.at/account" "Mozilla/5.0 (Windows NT 10.0; Win64; x64) AppleWebKit/537.36 (KHTML, like Gecko) Chrome/84.0.4147.135 Safari/537.36"
217.13.176.185 - - [03/Sep/2020:09:27:20 +0200] "GET /result?searchterm=true&search=twingo HTTP/1.1" 200 8673 "http://renault.activities.at/result?dir=DESC&mode=grid&order=name&limit=15&page=2&search=zoe" "Mozilla/5.0 (Windows NT 10.0; WOW64; Trident/7.0; rv:11.0) like Gecko"
217.13.176.185 - - [03/Sep/2020:09:27:23 +0200] "GET /loadthumbnail.php?id=12174361&width=113 HTTP/1.1" 200 5896 "http://renault.activities.at/result?searchterm=true&search=twingo" "Mozilla/5.0 (Windows NT 10.0; WOW64; Trident/7.0; rv:11.0) like Gecko"
217.13.176.185 - - [03/Sep/2020:09:27:23 +0200] "GET /loadthumbnail.php?id=12273156&width=113 HTTP/1.1" 200 1895 "http://renault.activities.at/result?searchterm=true&search=twingo" "Mozilla/5.0 (Windows NT 10.0; WOW64; Trident/7.0; rv:11.0) like Gecko"
217.13.176.185 - - [03/Sep/2020:09:27:23 +0200] "GET /loadthumbnail.php?id=12273155&width=113 HTTP/1.1" 200 1895 "http://renault.activities.at/result?searchterm=true&search=twingo" "Mozilla/5.0 (Windows NT 10.0; WOW64; Trident/7.0; rv:11.0) like Gecko"
217.13.176.185 - - [03/Sep/2020:09:27:23 +0200] "GET /loadthumbnail.php?id=12037190&width=113 HTTP/1.1" 200 19857 "http://renault.activities.at/result?searchterm=true&search=twingo" "Mozilla/5.0 (Windows NT 10.0; WOW64; Trident/7.0; rv:11.0) like Gecko"
217.13.176.185 - - [03/Sep/2020:09:27:23 +0200] "GET /loadthumbnail.php?id=12273142&width=113 HTTP/1.1" 200 1895 "http://renault.activities.at/result?searchterm=true&search=twingo" "Mozilla/5.0 (Windows NT 10.0; WOW64; Trident/7.0; rv:11.0) like Gecko"
217.13.176.185 - - [03/Sep/2020:09:27:23 +0200] "GET /loadthumbnail.php?id=11183285&width=113 HTTP/1.1" 200 1898 "http://renault.activities.at/result?searchterm=true&search=twingo" "Mozilla/5.0 (Windows NT 10.0; WOW64; Trident/7.0; rv:11.0) like Gecko"
217.13.176.185 - - [03/Sep/2020:09:27:23 +0200] "GET /loadthumbnail.php?id=11137061&width=113 HTTP/1.1" 200 2095 "http://renault.activities.at/result?searchterm=true&search=twingo" "Mozilla/5.0 (Windows NT 10.0; WOW64; Trident/7.0; rv:11.0) like Gecko"
217.13.176.185 - - [03/Sep/2020:09:27:20 +0200] "POST /axjaxrequest?mode=suggest HTTP/1.1" 200 111 "http://renault.activities.at/result?dir=DESC&mode=grid&order=name&limit=15&page=2&search=zoe" "Mozilla/5.0 (Windows NT 10.0; WOW64; Trident/7.0; rv:11.0) like Gecko"
217.13.176.185 - - [03/Sep/2020:09:27:37 +0200] "GET /result?dir=DESC&mode=grid&order=name&limit=15&page=2&search=twingo HTTP/1.1" 200 7186 "http://renault.activities.at/result?searchterm=true&search=twingo" "Mozilla/5.0 (Windows NT 10.0; WOW64; Trident/7.0; rv:11.0) like Gecko"
217.13.176.185 - - [03/Sep/2020:09:27:39 +0200] "GET /loadthumbnail.php?id=12040651&width=113 HTTP/1.1" 200 3124 "http://renault.activities.at/result?dir=DESC&mode=grid&order=name&limit=15&page=2&search=twingo" "Mozilla/5.0 (Windows NT 10.0; WOW64; Trident/7.0; rv:11.0) like Gecko"
217.13.176.185 - - [03/Sep/2020:09:27:39 +0200] "GET /loadthumbnail.php?id=12040662&width=113 HTTP/1.1" 200 4115 "http://renault.activities.at/result?dir=DESC&mode=grid&order=name&limit=15&page=2&search=twingo" "Mozilla/5.0 (Windows NT 10.0; WOW64; Trident/7.0; rv:11.0) like Gecko"
217.13.176.185 - - [03/Sep/2020:09:27:39 +0200] "GET /loadthumbnail.php?id=12040647&width=113 HTTP/1.1" 200 3124 "http://renault.activities.at/result?dir=DESC&mode=grid&order=name&limit=15&page=2&search=twingo" "Mozilla/5.0 (Windows NT 10.0; WOW64; Trident/7.0; rv:11.0) like Gecko"
217.13.176.185 - - [03/Sep/2020:09:27:39 +0200] "GET /loadthumbnail.php?id=11342066&width=113 HTTP/1.1" 200 28015 "http://renault.activities.at/result?dir=DESC&mode=grid&order=name&limit=15&page=2&search=twingo" "Mozilla/5.0 (Windows NT 10.0; WOW64; Trident/7.0; rv:11.0) like Gecko"
217.13.176.185 - - [03/Sep/2020:09:27:39 +0200] "GET /loadthumbnail.php?id=12140010&width=113 HTTP/1.1" 200 28414 "http://renault.activities.at/result?dir=DESC&mode=grid&order=name&limit=15&page=2&search=twingo" "Mozilla/5.0 (Windows NT 10.0; WOW64; Trident/7.0; rv:11.0) like Gecko"
91.113.144.26 - - [03/Sep/2020:09:27:50 +0200] "GET /reload?ser=1599118070833 HTTP/1.1" 200 28 "http://renault.activities.at/success" "Mozilla/5.0 (Windows NT 6.3; WOW64; Trident/7.0; rv:11.0) like Gecko"
89.144.199.27 - - [03/Sep/2020:09:28:11 +0200] "GET /reload?ser=1599118091339 HTTP/1.1" 200 28 "http://renault.activities.at/cart" "Mozilla/5.0 (Windows NT 10.0; WOW64; Trident/7.0; rv:11.0) like Gecko"
193.194.132.22 - - [03/Sep/2020:09:28:18 +0200] "GET /reload?ser=1599118098358 HTTP/1.1" 200 28 "http://renault.2web.at/account" "Mozilla/5.0 (Windows NT 10.0; Win64; x64) AppleWebKit/537.36 (KHTML, like Gecko) Chrome/84.0.4147.135 Safari/537.36"
217.13.176.185 - - [03/Sep/2020:09:28:40 +0200] "GET /reload?ser=1599118119924 HTTP/1.1" 200 28 "http://renault.activities.at/result?dir=DESC&mode=grid&order=name&limit=15&page=2&search=twingo" "Mozilla/5.0 (Windows NT 10.0; WOW64; Trident/7.0; rv:11.0) like Gecko"
91.113.144.26 - - [03/Sep/2020:09:28:51 +0200] "GET /reload?ser=1599118131795 HTTP/1.1" 200 28 "http://renault.activities.at/success" "Mozilla/5.0 (Windows NT 6.3; WOW64; Trident/7.0; rv:11.0) like Gecko"
89.144.199.27 - - [03/Sep/2020:09:29:12 +0200] "GET /reload?ser=1599118151991 HTTP/1.1" 200 28 "http://renault.activities.at/cart" "Mozilla/5.0 (Windows NT 10.0; WOW64; Trident/7.0; rv:11.0) like Gecko"
193.194.132.22 - - [03/Sep/2020:09:29:20 +0200] "GET /reload?ser=1599118160357 HTTP/1.1" 200 28 "http://renault.2web.at/account" "Mozilla/5.0 (Windows NT 10.0; Win64; x64) AppleWebKit/537.36 (KHTML, like Gecko) Chrome/84.0.4147.135 Safari/537.36"
217.13.176.185 - - [03/Sep/2020:09:29:40 +0200] "GET /reload?ser=1599118180908 HTTP/1.1" 200 28 "http://renault.activities.at/result?dir=DESC&mode=grid&order=name&limit=15&page=2&search=twingo" "Mozilla/5.0 (Windows NT 10.0; WOW64; Trident/7.0; rv:11.0) like Gecko"
91.113.144.26 - - [03/Sep/2020:09:29:52 +0200] "GET /reload?ser=1599118192751 HTTP/1.1" 200 28 "http://renault.activities.at/success" "Mozilla/5.0 (Windows NT 6.3; WOW64; Trident/7.0; rv:11.0) like Gecko"
89.144.199.27 - - [03/Sep/2020:09:30:12 +0200] "GET /reload?ser=1599118212644 HTTP/1.1" 200 28 "http://renault.activities.at/cart" "Mozilla/5.0 (Windows NT 10.0; WOW64; Trident/7.0; rv:11.0) like Gecko"
193.194.132.22 - - [03/Sep/2020:09:30:22 +0200] "GET /reload?ser=1599118222359 HTTP/1.1" 200 28 "http://renault.2web.at/account" "Mozilla/5.0 (Windows NT 10.0; Win64; x64) AppleWebKit/537.36 (KHTML, like Gecko) Chrome/84.0.4147.135 Safari/537.36"
217.13.176.185 - - [03/Sep/2020:09:30:41 +0200] "GET /reload?ser=1599118241880 HTTP/1.1" 200 28 "http://renault.activities.at/result?dir=DESC&mode=grid&order=name&limit=15&page=2&search=twingo" "Mozilla/5.0 (Windows NT 10.0; WOW64; Trident/7.0; rv:11.0) like Gecko"
91.113.144.26 - - [03/Sep/2020:09:30:53 +0200] "GET /reload?ser=1599118253714 HTTP/1.1" 200 28 "http://renault.activities.at/success" "Mozilla/5.0 (Windows NT 6.3; WOW64; Trident/7.0; rv:11.0) like Gecko"
89.144.199.27 - - [03/Sep/2020:09:31:13 +0200] "GET /reload?ser=1599118273309 HTTP/1.1" 200 28 "http://renault.activities.at/cart" "Mozilla/5.0 (Windows NT 10.0; WOW64; Trident/7.0; rv:11.0) like Gecko"
193.194.132.22 - - [03/Sep/2020:09:31:24 +0200] "GET /reload?ser=1599118284363 HTTP/1.1" 200 28 "http://renault.2web.at/account" "Mozilla/5.0 (Windows NT 10.0; Win64; x64) AppleWebKit/537.36 (KHTML, like Gecko) Chrome/84.0.4147.135 Safari/537.36"
217.13.176.185 - - [03/Sep/2020:09:31:42 +0200] "GET /reload?ser=1599118302868 HTTP/1.1" 200 28 "http://renault.activities.at/result?dir=DESC&mode=grid&order=name&limit=15&page=2&search=twingo" "Mozilla/5.0 (Windows NT 10.0; WOW64; Trident/7.0; rv:11.0) like Gecko"
91.113.144.26 - - [03/Sep/2020:09:31:54 +0200] "GET /reload?ser=1599118314692 HTTP/1.1" 200 28 "http://renault.activities.at/success" "Mozilla/5.0 (Windows NT 6.3; WOW64; Trident/7.0; rv:11.0) like Gecko"
89.144.199.27 - - [03/Sep/2020:09:32:14 +0200] "GET /reload?ser=1599118333988 HTTP/1.1" 200 28 "http://renault.activities.at/cart" "Mozilla/5.0 (Windows NT 10.0; WOW64; Trident/7.0; rv:11.0) like Gecko"
193.194.132.22 - - [03/Sep/2020:09:32:26 +0200] "GET /reload?ser=1599118346363 HTTP/1.1" 200 28 "http://renault.2web.at/account" "Mozilla/5.0 (Windows NT 10.0; Win64; x64) AppleWebKit/537.36 (KHTML, like Gecko) Chrome/84.0.4147.135 Safari/537.36"
217.13.176.185 - - [03/Sep/2020:09:32:43 +0200] "GET /reload?ser=1599118363839 HTTP/1.1" 200 28 "http://renault.activities.at/result?dir=DESC&mode=grid&order=name&limit=15&page=2&search=twingo" "Mozilla/5.0 (Windows NT 10.0; WOW64; Trident/7.0; rv:11.0) like Gecko"
91.113.144.26 - - [03/Sep/2020:09:32:55 +0200] "GET /reload?ser=1599118375638 HTTP/1.1" 200 28 "http://renault.activities.at/success" "Mozilla/5.0 (Windows NT 6.3; WOW64; Trident/7.0; rv:11.0) like Gecko"
89.144.199.27 - - [03/Sep/2020:09:33:14 +0200] "GET /reload?ser=1599118394648 HTTP/1.1" 200 28 "http://renault.activities.at/cart" "Mozilla/5.0 (Windows NT 10.0; WOW64; Trident/7.0; rv:11.0) like Gecko"
193.194.132.22 - - [03/Sep/2020:09:33:28 +0200] "GET /reload?ser=1599118408364 HTTP/1.1" 200 28 "http://renault.2web.at/account" "Mozilla/5.0 (Windows NT 10.0; Win64; x64) AppleWebKit/537.36 (KHTML, like Gecko) Chrome/84.0.4147.135 Safari/537.36"
217.13.176.185 - - [03/Sep/2020:09:33:44 +0200] "GET /reload?ser=1599118424861 HTTP/1.1" 200 28 "http://renault.activities.at/result?dir=DESC&mode=grid&order=name&limit=15&page=2&search=twingo" "Mozilla/5.0 (Windows NT 10.0; WOW64; Trident/7.0; rv:11.0) like Gecko"
91.113.144.26 - - [03/Sep/2020:09:33:56 +0200] "GET /reload?ser=1599118436630 HTTP/1.1" 200 28 "http://renault.activities.at/success" "Mozilla/5.0 (Windows NT 6.3; WOW64; Trident/7.0; rv:11.0) like Gecko"
89.144.199.27 - - [03/Sep/2020:09:34:15 +0200] "GET /reload?ser=1599118455306 HTTP/1.1" 200 28 "http://renault.activities.at/cart" "Mozilla/5.0 (Windows NT 10.0; WOW64; Trident/7.0; rv:11.0) like Gecko"
80.123.225.38 - - [03/Sep/2020:09:34:23 +0200] "GET / HTTP/1.1" 200 3273 "-" "Mozilla/5.0 (Windows NT 6.1; WOW64; Trident/7.0; rv:11.0) like Gecko"
80.123.225.38 - - [03/Sep/2020:09:34:24 +0200] "GET /images/favicon.ico HTTP/1.1" 404 305 "-" "Mozilla/5.0 (Windows NT 6.1; Win64; x64; Trident/7.0; rv:11.0) like Gecko"
80.123.225.38 - - [03/Sep/2020:09:34:27 +0200] "GET /login HTTP/1.1" 200 2085 "http://renault.activities.at/" "Mozilla/5.0 (Windows NT 6.1; WOW64; Trident/7.0; rv:11.0) like Gecko"
80.123.225.38 - - [03/Sep/2020:09:34:28 +0200] "GET /images/favicon.ico HTTP/1.1" 404 305 "-" "Mozilla/5.0 (Windows NT 6.1; Win64; x64; Trident/7.0; rv:11.0) like Gecko"
80.123.225.38 - - [03/Sep/2020:09:34:28 +0200] "GET /favicon.ico HTTP/1.1" 200 3250 "-" "Mozilla/5.0 (Windows NT 6.1; Win64; x64; Trident/7.0; rv:11.0) like Gecko"
193.194.132.22 - - [03/Sep/2020:09:34:30 +0200] "GET /reload?ser=1599118470365 HTTP/1.1" 200 28 "http://renault.2web.at/account" "Mozilla/5.0 (Windows NT 10.0; Win64; x64) AppleWebKit/537.36 (KHTML, like Gecko) Chrome/84.0.4147.135 Safari/537.36"
80.123.225.38 - - [03/Sep/2020:09:34:42 +0200] "POST /login HTTP/1.1" 302 140 "http://renault.activities.at/login" "Mozilla/5.0 (Windows NT 6.1; WOW64; Trident/7.0; rv:11.0) like Gecko"
217.13.176.185 - - [03/Sep/2020:09:34:45 +0200] "GET /reload?ser=1599118485842 HTTP/1.1" 200 28 "http://renault.activities.at/result?dir=DESC&mode=grid&order=name&limit=15&page=2&search=twingo" "Mozilla/5.0 (Windows NT 10.0; WOW64; Trident/7.0; rv:11.0) like Gecko"
80.123.225.38 - - [03/Sep/2020:09:34:43 +0200] "GET /account HTTP/1.1" 200 5940 "http://renault.activities.at/login" "Mozilla/5.0 (Windows NT 6.1; WOW64; Trident/7.0; rv:11.0) like Gecko"
80.123.225.38 - - [03/Sep/2020:09:34:47 +0200] "GET /favicon.ico HTTP/1.1" 200 3250 "-" "Mozilla/5.0 (Windows NT 6.1; Win64; x64; Trident/7.0; rv:11.0) like Gecko"
80.123.225.38 - - [03/Sep/2020:09:34:54 +0200] "GET /aboutus HTTP/1.1" 200 4716 "http://renault.activities.at/account" "Mozilla/5.0 (Windows NT 6.1; WOW64; Trident/7.0; rv:11.0) like Gecko"
89.144.199.27 - - [03/Sep/2020:09:35:16 +0200] "GET /reload?ser=1599118515964 HTTP/1.1" 200 28 "http://renault.activities.at/cart" "Mozilla/5.0 (Windows NT 10.0; WOW64; Trident/7.0; rv:11.0) like Gecko"
193.194.132.22 - - [03/Sep/2020:09:35:32 +0200] "GET /reload?ser=1599118532365 HTTP/1.1" 200 28 "http://renault.2web.at/account" "Mozilla/5.0 (Windows NT 10.0; Win64; x64) AppleWebKit/537.36 (KHTML, like Gecko) Chrome/84.0.4147.135 Safari/537.36"
217.13.176.185 - - [03/Sep/2020:09:35:46 +0200] "GET /reload?ser=1599118546843 HTTP/1.1" 200 28 "http://renault.activities.at/result?dir=DESC&mode=grid&order=name&limit=15&page=2&search=twingo" "Mozilla/5.0 (Windows NT 10.0; WOW64; Trident/7.0; rv:11.0) like Gecko"
80.123.225.38 - - [03/Sep/2020:09:35:56 +0200] "GET /reload?ser=1599118556165 HTTP/1.1" 200 28 "http://renault.activities.at/aboutus" "Mozilla/5.0 (Windows NT 6.1; WOW64; Trident/7.0; rv:11.0) like Gecko"
89.144.199.27 - - [03/Sep/2020:09:36:16 +0200] "GET /reload?ser=1599118576626 HTTP/1.1" 200 28 "http://renault.activities.at/cart" "Mozilla/5.0 (Windows NT 10.0; WOW64; Trident/7.0; rv:11.0) like Gecko"
193.194.132.22 - - [03/Sep/2020:09:36:34 +0200] "GET /reload?ser=1599118594366 HTTP/1.1" 200 28 "http://renault.2web.at/account" "Mozilla/5.0 (Windows NT 10.0; Win64; x64) AppleWebKit/537.36 (KHTML, like Gecko) Chrome/84.0.4147.135 Safari/537.36"
217.13.176.185 - - [03/Sep/2020:09:36:47 +0200] "GET /reload?ser=1599118607796 HTTP/1.1" 200 28 "http://renault.activities.at/result?dir=DESC&mode=grid&order=name&limit=15&page=2&search=twingo" "Mozilla/5.0 (Windows NT 10.0; WOW64; Trident/7.0; rv:11.0) like Gecko"
80.123.225.38 - - [03/Sep/2020:09:36:57 +0200] "GET /reload?ser=1599118617126 HTTP/1.1" 200 28 "http://renault.activities.at/aboutus" "Mozilla/5.0 (Windows NT 6.1; WOW64; Trident/7.0; rv:11.0) like Gecko"
89.144.199.27 - - [03/Sep/2020:09:37:17 +0200] "GET /reload?ser=1599118637280 HTTP/1.1" 200 28 "http://renault.activities.at/cart" "Mozilla/5.0 (Windows NT 10.0; WOW64; Trident/7.0; rv:11.0) like Gecko"
193.194.132.22 - - [03/Sep/2020:09:37:36 +0200] "GET /reload?ser=1599118656382 HTTP/1.1" 200 28 "http://renault.2web.at/account" "Mozilla/5.0 (Windows NT 10.0; Win64; x64) AppleWebKit/537.36 (KHTML, like Gecko) Chrome/84.0.4147.135 Safari/537.36"
217.13.176.185 - - [03/Sep/2020:09:37:48 +0200] "GET /reload?ser=1599118668790 HTTP/1.1" 200 28 "http://renault.activities.at/result?dir=DESC&mode=grid&order=name&limit=15&page=2&search=twingo" "Mozilla/5.0 (Windows NT 10.0; WOW64; Trident/7.0; rv:11.0) like Gecko"
80.123.225.38 - - [03/Sep/2020:09:37:58 +0200] "GET /reload?ser=1599118678121 HTTP/1.1" 200 28 "http://renault.activities.at/aboutus" "Mozilla/5.0 (Windows NT 6.1; WOW64; Trident/7.0; rv:11.0) like Gecko"
89.144.199.27 - - [03/Sep/2020:09:38:18 +0200] "GET /reload?ser=1599118697933 HTTP/1.1" 200 28 "http://renault.activities.at/cart" "Mozilla/5.0 (Windows NT 10.0; WOW64; Trident/7.0; rv:11.0) like Gecko"
193.194.132.22 - - [03/Sep/2020:09:38:38 +0200] "GET /reload?ser=1599118718368 HTTP/1.1" 200 28 "http://renault.2web.at/account" "Mozilla/5.0 (Windows NT 10.0; Win64; x64) AppleWebKit/537.36 (KHTML, like Gecko) Chrome/84.0.4147.135 Safari/537.36"
217.13.176.185 - - [03/Sep/2020:09:38:49 +0200] "GET /reload?ser=1599118729784 HTTP/1.1" 200 28 "http://renault.activities.at/result?dir=DESC&mode=grid&order=name&limit=15&page=2&search=twingo" "Mozilla/5.0 (Windows NT 10.0; WOW64; Trident/7.0; rv:11.0) like Gecko"
80.123.225.38 - - [03/Sep/2020:09:38:59 +0200] "GET /reload?ser=1599118739086 HTTP/1.1" 200 28 "http://renault.activities.at/aboutus" "Mozilla/5.0 (Windows NT 6.1; WOW64; Trident/7.0; rv:11.0) like Gecko"
89.144.199.27 - - [03/Sep/2020:09:39:18 +0200] "GET /reload?ser=1599118758608 HTTP/1.1" 200 28 "http://renault.activities.at/cart" "Mozilla/5.0 (Windows NT 10.0; WOW64; Trident/7.0; rv:11.0) like Gecko"
217.13.176.185 - - [03/Sep/2020:09:39:17 +0200] "POST /result?dir=DESC&mode=grid&order=name&limit=15&page=2&search=twingo HTTP/1.1" 200 7286 "http://renault.activities.at/result?dir=DESC&mode=grid&order=name&limit=15&page=2&search=twingo" "Mozilla/5.0 (Windows NT 10.0; WOW64; Trident/7.0; rv:11.0) like Gecko"
217.13.176.185 - - [03/Sep/2020:09:39:25 +0200] "GET /result?searchterm=true&search=sandero HTTP/1.1" 200 6989 "http://renault.activities.at/result?dir=DESC&mode=grid&order=name&limit=15&page=2&search=twingo" "Mozilla/5.0 (Windows NT 10.0; WOW64; Trident/7.0; rv:11.0) like Gecko"
217.13.176.185 - - [03/Sep/2020:09:39:27 +0200] "GET /loadthumbnail.php?id=12174322&width=113 HTTP/1.1" 200 6394 "http://renault.activities.at/result?searchterm=true&search=sandero" "Mozilla/5.0 (Windows NT 10.0; WOW64; Trident/7.0; rv:11.0) like Gecko"
217.13.176.185 - - [03/Sep/2020:09:39:27 +0200] "GET /loadthumbnail.php?id=10260863&width=113 HTTP/1.1" 200 1170 "http://renault.activities.at/result?searchterm=true&search=sandero" "Mozilla/5.0 (Windows NT 10.0; WOW64; Trident/7.0; rv:11.0) like Gecko"
217.13.176.185 - - [03/Sep/2020:09:39:27 +0200] "GET /loadthumbnail.php?id=12234958&width=113 HTTP/1.1" 200 2519 "http://renault.activities.at/result?searchterm=true&search=sandero" "Mozilla/5.0 (Windows NT 10.0; WOW64; Trident/7.0; rv:11.0) like Gecko"
217.13.176.185 - - [03/Sep/2020:09:39:27 +0200] "GET /loadthumbnail.php?id=12047627&width=113 HTTP/1.1" 200 3640 "http://renault.activities.at/result?searchterm=true&search=sandero" "Mozilla/5.0 (Windows NT 10.0; WOW64; Trident/7.0; rv:11.0) like Gecko"
217.13.176.185 - - [03/Sep/2020:09:39:27 +0200] "GET /loadthumbnail.php?id=11784479&width=113 HTTP/1.1" 200 2490 "http://renault.activities.at/result?searchterm=true&search=sandero" "Mozilla/5.0 (Windows NT 10.0; WOW64; Trident/7.0; rv:11.0) like Gecko"
217.13.176.185 - - [03/Sep/2020:09:39:27 +0200] "GET /loadthumbnail.php?id=11715005&width=113 HTTP/1.1" 200 30128 "http://renault.activities.at/result?searchterm=true&search=sandero" "Mozilla/5.0 (Windows NT 10.0; WOW64; Trident/7.0; rv:11.0) like Gecko"
217.13.176.185 - - [03/Sep/2020:09:39:25 +0200] "POST /axjaxrequest?mode=suggest HTTP/1.1" 200 111 "http://renault.activities.at/result?dir=DESC&mode=grid&order=name&limit=15&page=2&search=twingo" "Mozilla/5.0 (Windows NT 10.0; WOW64; Trident/7.0; rv:11.0) like Gecko"
217.13.176.185 - - [03/Sep/2020:09:39:34 +0200] "POST /result?searchterm=true&search=sandero HTTP/1.1" 200 7086 "http://renault.activities.at/result?searchterm=true&search=sandero" "Mozilla/5.0 (Windows NT 10.0; WOW64; Trident/7.0; rv:11.0) like Gecko"
193.194.132.22 - - [03/Sep/2020:09:39:40 +0200] "GET /reload?ser=1599118780368 HTTP/1.1" 200 28 "http://renault.2web.at/account" "Mozilla/5.0 (Windows NT 10.0; Win64; x64) AppleWebKit/537.36 (KHTML, like Gecko) Chrome/84.0.4147.135 Safari/537.36"
217.13.176.185 - - [03/Sep/2020:09:39:42 +0200] "GET /action HTTP/1.1" 200 3929 "http://renault.activities.at/result?searchterm=true&search=sandero" "Mozilla/5.0 (Windows NT 10.0; WOW64; Trident/7.0; rv:11.0) like Gecko"
217.13.176.185 - - [03/Sep/2020:09:39:43 +0200] "GET /images/note_msg_icon.gif HTTP/1.1" 200 1022 "http://renault.activities.at/action" "Mozilla/5.0 (Windows NT 10.0; WOW64; Trident/7.0; rv:11.0) like Gecko"
217.13.176.185 - - [03/Sep/2020:09:39:53 +0200] "GET /10260008 HTTP/1.1" 200 9033 "http://renault.activities.at/action" "Mozilla/5.0 (Windows NT 10.0; WOW64; Trident/7.0; rv:11.0) like Gecko"
217.13.176.185 - - [03/Sep/2020:09:39:57 +0200] "GET /loadthumbnail.php?id=11194750&width=113 HTTP/1.1" 200 2347 "http://renault.activities.at/10260008" "Mozilla/5.0 (Windows NT 10.0; WOW64; Trident/7.0; rv:11.0) like Gecko"
217.13.176.185 - - [03/Sep/2020:09:39:57 +0200] "GET /loadthumbnail.php?id=11108158&width=113 HTTP/1.1" 200 1545 "http://renault.activities.at/10260008" "Mozilla/5.0 (Windows NT 10.0; WOW64; Trident/7.0; rv:11.0) like Gecko"
217.13.176.185 - - [03/Sep/2020:09:39:57 +0200] "GET /loadthumbnail.php?id=11146700&width=113 HTTP/1.1" 200 1415 "http://renault.activities.at/10260008" "Mozilla/5.0 (Windows NT 10.0; WOW64; Trident/7.0; rv:11.0) like Gecko"
217.13.176.185 - - [03/Sep/2020:09:39:57 +0200] "GET /loadthumbnail.php?id=11721290&width=113 HTTP/1.1" 200 1179 "http://renault.activities.at/10260008" "Mozilla/5.0 (Windows NT 10.0; WOW64; Trident/7.0; rv:11.0) like Gecko"
217.13.176.185 - - [03/Sep/2020:09:39:57 +0200] "GET /loadthumbnail.php?id=11538169&width=113 HTTP/1.1" 200 20088 "http://renault.activities.at/10260008" "Mozilla/5.0 (Windows NT 10.0; WOW64; Trident/7.0; rv:11.0) like Gecko"
217.13.176.185 - - [03/Sep/2020:09:39:57 +0200] "GET /loadthumbnail.php?id=11776453&width=113 HTTP/1.1" 200 1248 "http://renault.activities.at/10260008" "Mozilla/5.0 (Windows NT 10.0; WOW64; Trident/7.0; rv:11.0) like Gecko"
217.13.176.185 - - [03/Sep/2020:09:39:57 +0200] "GET /loadthumbnail.php?id=12139710&width=113 HTTP/1.1" 200 34483 "http://renault.activities.at/10260008" "Mozilla/5.0 (Windows NT 10.0; WOW64; Trident/7.0; rv:11.0) like Gecko"
217.13.176.185 - - [03/Sep/2020:09:39:57 +0200] "GET /loadthumbnail.php?id=12230773&width=113 HTTP/1.1" 200 39654 "http://renault.activities.at/10260008" "Mozilla/5.0 (Windows NT 10.0; WOW64; Trident/7.0; rv:11.0) like Gecko"
217.13.176.185 - - [03/Sep/2020:09:39:57 +0200] "GET /loadthumbnail.php?id=11658180&width=113 HTTP/1.1" 200 29422 "http://renault.activities.at/10260008" "Mozilla/5.0 (Windows NT 10.0; WOW64; Trident/7.0; rv:11.0) like Gecko"
217.13.176.185 - - [03/Sep/2020:09:39:57 +0200] "GET /loadthumbnail.php?id=11877757&width=113 HTTP/1.1" 200 32396 "http://renault.activities.at/10260008" "Mozilla/5.0 (Windows NT 10.0; WOW64; Trident/7.0; rv:11.0) like Gecko"
217.13.176.185 - - [03/Sep/2020:09:39:57 +0200] "GET /loadthumbnail.php?id=11319988&width=113 HTTP/1.1" 200 44228 "http://renault.activities.at/10260008" "Mozilla/5.0 (Windows NT 10.0; WOW64; Trident/7.0; rv:11.0) like Gecko"
217.13.176.185 - - [03/Sep/2020:09:39:57 +0200] "GET /loadthumbnail.php?id=11715017&width=113 HTTP/1.1" 200 37395 "http://renault.activities.at/10260008" "Mozilla/5.0 (Windows NT 10.0; WOW64; Trident/7.0; rv:11.0) like Gecko"
80.123.225.38 - - [03/Sep/2020:09:40:00 +0200] "GET /reload?ser=1599118800092 HTTP/1.1" 200 28 "http://renault.activities.at/aboutus" "Mozilla/5.0 (Windows NT 6.1; WOW64; Trident/7.0; rv:11.0) like Gecko"
89.144.199.27 - - [03/Sep/2020:09:40:19 +0200] "GET /reload?ser=1599118819275 HTTP/1.1" 200 28 "http://renault.activities.at/cart" "Mozilla/5.0 (Windows NT 10.0; WOW64; Trident/7.0; rv:11.0) like Gecko"
217.13.176.185 - - [03/Sep/2020:09:40:29 +0200] "POST /10260008 HTTP/1.1" 200 9136 "http://renault.activities.at/10260008" "Mozilla/5.0 (Windows NT 10.0; WOW64; Trident/7.0; rv:11.0) like Gecko"
193.194.132.22 - - [03/Sep/2020:09:40:42 +0200] "GET /reload?ser=1599118842371 HTTP/1.1" 200 28 "http://renault.2web.at/account" "Mozilla/5.0 (Windows NT 10.0; Win64; x64) AppleWebKit/537.36 (KHTML, like Gecko) Chrome/84.0.4147.135 Safari/537.36"
217.13.176.185 - - [03/Sep/2020:09:40:41 +0200] "GET /10260008?dir=DESC&mode=grid&order=name&limit=15&page=2 HTTP/1.1" 200 9106 "http://renault.activities.at/10260008" "Mozilla/5.0 (Windows NT 10.0; WOW64; Trident/7.0; rv:11.0) like Gecko"
217.13.176.185 - - [03/Sep/2020:09:40:45 +0200] "GET /loadthumbnail.php?id=12231771&width=113 HTTP/1.1" 200 30339 "http://renault.activities.at/10260008?dir=DESC&mode=grid&order=name&limit=15&page=2" "Mozilla/5.0 (Windows NT 10.0; WOW64; Trident/7.0; rv:11.0) like Gecko"
217.13.176.185 - - [03/Sep/2020:09:40:45 +0200] "GET /loadthumbnail.php?id=12017023&width=113 HTTP/1.1" 200 34650 "http://renault.activities.at/10260008?dir=DESC&mode=grid&order=name&limit=15&page=2" "Mozilla/5.0 (Windows NT 10.0; WOW64; Trident/7.0; rv:11.0) like Gecko"
217.13.176.185 - - [03/Sep/2020:09:40:45 +0200] "GET /loadthumbnail.php?id=11658108&width=113 HTTP/1.1" 200 27184 "http://renault.activities.at/10260008?dir=DESC&mode=grid&order=name&limit=15&page=2" "Mozilla/5.0 (Windows NT 10.0; WOW64; Trident/7.0; rv:11.0) like Gecko"
217.13.176.185 - - [03/Sep/2020:09:40:45 +0200] "GET /loadthumbnail.php?id=12205692&width=113 HTTP/1.1" 200 4881 "http://renault.activities.at/10260008?dir=DESC&mode=grid&order=name&limit=15&page=2" "Mozilla/5.0 (Windows NT 10.0; WOW64; Trident/7.0; rv:11.0) like Gecko"
217.13.176.185 - - [03/Sep/2020:09:40:45 +0200] "GET /loadthumbnail.php?id=11319984&width=113 HTTP/1.1" 200 28924 "http://renault.activities.at/10260008?dir=DESC&mode=grid&order=name&limit=15&page=2" "Mozilla/5.0 (Windows NT 10.0; WOW64; Trident/7.0; rv:11.0) like Gecko"
217.13.176.185 - - [03/Sep/2020:09:40:45 +0200] "GET /loadthumbnail.php?id=12204968&width=113 HTTP/1.1" 200 4284 "http://renault.activities.at/10260008?dir=DESC&mode=grid&order=name&limit=15&page=2" "Mozilla/5.0 (Windows NT 10.0; WOW64; Trident/7.0; rv:11.0) like Gecko"
217.13.176.185 - - [03/Sep/2020:09:40:45 +0200] "GET /loadthumbnail.php?id=11197547&width=113 HTTP/1.1" 200 9073 "http://renault.activities.at/10260008?dir=DESC&mode=grid&order=name&limit=15&page=2" "Mozilla/5.0 (Windows NT 10.0; WOW64; Trident/7.0; rv:11.0) like Gecko"
217.13.176.185 - - [03/Sep/2020:09:40:45 +0200] "GET /loadthumbnail.php?id=10633817&width=113 HTTP/1.1" 200 2614 "http://renault.activities.at/10260008?dir=DESC&mode=grid&order=name&limit=15&page=2" "Mozilla/5.0 (Windows NT 10.0; WOW64; Trident/7.0; rv:11.0) like Gecko"
217.13.176.185 - - [03/Sep/2020:09:40:45 +0200] "GET /loadthumbnail.php?id=11877811&width=113 HTTP/1.1" 200 27053 "http://renault.activities.at/10260008?dir=DESC&mode=grid&order=name&limit=15&page=2" "Mozilla/5.0 (Windows NT 10.0; WOW64; Trident/7.0; rv:11.0) like Gecko"
217.13.176.185 - - [03/Sep/2020:09:40:45 +0200] "GET /loadthumbnail.php?id=11715009&width=113 HTTP/1.1" 200 22295 "http://renault.activities.at/10260008?dir=DESC&mode=grid&order=name&limit=15&page=2" "Mozilla/5.0 (Windows NT 10.0; WOW64; Trident/7.0; rv:11.0) like Gecko"
217.13.176.185 - - [03/Sep/2020:09:40:45 +0200] "GET /loadthumbnail.php?id=11334756&width=113 HTTP/1.1" 200 24626 "http://renault.activities.at/10260008?dir=DESC&mode=grid&order=name&limit=15&page=2" "Mozilla/5.0 (Windows NT 10.0; WOW64; Trident/7.0; rv:11.0) like Gecko"
80.123.225.38 - - [03/Sep/2020:09:41:01 +0200] "GET /reload?ser=1599118861056 HTTP/1.1" 200 28 "http://renault.activities.at/aboutus" "Mozilla/5.0 (Windows NT 6.1; WOW64; Trident/7.0; rv:11.0) like Gecko"
89.144.199.27 - - [03/Sep/2020:09:41:19 +0200] "GET /reload?ser=1599118879937 HTTP/1.1" 200 28 "http://renault.activities.at/cart" "Mozilla/5.0 (Windows NT 10.0; WOW64; Trident/7.0; rv:11.0) like Gecko"
193.194.132.22 - - [03/Sep/2020:09:41:45 +0200] "GET /reload?ser=1599118904376 HTTP/1.1" 200 28 "http://renault.2web.at/account" "Mozilla/5.0 (Windows NT 10.0; Win64; x64) AppleWebKit/537.36 (KHTML, like Gecko) Chrome/84.0.4147.135 Safari/537.36"
217.13.176.185 - - [03/Sep/2020:09:41:45 +0200] "GET /reload?ser=1599118905667 HTTP/1.1" 200 28 "http://renault.activities.at/10260008?dir=DESC&mode=grid&order=name&limit=15&page=2" "Mozilla/5.0 (Windows NT 10.0; WOW64; Trident/7.0; rv:11.0) like Gecko"
217.13.176.185 - - [03/Sep/2020:09:41:51 +0200] "GET /10260272 HTTP/1.1" 200 6318 "http://renault.activities.at/10260008?dir=DESC&mode=grid&order=name&limit=15&page=2" "Mozilla/5.0 (Windows NT 10.0; WOW64; Trident/7.0; rv:11.0) like Gecko"
217.13.176.185 - - [03/Sep/2020:09:41:57 +0200] "GET /10260284 HTTP/1.1" 200 6494 "http://renault.activities.at/10260272" "Mozilla/5.0 (Windows NT 10.0; WOW64; Trident/7.0; rv:11.0) like Gecko"
217.13.176.185 - - [03/Sep/2020:09:41:59 +0200] "GET /loadthumbnail.php?id=11423838&width=113 HTTP/1.1" 200 2865 "http://renault.activities.at/10260284" "Mozilla/5.0 (Windows NT 10.0; WOW64; Trident/7.0; rv:11.0) like Gecko"
217.13.176.185 - - [03/Sep/2020:09:42:07 +0200] "GET /10260291 HTTP/1.1" 200 8650 "http://renault.activities.at/10260284" "Mozilla/5.0 (Windows NT 10.0; WOW64; Trident/7.0; rv:11.0) like Gecko"
217.13.176.185 - - [03/Sep/2020:09:42:11 +0200] "GET /loadthumbnail.php?id=12244847&width=113 HTTP/1.1" 200 5903 "http://renault.activities.at/10260291" "Mozilla/5.0 (Windows NT 10.0; WOW64; Trident/7.0; rv:11.0) like Gecko"
217.13.176.185 - - [03/Sep/2020:09:42:11 +0200] "GET /loadthumbnail.php?id=10562346&width=113 HTTP/1.1" 200 5314 "http://renault.activities.at/10260291" "Mozilla/5.0 (Windows NT 10.0; WOW64; Trident/7.0; rv:11.0) like Gecko"
217.13.176.185 - - [03/Sep/2020:09:42:11 +0200] "GET /loadthumbnail.php?id=10562347&width=113 HTTP/1.1" 200 4993 "http://renault.activities.at/10260291" "Mozilla/5.0 (Windows NT 10.0; WOW64; Trident/7.0; rv:11.0) like Gecko"
217.13.176.185 - - [03/Sep/2020:09:42:11 +0200] "GET /loadthumbnail.php?id=12244864&width=113 HTTP/1.1" 200 11050 "http://renault.activities.at/10260291" "Mozilla/5.0 (Windows NT 10.0; WOW64; Trident/7.0; rv:11.0) like Gecko"
217.13.176.185 - - [03/Sep/2020:09:42:11 +0200] "GET /loadthumbnail.php?id=12244843&width=113 HTTP/1.1" 200 6390 "http://renault.activities.at/10260291" "Mozilla/5.0 (Windows NT 10.0; WOW64; Trident/7.0; rv:11.0) like Gecko"
217.13.176.185 - - [03/Sep/2020:09:42:11 +0200] "GET /loadthumbnail.php?id=12244860&width=113 HTTP/1.1" 200 18982 "http://renault.activities.at/10260291" "Mozilla/5.0 (Windows NT 10.0; WOW64; Trident/7.0; rv:11.0) like Gecko"
217.13.176.185 - - [03/Sep/2020:09:42:11 +0200] "GET /loadthumbnail.php?id=12244839&width=113 HTTP/1.1" 200 21692 "http://renault.activities.at/10260291" "Mozilla/5.0 (Windows NT 10.0; WOW64; Trident/7.0; rv:11.0) like Gecko"
89.144.199.27 - - [03/Sep/2020:09:42:20 +0200] "GET /reload?ser=1599118940603 HTTP/1.1" 200 28 "http://renault.activities.at/cart" "Mozilla/5.0 (Windows NT 10.0; WOW64; Trident/7.0; rv:11.0) like Gecko"
217.13.176.185 - - [03/Sep/2020:09:42:37 +0200] "GET /checkout HTTP/1.1" 200 10281 "http://renault.activities.at/10260291" "Mozilla/5.0 (Windows NT 10.0; WOW64; Trident/7.0; rv:11.0) like Gecko"
217.13.176.185 - - [03/Sep/2020:09:42:42 +0200] "GET /images/ajax_loading.gif HTTP/1.1" 200 1542 "http://renault.activities.at/checkout" "Mozilla/5.0 (Windows NT 10.0; WOW64; Trident/7.0; rv:11.0) like Gecko"
217.13.176.185 - - [03/Sep/2020:09:42:42 +0200] "GET /js/checkout2.js HTTP/1.1" 200 4122 "http://renault.activities.at/checkout" "Mozilla/5.0 (Windows NT 10.0; WOW64; Trident/7.0; rv:11.0) like Gecko"
217.13.176.185 - - [03/Sep/2020:09:42:43 +0200] "GET /images/checkout_border_top.gif HTTP/1.1" 200 156 "http://renault.activities.at/checkout" "Mozilla/5.0 (Windows NT 10.0; WOW64; Trident/7.0; rv:11.0) like Gecko"
217.13.176.185 - - [03/Sep/2020:09:42:43 +0200] "GET /images/step_bg.jpg HTTP/1.1" 200 319 "http://renault.activities.at/checkout" "Mozilla/5.0 (Windows NT 10.0; WOW64; Trident/7.0; rv:11.0) like Gecko"
217.13.176.185 - - [03/Sep/2020:09:42:43 +0200] "GET /images/checkout_border.gif HTTP/1.1" 200 43 "http://renault.activities.at/checkout" "Mozilla/5.0 (Windows NT 10.0; WOW64; Trident/7.0; rv:11.0) like Gecko"
217.13.176.185 - - [03/Sep/2020:09:42:43 +0200] "GET /images/step_marker.gif HTTP/1.1" 200 650 "http://renault.activities.at/checkout" "Mozilla/5.0 (Windows NT 10.0; WOW64; Trident/7.0; rv:11.0) like Gecko"
217.13.176.185 - - [03/Sep/2020:09:42:42 +0200] "GET /loadthumbnail.php?id=10201939 HTTP/1.1" 200 201 "http://renault.activities.at/checkout" "Mozilla/5.0 (Windows NT 10.0; WOW64; Trident/7.0; rv:11.0) like Gecko"
217.13.176.185 - - [03/Sep/2020:09:42:42 +0200] "GET /loadthumbnail.php?id=10202698 HTTP/1.1" 200 16686 "http://renault.activities.at/checkout" "Mozilla/5.0 (Windows NT 10.0; WOW64; Trident/7.0; rv:11.0) like Gecko"
193.194.132.22 - - [03/Sep/2020:09:42:47 +0200] "GET /reload?ser=1599118967380 HTTP/1.1" 200 28 "http://renault.2web.at/account" "Mozilla/5.0 (Windows NT 10.0; Win64; x64) AppleWebKit/537.36 (KHTML, like Gecko) Chrome/84.0.4147.135 Safari/537.36"
217.13.176.185 - - [03/Sep/2020:09:42:48 +0200] "POST /docheckout HTTP/1.1" 200 459 "http://renault.activities.at/checkout" "Mozilla/5.0 (Windows NT 10.0; WOW64; Trident/7.0; rv:11.0) like Gecko"
217.13.176.185 - - [03/Sep/2020:09:42:52 +0200] "POST /docheckout HTTP/1.1" 200 852 "http://renault.activities.at/checkout" "Mozilla/5.0 (Windows NT 10.0; WOW64; Trident/7.0; rv:11.0) like Gecko"
217.13.176.185 - - [03/Sep/2020:09:42:54 +0200] "GET /images/error_msg_icon.gif HTTP/1.1" 200 1013 "http://renault.activities.at/checkout" "Mozilla/5.0 (Windows NT 10.0; WOW64; Trident/7.0; rv:11.0) like Gecko"
217.13.176.185 - - [03/Sep/2020:09:42:57 +0200] "POST /docheckout HTTP/1.1" 200 68 "http://renault.activities.at/checkout" "Mozilla/5.0 (Windows NT 10.0; WOW64; Trident/7.0; rv:11.0) like Gecko"
217.13.176.185 - - [03/Sep/2020:09:43:00 +0200] "GET /success HTTP/1.1" 200 3794 "http://renault.activities.at/checkout" "Mozilla/5.0 (Windows NT 10.0; WOW64; Trident/7.0; rv:11.0) like Gecko"
89.144.199.27 - - [03/Sep/2020:09:43:21 +0200] "GET /reload?ser=1599119001270 HTTP/1.1" 200 28 "http://renault.activities.at/cart" "Mozilla/5.0 (Windows NT 10.0; WOW64; Trident/7.0; rv:11.0) like Gecko"
193.194.132.22 - - [03/Sep/2020:09:43:49 +0200] "GET /reload?ser=1599119029386 HTTP/1.1" 200 28 "http://renault.2web.at/account" "Mozilla/5.0 (Windows NT 10.0; Win64; x64) AppleWebKit/537.36 (KHTML, like Gecko) Chrome/84.0.4147.135 Safari/537.36"
89.144.199.27 - - [03/Sep/2020:09:44:21 +0200] "GET /reload?ser=1599119061922 HTTP/1.1" 200 28 "http://renault.activities.at/cart" "Mozilla/5.0 (Windows NT 10.0; WOW64; Trident/7.0; rv:11.0) like Gecko"
193.194.132.22 - - [03/Sep/2020:09:44:51 +0200] "GET /reload?ser=1599119091400 HTTP/1.1" 200 28 "http://renault.2web.at/account" "Mozilla/5.0 (Windows NT 10.0; Win64; x64) AppleWebKit/537.36 (KHTML, like Gecko) Chrome/84.0.4147.135 Safari/537.36"
89.144.199.27 - - [03/Sep/2020:09:45:22 +0200] "GET /reload?ser=1599119122611 HTTP/1.1" 200 28 "http://renault.activities.at/cart" "Mozilla/5.0 (Windows NT 10.0; WOW64; Trident/7.0; rv:11.0) like Gecko"
193.194.132.22 - - [03/Sep/2020:09:45:53 +0200] "GET /reload?ser=1599119153392 HTTP/1.1" 200 28 "http://renault.2web.at/account" "Mozilla/5.0 (Windows NT 10.0; Win64; x64) AppleWebKit/537.36 (KHTML, like Gecko) Chrome/84.0.4147.135 Safari/537.36"
89.144.199.27 - - [03/Sep/2020:09:46:23 +0200] "GET /reload?ser=1599119183271 HTTP/1.1" 200 28 "http://renault.activities.at/cart" "Mozilla/5.0 (Windows NT 10.0; WOW64; Trident/7.0; rv:11.0) like Gecko"
193.194.132.22 - - [03/Sep/2020:09:46:55 +0200] "GET /reload?ser=1599119215396 HTTP/1.1" 200 28 "http://renault.2web.at/account" "Mozilla/5.0 (Windows NT 10.0; Win64; x64) AppleWebKit/537.36 (KHTML, like Gecko) Chrome/84.0.4147.135 Safari/537.36"
89.144.199.27 - - [03/Sep/2020:09:47:23 +0200] "GET /reload?ser=1599119243943 HTTP/1.1" 200 28 "http://renault.activities.at/cart" "Mozilla/5.0 (Windows NT 10.0; WOW64; Trident/7.0; rv:11.0) like Gecko"
193.194.132.22 - - [03/Sep/2020:09:47:57 +0200] "GET /reload?ser=1599119277397 HTTP/1.1" 200 28 "http://renault.2web.at/account" "Mozilla/5.0 (Windows NT 10.0; Win64; x64) AppleWebKit/537.36 (KHTML, like Gecko) Chrome/84.0.4147.135 Safari/537.36"
89.144.199.27 - - [03/Sep/2020:09:48:24 +0200] "GET /reload?ser=1599119304611 HTTP/1.1" 200 28 "http://renault.activities.at/cart" "Mozilla/5.0 (Windows NT 10.0; WOW64; Trident/7.0; rv:11.0) like Gecko"
193.194.132.22 - - [03/Sep/2020:09:48:59 +0200] "GET /reload?ser=1599119339397 HTTP/1.1" 200 28 "http://renault.2web.at/account" "Mozilla/5.0 (Windows NT 10.0; Win64; x64) AppleWebKit/537.36 (KHTML, like Gecko) Chrome/84.0.4147.135 Safari/537.36"
89.144.199.27 - - [03/Sep/2020:09:49:25 +0200] "GET /reload?ser=1599119365262 HTTP/1.1" 200 28 "http://renault.activities.at/cart" "Mozilla/5.0 (Windows NT 10.0; WOW64; Trident/7.0; rv:11.0) like Gecko"
193.194.132.22 - - [03/Sep/2020:09:50:01 +0200] "GET /reload?ser=1599119401400 HTTP/1.1" 200 28 "http://renault.2web.at/account" "Mozilla/5.0 (Windows NT 10.0; Win64; x64) AppleWebKit/537.36 (KHTML, like Gecko) Chrome/84.0.4147.135 Safari/537.36"
89.144.199.27 - - [03/Sep/2020:09:50:26 +0200] "GET /reload?ser=1599119425941 HTTP/1.1" 200 28 "http://renault.activities.at/cart" "Mozilla/5.0 (Windows NT 10.0; WOW64; Trident/7.0; rv:11.0) like Gecko"
193.194.132.22 - - [03/Sep/2020:09:51:03 +0200] "GET /reload?ser=1599119463403 HTTP/1.1" 200 28 "http://renault.2web.at/account" "Mozilla/5.0 (Windows NT 10.0; Win64; x64) AppleWebKit/537.36 (KHTML, like Gecko) Chrome/84.0.4147.135 Safari/537.36"
89.144.199.27 - - [03/Sep/2020:09:51:26 +0200] "GET /reload?ser=1599119486601 HTTP/1.1" 200 28 "http://renault.activities.at/cart" "Mozilla/5.0 (Windows NT 10.0; WOW64; Trident/7.0; rv:11.0) like Gecko"
193.194.132.22 - - [03/Sep/2020:09:52:05 +0200] "GET /reload?ser=1599119525402 HTTP/1.1" 200 28 "http://renault.2web.at/account" "Mozilla/5.0 (Windows NT 10.0; Win64; x64) AppleWebKit/537.36 (KHTML, like Gecko) Chrome/84.0.4147.135 Safari/537.36"
89.144.199.27 - - [03/Sep/2020:09:52:27 +0200] "GET /reload?ser=1599119547269 HTTP/1.1" 200 28 "http://renault.activities.at/cart" "Mozilla/5.0 (Windows NT 10.0; WOW64; Trident/7.0; rv:11.0) like Gecko"
193.194.132.22 - - [03/Sep/2020:09:53:07 +0200] "GET /reload?ser=1599119587403 HTTP/1.1" 200 28 "http://renault.2web.at/account" "Mozilla/5.0 (Windows NT 10.0; Win64; x64) AppleWebKit/537.36 (KHTML, like Gecko) Chrome/84.0.4147.135 Safari/537.36"
89.144.199.27 - - [03/Sep/2020:09:53:28 +0200] "GET /reload?ser=1599119607951 HTTP/1.1" 200 28 "http://renault.activities.at/cart" "Mozilla/5.0 (Windows NT 10.0; WOW64; Trident/7.0; rv:11.0) like Gecko"
193.194.132.22 - - [03/Sep/2020:09:54:09 +0200] "GET /reload?ser=1599119649402 HTTP/1.1" 200 28 "http://renault.2web.at/account" "Mozilla/5.0 (Windows NT 10.0; Win64; x64) AppleWebKit/537.36 (KHTML, like Gecko) Chrome/84.0.4147.135 Safari/537.36"
89.144.199.27 - - [03/Sep/2020:09:54:28 +0200] "GET /reload?ser=1599119668622 HTTP/1.1" 200 28 "http://renault.activities.at/cart" "Mozilla/5.0 (Windows NT 10.0; WOW64; Trident/7.0; rv:11.0) like Gecko"
193.194.132.22 - - [03/Sep/2020:09:55:11 +0200] "GET /reload?ser=1599119711404 HTTP/1.1" 200 28 "http://renault.2web.at/account" "Mozilla/5.0 (Windows NT 10.0; Win64; x64) AppleWebKit/537.36 (KHTML, like Gecko) Chrome/84.0.4147.135 Safari/537.36"
89.144.199.27 - - [03/Sep/2020:09:55:29 +0200] "GET /reload?ser=1599119729299 HTTP/1.1" 200 28 "http://renault.activities.at/cart" "Mozilla/5.0 (Windows NT 10.0; WOW64; Trident/7.0; rv:11.0) like Gecko"
193.194.132.22 - - [03/Sep/2020:09:56:13 +0200] "GET /reload?ser=1599119773404 HTTP/1.1" 200 28 "http://renault.2web.at/account" "Mozilla/5.0 (Windows NT 10.0; Win64; x64) AppleWebKit/537.36 (KHTML, like Gecko) Chrome/84.0.4147.135 Safari/537.36"
89.144.199.27 - - [03/Sep/2020:09:56:30 +0200] "GET /reload?ser=1599119789959 HTTP/1.1" 200 28 "http://renault.activities.at/cart" "Mozilla/5.0 (Windows NT 10.0; WOW64; Trident/7.0; rv:11.0) like Gecko"
193.194.132.22 - - [03/Sep/2020:09:57:15 +0200] "GET /reload?ser=1599119835405 HTTP/1.1" 200 28 "http://renault.2web.at/account" "Mozilla/5.0 (Windows NT 10.0; Win64; x64) AppleWebKit/537.36 (KHTML, like Gecko) Chrome/84.0.4147.135 Safari/537.36"
89.144.199.27 - - [03/Sep/2020:09:57:30 +0200] "GET /reload?ser=1599119850638 HTTP/1.1" 200 28 "http://renault.activities.at/cart" "Mozilla/5.0 (Windows NT 10.0; WOW64; Trident/7.0; rv:11.0) like Gecko"
193.194.132.22 - - [03/Sep/2020:09:58:17 +0200] "GET /reload?ser=1599119897404 HTTP/1.1" 200 28 "http://renault.2web.at/account" "Mozilla/5.0 (Windows NT 10.0; Win64; x64) AppleWebKit/537.36 (KHTML, like Gecko) Chrome/84.0.4147.135 Safari/537.36"
89.144.199.27 - - [03/Sep/2020:09:58:31 +0200] "GET /reload?ser=1599119911296 HTTP/1.1" 200 28 "http://renault.activities.at/cart" "Mozilla/5.0 (Windows NT 10.0; WOW64; Trident/7.0; rv:11.0) like Gecko"
80.121.175.66 - - [03/Sep/2020:09:59:02 +0200] "GET /login HTTP/1.1" 200 2085 "-" "Mozilla/5.0 (Windows NT 6.1; Win64; x64) AppleWebKit/537.36 (KHTML, like Gecko) Chrome/84.0.4147.135 Safari/537.36"
80.121.175.66 - - [03/Sep/2020:09:59:04 +0200] "GET /loadthumbnail.php?id=11127982 HTTP/1.1" 200 399614 "http://renault.activities.at/login" "Mozilla/5.0 (Windows NT 6.1; Win64; x64) AppleWebKit/537.36 (KHTML, like Gecko) Chrome/84.0.4147.135 Safari/537.36"
80.121.175.66 - - [03/Sep/2020:09:59:05 +0200] "GET /images/favicon.ico HTTP/1.1" 404 305 "http://renault.activities.at/login" "Mozilla/5.0 (Windows NT 6.1; Win64; x64) AppleWebKit/537.36 (KHTML, like Gecko) Chrome/84.0.4147.135 Safari/537.36"
80.121.175.66 - - [03/Sep/2020:09:59:10 +0200] "POST /login HTTP/1.1" 302 140 "http://renault.activities.at/login" "Mozilla/5.0 (Windows NT 6.1; Win64; x64) AppleWebKit/537.36 (KHTML, like Gecko) Chrome/84.0.4147.135 Safari/537.36"
80.121.175.66 - - [03/Sep/2020:09:59:12 +0200] "GET /account HTTP/1.1" 200 6785 "http://renault.activities.at/login" "Mozilla/5.0 (Windows NT 6.1; Win64; x64) AppleWebKit/537.36 (KHTML, like Gecko) Chrome/84.0.4147.135 Safari/537.36"
80.121.175.66 - - [03/Sep/2020:09:59:13 +0200] "POST /login HTTP/1.1" 302 140 "http://renault.activities.at/login" "Mozilla/5.0 (Windows NT 6.1; Win64; x64) AppleWebKit/537.36 (KHTML, like Gecko) Chrome/84.0.4147.135 Safari/537.36"
80.121.175.66 - - [03/Sep/2020:09:59:17 +0200] "GET /account HTTP/1.1" 200 6785 "http://renault.activities.at/login" "Mozilla/5.0 (Windows NT 6.1; Win64; x64) AppleWebKit/537.36 (KHTML, like Gecko) Chrome/84.0.4147.135 Safari/537.36"
80.121.175.66 - - [03/Sep/2020:09:59:20 +0200] "GET /js/account.js HTTP/1.1" 200 953 "http://renault.activities.at/account" "Mozilla/5.0 (Windows NT 6.1; Win64; x64) AppleWebKit/537.36 (KHTML, like Gecko) Chrome/84.0.4147.135 Safari/537.36"
80.121.175.66 - - [03/Sep/2020:09:59:19 +0200] "GET /loadthumbnail.php?id=12176975&width=50&height=50 HTTP/1.1" 200 1312 "http://renault.activities.at/account" "Mozilla/5.0 (Windows NT 6.1; Win64; x64) AppleWebKit/537.36 (KHTML, like Gecko) Chrome/84.0.4147.135 Safari/537.36"
80.121.175.66 - - [03/Sep/2020:09:59:20 +0200] "GET /loadthumbnail.php?id=12208774&width=50&height=50 HTTP/1.1" 200 1168 "http://renault.activities.at/account" "Mozilla/5.0 (Windows NT 6.1; Win64; x64) AppleWebKit/537.36 (KHTML, like Gecko) Chrome/84.0.4147.135 Safari/537.36"
193.194.132.22 - - [03/Sep/2020:09:59:19 +0200] "GET /reload?ser=1599119959404 HTTP/1.1" 200 28 "http://renault.2web.at/account" "Mozilla/5.0 (Windows NT 10.0; Win64; x64) AppleWebKit/537.36 (KHTML, like Gecko) Chrome/84.0.4147.135 Safari/537.36"
80.121.175.66 - - [03/Sep/2020:09:59:20 +0200] "GET /images/nav_divider.gif HTTP/1.1" 200 43 "http://renault.activities.at/css/styles.css" "Mozilla/5.0 (Windows NT 6.1; Win64; x64) AppleWebKit/537.36 (KHTML, like Gecko) Chrome/84.0.4147.135 Safari/537.36"
80.121.175.66 - - [03/Sep/2020:09:59:20 +0200] "GET /images/top_links_divider.gif HTTP/1.1" 200 44 "http://renault.activities.at/css/styles.css" "Mozilla/5.0 (Windows NT 6.1; Win64; x64) AppleWebKit/537.36 (KHTML, like Gecko) Chrome/84.0.4147.135 Safari/537.36"
80.121.175.66 - - [03/Sep/2020:09:59:20 +0200] "GET /images/menu_button_bg.jpg HTTP/1.1" 200 322 "http://renault.activities.at/css/styles.css" "Mozilla/5.0 (Windows NT 6.1; Win64; x64) AppleWebKit/537.36 (KHTML, like Gecko) Chrome/84.0.4147.135 Safari/537.36"
80.121.175.66 - - [03/Sep/2020:09:59:21 +0200] "GET /images/search_bg.gif HTTP/1.1" 200 1726 "http://renault.activities.at/css/styles.css" "Mozilla/5.0 (Windows NT 6.1; Win64; x64) AppleWebKit/537.36 (KHTML, like Gecko) Chrome/84.0.4147.135 Safari/537.36"
80.121.175.66 - - [03/Sep/2020:09:59:21 +0200] "GET /images/ajax_loading.gif HTTP/1.1" 200 1542 "http://renault.activities.at/account" "Mozilla/5.0 (Windows NT 6.1; Win64; x64) AppleWebKit/537.36 (KHTML, like Gecko) Chrome/84.0.4147.135 Safari/537.36"
80.121.175.66 - - [03/Sep/2020:09:59:21 +0200] "GET /images/menu_divider.gif HTTP/1.1" 200 176 "http://renault.activities.at/css/styles.css" "Mozilla/5.0 (Windows NT 6.1; Win64; x64) AppleWebKit/537.36 (KHTML, like Gecko) Chrome/84.0.4147.135 Safari/537.36"
80.121.175.66 - - [03/Sep/2020:09:59:22 +0200] "GET /images/reset_bg.gif HTTP/1.1" 200 785 "http://renault.activities.at/css/styles.css" "Mozilla/5.0 (Windows NT 6.1; Win64; x64) AppleWebKit/537.36 (KHTML, like Gecko) Chrome/84.0.4147.135 Safari/537.36"
80.121.175.66 - - [03/Sep/2020:09:59:22 +0200] "GET /images/validation_advice_bg.gif HTTP/1.1" 200 134 "http://renault.activities.at/css/styles.css" "Mozilla/5.0 (Windows NT 6.1; Win64; x64) AppleWebKit/537.36 (KHTML, like Gecko) Chrome/84.0.4147.135 Safari/537.36"
80.121.175.66 - - [03/Sep/2020:09:59:22 +0200] "GET /images/sidebar_title_border.gif HTTP/1.1" 200 43 "http://renault.activities.at/css/styles.css" "Mozilla/5.0 (Windows NT 6.1; Win64; x64) AppleWebKit/537.36 (KHTML, like Gecko) Chrome/84.0.4147.135 Safari/537.36"
80.121.175.66 - - [03/Sep/2020:09:59:22 +0200] "GET /images/sidebar_title_corner_right_top.gif HTTP/1.1" 200 383 "http://renault.activities.at/css/styles.css" "Mozilla/5.0 (Windows NT 6.1; Win64; x64) AppleWebKit/537.36 (KHTML, like Gecko) Chrome/84.0.4147.135 Safari/537.36"
